181.50.92.73 - - [26/Jul/2015:07:52:03 -0500] "GET /forest/js/jquery/plugins/jquery.contextmenu.js HTTP/1.1" 304 -
181.50.92.73 - - [26/Jul/2015:07:52:03 -0500] "GET /forest/js/jqGridConf.js HTTP/1.1" 304 -
181.50.92.73 - - [26/Jul/2015:07:52:04 -0500] "GET /forest/session.jsp?a=0.5094056602101773 HTTP/1.1" 200 4
181.50.92.73 - - [26/Jul/2015:07:52:04 -0500] "GET /forest/img/jquery/ui-bg_flat_0_aaaaaa_40x100.png HTTP/1.1" 304 -
181.50.92.73 - - [26/Jul/2015:07:52:04 -0500] "GET /forest/img/jquery/ui-bg_inset-hard_100_f5f8f9_1x100.png HTTP/1.1" 304 -
181.50.92.73 - - [26/Jul/2015:07:52:04 -0500] "GET /forest/img/jquery/ui-bg_inset-hard_100_fcfdfd_1x100.png HTTP/1.1" 304 -
181.50.92.73 - - [26/Jul/2015:07:52:04 -0500] "GET /forest/img/jquery/ui-icons_6da8d5_256x240.png HTTP/1.1" 304 -
181.50.92.73 - - [26/Jul/2015:07:52:04 -0500] "GET /forest/img/jquery/ui-bg_glass_85_dfeffc_1x400.png HTTP/1.1" 304 -
181.50.92.73 - - [26/Jul/2015:07:52:04 -0500] "GET /forest/img/jquery/ui-icons_469bdd_256x240.png HTTP/1.1" 304 -
181.50.92.73 - - [26/Jul/2015:07:52:04 -0500] "GET /forest/img/jquery/ui-bg_gloss-wave_55_5c9ccc_500x100.png HTTP/1.1" 304 -
181.50.92.73 - - [26/Jul/2015:07:52:04 -0500] "GET /forest/img/jquery/ui-icons_d8e7f3_256x240.png HTTP/1.1" 304 -
181.50.92.73 - - [26/Jul/2015:07:52:04 -0500] "GET /forest/img/jquery/quitarfiltrar.gif HTTP/1.1" 304 -
181.50.92.73 - - [26/Jul/2015:07:52:04 -0500] "GET /forest/img/jquery/columnshide.gif HTTP/1.1" 304 -
181.50.92.73 - - [26/Jul/2015:07:52:04 -0500] "GET /forest/img/jquery/save.gif HTTP/1.1" 304 -
181.50.92.73 - - [26/Jul/2015:07:52:05 -0500] "GET /forest/skins/gdocs-jar/img/clip.gif HTTP/1.1" 304 -
181.50.92.73 - - [26/Jul/2015:07:52:05 -0500] "POST /forest/misactividades.do?ajax=true&a=0.13853444531559944 HTTP/1.1" 200 4007
181.50.92.73 - - [26/Jul/2015:07:52:05 -0500] "GET /forest/img/newdocs.gif HTTP/1.1" 304 -
181.50.92.73 - - [26/Jul/2015:07:52:05 -0500] "GET /forest/skins/gdocs-jar/img/doc-alert.gif HTTP/1.1" 304 -
172.22.2.3 - - [26/Jul/2015:07:52:14 -0500] "POST /cumbredelclima/wp-admin/admin-ajax.php HTTP/1.1" 200 23
66.249.64.101 - - [26/Jul/2015:07:52:15 -0500] "GET /BLA/resoluciones/RESOLUCIONES%202007/RES%202007%201401%20AL%201500/RESOLUCION%201409%20DE%202007.pdf HTTP/1.1" 304 -
181.50.92.73 - - [26/Jul/2015:07:52:21 -0500] "GET /forest/logout-redirect.jsp HTTP/1.1" 302 -
181.50.92.73 - - [26/Jul/2015:07:52:21 -0500] "GET /forest/login.do HTTP/1.1" 200 12815
201.245.192.253 - - [26/Jul/2015:07:52:14 -0500] "POST /wp-admin/admin-ajax.php HTTP/1.1" 200 23
172.22.2.3 - - [26/Jul/2015:07:52:29 -0500] "POST /cumbredelclima/wp-admin/admin-ajax.php HTTP/1.1" 200 23
172.22.2.3 - - [26/Jul/2015:07:52:44 -0500] "POST /cumbredelclima/wp-admin/admin-ajax.php HTTP/1.1" 200 23
66.249.64.106 - - [26/Jul/2015:07:52:57 -0500] "GET /gallery2/g2data/cache/derivative/0/4/ HTTP/1.1" 404 1018
172.22.2.3 - - [26/Jul/2015:07:52:59 -0500] "POST /cumbredelclima/wp-admin/admin-ajax.php HTTP/1.1" 200 23
172.22.2.3 - - [26/Jul/2015:07:53:14 -0500] "POST /cumbredelclima/wp-admin/admin-ajax.php HTTP/1.1" 200 23
172.22.2.3 - - [26/Jul/2015:07:53:29 -0500] "POST /cumbredelclima/wp-admin/admin-ajax.php HTTP/1.1" 200 23
66.249.64.19 - - [26/Jul/2015:07:53:21 -0500] "GET /feed/atom/ HTTP/1.1" 200 710
201.245.219.182 - - [26/Jul/2015:07:53:36 -0500] "GET /forest/skins/gdocs-jar/popup/popup.jsp?width=1100&height=500&title=Buscar%20procesos&uri=/forest/buscar.do%3Ftype%3Dprocesos&name=undefined&_a=0.6428192150779068&a=0.9373830419499427 HTTP/1.1" 200 1296
201.245.219.182 - - [26/Jul/2015:07:53:36 -0500] "GET /forest/buscar.do?type=procesos HTTP/1.1" 200 18159
201.245.219.182 - - [26/Jul/2015:07:53:36 -0500] "GET /forest/buscar.do?type=procesos HTTP/1.1" 200 85049
201.245.219.182 - - [26/Jul/2015:07:53:37 -0500] "GET /forest/json.do?query=usersByDep&coddep=7093 HTTP/1.1" 200 595
201.245.219.182 - - [26/Jul/2015:07:53:37 -0500] "GET /forest/json.do?query=versionListadas HTTP/1.1" 200 15
201.245.219.182 - - [26/Jul/2015:07:53:37 -0500] "GET /forest/json.do?query=usersByDep&coddep=7093 HTTP/1.1" 200 595
201.245.219.182 - - [26/Jul/2015:07:53:37 -0500] "GET /forest/json.do?query=procesIniciales HTTP/1.1" 200 11194
201.245.219.182 - - [26/Jul/2015:07:53:37 -0500] "GET /forest/json.do?query=bpmnIniciales HTTP/1.1" 200 1095
66.249.64.106 - - [26/Jul/2015:07:53:38 -0500] "GET /BLA/resoluciones/AUTOS%202013/3508.pdf HTTP/1.1" 304 -
201.245.219.182 - - [26/Jul/2015:07:53:39 -0500] "POST /forest/buscar.do? HTTP/1.1" 200 5790
172.22.2.3 - - [26/Jul/2015:07:53:44 -0500] "POST /cumbredelclima/wp-admin/admin-ajax.php HTTP/1.1" 200 23
172.22.2.3 - - [26/Jul/2015:07:53:59 -0500] "POST /cumbredelclima/wp-admin/admin-ajax.php HTTP/1.1" 200 23
190.157.172.223 - - [26/Jul/2015:07:48:04 -0500] "GET /ForestMSG_SDA/channelAsync/template_word_18751170?X-Atmosphere-tracking-id=d9a47578-8570-1671-af44-ed64892f0d81&X-Atmosphere-Framework=1.0.5&X-Atmosphere-Transport=long-polling&tabid=0.3550132887903601&X-Cache-Date=0&Content-Type=application/xml&_=1437915022943 HTTP/1.1" 200 8193
190.156.9.190 - - [26/Jul/2015:07:54:14 -0500] "GET /BLA/boletinlegal/js/jquery.scrollShow.js HTTP/1.1" 200 4586
190.156.9.190 - - [26/Jul/2015:07:54:14 -0500] "GET /galeria/galeria/jquery.fancybox.js?v=2.1.5 HTTP/1.1" 200 48706
190.156.9.190 - - [26/Jul/2015:07:54:14 -0500] "GET /galeria/galeria/jquery.fancybox.css?v=2.1.5 HTTP/1.1" 200 4895
172.22.2.3 - - [26/Jul/2015:07:54:14 -0500] "POST /cumbredelclima/wp-admin/admin-ajax.php HTTP/1.1" 200 23
201.245.192.253 - - [26/Jul/2015:07:54:14 -0500] "POST /wp-admin/admin-ajax.php HTTP/1.1" 200 23
201.245.219.182 - - [26/Jul/2015:07:54:15 -0500] "GET /forest/session.jsp?a=0.10091312765143812 HTTP/1.1" 200 4
66.249.64.101 - - [26/Jul/2015:07:54:19 -0500] "GET /BLA/resoluciones/RESOLUCIONES%202008/2580.pdf HTTP/1.1" 304 -
172.22.2.3 - - [26/Jul/2015:07:54:29 -0500] "POST /cumbredelclima/wp-admin/admin-ajax.php HTTP/1.1" 200 23
190.157.172.223 - - [26/Jul/2015:07:48:30 -0500] "GET /ForestMSG_SDA/channelAsync/template_word_18751171?X-Atmosphere-tracking-id=09bd0abc-0776-7ba8-143d-823b1cebd2ce&X-Atmosphere-Framework=1.0.5&X-Atmosphere-Transport=long-polling&tabid=0.6463644274044782&X-Cache-Date=0&Content-Type=application/xml&_=1437915048306 HTTP/1.1" 200 8193
74.86.158.107 - - [26/Jul/2015:07:54:33 -0500] "HEAD / HTTP/1.1" 200 -
201.245.219.182 - - [26/Jul/2015:07:54:39 -0500] "GET /forest/buscar.do?type=procesos HTTP/1.1" 200 85049
201.245.219.182 - - [26/Jul/2015:07:54:39 -0500] "GET /forest/json.do?query=usersByDep&coddep=7093 HTTP/1.1" 200 595
201.245.219.182 - - [26/Jul/2015:07:54:39 -0500] "GET /forest/json.do?query=versionListadas HTTP/1.1" 200 15
201.245.219.182 - - [26/Jul/2015:07:54:39 -0500] "GET /forest/json.do?query=usersByDep&coddep=7093 HTTP/1.1" 200 595
201.245.219.182 - - [26/Jul/2015:07:54:39 -0500] "GET /forest/json.do?query=procesIniciales HTTP/1.1" 200 11194
201.245.219.182 - - [26/Jul/2015:07:54:40 -0500] "GET /forest/json.do?query=bpmnIniciales HTTP/1.1" 200 1095
172.22.2.3 - - [26/Jul/2015:07:54:44 -0500] "POST /cumbredelclima/wp-admin/admin-ajax.php HTTP/1.1" 200 23
201.245.219.182 - - [26/Jul/2015:07:54:45 -0500] "POST /forest/buscar.do? HTTP/1.1" 200 5849
201.245.219.182 - - [26/Jul/2015:07:54:47 -0500] "GET /forest/skins/gdocs-jar/popup/popup.jsp?width=900&height=600&title=Informaci%F3n%20de%20proceso&uri=/forest/system/process.jsp%3FnumPro%3D3152066&name=undefined&_a=0.5997865835670382&a=0.011066192761063576 HTTP/1.1" 200 1312
201.245.219.182 - - [26/Jul/2015:07:54:47 -0500] "GET /forest/system/process.jsp?numPro=3152066 HTTP/1.1" 200 18159
201.245.219.182 - - [26/Jul/2015:07:54:47 -0500] "GET /forest/system/process.jsp?numPro=3152066 HTTP/1.1" 200 160147
201.245.219.182 - - [26/Jul/2015:07:54:54 -0500] "GET /forest/skins/gdocs-jar/popup/popup.jsp?width=500&height=350&title=Informaci%F3n%20del%20borrador&uri=/forest/system/borrador.jsp%3FcodBorr%3D623134&name=undefined&_a=0.6240908359177411&a=0.2460791685152799 HTTP/1.1" 200 1315
201.245.219.182 - - [26/Jul/2015:07:54:54 -0500] "GET /forest/system/borrador.jsp?codBorr=623134 HTTP/1.1" 200 8340
201.245.219.182 - - [26/Jul/2015:07:54:54 -0500] "GET /forest/system/borrador.jsp?codBorr=623134 HTTP/1.1" 200 8340
201.245.192.253 - - [26/Jul/2015:07:54:56 -0500] "GET /forest/session.jsp?a=0.8903306344828862 HTTP/1.1" 200 4
172.22.2.3 - - [26/Jul/2015:07:54:59 -0500] "POST /cumbredelclima/wp-admin/admin-ajax.php HTTP/1.1" 200 23
66.249.64.96 - - [26/Jul/2015:07:55:01 -0500] "GET /BLA/resoluciones/RESOLUCIONES%202010/5315.pdf HTTP/1.1" 304 -
201.245.219.182 - - [26/Jul/2015:07:55:04 -0500] "GET /forest/skins/gdocs-jar/popup/popup.jsp?width=900&height=600&title=Informaci%F3n%20de%20la%20instancia&uri=/forest/system/instance.jsp%3FcodInst%3D3204732&name=undefined&_a=0.9668916086666286&a=0.06605207710526884 HTTP/1.1" 200 1319
201.245.219.182 - - [26/Jul/2015:07:55:04 -0500] "GET /forest/system/instance.jsp?codInst=3204732 HTTP/1.1" 200 28567
201.245.219.182 - - [26/Jul/2015:07:55:04 -0500] "GET /forest/system/instance.jsp?codInst=3204732 HTTP/1.1" 200 104286
201.245.219.182 - - [26/Jul/2015:07:55:08 -0500] "GET /forest/skins/gdocs-jar/popup/popup.jsp?width=500&height=350&title=Informaci%F3n%20del%20borrador&uri=/forest/system/borrador.jsp%3FcodBorr%3D624477&name=undefined&_a=0.9679243809077889&a=0.4492827053181827 HTTP/1.1" 200 1315
201.245.219.182 - - [26/Jul/2015:07:55:08 -0500] "GET /forest/system/borrador.jsp?codBorr=624477 HTTP/1.1" 200 16201
201.245.219.182 - - [26/Jul/2015:07:55:08 -0500] "GET /forest/system/borrador.jsp?codBorr=624477 HTTP/1.1" 200 16201
172.22.2.3 - - [26/Jul/2015:07:55:14 -0500] "POST /cumbredelclima/wp-admin/admin-ajax.php HTTP/1.1" 200 23
201.245.219.182 - - [26/Jul/2015:07:55:13 -0500] "GET /forest/borrador/1888860/Borrador%20juridico%202015-07-13.docx HTTP/1.1" 200 120582
200.8.34.22 - - [26/Jul/2015:07:55:16 -0500] "GET /galeria/galeria/jquery.fancybox.css?v=2.1.5 HTTP/1.1" 200 4895
200.8.34.22 - - [26/Jul/2015:07:55:16 -0500] "GET /BLA/boletinlegal/js/jquery.scrollShow.js HTTP/1.1" 200 4586
200.8.34.22 - - [26/Jul/2015:07:55:16 -0500] "GET /galeria/galeria/jquery.fancybox.js?v=2.1.5 HTTP/1.1" 200 48706
172.22.2.3 - - [26/Jul/2015:07:55:29 -0500] "POST /cumbredelclima/wp-admin/admin-ajax.php HTTP/1.1" 200 23
191.148.231.30 - - [26/Jul/2015:07:55:36 -0500] "GET /BLA/resoluciones/AUTOS%202011/2404.pdf HTTP/1.1" 200 163725
66.249.64.96 - - [26/Jul/2015:07:55:42 -0500] "GET /BLA/resoluciones/RESOLUCIONES%202007/RES%202007%202301%20AL%202400/RESOLUCION%202343%20DE%202007.pdf HTTP/1.1" 304 -
172.22.2.3 - - [26/Jul/2015:07:55:44 -0500] "POST /cumbredelclima/wp-admin/admin-ajax.php HTTP/1.1" 200 23
66.249.64.19 - - [26/Jul/2015:07:55:46 -0500] "GET /wp-content/uploads/2015/07/recuadros-2.png HTTP/1.1" 200 69055
190.9.201.183 - - [26/Jul/2015:07:55:47 -0500] "GET /galeria/galeria/jquery.fancybox.css?v=2.1.5 HTTP/1.1" 200 4895
190.9.201.183 - - [26/Jul/2015:07:55:47 -0500] "GET /galeria/carrusel/Carrusel/jquery.thumbnailScroller.css HTTP/1.1" 200 2066
190.9.201.183 - - [26/Jul/2015:07:55:47 -0500] "GET /BLA/boletinlegal/js/jquery.scrollShow.js HTTP/1.1" 200 4586
190.9.201.183 - - [26/Jul/2015:07:55:47 -0500] "GET /galeria/galeria/jquery.fancybox.js?v=2.1.5 HTTP/1.1" 200 48706
190.9.201.183 - - [26/Jul/2015:07:55:47 -0500] "GET /galeria/carrusel/Carrusel/jquery-ui-1.8.13.custom.min.js HTTP/1.1" 200 10800
190.9.201.183 - - [26/Jul/2015:07:55:47 -0500] "GET /galeria/carrusel/Carrusel/jquery.thumbnailScroller.js HTTP/1.1" 200 8157
181.63.17.222 - - [26/Jul/2015:07:55:49 -0500] "GET /galeria/galeria/jquery.fancybox.css?v=2.1.5 HTTP/1.1" 200 4895
181.63.17.222 - - [26/Jul/2015:07:55:49 -0500] "GET /BLA/boletinlegal/js/jquery.scrollShow.js HTTP/1.1" 200 4586
181.63.17.222 - - [26/Jul/2015:07:55:49 -0500] "GET /galeria/galeria/jquery.fancybox.js?v=2.1.5 HTTP/1.1" 200 48706
190.9.201.183 - - [26/Jul/2015:07:55:51 -0500] "GET /galeria/nivo-slider/demo/demo.html HTTP/1.1" 200 5224
190.9.201.183 - - [26/Jul/2015:07:55:53 -0500] "GET /galeria/nivo-slider/themes/default/default.css HTTP/1.1" 200 1569
190.9.201.183 - - [26/Jul/2015:07:55:53 -0500] "GET /galeria/nivo-slider/themes/pascal/pascal.css HTTP/1.1" 200 2258
190.9.201.183 - - [26/Jul/2015:07:55:53 -0500] "GET /galeria/nivo-slider/nivo-slider.css HTTP/1.1" 200 1507
190.9.201.183 - - [26/Jul/2015:07:55:53 -0500] "GET /galeria/nivo-slider/themes/orman/orman.css HTTP/1.1" 200 2152
190.9.201.183 - - [26/Jul/2015:07:55:53 -0500] "GET /galeria/nivo-slider/demo/style.css HTTP/1.1" 200 2222
190.9.201.183 - - [26/Jul/2015:07:55:53 -0500] "GET /galeria/nivo-slider/demo/scripts/jquery-1.7.1.min.js HTTP/1.1" 200 93868
190.9.201.183 - - [26/Jul/2015:07:55:53 -0500] "GET /galeria/nivo-slider/jquery.nivo.slider.pack.js HTTP/1.1" 200 11561
190.9.201.183 - - [26/Jul/2015:07:55:53 -0500] "GET /galeria/nivo-slider/demo/images/Rendicion-de-cuentas.jpg HTTP/1.1" 200 309079
190.9.201.183 - - [26/Jul/2015:07:55:53 -0500] "GET /galeria/nivo-slider/demo/images/banner-llantas2.jpg HTTP/1.1" 200 204644
190.9.201.183 - - [26/Jul/2015:07:55:53 -0500] "GET /galeria/nivo-slider/demo/images/Semana-PYBA.jpg HTTP/1.1" 200 147360
190.9.201.183 - - [26/Jul/2015:07:55:53 -0500] "GET /galeria/nivo-slider/demo/images/PREDAcamp.jpg HTTP/1.1" 200 295358
190.9.201.183 - - [26/Jul/2015:07:55:53 -0500] "GET /galeria/nivo-slider/demo/images/VoluntariadoPYBA.jpg HTTP/1.1" 200 40647
190.9.201.183 - - [26/Jul/2015:07:55:54 -0500] "GET /galeria/nivo-slider/demo/images/9Signos.jpg HTTP/1.1" 200 81776
200.8.34.22 - - [26/Jul/2015:07:55:55 -0500] "GET /galeria/galeria/jquery.fancybox.css?v=2.1.5 HTTP/1.1" 304 -
200.8.34.22 - - [26/Jul/2015:07:55:55 -0500] "GET /BLA/boletinlegal/js/jquery.scrollShow.js HTTP/1.1" 304 -
200.8.34.22 - - [26/Jul/2015:07:55:55 -0500] "GET /galeria/galeria/jquery.fancybox.js?v=2.1.5 HTTP/1.1" 304 -
190.9.201.183 - - [26/Jul/2015:07:55:56 -0500] "GET /galeria/nivo-slider/demo/images/4Simple_Slider.png HTTP/1.1" 200 11722
190.9.201.183 - - [26/Jul/2015:07:55:56 -0500] "GET /galeria/nivo-slider/themes/default/loading.gif HTTP/1.1" 200 1737
190.9.201.183 - - [26/Jul/2015:07:55:56 -0500] "GET /galeria/nivo-slider/demo/images/Comparendo-ambiental-Banner.jpg HTTP/1.1" 200 83731
190.9.201.183 - - [26/Jul/2015:07:55:56 -0500] "GET /galeria/nivo-slider/demo/images/GAE-banner.jpg HTTP/1.1" 200 97556
190.9.201.183 - - [26/Jul/2015:07:55:57 -0500] "GET /galeria/nivo-slider/demo/images/Banner-encuesta-de-percepscio.jpg HTTP/1.1" 200 201899
190.9.201.183 - - [26/Jul/2015:07:55:57 -0500] "GET /galeria/nivo-slider/demo/images/banner-Pacto-por-la-madera.jpg HTTP/1.1" 200 209966
190.9.201.183 - - [26/Jul/2015:07:55:58 -0500] "GET /galeria/nivo-slider/demo/images/acuerdo_569.jpg HTTP/1.1" 200 62670
181.63.17.222 - - [26/Jul/2015:07:55:58 -0500] "GET /galeria/galeria/jquery.fancybox.css?v=2.1.5 HTTP/1.1" 304 -
181.63.17.222 - - [26/Jul/2015:07:55:58 -0500] "GET /BLA/boletinlegal/js/jquery.scrollShow.js HTTP/1.1" 304 -
181.63.17.222 - - [26/Jul/2015:07:55:58 -0500] "GET /galeria/galeria/jquery.fancybox.js?v=2.1.5 HTTP/1.1" 304 -
190.9.201.183 - - [26/Jul/2015:07:55:58 -0500] "GET /galeria/nivo-slider/demo/images/Licitaciones-proyecto-paramo.jpg HTTP/1.1" 200 221877
172.22.2.3 - - [26/Jul/2015:07:55:59 -0500] "POST /cumbredelclima/wp-admin/admin-ajax.php HTTP/1.1" 200 23
190.9.201.183 - - [26/Jul/2015:07:55:59 -0500] "GET /galeria/nivo-slider/demo/images/Banner-decreto1299.jpg HTTP/1.1" 200 182613
190.9.201.183 - - [26/Jul/2015:07:55:59 -0500] "GET /galeria/nivo-slider/demo/images/Banner-Directorio.jpg HTTP/1.1" 200 182068
190.9.201.183 - - [26/Jul/2015:07:55:59 -0500] "GET /galeria/nivo-slider/demo/images/Ruta-vertimientos-01.jpg HTTP/1.1" 200 130151
190.9.201.183 - - [26/Jul/2015:07:56:00 -0500] "GET /galeria/nivo-slider/demo/images/bolsas-06.jpg HTTP/1.1" 200 90982
190.9.201.183 - - [26/Jul/2015:07:56:01 -0500] "GET /galeria/nivo-slider/demo/images/Conoce-los-humedales.jpg HTTP/1.1" 200 294036
190.9.201.183 - - [26/Jul/2015:07:56:02 -0500] "GET /galeria/nivo-slider/demo/images/ecolecta-Dic2014.png HTTP/1.1" 200 288593
190.9.201.183 - - [26/Jul/2015:07:56:02 -0500] "GET /galeria/nivo-slider/demo/images/Banner-Caracol-Africano.jpg HTTP/1.1" 200 331986
190.9.201.183 - - [26/Jul/2015:07:56:06 -0500] "GET /galeria/nivo-slider/themes/default/arrows.png HTTP/1.1" 200 824
190.9.201.183 - - [26/Jul/2015:07:56:06 -0500] "GET /galeria/nivo-slider/themes/default/bullets.png HTTP/1.1" 200 1281
172.22.2.3 - - [26/Jul/2015:07:56:14 -0500] "POST /cumbredelclima/wp-admin/admin-ajax.php HTTP/1.1" 200 23
66.249.64.101 - - [26/Jul/2015:07:56:24 -0500] "GET /BLA/resoluciones/RESOLUCIONES%202010/6285.pdf HTTP/1.1" 304 -
201.245.192.253 - - [26/Jul/2015:07:56:14 -0500] "POST /wp-admin/admin-ajax.php HTTP/1.1" 200 23
172.22.2.3 - - [26/Jul/2015:07:56:29 -0500] "POST /cumbredelclima/wp-admin/admin-ajax.php HTTP/1.1" 200 23
172.22.2.3 - - [26/Jul/2015:07:56:44 -0500] "POST /cumbredelclima/wp-admin/admin-ajax.php HTTP/1.1" 200 23
201.245.192.253 - - [26/Jul/2015:07:56:45 -0500] "GET /forest/session.jsp?a=0.03788553662934957 HTTP/1.1" 200 4
190.157.172.223 - - [26/Jul/2015:07:56:48 -0500] "GET /forest/session.jsp?a=0.503529317677021 HTTP/1.1" 200 4
172.22.2.3 - - [26/Jul/2015:07:56:59 -0500] "POST /cumbredelclima/wp-admin/admin-ajax.php HTTP/1.1" 200 23
66.249.64.96 - - [26/Jul/2015:07:57:05 -0500] "GET /BLA/resoluciones/RESOLUCIONES%202012/0288.pdf HTTP/1.1" 304 -
172.22.2.3 - - [26/Jul/2015:07:57:14 -0500] "POST /cumbredelclima/wp-admin/admin-ajax.php HTTP/1.1" 200 23
172.22.2.3 - - [26/Jul/2015:07:57:29 -0500] "POST /cumbredelclima/wp-admin/admin-ajax.php HTTP/1.1" 200 23
172.22.2.3 - - [26/Jul/2015:07:57:44 -0500] "POST /cumbredelclima/wp-admin/admin-ajax.php HTTP/1.1" 200 23
66.249.64.106 - - [26/Jul/2015:07:57:47 -0500] "GET /BLA/resoluciones/RESOLUCIONES%202009/3813.pdf HTTP/1.1" 304 -
190.157.172.223 - - [26/Jul/2015:07:51:48 -0500] "GET /ForestMSG_SDA/channelAsync/template_word_18751173?X-Atmosphere-tracking-id=e1c37f69-b33a-01f9-204d-efa106103ccd&X-Atmosphere-Framework=1.0.5&X-Atmosphere-Transport=long-polling&tabid=0.6194072181824595&X-Cache-Date=0&Content-Type=application/xml&_=1437915246205 HTTP/1.1" 200 8193
181.247.43.84 - - [26/Jul/2015:07:57:58 -0500] "GET /galeria/galeria/jquery.fancybox.css?v=2.1.5 HTTP/1.1" 200 4895
181.247.43.84 - - [26/Jul/2015:07:57:58 -0500] "GET /BLA/boletinlegal/js/jquery.scrollShow.js HTTP/1.1" 200 4586
181.247.43.84 - - [26/Jul/2015:07:57:58 -0500] "GET /galeria/galeria/jquery.fancybox.js?v=2.1.5 HTTP/1.1" 200 48706
172.22.2.3 - - [26/Jul/2015:07:57:59 -0500] "POST /cumbredelclima/wp-admin/admin-ajax.php HTTP/1.1" 200 23
181.247.43.84 - - [26/Jul/2015:07:58:08 -0500] "GET /galeria/galeria/jquery.fancybox.css?v=2.1.5 HTTP/1.1" 304 -
181.247.43.84 - - [26/Jul/2015:07:58:08 -0500] "GET /BLA/boletinlegal/js/jquery.scrollShow.js HTTP/1.1" 304 -
181.247.43.84 - - [26/Jul/2015:07:58:08 -0500] "GET /galeria/galeria/jquery.fancybox.js?v=2.1.5 HTTP/1.1" 304 -
181.247.43.84 - - [26/Jul/2015:07:58:14 -0500] "GET /galeria/galeria/jquery.fancybox.css?v=2.1.5 HTTP/1.1" 304 -
181.247.43.84 - - [26/Jul/2015:07:58:14 -0500] "GET /galeria/galeria/jquery.fancybox.js?v=2.1.5 HTTP/1.1" 304 -
181.247.43.84 - - [26/Jul/2015:07:58:14 -0500] "GET /BLA/boletinlegal/js/jquery.scrollShow.js HTTP/1.1" 304 -
172.22.2.3 - - [26/Jul/2015:07:58:14 -0500] "POST /cumbredelclima/wp-admin/admin-ajax.php HTTP/1.1" 200 23
201.245.192.253 - - [26/Jul/2015:07:58:14 -0500] "POST /wp-admin/admin-ajax.php HTTP/1.1" 200 23
66.249.64.96 - - [26/Jul/2015:07:58:28 -0500] "GET /BLA/resoluciones/Notificaciones/AUTOS%202014/3581.doc HTTP/1.1" 304 -
172.22.2.3 - - [26/Jul/2015:07:58:29 -0500] "POST /cumbredelclima/wp-admin/admin-ajax.php HTTP/1.1" 200 23
172.22.2.3 - - [26/Jul/2015:07:58:44 -0500] "POST /cumbredelclima/wp-admin/admin-ajax.php HTTP/1.1" 200 23
172.22.2.3 - - [26/Jul/2015:07:58:59 -0500] "POST /cumbredelclima/wp-admin/admin-ajax.php HTTP/1.1" 200 23
66.249.64.101 - - [26/Jul/2015:07:59:10 -0500] "GET /BLA/resoluciones/RESOLUCIONES%202007/RES%202007%201401%20AL%201500/RESOLUCION%201407%20DE%202007.pdf HTTP/1.1" 304 -
172.22.2.3 - - [26/Jul/2015:07:59:14 -0500] "POST /cumbredelclima/wp-admin/admin-ajax.php HTTP/1.1" 200 23
201.245.219.182 - - [26/Jul/2015:07:59:16 -0500] "GET /forest/session.jsp?a=0.7808147089090198 HTTP/1.1" 200 4
190.9.201.183 - - [26/Jul/2015:07:59:29 -0500] "GET /BLA/boletinlegal/js/jquery.scrollShow.js HTTP/1.1" 304 -
190.9.201.183 - - [26/Jul/2015:07:59:29 -0500] "GET /galeria/galeria/jquery.fancybox.css?v=2.1.5 HTTP/1.1" 304 -
190.9.201.183 - - [26/Jul/2015:07:59:29 -0500] "GET /galeria/galeria/jquery.fancybox.js?v=2.1.5 HTTP/1.1" 304 -
172.22.2.3 - - [26/Jul/2015:07:59:29 -0500] "POST /cumbredelclima/wp-admin/admin-ajax.php HTTP/1.1" 200 23
74.86.158.107 - - [26/Jul/2015:07:59:33 -0500] "HEAD / HTTP/1.1" 200 -
172.22.2.3 - - [26/Jul/2015:07:59:44 -0500] "POST /cumbredelclima/wp-admin/admin-ajax.php HTTP/1.1" 200 23
66.249.64.106 - - [26/Jul/2015:07:59:51 -0500] "GET /BLA/resoluciones/RESOLUCIONES%202007/RES%202007%201001%20AL%201100/RESOLUCION%201006%20DE%202007.pdf HTTP/1.1" 304 -
201.245.192.253 - - [26/Jul/2015:07:59:56 -0500] "GET /forest/session.jsp?a=0.42863726022543114 HTTP/1.1" 200 4
190.157.172.223 - - [26/Jul/2015:07:59:58 -0500] "GET /forest/skins/gdocs-jar/popup/popup.jsp?width=1100&height=500&title=Buscar%20documentos&uri=/forest/buscar.do%3Ftype%3Ddocumentos&name=undefined&_a=0.7590726180933416&a=0.05741528584621847 HTTP/1.1" 200 1300
190.157.172.223 - - [26/Jul/2015:07:59:58 -0500] "GET /forest/css/autocomplete.css?version=1503.161801 HTTP/1.1" 304 -
190.157.172.223 - - [26/Jul/2015:07:59:58 -0500] "GET /forest/skins/gdocs-jar/css/tree.css?version=1503.161801 HTTP/1.1" 304 -
190.157.172.223 - - [26/Jul/2015:07:59:58 -0500] "GET /forest/js/load_func.js?version=1503.161801 HTTP/1.1" 304 -
190.157.172.223 - - [26/Jul/2015:07:59:58 -0500] "GET /forest/1ibre/jscalendar/calendar-win2k-1.css HTTP/1.1" 304 -
190.157.172.223 - - [26/Jul/2015:07:59:58 -0500] "GET /forest/js/dialog.js?version=1503.161801 HTTP/1.1" 304 -
190.157.172.223 - - [26/Jul/2015:07:59:58 -0500] "GET /forest/js/internJS.js?version=1503.161801 HTTP/1.1" 304 -
190.157.172.223 - - [26/Jul/2015:07:59:58 -0500] "GET /forest/js/sarissa.js?version=1503.161801 HTTP/1.1" 304 -
190.157.172.223 - - [26/Jul/2015:07:59:58 -0500] "GET /forest/js/escritorio/escritorio.js?version=1503.161801 HTTP/1.1" 304 -
190.157.172.223 - - [26/Jul/2015:07:59:58 -0500] "GET /forest/js/autocompletar2.js?version=1503.161801 HTTP/1.1" 304 -
190.157.172.223 - - [26/Jul/2015:07:59:58 -0500] "GET /forest/1ibre/jscalendar/calendar.js?version=1503.161801 HTTP/1.1" 304 -
190.157.172.223 - - [26/Jul/2015:07:59:58 -0500] "GET /forest/1ibre/protoaculous.js?version=1503.161801 HTTP/1.1" 304 -
190.157.172.223 - - [26/Jul/2015:07:59:58 -0500] "GET /forest/1ibre/jscalendar/lang/calendar-es.js?version=1503.161801 HTTP/1.1" 304 -
190.157.172.223 - - [26/Jul/2015:07:59:58 -0500] "GET /forest/1ibre/jscalendar/calendar-setup.js?version=1503.161801 HTTP/1.1" 304 -
190.157.172.223 - - [26/Jul/2015:07:59:58 -0500] "GET /forest/buscar.do?type=documentos HTTP/1.1" 200 85077
190.157.172.223 - - [26/Jul/2015:07:59:58 -0500] "GET /forest/js/xml_utilities.js?version=1503.161801 HTTP/1.1" 304 -
190.157.172.223 - - [26/Jul/2015:07:59:58 -0500] "GET /forest/1ibre/1ibre.js?version=1503.161801 HTTP/1.1" 304 -
190.157.172.223 - - [26/Jul/2015:07:59:59 -0500] "GET /forest/skins/gdocs-jar/img/top-search-icon.gif HTTP/1.1" 304 -
190.157.172.223 - - [26/Jul/2015:07:59:59 -0500] "GET /forest/skins/gdocs-jar/img/select.gif HTTP/1.1" 304 -
190.157.172.223 - - [26/Jul/2015:07:59:59 -0500] "GET /forest/skins/gdocs-jar/img/user_search.gif HTTP/1.1" 304 -
190.157.172.223 - - [26/Jul/2015:07:59:59 -0500] "GET /forest/json.do?query=usersByDep&coddep=7026 HTTP/1.1" 200 1207
190.157.172.223 - - [26/Jul/2015:07:59:59 -0500] "GET /forest/1ibre/images/plus.gif HTTP/1.1" 304 -
190.157.172.223 - - [26/Jul/2015:07:59:59 -0500] "GET /forest/skins/gdocs-jar/img/dependencia-tree.gif HTTP/1.1" 304 -
190.157.172.223 - - [26/Jul/2015:07:59:59 -0500] "GET /forest/json.do?query=versionListadas HTTP/1.1" 200 15
172.22.2.3 - - [26/Jul/2015:07:59:59 -0500] "POST /cumbredelclima/wp-admin/admin-ajax.php HTTP/1.1" 200 23
190.157.172.223 - - [26/Jul/2015:07:59:59 -0500] "GET /forest/json.do?query=usersByDep&coddep=7026 HTTP/1.1" 200 1207
190.157.172.223 - - [26/Jul/2015:07:59:59 -0500] "GET /forest/json.do?query=procesIniciales HTTP/1.1" 200 11194
190.157.172.223 - - [26/Jul/2015:07:59:59 -0500] "GET /forest/json.do?query=bpmnIniciales HTTP/1.1" 200 1095
172.22.2.3 - - [26/Jul/2015:08:00:14 -0500] "POST /cumbredelclima/wp-admin/admin-ajax.php HTTP/1.1" 200 23
201.245.192.253 - - [26/Jul/2015:08:00:14 -0500] "POST /wp-admin/admin-ajax.php HTTP/1.1" 200 23
172.22.2.3 - - [26/Jul/2015:08:00:29 -0500] "POST /cumbredelclima/wp-admin/admin-ajax.php HTTP/1.1" 200 23
66.249.64.96 - - [26/Jul/2015:08:00:33 -0500] "GET /BLA/resoluciones/RESOLUCIONES%202011/0233.pdf HTTP/1.1" 304 -
190.157.172.223 - - [26/Jul/2015:08:00:36 -0500] "POST /forest/buscar.do? HTTP/1.1" 200 8117
190.157.172.223 - - [26/Jul/2015:08:00:36 -0500] "GET /forest/img/nav_first.gif HTTP/1.1" 304 -
190.157.172.223 - - [26/Jul/2015:08:00:36 -0500] "GET /forest/img/nav_prev.gif HTTP/1.1" 304 -
190.157.172.223 - - [26/Jul/2015:08:00:37 -0500] "GET /forest/img/nav_next.gif HTTP/1.1" 304 -
190.157.172.223 - - [26/Jul/2015:08:00:37 -0500] "GET /forest/img/nav_last.gif HTTP/1.1" 304 -
172.22.2.3 - - [26/Jul/2015:08:00:44 -0500] "POST /cumbredelclima/wp-admin/admin-ajax.php HTTP/1.1" 200 23
190.157.172.223 - - [26/Jul/2015:08:00:45 -0500] "GET /forest/skins/gdocs-jar/popup/popup.jsp?width=850&height=380&title=Informaci%F3n%20del%20radicado&uri=/forest/system/document.jsp%3FcodDoc%3D1866862&name=undefined&_a=0.1951129853259772&a=0.6485474316868931 HTTP/1.1" 200 1315
190.157.172.223 - - [26/Jul/2015:08:00:45 -0500] "GET /forest/system/document.jsp?codDoc=1866862 HTTP/1.1" 200 30326
172.22.2.3 - - [26/Jul/2015:08:00:59 -0500] "POST /cumbredelclima/wp-admin/admin-ajax.php HTTP/1.1" 200 23
172.22.2.3 - - [26/Jul/2015:08:01:14 -0500] "POST /cumbredelclima/wp-admin/admin-ajax.php HTTP/1.1" 200 23
201.245.219.182 - - [26/Jul/2015:08:01:15 -0500] "GET /forest/parameter?action=parametersReportMDX&id_rpt=117&currentTab=tab_presentacion&a=0.08274361537769437 HTTP/1.1" 200 6434
190.157.172.223 - - [26/Jul/2015:08:01:18 -0500] "GET /forest/skins/gdocs-jar/popup/popup.jsp?width=850&height=380&title=Informaci%F3n%20del%20radicado&uri=/forest/system/document.jsp%3FcodDoc%3D1866862&name=undefined&_a=0.30760276480577886&a=0.24120798124931753 HTTP/1.1" 200 1315
190.157.172.223 - - [26/Jul/2015:08:01:18 -0500] "GET /forest/system/document.jsp?codDoc=1866862 HTTP/1.1" 200 30326
201.245.219.182 - - [26/Jul/2015:08:01:28 -0500] "GET /forest/parameter?action=parametersReportMDX&id_rpt=117&currentTab=tab_presentacion&a=0.8935909622814506 HTTP/1.1" 200 6434
172.22.2.3 - - [26/Jul/2015:08:01:29 -0500] "POST /cumbredelclima/wp-admin/admin-ajax.php HTTP/1.1" 200 23
190.157.172.223 - - [26/Jul/2015:08:01:30 -0500] "GET /forest/skins/gdocs-jar/popup/popup.jsp?width=900&height=600&title=Informaci%F3n%20de%20proceso&uri=/forest/system/process.jsp%3FnumPro%3D2909684&name=undefined&_a=0.8427219484001398&a=0.1709692976437509 HTTP/1.1" 200 1312
190.157.172.223 - - [26/Jul/2015:08:01:30 -0500] "GET /forest/system/process.jsp?numPro=2909684 HTTP/1.1" 200 79685
190.157.172.223 - - [26/Jul/2015:08:01:30 -0500] "GET /forest/system/process.jsp?numPro=2909684 HTTP/1.1" 200 79685
190.157.172.223 - - [26/Jul/2015:08:01:31 -0500] "GET /forest/skins/gdocs-jar/img/expandido.gif HTTP/1.1" 304 -
190.157.172.223 - - [26/Jul/2015:08:01:31 -0500] "GET /forest/skins/gdocs-jar/img/activity2.gif HTTP/1.1" 304 -
190.157.172.223 - - [26/Jul/2015:08:01:31 -0500] "GET /forest/skins/gdocs-jar/img/itemlist.gif HTTP/1.1" 304 -
190.157.172.223 - - [26/Jul/2015:08:01:31 -0500] "GET /forest/skins/gdocs-jar/img/mueveactividad.gif HTTP/1.1" 304 -
172.22.2.3 - - [26/Jul/2015:08:01:44 -0500] "POST /cumbredelclima/wp-admin/admin-ajax.php HTTP/1.1" 200 23
201.245.219.182 - - [26/Jul/2015:08:01:44 -0500] "POST /forest/frameset? HTTP/1.1" 200 53249
201.245.192.253 - - [26/Jul/2015:08:01:45 -0500] "GET /forest/session.jsp?a=0.9114797860953813 HTTP/1.1" 200 4
201.245.219.182 - - [26/Jul/2015:08:01:46 -0500] "GET /forestReports/webcontent/birt/pages/common/processing.jsp?__rtl=false HTTP/1.1" 200 719
190.157.172.223 - - [26/Jul/2015:08:01:46 -0500] "GET /forest/skins/gdocs-jar/popup/popup.jsp?width=900&height=600&title=Informaci%F3n%20de%20proceso&uri=/forest/system/process.jsp%3FnumPro%3D3081231&name=undefined&_a=0.631139166187495&a=0.3936547809280455 HTTP/1.1" 200 1312
190.157.172.223 - - [26/Jul/2015:08:01:46 -0500] "GET /forest/system/process.jsp?numPro=3081231 HTTP/1.1" 200 24552
190.157.172.223 - - [26/Jul/2015:08:01:46 -0500] "GET /forest/system/process.jsp?numPro=3081231 HTTP/1.1" 200 40134
190.157.172.223 - - [26/Jul/2015:08:01:48 -0500] "GET /forest/session.jsp?a=0.6153501230292022 HTTP/1.1" 200 4
201.245.219.182 - - [26/Jul/2015:08:01:48 -0500] "POST /forest/frameset?__toolbar=true&__report=forest%2Frpts%2F117.rptdesign&__app=forest&__format=&__sessionId=20150726_080415_462&__dpi=96 HTTP/1.1" 200 19837
201.245.219.182 - - [26/Jul/2015:08:01:51 -0500] "GET /forest/preview?__sessionId=20150726_080415_462&__imageid=file4ffb45e814eb3a8a8fc11056.gif HTTP/1.1" 200 4169
201.245.219.182 - - [26/Jul/2015:08:01:51 -0500] "GET /forest/preview?__sessionId=20150726_080415_462&__imageid=file4ffb45e814eb3a8a8fc11057.gif HTTP/1.1" 200 2367
186.31.47.225 - - [26/Jul/2015:08:01:59 -0500] "GET /galeria/galeria/jquery.fancybox.css?v=2.1.5 HTTP/1.1" 200 4895
186.31.47.225 - - [26/Jul/2015:08:01:59 -0500] "GET /BLA/boletinlegal/js/jquery.scrollShow.js HTTP/1.1" 200 4586
186.31.47.225 - - [26/Jul/2015:08:01:59 -0500] "GET /galeria/galeria/jquery.fancybox.js?v=2.1.5 HTTP/1.1" 200 48706
172.22.2.3 - - [26/Jul/2015:08:01:59 -0500] "POST /cumbredelclima/wp-admin/admin-ajax.php HTTP/1.1" 200 23
172.22.2.3 - - [26/Jul/2015:08:02:14 -0500] "POST /cumbredelclima/wp-admin/admin-ajax.php HTTP/1.1" 200 23
201.245.192.253 - - [26/Jul/2015:08:02:14 -0500] "POST /wp-admin/admin-ajax.php HTTP/1.1" 200 23
172.22.2.3 - - [26/Jul/2015:08:02:29 -0500] "POST /cumbredelclima/wp-admin/admin-ajax.php HTTP/1.1" 200 23
66.249.64.248 - - [26/Jul/2015:08:02:40 -0500] "GET /POT-2013/index.php?dir=Cartografia%2F HTTP/1.1" 200 11465
172.22.2.3 - - [26/Jul/2015:08:02:44 -0500] "POST /cumbredelclima/wp-admin/admin-ajax.php HTTP/1.1" 200 23
88.198.233.69 - - [26/Jul/2015:08:02:54 -0500] "GET / HTTP/1.1" 200 10190
172.22.2.3 - - [26/Jul/2015:08:02:59 -0500] "POST /cumbredelclima/wp-admin/admin-ajax.php HTTP/1.1" 200 23
172.22.2.3 - - [26/Jul/2015:08:03:14 -0500] "POST /cumbredelclima/wp-admin/admin-ajax.php HTTP/1.1" 200 23
191.157.106.180 - - [26/Jul/2015:08:03:26 -0500] "GET /galeria/galeria/jquery.fancybox.css?v=2.1.5 HTTP/1.1" 304 -
191.157.106.180 - - [26/Jul/2015:08:03:26 -0500] "GET /galeria/carrusel/Carrusel/jquery.thumbnailScroller.css HTTP/1.1" 304 -
191.157.106.180 - - [26/Jul/2015:08:03:26 -0500] "GET /BLA/boletinlegal/js/jquery.scrollShow.js HTTP/1.1" 304 -
191.157.106.180 - - [26/Jul/2015:08:03:26 -0500] "GET /galeria/galeria/jquery.fancybox.js?v=2.1.5 HTTP/1.1" 304 -
191.157.106.180 - - [26/Jul/2015:08:03:26 -0500] "GET /galeria/carrusel/Carrusel/jquery-ui-1.8.13.custom.min.js HTTP/1.1" 304 -
191.157.106.180 - - [26/Jul/2015:08:03:26 -0500] "GET /galeria/carrusel/Carrusel/jquery.thumbnailScroller.js HTTP/1.1" 304 -
186.31.47.225 - - [26/Jul/2015:08:03:27 -0500] "GET /BLA/boletinlegal/js/jquery.scrollShow.js HTTP/1.1" 304 -
186.31.47.225 - - [26/Jul/2015:08:03:27 -0500] "GET /galeria/galeria/jquery.fancybox.css?v=2.1.5 HTTP/1.1" 304 -
186.31.47.225 - - [26/Jul/2015:08:03:27 -0500] "GET /galeria/galeria/jquery.fancybox.js?v=2.1.5 HTTP/1.1" 304 -
172.22.2.3 - - [26/Jul/2015:08:03:29 -0500] "POST /cumbredelclima/wp-admin/admin-ajax.php HTTP/1.1" 200 23
190.157.172.223 - - [26/Jul/2015:08:03:38 -0500] "GET /forest/reportes.do?group_system_actual=5&_a=0.7098951009102166 HTTP/1.1" 302 -
190.157.172.223 - - [26/Jul/2015:08:03:38 -0500] "GET /forest/reportes.do?menu=1&group_system_actual=5 HTTP/1.1" 200 32474
190.157.172.223 - - [26/Jul/2015:08:03:38 -0500] "GET /forest/session.jsp?a=0.47087248670868576 HTTP/1.1" 200 4
190.157.172.223 - - [26/Jul/2015:08:03:38 -0500] "GET /forest/parameter?action=listRpts&a=0.33164155576378107 HTTP/1.1" 200 87183
190.157.172.223 - - [26/Jul/2015:08:03:43 -0500] "GET /forest/parameter?action=parametersReportMDX&id_rpt=117&currentTab=tab_presentacion&a=0.8948650038801134 HTTP/1.1" 200 6434
172.22.2.3 - - [26/Jul/2015:08:03:44 -0500] "POST /cumbredelclima/wp-admin/admin-ajax.php HTTP/1.1" 200 23
190.157.172.223 - - [26/Jul/2015:07:57:48 -0500] "GET /ForestMSG_SDA/channelAsync/template_word_18751173?X-Atmosphere-tracking-id=e1c37f69-b33a-01f9-204d-efa106103ccd&X-Atmosphere-Framework=1.0.5&X-Atmosphere-Transport=long-polling&tabid=0.6194072181824595&X-Cache-Date=0&Content-Type=application/xml&_=1437915606273 HTTP/1.1" 200 8193
190.157.172.223 - - [26/Jul/2015:08:03:50 -0500] "POST /forest/parameter?action=runReportMDX&json=true&listdep=tercero&id_rpt=117&a=0.692263136152178 HTTP/1.1" 200 594
190.157.172.223 - - [26/Jul/2015:08:03:50 -0500] "POST /forest/parameter?action=runReportMDX&json=true&listdep=tercero&id_rpt=117&a=0.08395045553334057 HTTP/1.1" 200 594
190.157.172.223 - - [26/Jul/2015:08:03:53 -0500] "POST /forest/parameter?action=runReportMDX&json=true&listdep=tercero&id_rpt=117&a=0.19999816874042153 HTTP/1.1" 200 589
190.157.172.223 - - [26/Jul/2015:08:03:53 -0500] "POST /forest/parameter?action=runReportMDX&json=true&listdep=tercero&id_rpt=117&a=0.7941680971998721 HTTP/1.1" 200 589
190.157.172.223 - - [26/Jul/2015:08:03:54 -0500] "POST /forest/parameter?action=runReportMDX&json=true&listdep=tercero&id_rpt=117&a=0.2098737508058548 HTTP/1.1" 200 561
190.157.172.223 - - [26/Jul/2015:08:03:56 -0500] "POST /forest/parameter?action=runReportMDX&json=true&listdep=tercero&id_rpt=117&a=0.011817823629826307 HTTP/1.1" 200 136
190.157.172.223 - - [26/Jul/2015:08:03:59 -0500] "POST /forest/frameset? HTTP/1.1" 200 53426
172.22.2.3 - - [26/Jul/2015:08:03:59 -0500] "POST /cumbredelclima/wp-admin/admin-ajax.php HTTP/1.1" 200 23
190.157.172.223 - - [26/Jul/2015:08:03:59 -0500] "GET /forestReports/webcontent/birt/pages/common/processing.jsp?__rtl=false HTTP/1.1" 200 719
172.22.2.3 - - [26/Jul/2015:08:04:14 -0500] "POST /cumbredelclima/wp-admin/admin-ajax.php HTTP/1.1" 200 23
201.245.219.182 - - [26/Jul/2015:08:04:21 -0500] "GET /forest/session.jsp?a=0.1372228218242526 HTTP/1.1" 200 4
201.245.192.253 - - [26/Jul/2015:08:04:14 -0500] "POST /wp-admin/admin-ajax.php HTTP/1.1" 200 23
172.22.2.3 - - [26/Jul/2015:08:04:29 -0500] "POST /cumbredelclima/wp-admin/admin-ajax.php HTTP/1.1" 200 23
74.86.158.107 - - [26/Jul/2015:08:04:32 -0500] "HEAD / HTTP/1.1" 200 -
190.8.251.62 - - [26/Jul/2015:08:04:35 -0500] "GET /galeria/galeria/jquery.fancybox.css?v=2.1.5 HTTP/1.1" 200 4895
190.8.251.62 - - [26/Jul/2015:08:04:35 -0500] "GET /galeria/galeria/jquery.fancybox.js?v=2.1.5 HTTP/1.1" 200 48706
190.8.251.62 - - [26/Jul/2015:08:04:35 -0500] "GET /BLA/boletinlegal/js/jquery.scrollShow.js HTTP/1.1" 200 4586
190.157.172.223 - - [26/Jul/2015:08:04:40 -0500] "POST /forest/frameset?__toolbar=true&__report=forest%2Frpts%2F117.rptdesign&__app=forest&__format=&__sessionId=20150726_080630_759&__dpi=96 HTTP/1.1" 200 69398
190.157.172.223 - - [26/Jul/2015:08:04:43 -0500] "GET /forest/preview?__sessionId=20150726_080630_759&__imageid=file4ffb45e814eb3a8a8fc11058.gif HTTP/1.1" 200 4169
190.157.172.223 - - [26/Jul/2015:08:04:43 -0500] "GET /forest/preview?__sessionId=20150726_080630_759&__imageid=file4ffb45e814eb3a8a8fc11059.gif HTTP/1.1" 200 2367
190.157.172.223 - - [26/Jul/2015:08:04:43 -0500] "GET /forestReports/webcontent/birt/images/LastPage.gif HTTP/1.1" 304 -
190.157.172.223 - - [26/Jul/2015:08:04:43 -0500] "GET /forestReports/webcontent/birt/images/NextPage.gif HTTP/1.1" 304 -
172.22.2.3 - - [26/Jul/2015:08:04:44 -0500] "POST /cumbredelclima/wp-admin/admin-ajax.php HTTP/1.1" 200 23
181.128.200.213 - - [26/Jul/2015:08:04:47 -0500] "GET /crossdomain.xml HTTP/1.1" 404 1450
181.128.200.213 - - [26/Jul/2015:08:04:47 -0500] "GET /arcgis/services/Calidad_del_Agua_WQI/MapServer/WMSServer?VERSION=1%2E1%2E1&LAYERS=3%2C4%2C5%2C6%2C7&REQUEST=GetMap&WIDTH=1324&TRANSPARENT=TRUE&FORMAT=image%2Fpng&BBOX=%2D74%2E44486436957256%2C4%2E386408759797783%2C%2D73%2E65726277664272%2C4%2E9455820961678985&HEIGHT=940&SRS=EPSG%3A4686&STYLES=&SERVICE=WMS HTTP/1.1" 200 10932
201.245.192.253 - - [26/Jul/2015:08:04:56 -0500] "GET /forest/session.jsp?a=0.5345013741907633 HTTP/1.1" 200 4
172.22.2.3 - - [26/Jul/2015:08:04:59 -0500] "POST /cumbredelclima/wp-admin/admin-ajax.php HTTP/1.1" 200 23
190.8.251.62 - - [26/Jul/2015:08:05:00 -0500] "GET /BLA/boletinlegal/js/jquery.scrollShow.js HTTP/1.1" 200 4586
190.8.251.62 - - [26/Jul/2015:08:05:00 -0500] "GET /galeria/galeria/jquery.fancybox.css?v=2.1.5 HTTP/1.1" 200 4895
190.8.251.62 - - [26/Jul/2015:08:05:00 -0500] "GET /galeria/galeria/jquery.fancybox.js?v=2.1.5 HTTP/1.1" 200 48706
172.22.2.3 - - [26/Jul/2015:08:05:14 -0500] "POST /cumbredelclima/wp-admin/admin-ajax.php HTTP/1.1" 200 23
190.8.251.62 - - [26/Jul/2015:08:05:27 -0500] "GET /galeria/galeria/jquery.fancybox.js?v=2.1.5 HTTP/1.1" 304 -
190.8.251.62 - - [26/Jul/2015:08:05:27 -0500] "GET /BLA/boletinlegal/js/jquery.scrollShow.js HTTP/1.1" 304 -
190.8.251.62 - - [26/Jul/2015:08:05:27 -0500] "GET /galeria/galeria/jquery.fancybox.css?v=2.1.5 HTTP/1.1" 304 -
172.22.2.3 - - [26/Jul/2015:08:05:29 -0500] "POST /cumbredelclima/wp-admin/admin-ajax.php HTTP/1.1" 200 23
190.8.251.62 - - [26/Jul/2015:08:05:31 -0500] "GET /galeria/galeria/jquery.fancybox.js?v=2.1.5 HTTP/1.1" 304 -
190.8.251.62 - - [26/Jul/2015:08:05:31 -0500] "GET /galeria/galeria/jquery.fancybox.css?v=2.1.5 HTTP/1.1" 304 -
190.8.251.62 - - [26/Jul/2015:08:05:31 -0500] "GET /BLA/boletinlegal/js/jquery.scrollShow.js HTTP/1.1" 304 -
172.22.2.3 - - [26/Jul/2015:08:05:44 -0500] "POST /cumbredelclima/wp-admin/admin-ajax.php HTTP/1.1" 200 23
172.22.2.3 - - [26/Jul/2015:08:05:59 -0500] "POST /cumbredelclima/wp-admin/admin-ajax.php HTTP/1.1" 200 23
186.80.175.224 - - [26/Jul/2015:08:06:11 -0500] "GET /galeria/carrusel/Carrusel/jquery-ui-1.8.13.custom.min.js HTTP/1.1" 200 10800
186.80.175.224 - - [26/Jul/2015:08:06:11 -0500] "GET /galeria/carrusel/Carrusel/jquery.thumbnailScroller.css HTTP/1.1" 200 2066
186.80.175.224 - - [26/Jul/2015:08:06:11 -0500] "GET /galeria/carrusel/Carrusel/jquery.thumbnailScroller.js HTTP/1.1" 200 8157
186.80.175.224 - - [26/Jul/2015:08:06:13 -0500] "GET /galeria/nivo-slider/demo/demo.html HTTP/1.1" 200 5224
172.22.2.3 - - [26/Jul/2015:08:06:14 -0500] "POST /cumbredelclima/wp-admin/admin-ajax.php HTTP/1.1" 200 23
186.80.175.224 - - [26/Jul/2015:08:06:15 -0500] "GET /galeria/nivo-slider/themes/default/default.css HTTP/1.1" 200 1569
186.80.175.224 - - [26/Jul/2015:08:06:15 -0500] "GET /galeria/nivo-slider/themes/pascal/pascal.css HTTP/1.1" 200 2258
186.80.175.224 - - [26/Jul/2015:08:06:15 -0500] "GET /galeria/nivo-slider/themes/orman/orman.css HTTP/1.1" 200 2152
186.80.175.224 - - [26/Jul/2015:08:06:15 -0500] "GET /galeria/nivo-slider/demo/style.css HTTP/1.1" 200 2222
186.80.175.224 - - [26/Jul/2015:08:06:15 -0500] "GET /galeria/nivo-slider/nivo-slider.css HTTP/1.1" 200 1507
186.80.175.224 - - [26/Jul/2015:08:06:15 -0500] "GET /galeria/nivo-slider/demo/scripts/jquery-1.7.1.min.js HTTP/1.1" 200 93868
186.80.175.224 - - [26/Jul/2015:08:06:15 -0500] "GET /galeria/nivo-slider/jquery.nivo.slider.pack.js HTTP/1.1" 200 11561
186.80.175.224 - - [26/Jul/2015:08:06:15 -0500] "GET /galeria/nivo-slider/demo/images/Rendicion-de-cuentas.jpg HTTP/1.1" 200 309079
186.80.175.224 - - [26/Jul/2015:08:06:15 -0500] "GET /galeria/nivo-slider/demo/images/banner-llantas2.jpg HTTP/1.1" 200 204644
186.80.175.224 - - [26/Jul/2015:08:06:15 -0500] "GET /galeria/nivo-slider/demo/images/Semana-PYBA.jpg HTTP/1.1" 200 147360
186.80.175.224 - - [26/Jul/2015:08:06:15 -0500] "GET /galeria/nivo-slider/demo/images/PREDAcamp.jpg HTTP/1.1" 200 295358
186.80.175.224 - - [26/Jul/2015:08:06:15 -0500] "GET /galeria/nivo-slider/demo/images/VoluntariadoPYBA.jpg HTTP/1.1" 200 40647
186.80.175.224 - - [26/Jul/2015:08:06:16 -0500] "GET /galeria/nivo-slider/demo/images/9Signos.jpg HTTP/1.1" 200 81776
186.80.175.224 - - [26/Jul/2015:08:06:17 -0500] "GET /galeria/nivo-slider/demo/images/4Simple_Slider.png HTTP/1.1" 200 11722
186.80.175.224 - - [26/Jul/2015:08:06:17 -0500] "GET /galeria/nivo-slider/themes/default/loading.gif HTTP/1.1" 200 1737
186.80.175.224 - - [26/Jul/2015:08:06:17 -0500] "GET /galeria/nivo-slider/demo/images/Comparendo-ambiental-Banner.jpg HTTP/1.1" 200 83731
186.80.175.224 - - [26/Jul/2015:08:06:17 -0500] "GET /galeria/nivo-slider/demo/images/GAE-banner.jpg HTTP/1.1" 200 97556
186.80.175.224 - - [26/Jul/2015:08:06:18 -0500] "GET /galeria/nivo-slider/demo/images/Banner-encuesta-de-percepscio.jpg HTTP/1.1" 200 201899
186.80.175.224 - - [26/Jul/2015:08:06:18 -0500] "GET /galeria/nivo-slider/demo/images/banner-Pacto-por-la-madera.jpg HTTP/1.1" 200 209966
186.80.175.224 - - [26/Jul/2015:08:06:18 -0500] "GET /galeria/nivo-slider/demo/images/Licitaciones-proyecto-paramo.jpg HTTP/1.1" 200 221877
186.80.175.224 - - [26/Jul/2015:08:06:18 -0500] "GET /galeria/nivo-slider/demo/images/acuerdo_569.jpg HTTP/1.1" 200 62670
186.80.175.224 - - [26/Jul/2015:08:06:18 -0500] "GET /galeria/nivo-slider/demo/images/Banner-decreto1299.jpg HTTP/1.1" 200 182613
186.80.175.224 - - [26/Jul/2015:08:06:18 -0500] "GET /galeria/nivo-slider/demo/images/Banner-Directorio.jpg HTTP/1.1" 200 182068
186.80.175.224 - - [26/Jul/2015:08:06:19 -0500] "GET /galeria/nivo-slider/demo/images/Ruta-vertimientos-01.jpg HTTP/1.1" 200 130151
186.80.175.224 - - [26/Jul/2015:08:06:19 -0500] "GET /galeria/nivo-slider/demo/images/bolsas-06.jpg HTTP/1.1" 200 90982
186.80.175.224 - - [26/Jul/2015:08:06:19 -0500] "GET /galeria/nivo-slider/demo/images/Conoce-los-humedales.jpg HTTP/1.1" 200 294036
186.80.175.224 - - [26/Jul/2015:08:06:20 -0500] "GET /galeria/nivo-slider/demo/images/ecolecta-Dic2014.png HTTP/1.1" 200 288593
186.80.175.224 - - [26/Jul/2015:08:06:20 -0500] "GET /galeria/nivo-slider/demo/images/Banner-Caracol-Africano.jpg HTTP/1.1" 200 331986
186.80.175.224 - - [26/Jul/2015:08:06:22 -0500] "GET /galeria/nivo-slider/themes/default/arrows.png HTTP/1.1" 200 824
186.80.175.224 - - [26/Jul/2015:08:06:22 -0500] "GET /galeria/nivo-slider/themes/default/bullets.png HTTP/1.1" 200 1281
201.245.192.253 - - [26/Jul/2015:08:06:14 -0500] "POST /wp-admin/admin-ajax.php HTTP/1.1" 200 23
172.22.2.3 - - [26/Jul/2015:08:06:29 -0500] "POST /cumbredelclima/wp-admin/admin-ajax.php HTTP/1.1" 200 23
172.22.2.3 - - [26/Jul/2015:08:06:44 -0500] "POST /cumbredelclima/wp-admin/admin-ajax.php HTTP/1.1" 200 23
201.245.192.253 - - [26/Jul/2015:08:06:45 -0500] "GET /forest/session.jsp?a=0.556841198617929 HTTP/1.1" 200 4
172.22.2.3 - - [26/Jul/2015:08:06:59 -0500] "POST /cumbredelclima/wp-admin/admin-ajax.php HTTP/1.1" 200 23
172.22.2.3 - - [26/Jul/2015:08:07:14 -0500] "POST /cumbredelclima/wp-admin/admin-ajax.php HTTP/1.1" 200 23
172.22.2.3 - - [26/Jul/2015:08:07:29 -0500] "POST /cumbredelclima/wp-admin/admin-ajax.php HTTP/1.1" 200 23
66.249.64.101 - - [26/Jul/2015:08:07:41 -0500] "GET /BLA/resoluciones/RESOLUCIONES%202007/RES%202007%204101%20AL%204200/RESOLUCION%204106%20DE%202007.pdf HTTP/1.1" 304 -
172.22.2.3 - - [26/Jul/2015:08:07:44 -0500] "POST /cumbredelclima/wp-admin/admin-ajax.php HTTP/1.1" 200 23
172.22.2.3 - - [26/Jul/2015:08:07:59 -0500] "POST /cumbredelclima/wp-admin/admin-ajax.php HTTP/1.1" 200 23
66.249.64.29 - - [26/Jul/2015:08:08:06 -0500] "GET /wp-content/uploads/2015/07/comunicados-150x150.png HTTP/1.1" 200 28248
172.22.2.3 - - [26/Jul/2015:08:08:14 -0500] "POST /cumbredelclima/wp-admin/admin-ajax.php HTTP/1.1" 200 23
201.245.192.253 - - [26/Jul/2015:08:08:14 -0500] "POST /wp-admin/admin-ajax.php HTTP/1.1" 200 23
172.22.2.3 - - [26/Jul/2015:08:08:29 -0500] "POST /cumbredelclima/wp-admin/admin-ajax.php HTTP/1.1" 200 23
190.157.172.223 - - [26/Jul/2015:08:08:39 -0500] "GET /forest/session.jsp?a=0.14228397235274315 HTTP/1.1" 200 4
172.22.2.3 - - [26/Jul/2015:08:08:44 -0500] "POST /cumbredelclima/wp-admin/admin-ajax.php HTTP/1.1" 200 23
172.22.2.3 - - [26/Jul/2015:08:08:59 -0500] "POST /cumbredelclima/wp-admin/admin-ajax.php HTTP/1.1" 200 23
172.22.2.3 - - [26/Jul/2015:08:09:14 -0500] "POST /cumbredelclima/wp-admin/admin-ajax.php HTTP/1.1" 200 23
201.245.219.182 - - [26/Jul/2015:08:09:21 -0500] "GET /forest/session.jsp?a=0.21804718440398574 HTTP/1.1" 200 4
173.252.110.112 - - [26/Jul/2015:08:09:22 -0500] "GET /galeria/galeria/fotos/Soratama1P.jpg HTTP/1.1" 200 9622
172.22.2.3 - - [26/Jul/2015:08:09:29 -0500] "POST /cumbredelclima/wp-admin/admin-ajax.php HTTP/1.1" 200 23
74.86.158.107 - - [26/Jul/2015:08:09:32 -0500] "HEAD / HTTP/1.1" 200 -
172.22.2.3 - - [26/Jul/2015:08:09:44 -0500] "POST /cumbredelclima/wp-admin/admin-ajax.php HTTP/1.1" 200 23
66.249.64.106 - - [26/Jul/2015:08:09:49 -0500] "GET /resoluciones/RESOLUCIONES%202009/6564.pdf HTTP/1.1" 404 1018
201.245.192.253 - - [26/Jul/2015:08:09:56 -0500] "GET /forest/session.jsp?a=0.8488260579116499 HTTP/1.1" 200 4
191.70.28.140 - - [26/Jul/2015:08:09:59 -0500] "GET /BLA/boletinlegal/js/jquery.scrollShow.js HTTP/1.1" 200 4586
172.22.2.3 - - [26/Jul/2015:08:09:59 -0500] "POST /cumbredelclima/wp-admin/admin-ajax.php HTTP/1.1" 200 23
191.70.28.140 - - [26/Jul/2015:08:09:59 -0500] "GET /galeria/galeria/jquery.fancybox.js?v=2.1.5 HTTP/1.1" 200 48706
191.70.28.140 - - [26/Jul/2015:08:10:00 -0500] "GET /galeria/galeria/jquery.fancybox.css?v=2.1.5 HTTP/1.1" 200 4895
66.249.64.101 - - [26/Jul/2015:08:10:09 -0500] "GET /BLA/resoluciones/RESOLUCIONES%202011/2063.pdf HTTP/1.1" 200 491658
172.22.2.3 - - [26/Jul/2015:08:10:14 -0500] "POST /cumbredelclima/wp-admin/admin-ajax.php HTTP/1.1" 200 23
201.245.192.253 - - [26/Jul/2015:08:10:14 -0500] "POST /wp-admin/admin-ajax.php HTTP/1.1" 200 23
172.22.2.3 - - [26/Jul/2015:08:10:29 -0500] "POST /cumbredelclima/wp-admin/admin-ajax.php HTTP/1.1" 200 23
66.249.64.101 - - [26/Jul/2015:08:10:30 -0500] "GET /BLA/resoluciones/AUTOS%202014/6552.pdf HTTP/1.1" 304 -
172.22.2.3 - - [26/Jul/2015:08:10:44 -0500] "POST /cumbredelclima/wp-admin/admin-ajax.php HTTP/1.1" 200 23
66.249.64.106 - - [26/Jul/2015:08:10:51 -0500] "GET /BLA/resoluciones/RESOLUCIONES%202012/1230.pdf HTTP/1.1" 304 -
172.22.2.3 - - [26/Jul/2015:08:10:59 -0500] "POST /cumbredelclima/wp-admin/admin-ajax.php HTTP/1.1" 200 23
66.249.64.106 - - [26/Jul/2015:08:11:11 -0500] "GET /BLA/resoluciones/RESOLUCIONES%202007/RES%202007%201401%20AL%201500/RESOLUCION%201478%20DE%202007.pdf HTTP/1.1" 304 -
172.22.2.3 - - [26/Jul/2015:08:11:14 -0500] "POST /cumbredelclima/wp-admin/admin-ajax.php HTTP/1.1" 200 23
172.22.2.3 - - [26/Jul/2015:08:11:29 -0500] "POST /cumbredelclima/wp-admin/admin-ajax.php HTTP/1.1" 200 23
66.249.64.101 - - [26/Jul/2015:08:11:32 -0500] "GET /BLA/resoluciones/RESOLUCIONES%202013/1135.pdf HTTP/1.1" 304 -
181.205.134.180 - - [26/Jul/2015:08:11:41 -0500] "-" 408 -
172.22.2.3 - - [26/Jul/2015:08:11:44 -0500] "POST /cumbredelclima/wp-admin/admin-ajax.php HTTP/1.1" 200 23
201.245.192.253 - - [26/Jul/2015:08:11:45 -0500] "GET /forest/session.jsp?a=0.9009290588043392 HTTP/1.1" 200 4
66.249.64.96 - - [26/Jul/2015:08:11:53 -0500] "GET /BLA/resoluciones/Notificaciones/AUTOS%202014/5643.doc HTTP/1.1" 304 -
172.22.2.3 - - [26/Jul/2015:08:11:59 -0500] "POST /cumbredelclima/wp-admin/admin-ajax.php HTTP/1.1" 200 23
66.249.64.106 - - [26/Jul/2015:08:12:10 -0500] "GET /m/BLA/resoluciones/AUTOS%202013/0004.pdf HTTP/1.1" 404 1018
172.22.2.3 - - [26/Jul/2015:08:12:14 -0500] "POST /cumbredelclima/wp-admin/admin-ajax.php HTTP/1.1" 200 23
201.245.192.253 - - [26/Jul/2015:08:12:14 -0500] "POST /wp-admin/admin-ajax.php HTTP/1.1" 200 23
172.22.2.3 - - [26/Jul/2015:08:12:29 -0500] "POST /cumbredelclima/wp-admin/admin-ajax.php HTTP/1.1" 200 23
66.249.64.96 - - [26/Jul/2015:08:12:34 -0500] "GET /autoliquidacion/TR%C3%81MITES%20MINER%C3%8DA/126PM04-PR39-M-A6-V5.0%20Terminos%20de%20referencia%20PMRRA[1].doc HTTP/1.1" 304 -
172.22.2.3 - - [26/Jul/2015:08:12:44 -0500] "POST /cumbredelclima/wp-admin/admin-ajax.php HTTP/1.1" 200 23
190.157.172.223 - - [26/Jul/2015:08:12:51 -0500] "GET /galeria/nivo-slider/demo/demo.html HTTP/1.1" 304 -
190.252.40.68 - - [26/Jul/2015:08:12:54 -0500] "GET /galeria/galeria/jquery.fancybox.js?v=2.1.5 HTTP/1.1" 200 48706
190.252.40.68 - - [26/Jul/2015:08:12:54 -0500] "GET /galeria/galeria/jquery.fancybox.css?v=2.1.5 HTTP/1.1" 200 4895
190.252.40.68 - - [26/Jul/2015:08:12:54 -0500] "GET /BLA/boletinlegal/js/jquery.scrollShow.js HTTP/1.1" 200 4586
190.252.40.68 - - [26/Jul/2015:08:12:58 -0500] "GET /BLA/boletinlegal/js/jquery.scrollShow.js HTTP/1.1" 304 -
190.252.40.68 - - [26/Jul/2015:08:12:58 -0500] "GET /galeria/galeria/jquery.fancybox.js?v=2.1.5 HTTP/1.1" 304 -
190.252.40.68 - - [26/Jul/2015:08:12:58 -0500] "GET /galeria/galeria/jquery.fancybox.css?v=2.1.5 HTTP/1.1" 304 -
190.157.172.223 - - [26/Jul/2015:08:12:58 -0500] "GET /galeria/nivo-slider/demo/images/Semana-PYBA.jpg HTTP/1.1" 304 -
190.157.172.223 - - [26/Jul/2015:08:12:58 -0500] "GET /galeria/nivo-slider/demo/images/PREDAcamp.jpg HTTP/1.1" 304 -
172.22.2.3 - - [26/Jul/2015:08:12:59 -0500] "POST /cumbredelclima/wp-admin/admin-ajax.php HTTP/1.1" 200 23
190.157.172.223 - - [26/Jul/2015:08:13:10 -0500] "GET /BLA/boletinlegal/actos.php HTTP/1.1" 200 7574
172.22.2.3 - - [26/Jul/2015:08:13:14 -0500] "POST /cumbredelclima/wp-admin/admin-ajax.php HTTP/1.1" 200 23
