190.25.101.249 - - [26/Jul/2015:08:31:03 -0500] "GET /BLA/boletinlegal/consulta_conceptos.php?no=86&solicitante=&radicado_entrada=&fecha_concepto=2015&objeto= HTTP/1.1" 200 1047
190.157.172.223 - - [26/Jul/2015:08:31:08 -0500] "GET /forest/session.jsp?a=0.5504751636181027 HTTP/1.1" 200 4
190.25.101.249 - - [26/Jul/2015:08:31:09 -0500] "GET /BLA/boletinlegal/consulta_conceptos.php?no=87&solicitante=&radicado_entrada=&fecha_concepto=2015&objeto= HTTP/1.1" 200 567
172.22.2.3 - - [26/Jul/2015:08:31:15 -0500] "POST /cumbredelclima/wp-admin/admin-ajax.php HTTP/1.1" 200 23
172.22.2.3 - - [26/Jul/2015:08:31:30 -0500] "POST /cumbredelclima/wp-admin/admin-ajax.php HTTP/1.1" 200 23
201.245.192.253 - - [26/Jul/2015:08:31:45 -0500] "GET /forest/session.jsp?a=0.30415190105191525 HTTP/1.1" 200 4
172.22.2.3 - - [26/Jul/2015:08:31:45 -0500] "POST /cumbredelclima/wp-admin/admin-ajax.php HTTP/1.1" 200 23
172.22.2.3 - - [26/Jul/2015:08:32:00 -0500] "POST /cumbredelclima/wp-admin/admin-ajax.php HTTP/1.1" 200 23
201.234.75.11 - - [26/Jul/2015:08:32:12 -0500] "GET /galeria/nivo-slider/demo/images/Banner-GAE3.jpg HTTP/1.1" 304 -
190.69.221.108 - - [26/Jul/2015:08:32:15 -0500] "GET /galeria/galeria/jquery.fancybox.js?v=2.1.5 HTTP/1.1" 200 48706
190.69.221.108 - - [26/Jul/2015:08:32:15 -0500] "GET /BLA/boletinlegal/js/jquery.scrollShow.js HTTP/1.1" 200 4586
190.69.221.108 - - [26/Jul/2015:08:32:15 -0500] "GET /galeria/galeria/jquery.fancybox.css?v=2.1.5 HTTP/1.1" 200 4895
172.22.2.3 - - [26/Jul/2015:08:32:15 -0500] "POST /cumbredelclima/wp-admin/admin-ajax.php HTTP/1.1" 200 23
190.25.101.249 - - [26/Jul/2015:08:32:18 -0500] "GET /galeria/galeria/jquery.fancybox.js?v=2.1.5 HTTP/1.1" 304 -
190.25.101.249 - - [26/Jul/2015:08:32:18 -0500] "GET /galeria/galeria/jquery.fancybox.css?v=2.1.5 HTTP/1.1" 304 -
190.69.221.108 - - [26/Jul/2015:08:32:21 -0500] "GET /BLA/boletinlegal/js/jquery.scrollShow.js HTTP/1.1" 200 4586
190.69.221.108 - - [26/Jul/2015:08:32:21 -0500] "GET /galeria/galeria/jquery.fancybox.js?v=2.1.5 HTTP/1.1" 200 48706
190.69.221.108 - - [26/Jul/2015:08:32:21 -0500] "GET /galeria/galeria/jquery.fancybox.css?v=2.1.5 HTTP/1.1" 200 4895
190.25.101.249 - - [26/Jul/2015:08:32:22 -0500] "GET /BLA/boletinlegal/js/jquery.scrollShow.js HTTP/1.1" 200 4586
190.25.101.249 - - [26/Jul/2015:08:32:22 -0500] "GET /galeria/galeria/jquery.fancybox.js?v=2.1.5 HTTP/1.1" 200 48706
190.25.101.249 - - [26/Jul/2015:08:32:22 -0500] "GET /galeria/galeria/jquery.fancybox.css?v=2.1.5 HTTP/1.1" 200 4895
201.245.192.253 - - [26/Jul/2015:08:32:14 -0500] "POST /wp-admin/admin-ajax.php HTTP/1.1" 200 23
172.22.2.3 - - [26/Jul/2015:08:32:30 -0500] "POST /cumbredelclima/wp-admin/admin-ajax.php HTTP/1.1" 200 23
190.25.101.249 - - [26/Jul/2015:08:32:35 -0500] "GET /galeria/galeria/jquery.fancybox.js?v=2.1.5 HTTP/1.1" 304 -
190.25.101.249 - - [26/Jul/2015:08:32:35 -0500] "GET /galeria/galeria/jquery.fancybox.css?v=2.1.5 HTTP/1.1" 304 -
66.249.64.101 - - [26/Jul/2015:08:32:41 -0500] "GET /BLA/resoluciones/RESOLUCIONES%202007/RES%202007%202101%20AL%202200/RESOLUCION%202105%20DE%202007.pdf HTTP/1.1" 304 -
172.22.2.3 - - [26/Jul/2015:08:32:45 -0500] "POST /cumbredelclima/wp-admin/admin-ajax.php HTTP/1.1" 200 23
66.249.64.29 - - [26/Jul/2015:08:32:46 -0500] "GET /wp-content/uploads/2015/07/cuadro-azulconverde.png HTTP/1.1" 200 10578
190.25.101.249 - - [26/Jul/2015:08:32:49 -0500] "GET /galeria/galeria/jquery.fancybox.css?v=2.1.5 HTTP/1.1" 304 -
190.25.101.249 - - [26/Jul/2015:08:32:49 -0500] "GET /galeria/galeria/jquery.fancybox.js?v=2.1.5 HTTP/1.1" 304 -
172.22.2.3 - - [26/Jul/2015:08:33:00 -0500] "POST /cumbredelclima/wp-admin/admin-ajax.php HTTP/1.1" 200 23
157.55.39.68 - - [26/Jul/2015:08:33:03 -0500] "GET /Anexos%20estudio%20Organizacional%20SDA/ANEXO%20No.%203-%20CONTRATACI%C3%93N%20%20OPS%C2%B4s%202008-2012/CONTRATOS%20SDA%202012%20POR%20DEPENDENCIA.xls HTTP/1.1" 200 269824
172.22.2.3 - - [26/Jul/2015:08:33:15 -0500] "POST /cumbredelclima/wp-admin/admin-ajax.php HTTP/1.1" 200 23
172.22.2.3 - - [26/Jul/2015:08:33:30 -0500] "POST /cumbredelclima/wp-admin/admin-ajax.php HTTP/1.1" 200 23
172.22.2.3 - - [26/Jul/2015:08:33:45 -0500] "POST /cumbredelclima/wp-admin/admin-ajax.php HTTP/1.1" 200 23
172.22.2.3 - - [26/Jul/2015:08:34:00 -0500] "POST /cumbredelclima/wp-admin/admin-ajax.php HTTP/1.1" 200 23
172.22.2.3 - - [26/Jul/2015:08:34:15 -0500] "POST /cumbredelclima/wp-admin/admin-ajax.php HTTP/1.1" 200 23
186.84.38.254 - - [26/Jul/2015:08:34:20 -0500] "GET /galeria/galeria/jquery.fancybox.css?v=2.1.5 HTTP/1.1" 200 4895
186.84.38.254 - - [26/Jul/2015:08:34:20 -0500] "GET /galeria/galeria/jquery.fancybox.js?v=2.1.5 HTTP/1.1" 200 48706
186.84.38.254 - - [26/Jul/2015:08:34:20 -0500] "GET /BLA/boletinlegal/js/jquery.scrollShow.js HTTP/1.1" 200 4586
186.80.35.58 - - [26/Jul/2015:08:34:21 -0500] "GET /BLA/boletinlegal/jurisprudencia/analisis/CUADRO%20SENTENCIA%20T-299%20DE%202008.doc HTTP/1.1" 200 40960
186.84.38.254 - - [26/Jul/2015:08:34:24 -0500] "GET /galeria/galeria/jquery.fancybox.js?v=2.1.5 HTTP/1.1" 304 -
186.84.38.254 - - [26/Jul/2015:08:34:24 -0500] "GET /BLA/boletinlegal/js/jquery.scrollShow.js HTTP/1.1" 304 -
186.84.38.254 - - [26/Jul/2015:08:34:24 -0500] "GET /galeria/galeria/jquery.fancybox.css?v=2.1.5 HTTP/1.1" 304 -
201.245.192.253 - - [26/Jul/2015:08:34:14 -0500] "POST /wp-admin/admin-ajax.php HTTP/1.1" 200 23
172.22.2.3 - - [26/Jul/2015:08:34:30 -0500] "POST /cumbredelclima/wp-admin/admin-ajax.php HTTP/1.1" 200 23
74.86.158.107 - - [26/Jul/2015:08:34:32 -0500] "HEAD / HTTP/1.1" 200 -
172.22.2.3 - - [26/Jul/2015:08:34:45 -0500] "POST /cumbredelclima/wp-admin/admin-ajax.php HTTP/1.1" 200 23
180.76.15.11 - - [26/Jul/2015:08:34:54 -0500] "GET / HTTP/1.1" 200 10190
201.245.192.253 - - [26/Jul/2015:08:34:56 -0500] "GET /forest/session.jsp?a=0.6809172143017308 HTTP/1.1" 200 4
172.22.2.3 - - [26/Jul/2015:08:35:00 -0500] "POST /cumbredelclima/wp-admin/admin-ajax.php HTTP/1.1" 200 23
190.157.172.223 - - [26/Jul/2015:08:29:57 -0500] "POST /forest/buscar.do? HTTP/1.1" 200 16683
172.22.2.3 - - [26/Jul/2015:08:35:15 -0500] "POST /cumbredelclima/wp-admin/admin-ajax.php HTTP/1.1" 200 23
172.22.2.3 - - [26/Jul/2015:08:35:30 -0500] "POST /cumbredelclima/wp-admin/admin-ajax.php HTTP/1.1" 200 23
180.76.15.143 - - [26/Jul/2015:08:35:31 -0500] "GET / HTTP/1.1" 200 10190
172.22.2.3 - - [26/Jul/2015:08:35:45 -0500] "POST /cumbredelclima/wp-admin/admin-ajax.php HTTP/1.1" 200 23
172.22.2.3 - - [26/Jul/2015:08:36:00 -0500] "POST /cumbredelclima/wp-admin/admin-ajax.php HTTP/1.1" 200 23
190.157.172.223 - - [26/Jul/2015:08:36:08 -0500] "GET /forest/session.jsp?a=0.9824861772358418 HTTP/1.1" 200 4
172.22.2.3 - - [26/Jul/2015:08:36:15 -0500] "POST /cumbredelclima/wp-admin/admin-ajax.php HTTP/1.1" 200 23
201.245.192.253 - - [26/Jul/2015:08:36:14 -0500] "POST /wp-admin/admin-ajax.php HTTP/1.1" 200 23
172.22.2.3 - - [26/Jul/2015:08:36:30 -0500] "POST /cumbredelclima/wp-admin/admin-ajax.php HTTP/1.1" 200 23
201.245.192.253 - - [26/Jul/2015:08:36:45 -0500] "GET /forest/session.jsp?a=0.9940897806765597 HTTP/1.1" 200 4
172.22.2.3 - - [26/Jul/2015:08:36:45 -0500] "POST /cumbredelclima/wp-admin/admin-ajax.php HTTP/1.1" 200 23
172.22.2.3 - - [26/Jul/2015:08:37:00 -0500] "POST /cumbredelclima/wp-admin/admin-ajax.php HTTP/1.1" 200 23
172.22.2.3 - - [26/Jul/2015:08:37:15 -0500] "POST /cumbredelclima/wp-admin/admin-ajax.php HTTP/1.1" 200 23
172.22.2.3 - - [26/Jul/2015:08:37:30 -0500] "POST /cumbredelclima/wp-admin/admin-ajax.php HTTP/1.1" 200 23
172.22.2.3 - - [26/Jul/2015:08:37:45 -0500] "POST /cumbredelclima/wp-admin/admin-ajax.php HTTP/1.1" 200 23
190.157.172.223 - - [26/Jul/2015:08:37:49 -0500] "GET /forest/skins/gdocs-jar/popup/popup.jsp?width=900&height=600&title=Informaci%F3n%20de%20proceso&uri=/forest/system/process.jsp%3FnumPro%3D2396862&name=undefined&_a=0.3182985249441117&a=0.1893704531248659 HTTP/1.1" 200 1312
190.157.172.223 - - [26/Jul/2015:08:37:49 -0500] "GET /forest/system/process.jsp?numPro=2396862 HTTP/1.1" 200 14695
190.157.172.223 - - [26/Jul/2015:08:37:49 -0500] "GET /forest/system/process.jsp?numPro=2396862 HTTP/1.1" 200 53326
66.249.64.101 - - [26/Jul/2015:08:37:51 -0500] "GET /BLA/resoluciones/RESOLUCIONES%202007/RES%202007%203101%20AL%203200/RESOLUCION%203121%20DE%202007.pdf HTTP/1.1" 200 519690
190.157.172.223 - - [26/Jul/2015:08:37:53 -0500] "GET /forest/skins/gdocs-jar/popup/popup.jsp?width=850&height=380&title=Informaci%F3n%20del%20radicado&uri=/forest/system/document.jsp%3FcodDoc%3D1444856&name=undefined&_a=0.2767266237642616&a=0.2801612454932183 HTTP/1.1" 200 1315
190.157.172.223 - - [26/Jul/2015:08:37:53 -0500] "GET /forest/system/document.jsp?codDoc=1444856 HTTP/1.1" 200 19642
190.157.172.223 - - [26/Jul/2015:08:37:54 -0500] "GET /forest/system/document.jsp?codDoc=1444856 HTTP/1.1" 200 59980
190.157.172.223 - - [26/Jul/2015:08:37:58 -0500] "GET /forest/usudocumentos.do?p7z=1444856&a=0.2052837605588138&a=0.21217767405323684 HTTP/1.1" 200 2588
172.22.2.3 - - [26/Jul/2015:08:38:00 -0500] "POST /cumbredelclima/wp-admin/admin-ajax.php HTTP/1.1" 200 23
190.157.172.223 - - [26/Jul/2015:08:38:00 -0500] "GET /forest/documentos/1444856/2012IE021095.p7z:claro/Concepto%20Tecnico.doc HTTP/1.1" 200 2168320
66.249.64.96 - - [26/Jul/2015:08:38:11 -0500] "GET /BLA/resoluciones/RESOLUCIONES%202011/0190.pdf HTTP/1.1" 304 -
190.157.172.223 - - [26/Jul/2015:08:38:14 -0500] "GET /forest/skins/gdocs-jar/popup/popup.jsp?width=900&height=600&title=Informaci%F3n%20de%20proceso&uri=/forest/system/process.jsp%3FnumPro%3D3081231&name=undefined&_a=0.5439978213980794&a=0.21770834573544562 HTTP/1.1" 200 1312
190.157.172.223 - - [26/Jul/2015:08:38:15 -0500] "GET /forest/system/process.jsp?numPro=3081231 HTTP/1.1" 200 18159
190.157.172.223 - - [26/Jul/2015:08:38:15 -0500] "GET /forest/system/process.jsp?numPro=3081231 HTTP/1.1" 200 40134
172.22.2.3 - - [26/Jul/2015:08:38:15 -0500] "POST /cumbredelclima/wp-admin/admin-ajax.php HTTP/1.1" 200 23
201.245.192.253 - - [26/Jul/2015:08:38:14 -0500] "POST /wp-admin/admin-ajax.php HTTP/1.1" 200 23
172.22.2.3 - - [26/Jul/2015:08:38:30 -0500] "POST /cumbredelclima/wp-admin/admin-ajax.php HTTP/1.1" 200 23
190.157.172.223 - - [26/Jul/2015:08:38:32 -0500] "GET /forest/skins/gdocs-jar/popup/popup.jsp?width=850&height=380&title=Informaci%F3n%20del%20radicado&uri=/forest/system/document.jsp%3FcodDoc%3D1714798&name=undefined&_a=0.22917017713189125&a=0.7514888094738126 HTTP/1.1" 200 1315
190.157.172.223 - - [26/Jul/2015:08:38:32 -0500] "GET /forest/system/document.jsp?codDoc=1714798 HTTP/1.1" 200 14736
190.157.172.223 - - [26/Jul/2015:08:38:32 -0500] "GET /forest/system/document.jsp?codDoc=1714798 HTTP/1.1" 200 14736
66.249.64.101 - - [26/Jul/2015:08:38:32 -0500] "GET /BLA/resoluciones/RESOLUCIONES%202007/RES%202007%201401%20AL%201500/RESOLUCION%201410%20DE%202007.pdf HTTP/1.1" 304 -
95.17.152.7 - - [26/Jul/2015:08:38:39 -0500] "GET /BLA/boletinlegal/js/jquery.scrollShow.js HTTP/1.1" 200 4586
95.17.152.7 - - [26/Jul/2015:08:38:40 -0500] "GET /galeria/galeria/jquery.fancybox.js?v=2.1.5 HTTP/1.1" 200 48706
95.17.152.7 - - [26/Jul/2015:08:38:40 -0500] "GET /galeria/galeria/jquery.fancybox.css?v=2.1.5 HTTP/1.1" 200 4895
172.22.2.3 - - [26/Jul/2015:08:38:45 -0500] "POST /cumbredelclima/wp-admin/admin-ajax.php HTTP/1.1" 200 23
95.17.152.7 - - [26/Jul/2015:08:38:48 -0500] "GET /BLA/boletinlegal/js/jquery.scrollShow.js HTTP/1.1" 304 -
95.17.152.7 - - [26/Jul/2015:08:38:48 -0500] "GET /galeria/galeria/jquery.fancybox.js?v=2.1.5 HTTP/1.1" 304 -
95.17.152.7 - - [26/Jul/2015:08:38:48 -0500] "GET /galeria/galeria/jquery.fancybox.css?v=2.1.5 HTTP/1.1" 304 -
66.249.64.101 - - [26/Jul/2015:08:38:53 -0500] "GET /sia/ HTTP/1.1" 304 -
172.22.2.3 - - [26/Jul/2015:08:39:00 -0500] "POST /cumbredelclima/wp-admin/admin-ajax.php HTTP/1.1" 200 23
190.157.172.223 - - [26/Jul/2015:08:38:39 -0500] "GET /forest/documentos/1714798/2013EE126039.doc HTTP/1.1" 200 7198720
172.22.2.3 - - [26/Jul/2015:08:39:15 -0500] "POST /cumbredelclima/wp-admin/admin-ajax.php HTTP/1.1" 200 23
172.22.2.3 - - [26/Jul/2015:08:39:30 -0500] "POST /cumbredelclima/wp-admin/admin-ajax.php HTTP/1.1" 200 23
74.86.158.107 - - [26/Jul/2015:08:39:32 -0500] "HEAD / HTTP/1.1" 200 -
172.22.2.3 - - [26/Jul/2015:08:39:45 -0500] "POST /cumbredelclima/wp-admin/admin-ajax.php HTTP/1.1" 200 23
66.249.64.101 - - [26/Jul/2015:08:39:48 -0500] "GET /BLA/resoluciones/RESOLUCIONES%202014/3050.pdf HTTP/1.1" 304 -
201.245.192.253 - - [26/Jul/2015:08:39:56 -0500] "GET /forest/session.jsp?a=0.5074024420975544 HTTP/1.1" 200 4
172.22.2.3 - - [26/Jul/2015:08:40:00 -0500] "POST /cumbredelclima/wp-admin/admin-ajax.php HTTP/1.1" 200 23
66.249.64.106 - - [26/Jul/2015:08:40:14 -0500] "GET /BLA/resoluciones/RESOLUCIONES%202007/RES%202007%20601%20AL%20700/RESOLUCION%200627%20DE%202007.pdf HTTP/1.1" 304 -
172.22.2.3 - - [26/Jul/2015:08:40:15 -0500] "POST /cumbredelclima/wp-admin/admin-ajax.php HTTP/1.1" 200 23
201.245.192.253 - - [26/Jul/2015:08:40:14 -0500] "POST /wp-admin/admin-ajax.php HTTP/1.1" 200 23
172.22.2.3 - - [26/Jul/2015:08:40:30 -0500] "POST /cumbredelclima/wp-admin/admin-ajax.php HTTP/1.1" 200 23
190.157.172.223 - - [26/Jul/2015:08:39:56 -0500] "POST /forest/buscar.do? HTTP/1.1" 200 16806
172.22.2.3 - - [26/Jul/2015:08:40:45 -0500] "POST /cumbredelclima/wp-admin/admin-ajax.php HTTP/1.1" 200 23
66.249.64.106 - - [26/Jul/2015:08:40:56 -0500] "GET /BLA/circulares/5.pdf HTTP/1.1" 304 -
172.22.2.3 - - [26/Jul/2015:08:41:00 -0500] "POST /cumbredelclima/wp-admin/admin-ajax.php HTTP/1.1" 200 23
190.157.172.223 - - [26/Jul/2015:08:41:00 -0500] "GET /forest/skins/gdocs-jar/popup/popup.jsp?width=900&height=600&title=Informaci%F3n%20de%20proceso&uri=/forest/system/process.jsp%3FnumPro%3D2694745&name=undefined&_a=0.2492930709850043&a=0.776297498960048 HTTP/1.1" 200 1312
190.157.172.223 - - [26/Jul/2015:08:41:01 -0500] "GET /forest/system/process.jsp?numPro=2694745 HTTP/1.1" 200 18159
190.157.172.223 - - [26/Jul/2015:08:41:01 -0500] "GET /forest/system/process.jsp?numPro=2694745 HTTP/1.1" 200 94502
190.157.172.223 - - [26/Jul/2015:08:41:08 -0500] "GET /forest/session.jsp?a=0.593398391501978 HTTP/1.1" 200 4
190.157.172.223 - - [26/Jul/2015:08:41:11 -0500] "GET /forest/skins/gdocs-jar/popup/popup.jsp?width=850&height=380&title=Informaci%F3n%20del%20radicado&uri=/forest/system/document.jsp%3FcodDoc%3D1772325&name=undefined&_a=0.9232794214040041&a=0.8801613885443658 HTTP/1.1" 200 1315
190.157.172.223 - - [26/Jul/2015:08:41:11 -0500] "GET /forest/system/document.jsp?codDoc=1772325 HTTP/1.1" 200 18565
190.157.172.223 - - [26/Jul/2015:08:41:11 -0500] "GET /forest/system/document.jsp?codDoc=1772325 HTTP/1.1" 200 18565
172.22.2.3 - - [26/Jul/2015:08:41:15 -0500] "POST /cumbredelclima/wp-admin/admin-ajax.php HTTP/1.1" 200 23
190.157.172.223 - - [26/Jul/2015:08:41:16 -0500] "GET /forest/usudocumentos.do?p7z=1772325&a=0.49319717288017273&a=0.5404355870559812 HTTP/1.1" 200 2564
172.22.2.3 - - [26/Jul/2015:08:41:30 -0500] "POST /cumbredelclima/wp-admin/admin-ajax.php HTTP/1.1" 200 23
190.157.172.223 - - [26/Jul/2015:08:41:35 -0500] "GET /forest/skins/gdocs-jar/popup/popup.jsp?width=900&height=600&title=Informaci%F3n%20de%20proceso&uri=/forest/system/process.jsp%3FnumPro%3D3142886&name=undefined&_a=0.9178915761876851&a=0.4745455083902925 HTTP/1.1" 200 1312
190.157.172.223 - - [26/Jul/2015:08:41:35 -0500] "GET /forest/system/process.jsp?numPro=3142886 HTTP/1.1" 200 14695
190.157.172.223 - - [26/Jul/2015:08:41:35 -0500] "GET /forest/system/process.jsp?numPro=3142886 HTTP/1.1" 200 19710
66.249.64.106 - - [26/Jul/2015:08:41:37 -0500] "GET /BLA/resoluciones/AUTOS%202013/1077.pdf HTTP/1.1" 304 -
190.157.172.223 - - [26/Jul/2015:08:41:40 -0500] "GET /forest/skins/gdocs-jar/popup/popup.jsp?width=850&height=380&title=Informaci%F3n%20del%20radicado&uri=/forest/system/document.jsp%3FcodDoc%3D2106751&name=undefined&_a=0.08397651743143797&a=0.09372160793282092 HTTP/1.1" 200 1315
190.157.172.223 - - [26/Jul/2015:08:41:40 -0500] "GET /forest/system/document.jsp?codDoc=2106751 HTTP/1.1" 200 19642
190.157.172.223 - - [26/Jul/2015:08:41:40 -0500] "GET /forest/system/document.jsp?codDoc=2106751 HTTP/1.1" 200 41182
190.157.172.223 - - [26/Jul/2015:08:41:18 -0500] "GET /forest/documentos/1772325/2014IE001959.p7z:claro/Concepto%20Tecnico.doc HTTP/1.1" 200 7011840
201.245.192.253 - - [26/Jul/2015:08:41:45 -0500] "GET /forest/session.jsp?a=0.225838216649068 HTTP/1.1" 200 4
172.22.2.3 - - [26/Jul/2015:08:41:45 -0500] "POST /cumbredelclima/wp-admin/admin-ajax.php HTTP/1.1" 200 23
190.157.172.223 - - [26/Jul/2015:08:41:49 -0500] "GET /forest/documentos/2106751/2015EE114378.docx HTTP/1.1" 200 152279
172.22.2.3 - - [26/Jul/2015:08:42:00 -0500] "POST /cumbredelclima/wp-admin/admin-ajax.php HTTP/1.1" 200 23
172.22.2.3 - - [26/Jul/2015:08:42:15 -0500] "POST /cumbredelclima/wp-admin/admin-ajax.php HTTP/1.1" 200 23
66.249.64.96 - - [26/Jul/2015:08:42:19 -0500] "GET /BLA/resoluciones/RESOLUCIONES%202013/0594.pdf HTTP/1.1" 304 -
201.245.192.253 - - [26/Jul/2015:08:42:14 -0500] "POST /wp-admin/admin-ajax.php HTTP/1.1" 200 23
181.135.228.34 - - [26/Jul/2015:08:42:28 -0500] "GET /galeria/galeria/jquery.fancybox.css?v=2.1.5 HTTP/1.1" 200 4895
181.135.228.34 - - [26/Jul/2015:08:42:28 -0500] "GET /BLA/boletinlegal/js/jquery.scrollShow.js HTTP/1.1" 200 4586
181.135.228.34 - - [26/Jul/2015:08:42:28 -0500] "GET /galeria/galeria/jquery.fancybox.js?v=2.1.5 HTTP/1.1" 200 48706
172.22.2.3 - - [26/Jul/2015:08:42:30 -0500] "POST /cumbredelclima/wp-admin/admin-ajax.php HTTP/1.1" 200 23
172.22.2.3 - - [26/Jul/2015:08:42:45 -0500] "POST /cumbredelclima/wp-admin/admin-ajax.php HTTP/1.1" 200 23
191.98.66.5 - - [26/Jul/2015:08:42:47 -0500] "GET /galeria/galeria/jquery.fancybox.css?v=2.1.5 HTTP/1.1" 200 4895
191.98.66.5 - - [26/Jul/2015:08:42:47 -0500] "GET /BLA/boletinlegal/js/jquery.scrollShow.js HTTP/1.1" 200 4586
191.98.66.5 - - [26/Jul/2015:08:42:47 -0500] "GET /galeria/galeria/jquery.fancybox.js?v=2.1.5 HTTP/1.1" 200 48706
181.135.228.34 - - [26/Jul/2015:08:42:49 -0500] "GET /galeria/galeria/jquery.fancybox.css?v=2.1.5 HTTP/1.1" 304 -
181.135.228.34 - - [26/Jul/2015:08:42:49 -0500] "GET /BLA/boletinlegal/js/jquery.scrollShow.js HTTP/1.1" 304 -
181.135.228.34 - - [26/Jul/2015:08:42:49 -0500] "GET /galeria/galeria/jquery.fancybox.js?v=2.1.5 HTTP/1.1" 304 -
190.157.172.223 - - [26/Jul/2015:08:42:15 -0500] "POST /forest/buscar.do? HTTP/1.1" 200 16782
157.55.39.24 - - [26/Jul/2015:08:42:53 -0500] "GET /dama/libreria/pdf/PIGA_ANEXO2.pdf HTTP/1.1" 404 1019
195.154.209.237 - - [26/Jul/2015:08:42:54 -0500] "GET /galeria/galeria/jquery.fancybox.css?v=2.1.5 HTTP/1.1" 200 4895
191.98.66.5 - - [26/Jul/2015:08:42:59 -0500] "GET /galeria/galeria/jquery.fancybox.css?v=2.1.5 HTTP/1.1" 304 -
191.98.66.5 - - [26/Jul/2015:08:42:59 -0500] "GET /BLA/boletinlegal/js/jquery.scrollShow.js HTTP/1.1" 304 -
191.98.66.5 - - [26/Jul/2015:08:42:59 -0500] "GET /galeria/galeria/jquery.fancybox.js?v=2.1.5 HTTP/1.1" 304 -
66.249.64.101 - - [26/Jul/2015:08:43:00 -0500] "GET /BLA/resoluciones/AUTOS%202013/0953.pdf HTTP/1.1" 304 -
172.22.2.3 - - [26/Jul/2015:08:43:00 -0500] "POST /cumbredelclima/wp-admin/admin-ajax.php HTTP/1.1" 200 23
172.22.2.3 - - [26/Jul/2015:08:43:15 -0500] "POST /cumbredelclima/wp-admin/admin-ajax.php HTTP/1.1" 200 23
172.22.2.3 - - [26/Jul/2015:08:43:30 -0500] "POST /cumbredelclima/wp-admin/admin-ajax.php HTTP/1.1" 200 23
66.249.64.96 - - [26/Jul/2015:08:43:42 -0500] "GET /BLA/resoluciones/AUTOS%202010/0121.pdf HTTP/1.1" 304 -
172.22.2.3 - - [26/Jul/2015:08:43:45 -0500] "POST /cumbredelclima/wp-admin/admin-ajax.php HTTP/1.1" 200 23
172.22.2.3 - - [26/Jul/2015:08:44:00 -0500] "POST /cumbredelclima/wp-admin/admin-ajax.php HTTP/1.1" 200 23
172.22.2.3 - - [26/Jul/2015:08:44:15 -0500] "POST /cumbredelclima/wp-admin/admin-ajax.php HTTP/1.1" 200 23
186.115.83.2 - - [26/Jul/2015:08:44:17 -0500] "GET /galeria/galeria/jquery.fancybox.css?v=2.1.5 HTTP/1.1" 200 4895
186.115.83.2 - - [26/Jul/2015:08:44:17 -0500] "GET /galeria/carrusel/Carrusel/jquery.thumbnailScroller.css HTTP/1.1" 200 2066
186.115.83.2 - - [26/Jul/2015:08:44:17 -0500] "GET /galeria/carrusel/Carrusel/jquery-ui-1.8.13.custom.min.js HTTP/1.1" 200 10800
186.115.83.2 - - [26/Jul/2015:08:44:17 -0500] "GET /galeria/galeria/jquery.fancybox.js?v=2.1.5 HTTP/1.1" 200 48706
186.115.83.2 - - [26/Jul/2015:08:44:17 -0500] "GET /BLA/boletinlegal/js/jquery.scrollShow.js HTTP/1.1" 200 4586
186.115.83.2 - - [26/Jul/2015:08:44:17 -0500] "GET /galeria/carrusel/Carrusel/jquery.thumbnailScroller.js HTTP/1.1" 200 8157
186.115.83.2 - - [26/Jul/2015:08:44:21 -0500] "GET /galeria/nivo-slider/demo/demo.html HTTP/1.1" 200 5224
186.115.83.2 - - [26/Jul/2015:08:44:21 -0500] "GET /galeria/nivo-slider/themes/default/default.css HTTP/1.1" 200 1569
186.115.83.2 - - [26/Jul/2015:08:44:21 -0500] "GET /galeria/nivo-slider/themes/pascal/pascal.css HTTP/1.1" 200 2258
186.115.83.2 - - [26/Jul/2015:08:44:21 -0500] "GET /galeria/nivo-slider/themes/orman/orman.css HTTP/1.1" 200 2152
186.115.83.2 - - [26/Jul/2015:08:44:21 -0500] "GET /galeria/nivo-slider/nivo-slider.css HTTP/1.1" 200 1507
186.115.83.2 - - [26/Jul/2015:08:44:21 -0500] "GET /galeria/nivo-slider/demo/images/Rendicion-de-cuentas.jpg HTTP/1.1" 200 309079
186.115.83.2 - - [26/Jul/2015:08:44:21 -0500] "GET /galeria/nivo-slider/demo/style.css HTTP/1.1" 200 2222
186.115.83.2 - - [26/Jul/2015:08:44:22 -0500] "GET /galeria/nivo-slider/demo/images/banner-llantas2.jpg HTTP/1.1" 200 204644
186.115.83.2 - - [26/Jul/2015:08:44:22 -0500] "GET /galeria/nivo-slider/demo/images/Semana-PYBA.jpg HTTP/1.1" 200 147360
186.115.83.2 - - [26/Jul/2015:08:44:22 -0500] "GET /galeria/nivo-slider/demo/images/PREDAcamp.jpg HTTP/1.1" 200 295358
186.115.83.2 - - [26/Jul/2015:08:44:22 -0500] "GET /galeria/nivo-slider/demo/images/VoluntariadoPYBA.jpg HTTP/1.1" 200 40647
186.115.83.2 - - [26/Jul/2015:08:44:22 -0500] "GET /galeria/nivo-slider/demo/images/9Signos.jpg HTTP/1.1" 200 81776
66.249.64.106 - - [26/Jul/2015:08:44:23 -0500] "GET /BLA/resoluciones/RESOLUCIONES%202013/0812.pdf HTTP/1.1" 304 -
186.115.83.2 - - [26/Jul/2015:08:44:25 -0500] "GET /galeria/nivo-slider/demo/images/Comparendo-ambiental-Banner.jpg HTTP/1.1" 200 83731
186.115.83.2 - - [26/Jul/2015:08:44:26 -0500] "GET /galeria/nivo-slider/demo/images/GAE-banner.jpg HTTP/1.1" 200 97556
186.115.83.2 - - [26/Jul/2015:08:44:26 -0500] "GET /galeria/nivo-slider/demo/images/Banner-encuesta-de-percepscio.jpg HTTP/1.1" 200 201899
186.115.83.2 - - [26/Jul/2015:08:44:27 -0500] "GET /galeria/nivo-slider/demo/scripts/jquery-1.7.1.min.js HTTP/1.1" 200 93868
186.115.83.2 - - [26/Jul/2015:08:44:27 -0500] "GET /galeria/nivo-slider/jquery.nivo.slider.pack.js HTTP/1.1" 200 11561
186.115.83.2 - - [26/Jul/2015:08:44:27 -0500] "GET /galeria/nivo-slider/demo/images/Banner-decreto1299.jpg HTTP/1.1" 200 182613
201.245.192.253 - - [26/Jul/2015:08:44:14 -0500] "POST /wp-admin/admin-ajax.php HTTP/1.1" 200 23
186.115.83.2 - - [26/Jul/2015:08:44:28 -0500] "GET /galeria/nivo-slider/demo/images/Ruta-vertimientos-01.jpg HTTP/1.1" 200 130151
186.115.83.2 - - [26/Jul/2015:08:44:28 -0500] "GET /galeria/nivo-slider/demo/images/4Simple_Slider.png HTTP/1.1" 200 11722
186.115.83.2 - - [26/Jul/2015:08:44:29 -0500] "GET /galeria/nivo-slider/themes/default/loading.gif HTTP/1.1" 200 1737
186.115.83.2 - - [26/Jul/2015:08:44:29 -0500] "GET /galeria/nivo-slider/demo/images/Licitaciones-proyecto-paramo.jpg HTTP/1.1" 200 221877
186.115.83.2 - - [26/Jul/2015:08:44:29 -0500] "GET /galeria/nivo-slider/demo/images/banner-Pacto-por-la-madera.jpg HTTP/1.1" 200 209966
186.115.83.2 - - [26/Jul/2015:08:44:29 -0500] "GET /galeria/nivo-slider/demo/images/Banner-Directorio.jpg HTTP/1.1" 200 182068
186.115.83.2 - - [26/Jul/2015:08:44:29 -0500] "GET /galeria/nivo-slider/demo/images/acuerdo_569.jpg HTTP/1.1" 200 62670
66.220.156.113 - - [26/Jul/2015:08:44:29 -0500] "GET /galeria/galeria/fotos/Capellania1P.jpg HTTP/1.1" 200 33952
172.22.2.3 - - [26/Jul/2015:08:44:30 -0500] "POST /cumbredelclima/wp-admin/admin-ajax.php HTTP/1.1" 200 23
186.115.83.2 - - [26/Jul/2015:08:44:31 -0500] "GET /galeria/nivo-slider/demo/images/bolsas-06.jpg HTTP/1.1" 200 90982
186.115.83.2 - - [26/Jul/2015:08:44:32 -0500] "GET /galeria/nivo-slider/demo/images/Conoce-los-humedales.jpg HTTP/1.1" 200 294036
186.115.83.2 - - [26/Jul/2015:08:44:32 -0500] "GET /galeria/nivo-slider/demo/images/ecolecta-Dic2014.png HTTP/1.1" 200 288593
74.86.158.107 - - [26/Jul/2015:08:44:32 -0500] "HEAD / HTTP/1.1" 200 -
186.115.83.2 - - [26/Jul/2015:08:44:34 -0500] "GET /galeria/nivo-slider/demo/images/Banner-Caracol-Africano.jpg HTTP/1.1" 200 331986
186.115.83.2 - - [26/Jul/2015:08:44:37 -0500] "GET /galeria/nivo-slider/themes/default/arrows.png HTTP/1.1" 200 824
186.115.83.2 - - [26/Jul/2015:08:44:37 -0500] "GET /galeria/nivo-slider/themes/default/bullets.png HTTP/1.1" 200 1281
180.76.15.145 - - [26/Jul/2015:08:44:41 -0500] "GET /POT-2013/Cartografia/08_Respuesta_Sismica_V1_2013.pdf HTTP/1.1" 200 4432706
190.157.172.223 - - [26/Jul/2015:08:44:43 -0500] "GET /forest/parameter?action=parametersReportMDX&id_rpt=171&currentTab=tab_presentacion&a=0.7853845574427396 HTTP/1.1" 200 4328
190.157.172.223 - - [26/Jul/2015:08:44:45 -0500] "POST /forest/parameter?action=runReportMDX&json=true&listdep=cuaderno&id_rpt=171&a=0.0499070908408612 HTTP/1.1" 200 419
172.22.2.3 - - [26/Jul/2015:08:44:45 -0500] "POST /cumbredelclima/wp-admin/admin-ajax.php HTTP/1.1" 200 23
190.157.172.223 - - [26/Jul/2015:08:44:46 -0500] "POST /forest/parameter?action=runReportMDX&json=true&listdep=cuaderno&id_rpt=171&a=0.9571437516715378 HTTP/1.1" 200 419
190.157.172.223 - - [26/Jul/2015:08:44:46 -0500] "POST /forest/parameter?action=runReportMDX&json=true&listdep=cuaderno&id_rpt=171&a=0.35881161969155073 HTTP/1.1" 200 414
190.157.172.223 - - [26/Jul/2015:08:44:47 -0500] "POST /forest/parameter?action=runReportMDX&json=true&listdep=cuaderno&id_rpt=171&a=0.665828085038811 HTTP/1.1" 200 415
190.157.172.223 - - [26/Jul/2015:08:44:48 -0500] "POST /forest/parameter?action=runReportMDX&json=true&listdep=cuaderno&id_rpt=171&a=0.6014472625683993 HTTP/1.1" 200 414
201.245.192.253 - - [26/Jul/2015:08:44:56 -0500] "GET /forest/session.jsp?a=0.9228965346992873 HTTP/1.1" 200 4
172.22.2.3 - - [26/Jul/2015:08:45:00 -0500] "POST /cumbredelclima/wp-admin/admin-ajax.php HTTP/1.1" 200 23
190.157.172.223 - - [26/Jul/2015:08:45:04 -0500] "POST /forest/parameter?action=runReportMDX&json=true&listdep=cuaderno&id_rpt=171&a=0.5203732531517744 HTTP/1.1" 200 43
66.249.64.101 - - [26/Jul/2015:08:45:05 -0500] "GET /BLA/resoluciones/RESOLUCIONES%202012/1104.pdf HTTP/1.1" 304 -
190.157.172.223 - - [26/Jul/2015:08:45:06 -0500] "POST /forest/frameset? HTTP/1.1" 200 48942
66.249.64.29 - - [26/Jul/2015:08:45:08 -0500] "GET /wp-content/uploads/2015/07/PANORAMICA-DE-BOGOTA-500x320.jpg HTTP/1.1" 200 46662
172.22.2.3 - - [26/Jul/2015:08:45:15 -0500] "POST /cumbredelclima/wp-admin/admin-ajax.php HTTP/1.1" 200 23
172.22.2.3 - - [26/Jul/2015:08:45:30 -0500] "POST /cumbredelclima/wp-admin/admin-ajax.php HTTP/1.1" 200 23
190.157.172.223 - - [26/Jul/2015:08:45:32 -0500] "GET /forestReports/webcontent/birt/pages/common/processing.jsp?__rtl=false HTTP/1.1" 200 719
172.22.2.3 - - [26/Jul/2015:08:45:45 -0500] "POST /cumbredelclima/wp-admin/admin-ajax.php HTTP/1.1" 200 23
190.157.172.223 - - [26/Jul/2015:08:45:49 -0500] "POST /forest/frameset?__toolbar=true&__report=forest%2Frpts%2F171.rptdesign&__app=forest&__format=&__sessionId=20150726_084738_012&__dpi=96 HTTP/1.1" 200 28780
157.55.39.205 - - [26/Jul/2015:08:45:52 -0500] "GET /BLA/resoluciones/AUTOS%202014/5140.pdf HTTP/1.1" 200 731648
190.157.172.223 - - [26/Jul/2015:08:45:54 -0500] "GET /forest/preview?__sessionId=20150726_084738_012&__imageid=file4ffb45e814eb3a8a8fc11062.gif HTTP/1.1" 200 4169
190.157.172.223 - - [26/Jul/2015:08:45:54 -0500] "GET /forest/preview?__sessionId=20150726_084738_012&__imageid=file4ffb45e814eb3a8a8fc11063.gif HTTP/1.1" 200 2367
172.22.2.3 - - [26/Jul/2015:08:46:00 -0500] "POST /cumbredelclima/wp-admin/admin-ajax.php HTTP/1.1" 200 23
190.157.172.223 - - [26/Jul/2015:08:46:08 -0500] "GET /forest/session.jsp?a=0.20286375586874783 HTTP/1.1" 200 4
172.22.2.3 - - [26/Jul/2015:08:46:15 -0500] "POST /cumbredelclima/wp-admin/admin-ajax.php HTTP/1.1" 200 23
123.126.113.85 - - [26/Jul/2015:08:46:26 -0500] "GET /resoluciones/RESOLUCIONES%202009/0853.pdf HTTP/1.1" 404 1018
201.245.192.253 - - [26/Jul/2015:08:46:14 -0500] "POST /wp-admin/admin-ajax.php HTTP/1.1" 200 23
66.249.64.106 - - [26/Jul/2015:08:46:28 -0500] "GET /BLA/directivas/2009/0.pdf HTTP/1.1" 304 -
172.22.2.3 - - [26/Jul/2015:08:46:30 -0500] "POST /cumbredelclima/wp-admin/admin-ajax.php HTTP/1.1" 200 23
123.126.113.85 - - [26/Jul/2015:08:46:39 -0500] "GET /resoluciones/RESOLUCIONES%202009/0166.pdf HTTP/1.1" 404 1018
190.27.140.142 - - [26/Jul/2015:08:46:42 -0500] "GET /galeria/nivo-slider/demo/demo.html HTTP/1.1" 304 -
201.245.192.253 - - [26/Jul/2015:08:46:45 -0500] "GET /forest/session.jsp?a=0.7624378887670274 HTTP/1.1" 200 4
172.22.2.3 - - [26/Jul/2015:08:46:45 -0500] "POST /cumbredelclima/wp-admin/admin-ajax.php HTTP/1.1" 200 23
123.126.113.85 - - [26/Jul/2015:08:46:53 -0500] "GET /BLA/ HTTP/1.1" 200 538
190.215.87.23 - - [26/Jul/2015:08:46:56 -0500] "GET /galeria/galeria/jquery.fancybox.css?v=2.1.5 HTTP/1.1" 200 4895
190.215.87.23 - - [26/Jul/2015:08:46:56 -0500] "GET /galeria/galeria/jquery.fancybox.js?v=2.1.5 HTTP/1.1" 200 48706
190.215.87.23 - - [26/Jul/2015:08:46:56 -0500] "GET /galeria/carrusel/Carrusel/jquery.thumbnailScroller.css HTTP/1.1" 200 2066
190.215.87.23 - - [26/Jul/2015:08:46:56 -0500] "GET /galeria/carrusel/Carrusel/jquery-ui-1.8.13.custom.min.js HTTP/1.1" 200 10800
190.215.87.23 - - [26/Jul/2015:08:46:56 -0500] "GET /BLA/boletinlegal/js/jquery.scrollShow.js HTTP/1.1" 200 4586
190.215.87.23 - - [26/Jul/2015:08:46:56 -0500] "GET /galeria/carrusel/Carrusel/jquery.thumbnailScroller.js HTTP/1.1" 200 8157
190.215.87.23 - - [26/Jul/2015:08:46:58 -0500] "GET /galeria/nivo-slider/demo/demo.html HTTP/1.1" 200 5224
190.215.87.23 - - [26/Jul/2015:08:46:59 -0500] "GET /galeria/nivo-slider/themes/default/default.css HTTP/1.1" 200 1569
190.215.87.23 - - [26/Jul/2015:08:46:59 -0500] "GET /galeria/nivo-slider/themes/pascal/pascal.css HTTP/1.1" 200 2258
190.215.87.23 - - [26/Jul/2015:08:46:59 -0500] "GET /galeria/nivo-slider/nivo-slider.css HTTP/1.1" 200 1507
190.215.87.23 - - [26/Jul/2015:08:46:59 -0500] "GET /galeria/nivo-slider/themes/orman/orman.css HTTP/1.1" 200 2152
190.215.87.23 - - [26/Jul/2015:08:46:59 -0500] "GET /galeria/nivo-slider/demo/style.css HTTP/1.1" 200 2222
190.215.87.23 - - [26/Jul/2015:08:46:59 -0500] "GET /galeria/nivo-slider/demo/images/PREDAcamp.jpg HTTP/1.1" 200 295358
190.215.87.23 - - [26/Jul/2015:08:46:59 -0500] "GET /galeria/nivo-slider/demo/images/VoluntariadoPYBA.jpg HTTP/1.1" 200 40647
190.215.87.23 - - [26/Jul/2015:08:46:59 -0500] "GET /galeria/nivo-slider/demo/images/9Signos.jpg HTTP/1.1" 200 81776
190.215.87.23 - - [26/Jul/2015:08:46:59 -0500] "GET /galeria/nivo-slider/demo/images/Comparendo-ambiental-Banner.jpg HTTP/1.1" 200 83731
190.215.87.23 - - [26/Jul/2015:08:46:59 -0500] "GET /galeria/nivo-slider/demo/images/GAE-banner.jpg HTTP/1.1" 200 97556
190.215.87.23 - - [26/Jul/2015:08:46:59 -0500] "GET /galeria/nivo-slider/demo/images/Rendicion-de-cuentas.jpg HTTP/1.1" 200 309079
190.215.87.23 - - [26/Jul/2015:08:46:59 -0500] "GET /galeria/nivo-slider/demo/images/banner-llantas2.jpg HTTP/1.1" 200 204644
190.215.87.23 - - [26/Jul/2015:08:46:59 -0500] "GET /galeria/nivo-slider/demo/images/Banner-encuesta-de-percepscio.jpg HTTP/1.1" 200 201899
190.215.87.23 - - [26/Jul/2015:08:47:00 -0500] "GET /galeria/nivo-slider/demo/images/Ruta-vertimientos-01.jpg HTTP/1.1" 200 130151
190.215.87.23 - - [26/Jul/2015:08:46:59 -0500] "GET /galeria/nivo-slider/demo/images/Semana-PYBA.jpg HTTP/1.1" 200 147360
190.215.87.23 - - [26/Jul/2015:08:47:00 -0500] "GET /galeria/nivo-slider/demo/images/Licitaciones-proyecto-paramo.jpg HTTP/1.1" 200 221877
172.22.2.3 - - [26/Jul/2015:08:47:00 -0500] "POST /cumbredelclima/wp-admin/admin-ajax.php HTTP/1.1" 200 23
190.215.87.23 - - [26/Jul/2015:08:47:00 -0500] "GET /galeria/nivo-slider/demo/images/4Simple_Slider.png HTTP/1.1" 200 11722
190.215.87.23 - - [26/Jul/2015:08:47:03 -0500] "GET /galeria/nivo-slider/themes/default/loading.gif HTTP/1.1" 200 1737
190.215.87.23 - - [26/Jul/2015:08:46:59 -0500] "GET /galeria/nivo-slider/demo/images/banner-Pacto-por-la-madera.jpg HTTP/1.1" 200 209966
190.215.87.23 - - [26/Jul/2015:08:47:03 -0500] "GET /galeria/nivo-slider/demo/images/bolsas-06.jpg HTTP/1.1" 200 90982
190.215.87.23 - - [26/Jul/2015:08:47:04 -0500] "GET /galeria/nivo-slider/demo/scripts/jquery-1.7.1.min.js HTTP/1.1" 200 93868
190.215.87.23 - - [26/Jul/2015:08:46:59 -0500] "GET /galeria/nivo-slider/demo/images/Banner-decreto1299.jpg HTTP/1.1" 200 182613
190.215.87.23 - - [26/Jul/2015:08:47:04 -0500] "GET /galeria/nivo-slider/demo/images/ecolecta-Dic2014.png HTTP/1.1" 200 288593
190.215.87.23 - - [26/Jul/2015:08:47:04 -0500] "GET /galeria/nivo-slider/jquery.nivo.slider.pack.js HTTP/1.1" 200 11561
66.249.64.101 - - [26/Jul/2015:08:47:09 -0500] "GET /BLA/resoluciones/RESOLUCIONES%202010/6809.pdf HTTP/1.1" 304 -
190.215.87.23 - - [26/Jul/2015:08:46:59 -0500] "GET /galeria/nivo-slider/demo/images/acuerdo_569.jpg HTTP/1.1" 200 62670
190.215.87.23 - - [26/Jul/2015:08:47:09 -0500] "GET /galeria/nivo-slider/demo/images/Banner-Caracol-Africano.jpg HTTP/1.1" 200 331986
190.215.87.23 - - [26/Jul/2015:08:46:59 -0500] "GET /galeria/nivo-slider/demo/images/Banner-Directorio.jpg HTTP/1.1" 200 182068
190.215.87.23 - - [26/Jul/2015:08:47:10 -0500] "GET /galeria/nivo-slider/demo/images/Conoce-los-humedales.jpg HTTP/1.1" 200 294036
172.22.2.3 - - [26/Jul/2015:08:47:15 -0500] "POST /cumbredelclima/wp-admin/admin-ajax.php HTTP/1.1" 200 23
190.157.172.223 - - [26/Jul/2015:08:47:19 -0500] "GET /forest/skins/gdocs-jar/popup/popup.jsp?width=1100&height=500&title=Buscar%20documentos&uri=/forest/buscar.do%3Ftype%3Ddocumentos&name=undefined&_a=0.4770815712399781&a=0.8316268227063119 HTTP/1.1" 200 1300
190.157.172.223 - - [26/Jul/2015:08:47:19 -0500] "GET /forest/buscar.do?type=documentos HTTP/1.1" 200 14695
190.157.172.223 - - [26/Jul/2015:08:47:19 -0500] "GET /forest/buscar.do?type=documentos HTTP/1.1" 200 85077
190.157.172.223 - - [26/Jul/2015:08:47:19 -0500] "GET /forest/json.do?query=usersByDep&coddep=7026 HTTP/1.1" 200 1207
190.157.172.223 - - [26/Jul/2015:08:47:19 -0500] "GET /forest/json.do?query=versionListadas HTTP/1.1" 200 15
190.157.172.223 - - [26/Jul/2015:08:47:19 -0500] "GET /forest/json.do?query=usersByDep&coddep=7026 HTTP/1.1" 200 1207
190.157.172.223 - - [26/Jul/2015:08:47:19 -0500] "GET /forest/json.do?query=procesIniciales HTTP/1.1" 200 11194
190.157.172.223 - - [26/Jul/2015:08:47:19 -0500] "GET /forest/json.do?query=bpmnIniciales HTTP/1.1" 200 1095
190.157.172.223 - - [26/Jul/2015:08:47:25 -0500] "POST /forest/buscar.do? HTTP/1.1" 200 9615
172.22.2.3 - - [26/Jul/2015:08:47:30 -0500] "POST /cumbredelclima/wp-admin/admin-ajax.php HTTP/1.1" 200 23
190.157.172.223 - - [26/Jul/2015:08:47:34 -0500] "GET /forest/skins/gdocs-jar/popup/popup.jsp?width=900&height=600&title=Informaci%F3n%20de%20proceso&uri=/forest/system/process.jsp%3FnumPro%3D2241020&name=undefined&_a=0.22655346104875207&a=0.8755600727163255 HTTP/1.1" 200 1312
190.157.172.223 - - [26/Jul/2015:08:47:34 -0500] "GET /forest/system/process.jsp?numPro=2241020 HTTP/1.1" 200 14695
190.157.172.223 - - [26/Jul/2015:08:47:34 -0500] "GET /forest/system/process.jsp?numPro=2241020 HTTP/1.1" 200 29578
181.61.171.17 - - [26/Jul/2015:08:47:35 -0500] "GET /galeria/galeria/fotos/boa10G.jpg HTTP/1.1" 200 163260
190.157.172.223 - - [26/Jul/2015:08:47:39 -0500] "GET /forest/skins/gdocs-jar/popup/popup.jsp?width=850&height=380&title=Informaci%F3n%20del%20radicado&uri=/forest/system/document.jsp%3FcodDoc%3D1397710&name=undefined&_a=0.2165011919569224&a=0.5862183736171573 HTTP/1.1" 200 1315
190.157.172.223 - - [26/Jul/2015:08:47:39 -0500] "GET /forest/system/document.jsp?codDoc=1397710 HTTP/1.1" 200 17330
191.155.181.34 - - [26/Jul/2015:08:47:43 -0500] "GET /BLA/resoluciones/AUTOS%202011/2404.pdf HTTP/1.1" 200 163725
191.155.181.34 - - [26/Jul/2015:08:47:44 -0500] "GET /BLA/resoluciones/AUTOS%202011/2404.pdf HTTP/1.1" 200 163725
172.22.2.3 - - [26/Jul/2015:08:47:45 -0500] "POST /cumbredelclima/wp-admin/admin-ajax.php HTTP/1.1" 200 23
190.157.172.223 - - [26/Jul/2015:08:47:46 -0500] "GET /forest/documentos/1397710/2011ER146138.pdf HTTP/1.1" 200 1452066
66.249.64.106 - - [26/Jul/2015:08:47:50 -0500] "GET /BLA/resoluciones/RESOLUCIONES%202012/1122.pdf HTTP/1.1" 304 -
123.126.113.85 - - [26/Jul/2015:08:47:07 -0500] "GET /BLA/boletinlegal/index.php HTTP/1.1" 200 51011
172.22.2.3 - - [26/Jul/2015:08:48:00 -0500] "POST /cumbredelclima/wp-admin/admin-ajax.php HTTP/1.1" 200 23
186.28.78.4 - - [26/Jul/2015:08:48:13 -0500] "GET /BLA/boletinlegal/js/jquery.scrollShow.js HTTP/1.1" 200 4586
186.28.78.4 - - [26/Jul/2015:08:48:13 -0500] "GET /galeria/galeria/jquery.fancybox.js?v=2.1.5 HTTP/1.1" 200 48706
186.28.78.4 - - [26/Jul/2015:08:48:14 -0500] "GET /galeria/galeria/jquery.fancybox.css?v=2.1.5 HTTP/1.1" 200 4895
186.28.78.4 - - [26/Jul/2015:08:48:14 -0500] "GET /galeria/carrusel/Carrusel/jquery.thumbnailScroller.css HTTP/1.1" 200 2066
186.28.78.4 - - [26/Jul/2015:08:48:15 -0500] "GET /galeria/carrusel/Carrusel/jquery-ui-1.8.13.custom.min.js HTTP/1.1" 200 10800
186.28.78.4 - - [26/Jul/2015:08:48:16 -0500] "GET /galeria/carrusel/Carrusel/jquery.thumbnailScroller.js HTTP/1.1" 200 8157
172.22.2.3 - - [26/Jul/2015:08:48:15 -0500] "POST /cumbredelclima/wp-admin/admin-ajax.php HTTP/1.1" 200 23
186.28.78.4 - - [26/Jul/2015:08:48:19 -0500] "GET /galeria/nivo-slider/demo/demo.html HTTP/1.1" 200 5224
186.28.78.4 - - [26/Jul/2015:08:48:20 -0500] "GET /galeria/nivo-slider/themes/default/default.css HTTP/1.1" 200 1569
186.28.78.4 - - [26/Jul/2015:08:48:20 -0500] "GET /galeria/nivo-slider/themes/pascal/pascal.css HTTP/1.1" 200 2258
186.28.78.4 - - [26/Jul/2015:08:48:20 -0500] "GET /galeria/nivo-slider/themes/orman/orman.css HTTP/1.1" 200 2152
186.28.78.4 - - [26/Jul/2015:08:48:20 -0500] "GET /galeria/nivo-slider/nivo-slider.css HTTP/1.1" 200 1507
186.28.78.4 - - [26/Jul/2015:08:48:20 -0500] "GET /galeria/nivo-slider/demo/style.css HTTP/1.1" 200 2222
186.28.78.4 - - [26/Jul/2015:08:48:20 -0500] "GET /galeria/nivo-slider/demo/scripts/jquery-1.7.1.min.js HTTP/1.1" 200 93868
186.28.78.4 - - [26/Jul/2015:08:48:21 -0500] "GET /galeria/nivo-slider/jquery.nivo.slider.pack.js HTTP/1.1" 200 11561
186.28.78.4 - - [26/Jul/2015:08:48:25 -0500] "GET /galeria/nivo-slider/demo/images/Rendicion-de-cuentas.jpg HTTP/1.1" 200 309079
186.28.78.4 - - [26/Jul/2015:08:48:25 -0500] "GET /galeria/nivo-slider/demo/images/4Simple_Slider.png HTTP/1.1" 200 11722
186.28.78.4 - - [26/Jul/2015:08:48:25 -0500] "GET /galeria/nivo-slider/themes/default/loading.gif HTTP/1.1" 200 1737
186.28.78.4 - - [26/Jul/2015:08:48:25 -0500] "GET /galeria/nivo-slider/demo/images/banner-llantas2.jpg HTTP/1.1" 200 204644
186.28.78.4 - - [26/Jul/2015:08:48:25 -0500] "GET /galeria/nivo-slider/demo/images/Semana-PYBA.jpg HTTP/1.1" 200 147360
186.28.78.4 - - [26/Jul/2015:08:48:26 -0500] "GET /galeria/nivo-slider/demo/images/PREDAcamp.jpg HTTP/1.1" 200 295358
201.245.192.253 - - [26/Jul/2015:08:48:14 -0500] "POST /wp-admin/admin-ajax.php HTTP/1.1" 200 23
172.22.2.3 - - [26/Jul/2015:08:48:30 -0500] "POST /cumbredelclima/wp-admin/admin-ajax.php HTTP/1.1" 200 23
66.249.64.106 - - [26/Jul/2015:08:48:32 -0500] "GET /BLA/resoluciones/RESOLUCIONES%202007/RES%202007%201401%20AL%201500/RESOLUCION%201402%20DE%202007.pdf HTTP/1.1" 304 -
191.155.181.34 - - [26/Jul/2015:08:48:42 -0500] "GET /BLA/resoluciones/AUTOS%202011/2404.pdf HTTP/1.1" 200 163725
191.155.181.34 - - [26/Jul/2015:08:48:43 -0500] "GET /BLA/resoluciones/AUTOS%202011/2404.pdf HTTP/1.1" 200 163725
172.22.2.3 - - [26/Jul/2015:08:48:45 -0500] "POST /cumbredelclima/wp-admin/admin-ajax.php HTTP/1.1" 200 23
186.28.78.4 - - [26/Jul/2015:08:48:51 -0500] "GET /videos/ArchivoSDA.flv HTTP/1.1" 200 31205279
172.22.2.3 - - [26/Jul/2015:08:49:00 -0500] "POST /cumbredelclima/wp-admin/admin-ajax.php HTTP/1.1" 200 23
190.27.140.142 - - [26/Jul/2015:08:49:10 -0500] "GET /galeria/galeria/jquery.fancybox.js?v=2.1.5 HTTP/1.1" 200 48706
172.22.2.3 - - [26/Jul/2015:08:49:15 -0500] "POST /cumbredelclima/wp-admin/admin-ajax.php HTTP/1.1" 200 23
186.168.207.38 - - [26/Jul/2015:08:49:17 -0500] "GET /BLA/boletinlegal/js/jquery.scrollShow.js HTTP/1.1" 200 4586
186.168.207.38 - - [26/Jul/2015:08:49:17 -0500] "GET /galeria/galeria/jquery.fancybox.js?v=2.1.5 HTTP/1.1" 200 48706
186.168.207.38 - - [26/Jul/2015:08:49:17 -0500] "GET /galeria/galeria/jquery.fancybox.css?v=2.1.5 HTTP/1.1" 200 4895
190.27.140.142 - - [26/Jul/2015:08:49:19 -0500] "GET /galeria/nivo-slider/demo/images/Rendicion-de-cuentas.jpg HTTP/1.1" 304 -
190.27.140.142 - - [26/Jul/2015:08:49:19 -0500] "GET /galeria/nivo-slider/demo/images/Semana-PYBA.jpg HTTP/1.1" 304 -
190.27.140.142 - - [26/Jul/2015:08:49:19 -0500] "GET /galeria/nivo-slider/demo/images/VoluntariadoPYBA.jpg HTTP/1.1" 304 -
190.27.140.142 - - [26/Jul/2015:08:49:19 -0500] "GET /galeria/nivo-slider/demo/images/PREDAcamp.jpg HTTP/1.1" 304 -
181.56.46.187 - - [26/Jul/2015:08:49:27 -0500] "GET /galeria/galeria/jquery.fancybox.js?v=2.1.5 HTTP/1.1" 200 48706
181.56.46.187 - - [26/Jul/2015:08:49:27 -0500] "GET /BLA/boletinlegal/js/jquery.scrollShow.js HTTP/1.1" 200 4586
181.56.46.187 - - [26/Jul/2015:08:49:27 -0500] "GET /galeria/galeria/jquery.fancybox.css?v=2.1.5 HTTP/1.1" 200 4895
172.22.2.3 - - [26/Jul/2015:08:49:30 -0500] "POST /cumbredelclima/wp-admin/admin-ajax.php HTTP/1.1" 200 23
186.168.207.38 - - [26/Jul/2015:08:49:32 -0500] "GET /galeria/galeria/jquery.fancybox.css?v=2.1.5 HTTP/1.1" 304 -
186.168.207.38 - - [26/Jul/2015:08:49:32 -0500] "GET /BLA/boletinlegal/js/jquery.scrollShow.js HTTP/1.1" 304 -
186.168.207.38 - - [26/Jul/2015:08:49:32 -0500] "GET /galeria/galeria/jquery.fancybox.js?v=2.1.5 HTTP/1.1" 304 -
74.86.158.107 - - [26/Jul/2015:08:49:32 -0500] "HEAD / HTTP/1.1" 200 -
181.59.162.133 - - [26/Jul/2015:08:49:37 -0500] "GET /galeria/mapa/3MapaBogot%C3%A1.jpg HTTP/1.1" 200 688183
190.157.172.223 - - [26/Jul/2015:08:49:37 -0500] "GET /forest/skins/gdocs-jar/popup/popup.jsp?width=900&height=600&title=Informaci%F3n%20de%20proceso&uri=/forest/system/process.jsp%3FnumPro%3D2303033&name=undefined&_a=0.4647683477960527&a=0.9185141159687191 HTTP/1.1" 200 1312
190.157.172.223 - - [26/Jul/2015:08:49:38 -0500] "GET /forest/system/process.jsp?numPro=2303033 HTTP/1.1" 200 18159
190.157.172.223 - - [26/Jul/2015:08:49:38 -0500] "GET /forest/system/process.jsp?numPro=2303033 HTTP/1.1" 200 125134
172.22.2.3 - - [26/Jul/2015:08:49:45 -0500] "POST /cumbredelclima/wp-admin/admin-ajax.php HTTP/1.1" 200 23
190.157.172.223 - - [26/Jul/2015:08:49:49 -0500] "GET /forest/skins/gdocs-jar/popup/popup.jsp?width=900&height=600&title=Informaci%F3n%20de%20proceso&uri=/forest/system/process.jsp%3FnumPro%3D2311369&name=undefined&_a=0.7334886381868273&a=0.802103831898421 HTTP/1.1" 200 1312
190.157.172.223 - - [26/Jul/2015:08:49:49 -0500] "GET /forest/system/process.jsp?numPro=2311369 HTTP/1.1" 200 19642
190.157.172.223 - - [26/Jul/2015:08:49:49 -0500] "GET /forest/system/process.jsp?numPro=2311369 HTTP/1.1" 200 49893
201.245.192.253 - - [26/Jul/2015:08:49:56 -0500] "GET /forest/session.jsp?a=0.1694410182802325 HTTP/1.1" 200 4
181.56.46.187 - - [26/Jul/2015:08:49:58 -0500] "GET /galeria/galeria/jquery.fancybox.js?v=2.1.5 HTTP/1.1" 200 48706
181.56.46.187 - - [26/Jul/2015:08:49:58 -0500] "GET /BLA/boletinlegal/js/jquery.scrollShow.js HTTP/1.1" 200 4586
181.56.46.187 - - [26/Jul/2015:08:49:58 -0500] "GET /galeria/galeria/jquery.fancybox.css?v=2.1.5 HTTP/1.1" 200 4895
172.22.2.3 - - [26/Jul/2015:08:50:00 -0500] "POST /cumbredelclima/wp-admin/admin-ajax.php HTTP/1.1" 200 23
172.22.2.3 - - [26/Jul/2015:08:50:15 -0500] "POST /cumbredelclima/wp-admin/admin-ajax.php HTTP/1.1" 200 23
201.245.192.253 - - [26/Jul/2015:08:50:14 -0500] "POST /wp-admin/admin-ajax.php HTTP/1.1" 200 23
172.22.2.3 - - [26/Jul/2015:08:50:30 -0500] "POST /cumbredelclima/wp-admin/admin-ajax.php HTTP/1.1" 200 23
157.55.39.205 - - [26/Jul/2015:08:50:42 -0500] "GET /BLA/resoluciones/AUTOS%202014/4149.pdf HTTP/1.1" 200 567432
172.22.2.3 - - [26/Jul/2015:08:50:45 -0500] "POST /cumbredelclima/wp-admin/admin-ajax.php HTTP/1.1" 200 23
172.22.2.3 - - [26/Jul/2015:08:51:00 -0500] "POST /cumbredelclima/wp-admin/admin-ajax.php HTTP/1.1" 200 23
191.155.181.34 - - [26/Jul/2015:08:51:06 -0500] "GET /BLA/resoluciones/AUTOS%202011/2404.pdf HTTP/1.1" 200 163725
191.155.181.34 - - [26/Jul/2015:08:51:06 -0500] "GET /BLA/resoluciones/AUTOS%202011/2404.pdf HTTP/1.1" 200 163725
190.157.172.223 - - [26/Jul/2015:08:51:08 -0500] "GET /forest/session.jsp?a=0.9476996685843915 HTTP/1.1" 200 4
172.22.2.3 - - [26/Jul/2015:08:51:15 -0500] "POST /cumbredelclima/wp-admin/admin-ajax.php HTTP/1.1" 200 23
172.22.2.3 - - [26/Jul/2015:08:51:30 -0500] "POST /cumbredelclima/wp-admin/admin-ajax.php HTTP/1.1" 200 23
190.57.152.98 - - [26/Jul/2015:08:51:42 -0500] "GET /wp-content/plugins/wp_logooos_plugin/images/arrow.png HTTP/1.1" 200 47718
201.233.149.183 - - [26/Jul/2015:08:51:43 -0500] "GET /BLA/boletinlegal/js/jquery.scrollShow.js HTTP/1.1" 200 4586
201.233.149.183 - - [26/Jul/2015:08:51:43 -0500] "GET /galeria/galeria/jquery.fancybox.css?v=2.1.5 HTTP/1.1" 200 4895
201.233.149.183 - - [26/Jul/2015:08:51:43 -0500] "GET /galeria/galeria/jquery.fancybox.js?v=2.1.5 HTTP/1.1" 200 48706
201.245.192.253 - - [26/Jul/2015:08:51:45 -0500] "GET /forest/session.jsp?a=0.7778396935930656 HTTP/1.1" 200 4
172.22.2.3 - - [26/Jul/2015:08:51:46 -0500] "POST /cumbredelclima/wp-admin/admin-ajax.php HTTP/1.1" 200 23
201.233.149.183 - - [26/Jul/2015:08:51:47 -0500] "GET /BLA/boletinlegal/js/jquery.scrollShow.js HTTP/1.1" 304 -
201.233.149.183 - - [26/Jul/2015:08:51:47 -0500] "GET /galeria/galeria/jquery.fancybox.js?v=2.1.5 HTTP/1.1" 304 -
201.233.149.183 - - [26/Jul/2015:08:51:47 -0500] "GET /galeria/galeria/jquery.fancybox.css?v=2.1.5 HTTP/1.1" 304 -
172.22.2.3 - - [26/Jul/2015:08:52:01 -0500] "POST /cumbredelclima/wp-admin/admin-ajax.php HTTP/1.1" 200 23
172.22.2.3 - - [26/Jul/2015:08:52:16 -0500] "POST /cumbredelclima/wp-admin/admin-ajax.php HTTP/1.1" 200 23
201.245.192.253 - - [26/Jul/2015:08:52:14 -0500] "POST /wp-admin/admin-ajax.php HTTP/1.1" 200 23
172.22.2.3 - - [26/Jul/2015:08:52:31 -0500] "POST /cumbredelclima/wp-admin/admin-ajax.php HTTP/1.1" 200 23
66.249.64.96 - - [26/Jul/2015:08:52:41 -0500] "GET /BLA/resoluciones/RESOLUCIONES%202012/0530.pdf HTTP/1.1" 304 -
172.22.2.3 - - [26/Jul/2015:08:52:46 -0500] "POST /cumbredelclima/wp-admin/admin-ajax.php HTTP/1.1" 200 23
190.157.172.223 - - [26/Jul/2015:08:52:54 -0500] "GET /forest/skins/gdocs-jar/popup/popup.jsp?width=850&height=380&title=Informaci%F3n%20del%20radicado&uri=/forest/system/document.jsp%3FcodDoc%3D755213&name=undefined&_a=0.123128428356722&a=0.17147453734651208 HTTP/1.1" 200 1314
190.157.172.223 - - [26/Jul/2015:08:52:54 -0500] "GET /forest/system/document.jsp?codDoc=755213 HTTP/1.1" 200 19139
172.22.2.3 - - [26/Jul/2015:08:53:01 -0500] "POST /cumbredelclima/wp-admin/admin-ajax.php HTTP/1.1" 200 23
190.157.172.223 - - [26/Jul/2015:08:53:01 -0500] "GET /forest/documentos/755213/2011ER17731.pdf HTTP/1.1" 200 209149
172.22.2.3 - - [26/Jul/2015:08:53:16 -0500] "POST /cumbredelclima/wp-admin/admin-ajax.php HTTP/1.1" 200 23
172.22.2.3 - - [26/Jul/2015:08:53:31 -0500] "POST /cumbredelclima/wp-admin/admin-ajax.php HTTP/1.1" 200 23
172.22.2.3 - - [26/Jul/2015:08:53:46 -0500] "POST /cumbredelclima/wp-admin/admin-ajax.php HTTP/1.1" 200 23
186.28.174.190 - - [26/Jul/2015:08:53:52 -0500] "GET /galeria/galeria/fotos/juan-amarillo1G.jpg HTTP/1.1" 200 407260
172.22.2.3 - - [26/Jul/2015:08:54:01 -0500] "POST /cumbredelclima/wp-admin/admin-ajax.php HTTP/1.1" 200 23
216.163.247.1 - - [26/Jul/2015:08:54:01 -0500] "GET /galeria/galeria/jquery.fancybox.js?v=2.1.5 HTTP/1.1" 304 -
172.22.2.3 - - [26/Jul/2015:08:54:16 -0500] "POST /cumbredelclima/wp-admin/admin-ajax.php HTTP/1.1" 200 23
190.157.172.223 - - [26/Jul/2015:08:54:24 -0500] "GET /forest/skins/gdocs-jar/popup/popup.jsp?width=850&height=380&title=Informaci%F3n%20del%20radicado&uri=/forest/system/document.jsp%3FcodDoc%3D1301968&name=undefined&_a=0.5119952969253063&a=0.2883212720043957 HTTP/1.1" 200 1315
190.157.172.223 - - [26/Jul/2015:08:54:24 -0500] "GET /forest/system/document.jsp?codDoc=1301968 HTTP/1.1" 200 17524
190.157.172.223 - - [26/Jul/2015:08:54:24 -0500] "GET /forest/system/document.jsp?codDoc=1301968 HTTP/1.1" 200 17524
201.245.192.253 - - [26/Jul/2015:08:54:14 -0500] "POST /wp-admin/admin-ajax.php HTTP/1.1" 200 23
190.157.172.223 - - [26/Jul/2015:08:54:29 -0500] "GET /forest/documentos/1301968/2011ER50396.pdf HTTP/1.1" 200 624590
172.22.2.3 - - [26/Jul/2015:08:54:31 -0500] "POST /cumbredelclima/wp-admin/admin-ajax.php HTTP/1.1" 200 23
74.86.158.107 - - [26/Jul/2015:08:54:32 -0500] "HEAD / HTTP/1.1" 200 -
172.22.2.3 - - [26/Jul/2015:08:54:46 -0500] "POST /cumbredelclima/wp-admin/admin-ajax.php HTTP/1.1" 200 23
201.245.192.253 - - [26/Jul/2015:08:54:57 -0500] "GET /forest/session.jsp?a=0.695525478873675 HTTP/1.1" 200 4
172.22.2.3 - - [26/Jul/2015:08:55:01 -0500] "POST /cumbredelclima/wp-admin/admin-ajax.php HTTP/1.1" 200 23
172.22.2.3 - - [26/Jul/2015:08:55:16 -0500] "POST /cumbredelclima/wp-admin/admin-ajax.php HTTP/1.1" 200 23
172.22.2.3 - - [26/Jul/2015:08:55:31 -0500] "POST /cumbredelclima/wp-admin/admin-ajax.php HTTP/1.1" 200 23
190.157.172.223 - - [26/Jul/2015:08:55:40 -0500] "GET /forest/skins/gdocs-jar/popup/popup.jsp?width=850&height=380&title=Informaci%F3n%20del%20radicado&uri=/forest/system/document.jsp%3FcodDoc%3D1386365&name=undefined&_a=0.4570556250400841&a=0.627870102180168 HTTP/1.1" 200 1315
