190.157.172.223 - - [26/Jul/2015:08:55:40 -0500] "GET /forest/system/document.jsp?codDoc=1386365 HTTP/1.1" 200 18137
190.157.172.223 - - [26/Jul/2015:08:55:40 -0500] "GET /forest/system/document.jsp?codDoc=1386365 HTTP/1.1" 200 40502
172.22.2.3 - - [26/Jul/2015:08:55:46 -0500] "POST /cumbredelclima/wp-admin/admin-ajax.php HTTP/1.1" 200 23
190.157.172.223 - - [26/Jul/2015:08:55:51 -0500] "GET /forest/documentos/1386365/2011IE134793.doc HTTP/1.1" 200 839680
172.22.2.3 - - [26/Jul/2015:08:56:01 -0500] "POST /cumbredelclima/wp-admin/admin-ajax.php HTTP/1.1" 200 23
190.157.172.223 - - [26/Jul/2015:08:56:08 -0500] "GET /forest/session.jsp?a=0.5975341987796128 HTTP/1.1" 200 4
172.22.2.3 - - [26/Jul/2015:08:56:16 -0500] "POST /cumbredelclima/wp-admin/admin-ajax.php HTTP/1.1" 200 23
201.245.192.253 - - [26/Jul/2015:08:56:14 -0500] "POST /wp-admin/admin-ajax.php HTTP/1.1" 200 23
172.22.2.3 - - [26/Jul/2015:08:56:31 -0500] "POST /cumbredelclima/wp-admin/admin-ajax.php HTTP/1.1" 200 23
186.116.88.168 - - [26/Jul/2015:08:56:37 -0500] "GET /galeria/galeria/jquery.fancybox.css?v=2.1.5 HTTP/1.1" 200 4895
186.116.88.168 - - [26/Jul/2015:08:56:37 -0500] "GET /BLA/boletinlegal/js/jquery.scrollShow.js HTTP/1.1" 200 4586
186.116.88.168 - - [26/Jul/2015:08:56:37 -0500] "GET /galeria/galeria/jquery.fancybox.js?v=2.1.5 HTTP/1.1" 200 48706
201.245.192.253 - - [26/Jul/2015:08:56:45 -0500] "GET /forest/session.jsp?a=0.050886309815408426 HTTP/1.1" 200 4
172.22.2.3 - - [26/Jul/2015:08:56:46 -0500] "POST /cumbredelclima/wp-admin/admin-ajax.php HTTP/1.1" 200 23
186.116.88.168 - - [26/Jul/2015:08:57:01 -0500] "GET /galeria/galeria/jquery.fancybox.css?v=2.1.5 HTTP/1.1" 304 -
186.116.88.168 - - [26/Jul/2015:08:57:01 -0500] "GET /galeria/galeria/jquery.fancybox.js?v=2.1.5 HTTP/1.1" 304 -
186.116.88.168 - - [26/Jul/2015:08:57:01 -0500] "GET /BLA/boletinlegal/js/jquery.scrollShow.js HTTP/1.1" 304 -
172.22.2.3 - - [26/Jul/2015:08:57:01 -0500] "POST /cumbredelclima/wp-admin/admin-ajax.php HTTP/1.1" 200 23
172.22.2.3 - - [26/Jul/2015:08:57:16 -0500] "POST /cumbredelclima/wp-admin/admin-ajax.php HTTP/1.1" 200 23
66.249.64.19 - - [26/Jul/2015:08:57:28 -0500] "GET /wp-content/uploads/2015/07/MALOKA-500x320.jpg HTTP/1.1" 200 51743
181.130.88.210 - - [26/Jul/2015:08:57:30 -0500] "GET /galeria/galeria/jquery.fancybox.css?v=2.1.5 HTTP/1.1" 200 4895
181.130.88.210 - - [26/Jul/2015:08:57:30 -0500] "GET /galeria/galeria/jquery.fancybox.js?v=2.1.5 HTTP/1.1" 200 48706
181.130.88.210 - - [26/Jul/2015:08:57:30 -0500] "GET /galeria/galeria/fotos/4humedal-Burro4P.jpg HTTP/1.1" 200 7980
181.130.88.210 - - [26/Jul/2015:08:57:30 -0500] "GET /galeria/galeria/fotos/2humedal-Burro2P.jpg HTTP/1.1" 200 8996
181.130.88.210 - - [26/Jul/2015:08:57:30 -0500] "GET /galeria/galeria/fotos/3humedal-Burro3P.jpg HTTP/1.1" 200 8564
181.130.88.210 - - [26/Jul/2015:08:57:30 -0500] "GET /galeria/galeria/fotos/1humedal-Burro1P.jpg HTTP/1.1" 200 7921
172.22.2.3 - - [26/Jul/2015:08:57:31 -0500] "POST /cumbredelclima/wp-admin/admin-ajax.php HTTP/1.1" 200 23
172.22.2.3 - - [26/Jul/2015:08:57:46 -0500] "POST /cumbredelclima/wp-admin/admin-ajax.php HTTP/1.1" 200 23
66.249.64.96 - - [26/Jul/2015:08:57:48 -0500] "GET /BLA/resoluciones/RESOLUCIONES%202009/4698.pdf HTTP/1.1" 304 -
181.130.88.210 - - [26/Jul/2015:08:57:51 -0500] "GET /galeria/galeria/fancybox_overlay.png HTTP/1.1" 200 1003
181.130.88.210 - - [26/Jul/2015:08:57:51 -0500] "GET /galeria/galeria/fotos/3humedal-Burro3G.jpg HTTP/1.1" 200 74809
181.130.88.210 - - [26/Jul/2015:08:57:51 -0500] "GET /galeria/galeria/fancybox_sprite.png HTTP/1.1" 200 1362
181.130.88.210 - - [26/Jul/2015:08:57:51 -0500] "GET /galeria/galeria/fancybox_loading.gif HTTP/1.1" 200 6567
181.130.88.210 - - [26/Jul/2015:08:57:51 -0500] "GET /galeria/galeria/fotos/4humedal-Burro4G.jpg HTTP/1.1" 200 98452
181.130.88.210 - - [26/Jul/2015:08:57:51 -0500] "GET /galeria/galeria/fotos/2humedal-Burro2G.jpg HTTP/1.1" 200 140889
181.130.88.210 - - [26/Jul/2015:08:57:51 -0500] "GET /galeria/galeria/fotos/1humedal-Burro1G.jpg HTTP/1.1" 200 132804
181.130.88.210 - - [26/Jul/2015:08:57:52 -0500] "GET /galeria/galeria/blank.gif HTTP/1.1" 200 43
172.22.2.3 - - [26/Jul/2015:08:58:01 -0500] "POST /cumbredelclima/wp-admin/admin-ajax.php HTTP/1.1" 200 23
66.249.64.101 - - [26/Jul/2015:08:58:09 -0500] "GET /BLA/resoluciones/RESOLUCIONES%202013/0007.pdf HTTP/1.1" 304 -
186.155.141.188 - - [26/Jul/2015:08:58:12 -0500] "GET /galeria/galeria/jquery.fancybox.css?v=2.1.5 HTTP/1.1" 200 4895
186.155.141.188 - - [26/Jul/2015:08:58:12 -0500] "GET /BLA/boletinlegal/js/jquery.scrollShow.js HTTP/1.1" 200 4586
186.155.141.188 - - [26/Jul/2015:08:58:12 -0500] "GET /galeria/galeria/jquery.fancybox.js?v=2.1.5 HTTP/1.1" 200 48706
172.22.2.3 - - [26/Jul/2015:08:58:16 -0500] "POST /cumbredelclima/wp-admin/admin-ajax.php HTTP/1.1" 200 23
201.245.192.253 - - [26/Jul/2015:08:58:14 -0500] "POST /wp-admin/admin-ajax.php HTTP/1.1" 200 23
66.249.64.96 - - [26/Jul/2015:08:58:30 -0500] "GET /BLA/resoluciones/RESOLUCIONES%202008/0407.pdf HTTP/1.1" 304 -
172.22.2.3 - - [26/Jul/2015:08:58:31 -0500] "POST /cumbredelclima/wp-admin/admin-ajax.php HTTP/1.1" 200 23
172.22.2.3 - - [26/Jul/2015:08:58:46 -0500] "POST /cumbredelclima/wp-admin/admin-ajax.php HTTP/1.1" 200 23
181.60.222.236 - - [26/Jul/2015:08:58:57 -0500] "GET http://190.27.245.106/galeria/galeria/jquery.fancybox.js?v=2.1.5 HTTP/1.1" 200 48706
181.60.222.236 - - [26/Jul/2015:08:58:57 -0500] "GET http://190.27.245.106/BLA/boletinlegal/js/jquery.scrollShow.js HTTP/1.1" 200 4586
181.60.222.236 - - [26/Jul/2015:08:58:57 -0500] "GET http://190.27.245.106/galeria/galeria/jquery.fancybox.css?v=2.1.5 HTTP/1.1" 200 4895
172.22.2.3 - - [26/Jul/2015:08:59:01 -0500] "POST /cumbredelclima/wp-admin/admin-ajax.php HTTP/1.1" 200 23
172.22.2.3 - - [26/Jul/2015:08:59:16 -0500] "POST /cumbredelclima/wp-admin/admin-ajax.php HTTP/1.1" 200 23
37.187.157.108 - - [26/Jul/2015:08:59:22 -0500] "HEAD /BLA/resoluciones/AUTOS%202009/0731.pdf HTTP/1.1" 200 -
37.187.157.108 - - [26/Jul/2015:08:59:22 -0500] "HEAD /BLA/resoluciones/AUTOS%202009/0731.pdfhttp://190.27.245.106/BLA/resoluciones/RESOLUCIONES%202009/0759.pdf HTTP/1.1" 403 -
37.187.157.108 - - [26/Jul/2015:08:59:22 -0500] "HEAD /BLA/resoluciones/AUTOS%202011/0084.pdf HTTP/1.1" 200 -
37.187.157.108 - - [26/Jul/2015:08:59:22 -0500] "HEAD /BLA/resoluciones/AUTOS%202011/7594.pdf HTTP/1.1" 200 -
37.187.157.108 - - [26/Jul/2015:08:59:22 -0500] "HEAD /BLA/resoluciones/AUTOS%202011/2614.pdf HTTP/1.1" 200 -
37.187.157.108 - - [26/Jul/2015:08:59:22 -0500] "HEAD /BLA/resoluciones/AUTOS%202012/1121.pdf HTTP/1.1" 200 -
37.187.157.108 - - [26/Jul/2015:08:59:22 -0500] "HEAD /BLA/resoluciones/RESOLUCIONES%202007/RES%202007%202801%20AL%202900/RESOLUCION%202842%20DE%202007.pdf HTTP/1.1" 200 -
37.187.157.108 - - [26/Jul/2015:08:59:22 -0500] "HEAD /BLA/resoluciones/RESOLUCIONES%202009/0759.pdf HTTP/1.1" 200 -
37.187.157.108 - - [26/Jul/2015:08:59:22 -0500] "HEAD /BLA/resoluciones/RESOLUCIONES%202010/7621.pdf HTTP/1.1" 200 -
37.187.157.108 - - [26/Jul/2015:08:59:22 -0500] "HEAD /BLA/resoluciones/AUTOS%202007/3259.pdf HTTP/1.1" 200 -
37.187.157.108 - - [26/Jul/2015:08:59:22 -0500] "HEAD /BLA/resoluciones/RESOLUCIONES%202011/1137.pdf HTTP/1.1" 200 -
37.187.157.108 - - [26/Jul/2015:08:59:23 -0500] "HEAD /BLA/resoluciones/RESOLUCIONES%202011/2590.pdf HTTP/1.1" 200 -
37.187.157.108 - - [26/Jul/2015:08:59:23 -0500] "HEAD /BLA/resoluciones/RESOLUCIONES%202010/7687.pdf HTTP/1.1" 200 -
186.155.141.188 - - [26/Jul/2015:08:59:25 -0500] "GET /BLA/boletinlegal/js/jquery.scrollShow.js HTTP/1.1" 304 -
186.155.141.188 - - [26/Jul/2015:08:59:25 -0500] "GET /galeria/galeria/jquery.fancybox.css?v=2.1.5 HTTP/1.1" 304 -
186.155.141.188 - - [26/Jul/2015:08:59:26 -0500] "GET /galeria/galeria/jquery.fancybox.js?v=2.1.5 HTTP/1.1" 304 -
172.22.2.3 - - [26/Jul/2015:08:59:31 -0500] "POST /cumbredelclima/wp-admin/admin-ajax.php HTTP/1.1" 200 23
74.86.158.107 - - [26/Jul/2015:08:59:32 -0500] "HEAD / HTTP/1.1" 200 -
37.187.157.108 - - [26/Jul/2015:08:59:38 -0500] "HEAD /BLA/resoluciones/RESOLUCIONES%202010/1675.pdf HTTP/1.1" 200 -
37.187.157.108 - - [26/Jul/2015:08:59:38 -0500] "HEAD /BLA/resoluciones/AUTOS%202011/1909.pdf HTTP/1.1" 200 -
186.28.52.240 - - [26/Jul/2015:08:59:40 -0500] "GET /galeria/galeria/fotos/mirador3G.jpg HTTP/1.1" 200 131992
180.76.15.146 - - [26/Jul/2015:08:59:41 -0500] "GET /SIG/Control%20Disciplinario/plantilla%20para%20Procedimientos%20-%20disciplinario%20ordinario%20version%20080.pdf HTTP/1.1" 200 2256826
186.85.138.75 - - [26/Jul/2015:08:59:44 -0500] "GET /galeria/nivo-slider/demo/images/Rendicion-de-cuentas.jpg HTTP/1.1" 200 309079
186.85.138.75 - - [26/Jul/2015:08:59:44 -0500] "GET /galeria/nivo-slider/demo/images/Semana-PYBA.jpg HTTP/1.1" 304 -
186.85.138.75 - - [26/Jul/2015:08:59:44 -0500] "GET /galeria/nivo-slider/demo/images/PREDAcamp.jpg HTTP/1.1" 304 -
172.22.2.3 - - [26/Jul/2015:08:59:46 -0500] "POST /cumbredelclima/wp-admin/admin-ajax.php HTTP/1.1" 200 23
65.55.218.56 - - [26/Jul/2015:08:59:46 -0500] "GET /BLA/boletinlegal/js/jquery.scrollShow.js HTTP/1.1" 200 4586
131.253.26.222 - - [26/Jul/2015:08:59:46 -0500] "GET /galeria/galeria/jquery.fancybox.js?v=2.1.5 HTTP/1.1" 200 48706
65.55.218.56 - - [26/Jul/2015:08:59:47 -0500] "GET /galeria/galeria/jquery.fancybox.css?v=2.1.5 HTTP/1.1" 200 4895
66.249.64.96 - - [26/Jul/2015:08:59:48 -0500] "GET /BLA/resoluciones/RESOLUCIONES%202013/2071.pdf HTTP/1.1" 304 -
201.245.192.253 - - [26/Jul/2015:08:59:57 -0500] "GET /forest/session.jsp?a=0.7206782397430803 HTTP/1.1" 200 4
172.22.2.3 - - [26/Jul/2015:09:00:01 -0500] "POST /cumbredelclima/wp-admin/admin-ajax.php HTTP/1.1" 200 23
186.85.53.114 - - [26/Jul/2015:09:00:05 -0500] "GET /galeria/nivo-slider/demo/images/Rendicion-de-cuentas.jpg HTTP/1.1" 304 -
186.85.53.114 - - [26/Jul/2015:09:00:07 -0500] "GET /galeria/nivo-slider/demo/images/Comparendo-ambiental-Banner.jpg HTTP/1.1" 304 -
66.249.64.101 - - [26/Jul/2015:09:00:10 -0500] "GET /BLA/resoluciones/RESOLUCIONES%202007/RES%202007%20501%20AL%20600/RESOLUCION%200507%20DE%202007.pdf HTTP/1.1" 304 -
65.55.212.78 - - [26/Jul/2015:09:00:12 -0500] "GET /BLA/boletinlegal/js/jquery.scrollShow.js HTTP/1.1" 200 4586
65.55.218.51 - - [26/Jul/2015:09:00:12 -0500] "GET /galeria/galeria/jquery.fancybox.js?v=2.1.5 HTTP/1.1" 200 48706
65.55.212.78 - - [26/Jul/2015:09:00:12 -0500] "GET /galeria/galeria/jquery.fancybox.css?v=2.1.5 HTTP/1.1" 200 4895
172.22.2.3 - - [26/Jul/2015:09:00:16 -0500] "POST /cumbredelclima/wp-admin/admin-ajax.php HTTP/1.1" 200 23
201.245.192.253 - - [26/Jul/2015:09:00:14 -0500] "POST /wp-admin/admin-ajax.php HTTP/1.1" 200 23
172.22.2.3 - - [26/Jul/2015:09:00:31 -0500] "POST /cumbredelclima/wp-admin/admin-ajax.php HTTP/1.1" 200 23
172.22.2.3 - - [26/Jul/2015:09:00:46 -0500] "POST /cumbredelclima/wp-admin/admin-ajax.php HTTP/1.1" 200 23
66.249.64.106 - - [26/Jul/2015:09:00:51 -0500] "GET /BLA/resoluciones/RESOLUCIONES%202010/5762.pdf HTTP/1.1" 304 -
172.22.2.3 - - [26/Jul/2015:09:01:01 -0500] "POST /cumbredelclima/wp-admin/admin-ajax.php HTTP/1.1" 200 23
190.157.172.223 - - [26/Jul/2015:09:01:08 -0500] "GET /forest/session.jsp?a=0.7139939877670258 HTTP/1.1" 200 4
172.22.2.3 - - [26/Jul/2015:09:01:16 -0500] "POST /cumbredelclima/wp-admin/admin-ajax.php HTTP/1.1" 200 23
172.22.2.3 - - [26/Jul/2015:09:01:31 -0500] "POST /cumbredelclima/wp-admin/admin-ajax.php HTTP/1.1" 200 23
66.249.64.106 - - [26/Jul/2015:09:01:33 -0500] "GET /BLA/resoluciones/RESOLUCIONES%202010/6934.pdf HTTP/1.1" 304 -
201.245.192.253 - - [26/Jul/2015:09:01:45 -0500] "GET /forest/session.jsp?a=0.3021417498930561 HTTP/1.1" 200 4
172.22.2.3 - - [26/Jul/2015:09:01:46 -0500] "POST /cumbredelclima/wp-admin/admin-ajax.php HTTP/1.1" 200 23
172.22.2.3 - - [26/Jul/2015:09:02:01 -0500] "POST /cumbredelclima/wp-admin/admin-ajax.php HTTP/1.1" 200 23
37.161.170.210 - - [26/Jul/2015:09:02:06 -0500] "GET /galeria/nivo-slider/demo/images/PREDAcamp.jpg HTTP/1.1" 304 -
37.161.170.210 - - [26/Jul/2015:09:02:06 -0500] "GET /galeria/nivo-slider/demo/images/Semana-PYBA.jpg HTTP/1.1" 304 -
37.161.170.210 - - [26/Jul/2015:09:02:06 -0500] "GET /galeria/nivo-slider/demo/images/Rendicion-de-cuentas.jpg HTTP/1.1" 304 -
172.22.2.3 - - [26/Jul/2015:09:02:16 -0500] "POST /cumbredelclima/wp-admin/admin-ajax.php HTTP/1.1" 200 23
201.245.192.253 - - [26/Jul/2015:09:02:14 -0500] "POST /wp-admin/admin-ajax.php HTTP/1.1" 200 23
66.249.64.19 - - [26/Jul/2015:09:02:14 -0500] "GET /para-saber/ HTTP/1.1" 200 36741
172.22.2.3 - - [26/Jul/2015:09:02:31 -0500] "POST /cumbredelclima/wp-admin/admin-ajax.php HTTP/1.1" 200 23
88.198.233.69 - - [26/Jul/2015:09:02:44 -0500] "GET / HTTP/1.1" 200 10190
172.22.2.3 - - [26/Jul/2015:09:02:46 -0500] "POST /cumbredelclima/wp-admin/admin-ajax.php HTTP/1.1" 200 23
66.249.64.106 - - [26/Jul/2015:09:02:56 -0500] "GET /BLA/resoluciones/AUTOS%202013/0041.pdf HTTP/1.1" 304 -
172.22.2.3 - - [26/Jul/2015:09:03:01 -0500] "POST /cumbredelclima/wp-admin/admin-ajax.php HTTP/1.1" 200 23
181.60.222.236 - - [26/Jul/2015:09:03:04 -0500] "GET http://190.27.245.106/galeria/galeria/jquery.fancybox.js?v=2.1.5 HTTP/1.1" 304 -
181.60.222.236 - - [26/Jul/2015:09:03:04 -0500] "GET http://190.27.245.106/BLA/boletinlegal/js/jquery.scrollShow.js HTTP/1.1" 304 -
181.60.222.236 - - [26/Jul/2015:09:03:04 -0500] "GET http://190.27.245.106/galeria/galeria/jquery.fancybox.css?v=2.1.5 HTTP/1.1" 304 -
181.236.192.47 - - [26/Jul/2015:09:03:05 -0500] "GET /BLA/resoluciones/AUTOS%202008/2093.pdf HTTP/1.1" 200 84918
181.236.192.47 - - [26/Jul/2015:09:03:08 -0500] "GET /BLA/resoluciones/AUTOS%202008/2093.pdf HTTP/1.1" 200 84918
66.249.64.96 - - [26/Jul/2015:09:03:14 -0500] "GET /BLA/resoluciones/RESOLUCIONES%202012/1391.pdf HTTP/1.1" 304 -
172.22.2.3 - - [26/Jul/2015:09:03:16 -0500] "POST /cumbredelclima/wp-admin/admin-ajax.php HTTP/1.1" 200 23
186.85.53.114 - - [26/Jul/2015:09:03:17 -0500] "GET /videos/ArchivoSDA.flv HTTP/1.1" 200 31205279
66.249.88.223 - - [26/Jul/2015:09:03:27 -0500] "GET /forest/login.do HTTP/1.1" 200 1287
66.249.88.233 - - [26/Jul/2015:09:03:27 -0500] "GET /favicon.ico HTTP/1.1" 200 7782
172.22.2.3 - - [26/Jul/2015:09:03:31 -0500] "POST /cumbredelclima/wp-admin/admin-ajax.php HTTP/1.1" 200 23
62.210.84.178 - - [26/Jul/2015:09:03:33 -0500] "GET /galeria/galeria/jquery.fancybox.css?v=2.1.5 HTTP/1.1" 200 4895
66.249.64.101 - - [26/Jul/2015:09:03:37 -0500] "GET /BLA/resoluciones/AUTOS%202013/1075.pdf HTTP/1.1" 304 -
172.22.2.3 - - [26/Jul/2015:09:03:46 -0500] "POST /cumbredelclima/wp-admin/admin-ajax.php HTTP/1.1" 200 23
195.154.209.237 - - [26/Jul/2015:09:03:54 -0500] "GET /galeria/galeria/jquery.fancybox.css?v=2.1.5 HTTP/1.1" 200 4895
172.22.2.3 - - [26/Jul/2015:09:04:01 -0500] "POST /cumbredelclima/wp-admin/admin-ajax.php HTTP/1.1" 200 23
172.22.2.3 - - [26/Jul/2015:09:04:16 -0500] "POST /cumbredelclima/wp-admin/admin-ajax.php HTTP/1.1" 200 23
66.249.64.96 - - [26/Jul/2015:09:04:19 -0500] "GET /BLA/resoluciones/RESOLUCIONES%202014/1998.pdf HTTP/1.1" 304 -
201.245.192.253 - - [26/Jul/2015:09:04:14 -0500] "POST /wp-admin/admin-ajax.php HTTP/1.1" 200 23
172.22.2.3 - - [26/Jul/2015:09:04:31 -0500] "POST /cumbredelclima/wp-admin/admin-ajax.php HTTP/1.1" 200 23
74.86.158.107 - - [26/Jul/2015:09:04:32 -0500] "HEAD / HTTP/1.1" 200 -
186.29.78.44 - - [26/Jul/2015:09:04:45 -0500] "GET /BLA/boletinlegal/js/jquery.scrollShow.js HTTP/1.1" 200 4586
172.22.2.3 - - [26/Jul/2015:09:04:46 -0500] "POST /cumbredelclima/wp-admin/admin-ajax.php HTTP/1.1" 200 23
186.29.78.44 - - [26/Jul/2015:09:04:48 -0500] "GET /galeria/galeria/jquery.fancybox.js?v=2.1.5 HTTP/1.1" 200 48706
186.85.53.114 - - [26/Jul/2015:09:04:49 -0500] "GET /videos/ArchivoSDA.flv HTTP/1.1" 206 1
186.29.78.44 - - [26/Jul/2015:09:04:49 -0500] "GET /galeria/galeria/jquery.fancybox.css?v=2.1.5 HTTP/1.1" 200 4895
186.85.53.114 - - [26/Jul/2015:09:04:49 -0500] "GET /videos/ArchivoSDA.flv HTTP/1.1" 206 19185379
201.245.192.253 - - [26/Jul/2015:09:04:57 -0500] "GET /forest/session.jsp?a=0.0627724737899491 HTTP/1.1" 200 4
66.249.64.106 - - [26/Jul/2015:09:05:00 -0500] "GET /BLA/resoluciones/RESOLUCIONES%202010/5720.pdf HTTP/1.1" 304 -
172.22.2.3 - - [26/Jul/2015:09:05:01 -0500] "POST /cumbredelclima/wp-admin/admin-ajax.php HTTP/1.1" 200 23
66.249.64.253 - - [26/Jul/2015:09:05:16 -0500] "GET /PruebasSTORM/StormSDA_pruebas/userFiles/user_files/listas/49.xml HTTP/1.1" 200 90685
172.22.2.3 - - [26/Jul/2015:09:05:16 -0500] "POST /cumbredelclima/wp-admin/admin-ajax.php HTTP/1.1" 200 23
172.22.2.3 - - [26/Jul/2015:09:05:31 -0500] "POST /cumbredelclima/wp-admin/admin-ajax.php HTTP/1.1" 200 23
186.105.198.161 - - [26/Jul/2015:09:05:33 -0500] "GET /BLA/boletinlegal/js/jquery.scrollShow.js HTTP/1.1" 200 4586
186.105.198.161 - - [26/Jul/2015:09:05:33 -0500] "GET /galeria/galeria/jquery.fancybox.js?v=2.1.5 HTTP/1.1" 200 48706
186.105.198.161 - - [26/Jul/2015:09:05:33 -0500] "GET /galeria/galeria/jquery.fancybox.css?v=2.1.5 HTTP/1.1" 200 4895
186.105.198.161 - - [26/Jul/2015:09:05:34 -0500] "GET /galeria/carrusel/Carrusel/jquery.thumbnailScroller.css HTTP/1.1" 200 2066
186.105.198.161 - - [26/Jul/2015:09:05:34 -0500] "GET /galeria/carrusel/Carrusel/jquery-ui-1.8.13.custom.min.js HTTP/1.1" 200 10800
186.105.198.161 - - [26/Jul/2015:09:05:34 -0500] "GET /galeria/carrusel/Carrusel/jquery.thumbnailScroller.js HTTP/1.1" 200 8157
66.249.64.96 - - [26/Jul/2015:09:05:42 -0500] "GET /BLA/resoluciones/RESOLUCIONES%202007/RES%202007%204001%20AL%204100/RESOLUCION%204090%20DE%202007.pdf HTTP/1.1" 200 13950935
186.105.198.161 - - [26/Jul/2015:09:05:43 -0500] "GET /galeria/nivo-slider/demo/demo.html HTTP/1.1" 200 5224
186.105.198.161 - - [26/Jul/2015:09:05:45 -0500] "GET /galeria/nivo-slider/themes/default/default.css HTTP/1.1" 200 1569
186.105.198.161 - - [26/Jul/2015:09:05:45 -0500] "GET /galeria/nivo-slider/themes/orman/orman.css HTTP/1.1" 200 2152
186.105.198.161 - - [26/Jul/2015:09:05:45 -0500] "GET /galeria/nivo-slider/themes/pascal/pascal.css HTTP/1.1" 200 2258
186.105.198.161 - - [26/Jul/2015:09:05:45 -0500] "GET /galeria/nivo-slider/nivo-slider.css HTTP/1.1" 200 1507
186.105.198.161 - - [26/Jul/2015:09:05:45 -0500] "GET /galeria/nivo-slider/demo/style.css HTTP/1.1" 200 2222
186.105.198.161 - - [26/Jul/2015:09:05:45 -0500] "GET /galeria/nivo-slider/demo/images/banner-llantas2.jpg HTTP/1.1" 200 204644
186.105.198.161 - - [26/Jul/2015:09:05:45 -0500] "GET /galeria/nivo-slider/demo/images/Rendicion-de-cuentas.jpg HTTP/1.1" 200 309079
186.105.198.161 - - [26/Jul/2015:09:05:45 -0500] "GET /galeria/nivo-slider/demo/images/Semana-PYBA.jpg HTTP/1.1" 200 147360
186.105.198.161 - - [26/Jul/2015:09:05:45 -0500] "GET /galeria/nivo-slider/demo/images/PREDAcamp.jpg HTTP/1.1" 200 295358
186.105.198.161 - - [26/Jul/2015:09:05:45 -0500] "GET /galeria/nivo-slider/demo/images/VoluntariadoPYBA.jpg HTTP/1.1" 200 40647
186.105.198.161 - - [26/Jul/2015:09:05:45 -0500] "GET /galeria/nivo-slider/demo/images/9Signos.jpg HTTP/1.1" 200 81776
186.105.198.161 - - [26/Jul/2015:09:05:46 -0500] "GET /galeria/nivo-slider/demo/images/Comparendo-ambiental-Banner.jpg HTTP/1.1" 200 83731
172.22.2.3 - - [26/Jul/2015:09:05:46 -0500] "POST /cumbredelclima/wp-admin/admin-ajax.php HTTP/1.1" 200 23
66.249.88.154 - - [26/Jul/2015:09:05:33 -0500] "GET / HTTP/1.1" 200 123269
186.105.198.161 - - [26/Jul/2015:09:05:47 -0500] "GET /galeria/nivo-slider/demo/images/GAE-banner.jpg HTTP/1.1" 200 97556
186.105.198.161 - - [26/Jul/2015:09:05:47 -0500] "GET /galeria/nivo-slider/demo/images/Banner-encuesta-de-percepscio.jpg HTTP/1.1" 200 201899
186.105.198.161 - - [26/Jul/2015:09:05:48 -0500] "GET /galeria/nivo-slider/demo/images/banner-Pacto-por-la-madera.jpg HTTP/1.1" 200 209966
186.105.198.161 - - [26/Jul/2015:09:05:48 -0500] "GET /galeria/nivo-slider/demo/images/acuerdo_569.jpg HTTP/1.1" 200 62670
186.105.198.161 - - [26/Jul/2015:09:05:49 -0500] "GET /galeria/nivo-slider/demo/images/Licitaciones-proyecto-paramo.jpg HTTP/1.1" 200 221877
186.105.198.161 - - [26/Jul/2015:09:05:49 -0500] "GET /galeria/nivo-slider/demo/images/Banner-decreto1299.jpg HTTP/1.1" 200 182613
186.105.198.161 - - [26/Jul/2015:09:05:50 -0500] "GET /galeria/nivo-slider/demo/images/Banner-Directorio.jpg HTTP/1.1" 200 182068
186.105.198.161 - - [26/Jul/2015:09:05:50 -0500] "GET /galeria/nivo-slider/demo/images/Ruta-vertimientos-01.jpg HTTP/1.1" 200 130151
186.105.198.161 - - [26/Jul/2015:09:05:51 -0500] "GET /galeria/nivo-slider/demo/images/bolsas-06.jpg HTTP/1.1" 200 90982
186.105.198.161 - - [26/Jul/2015:09:05:51 -0500] "GET /galeria/nivo-slider/demo/images/ecolecta-Dic2014.png HTTP/1.1" 200 288593
186.105.198.161 - - [26/Jul/2015:09:05:52 -0500] "GET /galeria/nivo-slider/demo/images/Conoce-los-humedales.jpg HTTP/1.1" 200 294036
186.105.198.161 - - [26/Jul/2015:09:05:52 -0500] "GET /galeria/nivo-slider/demo/images/Banner-Caracol-Africano.jpg HTTP/1.1" 200 331986
186.105.198.161 - - [26/Jul/2015:09:05:52 -0500] "GET /galeria/nivo-slider/demo/scripts/jquery-1.7.1.min.js HTTP/1.1" 200 93868
186.105.198.161 - - [26/Jul/2015:09:05:52 -0500] "GET /galeria/nivo-slider/jquery.nivo.slider.pack.js HTTP/1.1" 200 11561
186.105.198.161 - - [26/Jul/2015:09:05:53 -0500] "GET /galeria/nivo-slider/demo/images/4Simple_Slider.png HTTP/1.1" 200 11722
186.105.198.161 - - [26/Jul/2015:09:05:53 -0500] "GET /galeria/nivo-slider/themes/default/loading.gif HTTP/1.1" 200 1737
186.105.198.161 - - [26/Jul/2015:09:05:57 -0500] "GET /galeria/nivo-slider/themes/default/arrows.png HTTP/1.1" 200 824
186.105.198.161 - - [26/Jul/2015:09:05:57 -0500] "GET /galeria/nivo-slider/themes/default/bullets.png HTTP/1.1" 200 1281
172.22.2.3 - - [26/Jul/2015:09:06:01 -0500] "POST /cumbredelclima/wp-admin/admin-ajax.php HTTP/1.1" 200 23
190.157.172.223 - - [26/Jul/2015:09:06:08 -0500] "GET /forest/session.jsp?a=0.3907125296536833 HTTP/1.1" 200 4
201.245.192.253 - - [26/Jul/2015:09:06:14 -0500] "POST /wp-admin/admin-ajax.php HTTP/1.1" 200 23
195.154.233.224 - - [26/Jul/2015:09:06:16 -0500] "GET /galeria/galeria/jquery.fancybox.css?v=2.1.5 HTTP/1.1" 200 4895
172.22.2.3 - - [26/Jul/2015:09:06:16 -0500] "POST /cumbredelclima/wp-admin/admin-ajax.php HTTP/1.1" 200 23
186.29.78.44 - - [26/Jul/2015:09:06:23 -0500] "GET /BLA/boletinlegal/js/jquery.scrollShow.js HTTP/1.1" 200 4586
186.29.78.44 - - [26/Jul/2015:09:06:23 -0500] "GET /galeria/galeria/jquery.fancybox.js?v=2.1.5 HTTP/1.1" 200 48706
66.249.64.29 - - [26/Jul/2015:09:06:23 -0500] "GET /wp-content/uploads/2015/06/segundo-comunicado.pdf HTTP/1.1" 304 -
186.29.78.44 - - [26/Jul/2015:09:06:23 -0500] "GET /galeria/galeria/jquery.fancybox.css?v=2.1.5 HTTP/1.1" 200 4895
172.22.2.3 - - [26/Jul/2015:09:06:31 -0500] "POST /cumbredelclima/wp-admin/admin-ajax.php HTTP/1.1" 200 23
195.154.209.237 - - [26/Jul/2015:09:06:41 -0500] "GET /galeria/galeria/jquery.fancybox.css?v=2.1.5 HTTP/1.1" 200 4895
201.245.192.253 - - [26/Jul/2015:09:06:45 -0500] "GET /forest/session.jsp?a=0.3103320151017871 HTTP/1.1" 200 4
172.22.2.3 - - [26/Jul/2015:09:06:46 -0500] "POST /cumbredelclima/wp-admin/admin-ajax.php HTTP/1.1" 200 23
172.22.2.3 - - [26/Jul/2015:09:07:01 -0500] "POST /cumbredelclima/wp-admin/admin-ajax.php HTTP/1.1" 200 23
66.249.64.106 - - [26/Jul/2015:09:07:05 -0500] "GET /BLA/resoluciones/AUTOS%202011/2146.pdf HTTP/1.1" 304 -
66.249.88.149 - - [26/Jul/2015:09:06:56 -0500] "GET / HTTP/1.1" 200 123269
172.22.2.3 - - [26/Jul/2015:09:07:16 -0500] "POST /cumbredelclima/wp-admin/admin-ajax.php HTTP/1.1" 200 23
172.22.2.3 - - [26/Jul/2015:09:07:31 -0500] "POST /cumbredelclima/wp-admin/admin-ajax.php HTTP/1.1" 200 23
186.85.241.136 - - [26/Jul/2015:09:07:38 -0500] "GET /galeria/galeria/jquery.fancybox.css?v=2.1.5 HTTP/1.1" 200 4895
186.85.241.136 - - [26/Jul/2015:09:07:38 -0500] "GET /BLA/boletinlegal/js/jquery.scrollShow.js HTTP/1.1" 200 4586
186.85.241.136 - - [26/Jul/2015:09:07:38 -0500] "GET /galeria/galeria/jquery.fancybox.js?v=2.1.5 HTTP/1.1" 200 48706
66.249.64.96 - - [26/Jul/2015:09:07:46 -0500] "GET /BLA/resoluciones/RESOLUCIONES%202007/RES%202007%20401%20AL%20500/RESOLUCION%200412%20DE%202007.pdf HTTP/1.1" 304 -
172.22.2.3 - - [26/Jul/2015:09:07:46 -0500] "POST /cumbredelclima/wp-admin/admin-ajax.php HTTP/1.1" 200 23
172.22.2.3 - - [26/Jul/2015:09:08:01 -0500] "POST /cumbredelclima/wp-admin/admin-ajax.php HTTP/1.1" 200 23
172.22.2.3 - - [26/Jul/2015:09:08:16 -0500] "POST /cumbredelclima/wp-admin/admin-ajax.php HTTP/1.1" 200 23
201.245.192.253 - - [26/Jul/2015:09:08:14 -0500] "POST /wp-admin/admin-ajax.php HTTP/1.1" 200 23
66.249.64.96 - - [26/Jul/2015:09:08:28 -0500] "GET /BLA/resoluciones/RESOLUCIONES%202013/0985.pdf HTTP/1.1" 304 -
172.22.2.3 - - [26/Jul/2015:09:08:31 -0500] "POST /cumbredelclima/wp-admin/admin-ajax.php HTTP/1.1" 200 23
172.22.2.3 - - [26/Jul/2015:09:08:46 -0500] "POST /cumbredelclima/wp-admin/admin-ajax.php HTTP/1.1" 200 23
190.157.172.223 - - [26/Jul/2015:09:08:59 -0500] "GET /forest/session.jsp?a=0.5407570404931903 HTTP/1.1" 200 4
172.22.2.3 - - [26/Jul/2015:09:09:01 -0500] "POST /cumbredelclima/wp-admin/admin-ajax.php HTTP/1.1" 200 23
66.249.64.101 - - [26/Jul/2015:09:09:09 -0500] "GET /BLA/resoluciones/AUTOS%202012/1252.pdf HTTP/1.1" 304 -
46.172.71.251 - - [26/Jul/2015:09:09:15 -0500] "GET /rom-0 HTTP/1.1" 404 1018
172.22.2.3 - - [26/Jul/2015:09:09:16 -0500] "POST /cumbredelclima/wp-admin/admin-ajax.php HTTP/1.1" 200 23
186.147.4.75 - - [26/Jul/2015:09:09:25 -0500] "GET /BLA/boletinlegal/js/jquery.scrollShow.js HTTP/1.1" 200 4586
186.147.4.75 - - [26/Jul/2015:09:09:25 -0500] "GET /galeria/galeria/jquery.fancybox.js?v=2.1.5 HTTP/1.1" 200 48706
186.147.4.75 - - [26/Jul/2015:09:09:25 -0500] "GET /galeria/galeria/jquery.fancybox.css?v=2.1.5 HTTP/1.1" 200 4895
190.27.64.101 - - [26/Jul/2015:09:09:29 -0500] "GET /BLA/boletinlegal/js/jquery.scrollShow.js HTTP/1.1" 200 4586
190.27.64.101 - - [26/Jul/2015:09:09:29 -0500] "GET /galeria/galeria/jquery.fancybox.js?v=2.1.5 HTTP/1.1" 200 48706
190.27.64.101 - - [26/Jul/2015:09:09:29 -0500] "GET /galeria/galeria/jquery.fancybox.css?v=2.1.5 HTTP/1.1" 200 4895
172.22.2.3 - - [26/Jul/2015:09:09:31 -0500] "POST /cumbredelclima/wp-admin/admin-ajax.php HTTP/1.1" 200 23
74.86.158.107 - - [26/Jul/2015:09:09:32 -0500] "HEAD / HTTP/1.1" 200 -
190.27.64.101 - - [26/Jul/2015:09:09:36 -0500] "GET /galeria/galeria/jquery.fancybox.css?v=2.1.5 HTTP/1.1" 304 -
190.27.64.101 - - [26/Jul/2015:09:09:36 -0500] "GET /BLA/boletinlegal/js/jquery.scrollShow.js HTTP/1.1" 304 -
190.27.64.101 - - [26/Jul/2015:09:09:36 -0500] "GET /galeria/galeria/jquery.fancybox.js?v=2.1.5 HTTP/1.1" 304 -
190.147.16.166 - - [26/Jul/2015:09:09:44 -0500] "GET /galeria/carrusel/Carrusel/jquery-ui-1.8.13.custom.min.js HTTP/1.1" 200 10800
190.147.16.166 - - [26/Jul/2015:09:09:44 -0500] "GET /BLA/boletinlegal/js/jquery.scrollShow.js HTTP/1.1" 200 4586
190.147.16.166 - - [26/Jul/2015:09:09:44 -0500] "GET /galeria/carrusel/Carrusel/jquery.thumbnailScroller.css HTTP/1.1" 200 2066
190.147.16.166 - - [26/Jul/2015:09:09:44 -0500] "GET /galeria/galeria/jquery.fancybox.css?v=2.1.5 HTTP/1.1" 200 4895
190.147.16.166 - - [26/Jul/2015:09:09:44 -0500] "GET /galeria/galeria/jquery.fancybox.js?v=2.1.5 HTTP/1.1" 200 48706
190.147.16.166 - - [26/Jul/2015:09:09:44 -0500] "GET /galeria/carrusel/Carrusel/jquery.thumbnailScroller.js HTTP/1.1" 200 8157
190.147.16.166 - - [26/Jul/2015:09:09:45 -0500] "GET /galeria/nivo-slider/demo/demo.html HTTP/1.1" 200 5224
190.147.16.166 - - [26/Jul/2015:09:09:46 -0500] "GET /galeria/nivo-slider/themes/pascal/pascal.css HTTP/1.1" 200 2258
190.147.16.166 - - [26/Jul/2015:09:09:46 -0500] "GET /galeria/nivo-slider/themes/default/default.css HTTP/1.1" 200 1569
190.147.16.166 - - [26/Jul/2015:09:09:46 -0500] "GET /galeria/nivo-slider/themes/orman/orman.css HTTP/1.1" 200 2152
190.147.16.166 - - [26/Jul/2015:09:09:46 -0500] "GET /galeria/nivo-slider/nivo-slider.css HTTP/1.1" 200 1507
190.147.16.166 - - [26/Jul/2015:09:09:46 -0500] "GET /galeria/nivo-slider/demo/style.css HTTP/1.1" 200 2222
190.147.16.166 - - [26/Jul/2015:09:09:46 -0500] "GET /galeria/nivo-slider/demo/scripts/jquery-1.7.1.min.js HTTP/1.1" 200 93868
190.147.16.166 - - [26/Jul/2015:09:09:46 -0500] "GET /galeria/nivo-slider/jquery.nivo.slider.pack.js HTTP/1.1" 200 11561
190.147.16.166 - - [26/Jul/2015:09:09:46 -0500] "GET /galeria/nivo-slider/demo/images/Rendicion-de-cuentas.jpg HTTP/1.1" 200 309079
190.147.16.166 - - [26/Jul/2015:09:09:46 -0500] "GET /galeria/nivo-slider/demo/images/banner-llantas2.jpg HTTP/1.1" 200 204644
190.147.16.166 - - [26/Jul/2015:09:09:46 -0500] "GET /galeria/nivo-slider/demo/images/Semana-PYBA.jpg HTTP/1.1" 200 147360
190.147.16.166 - - [26/Jul/2015:09:09:46 -0500] "GET /galeria/nivo-slider/demo/images/PREDAcamp.jpg HTTP/1.1" 200 295358
190.147.16.166 - - [26/Jul/2015:09:09:46 -0500] "GET /galeria/nivo-slider/demo/images/VoluntariadoPYBA.jpg HTTP/1.1" 200 40647
190.147.16.166 - - [26/Jul/2015:09:09:46 -0500] "GET /galeria/nivo-slider/demo/images/9Signos.jpg HTTP/1.1" 200 81776
172.22.2.3 - - [26/Jul/2015:09:09:46 -0500] "POST /cumbredelclima/wp-admin/admin-ajax.php HTTP/1.1" 200 23
190.147.16.166 - - [26/Jul/2015:09:09:47 -0500] "GET /galeria/nivo-slider/demo/images/GAE-banner.jpg HTTP/1.1" 200 97556
190.147.16.166 - - [26/Jul/2015:09:09:47 -0500] "GET /galeria/nivo-slider/demo/images/Comparendo-ambiental-Banner.jpg HTTP/1.1" 200 83731
190.147.16.166 - - [26/Jul/2015:09:09:47 -0500] "GET /galeria/nivo-slider/demo/images/Banner-encuesta-de-percepscio.jpg HTTP/1.1" 200 201899
190.147.16.166 - - [26/Jul/2015:09:09:47 -0500] "GET /galeria/nivo-slider/demo/images/banner-Pacto-por-la-madera.jpg HTTP/1.1" 200 209966
190.147.16.166 - - [26/Jul/2015:09:09:47 -0500] "GET /galeria/nivo-slider/demo/images/acuerdo_569.jpg HTTP/1.1" 200 62670
190.147.16.166 - - [26/Jul/2015:09:09:47 -0500] "GET /galeria/nivo-slider/demo/images/Licitaciones-proyecto-paramo.jpg HTTP/1.1" 200 221877
190.147.16.166 - - [26/Jul/2015:09:09:47 -0500] "GET /galeria/nivo-slider/demo/images/Banner-decreto1299.jpg HTTP/1.1" 200 182613
186.147.4.75 - - [26/Jul/2015:09:09:48 -0500] "GET /BLA/boletinlegal/js/jquery.scrollShow.js HTTP/1.1" 304 -
186.147.4.75 - - [26/Jul/2015:09:09:48 -0500] "GET /galeria/galeria/jquery.fancybox.js?v=2.1.5 HTTP/1.1" 304 -
186.147.4.75 - - [26/Jul/2015:09:09:48 -0500] "GET /galeria/galeria/jquery.fancybox.css?v=2.1.5 HTTP/1.1" 304 -
190.147.16.166 - - [26/Jul/2015:09:09:48 -0500] "GET /galeria/nivo-slider/demo/images/Banner-Directorio.jpg HTTP/1.1" 200 182068
190.147.16.166 - - [26/Jul/2015:09:09:48 -0500] "GET /galeria/nivo-slider/demo/images/Ruta-vertimientos-01.jpg HTTP/1.1" 200 130151
190.147.16.166 - - [26/Jul/2015:09:09:48 -0500] "GET /galeria/nivo-slider/demo/images/bolsas-06.jpg HTTP/1.1" 200 90982
190.147.16.166 - - [26/Jul/2015:09:09:48 -0500] "GET /galeria/nivo-slider/demo/images/Conoce-los-humedales.jpg HTTP/1.1" 200 294036
190.147.16.166 - - [26/Jul/2015:09:09:48 -0500] "GET /galeria/nivo-slider/demo/images/ecolecta-Dic2014.png HTTP/1.1" 200 288593
190.147.16.166 - - [26/Jul/2015:09:09:48 -0500] "GET /galeria/nivo-slider/demo/images/Banner-Caracol-Africano.jpg HTTP/1.1" 200 331986
190.147.16.166 - - [26/Jul/2015:09:09:48 -0500] "GET /galeria/nivo-slider/demo/images/4Simple_Slider.png HTTP/1.1" 200 11722
190.147.16.166 - - [26/Jul/2015:09:09:48 -0500] "GET /galeria/nivo-slider/themes/default/loading.gif HTTP/1.1" 200 1737
190.147.16.166 - - [26/Jul/2015:09:09:49 -0500] "GET /galeria/nivo-slider/themes/default/arrows.png HTTP/1.1" 200 824
190.147.16.166 - - [26/Jul/2015:09:09:49 -0500] "GET /galeria/nivo-slider/themes/default/bullets.png HTTP/1.1" 200 1281
66.249.64.29 - - [26/Jul/2015:09:09:54 -0500] "GET /wp-content/uploads/2015/07/usaquen-500x320.jpg HTTP/1.1" 200 60614
201.245.192.253 - - [26/Jul/2015:09:09:57 -0500] "GET /forest/session.jsp?a=0.6999213123506978 HTTP/1.1" 200 4
172.22.2.3 - - [26/Jul/2015:09:10:01 -0500] "POST /cumbredelclima/wp-admin/admin-ajax.php HTTP/1.1" 200 23
186.147.4.75 - - [26/Jul/2015:09:10:03 -0500] "GET /BLA/boletinlegal/js/jquery.scrollShow.js HTTP/1.1" 304 -
186.147.4.75 - - [26/Jul/2015:09:10:03 -0500] "GET /galeria/galeria/jquery.fancybox.js?v=2.1.5 HTTP/1.1" 304 -
186.147.4.75 - - [26/Jul/2015:09:10:03 -0500] "GET /galeria/galeria/jquery.fancybox.css?v=2.1.5 HTTP/1.1" 304 -
172.22.2.3 - - [26/Jul/2015:09:10:16 -0500] "POST /cumbredelclima/wp-admin/admin-ajax.php HTTP/1.1" 200 23
186.147.4.75 - - [26/Jul/2015:09:10:20 -0500] "GET /BLA/boletinlegal/js/jquery.scrollShow.js HTTP/1.1" 304 -
186.147.4.75 - - [26/Jul/2015:09:10:20 -0500] "GET /galeria/galeria/jquery.fancybox.css?v=2.1.5 HTTP/1.1" 304 -
186.147.4.75 - - [26/Jul/2015:09:10:20 -0500] "GET /galeria/galeria/jquery.fancybox.js?v=2.1.5 HTTP/1.1" 304 -
201.245.192.253 - - [26/Jul/2015:09:10:14 -0500] "POST /wp-admin/admin-ajax.php HTTP/1.1" 200 23
186.147.4.75 - - [26/Jul/2015:09:10:31 -0500] "GET /BLA/boletinlegal/js/jquery.scrollShow.js HTTP/1.1" 304 -
186.147.4.75 - - [26/Jul/2015:09:10:31 -0500] "GET /galeria/galeria/jquery.fancybox.js?v=2.1.5 HTTP/1.1" 304 -
186.147.4.75 - - [26/Jul/2015:09:10:31 -0500] "GET /galeria/galeria/jquery.fancybox.css?v=2.1.5 HTTP/1.1" 304 -
172.22.2.3 - - [26/Jul/2015:09:10:31 -0500] "POST /cumbredelclima/wp-admin/admin-ajax.php HTTP/1.1" 200 23
190.253.29.244 - - [26/Jul/2015:09:10:34 -0500] "GET /galeria/galeria/jquery.fancybox.css?v=2.1.5 HTTP/1.1" 200 4895
190.253.29.244 - - [26/Jul/2015:09:10:34 -0500] "GET /BLA/boletinlegal/js/jquery.scrollShow.js HTTP/1.1" 200 4586
190.253.29.244 - - [26/Jul/2015:09:10:34 -0500] "GET /galeria/carrusel/Carrusel/jquery.thumbnailScroller.css HTTP/1.1" 200 2066
190.253.29.244 - - [26/Jul/2015:09:10:34 -0500] "GET /galeria/galeria/jquery.fancybox.js?v=2.1.5 HTTP/1.1" 200 48706
190.253.29.244 - - [26/Jul/2015:09:10:34 -0500] "GET /galeria/carrusel/Carrusel/jquery-ui-1.8.13.custom.min.js HTTP/1.1" 200 10800
190.253.29.244 - - [26/Jul/2015:09:10:34 -0500] "GET /galeria/carrusel/Carrusel/jquery.thumbnailScroller.js HTTP/1.1" 200 8157
190.253.29.244 - - [26/Jul/2015:09:10:36 -0500] "GET /galeria/nivo-slider/demo/demo.html HTTP/1.1" 200 5224
190.253.29.244 - - [26/Jul/2015:09:10:39 -0500] "GET /galeria/nivo-slider/themes/default/default.css HTTP/1.1" 200 1569
190.253.29.244 - - [26/Jul/2015:09:10:39 -0500] "GET /galeria/nivo-slider/themes/pascal/pascal.css HTTP/1.1" 200 2258
190.253.29.244 - - [26/Jul/2015:09:10:39 -0500] "GET /galeria/nivo-slider/themes/orman/orman.css HTTP/1.1" 200 2152
190.253.29.244 - - [26/Jul/2015:09:10:39 -0500] "GET /galeria/nivo-slider/nivo-slider.css HTTP/1.1" 200 1507
190.253.29.244 - - [26/Jul/2015:09:10:39 -0500] "GET /galeria/nivo-slider/demo/style.css HTTP/1.1" 200 2222
190.253.29.244 - - [26/Jul/2015:09:10:39 -0500] "GET /galeria/nivo-slider/demo/images/Rendicion-de-cuentas.jpg HTTP/1.1" 200 309079
190.253.29.244 - - [26/Jul/2015:09:10:39 -0500] "GET /galeria/nivo-slider/demo/scripts/jquery-1.7.1.min.js HTTP/1.1" 200 93868
190.253.29.244 - - [26/Jul/2015:09:10:39 -0500] "GET /galeria/nivo-slider/jquery.nivo.slider.pack.js HTTP/1.1" 200 11561
190.253.29.244 - - [26/Jul/2015:09:10:39 -0500] "GET /galeria/nivo-slider/demo/images/banner-llantas2.jpg HTTP/1.1" 200 204644
190.253.29.244 - - [26/Jul/2015:09:10:39 -0500] "GET /galeria/nivo-slider/demo/images/Semana-PYBA.jpg HTTP/1.1" 200 147360
190.253.29.244 - - [26/Jul/2015:09:10:40 -0500] "GET /galeria/nivo-slider/demo/images/PREDAcamp.jpg HTTP/1.1" 200 295358
190.253.29.244 - - [26/Jul/2015:09:10:40 -0500] "GET /galeria/nivo-slider/demo/images/VoluntariadoPYBA.jpg HTTP/1.1" 200 40647
190.253.29.244 - - [26/Jul/2015:09:10:41 -0500] "GET /galeria/nivo-slider/demo/images/9Signos.jpg HTTP/1.1" 200 81776
190.253.29.244 - - [26/Jul/2015:09:10:41 -0500] "GET /galeria/nivo-slider/demo/images/Comparendo-ambiental-Banner.jpg HTTP/1.1" 200 83731
190.253.29.244 - - [26/Jul/2015:09:10:41 -0500] "GET /galeria/nivo-slider/demo/images/GAE-banner.jpg HTTP/1.1" 200 97556
190.253.29.244 - - [26/Jul/2015:09:10:42 -0500] "GET /galeria/nivo-slider/demo/images/Banner-encuesta-de-percepscio.jpg HTTP/1.1" 200 201899
190.253.29.244 - - [26/Jul/2015:09:10:42 -0500] "GET /galeria/nivo-slider/demo/images/banner-Pacto-por-la-madera.jpg HTTP/1.1" 200 209966
190.253.29.244 - - [26/Jul/2015:09:10:42 -0500] "GET /galeria/nivo-slider/demo/images/Licitaciones-proyecto-paramo.jpg HTTP/1.1" 200 221877
190.253.29.244 - - [26/Jul/2015:09:10:42 -0500] "GET /galeria/nivo-slider/demo/images/Ruta-vertimientos-01.jpg HTTP/1.1" 200 130151
190.253.29.244 - - [26/Jul/2015:09:10:43 -0500] "GET /galeria/nivo-slider/demo/images/4Simple_Slider.png HTTP/1.1" 200 11722
190.253.29.244 - - [26/Jul/2015:09:10:43 -0500] "GET /galeria/nivo-slider/themes/default/loading.gif HTTP/1.1" 200 1737
190.253.29.244 - - [26/Jul/2015:09:10:43 -0500] "GET /galeria/nivo-slider/demo/images/Conoce-los-humedales.jpg HTTP/1.1" 200 294036
190.253.29.244 - - [26/Jul/2015:09:10:43 -0500] "GET /galeria/nivo-slider/demo/images/bolsas-06.jpg HTTP/1.1" 200 90982
190.253.29.244 - - [26/Jul/2015:09:10:43 -0500] "GET /galeria/nivo-slider/demo/images/Banner-Caracol-Africano.jpg HTTP/1.1" 200 331986
190.253.29.244 - - [26/Jul/2015:09:10:43 -0500] "GET /galeria/nivo-slider/demo/images/ecolecta-Dic2014.png HTTP/1.1" 200 288593
190.253.29.244 - - [26/Jul/2015:09:10:45 -0500] "GET /galeria/nivo-slider/demo/images/acuerdo_569.jpg HTTP/1.1" 200 62670
190.253.29.244 - - [26/Jul/2015:09:10:45 -0500] "GET /galeria/nivo-slider/demo/images/Banner-decreto1299.jpg HTTP/1.1" 200 182613
190.253.29.244 - - [26/Jul/2015:09:10:45 -0500] "GET /galeria/nivo-slider/demo/images/Banner-Directorio.jpg HTTP/1.1" 200 182068
172.22.2.3 - - [26/Jul/2015:09:10:46 -0500] "POST /cumbredelclima/wp-admin/admin-ajax.php HTTP/1.1" 200 23
190.253.29.244 - - [26/Jul/2015:09:10:47 -0500] "GET /galeria/nivo-slider/themes/default/arrows.png HTTP/1.1" 200 824
190.253.29.244 - - [26/Jul/2015:09:10:47 -0500] "GET /galeria/nivo-slider/themes/default/bullets.png HTTP/1.1" 200 1281
190.157.19.149 - - [26/Jul/2015:09:10:48 -0500] "GET / HTTP/1.1" 200 10190
186.147.4.75 - - [26/Jul/2015:09:10:52 -0500] "GET /BLA/boletinlegal/js/jquery.scrollShow.js HTTP/1.1" 304 -
186.147.4.75 - - [26/Jul/2015:09:10:52 -0500] "GET /galeria/galeria/jquery.fancybox.js?v=2.1.5 HTTP/1.1" 304 -
186.147.4.75 - - [26/Jul/2015:09:10:52 -0500] "GET /galeria/galeria/jquery.fancybox.css?v=2.1.5 HTTP/1.1" 304 -
172.22.2.3 - - [26/Jul/2015:09:11:01 -0500] "POST /cumbredelclima/wp-admin/admin-ajax.php HTTP/1.1" 200 23
186.147.4.75 - - [26/Jul/2015:09:11:06 -0500] "GET /BLA/boletinlegal/js/jquery.scrollShow.js HTTP/1.1" 304 -
186.147.4.75 - - [26/Jul/2015:09:11:06 -0500] "GET /galeria/galeria/jquery.fancybox.js?v=2.1.5 HTTP/1.1" 304 -
186.147.4.75 - - [26/Jul/2015:09:11:06 -0500] "GET /galeria/galeria/jquery.fancybox.css?v=2.1.5 HTTP/1.1" 304 -
190.157.172.223 - - [26/Jul/2015:09:11:09 -0500] "GET /forest/session.jsp?a=0.9422420193441212 HTTP/1.1" 200 4
172.22.2.3 - - [26/Jul/2015:09:11:16 -0500] "POST /cumbredelclima/wp-admin/admin-ajax.php HTTP/1.1" 200 23
186.147.4.75 - - [26/Jul/2015:09:11:18 -0500] "GET /BLA/boletinlegal/js/jquery.scrollShow.js HTTP/1.1" 304 -
186.147.4.75 - - [26/Jul/2015:09:11:18 -0500] "GET /galeria/galeria/jquery.fancybox.js?v=2.1.5 HTTP/1.1" 304 -
186.147.4.75 - - [26/Jul/2015:09:11:18 -0500] "GET /galeria/galeria/jquery.fancybox.css?v=2.1.5 HTTP/1.1" 304 -
190.147.16.166 - - [26/Jul/2015:09:11:18 -0500] "GET /galeria/galeria/jquery.fancybox.css?v=2.1.5 HTTP/1.1" 304 -
190.147.16.166 - - [26/Jul/2015:09:11:18 -0500] "GET /galeria/galeria/jquery.fancybox.js?v=2.1.5 HTTP/1.1" 304 -
167.0.121.12 - - [26/Jul/2015:09:11:30 -0500] "GET /BLA/resoluciones/RESOLUCIONES%202012/1114.pdf HTTP/1.1" 200 597433
172.22.2.3 - - [26/Jul/2015:09:11:31 -0500] "POST /cumbredelclima/wp-admin/admin-ajax.php HTTP/1.1" 200 23
167.0.121.12 - - [26/Jul/2015:09:11:33 -0500] "GET /BLA/resoluciones/RESOLUCIONES%202012/1114.pdf HTTP/1.1" 206 446345
190.147.16.166 - - [26/Jul/2015:09:11:42 -0500] "GET /galeria/galeria/jquery.fancybox.js?v=2.1.5 HTTP/1.1" 304 -
190.147.16.166 - - [26/Jul/2015:09:11:42 -0500] "GET /galeria/galeria/jquery.fancybox.css?v=2.1.5 HTTP/1.1" 304 -
186.147.4.75 - - [26/Jul/2015:09:11:44 -0500] "GET /galeria/galeria/jquery.fancybox.js?v=2.1.5 HTTP/1.1" 304 -
186.147.4.75 - - [26/Jul/2015:09:11:44 -0500] "GET /BLA/boletinlegal/js/jquery.scrollShow.js HTTP/1.1" 304 -
186.147.4.75 - - [26/Jul/2015:09:11:44 -0500] "GET /galeria/galeria/jquery.fancybox.css?v=2.1.5 HTTP/1.1" 304 -
201.245.192.253 - - [26/Jul/2015:09:11:45 -0500] "GET /forest/session.jsp?a=0.8243456267170417 HTTP/1.1" 200 4
172.22.2.3 - - [26/Jul/2015:09:11:46 -0500] "POST /cumbredelclima/wp-admin/admin-ajax.php HTTP/1.1" 200 23
190.147.16.166 - - [26/Jul/2015:09:11:55 -0500] "GET /galeria/galeria/jquery.fancybox.css?v=2.1.5 HTTP/1.1" 304 -
190.147.16.166 - - [26/Jul/2015:09:11:55 -0500] "GET /galeria/galeria/jquery.fancybox.js?v=2.1.5 HTTP/1.1" 304 -
172.22.2.3 - - [26/Jul/2015:09:12:01 -0500] "POST /cumbredelclima/wp-admin/admin-ajax.php HTTP/1.1" 200 23
172.22.2.3 - - [26/Jul/2015:09:12:16 -0500] "POST /cumbredelclima/wp-admin/admin-ajax.php HTTP/1.1" 200 23
190.253.29.244 - - [26/Jul/2015:09:12:23 -0500] "GET /galeria/galeria/jquery.fancybox.css?v=2.1.5 HTTP/1.1" 304 -
190.253.29.244 - - [26/Jul/2015:09:12:23 -0500] "GET /BLA/boletinlegal/js/jquery.scrollShow.js HTTP/1.1" 304 -
190.253.29.244 - - [26/Jul/2015:09:12:23 -0500] "GET /galeria/galeria/jquery.fancybox.js?v=2.1.5 HTTP/1.1" 304 -
201.245.192.253 - - [26/Jul/2015:09:12:14 -0500] "POST /wp-admin/admin-ajax.php HTTP/1.1" 200 23
172.22.2.3 - - [26/Jul/2015:09:12:31 -0500] "POST /cumbredelclima/wp-admin/admin-ajax.php HTTP/1.1" 200 23
66.249.64.101 - - [26/Jul/2015:09:12:41 -0500] "GET /BLA/resoluciones/AUTOS%202013/0817.pdf HTTP/1.1" 304 -
190.66.214.96 - - [26/Jul/2015:09:12:45 -0500] "GET /BLA/boletinlegal/js/jquery.scrollShow.js HTTP/1.1" 200 4586
190.66.214.96 - - [26/Jul/2015:09:12:45 -0500] "GET /galeria/galeria/jquery.fancybox.js?v=2.1.5 HTTP/1.1" 200 48706
190.66.214.96 - - [26/Jul/2015:09:12:45 -0500] "GET /galeria/galeria/jquery.fancybox.css?v=2.1.5 HTTP/1.1" 200 4895
190.66.214.96 - - [26/Jul/2015:09:12:46 -0500] "GET /galeria/carrusel/Carrusel/jquery.thumbnailScroller.css HTTP/1.1" 200 2066
190.66.214.96 - - [26/Jul/2015:09:12:46 -0500] "GET /galeria/carrusel/Carrusel/jquery-ui-1.8.13.custom.min.js HTTP/1.1" 200 10800
172.22.2.3 - - [26/Jul/2015:09:12:46 -0500] "POST /cumbredelclima/wp-admin/admin-ajax.php HTTP/1.1" 200 23
190.66.214.96 - - [26/Jul/2015:09:12:47 -0500] "GET /galeria/carrusel/Carrusel/jquery.thumbnailScroller.js HTTP/1.1" 200 8157
190.66.214.96 - - [26/Jul/2015:09:12:51 -0500] "GET /galeria/nivo-slider/demo/demo.html HTTP/1.1" 200 5224
172.22.2.3 - - [26/Jul/2015:09:13:01 -0500] "POST /cumbredelclima/wp-admin/admin-ajax.php HTTP/1.1" 200 23
172.22.2.3 - - [26/Jul/2015:09:13:16 -0500] "POST /cumbredelclima/wp-admin/admin-ajax.php HTTP/1.1" 200 23
172.22.2.3 - - [26/Jul/2015:09:13:31 -0500] "POST /cumbredelclima/wp-admin/admin-ajax.php HTTP/1.1" 200 23
172.22.2.3 - - [26/Jul/2015:09:13:46 -0500] "POST /cumbredelclima/wp-admin/admin-ajax.php HTTP/1.1" 200 23
190.157.172.223 - - [26/Jul/2015:09:13:59 -0500] "GET /forest/session.jsp?a=0.5597124937921762 HTTP/1.1" 200 4
190.9.202.103 - - [26/Jul/2015:09:14:01 -0500] "GET /galeria/galeria/fotos/Entrenube2G.jpg HTTP/1.1" 200 111422
172.22.2.3 - - [26/Jul/2015:09:14:01 -0500] "POST /cumbredelclima/wp-admin/admin-ajax.php HTTP/1.1" 200 23
172.22.2.3 - - [26/Jul/2015:09:14:16 -0500] "POST /cumbredelclima/wp-admin/admin-ajax.php HTTP/1.1" 200 23
201.245.192.253 - - [26/Jul/2015:09:14:14 -0500] "POST /wp-admin/admin-ajax.php HTTP/1.1" 200 23
172.22.2.3 - - [26/Jul/2015:09:14:31 -0500] "POST /cumbredelclima/wp-admin/admin-ajax.php HTTP/1.1" 200 23
74.86.158.107 - - [26/Jul/2015:09:14:32 -0500] "HEAD / HTTP/1.1" 200 -
180.76.15.147 - - [26/Jul/2015:09:14:41 -0500] "GET /POT-2013/memoria%20justificativa/ANEXOS_2,3,4.pdf HTTP/1.1" 200 617731
172.22.2.3 - - [26/Jul/2015:09:14:46 -0500] "POST /cumbredelclima/wp-admin/admin-ajax.php HTTP/1.1" 200 23
201.245.192.253 - - [26/Jul/2015:09:14:57 -0500] "GET /forest/session.jsp?a=0.46398091878131453 HTTP/1.1" 200 4
172.22.2.3 - - [26/Jul/2015:09:15:01 -0500] "POST /cumbredelclima/wp-admin/admin-ajax.php HTTP/1.1" 200 23
172.22.2.3 - - [26/Jul/2015:09:15:16 -0500] "POST /cumbredelclima/wp-admin/admin-ajax.php HTTP/1.1" 200 23
172.22.2.3 - - [26/Jul/2015:09:15:31 -0500] "POST /cumbredelclima/wp-admin/admin-ajax.php HTTP/1.1" 200 23
172.22.2.3 - - [26/Jul/2015:09:15:46 -0500] "POST /cumbredelclima/wp-admin/admin-ajax.php HTTP/1.1" 200 23
201.184.35.192 - - [26/Jul/2015:09:15:56 -0500] "GET /galeria/galeria/jquery.fancybox.css?v=2.1.5 HTTP/1.1" 200 4895
201.184.35.192 - - [26/Jul/2015:09:15:56 -0500] "GET /BLA/boletinlegal/js/jquery.scrollShow.js HTTP/1.1" 200 4586
201.184.35.192 - - [26/Jul/2015:09:15:56 -0500] "GET /galeria/galeria/jquery.fancybox.js?v=2.1.5 HTTP/1.1" 200 48706
172.22.2.3 - - [26/Jul/2015:09:16:01 -0500] "POST /cumbredelclima/wp-admin/admin-ajax.php HTTP/1.1" 200 23
190.157.172.223 - - [26/Jul/2015:09:16:10 -0500] "GET /forest/session.jsp?a=0.7879993487149477 HTTP/1.1" 200 4
181.129.64.242 - - [26/Jul/2015:09:16:11 -0500] "GET /BLA/boletinlegal/js/jquery.scrollShow.js HTTP/1.1" 200 4586
181.129.64.242 - - [26/Jul/2015:09:16:11 -0500] "GET /galeria/galeria/jquery.fancybox.js?v=2.1.5 HTTP/1.1" 200 48706
181.129.64.242 - - [26/Jul/2015:09:16:12 -0500] "GET /galeria/galeria/jquery.fancybox.css?v=2.1.5 HTTP/1.1" 200 4895
181.129.64.242 - - [26/Jul/2015:09:16:12 -0500] "GET /galeria/carrusel/Carrusel/jquery.thumbnailScroller.css HTTP/1.1" 200 2066
181.129.64.242 - - [26/Jul/2015:09:16:12 -0500] "GET /galeria/carrusel/Carrusel/jquery-ui-1.8.13.custom.min.js HTTP/1.1" 200 10800
181.129.64.242 - - [26/Jul/2015:09:16:13 -0500] "GET /galeria/carrusel/Carrusel/jquery.thumbnailScroller.js HTTP/1.1" 200 8157
172.22.2.3 - - [26/Jul/2015:09:16:16 -0500] "POST /cumbredelclima/wp-admin/admin-ajax.php HTTP/1.1" 200 23
186.80.136.242 - - [26/Jul/2015:09:16:17 -0500] "GET /galeria/galeria/jquery.fancybox.css?v=2.1.5 HTTP/1.1" 200 4895
186.80.136.242 - - [26/Jul/2015:09:16:17 -0500] "GET /BLA/boletinlegal/js/jquery.scrollShow.js HTTP/1.1" 200 4586
186.80.136.242 - - [26/Jul/2015:09:16:17 -0500] "GET /galeria/galeria/jquery.fancybox.js?v=2.1.5 HTTP/1.1" 200 48706
181.129.64.242 - - [26/Jul/2015:09:16:23 -0500] "GET /galeria/nivo-slider/demo/demo.html HTTP/1.1" 200 5224
181.129.64.242 - - [26/Jul/2015:09:16:24 -0500] "GET /galeria/nivo-slider/themes/default/default.css HTTP/1.1" 200 1569
181.129.64.242 - - [26/Jul/2015:09:16:24 -0500] "GET /galeria/nivo-slider/themes/pascal/pascal.css HTTP/1.1" 200 2258
181.129.64.242 - - [26/Jul/2015:09:16:24 -0500] "GET /galeria/nivo-slider/nivo-slider.css HTTP/1.1" 200 1507
181.129.64.242 - - [26/Jul/2015:09:16:24 -0500] "GET /galeria/nivo-slider/demo/style.css HTTP/1.1" 200 2222
181.129.64.242 - - [26/Jul/2015:09:16:24 -0500] "GET /galeria/nivo-slider/demo/scripts/jquery-1.7.1.min.js HTTP/1.1" 200 93868
181.129.64.242 - - [26/Jul/2015:09:16:24 -0500] "GET /galeria/nivo-slider/jquery.nivo.slider.pack.js HTTP/1.1" 200 11561
181.129.64.242 - - [26/Jul/2015:09:16:24 -0500] "GET /galeria/nivo-slider/themes/orman/orman.css HTTP/1.1" 200 2152
181.129.64.242 - - [26/Jul/2015:09:16:24 -0500] "GET /galeria/nivo-slider/demo/images/Rendicion-de-cuentas.jpg HTTP/1.1" 200 309079
181.129.64.242 - - [26/Jul/2015:09:16:25 -0500] "GET /galeria/nivo-slider/demo/images/banner-llantas2.jpg HTTP/1.1" 200 204644
181.129.64.242 - - [26/Jul/2015:09:16:25 -0500] "GET /galeria/nivo-slider/demo/images/Semana-PYBA.jpg HTTP/1.1" 200 147360
181.129.64.242 - - [26/Jul/2015:09:16:26 -0500] "GET /galeria/nivo-slider/demo/images/PREDAcamp.jpg HTTP/1.1" 200 295358
186.80.136.242 - - [26/Jul/2015:09:16:27 -0500] "GET /galeria/galeria/jquery.fancybox.css?v=2.1.5 HTTP/1.1" 304 -
186.80.136.242 - - [26/Jul/2015:09:16:27 -0500] "GET /galeria/galeria/jquery.fancybox.js?v=2.1.5 HTTP/1.1" 304 -
186.80.136.242 - - [26/Jul/2015:09:16:27 -0500] "GET /BLA/boletinlegal/js/jquery.scrollShow.js HTTP/1.1" 304 -
201.245.192.253 - - [26/Jul/2015:09:16:14 -0500] "POST /wp-admin/admin-ajax.php HTTP/1.1" 200 23
172.22.2.3 - - [26/Jul/2015:09:16:31 -0500] "POST /cumbredelclima/wp-admin/admin-ajax.php HTTP/1.1" 200 23
181.129.64.242 - - [26/Jul/2015:09:16:33 -0500] "GET /galeria/nivo-slider/demo/images/VoluntariadoPYBA.jpg HTTP/1.1" 200 40647
181.129.64.242 - - [26/Jul/2015:09:16:36 -0500] "GET /galeria/nivo-slider/demo/images/9Signos.jpg HTTP/1.1" 200 81776
181.129.64.242 - - [26/Jul/2015:09:16:36 -0500] "GET /galeria/nivo-slider/demo/images/Comparendo-ambiental-Banner.jpg HTTP/1.1" 200 83731
181.129.64.242 - - [26/Jul/2015:09:16:37 -0500] "GET /galeria/nivo-slider/demo/images/GAE-banner.jpg HTTP/1.1" 200 97556
181.129.64.242 - - [26/Jul/2015:09:16:40 -0500] "GET /galeria/nivo-slider/demo/images/Banner-encuesta-de-percepscio.jpg HTTP/1.1" 200 201899
181.129.64.242 - - [26/Jul/2015:09:16:42 -0500] "GET /galeria/nivo-slider/demo/images/banner-Pacto-por-la-madera.jpg HTTP/1.1" 200 209966
181.129.64.242 - - [26/Jul/2015:09:16:44 -0500] "GET /galeria/nivo-slider/demo/images/acuerdo_569.jpg HTTP/1.1" 200 62670
201.245.192.253 - - [26/Jul/2015:09:16:45 -0500] "GET /forest/session.jsp?a=0.2867909132349421 HTTP/1.1" 200 4
181.129.64.242 - - [26/Jul/2015:09:16:46 -0500] "GET /galeria/nivo-slider/demo/images/Licitaciones-proyecto-paramo.jpg HTTP/1.1" 200 221877
172.22.2.3 - - [26/Jul/2015:09:16:46 -0500] "POST /cumbredelclima/wp-admin/admin-ajax.php HTTP/1.1" 200 23
181.129.64.242 - - [26/Jul/2015:09:16:47 -0500] "GET /galeria/nivo-slider/demo/images/Banner-decreto1299.jpg HTTP/1.1" 200 182613
181.129.64.242 - - [26/Jul/2015:09:16:47 -0500] "GET /galeria/nivo-slider/themes/default/loading.gif HTTP/1.1" 200 1737
181.129.64.242 - - [26/Jul/2015:09:16:47 -0500] "GET /galeria/nivo-slider/demo/images/Rendicion-de-cuentas.jpg HTTP/1.1" 200 309079
