172.22.2.3 - - [26/Jul/2015:11:59:36 -0500] "POST /cumbredelclima/wp-admin/admin-ajax.php HTTP/1.1" 200 23
190.157.172.223 - - [26/Jul/2015:11:59:41 -0500] "GET /forest/session.jsp?a=0.6225367628503591 HTTP/1.1" 200 4
172.22.2.3 - - [26/Jul/2015:11:59:51 -0500] "POST /cumbredelclima/wp-admin/admin-ajax.php HTTP/1.1" 200 23
201.245.192.253 - - [26/Jul/2015:11:59:58 -0500] "GET /forest/session.jsp?a=0.5751030536856101 HTTP/1.1" 200 4
172.22.2.3 - - [26/Jul/2015:12:00:06 -0500] "POST /cumbredelclima/wp-admin/admin-ajax.php HTTP/1.1" 200 23
172.22.2.3 - - [26/Jul/2015:12:00:21 -0500] "POST /cumbredelclima/wp-admin/admin-ajax.php HTTP/1.1" 200 23
201.245.192.253 - - [26/Jul/2015:12:00:15 -0500] "POST /wp-admin/admin-ajax.php HTTP/1.1" 200 23
172.22.2.3 - - [26/Jul/2015:12:00:36 -0500] "POST /cumbredelclima/wp-admin/admin-ajax.php HTTP/1.1" 200 23
190.157.187.185 - - [26/Jul/2015:12:00:39 -0500] "GET /galeria/nivo-slider/demo/demo.html HTTP/1.1" 304 -
201.245.219.182 - - [26/Jul/2015:11:54:40 -0500] "GET /ForestMSG_SDA/channelAsync/template_word_18751323?X-Atmosphere-tracking-id=6a3d8910-621a-68e1-b1ab-365480f98ff0&X-Atmosphere-Framework=1.0.5&X-Atmosphere-Transport=long-polling&tabid=0.7504378110170364&X-Cache-Date=0&Content-Type=application/xml&_=1437929819278 HTTP/1.1" 200 8193
190.157.187.185 - - [26/Jul/2015:12:00:49 -0500] "GET /galeria/nivo-slider/themes/default/default.css HTTP/1.1" 304 -
190.157.187.185 - - [26/Jul/2015:12:00:49 -0500] "GET /galeria/nivo-slider/demo/images/Rendicion-de-cuentas.jpg HTTP/1.1" 304 -
190.157.187.185 - - [26/Jul/2015:12:00:49 -0500] "GET /galeria/nivo-slider/demo/images/PREDAcamp.jpg HTTP/1.1" 304 -
190.157.187.185 - - [26/Jul/2015:12:00:49 -0500] "GET /galeria/nivo-slider/demo/images/Semana-PYBA.jpg HTTP/1.1" 304 -
190.157.187.185 - - [26/Jul/2015:12:00:50 -0500] "GET /galeria/nivo-slider/demo/images/9Signos.jpg HTTP/1.1" 304 -
190.157.187.185 - - [26/Jul/2015:12:00:50 -0500] "GET /galeria/nivo-slider/demo/images/GAE-banner.jpg HTTP/1.1" 304 -
172.22.2.3 - - [26/Jul/2015:12:00:51 -0500] "POST /cumbredelclima/wp-admin/admin-ajax.php HTTP/1.1" 200 23
172.22.2.3 - - [26/Jul/2015:12:01:06 -0500] "POST /cumbredelclima/wp-admin/admin-ajax.php HTTP/1.1" 200 23
181.61.164.183 - - [26/Jul/2015:12:01:13 -0500] "GET /galeria/nivo-slider/demo/images/Rendicion-de-cuentas.jpg HTTP/1.1" 304 -
181.61.164.183 - - [26/Jul/2015:12:01:13 -0500] "GET /galeria/nivo-slider/demo/images/acuerdo_569.jpg HTTP/1.1" 304 -
201.185.211.107 - - [26/Jul/2015:12:01:19 -0500] "GET /galeria/galeria/jquery.fancybox.css?v=2.1.5 HTTP/1.1" 200 4895
201.185.211.107 - - [26/Jul/2015:12:01:19 -0500] "GET /BLA/boletinlegal/js/jquery.scrollShow.js HTTP/1.1" 200 4586
201.185.211.107 - - [26/Jul/2015:12:01:19 -0500] "GET /galeria/galeria/jquery.fancybox.js?v=2.1.5 HTTP/1.1" 200 48706
181.50.171.134 - - [26/Jul/2015:12:01:20 -0500] "GET /forest/session.jsp?a=0.7512854324191742 HTTP/1.1" 200 4
172.22.2.3 - - [26/Jul/2015:12:01:21 -0500] "POST /cumbredelclima/wp-admin/admin-ajax.php HTTP/1.1" 200 23
201.185.211.107 - - [26/Jul/2015:12:01:25 -0500] "GET /galeria/galeria/jquery.fancybox.css?v=2.1.5 HTTP/1.1" 304 -
201.185.211.107 - - [26/Jul/2015:12:01:25 -0500] "GET /BLA/boletinlegal/js/jquery.scrollShow.js HTTP/1.1" 304 -
201.185.211.107 - - [26/Jul/2015:12:01:25 -0500] "GET /galeria/galeria/jquery.fancybox.js?v=2.1.5 HTTP/1.1" 304 -
172.22.2.3 - - [26/Jul/2015:12:01:36 -0500] "POST /cumbredelclima/wp-admin/admin-ajax.php HTTP/1.1" 200 23
190.68.197.230 - - [26/Jul/2015:12:01:37 -0500] "GET /forest/misactividades.do?_a=0.287129957228899&group_system_actual=3 HTTP/1.1" 200 37587
190.68.197.230 - - [26/Jul/2015:12:01:39 -0500] "GET /forest/session.jsp?a=0.3623528890311718 HTTP/1.1" 200 4
190.68.197.230 - - [26/Jul/2015:12:01:39 -0500] "POST /forest/misactividades.do?ajax=true&a=0.13610662426799536 HTTP/1.1" 200 10671
201.245.192.253 - - [26/Jul/2015:12:01:46 -0500] "GET /forest/session.jsp?a=0.17195591667409893 HTTP/1.1" 200 4
190.68.197.230 - - [26/Jul/2015:11:55:49 -0500] "GET /ForestMSG_SDA/channelAsync/template_word_18751393?X-Atmosphere-tracking-id=1ea54a25-0254-0c7e-d2c8-455f02cfe208&X-Atmosphere-Framework=1.0.5&X-Atmosphere-Transport=long-polling&tabid=0.01768597401678562&X-Cache-Date=0&Content-Type=application/xml&_=1437929887292 HTTP/1.1" 200 8193
172.22.2.3 - - [26/Jul/2015:12:01:51 -0500] "POST /cumbredelclima/wp-admin/admin-ajax.php HTTP/1.1" 200 23
172.22.2.3 - - [26/Jul/2015:12:02:06 -0500] "POST /cumbredelclima/wp-admin/admin-ajax.php HTTP/1.1" 200 23
180.76.15.146 - - [26/Jul/2015:12:02:16 -0500] "GET /SIG/Gestion%20Recursos%20Financieros/126PA02-PR23%20REGISTRO%20RESPONSABILIDADES.pdf HTTP/1.1" 200 245792
172.22.2.3 - - [26/Jul/2015:12:02:21 -0500] "POST /cumbredelclima/wp-admin/admin-ajax.php HTTP/1.1" 200 23
186.28.145.195 - - [26/Jul/2015:12:02:22 -0500] "GET /BLA/resoluciones/RESOLUCIONES%202007/RES%202007%203101%20AL%203200/RESOLUCION%203114%20DE%202007.pdf HTTP/1.1" 200 781143
186.28.145.195 - - [26/Jul/2015:12:02:23 -0500] "GET /BLA/resoluciones/RESOLUCIONES%202007/RES%202007%203101%20AL%203200/RESOLUCION%203114%20DE%202007.pdf HTTP/1.1" 206 60247
186.28.145.195 - - [26/Jul/2015:12:02:23 -0500] "GET /BLA/resoluciones/RESOLUCIONES%202007/RES%202007%203101%20AL%203200/RESOLUCION%203114%20DE%202007.pdf HTTP/1.1" 206 65536
186.28.145.195 - - [26/Jul/2015:12:02:23 -0500] "GET /BLA/resoluciones/RESOLUCIONES%202007/RES%202007%203101%20AL%203200/RESOLUCION%203114%20DE%202007.pdf HTTP/1.1" 206 65536
186.28.145.195 - - [26/Jul/2015:12:02:23 -0500] "GET /BLA/resoluciones/RESOLUCIONES%202007/RES%202007%203101%20AL%203200/RESOLUCION%203114%20DE%202007.pdf HTTP/1.1" 206 65536
186.28.145.195 - - [26/Jul/2015:12:02:24 -0500] "GET /BLA/resoluciones/RESOLUCIONES%202007/RES%202007%203101%20AL%203200/RESOLUCION%203114%20DE%202007.pdf HTTP/1.1" 206 65536
190.68.197.230 - - [26/Jul/2015:12:02:24 -0500] "GET /forest/skins/gdocs-jar/popup/popup.jsp?width=850&height=380&title=Informaci%F3n%20del%20radicado&uri=/forest/system/document.jsp%3FcodDoc%3D1813109&name=undefined&_a=0.8357476673554629&a=0.41406088904477656 HTTP/1.1" 200 1315
186.28.145.195 - - [26/Jul/2015:12:02:24 -0500] "GET /BLA/resoluciones/RESOLUCIONES%202007/RES%202007%203101%20AL%203200/RESOLUCION%203114%20DE%202007.pdf HTTP/1.1" 206 65536
190.68.197.230 - - [26/Jul/2015:12:02:24 -0500] "GET /forest/system/document.jsp?codDoc=1813109 HTTP/1.1" 200 15220
186.28.145.195 - - [26/Jul/2015:12:02:24 -0500] "GET /BLA/resoluciones/RESOLUCIONES%202007/RES%202007%203101%20AL%203200/RESOLUCION%203114%20DE%202007.pdf HTTP/1.1" 206 65536
186.28.145.195 - - [26/Jul/2015:12:02:25 -0500] "GET /BLA/resoluciones/RESOLUCIONES%202007/RES%202007%203101%20AL%203200/RESOLUCION%203114%20DE%202007.pdf HTTP/1.1" 206 65536
186.28.145.195 - - [26/Jul/2015:12:02:25 -0500] "GET /BLA/resoluciones/RESOLUCIONES%202007/RES%202007%203101%20AL%203200/RESOLUCION%203114%20DE%202007.pdf HTTP/1.1" 206 65536
186.28.145.195 - - [26/Jul/2015:12:02:25 -0500] "GET /BLA/resoluciones/RESOLUCIONES%202007/RES%202007%203101%20AL%203200/RESOLUCION%203114%20DE%202007.pdf HTTP/1.1" 206 65536
186.28.145.195 - - [26/Jul/2015:12:02:25 -0500] "GET /BLA/resoluciones/RESOLUCIONES%202007/RES%202007%203101%20AL%203200/RESOLUCION%203114%20DE%202007.pdf HTTP/1.1" 206 65536
186.28.145.195 - - [26/Jul/2015:12:02:26 -0500] "GET /favicon.ico HTTP/1.1" 200 7782
190.68.197.230 - - [26/Jul/2015:12:02:27 -0500] "GET /forest/documentos/1813109/2014ER042743.pdf HTTP/1.1" 200 81102
201.245.192.253 - - [26/Jul/2015:12:02:15 -0500] "POST /wp-admin/admin-ajax.php HTTP/1.1" 200 23
172.22.2.3 - - [26/Jul/2015:12:02:36 -0500] "POST /cumbredelclima/wp-admin/admin-ajax.php HTTP/1.1" 200 23
66.249.64.243 - - [26/Jul/2015:12:02:47 -0500] "GET /PORTAL_SIAC/swf/Residuos/maderas/images/page3_thumbnail.jpg HTTP/1.1" 200 3604
88.198.233.69 - - [26/Jul/2015:12:02:49 -0500] "GET / HTTP/1.1" 200 10190
172.22.2.3 - - [26/Jul/2015:12:02:51 -0500] "POST /cumbredelclima/wp-admin/admin-ajax.php HTTP/1.1" 200 23
190.68.197.230 - - [26/Jul/2015:12:02:51 -0500] "GET /forest/index2.jsp?_a=0.5016829294618219 HTTP/1.1" 200 61764
190.68.197.230 - - [26/Jul/2015:12:02:52 -0500] "GET /forest/session.jsp?a=0.8499404224567115 HTTP/1.1" 200 4
190.68.197.230 - - [26/Jul/2015:12:02:54 -0500] "GET /forest/forms/showform.jsp?codPro=126&codForm=inicioseguimiento&a=0.28334666788578033 HTTP/1.1" 200 8306
190.68.197.230 - - [26/Jul/2015:12:02:56 -0500] "POST /forest/actions/forms.saveForm?codPro=126 HTTP/1.1" 200 165
186.82.52.192 - - [26/Jul/2015:12:02:57 -0500] "GET /galeria/galeria/jquery.fancybox.css?v=2.1.5 HTTP/1.1" 200 4895
186.82.52.192 - - [26/Jul/2015:12:02:57 -0500] "GET /BLA/boletinlegal/js/jquery.scrollShow.js HTTP/1.1" 200 4586
186.82.52.192 - - [26/Jul/2015:12:02:57 -0500] "GET /galeria/galeria/jquery.fancybox.js?v=2.1.5 HTTP/1.1" 200 48706
172.22.2.3 - - [26/Jul/2015:12:03:06 -0500] "POST /cumbredelclima/wp-admin/admin-ajax.php HTTP/1.1" 200 23
190.68.197.230 - - [26/Jul/2015:12:03:18 -0500] "GET /forest/index2.jsp?group_system_actual=3&a=0.8622154409531504 HTTP/1.1" 200 64695
190.68.197.230 - - [26/Jul/2015:12:03:19 -0500] "GET /forest/session.jsp?a=0.397625922691077 HTTP/1.1" 200 4
186.82.52.192 - - [26/Jul/2015:12:03:06 -0500] "GET /videos/CRRFFS.mp4 HTTP/1.1" 200 286784363
186.82.52.192 - - [26/Jul/2015:12:03:19 -0500] "GET /galeria/galeria/jquery.fancybox.css?v=2.1.5 HTTP/1.1" 304 -
186.82.52.192 - - [26/Jul/2015:12:03:19 -0500] "GET /BLA/boletinlegal/js/jquery.scrollShow.js HTTP/1.1" 304 -
186.82.52.192 - - [26/Jul/2015:12:03:19 -0500] "GET /galeria/galeria/jquery.fancybox.js?v=2.1.5 HTTP/1.1" 304 -
172.22.2.3 - - [26/Jul/2015:12:03:21 -0500] "POST /cumbredelclima/wp-admin/admin-ajax.php HTTP/1.1" 200 23
186.82.52.192 - - [26/Jul/2015:12:03:22 -0500] "GET /videos/CRRFFS.mp4 HTTP/1.1" 206 1
172.22.2.3 - - [26/Jul/2015:12:03:36 -0500] "POST /cumbredelclima/wp-admin/admin-ajax.php HTTP/1.1" 200 23
172.22.2.3 - - [26/Jul/2015:12:03:51 -0500] "POST /cumbredelclima/wp-admin/admin-ajax.php HTTP/1.1" 200 23
172.22.2.3 - - [26/Jul/2015:12:04:06 -0500] "POST /cumbredelclima/wp-admin/admin-ajax.php HTTP/1.1" 200 23
172.22.2.3 - - [26/Jul/2015:12:04:21 -0500] "POST /cumbredelclima/wp-admin/admin-ajax.php HTTP/1.1" 200 23
201.245.192.253 - - [26/Jul/2015:12:04:15 -0500] "POST /wp-admin/admin-ajax.php HTTP/1.1" 200 23
74.86.158.107 - - [26/Jul/2015:12:04:32 -0500] "HEAD / HTTP/1.1" 200 -
172.22.2.3 - - [26/Jul/2015:12:04:36 -0500] "POST /cumbredelclima/wp-admin/admin-ajax.php HTTP/1.1" 200 23
66.249.64.106 - - [26/Jul/2015:12:04:40 -0500] "GET /BLA/resoluciones/RESOLUCIONES%202009/6042.pdf HTTP/1.1" 200 492743
190.157.172.223 - - [26/Jul/2015:12:04:41 -0500] "GET /forest/session.jsp?a=0.18687674938701093 HTTP/1.1" 200 4
200.119.32.43 - - [26/Jul/2015:12:04:46 -0500] "GET /forest/session.jsp?a=0.7824058039113879 HTTP/1.1" 200 4
172.22.2.3 - - [26/Jul/2015:12:04:51 -0500] "POST /cumbredelclima/wp-admin/admin-ajax.php HTTP/1.1" 200 23
201.245.192.253 - - [26/Jul/2015:12:04:58 -0500] "GET /forest/session.jsp?a=0.10300757955568451 HTTP/1.1" 200 4
172.22.2.3 - - [26/Jul/2015:12:05:06 -0500] "POST /cumbredelclima/wp-admin/admin-ajax.php HTTP/1.1" 200 23
200.119.32.43 - - [26/Jul/2015:12:05:08 -0500] "POST /forest/buscar.do? HTTP/1.1" 200 8342
200.119.32.43 - - [26/Jul/2015:12:05:08 -0500] "GET /forest/img/nav_first.gif HTTP/1.1" 200 89
200.119.32.43 - - [26/Jul/2015:12:05:08 -0500] "GET /forest/img/nav_prev.gif HTTP/1.1" 200 109
200.119.32.43 - - [26/Jul/2015:12:05:08 -0500] "GET /forest/img/nav_last.gif HTTP/1.1" 200 92
200.119.32.43 - - [26/Jul/2015:12:05:08 -0500] "GET /forest/img/nav_next.gif HTTP/1.1" 200 111
200.119.32.43 - - [26/Jul/2015:12:05:08 -0500] "GET /forest/skins/gdocs-jar/img/eye.gif HTTP/1.1" 200 396
200.119.32.43 - - [26/Jul/2015:12:05:08 -0500] "GET /forest/css/escritorio.css HTTP/1.1" 200 15878
200.119.32.43 - - [26/Jul/2015:12:05:08 -0500] "GET /forest/skins/gdocs-jar/img/more_details.gif HTTP/1.1" 200 617
200.119.32.43 - - [26/Jul/2015:12:05:09 -0500] "GET /forest/skins/gdocs-jar/popup/popup.jsp?width=900&height=600&title=Informaci%F3n%20de%20proceso&uri=/forest/system/process.jsp%3FnumPro%3D3102649&name=undefined&_a=0.8415871025063097&a=0.9612814786378294 HTTP/1.1" 200 1312
200.119.32.43 - - [26/Jul/2015:12:05:09 -0500] "GET /forest/system/process.jsp?numPro=3102649 HTTP/1.1" 200 72885
200.119.32.43 - - [26/Jul/2015:12:05:10 -0500] "GET /forest/css/dialog.css HTTP/1.1" 200 1100
200.119.32.43 - - [26/Jul/2015:12:05:10 -0500] "GET /forest/css/index.css HTTP/1.1" 200 1900
200.119.32.43 - - [26/Jul/2015:12:05:10 -0500] "GET /forest/skins/gdocs-jar/img/icons/pdf.gif HTTP/1.1" 200 230
200.119.32.43 - - [26/Jul/2015:12:05:10 -0500] "GET /forest/skins/gdocs-jar/img/expandido.gif HTTP/1.1" 200 190
200.119.32.43 - - [26/Jul/2015:12:05:10 -0500] "GET /forest/skins/gdocs-jar/img/activity2.gif HTTP/1.1" 200 374
200.119.32.43 - - [26/Jul/2015:12:05:10 -0500] "GET /forest/skins/gdocs-jar/img/itemlist.gif HTTP/1.1" 200 134
200.119.32.43 - - [26/Jul/2015:12:05:10 -0500] "GET /forest/skins/gdocs-jar/img/mueveactividad.gif HTTP/1.1" 200 90
200.119.32.43 - - [26/Jul/2015:12:05:10 -0500] "GET /forest/skins/gdocs-jar/img/ok.gif HTTP/1.1" 200 579
200.119.32.43 - - [26/Jul/2015:12:05:10 -0500] "GET /forest/skins/gdocs-jar/img/clip.gif HTTP/1.1" 200 246
200.119.32.43 - - [26/Jul/2015:12:05:10 -0500] "GET /forest/skins/gdocs-jar/img/alert.gif HTTP/1.1" 200 595
200.119.32.43 - - [26/Jul/2015:12:05:10 -0500] "GET /forest/skins/gdocs-jar/img/icons/p7z.gif HTTP/1.1" 200 582
200.119.32.43 - - [26/Jul/2015:12:05:10 -0500] "GET /forest/skins/gdocs-jar/img/icons/docx.gif HTTP/1.1" 200 1039
200.119.32.43 - - [26/Jul/2015:12:05:10 -0500] "GET /forest/1ibre/1ibre.js HTTP/1.1" 200 197648
200.119.32.43 - - [26/Jul/2015:12:05:10 -0500] "GET /forest/1ibre/protoaculous.js HTTP/1.1" 200 151386
200.119.32.43 - - [26/Jul/2015:12:05:13 -0500] "GET /favicon.ico HTTP/1.1" 200 7782
200.119.32.43 - - [26/Jul/2015:12:05:12 -0500] "GET /forest/documentos/1758085/2013ER169322.pdf HTTP/1.1" 200 1347208
172.22.2.3 - - [26/Jul/2015:12:05:21 -0500] "POST /cumbredelclima/wp-admin/admin-ajax.php HTTP/1.1" 200 23
186.82.245.48 - - [26/Jul/2015:12:05:35 -0500] "GET /BLA/boletinlegal/js/jquery.scrollShow.js HTTP/1.1" 200 4586
186.82.245.48 - - [26/Jul/2015:12:05:36 -0500] "GET /galeria/galeria/jquery.fancybox.js?v=2.1.5 HTTP/1.1" 200 48706
186.82.245.48 - - [26/Jul/2015:12:05:36 -0500] "GET /galeria/galeria/jquery.fancybox.css?v=2.1.5 HTTP/1.1" 200 4895
172.22.2.3 - - [26/Jul/2015:12:05:36 -0500] "POST /cumbredelclima/wp-admin/admin-ajax.php HTTP/1.1" 200 23
172.22.2.3 - - [26/Jul/2015:12:05:51 -0500] "POST /cumbredelclima/wp-admin/admin-ajax.php HTTP/1.1" 200 23
186.82.245.48 - - [26/Jul/2015:12:06:01 -0500] "GET /galeria/galeria/jquery.fancybox.css?v=2.1.5 HTTP/1.1" 304 -
186.82.245.48 - - [26/Jul/2015:12:06:01 -0500] "GET /BLA/boletinlegal/js/jquery.scrollShow.js HTTP/1.1" 304 -
186.82.245.48 - - [26/Jul/2015:12:06:01 -0500] "GET /galeria/galeria/jquery.fancybox.js?v=2.1.5 HTTP/1.1" 304 -
190.157.172.223 - - [26/Jul/2015:12:06:03 -0500] "GET /forest/index2.jsp?_a=0.5165175881702453 HTTP/1.1" 200 105677
190.157.172.223 - - [26/Jul/2015:12:06:03 -0500] "GET /forest/session.jsp?a=0.7415418655145913 HTTP/1.1" 200 4
172.22.2.3 - - [26/Jul/2015:12:06:06 -0500] "POST /cumbredelclima/wp-admin/admin-ajax.php HTTP/1.1" 200 23
186.154.197.162 - - [26/Jul/2015:12:06:16 -0500] "GET /crossdomain.xml HTTP/1.1" 404 1280
190.157.172.223 - - [26/Jul/2015:12:06:15 -0500] "GET /forest/usutareas.do?group_system_actual=3&codTraEsc=18751432&_a=0.2085152539247489 HTTP/1.1" 200 106605
190.157.172.223 - - [26/Jul/2015:12:06:16 -0500] "GET /forest/session.jsp?a=0.6913195673841983 HTTP/1.1" 200 4
190.157.172.223 - - [26/Jul/2015:12:06:16 -0500] "GET /forest/actions/forms.getMappedValues?id=id_Numeracion1&value=1437929203879&codForm=ElaborarDocumento&a=0.48148339963518083 HTTP/1.1" 200 107
186.154.197.162 - - [26/Jul/2015:12:06:16 -0500] "GET /arcgis/services/Calidad_del_Agua_WQI/MapServer/WMSServer?HEIGHT=475&STYLES=&LAYERS=3%2C4%2C5%2C6%2C7&BBOX=%2D74%2E07003322349786%2C4%2E607572297145929%2C%2D74%2E06881493946287%2C4%2E608137419134814&VERSION=1%2E1%2E1&TRANSPARENT=TRUE&SERVICE=WMS&SRS=EPSG%3A4686&REQUEST=GetMap&FORMAT=image%2Fpng&WIDTH=1024 HTTP/1.1" 200 3077
181.50.171.134 - - [26/Jul/2015:12:06:20 -0500] "GET /forest/session.jsp?a=0.9329698746672784 HTTP/1.1" 200 4
172.22.2.3 - - [26/Jul/2015:12:06:21 -0500] "POST /cumbredelclima/wp-admin/admin-ajax.php HTTP/1.1" 200 23
190.25.160.252 - - [26/Jul/2015:12:06:23 -0500] "GET /galeria/galeria/jquery.fancybox.css?v=2.1.5 HTTP/1.1" 200 4895
190.25.160.252 - - [26/Jul/2015:12:06:23 -0500] "GET /BLA/boletinlegal/js/jquery.scrollShow.js HTTP/1.1" 200 4586
190.25.160.252 - - [26/Jul/2015:12:06:23 -0500] "GET /galeria/galeria/jquery.fancybox.js?v=2.1.5 HTTP/1.1" 200 48706
201.245.192.253 - - [26/Jul/2015:12:06:15 -0500] "POST /wp-admin/admin-ajax.php HTTP/1.1" 200 23
216.163.247.1 - - [26/Jul/2015:12:06:30 -0500] "GET /galeria/galeria/jquery.fancybox.css?v=2.1.5 HTTP/1.1" 304 -
190.25.160.252 - - [26/Jul/2015:12:06:30 -0500] "GET /BLA/boletinlegal/js/jquery.scrollShow.js HTTP/1.1" 304 -
190.25.160.252 - - [26/Jul/2015:12:06:30 -0500] "GET /galeria/galeria/jquery.fancybox.js?v=2.1.5 HTTP/1.1" 304 -
190.25.160.252 - - [26/Jul/2015:12:06:30 -0500] "GET /galeria/galeria/jquery.fancybox.css?v=2.1.5 HTTP/1.1" 304 -
172.22.2.3 - - [26/Jul/2015:12:06:36 -0500] "POST /cumbredelclima/wp-admin/admin-ajax.php HTTP/1.1" 200 23
191.103.229.94 - - [26/Jul/2015:12:06:38 -0500] "GET /galeria/galeria/fotos/Huemdal-Cordoba3G.jpg HTTP/1.1" 200 445563
192.0.83.17 - - [26/Jul/2015:12:06:40 -0500] "GET /BLA/boletinlegal/js/jquery.scrollShow.js HTTP/1.1" 200 4586
192.0.83.17 - - [26/Jul/2015:12:06:40 -0500] "GET /galeria/galeria/jquery.fancybox.js?v=2.1.5 HTTP/1.1" 200 48706
192.0.83.17 - - [26/Jul/2015:12:06:40 -0500] "GET /galeria/galeria/jquery.fancybox.css?v=2.1.5 HTTP/1.1" 200 4895
192.0.83.17 - - [26/Jul/2015:12:06:40 -0500] "GET /galeria/carrusel/Carrusel/jquery.thumbnailScroller.css HTTP/1.1" 200 2066
192.0.83.17 - - [26/Jul/2015:12:06:40 -0500] "GET /galeria/carrusel/Carrusel/jquery-ui-1.8.13.custom.min.js HTTP/1.1" 200 10800
192.0.83.17 - - [26/Jul/2015:12:06:40 -0500] "GET /galeria/carrusel/Carrusel/jquery.thumbnailScroller.js HTTP/1.1" 200 8157
201.245.219.182 - - [26/Jul/2015:12:00:41 -0500] "GET /ForestMSG_SDA/channelAsync/template_word_18751323?X-Atmosphere-tracking-id=6a3d8910-621a-68e1-b1ab-365480f98ff0&X-Atmosphere-Framework=1.0.5&X-Atmosphere-Transport=long-polling&tabid=0.7504378110170364&X-Cache-Date=0&Content-Type=application/xml&_=1437930180281 HTTP/1.1" 200 8193
192.0.83.17 - - [26/Jul/2015:12:06:44 -0500] "GET /galeria/nivo-slider/demo/demo.html HTTP/1.1" 200 5224
192.0.83.17 - - [26/Jul/2015:12:06:45 -0500] "GET /galeria/nivo-slider/themes/default/default.css HTTP/1.1" 200 1569
192.0.83.17 - - [26/Jul/2015:12:06:45 -0500] "GET /galeria/nivo-slider/nivo-slider.css HTTP/1.1" 200 1507
192.0.83.17 - - [26/Jul/2015:12:06:45 -0500] "GET /galeria/nivo-slider/demo/scripts/jquery-1.7.1.min.js HTTP/1.1" 200 93868
192.0.83.17 - - [26/Jul/2015:12:06:45 -0500] "GET /galeria/nivo-slider/themes/pascal/pascal.css HTTP/1.1" 200 2258
192.0.83.17 - - [26/Jul/2015:12:06:45 -0500] "GET /galeria/nivo-slider/themes/orman/orman.css HTTP/1.1" 200 2152
192.0.83.17 - - [26/Jul/2015:12:06:45 -0500] "GET /galeria/nivo-slider/demo/style.css HTTP/1.1" 200 2222
192.0.83.17 - - [26/Jul/2015:12:06:45 -0500] "GET /galeria/nivo-slider/jquery.nivo.slider.pack.js HTTP/1.1" 200 11561
192.0.83.17 - - [26/Jul/2015:12:06:45 -0500] "GET /galeria/nivo-slider/demo/images/Rendicion-de-cuentas.jpg HTTP/1.1" 200 309079
192.0.83.17 - - [26/Jul/2015:12:06:45 -0500] "GET /galeria/nivo-slider/demo/images/banner-llantas2.jpg HTTP/1.1" 200 204644
192.0.83.17 - - [26/Jul/2015:12:06:45 -0500] "GET /galeria/nivo-slider/demo/images/Semana-PYBA.jpg HTTP/1.1" 200 147360
192.0.83.17 - - [26/Jul/2015:12:06:45 -0500] "GET /galeria/nivo-slider/demo/images/PREDAcamp.jpg HTTP/1.1" 200 295358
192.0.83.17 - - [26/Jul/2015:12:06:45 -0500] "GET /galeria/nivo-slider/demo/images/VoluntariadoPYBA.jpg HTTP/1.1" 200 40647
192.0.83.17 - - [26/Jul/2015:12:06:45 -0500] "GET /galeria/nivo-slider/demo/images/9Signos.jpg HTTP/1.1" 200 81776
192.0.83.17 - - [26/Jul/2015:12:06:45 -0500] "GET /galeria/nivo-slider/demo/images/Comparendo-ambiental-Banner.jpg HTTP/1.1" 200 83731
192.0.83.17 - - [26/Jul/2015:12:06:45 -0500] "GET /galeria/nivo-slider/demo/images/GAE-banner.jpg HTTP/1.1" 200 97556
192.0.83.17 - - [26/Jul/2015:12:06:46 -0500] "GET /galeria/nivo-slider/demo/images/Banner-encuesta-de-percepscio.jpg HTTP/1.1" 200 201899
192.0.83.17 - - [26/Jul/2015:12:06:46 -0500] "GET /galeria/nivo-slider/demo/images/banner-Pacto-por-la-madera.jpg HTTP/1.1" 200 209966
192.0.83.17 - - [26/Jul/2015:12:06:46 -0500] "GET /galeria/nivo-slider/demo/images/acuerdo_569.jpg HTTP/1.1" 200 62670
201.245.192.253 - - [26/Jul/2015:12:06:46 -0500] "GET /forest/session.jsp?a=0.7034210485770853 HTTP/1.1" 200 4
192.0.83.17 - - [26/Jul/2015:12:06:47 -0500] "GET /galeria/nivo-slider/demo/images/Licitaciones-proyecto-paramo.jpg HTTP/1.1" 200 221877
192.0.83.17 - - [26/Jul/2015:12:06:47 -0500] "GET /galeria/nivo-slider/demo/images/Banner-Directorio.jpg HTTP/1.1" 200 182068
192.0.83.17 - - [26/Jul/2015:12:06:47 -0500] "GET /galeria/nivo-slider/demo/images/Banner-decreto1299.jpg HTTP/1.1" 200 182613
192.0.83.17 - - [26/Jul/2015:12:06:47 -0500] "GET /galeria/nivo-slider/demo/images/Ruta-vertimientos-01.jpg HTTP/1.1" 200 130151
192.0.83.17 - - [26/Jul/2015:12:06:47 -0500] "GET /galeria/nivo-slider/demo/images/bolsas-06.jpg HTTP/1.1" 200 90982
192.0.83.17 - - [26/Jul/2015:12:06:47 -0500] "GET /galeria/nivo-slider/demo/images/Conoce-los-humedales.jpg HTTP/1.1" 200 294036
192.0.83.17 - - [26/Jul/2015:12:06:47 -0500] "GET /galeria/nivo-slider/demo/images/ecolecta-Dic2014.png HTTP/1.1" 200 288593
192.0.83.17 - - [26/Jul/2015:12:06:49 -0500] "GET /galeria/nivo-slider/demo/images/Banner-Caracol-Africano.jpg HTTP/1.1" 200 331986
192.0.83.17 - - [26/Jul/2015:12:06:49 -0500] "GET /galeria/nivo-slider/demo/images/4Simple_Slider.png HTTP/1.1" 200 11722
192.0.83.17 - - [26/Jul/2015:12:06:49 -0500] "GET /galeria/nivo-slider/themes/default/loading.gif HTTP/1.1" 200 1737
192.0.83.17 - - [26/Jul/2015:12:06:50 -0500] "GET /galeria/nivo-slider/themes/default/arrows.png HTTP/1.1" 200 824
192.0.83.17 - - [26/Jul/2015:12:06:50 -0500] "GET /galeria/nivo-slider/themes/default/bullets.png HTTP/1.1" 200 1281
172.22.2.3 - - [26/Jul/2015:12:06:51 -0500] "POST /cumbredelclima/wp-admin/admin-ajax.php HTTP/1.1" 200 23
186.144.207.171 - - [26/Jul/2015:12:06:55 -0500] "GET /galeria/galeria/jquery.fancybox.css?v=2.1.5 HTTP/1.1" 200 4895
186.144.207.171 - - [26/Jul/2015:12:06:55 -0500] "GET /galeria/galeria/jquery.fancybox.js?v=2.1.5 HTTP/1.1" 200 48706
186.144.207.171 - - [26/Jul/2015:12:06:55 -0500] "GET /BLA/boletinlegal/js/jquery.scrollShow.js HTTP/1.1" 200 4586
200.119.32.43 - - [26/Jul/2015:12:06:55 -0500] "GET /forest/buscar.do HTTP/1.1" 200 85063
200.119.32.43 - - [26/Jul/2015:12:06:56 -0500] "GET /forest/json.do?query=usersByDep&coddep=20 HTTP/1.1" 200 4068
200.119.32.43 - - [26/Jul/2015:12:06:56 -0500] "GET /forest/json.do?query=versionListadas HTTP/1.1" 200 15
200.119.32.43 - - [26/Jul/2015:12:06:56 -0500] "GET /forest/json.do?query=usersByDep&coddep=20 HTTP/1.1" 200 4068
200.119.32.43 - - [26/Jul/2015:12:06:56 -0500] "GET /forest/json.do?query=procesIniciales HTTP/1.1" 200 11194
186.154.197.162 - - [26/Jul/2015:12:06:56 -0500] "GET /crossdomain.xml HTTP/1.1" 404 1280
200.119.32.43 - - [26/Jul/2015:12:06:56 -0500] "GET /forest/json.do?query=bpmnIniciales HTTP/1.1" 200 1095
186.154.197.162 - - [26/Jul/2015:12:06:56 -0500] "GET /arcgis/services/Calidad_del_Agua_WQI/MapServer/WMSServer?HEIGHT=447&STYLES=&LAYERS=3%2C4%2C5%2C6%2C7&BBOX=%2D74%2E07003322349786%2C4%2E607605609600011%2C%2D74%2E06883397515091%2C4%2E608137419134813&VERSION=1%2E1%2E1&TRANSPARENT=TRUE&SERVICE=WMS&SRS=EPSG%3A4686&REQUEST=GetMap&FORMAT=image%2Fpng&WIDTH=1008 HTTP/1.1" 200 2847
186.154.197.162 - - [26/Jul/2015:12:06:56 -0500] "GET /arcgis/services/Calidad_del_Agua_WQI/MapServer/WMSServer?HEIGHT=475&STYLES=&LAYERS=3%2C4%2C5%2C6%2C7&BBOX=%2D74%2E07003322349786%2C4%2E6075722971459285%2C%2D74%2E06881493946287%2C4%2E608137419134813&VERSION=1%2E1%2E1&TRANSPARENT=TRUE&SERVICE=WMS&SRS=EPSG%3A4686&REQUEST=GetMap&FORMAT=image%2Fpng&WIDTH=1024 HTTP/1.1" 200 3077
200.119.32.43 - - [26/Jul/2015:12:06:58 -0500] "POST /forest/buscar.do? HTTP/1.1" 200 7077
200.119.32.43 - - [26/Jul/2015:12:06:59 -0500] "GET /forest/skins/gdocs-jar/popup/popup.jsp?width=900&height=600&title=Informaci%F3n%20de%20proceso&uri=/forest/system/process.jsp%3FnumPro%3D2709404&name=undefined&_a=0.9872088343836367&a=0.442159105790779 HTTP/1.1" 200 1312
200.119.32.43 - - [26/Jul/2015:12:06:59 -0500] "GET /forest/system/process.jsp?numPro=2709404 HTTP/1.1" 200 18159
200.119.32.43 - - [26/Jul/2015:12:06:59 -0500] "GET /forest/system/process.jsp?numPro=2709404 HTTP/1.1" 200 71165
200.119.32.43 - - [26/Jul/2015:12:07:01 -0500] "GET /forest/documentos/1758707/2013ER169944.pdf HTTP/1.1" 200 1137176
172.22.2.3 - - [26/Jul/2015:12:07:06 -0500] "POST /cumbredelclima/wp-admin/admin-ajax.php HTTP/1.1" 200 23
190.255.242.155 - - [26/Jul/2015:12:07:10 -0500] "GET /galeria/galeria/jquery.fancybox.css?v=2.1.5 HTTP/1.1" 200 4895
190.255.242.155 - - [26/Jul/2015:12:07:10 -0500] "GET /galeria/carrusel/Carrusel/jquery.thumbnailScroller.css HTTP/1.1" 200 2066
190.255.242.155 - - [26/Jul/2015:12:07:10 -0500] "GET /BLA/boletinlegal/js/jquery.scrollShow.js HTTP/1.1" 200 4586
190.255.242.155 - - [26/Jul/2015:12:07:10 -0500] "GET /galeria/carrusel/Carrusel/jquery-ui-1.8.13.custom.min.js HTTP/1.1" 200 10800
190.255.242.155 - - [26/Jul/2015:12:07:11 -0500] "GET /galeria/carrusel/Carrusel/jquery.thumbnailScroller.js HTTP/1.1" 200 8157
190.255.242.155 - - [26/Jul/2015:12:07:11 -0500] "GET /galeria/galeria/jquery.fancybox.js?v=2.1.5 HTTP/1.1" 200 48706
190.255.242.155 - - [26/Jul/2015:12:07:12 -0500] "GET /galeria/nivo-slider/demo/demo.html HTTP/1.1" 200 5224
190.255.242.155 - - [26/Jul/2015:12:07:12 -0500] "GET /galeria/nivo-slider/themes/default/default.css HTTP/1.1" 200 1569
190.255.242.155 - - [26/Jul/2015:12:07:12 -0500] "GET /galeria/nivo-slider/themes/pascal/pascal.css HTTP/1.1" 200 2258
190.255.242.155 - - [26/Jul/2015:12:07:12 -0500] "GET /galeria/nivo-slider/themes/orman/orman.css HTTP/1.1" 200 2152
190.255.242.155 - - [26/Jul/2015:12:07:12 -0500] "GET /galeria/nivo-slider/nivo-slider.css HTTP/1.1" 200 1507
190.255.242.155 - - [26/Jul/2015:12:07:12 -0500] "GET /galeria/nivo-slider/demo/style.css HTTP/1.1" 200 2222
190.255.242.155 - - [26/Jul/2015:12:07:12 -0500] "GET /galeria/nivo-slider/demo/scripts/jquery-1.7.1.min.js HTTP/1.1" 200 93868
190.255.242.155 - - [26/Jul/2015:12:07:13 -0500] "GET /galeria/nivo-slider/jquery.nivo.slider.pack.js HTTP/1.1" 200 11561
190.255.242.155 - - [26/Jul/2015:12:07:13 -0500] "GET /galeria/nivo-slider/demo/images/Rendicion-de-cuentas.jpg HTTP/1.1" 200 309079
190.255.242.155 - - [26/Jul/2015:12:07:13 -0500] "GET /galeria/nivo-slider/demo/images/banner-llantas2.jpg HTTP/1.1" 200 204644
190.255.242.155 - - [26/Jul/2015:12:07:14 -0500] "GET /galeria/nivo-slider/demo/images/Semana-PYBA.jpg HTTP/1.1" 200 147360
190.255.242.155 - - [26/Jul/2015:12:07:14 -0500] "GET /galeria/nivo-slider/demo/images/PREDAcamp.jpg HTTP/1.1" 200 295358
190.255.242.155 - - [26/Jul/2015:12:07:15 -0500] "GET /galeria/nivo-slider/demo/images/VoluntariadoPYBA.jpg HTTP/1.1" 200 40647
190.255.242.155 - - [26/Jul/2015:12:07:15 -0500] "GET /galeria/nivo-slider/demo/images/9Signos.jpg HTTP/1.1" 200 81776
190.255.242.155 - - [26/Jul/2015:12:07:15 -0500] "GET /galeria/nivo-slider/demo/images/Comparendo-ambiental-Banner.jpg HTTP/1.1" 200 83731
190.255.242.155 - - [26/Jul/2015:12:07:15 -0500] "GET /galeria/nivo-slider/demo/images/GAE-banner.jpg HTTP/1.1" 200 97556
190.255.242.155 - - [26/Jul/2015:12:07:16 -0500] "GET /galeria/nivo-slider/demo/images/Banner-encuesta-de-percepscio.jpg HTTP/1.1" 200 201899
190.255.242.155 - - [26/Jul/2015:12:07:17 -0500] "GET /galeria/nivo-slider/demo/images/banner-Pacto-por-la-madera.jpg HTTP/1.1" 200 209966
190.255.242.155 - - [26/Jul/2015:12:07:17 -0500] "GET /galeria/nivo-slider/demo/images/acuerdo_569.jpg HTTP/1.1" 200 62670
190.255.242.155 - - [26/Jul/2015:12:07:18 -0500] "GET /galeria/nivo-slider/demo/images/Licitaciones-proyecto-paramo.jpg HTTP/1.1" 200 221877
190.255.242.155 - - [26/Jul/2015:12:07:18 -0500] "GET /galeria/nivo-slider/demo/images/Banner-decreto1299.jpg HTTP/1.1" 200 182613
186.144.207.171 - - [26/Jul/2015:12:07:18 -0500] "GET /galeria/galeria/jquery.fancybox.css?v=2.1.5 HTTP/1.1" 304 -
190.255.242.155 - - [26/Jul/2015:12:07:19 -0500] "GET /galeria/nivo-slider/demo/images/Banner-Directorio.jpg HTTP/1.1" 200 182068
186.144.207.171 - - [26/Jul/2015:12:07:19 -0500] "GET /BLA/boletinlegal/js/jquery.scrollShow.js HTTP/1.1" 304 -
186.144.207.171 - - [26/Jul/2015:12:07:20 -0500] "GET /galeria/galeria/jquery.fancybox.js?v=2.1.5 HTTP/1.1" 304 -
172.22.2.3 - - [26/Jul/2015:12:07:21 -0500] "POST /cumbredelclima/wp-admin/admin-ajax.php HTTP/1.1" 200 23
190.255.242.155 - - [26/Jul/2015:12:07:22 -0500] "GET /galeria/nivo-slider/demo/images/Ruta-vertimientos-01.jpg HTTP/1.1" 200 130151
190.255.242.155 - - [26/Jul/2015:12:07:22 -0500] "GET /galeria/nivo-slider/demo/images/bolsas-06.jpg HTTP/1.1" 200 90982
190.255.242.155 - - [26/Jul/2015:12:07:22 -0500] "GET /galeria/nivo-slider/demo/images/Conoce-los-humedales.jpg HTTP/1.1" 200 294036
190.255.242.155 - - [26/Jul/2015:12:07:23 -0500] "GET /galeria/nivo-slider/demo/images/ecolecta-Dic2014.png HTTP/1.1" 200 288593
190.255.242.155 - - [26/Jul/2015:12:07:23 -0500] "GET /galeria/nivo-slider/demo/images/Banner-Caracol-Africano.jpg HTTP/1.1" 200 331986
190.255.242.155 - - [26/Jul/2015:12:07:23 -0500] "GET /galeria/nivo-slider/demo/images/4Simple_Slider.png HTTP/1.1" 200 11722
190.255.242.155 - - [26/Jul/2015:12:07:23 -0500] "GET /galeria/nivo-slider/themes/default/loading.gif HTTP/1.1" 200 1737
190.255.242.155 - - [26/Jul/2015:12:07:25 -0500] "GET /galeria/nivo-slider/themes/default/arrows.png HTTP/1.1" 200 824
190.255.242.155 - - [26/Jul/2015:12:07:25 -0500] "GET /galeria/nivo-slider/themes/default/bullets.png HTTP/1.1" 200 1281
191.103.229.94 - - [26/Jul/2015:12:07:31 -0500] "GET /galeria/galeria/fotos/Huemdal-Cordoba2G.jpg HTTP/1.1" 200 471832
191.103.229.94 - - [26/Jul/2015:12:07:31 -0500] "GET /galeria/galeria/fotos/Huemdal-Cordoba1G.jpg HTTP/1.1" 200 379768
172.22.2.3 - - [26/Jul/2015:12:07:36 -0500] "POST /cumbredelclima/wp-admin/admin-ajax.php HTTP/1.1" 200 23
191.103.229.94 - - [26/Jul/2015:12:07:46 -0500] "GET /BLA/boletinlegal/js/jquery.scrollShow.js HTTP/1.1" 200 4586
191.103.229.94 - - [26/Jul/2015:12:07:46 -0500] "GET /galeria/galeria/jquery.fancybox.js?v=2.1.5 HTTP/1.1" 200 48706
191.103.229.94 - - [26/Jul/2015:12:07:46 -0500] "GET /galeria/galeria/jquery.fancybox.css?v=2.1.5 HTTP/1.1" 200 4895
191.103.229.94 - - [26/Jul/2015:12:07:46 -0500] "GET /galeria/galeria/fotos/Huemdal-Cordoba1P.jpg HTTP/1.1" 200 30712
191.103.229.94 - - [26/Jul/2015:12:07:47 -0500] "GET /galeria/galeria/fotos/Huemdal-Cordoba2P.jpg HTTP/1.1" 200 44409
191.103.229.94 - - [26/Jul/2015:12:07:47 -0500] "GET /galeria/galeria/fotos/Huemdal-Cordoba3P.jpg HTTP/1.1" 200 40788
172.22.2.3 - - [26/Jul/2015:12:07:51 -0500] "POST /cumbredelclima/wp-admin/admin-ajax.php HTTP/1.1" 200 23
191.103.229.94 - - [26/Jul/2015:12:07:52 -0500] "GET /BLA/boletinlegal/js/jquery.scrollShow.js HTTP/1.1" 304 -
191.103.229.94 - - [26/Jul/2015:12:07:52 -0500] "GET /galeria/galeria/jquery.fancybox.js?v=2.1.5 HTTP/1.1" 304 -
191.103.229.94 - - [26/Jul/2015:12:07:52 -0500] "GET /galeria/galeria/jquery.fancybox.css?v=2.1.5 HTTP/1.1" 304 -
191.103.229.94 - - [26/Jul/2015:12:07:52 -0500] "GET /galeria/galeria/fotos/Huemdal-Cordoba1P.jpg HTTP/1.1" 304 -
191.103.229.94 - - [26/Jul/2015:12:07:52 -0500] "GET /galeria/galeria/fotos/Huemdal-Cordoba2P.jpg HTTP/1.1" 304 -
191.103.229.94 - - [26/Jul/2015:12:07:52 -0500] "GET /galeria/galeria/fotos/Huemdal-Cordoba3P.jpg HTTP/1.1" 304 -
186.154.197.162 - - [26/Jul/2015:12:07:53 -0500] "GET /crossdomain.xml HTTP/1.1" 404 1280
186.154.197.162 - - [26/Jul/2015:12:07:53 -0500] "GET /arcgis/services/Calidad_del_Agua_WQI/MapServer/WMSServer?HEIGHT=475&STYLES=&LAYERS=3%2C4%2C5%2C6%2C7&BBOX=%2D74%2E07014355877546%2C4%2E607219905893768%2C%2D74%2E06892527474047%2C4%2E607785027882652&VERSION=1%2E1%2E1&TRANSPARENT=TRUE&SERVICE=WMS&SRS=EPSG%3A4686&REQUEST=GetMap&FORMAT=image%2Fpng&WIDTH=1024 HTTP/1.1" 200 3077
200.119.32.43 - - [26/Jul/2015:12:07:53 -0500] "GET /forest/buscar.do HTTP/1.1" 200 85063
200.119.32.43 - - [26/Jul/2015:12:07:53 -0500] "GET /forest/json.do?query=usersByDep&coddep=20 HTTP/1.1" 200 4068
200.119.32.43 - - [26/Jul/2015:12:07:53 -0500] "GET /forest/json.do?query=versionListadas HTTP/1.1" 200 15
200.119.32.43 - - [26/Jul/2015:12:07:53 -0500] "GET /forest/json.do?query=usersByDep&coddep=20 HTTP/1.1" 200 4068
200.119.32.43 - - [26/Jul/2015:12:07:53 -0500] "GET /forest/json.do?query=procesIniciales HTTP/1.1" 200 11194
200.119.32.43 - - [26/Jul/2015:12:07:54 -0500] "GET /forest/json.do?query=bpmnIniciales HTTP/1.1" 200 1095
186.154.197.162 - - [26/Jul/2015:12:07:54 -0500] "GET /arcgis/services/Calidad_del_Agua_WQI/MapServer/WMSServer?HEIGHT=475&STYLES=&LAYERS=3%2C4%2C5%2C6%2C7&BBOX=%2D74%2E07005278262172%2C4%2E607340143076104%2C%2D74%2E06883449858672%2C4%2E607905265064988&VERSION=1%2E1%2E1&TRANSPARENT=TRUE&SERVICE=WMS&SRS=EPSG%3A4686&REQUEST=GetMap&FORMAT=image%2Fpng&WIDTH=1024 HTTP/1.1" 200 3077
200.119.32.43 - - [26/Jul/2015:12:07:56 -0500] "POST /forest/buscar.do? HTTP/1.1" 200 7205
186.154.197.162 - - [26/Jul/2015:12:07:57 -0500] "GET /arcgis/services/Calidad_del_Agua_WQI/MapServer/WMSServer?HEIGHT=475&STYLES=&LAYERS=3%2C4%2C5%2C6%2C7&BBOX=%2D74%2E07015509462576%2C4%2E606998499669151%2C%2D74%2E06893681059077%2C4%2E607563621658036&VERSION=1%2E1%2E1&TRANSPARENT=TRUE&SERVICE=WMS&SRS=EPSG%3A4686&REQUEST=GetMap&FORMAT=image%2Fpng&WIDTH=1024 HTTP/1.1" 200 3077
200.119.32.43 - - [26/Jul/2015:12:07:57 -0500] "GET /forest/skins/gdocs-jar/popup/popup.jsp?width=900&height=600&title=Informaci%F3n%20de%20proceso&uri=/forest/system/process.jsp%3FnumPro%3D2710176&name=undefined&_a=0.3069718035403639&a=0.6295575879048556 HTTP/1.1" 200 1312
200.119.32.43 - - [26/Jul/2015:12:07:57 -0500] "GET /forest/system/process.jsp?numPro=2710176 HTTP/1.1" 200 71023
191.102.117.149 - - [26/Jul/2015:12:08:04 -0500] "GET /galeria/galeria/jquery.fancybox.css?v=2.1.5 HTTP/1.1" 200 4895
191.102.117.149 - - [26/Jul/2015:12:08:04 -0500] "GET /BLA/boletinlegal/js/jquery.scrollShow.js HTTP/1.1" 200 4586
191.102.117.149 - - [26/Jul/2015:12:08:04 -0500] "GET /galeria/galeria/jquery.fancybox.js?v=2.1.5 HTTP/1.1" 200 48706
190.63.140.130 - - [26/Jul/2015:12:08:06 -0500] "GET /BLA/boletinlegal/js/jquery.scrollShow.js HTTP/1.1" 200 4586
190.63.140.130 - - [26/Jul/2015:12:08:06 -0500] "GET /galeria/galeria/jquery.fancybox.css?v=2.1.5 HTTP/1.1" 200 4895
190.63.140.130 - - [26/Jul/2015:12:08:06 -0500] "GET /galeria/galeria/jquery.fancybox.js?v=2.1.5 HTTP/1.1" 304 -
172.22.2.3 - - [26/Jul/2015:12:08:06 -0500] "POST /cumbredelclima/wp-admin/admin-ajax.php HTTP/1.1" 200 23
181.133.206.16 - - [26/Jul/2015:12:08:06 -0500] "GET /galeria/galeria/jquery.fancybox.css?v=2.1.5 HTTP/1.1" 200 4895
181.133.206.16 - - [26/Jul/2015:12:08:06 -0500] "GET /BLA/boletinlegal/js/jquery.scrollShow.js HTTP/1.1" 200 4586
181.133.206.16 - - [26/Jul/2015:12:08:06 -0500] "GET /galeria/galeria/jquery.fancybox.js?v=2.1.5 HTTP/1.1" 200 48706
200.119.32.43 - - [26/Jul/2015:12:08:05 -0500] "GET /forest/documentos/1759258/2013ER170495.pdf HTTP/1.1" 200 1389153
191.102.117.149 - - [26/Jul/2015:12:08:12 -0500] "GET /galeria/galeria/jquery.fancybox.css?v=2.1.5 HTTP/1.1" 304 -
191.102.117.149 - - [26/Jul/2015:12:08:12 -0500] "GET /galeria/galeria/jquery.fancybox.js?v=2.1.5 HTTP/1.1" 304 -
191.102.117.149 - - [26/Jul/2015:12:08:12 -0500] "GET /BLA/boletinlegal/js/jquery.scrollShow.js HTTP/1.1" 304 -
190.68.197.230 - - [26/Jul/2015:12:08:20 -0500] "GET /forest/session.jsp?a=0.10985416849143803 HTTP/1.1" 200 4
172.22.2.3 - - [26/Jul/2015:12:08:21 -0500] "POST /cumbredelclima/wp-admin/admin-ajax.php HTTP/1.1" 200 23
186.154.197.162 - - [26/Jul/2015:12:08:22 -0500] "GET /crossdomain.xml HTTP/1.1" 404 1280
186.154.197.162 - - [26/Jul/2015:12:08:23 -0500] "GET /arcgis/services/Calidad_del_Agua_WQI/MapServer/WMSServer?HEIGHT=475&STYLES=&LAYERS=3%2C4%2C5%2C6%2C7&BBOX=%2D74%2E07081777451589%2C4%2E606903321228918%2C%2D74%2E0683812064459%2C4%2E6080335652066875&VERSION=1%2E1%2E1&TRANSPARENT=TRUE&SERVICE=WMS&SRS=EPSG%3A4686&REQUEST=GetMap&FORMAT=image%2Fpng&WIDTH=1024 HTTP/1.1" 200 3077
186.154.197.162 - - [26/Jul/2015:12:08:23 -0500] "GET /arcgis/services/Calidad_del_Agua_WQI/MapServer/WMSServer?HEIGHT=475&STYLES=&LAYERS=3%2C4%2C5%2C6%2C7&BBOX=%2D74%2E07214313429613%2C4%2E606712964348441%2C%2D74%2E06726999815619%2C4%2E60897345230398&VERSION=1%2E1%2E1&TRANSPARENT=TRUE&SERVICE=WMS&SRS=EPSG%3A4686&REQUEST=GetMap&FORMAT=image%2Fpng&WIDTH=1024 HTTP/1.1" 200 3077
190.63.140.130 - - [26/Jul/2015:12:08:27 -0500] "GET /galeria/galeria/jquery.fancybox.js?v=2.1.5 HTTP/1.1" 304 -
190.63.140.130 - - [26/Jul/2015:12:08:27 -0500] "GET /BLA/boletinlegal/js/jquery.scrollShow.js HTTP/1.1" 304 -
190.63.140.130 - - [26/Jul/2015:12:08:27 -0500] "GET /galeria/galeria/jquery.fancybox.css?v=2.1.5 HTTP/1.1" 304 -
181.133.206.16 - - [26/Jul/2015:12:08:27 -0500] "GET /galeria/galeria/jquery.fancybox.js?v=2.1.5 HTTP/1.1" 304 -
181.133.206.16 - - [26/Jul/2015:12:08:27 -0500] "GET /galeria/galeria/jquery.fancybox.css?v=2.1.5 HTTP/1.1" 304 -
181.133.206.16 - - [26/Jul/2015:12:08:27 -0500] "GET /BLA/boletinlegal/js/jquery.scrollShow.js HTTP/1.1" 304 -
201.245.192.253 - - [26/Jul/2015:12:08:15 -0500] "POST /wp-admin/admin-ajax.php HTTP/1.1" 200 23
186.154.77.115 - - [26/Jul/2015:12:08:35 -0500] "GET /galeria/galeria/jquery.fancybox.css?v=2.1.5 HTTP/1.1" 200 4895
186.154.77.115 - - [26/Jul/2015:12:08:35 -0500] "GET /BLA/boletinlegal/js/jquery.scrollShow.js HTTP/1.1" 200 4586
186.154.77.115 - - [26/Jul/2015:12:08:35 -0500] "GET /galeria/galeria/jquery.fancybox.js?v=2.1.5 HTTP/1.1" 200 48706
172.22.2.3 - - [26/Jul/2015:12:08:36 -0500] "POST /cumbredelclima/wp-admin/admin-ajax.php HTTP/1.1" 200 23
186.154.197.162 - - [26/Jul/2015:12:08:38 -0500] "GET /crossdomain.xml HTTP/1.1" 404 1280
186.154.197.162 - - [26/Jul/2015:12:08:38 -0500] "GET /arcgis/services/Calidad_del_Agua_WQI/MapServer/WMSServer?HEIGHT=475&STYLES=&LAYERS=3%2C4%2C5%2C6%2C7&BBOX=%2D74%2E07113886580491%2C4%2E607433390375566%2C%2D74%2E06626572966498%2C4%2E609693878331105&VERSION=1%2E1%2E1&TRANSPARENT=TRUE&SERVICE=WMS&SRS=EPSG%3A4686&REQUEST=GetMap&FORMAT=image%2Fpng&WIDTH=1024 HTTP/1.1" 200 3077
200.119.32.43 - - [26/Jul/2015:12:08:42 -0500] "GET /forest/buscar.do HTTP/1.1" 200 85063
200.119.32.43 - - [26/Jul/2015:12:08:43 -0500] "GET /forest/json.do?query=usersByDep&coddep=20 HTTP/1.1" 200 4068
200.119.32.43 - - [26/Jul/2015:12:08:43 -0500] "GET /forest/json.do?query=versionListadas HTTP/1.1" 200 15
200.119.32.43 - - [26/Jul/2015:12:08:43 -0500] "GET /forest/json.do?query=procesIniciales HTTP/1.1" 200 11194
200.119.32.43 - - [26/Jul/2015:12:08:43 -0500] "GET /forest/json.do?query=usersByDep&coddep=20 HTTP/1.1" 200 4068
200.119.32.43 - - [26/Jul/2015:12:08:43 -0500] "GET /forest/json.do?query=bpmnIniciales HTTP/1.1" 200 1095
186.154.197.162 - - [26/Jul/2015:12:08:44 -0500] "GET /arcgis/services/Calidad_del_Agua_WQI/MapServer/WMSServer?HEIGHT=475&STYLES=&LAYERS=3%2C4%2C5%2C6%2C7&BBOX=%2D74%2E07188888721416%2C4%2E606252990213298%2C%2D74%2E06701575107422%2C4%2E608513478168836&VERSION=1%2E1%2E1&TRANSPARENT=TRUE&SERVICE=WMS&SRS=EPSG%3A4686&REQUEST=GetMap&FORMAT=image%2Fpng&WIDTH=1024 HTTP/1.1" 200 3077
200.119.32.43 - - [26/Jul/2015:12:08:45 -0500] "POST /forest/buscar.do? HTTP/1.1" 200 7205
200.119.32.43 - - [26/Jul/2015:12:08:46 -0500] "GET /forest/skins/gdocs-jar/popup/popup.jsp?width=900&height=600&title=Informaci%F3n%20de%20proceso&uri=/forest/system/process.jsp%3FnumPro%3D2710182&name=undefined&_a=0.8190021237824112&a=0.7475949686486274 HTTP/1.1" 200 1312
200.119.32.43 - - [26/Jul/2015:12:08:46 -0500] "GET /forest/system/process.jsp?numPro=2710182 HTTP/1.1" 200 71023
172.22.2.3 - - [26/Jul/2015:12:08:51 -0500] "POST /cumbredelclima/wp-admin/admin-ajax.php HTTP/1.1" 200 23
200.119.32.43 - - [26/Jul/2015:12:08:48 -0500] "GET /forest/documentos/1759262/2013ER170499.pdf HTTP/1.1" 200 1992952
172.22.2.3 - - [26/Jul/2015:12:09:06 -0500] "POST /cumbredelclima/wp-admin/admin-ajax.php HTTP/1.1" 200 23
191.102.121.174 - - [26/Jul/2015:12:09:15 -0500] "GET /galeria/galeria/jquery.fancybox.css?v=2.1.5 HTTP/1.1" 200 4895
191.102.121.174 - - [26/Jul/2015:12:09:15 -0500] "GET /BLA/boletinlegal/js/jquery.scrollShow.js HTTP/1.1" 200 4586
191.102.121.174 - - [26/Jul/2015:12:09:15 -0500] "GET /galeria/galeria/jquery.fancybox.js?v=2.1.5 HTTP/1.1" 200 48706
172.22.2.3 - - [26/Jul/2015:12:09:21 -0500] "POST /cumbredelclima/wp-admin/admin-ajax.php HTTP/1.1" 200 23
191.102.121.174 - - [26/Jul/2015:12:09:29 -0500] "GET /BLA/boletinlegal/js/jquery.scrollShow.js HTTP/1.1" 304 -
74.86.158.107 - - [26/Jul/2015:12:09:32 -0500] "HEAD / HTTP/1.1" 200 -
191.102.121.174 - - [26/Jul/2015:12:09:32 -0500] "GET /galeria/galeria/jquery.fancybox.css?v=2.1.5 HTTP/1.1" 304 -
191.102.121.174 - - [26/Jul/2015:12:09:32 -0500] "GET /galeria/galeria/jquery.fancybox.js?v=2.1.5 HTTP/1.1" 304 -
172.22.2.3 - - [26/Jul/2015:12:09:36 -0500] "POST /cumbredelclima/wp-admin/admin-ajax.php HTTP/1.1" 200 23
200.119.32.43 - - [26/Jul/2015:12:09:41 -0500] "GET /forest/buscar.do HTTP/1.1" 200 85063
200.119.32.43 - - [26/Jul/2015:12:09:42 -0500] "GET /forest/json.do?query=usersByDep&coddep=20 HTTP/1.1" 200 4068
200.119.32.43 - - [26/Jul/2015:12:09:42 -0500] "GET /forest/json.do?query=versionListadas HTTP/1.1" 200 15
200.119.32.43 - - [26/Jul/2015:12:09:42 -0500] "GET /forest/json.do?query=procesIniciales HTTP/1.1" 200 11194
200.119.32.43 - - [26/Jul/2015:12:09:42 -0500] "GET /forest/json.do?query=usersByDep&coddep=20 HTTP/1.1" 200 4068
200.119.32.43 - - [26/Jul/2015:12:09:42 -0500] "GET /forest/json.do?query=bpmnIniciales HTTP/1.1" 200 1095
200.119.32.43 - - [26/Jul/2015:12:09:44 -0500] "POST /forest/buscar.do? HTTP/1.1" 200 8325
200.119.32.43 - - [26/Jul/2015:12:09:45 -0500] "GET /forest/skins/gdocs-jar/popup/popup.jsp?width=900&height=600&title=Informaci%F3n%20de%20proceso&uri=/forest/system/process.jsp%3FnumPro%3D2930956&name=undefined&_a=0.256991391768679&a=0.7087994138710201 HTTP/1.1" 200 1312
200.119.32.43 - - [26/Jul/2015:12:09:45 -0500] "GET /forest/system/process.jsp?numPro=2930956 HTTP/1.1" 200 114548
200.119.32.43 - - [26/Jul/2015:12:09:46 -0500] "GET /forest/session.jsp?a=0.482470880728215 HTTP/1.1" 200 4
66.249.64.106 - - [26/Jul/2015:12:09:48 -0500] "GET /BLA/resoluciones/Notificaciones/AUTOS%202013/3647.doc HTTP/1.1" 200 355840
200.119.32.43 - - [26/Jul/2015:12:09:47 -0500] "GET /forest/documentos/1759285/2013ER170522.pdf HTTP/1.1" 200 1422852
172.22.2.3 - - [26/Jul/2015:12:09:51 -0500] "POST /cumbredelclima/wp-admin/admin-ajax.php HTTP/1.1" 200 23
152.61.128.66 - - [26/Jul/2015:12:09:53 -0500] "HEAD / HTTP/1.1" 200 -
152.61.128.66 - - [26/Jul/2015:12:09:53 -0500] "GET /arcgis/services/Calidad_del_Agua_WQI/MapServer/WMSServer?request=GetCapabilities&service=WMS HTTP/1.1" 200 32135
152.61.128.66 - - [26/Jul/2015:12:09:54 -0500] "GET /arcgis/services/Calidad_del_Agua_WQI/MapServer/WMSServer?request=GetCapabilities&service=WMS HTTP/1.0" 200 32135
152.61.128.66 - - [26/Jul/2015:12:09:55 -0500] "GET /arcgis/services/Calidad_del_Agua_WQI/MapServer/WMSServer?request=GetCapabilities&service=WMS HTTP/1.0" 200 32135
152.61.128.66 - - [26/Jul/2015:12:09:56 -0500] "GET /arcgis/services/Calidad_del_Agua_WQI/MapServer/WMSServer?request=GetCapabilities&service=WMS HTTP/1.0" 200 32135
201.245.192.253 - - [26/Jul/2015:12:09:58 -0500] "GET /forest/session.jsp?a=0.47712441256534055 HTTP/1.1" 200 4
152.61.128.66 - - [26/Jul/2015:12:09:57 -0500] "GET /arcgis/services/Calidad_del_Agua_WQI/MapServer/WMSServer?VERSION=1.1.1&REQUEST=GetMap&LAYERS=0&SRS=EPSG:4326&BBOX=-74.473395,3.674381,-73.963300,4.920569&WIDTH=250&HEIGHT=250&FORMAT=image/bmp&STYLES=& HTTP/1.1" 200 188054
186.154.197.162 - - [26/Jul/2015:12:10:04 -0500] "GET /crossdomain.xml HTTP/1.1" 404 1280
186.154.197.162 - - [26/Jul/2015:12:10:04 -0500] "GET /arcgis/services/Calidad_del_Agua_WQI/MapServer/WMSServer?HEIGHT=475&STYLES=&LAYERS=3%2C4%2C5%2C6%2C7&BBOX=%2D74%2E0711223656555%2C4%2E605552869758928%2C%2D74%2E06624922951556%2C4%2E607813357714467&VERSION=1%2E1%2E1&TRANSPARENT=TRUE&SERVICE=WMS&SRS=EPSG%3A4686&REQUEST=GetMap&FORMAT=image%2Fpng&WIDTH=1024 HTTP/1.1" 200 3077
186.154.197.162 - - [26/Jul/2015:12:10:06 -0500] "GET /arcgis/services/Calidad_del_Agua_WQI/MapServer/WMSServer?HEIGHT=475&STYLES=&LAYERS=3%2C4%2C5%2C6%2C7&BBOX=%2D74%2E07068192468536%2C4%2E60662371415793%2C%2D74%2E06580878854543%2C4%2E608884202113469&VERSION=1%2E1%2E1&TRANSPARENT=TRUE&SERVICE=WMS&SRS=EPSG%3A4686&REQUEST=GetMap&FORMAT=image%2Fpng&WIDTH=1024 HTTP/1.1" 200 3077
172.22.2.3 - - [26/Jul/2015:12:10:06 -0500] "POST /cumbredelclima/wp-admin/admin-ajax.php HTTP/1.1" 200 23
66.249.64.101 - - [26/Jul/2015:12:10:09 -0500] "GET /BLA/resoluciones/RESOLUCIONES%202009/5692.pdf HTTP/1.1" 304 -
186.154.197.162 - - [26/Jul/2015:12:10:10 -0500] "GET /arcgis/services/Calidad_del_Agua_WQI/MapServer/WMSServer?HEIGHT=475&STYLES=&LAYERS=3%2C4%2C5%2C6%2C7&BBOX=%2D74%2E0719247797173%2C4%2E607211565176228%2C%2D74%2E06705164357737%2C4%2E609472053131767&VERSION=1%2E1%2E1&TRANSPARENT=TRUE&SERVICE=WMS&SRS=EPSG%3A4686&REQUEST=GetMap&FORMAT=image%2Fpng&WIDTH=1024 HTTP/1.1" 200 3077
186.154.197.162 - - [26/Jul/2015:12:10:14 -0500] "GET /arcgis/services/Calidad_del_Agua_WQI/MapServer/WMSServer?HEIGHT=475&STYLES=&LAYERS=3%2C4%2C5%2C6%2C7&BBOX=%2D74%2E07191076013862%2C4%2E607435533911252%2C%2D74%2E06703762399869%2C4%2E609696021866791&VERSION=1%2E1%2E1&TRANSPARENT=TRUE&SERVICE=WMS&SRS=EPSG%3A4686&REQUEST=GetMap&FORMAT=image%2Fpng&WIDTH=1024 HTTP/1.1" 200 3077
186.147.102.242 - - [26/Jul/2015:12:10:20 -0500] "GET /BLA/boletinlegal/js/jquery.scrollShow.js HTTP/1.1" 200 4586
186.147.102.242 - - [26/Jul/2015:12:10:20 -0500] "GET /galeria/galeria/jquery.fancybox.css?v=2.1.5 HTTP/1.1" 200 4895
186.147.102.242 - - [26/Jul/2015:12:10:20 -0500] "GET /galeria/galeria/jquery.fancybox.js?v=2.1.5 HTTP/1.1" 200 48706
172.22.2.3 - - [26/Jul/2015:12:10:21 -0500] "POST /cumbredelclima/wp-admin/admin-ajax.php HTTP/1.1" 200 23
181.135.237.5 - - [26/Jul/2015:12:10:27 -0500] "GET /galeria/nivo-slider/demo/demo.html HTTP/1.1" 304 -
167.0.67.74 - - [26/Jul/2015:12:10:28 -0500] "GET /BLA/resoluciones/AUTOS%202011/2404.pdf HTTP/1.1" 200 163725
201.245.192.253 - - [26/Jul/2015:12:10:15 -0500] "POST /wp-admin/admin-ajax.php HTTP/1.1" 200 23
167.0.67.74 - - [26/Jul/2015:12:10:28 -0500] "GET /BLA/resoluciones/AUTOS%202011/2404.pdf HTTP/1.1" 200 163725
181.135.237.5 - - [26/Jul/2015:12:10:29 -0500] "GET /galeria/nivo-slider/demo/images/Rendicion-de-cuentas.jpg HTTP/1.1" 304 -
181.135.237.5 - - [26/Jul/2015:12:10:29 -0500] "GET /galeria/nivo-slider/demo/images/banner-llantas2.jpg HTTP/1.1" 304 -
181.135.237.5 - - [26/Jul/2015:12:10:29 -0500] "GET /galeria/nivo-slider/demo/images/Semana-PYBA.jpg HTTP/1.1" 304 -
181.135.237.5 - - [26/Jul/2015:12:10:29 -0500] "GET /galeria/nivo-slider/demo/images/PREDAcamp.jpg HTTP/1.1" 304 -
181.135.237.5 - - [26/Jul/2015:12:10:29 -0500] "GET /galeria/nivo-slider/demo/images/VoluntariadoPYBA.jpg HTTP/1.1" 304 -
181.135.237.5 - - [26/Jul/2015:12:10:29 -0500] "GET /galeria/nivo-slider/demo/images/Comparendo-ambiental-Banner.jpg HTTP/1.1" 304 -
181.135.237.5 - - [26/Jul/2015:12:10:29 -0500] "GET /galeria/nivo-slider/demo/images/Banner-encuesta-de-percepscio.jpg HTTP/1.1" 304 -
181.135.237.5 - - [26/Jul/2015:12:10:29 -0500] "GET /galeria/nivo-slider/demo/images/banner-Pacto-por-la-madera.jpg HTTP/1.1" 304 -
66.249.64.106 - - [26/Jul/2015:12:10:30 -0500] "GET /BLA/resoluciones/RESOLUCIONES%202008/2580.pdf HTTP/1.1" 304 -
172.22.2.3 - - [26/Jul/2015:12:10:36 -0500] "POST /cumbredelclima/wp-admin/admin-ajax.php HTTP/1.1" 200 23
186.147.102.242 - - [26/Jul/2015:12:10:43 -0500] "GET /galeria/galeria/jquery.fancybox.css?v=2.1.5 HTTP/1.1" 304 -
186.147.102.242 - - [26/Jul/2015:12:10:43 -0500] "GET /galeria/galeria/jquery.fancybox.js?v=2.1.5 HTTP/1.1" 304 -
186.147.102.242 - - [26/Jul/2015:12:10:43 -0500] "GET /BLA/boletinlegal/js/jquery.scrollShow.js HTTP/1.1" 304 -
191.102.117.149 - - [26/Jul/2015:12:10:46 -0500] "GET /autoliquidacion HTTP/1.1" 301 310
191.102.117.149 - - [26/Jul/2015:12:10:46 -0500] "GET /autoliquidacion/ HTTP/1.1" 200 6375
191.102.117.149 - - [26/Jul/2015:12:10:46 -0500] "GET /autoliquidacion/dlf/folder.png HTTP/1.1" 200 410
191.102.117.149 - - [26/Jul/2015:12:10:46 -0500] "GET /autoliquidacion/dlf/styles.css HTTP/1.1" 200 3045
191.102.117.149 - - [26/Jul/2015:12:10:47 -0500] "GET /autoliquidacion/dlf/bg.gif HTTP/1.1" 200 54
190.157.207.169 - - [26/Jul/2015:12:10:48 -0500] "GET /BLA/resoluciones/AUTOS%202014/1111.pdf HTTP/1.1" 200 424329
191.102.117.149 - - [26/Jul/2015:12:10:48 -0500] "GET /galeria/galeria/jquery.fancybox.js?v=2.1.5 HTTP/1.1" 304 -
191.102.117.149 - - [26/Jul/2015:12:10:48 -0500] "GET /BLA/boletinlegal/js/jquery.scrollShow.js HTTP/1.1" 304 -
190.157.207.169 - - [26/Jul/2015:12:10:48 -0500] "GET /favicon.ico HTTP/1.1" 200 7782
191.102.117.149 - - [26/Jul/2015:12:10:48 -0500] "GET /galeria/galeria/jquery.fancybox.css?v=2.1.5 HTTP/1.1" 304 -
191.102.117.149 - - [26/Jul/2015:12:10:50 -0500] "GET /autoliquidacion HTTP/1.1" 301 310
