172.22.2.3 - - [26/Jul/2015:00:32:46 -0500] "POST /cumbredelclima/wp-admin/admin-ajax.php HTTP/1.1" 200 23
172.22.2.3 - - [26/Jul/2015:00:33:01 -0500] "POST /cumbredelclima/wp-admin/admin-ajax.php HTTP/1.1" 200 23
172.22.2.3 - - [26/Jul/2015:00:33:16 -0500] "POST /cumbredelclima/wp-admin/admin-ajax.php HTTP/1.1" 200 23
66.249.64.101 - - [26/Jul/2015:00:33:17 -0500] "GET /BLA/resoluciones/AUTOS%202014/5581.pdf HTTP/1.1" 200 1233517
172.22.2.3 - - [26/Jul/2015:00:33:31 -0500] "POST /cumbredelclima/wp-admin/admin-ajax.php HTTP/1.1" 200 23
172.22.2.3 - - [26/Jul/2015:00:33:46 -0500] "POST /cumbredelclima/wp-admin/admin-ajax.php HTTP/1.1" 200 23
66.249.64.96 - - [26/Jul/2015:00:33:55 -0500] "GET /BLA/resoluciones/RESOLUCIONES%202007/RES%202007%202601%20AL%202700/RESOLUCION%202646%20DE%202007.pdf HTTP/1.1" 304 -
172.22.2.3 - - [26/Jul/2015:00:34:01 -0500] "POST /cumbredelclima/wp-admin/admin-ajax.php HTTP/1.1" 200 23
172.22.2.3 - - [26/Jul/2015:00:34:16 -0500] "POST /cumbredelclima/wp-admin/admin-ajax.php HTTP/1.1" 200 23
201.245.192.253 - - [26/Jul/2015:00:34:12 -0500] "POST /wp-admin/admin-ajax.php HTTP/1.1" 200 23
172.22.2.3 - - [26/Jul/2015:00:34:31 -0500] "POST /cumbredelclima/wp-admin/admin-ajax.php HTTP/1.1" 200 23
172.22.2.3 - - [26/Jul/2015:00:34:46 -0500] "POST /cumbredelclima/wp-admin/admin-ajax.php HTTP/1.1" 200 23
201.245.192.253 - - [26/Jul/2015:00:34:53 -0500] "GET /forest/session.jsp?a=0.348982964873787 HTTP/1.1" 200 4
172.22.2.3 - - [26/Jul/2015:00:35:01 -0500] "POST /cumbredelclima/wp-admin/admin-ajax.php HTTP/1.1" 200 23
74.86.158.107 - - [26/Jul/2015:00:35:15 -0500] "HEAD / HTTP/1.1" 200 -
172.22.2.3 - - [26/Jul/2015:00:35:16 -0500] "POST /cumbredelclima/wp-admin/admin-ajax.php HTTP/1.1" 200 23
172.22.2.3 - - [26/Jul/2015:00:35:32 -0500] "POST /cumbredelclima/wp-admin/admin-ajax.php HTTP/1.1" 200 23
172.22.2.3 - - [26/Jul/2015:00:35:47 -0500] "POST /cumbredelclima/wp-admin/admin-ajax.php HTTP/1.1" 200 23
172.22.2.3 - - [26/Jul/2015:00:36:02 -0500] "POST /cumbredelclima/wp-admin/admin-ajax.php HTTP/1.1" 200 23
172.22.2.3 - - [26/Jul/2015:00:36:17 -0500] "POST /cumbredelclima/wp-admin/admin-ajax.php HTTP/1.1" 200 23
201.245.192.253 - - [26/Jul/2015:00:36:12 -0500] "POST /wp-admin/admin-ajax.php HTTP/1.1" 200 23
172.22.2.3 - - [26/Jul/2015:00:36:32 -0500] "POST /cumbredelclima/wp-admin/admin-ajax.php HTTP/1.1" 200 23
66.249.64.106 - - [26/Jul/2015:00:36:33 -0500] "GET /BLA/resoluciones/Notificaciones/AUTOS%202014/5643.doc HTTP/1.1" 304 -
201.245.192.253 - - [26/Jul/2015:00:36:41 -0500] "GET /forest/session.jsp?a=0.4858185811977386 HTTP/1.1" 200 4
172.22.2.3 - - [26/Jul/2015:00:36:47 -0500] "POST /cumbredelclima/wp-admin/admin-ajax.php HTTP/1.1" 200 23
66.249.64.96 - - [26/Jul/2015:00:36:54 -0500] "GET /BLA/resoluciones/RESOLUCIONES%202007/RES%202007%20401%20AL%20500/RESOLUCION%200461%20DE%202007.pdf HTTP/1.1" 304 -
172.22.2.3 - - [26/Jul/2015:00:37:02 -0500] "POST /cumbredelclima/wp-admin/admin-ajax.php HTTP/1.1" 200 23
66.249.64.106 - - [26/Jul/2015:00:37:15 -0500] "GET /BLA/resoluciones/AUTOS%202012/2957.pdf HTTP/1.1" 304 -
172.22.2.3 - - [26/Jul/2015:00:37:17 -0500] "POST /cumbredelclima/wp-admin/admin-ajax.php HTTP/1.1" 200 23
66.249.64.106 - - [26/Jul/2015:00:37:21 -0500] "GET /BLA/resoluciones/RESOLUCIONES%202012/0385.pdf HTTP/1.1" 200 379666
172.22.2.3 - - [26/Jul/2015:00:37:32 -0500] "POST /cumbredelclima/wp-admin/admin-ajax.php HTTP/1.1" 200 23
66.249.64.96 - - [26/Jul/2015:00:37:37 -0500] "GET /BLA/resoluciones/RESOLUCIONES%202014/1177.pdf HTTP/1.1" 304 -
172.22.2.3 - - [26/Jul/2015:00:37:47 -0500] "POST /cumbredelclima/wp-admin/admin-ajax.php HTTP/1.1" 200 23
66.249.64.96 - - [26/Jul/2015:00:37:58 -0500] "GET /BLA/resoluciones/AUTOS%202011/2208.pdf HTTP/1.1" 304 -
172.22.2.3 - - [26/Jul/2015:00:38:02 -0500] "POST /cumbredelclima/wp-admin/admin-ajax.php HTTP/1.1" 200 23
172.22.2.3 - - [26/Jul/2015:00:38:17 -0500] "POST /cumbredelclima/wp-admin/admin-ajax.php HTTP/1.1" 200 23
66.249.64.96 - - [26/Jul/2015:00:38:19 -0500] "GET /BLA/resoluciones/RESOLUCIONES%202012/0848.pdf HTTP/1.1" 304 -
201.245.192.253 - - [26/Jul/2015:00:38:12 -0500] "POST /wp-admin/admin-ajax.php HTTP/1.1" 200 23
172.22.2.3 - - [26/Jul/2015:00:38:32 -0500] "POST /cumbredelclima/wp-admin/admin-ajax.php HTTP/1.1" 200 23
172.22.2.3 - - [26/Jul/2015:00:38:47 -0500] "POST /cumbredelclima/wp-admin/admin-ajax.php HTTP/1.1" 200 23
172.22.2.3 - - [26/Jul/2015:00:39:02 -0500] "POST /cumbredelclima/wp-admin/admin-ajax.php HTTP/1.1" 200 23
181.132.70.248 - - [26/Jul/2015:00:39:08 -0500] "GET /BLA/resoluciones/RESOLUCIONES%202011/1237.pdf HTTP/1.1" 200 322785
181.132.70.248 - - [26/Jul/2015:00:39:08 -0500] "GET /favicon.ico HTTP/1.1" 200 7782
172.22.2.3 - - [26/Jul/2015:00:39:17 -0500] "POST /cumbredelclima/wp-admin/admin-ajax.php HTTP/1.1" 200 23
172.22.2.3 - - [26/Jul/2015:00:39:32 -0500] "POST /cumbredelclima/wp-admin/admin-ajax.php HTTP/1.1" 200 23
74.86.158.107 - - [26/Jul/2015:00:39:33 -0500] "HEAD / HTTP/1.1" 200 -
172.22.2.3 - - [26/Jul/2015:00:39:47 -0500] "POST /cumbredelclima/wp-admin/admin-ajax.php HTTP/1.1" 200 23
66.249.64.101 - - [26/Jul/2015:00:39:49 -0500] "GET /BLA/resoluciones/RESOLUCIONES%202012/1307.pdf HTTP/1.1" 304 -
201.245.192.253 - - [26/Jul/2015:00:39:53 -0500] "GET /forest/session.jsp?a=0.5352597987246978 HTTP/1.1" 200 4
172.22.2.3 - - [26/Jul/2015:00:40:02 -0500] "POST /cumbredelclima/wp-admin/admin-ajax.php HTTP/1.1" 200 23
172.22.2.3 - - [26/Jul/2015:00:40:17 -0500] "POST /cumbredelclima/wp-admin/admin-ajax.php HTTP/1.1" 200 23
186.84.138.45 - - [26/Jul/2015:00:40:18 -0500] "GET /BLA/boletinlegal/js/jquery.scrollShow.js HTTP/1.1" 200 4586
186.84.138.45 - - [26/Jul/2015:00:40:18 -0500] "GET /galeria/galeria/jquery.fancybox.css?v=2.1.5 HTTP/1.1" 200 4895
186.84.138.45 - - [26/Jul/2015:00:40:18 -0500] "GET /galeria/galeria/jquery.fancybox.js?v=2.1.5 HTTP/1.1" 200 48706
186.84.138.45 - - [26/Jul/2015:00:40:24 -0500] "GET /BLA/boletinlegal/js/jquery.scrollShow.js HTTP/1.1" 200 4586
186.84.138.45 - - [26/Jul/2015:00:40:24 -0500] "GET /galeria/galeria/jquery.fancybox.js?v=2.1.5 HTTP/1.1" 200 48706
186.84.138.45 - - [26/Jul/2015:00:40:24 -0500] "GET /galeria/galeria/jquery.fancybox.css?v=2.1.5 HTTP/1.1" 200 4895
201.245.192.253 - - [26/Jul/2015:00:40:12 -0500] "POST /wp-admin/admin-ajax.php HTTP/1.1" 200 23
66.249.64.101 - - [26/Jul/2015:00:40:28 -0500] "GET /BLA/resoluciones/RESOLUCIONES%202007/RES%202007%202301%20AL%202400/RESOLUCION%202347%20DE%202007.pdf HTTP/1.1" 304 -
172.22.2.3 - - [26/Jul/2015:00:40:32 -0500] "POST /cumbredelclima/wp-admin/admin-ajax.php HTTP/1.1" 200 23
172.22.2.3 - - [26/Jul/2015:00:40:47 -0500] "POST /cumbredelclima/wp-admin/admin-ajax.php HTTP/1.1" 200 23
172.22.2.3 - - [26/Jul/2015:00:41:02 -0500] "POST /cumbredelclima/wp-admin/admin-ajax.php HTTP/1.1" 200 23
66.249.64.248 - - [26/Jul/2015:00:41:10 -0500] "GET /Anexos%20estudio%20Organizacional%20SDA/ANEXO%20No.%203-%20CONTRATACI%C3%93N%20%20OPS%C2%B4s%202008-2012/CONTRATOS%20SDA%202010%20POR%20DEPENDENCIA%20(1).xls HTTP/1.1" 304 -
172.22.2.3 - - [26/Jul/2015:00:41:17 -0500] "POST /cumbredelclima/wp-admin/admin-ajax.php HTTP/1.1" 200 23
66.249.64.96 - - [26/Jul/2015:00:41:31 -0500] "GET /BLA/resoluciones/RESOLUCIONES%202008/0823.pdf HTTP/1.1" 200 198255
172.22.2.3 - - [26/Jul/2015:00:41:32 -0500] "POST /cumbredelclima/wp-admin/admin-ajax.php HTTP/1.1" 200 23
201.245.192.253 - - [26/Jul/2015:00:41:41 -0500] "GET /forest/session.jsp?a=0.19934365414916888 HTTP/1.1" 200 4
172.22.2.3 - - [26/Jul/2015:00:41:47 -0500] "POST /cumbredelclima/wp-admin/admin-ajax.php HTTP/1.1" 200 23
66.249.64.101 - - [26/Jul/2015:00:41:52 -0500] "GET /BLA/resoluciones/RESOLUCIONES%202013/0594.pdf HTTP/1.1" 304 -
172.22.2.3 - - [26/Jul/2015:00:42:02 -0500] "POST /cumbredelclima/wp-admin/admin-ajax.php HTTP/1.1" 200 23
152.61.193.99 - - [26/Jul/2015:00:42:08 -0500] "HEAD / HTTP/1.1" 200 -
152.61.193.99 - - [26/Jul/2015:00:42:08 -0500] "GET /arcgis/services/Calidad_del_Agua_WQI/MapServer/WMSServer?request=GetCapabilities&service=WMS HTTP/1.1" 200 32135
152.61.193.99 - - [26/Jul/2015:00:42:09 -0500] "GET /arcgis/services/Calidad_del_Agua_WQI/MapServer/WMSServer?request=GetCapabilities&service=WMS HTTP/1.1" 200 32135
152.61.193.99 - - [26/Jul/2015:00:42:09 -0500] "GET /arcgis/services/Calidad_del_Agua_WQI/MapServer/WMSServer?request=GetCapabilities&service=WMS HTTP/1.1" 200 32135
152.61.193.99 - - [26/Jul/2015:00:42:10 -0500] "GET /arcgis/services/Calidad_del_Agua_WQI/MapServer/WMSServer?request=GetCapabilities&service=WMS HTTP/1.1" 200 32135
152.61.193.99 - - [26/Jul/2015:00:42:11 -0500] "GET /arcgis/services/Calidad_del_Agua_WQI/MapServer/WMSServer?VERSION=1.1.1&REQUEST=GetMap&LAYERS=0&SRS=EPSG:4326&BBOX=-74.473395,3.674381,-73.963300,4.920569&WIDTH=250&HEIGHT=250&FORMAT=image/bmp&STYLES=& HTTP/1.1" 200 188054
172.22.2.3 - - [26/Jul/2015:00:42:17 -0500] "POST /cumbredelclima/wp-admin/admin-ajax.php HTTP/1.1" 200 23
201.245.192.253 - - [26/Jul/2015:00:42:12 -0500] "POST /wp-admin/admin-ajax.php HTTP/1.1" 200 23
172.22.2.3 - - [26/Jul/2015:00:42:32 -0500] "POST /cumbredelclima/wp-admin/admin-ajax.php HTTP/1.1" 200 23
66.249.64.101 - - [26/Jul/2015:00:42:34 -0500] "GET /BLA/resoluciones/RESOLUCIONES%202009/4361.pdf HTTP/1.1" 304 -
186.29.193.63 - - [26/Jul/2015:00:42:41 -0500] "GET /galeria/galeria/jquery.fancybox.css?v=2.1.5 HTTP/1.1" 200 4895
186.29.193.63 - - [26/Jul/2015:00:42:41 -0500] "GET /galeria/carrusel/Carrusel/jquery.thumbnailScroller.css HTTP/1.1" 200 2066
186.29.193.63 - - [26/Jul/2015:00:42:41 -0500] "GET /BLA/boletinlegal/js/jquery.scrollShow.js HTTP/1.1" 200 4586
186.29.193.63 - - [26/Jul/2015:00:42:41 -0500] "GET /galeria/galeria/jquery.fancybox.js?v=2.1.5 HTTP/1.1" 200 48706
186.29.193.63 - - [26/Jul/2015:00:42:42 -0500] "GET /galeria/carrusel/Carrusel/jquery-ui-1.8.13.custom.min.js HTTP/1.1" 200 10800
186.29.193.63 - - [26/Jul/2015:00:42:42 -0500] "GET /galeria/carrusel/Carrusel/jquery.thumbnailScroller.js HTTP/1.1" 200 8157
172.22.2.3 - - [26/Jul/2015:00:42:47 -0500] "POST /cumbredelclima/wp-admin/admin-ajax.php HTTP/1.1" 200 23
186.29.193.63 - - [26/Jul/2015:00:42:59 -0500] "GET /galeria/nivo-slider/demo/demo.html HTTP/1.1" 200 5224
186.29.193.63 - - [26/Jul/2015:00:43:01 -0500] "GET /galeria/nivo-slider/themes/default/default.css HTTP/1.1" 200 1569
186.29.193.63 - - [26/Jul/2015:00:43:01 -0500] "GET /galeria/nivo-slider/themes/pascal/pascal.css HTTP/1.1" 200 2258
172.22.2.3 - - [26/Jul/2015:00:43:02 -0500] "POST /cumbredelclima/wp-admin/admin-ajax.php HTTP/1.1" 200 23
186.29.193.63 - - [26/Jul/2015:00:43:03 -0500] "GET /galeria/nivo-slider/themes/orman/orman.css HTTP/1.1" 200 2152
186.29.193.63 - - [26/Jul/2015:00:43:03 -0500] "GET /galeria/nivo-slider/nivo-slider.css HTTP/1.1" 200 1507
186.29.193.63 - - [26/Jul/2015:00:43:03 -0500] "GET /galeria/nivo-slider/demo/style.css HTTP/1.1" 200 2222
186.29.193.63 - - [26/Jul/2015:00:43:03 -0500] "GET /galeria/nivo-slider/demo/scripts/jquery-1.7.1.min.js HTTP/1.1" 200 93868
186.29.193.63 - - [26/Jul/2015:00:43:03 -0500] "GET /galeria/nivo-slider/jquery.nivo.slider.pack.js HTTP/1.1" 200 11561
186.29.193.63 - - [26/Jul/2015:00:43:13 -0500] "GET /galeria/nivo-slider/demo/images/Rendicion-de-cuentas.jpg HTTP/1.1" 200 309079
186.29.193.63 - - [26/Jul/2015:00:43:15 -0500] "GET /galeria/nivo-slider/demo/images/4Simple_Slider.png HTTP/1.1" 200 11722
186.29.193.63 - - [26/Jul/2015:00:43:15 -0500] "GET /galeria/nivo-slider/themes/default/loading.gif HTTP/1.1" 200 1737
186.29.193.63 - - [26/Jul/2015:00:43:16 -0500] "GET /galeria/nivo-slider/demo/images/banner-llantas2.jpg HTTP/1.1" 200 204644
66.249.64.106 - - [26/Jul/2015:00:43:17 -0500] "GET /BLA/resoluciones/AUTOS%202013/0359.pdf HTTP/1.1" 304 -
172.22.2.3 - - [26/Jul/2015:00:43:17 -0500] "POST /cumbredelclima/wp-admin/admin-ajax.php HTTP/1.1" 200 23
186.29.193.63 - - [26/Jul/2015:00:43:17 -0500] "GET /galeria/nivo-slider/demo/images/Semana-PYBA.jpg HTTP/1.1" 200 147360
66.249.64.106 - - [26/Jul/2015:00:43:27 -0500] "GET /BLA/resoluciones/RESOLUCIONES%202009/9801.pdf HTTP/1.1" 200 639785
172.22.2.3 - - [26/Jul/2015:00:43:32 -0500] "POST /cumbredelclima/wp-admin/admin-ajax.php HTTP/1.1" 200 23
186.29.193.63 - - [26/Jul/2015:00:43:43 -0500] "GET /galeria/nivo-slider/demo/images/PREDAcamp.jpg HTTP/1.1" 200 295358
186.29.193.63 - - [26/Jul/2015:00:43:43 -0500] "GET /galeria/nivo-slider/demo/images/VoluntariadoPYBA.jpg HTTP/1.1" 200 40647
186.29.193.63 - - [26/Jul/2015:00:43:46 -0500] "GET /galeria/nivo-slider/demo/images/9Signos.jpg HTTP/1.1" 200 81776
172.22.2.3 - - [26/Jul/2015:00:43:47 -0500] "POST /cumbredelclima/wp-admin/admin-ajax.php HTTP/1.1" 200 23
186.29.193.63 - - [26/Jul/2015:00:43:53 -0500] "GET /galeria/nivo-slider/demo/images/Comparendo-ambiental-Banner.jpg HTTP/1.1" 200 83731
66.249.64.106 - - [26/Jul/2015:00:43:59 -0500] "GET /BLA/resoluciones/RESOLUCIONES%202011/4560.pdf HTTP/1.1" 304 -
186.29.193.63 - - [26/Jul/2015:00:44:00 -0500] "GET /galeria/nivo-slider/demo/images/GAE-banner.jpg HTTP/1.1" 200 97556
172.22.2.3 - - [26/Jul/2015:00:44:02 -0500] "POST /cumbredelclima/wp-admin/admin-ajax.php HTTP/1.1" 200 23
186.29.193.63 - - [26/Jul/2015:00:44:06 -0500] "GET /galeria/nivo-slider/demo/images/Banner-encuesta-de-percepscio.jpg HTTP/1.1" 200 201899
186.29.193.63 - - [26/Jul/2015:00:44:07 -0500] "GET /galeria/nivo-slider/demo/images/banner-Pacto-por-la-madera.jpg HTTP/1.1" 200 209966
186.29.193.63 - - [26/Jul/2015:00:44:08 -0500] "GET /galeria/nivo-slider/demo/images/acuerdo_569.jpg HTTP/1.1" 200 62670
186.29.193.63 - - [26/Jul/2015:00:44:08 -0500] "GET /galeria/nivo-slider/demo/images/Licitaciones-proyecto-paramo.jpg HTTP/1.1" 200 221877
186.29.193.63 - - [26/Jul/2015:00:44:17 -0500] "GET /galeria/nivo-slider/demo/images/Banner-Directorio.jpg HTTP/1.1" 200 182068
172.22.2.3 - - [26/Jul/2015:00:44:17 -0500] "POST /cumbredelclima/wp-admin/admin-ajax.php HTTP/1.1" 200 23
186.29.193.63 - - [26/Jul/2015:00:44:17 -0500] "GET /galeria/nivo-slider/demo/images/Banner-decreto1299.jpg HTTP/1.1" 200 182613
186.29.193.63 - - [26/Jul/2015:00:44:18 -0500] "GET /galeria/nivo-slider/demo/images/Ruta-vertimientos-01.jpg HTTP/1.1" 200 130151
186.29.193.63 - - [26/Jul/2015:00:44:18 -0500] "GET /galeria/nivo-slider/demo/images/bolsas-06.jpg HTTP/1.1" 200 90982
186.29.193.63 - - [26/Jul/2015:00:44:20 -0500] "GET /galeria/nivo-slider/demo/images/Conoce-los-humedales.jpg HTTP/1.1" 200 294036
186.29.193.63 - - [26/Jul/2015:00:44:21 -0500] "GET /galeria/nivo-slider/demo/images/ecolecta-Dic2014.png HTTP/1.1" 200 288593
201.245.192.253 - - [26/Jul/2015:00:44:12 -0500] "POST /wp-admin/admin-ajax.php HTTP/1.1" 200 23
186.29.193.63 - - [26/Jul/2015:00:44:30 -0500] "GET /galeria/nivo-slider/demo/images/Banner-Caracol-Africano.jpg HTTP/1.1" 200 331986
172.22.2.3 - - [26/Jul/2015:00:44:32 -0500] "POST /cumbredelclima/wp-admin/admin-ajax.php HTTP/1.1" 200 23
74.86.158.107 - - [26/Jul/2015:00:44:33 -0500] "HEAD / HTTP/1.1" 200 -
186.29.193.63 - - [26/Jul/2015:00:44:37 -0500] "GET /galeria/nivo-slider/themes/default/bullets.png HTTP/1.1" 200 1281
186.29.193.63 - - [26/Jul/2015:00:44:37 -0500] "GET /galeria/nivo-slider/themes/default/arrows.png HTTP/1.1" 200 824
66.249.64.96 - - [26/Jul/2015:00:44:41 -0500] "GET /BLA/resoluciones/RESOLUCIONES%202013/0800.pdf HTTP/1.1" 304 -
172.22.2.3 - - [26/Jul/2015:00:44:47 -0500] "POST /cumbredelclima/wp-admin/admin-ajax.php HTTP/1.1" 200 23
201.245.192.253 - - [26/Jul/2015:00:44:53 -0500] "GET /forest/session.jsp?a=0.03239301311067344 HTTP/1.1" 200 4
172.22.2.3 - - [26/Jul/2015:00:45:02 -0500] "POST /cumbredelclima/wp-admin/admin-ajax.php HTTP/1.1" 200 23
172.22.2.3 - - [26/Jul/2015:00:45:17 -0500] "POST /cumbredelclima/wp-admin/admin-ajax.php HTTP/1.1" 200 23
66.249.64.106 - - [26/Jul/2015:00:45:23 -0500] "GET /BLA/resoluciones/AUTOS%202012/1995.pdf HTTP/1.1" 304 -
172.22.2.3 - - [26/Jul/2015:00:45:32 -0500] "POST /cumbredelclima/wp-admin/admin-ajax.php HTTP/1.1" 200 23
172.22.2.3 - - [26/Jul/2015:00:45:47 -0500] "POST /cumbredelclima/wp-admin/admin-ajax.php HTTP/1.1" 200 23
172.22.2.3 - - [26/Jul/2015:00:46:02 -0500] "POST /cumbredelclima/wp-admin/admin-ajax.php HTTP/1.1" 200 23
66.249.64.106 - - [26/Jul/2015:00:46:06 -0500] "GET /BLA/resoluciones/RESOLUCIONES%202009/4698.pdf HTTP/1.1" 304 -
190.26.128.150 - - [26/Jul/2015:00:46:17 -0500] "GET /galeria/galeria/jquery.fancybox.css?v=2.1.5 HTTP/1.1" 200 4895
190.26.128.150 - - [26/Jul/2015:00:46:17 -0500] "GET /BLA/boletinlegal/js/jquery.scrollShow.js HTTP/1.1" 200 4586
190.26.128.150 - - [26/Jul/2015:00:46:17 -0500] "GET /galeria/galeria/jquery.fancybox.js?v=2.1.5 HTTP/1.1" 200 48706
172.22.2.3 - - [26/Jul/2015:00:46:17 -0500] "POST /cumbredelclima/wp-admin/admin-ajax.php HTTP/1.1" 200 23
190.26.128.150 - - [26/Jul/2015:00:46:24 -0500] "GET /galeria/galeria/jquery.fancybox.css?v=2.1.5 HTTP/1.1" 304 -
190.26.128.150 - - [26/Jul/2015:00:46:24 -0500] "GET /BLA/boletinlegal/js/jquery.scrollShow.js HTTP/1.1" 304 -
190.26.128.150 - - [26/Jul/2015:00:46:24 -0500] "GET /galeria/galeria/jquery.fancybox.js?v=2.1.5 HTTP/1.1" 304 -
201.245.192.253 - - [26/Jul/2015:00:46:12 -0500] "POST /wp-admin/admin-ajax.php HTTP/1.1" 200 23
172.22.2.3 - - [26/Jul/2015:00:46:32 -0500] "POST /cumbredelclima/wp-admin/admin-ajax.php HTTP/1.1" 200 23
201.245.192.253 - - [26/Jul/2015:00:46:41 -0500] "GET /forest/session.jsp?a=0.8847942713263738 HTTP/1.1" 200 4
172.22.2.3 - - [26/Jul/2015:00:46:47 -0500] "POST /cumbredelclima/wp-admin/admin-ajax.php HTTP/1.1" 200 23
66.249.64.96 - - [26/Jul/2015:00:46:48 -0500] "GET /BLA/resoluciones/RESOLUCIONES%202010/6810.pdf HTTP/1.1" 304 -
181.129.78.208 - - [26/Jul/2015:00:47:00 -0500] "GET /BLA/boletinlegal/js/jquery.scrollShow.js HTTP/1.1" 200 4586
181.129.78.208 - - [26/Jul/2015:00:47:01 -0500] "GET /galeria/galeria/jquery.fancybox.js?v=2.1.5 HTTP/1.1" 200 48706
181.129.78.208 - - [26/Jul/2015:00:47:01 -0500] "GET /galeria/galeria/jquery.fancybox.css?v=2.1.5 HTTP/1.1" 200 4895
172.22.2.3 - - [26/Jul/2015:00:47:02 -0500] "POST /cumbredelclima/wp-admin/admin-ajax.php HTTP/1.1" 200 23
66.249.64.106 - - [26/Jul/2015:00:47:15 -0500] "GET /galeria/galeria/fotos/Soratama3G.jpg HTTP/1.1" 304 -
172.22.2.3 - - [26/Jul/2015:00:47:17 -0500] "POST /cumbredelclima/wp-admin/admin-ajax.php HTTP/1.1" 200 23
66.249.64.106 - - [26/Jul/2015:00:47:30 -0500] "GET /BLA/resoluciones/RESOLUCIONES%202007/RES%202007%202601%20AL%202700/RESOLUCION%202643%20DE%202007.pdf HTTP/1.1" 304 -
172.22.2.3 - - [26/Jul/2015:00:47:32 -0500] "POST /cumbredelclima/wp-admin/admin-ajax.php HTTP/1.1" 200 23
181.129.78.208 - - [26/Jul/2015:00:47:33 -0500] "GET /BLA/boletinlegal/js/jquery.scrollShow.js HTTP/1.1" 304 -
181.129.78.208 - - [26/Jul/2015:00:47:33 -0500] "GET /galeria/galeria/jquery.fancybox.js?v=2.1.5 HTTP/1.1" 304 -
181.129.78.208 - - [26/Jul/2015:00:47:33 -0500] "GET /galeria/galeria/jquery.fancybox.css?v=2.1.5 HTTP/1.1" 304 -
66.249.64.96 - - [26/Jul/2015:00:47:45 -0500] "GET /BLA/resoluciones/RESOLUCIONES%202009/7069.pdf HTTP/1.1" 200 104737
172.22.2.3 - - [26/Jul/2015:00:47:47 -0500] "POST /cumbredelclima/wp-admin/admin-ajax.php HTTP/1.1" 200 23
172.22.2.3 - - [26/Jul/2015:00:48:02 -0500] "POST /cumbredelclima/wp-admin/admin-ajax.php HTTP/1.1" 200 23
66.249.64.106 - - [26/Jul/2015:00:48:13 -0500] "GET /BLA/resoluciones/RESOLUCIONES%202007/RES%202007%204001%20AL%204100/RESOLUCION%204090%20DE%202007.pdf HTTP/1.1" 200 13950935
190.143.54.165 - - [26/Jul/2015:00:48:17 -0500] "GET /galeria/galeria/jquery.fancybox.js?v=2.1.5 HTTP/1.1" 200 48706
190.143.54.165 - - [26/Jul/2015:00:48:17 -0500] "GET /BLA/boletinlegal/js/jquery.scrollShow.js HTTP/1.1" 200 4586
190.143.54.165 - - [26/Jul/2015:00:48:17 -0500] "GET /galeria/galeria/jquery.fancybox.css?v=2.1.5 HTTP/1.1" 200 4895
172.22.2.3 - - [26/Jul/2015:00:48:17 -0500] "POST /cumbredelclima/wp-admin/admin-ajax.php HTTP/1.1" 200 23
190.143.54.165 - - [26/Jul/2015:00:48:24 -0500] "GET /galeria/galeria/jquery.fancybox.css?v=2.1.5 HTTP/1.1" 304 -
190.143.54.165 - - [26/Jul/2015:00:48:24 -0500] "GET /BLA/boletinlegal/js/jquery.scrollShow.js HTTP/1.1" 304 -
190.143.54.165 - - [26/Jul/2015:00:48:24 -0500] "GET /galeria/galeria/jquery.fancybox.js?v=2.1.5 HTTP/1.1" 304 -
201.245.192.253 - - [26/Jul/2015:00:48:12 -0500] "POST /wp-admin/admin-ajax.php HTTP/1.1" 200 23
172.22.2.3 - - [26/Jul/2015:00:48:32 -0500] "POST /cumbredelclima/wp-admin/admin-ajax.php HTTP/1.1" 200 23
172.22.2.3 - - [26/Jul/2015:00:48:47 -0500] "POST /cumbredelclima/wp-admin/admin-ajax.php HTTP/1.1" 200 23
66.249.64.106 - - [26/Jul/2015:00:48:55 -0500] "GET /BLA/resoluciones/AUTOS%202012/1114.pdf HTTP/1.1" 304 -
172.22.2.3 - - [26/Jul/2015:00:49:02 -0500] "POST /cumbredelclima/wp-admin/admin-ajax.php HTTP/1.1" 200 23
66.249.64.101 - - [26/Jul/2015:00:49:07 -0500] "GET /m/BLA/resoluciones/AUTOS%202014/6798.pdf HTTP/1.1" 404 1018
172.22.2.3 - - [26/Jul/2015:00:49:17 -0500] "POST /cumbredelclima/wp-admin/admin-ajax.php HTTP/1.1" 200 23
172.22.2.3 - - [26/Jul/2015:00:49:32 -0500] "POST /cumbredelclima/wp-admin/admin-ajax.php HTTP/1.1" 200 23
74.86.158.107 - - [26/Jul/2015:00:49:33 -0500] "HEAD / HTTP/1.1" 200 -
66.249.64.101 - - [26/Jul/2015:00:49:37 -0500] "GET /BLA/resoluciones/RESOLUCIONES%202007/RES%202007%201401%20AL%201500/RESOLUCION%201409%20DE%202007.pdf HTTP/1.1" 304 -
172.22.2.3 - - [26/Jul/2015:00:49:47 -0500] "POST /cumbredelclima/wp-admin/admin-ajax.php HTTP/1.1" 200 23
201.245.192.253 - - [26/Jul/2015:00:49:53 -0500] "GET /forest/session.jsp?a=0.6033593369942222 HTTP/1.1" 200 4
172.22.2.3 - - [26/Jul/2015:00:50:02 -0500] "POST /cumbredelclima/wp-admin/admin-ajax.php HTTP/1.1" 200 23
172.22.2.3 - - [26/Jul/2015:00:50:17 -0500] "POST /cumbredelclima/wp-admin/admin-ajax.php HTTP/1.1" 200 23
66.249.64.96 - - [26/Jul/2015:00:50:19 -0500] "GET /BLA/resoluciones/RESOLUCIONES%202007/RES%202007%202501%20AL%202600/RESOLUCION%202551%20DE%202007.pdf HTTP/1.1" 304 -
201.245.192.253 - - [26/Jul/2015:00:50:12 -0500] "POST /wp-admin/admin-ajax.php HTTP/1.1" 200 23
172.22.2.3 - - [26/Jul/2015:00:50:32 -0500] "POST /cumbredelclima/wp-admin/admin-ajax.php HTTP/1.1" 200 23
172.22.2.3 - - [26/Jul/2015:00:50:47 -0500] "POST /cumbredelclima/wp-admin/admin-ajax.php HTTP/1.1" 200 23
157.55.39.89 - - [26/Jul/2015:00:50:51 -0500] "GET /galeria/nivo-slider/demo/demo.html HTTP/1.1" 200 5224
66.249.64.96 - - [26/Jul/2015:00:51:02 -0500] "GET /BLA/resoluciones/RESOLUCIONES%202013/1223.pdf HTTP/1.1" 304 -
172.22.2.3 - - [26/Jul/2015:00:51:02 -0500] "POST /cumbredelclima/wp-admin/admin-ajax.php HTTP/1.1" 200 23
186.147.87.173 - - [26/Jul/2015:00:51:16 -0500] "GET /BLA/boletinlegal/js/jquery.scrollShow.js HTTP/1.1" 200 4586
186.147.87.173 - - [26/Jul/2015:00:51:16 -0500] "GET /galeria/galeria/jquery.fancybox.css?v=2.1.5 HTTP/1.1" 200 4895
186.147.87.173 - - [26/Jul/2015:00:51:16 -0500] "GET /galeria/galeria/jquery.fancybox.js?v=2.1.5 HTTP/1.1" 200 48706
172.22.2.3 - - [26/Jul/2015:00:51:17 -0500] "POST /cumbredelclima/wp-admin/admin-ajax.php HTTP/1.1" 200 23
186.147.87.173 - - [26/Jul/2015:00:51:25 -0500] "GET /galeria/galeria/jquery.fancybox.css?v=2.1.5 HTTP/1.1" 304 -
186.147.87.173 - - [26/Jul/2015:00:51:25 -0500] "GET /BLA/boletinlegal/js/jquery.scrollShow.js HTTP/1.1" 304 -
186.147.87.173 - - [26/Jul/2015:00:51:25 -0500] "GET /galeria/galeria/jquery.fancybox.js?v=2.1.5 HTTP/1.1" 304 -
172.22.2.3 - - [26/Jul/2015:00:51:32 -0500] "POST /cumbredelclima/wp-admin/admin-ajax.php HTTP/1.1" 200 23
201.245.192.253 - - [26/Jul/2015:00:51:41 -0500] "GET /forest/session.jsp?a=0.2658208040780865 HTTP/1.1" 200 4
66.249.64.96 - - [26/Jul/2015:00:51:44 -0500] "GET /BLA/resoluciones/AUTOS%202011/0216.pdf HTTP/1.1" 304 -
172.22.2.3 - - [26/Jul/2015:00:51:47 -0500] "POST /cumbredelclima/wp-admin/admin-ajax.php HTTP/1.1" 200 23
172.22.2.3 - - [26/Jul/2015:00:52:02 -0500] "POST /cumbredelclima/wp-admin/admin-ajax.php HTTP/1.1" 200 23
172.22.2.3 - - [26/Jul/2015:00:52:17 -0500] "POST /cumbredelclima/wp-admin/admin-ajax.php HTTP/1.1" 200 23
66.249.64.101 - - [26/Jul/2015:00:52:17 -0500] "GET /BLA/resoluciones/RESOLUCIONES%202009/1320.pdf HTTP/1.1" 200 399991
201.245.192.253 - - [26/Jul/2015:00:52:12 -0500] "POST /wp-admin/admin-ajax.php HTTP/1.1" 200 23
66.249.64.106 - - [26/Jul/2015:00:52:26 -0500] "GET /BLA/resoluciones/RESOLUCIONES%202008/4793.pdf HTTP/1.1" 304 -
172.22.2.3 - - [26/Jul/2015:00:52:32 -0500] "POST /cumbredelclima/wp-admin/admin-ajax.php HTTP/1.1" 200 23
66.249.64.106 - - [26/Jul/2015:00:52:34 -0500] "GET /BLA/resoluciones/RESOLUCIONES%202009/7522.pdf HTTP/1.1" 200 528357
172.22.2.3 - - [26/Jul/2015:00:52:47 -0500] "POST /cumbredelclima/wp-admin/admin-ajax.php HTTP/1.1" 200 23
172.22.2.3 - - [26/Jul/2015:00:53:02 -0500] "POST /cumbredelclima/wp-admin/admin-ajax.php HTTP/1.1" 200 23
66.249.64.96 - - [26/Jul/2015:00:53:08 -0500] "GET /BLA/resoluciones/RESOLUCIONES%202010/5315.pdf HTTP/1.1" 304 -
172.22.2.3 - - [26/Jul/2015:00:53:17 -0500] "POST /cumbredelclima/wp-admin/admin-ajax.php HTTP/1.1" 200 23
172.22.2.3 - - [26/Jul/2015:00:53:32 -0500] "POST /cumbredelclima/wp-admin/admin-ajax.php HTTP/1.1" 200 23
186.28.83.129 - - [26/Jul/2015:00:53:34 -0500] "GET /BLA/resoluciones/AUTOS%202010/5436.pdf HTTP/1.1" 200 1540563
172.22.2.3 - - [26/Jul/2015:00:53:47 -0500] "POST /cumbredelclima/wp-admin/admin-ajax.php HTTP/1.1" 200 23
66.249.64.96 - - [26/Jul/2015:00:53:51 -0500] "GET /BLA/resoluciones/AUTOS%202010/0121.pdf HTTP/1.1" 304 -
172.22.2.3 - - [26/Jul/2015:00:54:02 -0500] "POST /cumbredelclima/wp-admin/admin-ajax.php HTTP/1.1" 200 23
172.22.2.3 - - [26/Jul/2015:00:54:17 -0500] "POST /cumbredelclima/wp-admin/admin-ajax.php HTTP/1.1" 200 23
201.245.192.253 - - [26/Jul/2015:00:54:12 -0500] "POST /wp-admin/admin-ajax.php HTTP/1.1" 200 23
172.22.2.3 - - [26/Jul/2015:00:54:32 -0500] "POST /cumbredelclima/wp-admin/admin-ajax.php HTTP/1.1" 200 23
66.249.64.106 - - [26/Jul/2015:00:54:33 -0500] "GET /BLA/resoluciones/RESOLUCIONES%202009/4955.pdf HTTP/1.1" 304 -
74.86.158.107 - - [26/Jul/2015:00:54:33 -0500] "HEAD / HTTP/1.1" 200 -
200.116.50.250 - - [26/Jul/2015:00:54:41 -0500] "GET /galeria/galeria/jquery.fancybox.css?v=2.1.5 HTTP/1.1" 200 4895
200.116.50.250 - - [26/Jul/2015:00:54:41 -0500] "GET /BLA/boletinlegal/js/jquery.scrollShow.js HTTP/1.1" 200 4586
200.116.50.250 - - [26/Jul/2015:00:54:41 -0500] "GET /galeria/galeria/jquery.fancybox.js?v=2.1.5 HTTP/1.1" 200 48706
172.22.2.3 - - [26/Jul/2015:00:54:47 -0500] "POST /cumbredelclima/wp-admin/admin-ajax.php HTTP/1.1" 200 23
200.116.50.250 - - [26/Jul/2015:00:54:49 -0500] "GET /galeria/carrusel/Carrusel/jquery.thumbnailScroller.css HTTP/1.1" 200 2066
200.116.50.250 - - [26/Jul/2015:00:54:49 -0500] "GET /galeria/carrusel/Carrusel/jquery-ui-1.8.13.custom.min.js HTTP/1.1" 200 10800
200.116.50.250 - - [26/Jul/2015:00:54:49 -0500] "GET /galeria/carrusel/Carrusel/jquery.thumbnailScroller.js HTTP/1.1" 200 8157
200.116.50.250 - - [26/Jul/2015:00:54:50 -0500] "GET /galeria/nivo-slider/demo/demo.html HTTP/1.1" 200 5224
200.116.50.250 - - [26/Jul/2015:00:54:50 -0500] "GET /galeria/nivo-slider/themes/default/default.css HTTP/1.1" 200 1569
200.116.50.250 - - [26/Jul/2015:00:54:50 -0500] "GET /galeria/nivo-slider/themes/pascal/pascal.css HTTP/1.1" 200 2258
200.116.50.250 - - [26/Jul/2015:00:54:50 -0500] "GET /galeria/nivo-slider/themes/orman/orman.css HTTP/1.1" 200 2152
200.116.50.250 - - [26/Jul/2015:00:54:50 -0500] "GET /galeria/nivo-slider/nivo-slider.css HTTP/1.1" 200 1507
200.116.50.250 - - [26/Jul/2015:00:54:50 -0500] "GET /galeria/nivo-slider/demo/style.css HTTP/1.1" 200 2222
200.116.50.250 - - [26/Jul/2015:00:54:50 -0500] "GET /galeria/nivo-slider/demo/scripts/jquery-1.7.1.min.js HTTP/1.1" 200 93868
200.116.50.250 - - [26/Jul/2015:00:54:50 -0500] "GET /galeria/nivo-slider/demo/images/Rendicion-de-cuentas.jpg HTTP/1.1" 200 309079
200.116.50.250 - - [26/Jul/2015:00:54:50 -0500] "GET /galeria/nivo-slider/jquery.nivo.slider.pack.js HTTP/1.1" 200 11561
200.116.50.250 - - [26/Jul/2015:00:54:50 -0500] "GET /galeria/nivo-slider/demo/images/banner-llantas2.jpg HTTP/1.1" 200 204644
200.116.50.250 - - [26/Jul/2015:00:54:51 -0500] "GET /galeria/nivo-slider/demo/images/Semana-PYBA.jpg HTTP/1.1" 200 147360
200.116.50.250 - - [26/Jul/2015:00:54:51 -0500] "GET /galeria/nivo-slider/demo/images/4Simple_Slider.png HTTP/1.1" 200 11722
66.249.64.106 - - [26/Jul/2015:00:54:51 -0500] "GET /BLA/resoluciones/RESOLUCIONES%202009/0640.pdf HTTP/1.1" 200 69728
200.116.50.250 - - [26/Jul/2015:00:54:52 -0500] "GET /galeria/nivo-slider/themes/default/loading.gif HTTP/1.1" 200 1737
200.116.50.250 - - [26/Jul/2015:00:54:52 -0500] "GET /galeria/nivo-slider/demo/images/PREDAcamp.jpg HTTP/1.1" 200 295358
201.245.192.253 - - [26/Jul/2015:00:54:53 -0500] "GET /forest/session.jsp?a=0.9633806838214922 HTTP/1.1" 200 4
200.116.50.250 - - [26/Jul/2015:00:54:54 -0500] "GET /galeria/nivo-slider/demo/images/VoluntariadoPYBA.jpg HTTP/1.1" 200 40647
200.116.50.250 - - [26/Jul/2015:00:54:56 -0500] "GET /galeria/nivo-slider/demo/images/9Signos.jpg HTTP/1.1" 200 81776
200.116.50.250 - - [26/Jul/2015:00:54:57 -0500] "GET /galeria/nivo-slider/demo/images/Comparendo-ambiental-Banner.jpg HTTP/1.1" 200 83731
200.116.50.250 - - [26/Jul/2015:00:54:57 -0500] "GET /galeria/nivo-slider/demo/images/GAE-banner.jpg HTTP/1.1" 200 97556
200.116.50.250 - - [26/Jul/2015:00:54:58 -0500] "GET /galeria/nivo-slider/demo/images/Banner-encuesta-de-percepscio.jpg HTTP/1.1" 200 201899
200.116.50.250 - - [26/Jul/2015:00:54:59 -0500] "GET /galeria/nivo-slider/demo/images/banner-Pacto-por-la-madera.jpg HTTP/1.1" 200 209966
200.116.50.250 - - [26/Jul/2015:00:54:59 -0500] "GET /galeria/nivo-slider/demo/images/acuerdo_569.jpg HTTP/1.1" 200 62670
200.116.50.250 - - [26/Jul/2015:00:54:59 -0500] "GET /galeria/nivo-slider/demo/images/Licitaciones-proyecto-paramo.jpg HTTP/1.1" 200 221877
200.116.50.250 - - [26/Jul/2015:00:55:00 -0500] "GET /galeria/nivo-slider/demo/images/Banner-decreto1299.jpg HTTP/1.1" 200 182613
200.116.50.250 - - [26/Jul/2015:00:55:00 -0500] "GET /galeria/nivo-slider/demo/images/Banner-Directorio.jpg HTTP/1.1" 200 182068
200.116.50.250 - - [26/Jul/2015:00:55:00 -0500] "GET /galeria/nivo-slider/demo/images/Ruta-vertimientos-01.jpg HTTP/1.1" 200 130151
200.116.50.250 - - [26/Jul/2015:00:55:00 -0500] "GET /galeria/nivo-slider/demo/images/bolsas-06.jpg HTTP/1.1" 200 90982
172.22.2.3 - - [26/Jul/2015:00:55:02 -0500] "POST /cumbredelclima/wp-admin/admin-ajax.php HTTP/1.1" 200 23
200.116.50.250 - - [26/Jul/2015:00:55:05 -0500] "GET /galeria/galeria/jquery.fancybox.css?v=2.1.5 HTTP/1.1" 304 -
200.116.50.250 - - [26/Jul/2015:00:55:05 -0500] "GET /BLA/boletinlegal/js/jquery.scrollShow.js HTTP/1.1" 304 -
200.116.50.250 - - [26/Jul/2015:00:55:05 -0500] "GET /galeria/galeria/jquery.fancybox.js?v=2.1.5 HTTP/1.1" 304 -
66.249.64.106 - - [26/Jul/2015:00:55:15 -0500] "GET /BLA/resoluciones/RESOLUCIONES%202007/RES%202007%20501%20AL%20600/RESOLUCION%200507%20DE%202007.pdf HTTP/1.1" 304 -
172.22.2.3 - - [26/Jul/2015:00:55:17 -0500] "POST /cumbredelclima/wp-admin/admin-ajax.php HTTP/1.1" 200 23
172.22.2.3 - - [26/Jul/2015:00:55:32 -0500] "POST /cumbredelclima/wp-admin/admin-ajax.php HTTP/1.1" 200 23
172.22.2.3 - - [26/Jul/2015:00:55:47 -0500] "POST /cumbredelclima/wp-admin/admin-ajax.php HTTP/1.1" 200 23
66.249.64.101 - - [26/Jul/2015:00:55:57 -0500] "GET /BLA/directivas/2011/1.pdf HTTP/1.1" 304 -
66.249.64.96 - - [26/Jul/2015:00:55:58 -0500] "GET /BLA/resoluciones/RESOLUCIONES%202010/2414.pdf HTTP/1.1" 304 -
172.22.2.3 - - [26/Jul/2015:00:56:02 -0500] "POST /cumbredelclima/wp-admin/admin-ajax.php HTTP/1.1" 200 23
172.22.2.3 - - [26/Jul/2015:00:56:17 -0500] "POST /cumbredelclima/wp-admin/admin-ajax.php HTTP/1.1" 200 23
201.245.192.253 - - [26/Jul/2015:00:56:12 -0500] "POST /wp-admin/admin-ajax.php HTTP/1.1" 200 23
172.22.2.3 - - [26/Jul/2015:00:56:32 -0500] "POST /cumbredelclima/wp-admin/admin-ajax.php HTTP/1.1" 200 23
66.249.64.253 - - [26/Jul/2015:00:56:40 -0500] "GET /Autoliquidacion/Solicitudes%20relacionadas%20con%20calidad%20del%20aire%20auditiva%20y%20visual/Evaluaci%C3%B3n%20de%20permisos%20de%20emisi%C3%B3n%20para%20fuentes%20fijas/lista%20de%20chequeo%20permiso%20de%20emisiones.pdf HTTP/1.1" 304 -
201.245.192.253 - - [26/Jul/2015:00:56:41 -0500] "GET /forest/session.jsp?a=0.40601470145340923 HTTP/1.1" 200 4
172.22.2.3 - - [26/Jul/2015:00:56:47 -0500] "POST /cumbredelclima/wp-admin/admin-ajax.php HTTP/1.1" 200 23
172.22.2.3 - - [26/Jul/2015:00:57:02 -0500] "POST /cumbredelclima/wp-admin/admin-ajax.php HTTP/1.1" 200 23
172.22.2.3 - - [26/Jul/2015:00:57:17 -0500] "POST /cumbredelclima/wp-admin/admin-ajax.php HTTP/1.1" 200 23
66.249.64.96 - - [26/Jul/2015:00:57:22 -0500] "GET /BLA/resoluciones/RESOLUCIONES%202013/0574.pdf HTTP/1.1" 304 -
172.22.2.3 - - [26/Jul/2015:00:57:32 -0500] "POST /cumbredelclima/wp-admin/admin-ajax.php HTTP/1.1" 200 23
172.22.2.3 - - [26/Jul/2015:00:57:47 -0500] "POST /cumbredelclima/wp-admin/admin-ajax.php HTTP/1.1" 200 23
172.22.2.3 - - [26/Jul/2015:00:58:02 -0500] "POST /cumbredelclima/wp-admin/admin-ajax.php HTTP/1.1" 200 23
172.22.2.3 - - [26/Jul/2015:00:58:17 -0500] "POST /cumbredelclima/wp-admin/admin-ajax.php HTTP/1.1" 200 23
201.245.192.253 - - [26/Jul/2015:00:58:12 -0500] "POST /wp-admin/admin-ajax.php HTTP/1.1" 200 23
172.22.2.3 - - [26/Jul/2015:00:58:32 -0500] "POST /cumbredelclima/wp-admin/admin-ajax.php HTTP/1.1" 200 23
172.22.2.3 - - [26/Jul/2015:00:58:47 -0500] "POST /cumbredelclima/wp-admin/admin-ajax.php HTTP/1.1" 200 23
172.22.2.3 - - [26/Jul/2015:00:59:02 -0500] "POST /cumbredelclima/wp-admin/admin-ajax.php HTTP/1.1" 200 23
172.22.2.3 - - [26/Jul/2015:00:59:17 -0500] "POST /cumbredelclima/wp-admin/admin-ajax.php HTTP/1.1" 200 23
172.22.2.3 - - [26/Jul/2015:00:59:32 -0500] "POST /cumbredelclima/wp-admin/admin-ajax.php HTTP/1.1" 200 23
74.86.158.107 - - [26/Jul/2015:00:59:33 -0500] "HEAD / HTTP/1.1" 200 -
172.22.2.3 - - [26/Jul/2015:00:59:47 -0500] "POST /cumbredelclima/wp-admin/admin-ajax.php HTTP/1.1" 200 23
201.245.192.253 - - [26/Jul/2015:00:59:53 -0500] "GET /forest/session.jsp?a=0.8568705392337693 HTTP/1.1" 200 4
172.22.2.3 - - [26/Jul/2015:01:00:02 -0500] "POST /cumbredelclima/wp-admin/admin-ajax.php HTTP/1.1" 200 23
172.22.2.3 - - [26/Jul/2015:01:00:17 -0500] "POST /cumbredelclima/wp-admin/admin-ajax.php HTTP/1.1" 200 23
66.249.64.96 - - [26/Jul/2015:01:00:22 -0500] "GET /BLA/resoluciones/RESOLUCIONES%202008/4254.pdf HTTP/1.1" 200 314200
201.245.192.253 - - [26/Jul/2015:01:00:12 -0500] "POST /wp-admin/admin-ajax.php HTTP/1.1" 200 23
190.144.69.109 - - [26/Jul/2015:01:00:26 -0500] "GET /galeria/galeria/fotos/Humedal-techo3G.jpg HTTP/1.1" 200 378344
190.144.69.109 - - [26/Jul/2015:01:00:31 -0500] "GET /galeria/galeria/fotos/Humedal-Santa-Mar%C3%ADa-del-Lago3G.jpg HTTP/1.1" 200 271832
172.22.2.3 - - [26/Jul/2015:01:00:32 -0500] "POST /cumbredelclima/wp-admin/admin-ajax.php HTTP/1.1" 200 23
172.22.2.3 - - [26/Jul/2015:01:00:47 -0500] "POST /cumbredelclima/wp-admin/admin-ajax.php HTTP/1.1" 200 23
66.249.64.106 - - [26/Jul/2015:01:00:57 -0500] "GET /BLA/resoluciones/AUTOS%202013/0201.pdf HTTP/1.1" 304 -
172.22.2.3 - - [26/Jul/2015:01:01:02 -0500] "POST /cumbredelclima/wp-admin/admin-ajax.php HTTP/1.1" 200 23
172.22.2.3 - - [26/Jul/2015:01:01:17 -0500] "POST /cumbredelclima/wp-admin/admin-ajax.php HTTP/1.1" 200 23
172.22.2.3 - - [26/Jul/2015:01:01:32 -0500] "POST /cumbredelclima/wp-admin/admin-ajax.php HTTP/1.1" 200 23
66.249.64.101 - - [26/Jul/2015:01:01:37 -0500] "GET /BLA/resoluciones/RESOLUCIONES%202009/4702.pdf HTTP/1.1" 200 291347
201.245.192.253 - - [26/Jul/2015:01:01:41 -0500] "GET /forest/session.jsp?a=0.5042444143629606 HTTP/1.1" 200 4
172.22.2.3 - - [26/Jul/2015:01:01:47 -0500] "POST /cumbredelclima/wp-admin/admin-ajax.php HTTP/1.1" 200 23
66.249.64.106 - - [26/Jul/2015:01:01:58 -0500] "GET /BLA/resoluciones/AUTOS%202014/1197.pdf HTTP/1.1" 200 1090276
172.22.2.3 - - [26/Jul/2015:01:02:02 -0500] "POST /cumbredelclima/wp-admin/admin-ajax.php HTTP/1.1" 200 23
172.22.2.3 - - [26/Jul/2015:01:02:17 -0500] "POST /cumbredelclima/wp-admin/admin-ajax.php HTTP/1.1" 200 23
201.245.192.253 - - [26/Jul/2015:01:02:12 -0500] "POST /wp-admin/admin-ajax.php HTTP/1.1" 200 23
200.105.251.170 - - [26/Jul/2015:01:02:28 -0500] "GET /galeria/galeria/jquery.fancybox.css?v=2.1.5 HTTP/1.1" 200 4895
200.105.251.170 - - [26/Jul/2015:01:02:28 -0500] "GET /galeria/galeria/jquery.fancybox.js?v=2.1.5 HTTP/1.1" 200 48706
200.105.251.170 - - [26/Jul/2015:01:02:28 -0500] "GET /BLA/boletinlegal/js/jquery.scrollShow.js HTTP/1.1" 200 4586
172.22.2.3 - - [26/Jul/2015:01:02:32 -0500] "POST /cumbredelclima/wp-admin/admin-ajax.php HTTP/1.1" 200 23
200.105.251.170 - - [26/Jul/2015:01:02:37 -0500] "GET /galeria/galeria/jquery.fancybox.css?v=2.1.5 HTTP/1.1" 304 -
200.105.251.170 - - [26/Jul/2015:01:02:37 -0500] "GET /BLA/boletinlegal/js/jquery.scrollShow.js HTTP/1.1" 304 -
200.105.251.170 - - [26/Jul/2015:01:02:37 -0500] "GET /galeria/galeria/jquery.fancybox.js?v=2.1.5 HTTP/1.1" 304 -
88.198.233.69 - - [26/Jul/2015:01:02:47 -0500] "GET / HTTP/1.1" 200 10190
172.22.2.3 - - [26/Jul/2015:01:02:47 -0500] "POST /cumbredelclima/wp-admin/admin-ajax.php HTTP/1.1" 200 23
172.22.2.3 - - [26/Jul/2015:01:03:02 -0500] "POST /cumbredelclima/wp-admin/admin-ajax.php HTTP/1.1" 200 23
172.22.2.3 - - [26/Jul/2015:01:03:17 -0500] "POST /cumbredelclima/wp-admin/admin-ajax.php HTTP/1.1" 200 23
172.22.2.3 - - [26/Jul/2015:01:03:32 -0500] "POST /cumbredelclima/wp-admin/admin-ajax.php HTTP/1.1" 200 23
68.180.230.190 - - [26/Jul/2015:01:03:34 -0500] "GET /galeria/galeria/jquery.fancybox.css?v=2.1.5 HTTP/1.1" 304 -
68.180.230.190 - - [26/Jul/2015:01:03:34 -0500] "GET /galeria/carrusel/Carrusel/jquery.thumbnailScroller.css HTTP/1.1" 304 -
68.180.230.190 - - [26/Jul/2015:01:03:34 -0500] "GET /galeria/nivo-slider/demo/demo.html HTTP/1.1" 304 -
68.180.230.190 - - [26/Jul/2015:01:03:35 -0500] "GET /galeria/nivo-slider/demo/style.css HTTP/1.1" 304 -
68.180.230.190 - - [26/Jul/2015:01:03:35 -0500] "GET /galeria/nivo-slider/themes/default/default.css HTTP/1.1" 304 -
68.180.230.190 - - [26/Jul/2015:01:03:35 -0500] "GET /galeria/nivo-slider/themes/orman/orman.css HTTP/1.1" 304 -
68.180.230.190 - - [26/Jul/2015:01:03:35 -0500] "GET /galeria/nivo-slider/themes/pascal/pascal.css HTTP/1.1" 304 -
68.180.230.190 - - [26/Jul/2015:01:03:35 -0500] "GET /galeria/nivo-slider/nivo-slider.css HTTP/1.1" 304 -
172.22.2.3 - - [26/Jul/2015:01:03:47 -0500] "POST /cumbredelclima/wp-admin/admin-ajax.php HTTP/1.1" 200 23
172.22.2.3 - - [26/Jul/2015:01:04:02 -0500] "POST /cumbredelclima/wp-admin/admin-ajax.php HTTP/1.1" 200 23
172.22.2.3 - - [26/Jul/2015:01:04:17 -0500] "POST /cumbredelclima/wp-admin/admin-ajax.php HTTP/1.1" 200 23
201.245.192.253 - - [26/Jul/2015:01:04:12 -0500] "POST /wp-admin/admin-ajax.php HTTP/1.1" 200 23
172.22.2.3 - - [26/Jul/2015:01:04:32 -0500] "POST /cumbredelclima/wp-admin/admin-ajax.php HTTP/1.1" 200 23
74.86.158.107 - - [26/Jul/2015:01:04:33 -0500] "HEAD / HTTP/1.1" 200 -
172.22.2.3 - - [26/Jul/2015:01:04:47 -0500] "POST /cumbredelclima/wp-admin/admin-ajax.php HTTP/1.1" 200 23
201.245.192.253 - - [26/Jul/2015:01:04:53 -0500] "GET /forest/session.jsp?a=0.04743331102640036 HTTP/1.1" 200 4
66.249.64.96 - - [26/Jul/2015:01:04:56 -0500] "GET /BLA/resoluciones/RESOLUCIONES%202008/1668.pdf HTTP/1.1" 200 116067
172.22.2.3 - - [26/Jul/2015:01:05:02 -0500] "POST /cumbredelclima/wp-admin/admin-ajax.php HTTP/1.1" 200 23
172.22.2.3 - - [26/Jul/2015:01:05:17 -0500] "POST /cumbredelclima/wp-admin/admin-ajax.php HTTP/1.1" 200 23
172.22.2.3 - - [26/Jul/2015:01:05:32 -0500] "POST /cumbredelclima/wp-admin/admin-ajax.php HTTP/1.1" 200 23
172.22.2.3 - - [26/Jul/2015:01:05:47 -0500] "POST /cumbredelclima/wp-admin/admin-ajax.php HTTP/1.1" 200 23
186.29.198.82 - - [26/Jul/2015:01:05:37 -0500] "GET / HTTP/1.1" 200 123269
186.29.198.82 - - [26/Jul/2015:01:05:51 -0500] "GET /wp-includes/js/wp-emoji-release.min.js?ver=4.2.2 HTTP/1.1" 200 14596
186.29.198.82 - - [26/Jul/2015:01:05:51 -0500] "GET /wp-content/plugins/content-views-query-and-display-post-page/assets/bootstrap/css/bootstrap.min.css?ver=3.3.0 HTTP/1.1" 200 50487
186.29.198.82 - - [26/Jul/2015:01:05:51 -0500] "GET /wp-content/plugins/content-views-query-and-display-post-page/public/assets/css/public.css?ver=1.6.3.1 HTTP/1.1" 200 5199
186.29.198.82 - - [26/Jul/2015:01:05:51 -0500] "GET /wp-content/plugins/contact-form-7/includes/css/styles.css?ver=4.1.2 HTTP/1.1" 200 1103
186.29.198.82 - - [26/Jul/2015:01:05:51 -0500] "GET /wp-content/plugins/gallery-video/style/style2-os.css?ver=4.2.2 HTTP/1.1" 200 1814
186.29.198.82 - - [26/Jul/2015:01:05:51 -0500] "GET /wp-content/plugins/gallery-video/style/lightbox.css?ver=4.2.2 HTTP/1.1" 200 2821
186.29.198.82 - - [26/Jul/2015:01:05:51 -0500] "GET /wp-content/plugins/gallery-video/style/videogallery-all.css?ver=4.2.2 HTTP/1.1" 200 -
186.29.198.82 - - [26/Jul/2015:01:05:51 -0500] "GET /wp-content/plugins/gallery-video/style/css/font-awesome.css?ver=4.2.2 HTTP/1.1" 200 31213
186.29.198.82 - - [26/Jul/2015:01:05:51 -0500] "GET /wp-content/plugins/revslider/rs-plugin/css/settings.css?rev=4.6.0&ver=4.2.2 HTTP/1.1" 200 52798
186.29.198.82 - - [26/Jul/2015:01:05:51 -0500] "GET /wp-content/plugins/wp_logooos_plugin/css/logos.css?ver=4.2.2 HTTP/1.1" 200 13034
186.29.198.82 - - [26/Jul/2015:01:05:51 -0500] "GET /wp-content/themes/patti/css/prettyPhoto.css?ver=4.2.2 HTTP/1.1" 200 20154
186.29.198.82 - - [26/Jul/2015:01:05:51 -0500] "GET /wp-content/themes/patti/style.css?ver=4.2.2 HTTP/1.1" 200 88327
186.29.198.82 - - [26/Jul/2015:01:05:51 -0500] "GET /wp-content/themes/patti/css/superfish.css?ver=4.2.2 HTTP/1.1" 200 1153
186.29.198.82 - - [26/Jul/2015:01:05:51 -0500] "GET /wp-content/uploads/2015/06/parallax_bg01.png HTTP/1.1" 200 24560
186.29.198.82 - - [26/Jul/2015:01:05:52 -0500] "GET /wp-content/themes/patti/css/audioplayer.css?ver=4.2.2 HTTP/1.1" 200 8884
186.29.198.82 - - [26/Jul/2015:01:05:52 -0500] "GET /wp-content/themes/patti/framework/fonts/font-awesome/css/font-awesome.css?ver=4.2.2 HTTP/1.1" 200 21954
186.29.198.82 - - [26/Jul/2015:01:05:52 -0500] "GET /wp-content/themes/patti/css/owl.carousel.css?ver=4.2.2 HTTP/1.1" 200 5931
186.29.198.82 - - [26/Jul/2015:01:05:52 -0500] "GET /wp-content/themes/patti/css/extend-composer.css?ver=4.2.2 HTTP/1.1" 200 22872
186.29.198.82 - - [26/Jul/2015:01:05:52 -0500] "GET /wp-content/themes/patti/css/responsive.css?ver=4.2.2 HTTP/1.1" 200 12294
186.29.198.82 - - [26/Jul/2015:01:05:52 -0500] "GET /wp-content/plugins/js_composer/assets/css/js_composer.css?ver=4.3.4 HTTP/1.1" 200 82454
186.29.198.82 - - [26/Jul/2015:01:05:52 -0500] "GET /wp-content/uploads/js_composer/custom.css?ver=4.3.4 HTTP/1.1" 200 -
186.29.198.82 - - [26/Jul/2015:01:05:52 -0500] "GET /wp-content/plugins/easy-logo-slider/css/jcarouselresponsive.css?ver=4.2.2 HTTP/1.1" 200 2010
186.29.198.82 - - [26/Jul/2015:01:05:52 -0500] "GET /wp-content/plugins/easy-logo-slider/css/style-admin.css?ver=4.2.2 HTTP/1.1" 200 5249
186.29.198.82 - - [26/Jul/2015:01:05:52 -0500] "GET /wp-content/plugins/js_composer/assets/lib/nivoslider/nivo-slider.css?ver=4.3.4 HTTP/1.1" 200 2058
186.29.198.82 - - [26/Jul/2015:01:05:52 -0500] "GET /wp-content/plugins/js_composer/assets/lib/nivoslider/themes/default/default.css?ver=4.3.4 HTTP/1.1" 200 2111
186.29.198.82 - - [26/Jul/2015:01:05:52 -0500] "GET /wp-content/plugins/js_composer/assets/lib/prettyphoto/css/prettyPhoto.css?ver=4.3.4 HTTP/1.1" 200 19888
186.29.198.82 - - [26/Jul/2015:01:05:52 -0500] "GET /wp-content/plugins/gallery-video/style/colorbox-1.css HTTP/1.1" 200 3610
186.29.198.82 - - [26/Jul/2015:01:05:52 -0500] "GET /wp-includes/js/jquery/jquery.js?ver=1.11.2 HTTP/1.1" 200 95952
186.29.198.82 - - [26/Jul/2015:01:05:52 -0500] "GET /wp-includes/js/jquery/jquery-migrate.min.js?ver=1.2.1 HTTP/1.1" 200 7199
186.29.198.82 - - [26/Jul/2015:01:05:52 -0500] "GET /wp-content/plugins/gallery-video/js/video_gallery-all.js?ver=4.2.2 HTTP/1.1" 200 1895
186.29.198.82 - - [26/Jul/2015:01:05:52 -0500] "GET /wp-content/plugins/revslider/rs-plugin/js/jquery.themepunch.tools.min.js?rev=4.6.0&ver=4.2.2 HTTP/1.1" 200 94880
186.29.198.82 - - [26/Jul/2015:01:05:52 -0500] "GET /wp-content/plugins/revslider/rs-plugin/js/jquery.themepunch.revolution.min.js?rev=4.6.0&ver=4.2.2 HTTP/1.1" 200 111127
186.29.198.82 - - [26/Jul/2015:01:05:52 -0500] "GET /wp-content/themes/patti/js/jquery.queryloader2.js?ver=1.0 HTTP/1.1" 200 36527
186.29.198.82 - - [26/Jul/2015:01:05:52 -0500] "GET /wp-content/themes/patti/js/custom/custom-loader.js?ver=1.0 HTTP/1.1" 200 839
186.29.198.82 - - [26/Jul/2015:01:05:52 -0500] "GET /wp-content/themes/patti/js/scripts-top.js?ver=4.2.2 HTTP/1.1" 200 30885
186.29.198.82 - - [26/Jul/2015:01:05:52 -0500] "GET /wp-content/themes/patti/js/jquery.nav.js?ver=2.2.0 HTTP/1.1" 200 2827
186.29.198.82 - - [26/Jul/2015:01:05:52 -0500] "GET /wp-content/themes/patti/js/custom/custom-responsive-nav.js?ver=4.2.2 HTTP/1.1" 200 1676
186.29.198.82 - - [26/Jul/2015:01:05:53 -0500] "GET /wp-content/themes/patti/js/custom/custom-navscroll.js?ver=1.0 HTTP/1.1" 200 3051
186.29.198.82 - - [26/Jul/2015:01:05:53 -0500] "GET /wp-content/plugins/easy-logo-slider/js/jquery.jcarousel.min.js?ver=4.2.2 HTTP/1.1" 200 17494
186.29.198.82 - - [26/Jul/2015:01:05:53 -0500] "GET /wp-content/plugins/easy-logo-slider/js/jcarousel.responsive.js?ver=4.2.2 HTTP/1.1" 200 2331
186.29.198.82 - - [26/Jul/2015:01:05:53 -0500] "GET /wp-content/plugins/gallery-video/js/jquery.colorbox.js HTTP/1.1" 200 29816
186.29.198.82 - - [26/Jul/2015:01:05:53 -0500] "GET /wp-content/plugins/gallery-video/js/jquery.hugeitmicro.min.js HTTP/1.1" 200 16137
186.29.198.82 - - [26/Jul/2015:01:05:53 -0500] "GET /wp-content/plugins/gallery-video/Front_end/js/youtube.lib.js HTTP/1.1" 200 717
186.29.198.82 - - [26/Jul/2015:01:05:53 -0500] "GET /wp-content/plugins/contact-form-7/includes/js/jquery.form.min.js?ver=3.51.0-2014.06.20 HTTP/1.1" 200 15248
186.29.198.82 - - [26/Jul/2015:01:05:53 -0500] "GET /wp-content/plugins/contact-form-7/includes/js/scripts.js?ver=4.1.2 HTTP/1.1" 200 11192
186.29.198.82 - - [26/Jul/2015:01:05:53 -0500] "GET /wp-content/plugins/wp_logooos_plugin/js/helper-plugins/jquery.touchSwipe.min.js HTTP/1.1" 200 4325
186.29.198.82 - - [26/Jul/2015:01:05:53 -0500] "GET /wp-content/plugins/wp_logooos_plugin/js/jquery.carouFredSel-6.2.1.js HTTP/1.1" 200 91090
186.29.198.82 - - [26/Jul/2015:01:05:53 -0500] "GET /wp-content/plugins/wp_logooos_plugin/js/logos.js HTTP/1.1" 200 30152
186.29.198.82 - - [26/Jul/2015:01:05:53 -0500] "GET /wp-content/plugins/content-views-query-and-display-post-page/assets/bootstrap/js/bootstrap.min.js?ver=3.3.0 HTTP/1.1" 200 29165
186.29.198.82 - - [26/Jul/2015:01:05:53 -0500] "GET /wp-content/plugins/content-views-query-and-display-post-page/assets/bootstrap-paginator/bootstrap-paginator.min.js?ver=0.5 HTTP/1.1" 200 8777
186.29.198.82 - - [26/Jul/2015:01:05:53 -0500] "GET /wp-content/plugins/content-views-query-and-display-post-page/public/assets/js/public.js?ver=1.6.3.1 HTTP/1.1" 200 6156
186.29.198.82 - - [26/Jul/2015:01:05:53 -0500] "GET /wp-content/themes/patti/js/jquery.lazyload.js?ver=1.9.3 HTTP/1.1" 200 4451
186.29.198.82 - - [26/Jul/2015:01:05:53 -0500] "GET /wp-content/themes/patti/js/hoverIntent.js?ver=r7 HTTP/1.1" 200 1116
186.29.198.82 - - [26/Jul/2015:01:05:53 -0500] "GET /wp-content/themes/patti/js/scripts-bottom.js?ver=4.2.2 HTTP/1.1" 200 28292
186.29.198.82 - - [26/Jul/2015:01:05:53 -0500] "GET /wp-content/themes/patti/js/jquery.isotope.min.js?ver=1.0 HTTP/1.1" 200 16033
186.29.198.82 - - [26/Jul/2015:01:05:53 -0500] "GET /wp-content/themes/patti/js/custom/custom-isotope-portfolio.js?ver=1.0 HTTP/1.1" 200 5591
186.29.198.82 - - [26/Jul/2015:01:05:53 -0500] "GET /wp-content/themes/patti/js/custom/custom-isotope-blog.js?ver=1.0 HTTP/1.1" 200 3289
186.29.198.82 - - [26/Jul/2015:01:05:53 -0500] "GET /wp-content/themes/patti/js/custom/custom-nav.js?ver=1.0 HTTP/1.1" 200 1940
186.29.198.82 - - [26/Jul/2015:01:05:53 -0500] "GET /wp-content/themes/patti/js/retina.min.js?ver=4.2.2 HTTP/1.1" 200 2993
186.29.198.82 - - [26/Jul/2015:01:05:53 -0500] "GET /wp-includes/js/comment-reply.min.js?ver=4.2.2 HTTP/1.1" 200 757
186.29.198.82 - - [26/Jul/2015:01:05:53 -0500] "GET /wp-content/themes/patti/js/custom/custom-social.js?ver=4.2.2 HTTP/1.1" 200 1789
186.29.198.82 - - [26/Jul/2015:01:05:53 -0500] "GET /wp-content/themes/patti/js/custom/custom.js?ver=1.0 HTTP/1.1" 200 13920
186.29.198.82 - - [26/Jul/2015:01:05:53 -0500] "GET /wp-content/plugins/js_composer/assets/js/js_composer_front.js?ver=4.3.4 HTTP/1.1" 200 23901
186.29.198.82 - - [26/Jul/2015:01:05:54 -0500] "GET /wp-content/themes/patti/js/custom/custom-parallax.js?ver=1.0 HTTP/1.1" 200 702
186.29.198.82 - - [26/Jul/2015:01:05:54 -0500] "GET /wp-includes/js/jquery/ui/core.min.js?ver=1.11.4 HTTP/1.1" 200 3997
186.29.198.82 - - [26/Jul/2015:01:05:54 -0500] "GET /wp-includes/js/jquery/ui/widget.min.js?ver=1.11.4 HTTP/1.1" 200 6908
186.29.198.82 - - [26/Jul/2015:01:05:54 -0500] "GET /wp-includes/js/jquery/ui/tabs.min.js?ver=1.11.4 HTTP/1.1" 200 12110
186.29.198.82 - - [26/Jul/2015:01:05:54 -0500] "GET /wp-content/plugins/js_composer/assets/lib/jquery-ui-tabs-rotate/jquery-ui-tabs-rotate.js?ver=4.3.4 HTTP/1.1" 200 1784
186.29.198.82 - - [26/Jul/2015:01:05:54 -0500] "GET /wp-content/plugins/js_composer/assets/lib/prettyphoto/js/jquery.prettyPhoto.js?ver=4.3.4 HTTP/1.1" 200 22060
186.29.198.82 - - [26/Jul/2015:01:05:54 -0500] "GET /wp-content/uploads/2015/06/Untitled-1.png HTTP/1.1" 200 7975
186.29.198.82 - - [26/Jul/2015:01:05:54 -0500] "GET /wp-content/plugins/js_composer/assets/lib/nivoslider/jquery.nivo.slider.pack.js?ver=4.3.4 HTTP/1.1" 200 12201
186.29.198.82 - - [26/Jul/2015:01:05:54 -0500] "GET /wp-content/plugins/revslider/images/transparent.png HTTP/1.1" 200 191
186.29.198.82 - - [26/Jul/2015:01:05:54 -0500] "GET /wp-content/themes/patti/framework/fonts/font-awesome/fontawesome-webfont.woff?v=4.2.0 HTTP/1.1" 200 65452
