181.55.136.34 - - [26/Jul/2015:11:00:51 -0500] "GET /galeria/galeria/fotos/humedal-Burro4P.jpg HTTP/1.1" 304 -
181.143.162.162 - - [26/Jul/2015:11:00:52 -0500] "GET /galeria/nivo-slider/demo/images/4Simple_Slider.png HTTP/1.1" 200 11722
181.143.162.162 - - [26/Jul/2015:11:00:52 -0500] "GET /galeria/nivo-slider/themes/default/loading.gif HTTP/1.1" 200 1737
181.143.162.162 - - [26/Jul/2015:11:00:53 -0500] "GET /galeria/nivo-slider/demo/images/VoluntariadoPYBA.jpg HTTP/1.1" 200 40647
181.143.162.162 - - [26/Jul/2015:11:00:53 -0500] "GET /galeria/nivo-slider/demo/images/9Signos.jpg HTTP/1.1" 200 81776
181.143.162.162 - - [26/Jul/2015:11:00:56 -0500] "GET /galeria/nivo-slider/demo/images/GAE-banner.jpg HTTP/1.1" 200 97556
181.143.162.162 - - [26/Jul/2015:11:00:56 -0500] "GET /galeria/nivo-slider/demo/images/Comparendo-ambiental-Banner.jpg HTTP/1.1" 200 83731
181.143.162.162 - - [26/Jul/2015:11:00:56 -0500] "GET /galeria/nivo-slider/demo/images/Banner-encuesta-de-percepscio.jpg HTTP/1.1" 200 201899
181.143.162.162 - - [26/Jul/2015:11:00:57 -0500] "GET /galeria/nivo-slider/demo/images/banner-Pacto-por-la-madera.jpg HTTP/1.1" 200 209966
181.143.162.162 - - [26/Jul/2015:11:00:58 -0500] "GET /galeria/nivo-slider/demo/images/acuerdo_569.jpg HTTP/1.1" 200 62670
181.143.162.162 - - [26/Jul/2015:11:00:58 -0500] "GET /galeria/nivo-slider/demo/images/Licitaciones-proyecto-paramo.jpg HTTP/1.1" 200 221877
181.143.162.162 - - [26/Jul/2015:11:00:59 -0500] "GET /galeria/nivo-slider/demo/images/Banner-decreto1299.jpg HTTP/1.1" 200 182613
181.143.162.162 - - [26/Jul/2015:11:01:01 -0500] "GET /galeria/nivo-slider/demo/images/Banner-Directorio.jpg HTTP/1.1" 200 182068
181.143.162.162 - - [26/Jul/2015:11:01:02 -0500] "GET /galeria/nivo-slider/demo/images/Ruta-vertimientos-01.jpg HTTP/1.1" 200 130151
181.143.162.162 - - [26/Jul/2015:11:01:02 -0500] "GET /galeria/nivo-slider/demo/images/bolsas-06.jpg HTTP/1.1" 200 90982
181.143.162.162 - - [26/Jul/2015:11:01:02 -0500] "GET /galeria/nivo-slider/demo/images/Conoce-los-humedales.jpg HTTP/1.1" 200 294036
181.143.162.162 - - [26/Jul/2015:11:01:04 -0500] "GET /galeria/nivo-slider/demo/images/ecolecta-Dic2014.png HTTP/1.1" 200 288593
181.143.162.162 - - [26/Jul/2015:11:01:04 -0500] "GET /galeria/nivo-slider/demo/images/Banner-Caracol-Africano.jpg HTTP/1.1" 200 331986
172.22.2.3 - - [26/Jul/2015:11:01:04 -0500] "POST /cumbredelclima/wp-admin/admin-ajax.php HTTP/1.1" 200 23
181.50.171.134 - - [26/Jul/2015:11:01:04 -0500] "GET /forest/documentos/2127403/2015EE135023.docx HTTP/1.1" 200 115709
66.249.64.248 - - [26/Jul/2015:11:01:07 -0500] "GET /PORTAL_SIAC/swf/Residuos/maderas/images/page12_thumbnail.jpg HTTP/1.1" 200 4618
177.252.133.155 - - [26/Jul/2015:11:01:09 -0500] "GET /BLA/boletinlegal/js/jquery.scrollShow.js HTTP/1.1" 200 4586
177.252.133.155 - - [26/Jul/2015:11:01:09 -0500] "GET /galeria/galeria/jquery.fancybox.js?v=2.1.5 HTTP/1.1" 200 48706
177.252.133.155 - - [26/Jul/2015:11:01:09 -0500] "GET /galeria/galeria/jquery.fancybox.css?v=2.1.5 HTTP/1.1" 200 4895
181.143.162.162 - - [26/Jul/2015:11:01:10 -0500] "GET /galeria/nivo-slider/themes/default/arrows.png HTTP/1.1" 200 824
181.143.162.162 - - [26/Jul/2015:11:01:10 -0500] "GET /galeria/nivo-slider/themes/default/bullets.png HTTP/1.1" 200 1281
190.96.249.188 - - [26/Jul/2015:11:01:11 -0500] "GET /galeria/galeria/jquery.fancybox.css?v=2.1.5 HTTP/1.1" 200 4895
190.96.249.188 - - [26/Jul/2015:11:01:11 -0500] "GET /galeria/galeria/jquery.fancybox.js?v=2.1.5 HTTP/1.1" 200 48706
190.96.249.188 - - [26/Jul/2015:11:01:11 -0500] "GET /BLA/boletinlegal/js/jquery.scrollShow.js HTTP/1.1" 200 4586
190.85.36.210 - - [26/Jul/2015:11:01:12 -0500] "GET /galeria/galeria/jquery.fancybox.js?v=2.1.5 HTTP/1.1" 200 48706
190.85.36.210 - - [26/Jul/2015:11:01:12 -0500] "GET /BLA/boletinlegal/js/jquery.scrollShow.js HTTP/1.1" 200 4586
190.85.36.210 - - [26/Jul/2015:11:01:12 -0500] "GET /galeria/galeria/jquery.fancybox.css?v=2.1.5 HTTP/1.1" 200 4895
190.85.36.210 - - [26/Jul/2015:11:01:12 -0500] "GET /galeria/carrusel/Carrusel/jquery.thumbnailScroller.css HTTP/1.1" 200 2066
190.85.36.210 - - [26/Jul/2015:11:01:12 -0500] "GET /galeria/carrusel/Carrusel/jquery-ui-1.8.13.custom.min.js HTTP/1.1" 200 10800
190.85.36.210 - - [26/Jul/2015:11:01:12 -0500] "GET /galeria/carrusel/Carrusel/jquery.thumbnailScroller.js HTTP/1.1" 200 8157
177.252.133.155 - - [26/Jul/2015:11:01:15 -0500] "GET /galeria/galeria/jquery.fancybox.css?v=2.1.5 HTTP/1.1" 200 4895
177.252.133.155 - - [26/Jul/2015:11:01:15 -0500] "GET /BLA/boletinlegal/js/jquery.scrollShow.js HTTP/1.1" 200 4586
177.252.133.155 - - [26/Jul/2015:11:01:15 -0500] "GET /galeria/galeria/jquery.fancybox.js?v=2.1.5 HTTP/1.1" 200 48706
181.50.171.134 - - [26/Jul/2015:11:01:17 -0500] "GET /forest/misactividades.do?_a=0.34907751977471435&group_system_actual=3 HTTP/1.1" 200 38606
181.50.171.134 - - [26/Jul/2015:11:01:17 -0500] "GET /forest/css/escritorio.css?version=1503.161801 HTTP/1.1" 304 -
181.50.171.134 - - [26/Jul/2015:11:01:17 -0500] "GET /forest/skins/gdocs-jar/css/forest.css?version=1503.161801 HTTP/1.1" 304 -
181.50.171.134 - - [26/Jul/2015:11:01:17 -0500] "GET /forest/skins/gdocs-jar/css/menu.css?version=1503.161801 HTTP/1.1" 304 -
181.50.171.134 - - [26/Jul/2015:11:01:17 -0500] "GET /forest/skins/gdocs-jar/css/autocomplete.css?version=1503.161801 HTTP/1.1" 304 -
181.50.171.134 - - [26/Jul/2015:11:01:17 -0500] "GET /forest/css/index.css?version=1503.161801 HTTP/1.1" 304 -
181.50.171.134 - - [26/Jul/2015:11:01:17 -0500] "GET /forest/1ibre/jscalendar/calendar-win2k-1.css?version=1503.161801 HTTP/1.1" 304 -
181.50.171.134 - - [26/Jul/2015:11:01:17 -0500] "GET /forest/skins/gdocs-jar/css/forms.css?version=1503.161801 HTTP/1.1" 304 -
181.50.171.134 - - [26/Jul/2015:11:01:17 -0500] "GET /forest/skins/gdocs-jar/css/dialog.css?version=1503.161801 HTTP/1.1" 304 -
181.50.171.134 - - [26/Jul/2015:11:01:18 -0500] "GET /forest/img/forestIcon.gif?version=1503.161801 HTTP/1.1" 304 -
181.50.171.134 - - [26/Jul/2015:11:01:19 -0500] "GET /forest/session.jsp?a=0.38962776127444243 HTTP/1.1" 200 4
181.50.171.134 - - [26/Jul/2015:11:01:19 -0500] "POST /forest/misactividades.do?ajax=true&a=0.8097283638160523 HTTP/1.1" 200 12351
172.22.2.3 - - [26/Jul/2015:11:01:19 -0500] "POST /cumbredelclima/wp-admin/admin-ajax.php HTTP/1.1" 200 23
190.85.36.210 - - [26/Jul/2015:11:01:21 -0500] "GET /galeria/nivo-slider/demo/demo.html HTTP/1.1" 200 5224
190.85.36.210 - - [26/Jul/2015:11:01:21 -0500] "GET /galeria/nivo-slider/themes/default/default.css HTTP/1.1" 200 1569
190.85.36.210 - - [26/Jul/2015:11:01:21 -0500] "GET /galeria/nivo-slider/themes/pascal/pascal.css HTTP/1.1" 200 2258
190.85.36.210 - - [26/Jul/2015:11:01:21 -0500] "GET /galeria/nivo-slider/themes/orman/orman.css HTTP/1.1" 200 2152
190.85.36.210 - - [26/Jul/2015:11:01:21 -0500] "GET /galeria/nivo-slider/nivo-slider.css HTTP/1.1" 200 1507
190.85.36.210 - - [26/Jul/2015:11:01:21 -0500] "GET /galeria/nivo-slider/demo/style.css HTTP/1.1" 200 2222
190.85.36.210 - - [26/Jul/2015:11:01:21 -0500] "GET /galeria/nivo-slider/demo/scripts/jquery-1.7.1.min.js HTTP/1.1" 200 93868
190.85.36.210 - - [26/Jul/2015:11:01:21 -0500] "GET /galeria/nivo-slider/jquery.nivo.slider.pack.js HTTP/1.1" 200 11561
190.85.36.210 - - [26/Jul/2015:11:01:21 -0500] "GET /galeria/nivo-slider/demo/images/Rendicion-de-cuentas.jpg HTTP/1.1" 200 309079
190.85.36.210 - - [26/Jul/2015:11:01:21 -0500] "GET /galeria/nivo-slider/demo/images/9Signos.jpg HTTP/1.1" 200 81776
190.85.36.210 - - [26/Jul/2015:11:01:21 -0500] "GET /galeria/nivo-slider/demo/images/banner-llantas2.jpg HTTP/1.1" 200 204644
190.85.36.210 - - [26/Jul/2015:11:01:21 -0500] "GET /galeria/nivo-slider/demo/images/PREDAcamp.jpg HTTP/1.1" 200 295358
190.85.36.210 - - [26/Jul/2015:11:01:21 -0500] "GET /galeria/nivo-slider/demo/images/Semana-PYBA.jpg HTTP/1.1" 200 147360
190.85.36.210 - - [26/Jul/2015:11:01:21 -0500] "GET /galeria/nivo-slider/demo/images/VoluntariadoPYBA.jpg HTTP/1.1" 200 40647
190.85.36.210 - - [26/Jul/2015:11:01:21 -0500] "GET /galeria/nivo-slider/demo/images/Comparendo-ambiental-Banner.jpg HTTP/1.1" 200 83731
190.85.36.210 - - [26/Jul/2015:11:01:22 -0500] "GET /galeria/nivo-slider/demo/images/GAE-banner.jpg HTTP/1.1" 200 97556
190.85.36.210 - - [26/Jul/2015:11:01:23 -0500] "GET /galeria/nivo-slider/demo/images/Banner-encuesta-de-percepscio.jpg HTTP/1.1" 200 201899
190.85.36.210 - - [26/Jul/2015:11:01:23 -0500] "GET /galeria/nivo-slider/demo/images/banner-Pacto-por-la-madera.jpg HTTP/1.1" 200 209966
190.85.36.210 - - [26/Jul/2015:11:01:24 -0500] "GET /galeria/nivo-slider/themes/default/loading.gif HTTP/1.1" 200 1737
190.85.36.210 - - [26/Jul/2015:11:01:24 -0500] "GET /galeria/nivo-slider/demo/images/4Simple_Slider.png HTTP/1.1" 200 11722
190.85.36.210 - - [26/Jul/2015:11:01:24 -0500] "GET /galeria/nivo-slider/demo/images/acuerdo_569.jpg HTTP/1.1" 200 62670
190.85.36.210 - - [26/Jul/2015:11:01:26 -0500] "GET /galeria/nivo-slider/demo/images/Licitaciones-proyecto-paramo.jpg HTTP/1.1" 200 221877
190.85.36.210 - - [26/Jul/2015:11:01:27 -0500] "GET /galeria/nivo-slider/demo/images/Banner-decreto1299.jpg HTTP/1.1" 200 182613
190.85.36.210 - - [26/Jul/2015:11:01:28 -0500] "GET /galeria/nivo-slider/demo/images/Banner-Directorio.jpg HTTP/1.1" 200 182068
190.85.36.210 - - [26/Jul/2015:11:01:29 -0500] "GET /galeria/nivo-slider/demo/images/Ruta-vertimientos-01.jpg HTTP/1.1" 200 130151
190.85.36.210 - - [26/Jul/2015:11:01:29 -0500] "GET /galeria/nivo-slider/demo/images/bolsas-06.jpg HTTP/1.1" 200 90982
190.85.36.210 - - [26/Jul/2015:11:01:29 -0500] "GET /galeria/nivo-slider/demo/images/Conoce-los-humedales.jpg HTTP/1.1" 200 294036
190.85.36.210 - - [26/Jul/2015:11:01:30 -0500] "GET /galeria/nivo-slider/demo/images/ecolecta-Dic2014.png HTTP/1.1" 200 288593
190.85.36.210 - - [26/Jul/2015:11:01:31 -0500] "GET /galeria/nivo-slider/demo/images/Banner-Caracol-Africano.jpg HTTP/1.1" 200 331986
172.22.2.3 - - [26/Jul/2015:11:01:34 -0500] "POST /cumbredelclima/wp-admin/admin-ajax.php HTTP/1.1" 200 23
201.228.231.67 - - [26/Jul/2015:11:01:38 -0500] "GET /galeria/carrusel/Carrusel/jquery.thumbnailScroller.css HTTP/1.1" 200 2066
201.228.231.67 - - [26/Jul/2015:11:01:38 -0500] "GET /galeria/carrusel/Carrusel/jquery-ui-1.8.13.custom.min.js HTTP/1.1" 200 10800
201.228.231.67 - - [26/Jul/2015:11:01:38 -0500] "GET /galeria/carrusel/Carrusel/jquery.thumbnailScroller.js HTTP/1.1" 200 8157
201.228.231.67 - - [26/Jul/2015:11:01:39 -0500] "GET /galeria/nivo-slider/demo/demo.html HTTP/1.1" 200 5224
201.228.231.67 - - [26/Jul/2015:11:01:40 -0500] "GET /galeria/nivo-slider/themes/pascal/pascal.css HTTP/1.1" 200 2258
201.228.231.67 - - [26/Jul/2015:11:01:40 -0500] "GET /galeria/nivo-slider/themes/default/default.css HTTP/1.1" 200 1569
201.228.231.67 - - [26/Jul/2015:11:01:40 -0500] "GET /galeria/nivo-slider/themes/orman/orman.css HTTP/1.1" 200 2152
201.228.231.67 - - [26/Jul/2015:11:01:40 -0500] "GET /galeria/nivo-slider/nivo-slider.css HTTP/1.1" 200 1507
201.228.231.67 - - [26/Jul/2015:11:01:40 -0500] "GET /galeria/nivo-slider/demo/style.css HTTP/1.1" 200 2222
201.228.231.67 - - [26/Jul/2015:11:01:40 -0500] "GET /galeria/nivo-slider/demo/scripts/jquery-1.7.1.min.js HTTP/1.1" 200 93868
201.228.231.67 - - [26/Jul/2015:11:01:40 -0500] "GET /galeria/nivo-slider/jquery.nivo.slider.pack.js HTTP/1.1" 200 11561
201.228.231.67 - - [26/Jul/2015:11:01:40 -0500] "GET /galeria/nivo-slider/demo/images/Rendicion-de-cuentas.jpg HTTP/1.1" 200 309079
201.228.231.67 - - [26/Jul/2015:11:01:40 -0500] "GET /galeria/nivo-slider/demo/images/banner-llantas2.jpg HTTP/1.1" 200 204644
201.228.231.67 - - [26/Jul/2015:11:01:40 -0500] "GET /galeria/nivo-slider/demo/images/Semana-PYBA.jpg HTTP/1.1" 200 147360
201.228.231.67 - - [26/Jul/2015:11:01:40 -0500] "GET /galeria/nivo-slider/demo/images/PREDAcamp.jpg HTTP/1.1" 200 295358
201.228.231.67 - - [26/Jul/2015:11:01:41 -0500] "GET /galeria/nivo-slider/demo/images/4Simple_Slider.png HTTP/1.1" 200 11722
201.228.231.67 - - [26/Jul/2015:11:01:41 -0500] "GET /galeria/nivo-slider/themes/default/loading.gif HTTP/1.1" 200 1737
201.228.231.67 - - [26/Jul/2015:11:01:42 -0500] "GET /galeria/nivo-slider/demo/images/VoluntariadoPYBA.jpg HTTP/1.1" 200 40647
201.228.231.67 - - [26/Jul/2015:11:01:42 -0500] "GET /galeria/nivo-slider/demo/images/9Signos.jpg HTTP/1.1" 200 81776
201.228.231.67 - - [26/Jul/2015:11:01:43 -0500] "GET /galeria/nivo-slider/demo/images/Comparendo-ambiental-Banner.jpg HTTP/1.1" 200 83731
201.228.231.67 - - [26/Jul/2015:11:01:43 -0500] "GET /galeria/nivo-slider/demo/images/GAE-banner.jpg HTTP/1.1" 200 97556
201.228.231.67 - - [26/Jul/2015:11:01:43 -0500] "GET /galeria/nivo-slider/demo/images/Banner-encuesta-de-percepscio.jpg HTTP/1.1" 200 201899
201.228.231.67 - - [26/Jul/2015:11:01:43 -0500] "GET /galeria/nivo-slider/demo/images/banner-Pacto-por-la-madera.jpg HTTP/1.1" 200 209966
201.228.231.67 - - [26/Jul/2015:11:01:43 -0500] "GET /galeria/nivo-slider/demo/images/acuerdo_569.jpg HTTP/1.1" 200 62670
201.228.231.67 - - [26/Jul/2015:11:01:44 -0500] "GET /galeria/nivo-slider/demo/images/Licitaciones-proyecto-paramo.jpg HTTP/1.1" 200 221877
201.228.231.67 - - [26/Jul/2015:11:01:44 -0500] "GET /galeria/nivo-slider/demo/images/Banner-decreto1299.jpg HTTP/1.1" 200 182613
201.228.231.67 - - [26/Jul/2015:11:01:44 -0500] "GET /galeria/nivo-slider/demo/images/Banner-Directorio.jpg HTTP/1.1" 200 182068
201.228.231.67 - - [26/Jul/2015:11:01:44 -0500] "GET /galeria/nivo-slider/demo/images/Ruta-vertimientos-01.jpg HTTP/1.1" 200 130151
201.228.231.67 - - [26/Jul/2015:11:01:44 -0500] "GET /galeria/nivo-slider/demo/images/bolsas-06.jpg HTTP/1.1" 200 90982
201.245.192.253 - - [26/Jul/2015:11:01:46 -0500] "GET /forest/session.jsp?a=0.5682964721499709 HTTP/1.1" 200 4
201.228.231.67 - - [26/Jul/2015:11:01:46 -0500] "GET /galeria/nivo-slider/demo/images/Conoce-los-humedales.jpg HTTP/1.1" 200 294036
201.228.231.67 - - [26/Jul/2015:11:01:46 -0500] "GET /galeria/nivo-slider/demo/images/ecolecta-Dic2014.png HTTP/1.1" 200 288593
201.228.231.67 - - [26/Jul/2015:11:01:46 -0500] "GET /galeria/nivo-slider/demo/images/Banner-Caracol-Africano.jpg HTTP/1.1" 200 331986
172.22.2.3 - - [26/Jul/2015:11:01:49 -0500] "POST /cumbredelclima/wp-admin/admin-ajax.php HTTP/1.1" 200 23
201.228.231.67 - - [26/Jul/2015:11:01:51 -0500] "GET /galeria/nivo-slider/themes/default/arrows.png HTTP/1.1" 200 824
201.228.231.67 - - [26/Jul/2015:11:01:51 -0500] "GET /galeria/nivo-slider/themes/default/bullets.png HTTP/1.1" 200 1281
201.245.219.182 - - [26/Jul/2015:11:01:59 -0500] "GET /forest/session.jsp?a=0.6303016825113446 HTTP/1.1" 200 4
172.22.2.3 - - [26/Jul/2015:11:02:04 -0500] "POST /cumbredelclima/wp-admin/admin-ajax.php HTTP/1.1" 200 23
190.85.36.210 - - [26/Jul/2015:11:01:37 -0500] "GET /videos/CRRFFS.mp4 HTTP/1.1" 200 286784363
190.85.36.210 - - [26/Jul/2015:11:02:05 -0500] "GET /galeria/nivo-slider/demo/images/Conoce-los-humedales.jpg HTTP/1.1" 206 1
190.85.36.210 - - [26/Jul/2015:11:02:05 -0500] "GET /galeria/nivo-slider/demo/images/Ruta-vertimientos-01.jpg HTTP/1.1" 206 1
190.85.36.210 - - [26/Jul/2015:11:02:05 -0500] "GET /galeria/nivo-slider/demo/images/bolsas-06.jpg HTTP/1.1" 200 90982
190.85.36.210 - - [26/Jul/2015:11:02:05 -0500] "GET /galeria/nivo-slider/demo/images/ecolecta-Dic2014.png HTTP/1.1" 206 1
190.85.36.210 - - [26/Jul/2015:11:02:05 -0500] "GET /galeria/nivo-slider/demo/images/Banner-Caracol-Africano.jpg HTTP/1.1" 206 1
190.85.36.210 - - [26/Jul/2015:11:02:05 -0500] "GET /galeria/nivo-slider/demo/images/Banner-Directorio.jpg HTTP/1.1" 206 1
190.85.36.210 - - [26/Jul/2015:11:02:05 -0500] "GET /galeria/nivo-slider/demo/images/Conoce-los-humedales.jpg HTTP/1.1" 206 183351
190.85.36.210 - - [26/Jul/2015:11:02:05 -0500] "GET /galeria/nivo-slider/demo/images/Ruta-vertimientos-01.jpg HTTP/1.1" 206 77866
190.85.36.210 - - [26/Jul/2015:11:02:06 -0500] "GET /galeria/nivo-slider/demo/images/Banner-Directorio.jpg HTTP/1.1" 206 109342
190.85.36.210 - - [26/Jul/2015:11:02:06 -0500] "GET /galeria/nivo-slider/demo/images/ecolecta-Dic2014.png HTTP/1.1" 206 186666
190.85.36.210 - - [26/Jul/2015:11:02:06 -0500] "GET /galeria/nivo-slider/demo/images/Banner-Caracol-Africano.jpg HTTP/1.1" 206 155600
190.85.36.210 - - [26/Jul/2015:11:02:09 -0500] "GET /galeria/nivo-slider/themes/default/arrows.png HTTP/1.1" 200 824
190.85.36.210 - - [26/Jul/2015:11:02:09 -0500] "GET /galeria/nivo-slider/themes/default/bullets.png HTTP/1.1" 200 1281
157.55.39.89 - - [26/Jul/2015:11:02:09 -0500] "GET /BLA/resoluciones/AUTOS%202013/0595.pdf HTTP/1.1" 200 2899636
191.95.248.152 - - [26/Jul/2015:11:02:12 -0500] "GET /galeria/galeria/jquery.fancybox.js?v=2.1.5 HTTP/1.1" 200 48706
191.95.248.152 - - [26/Jul/2015:11:02:12 -0500] "GET /galeria/galeria/jquery.fancybox.css?v=2.1.5 HTTP/1.1" 200 4895
191.95.248.152 - - [26/Jul/2015:11:02:12 -0500] "GET /BLA/boletinlegal/js/jquery.scrollShow.js HTTP/1.1" 200 4586
141.0.9.16 - - [26/Jul/2015:11:02:12 -0500] "GET /BLA/boletinlegal/js/jquery.scrollShow.js HTTP/1.1" 200 4586
141.0.9.16 - - [26/Jul/2015:11:02:13 -0500] "GET /galeria/galeria/jquery.fancybox.js?v=2.1.5 HTTP/1.1" 200 48706
141.0.9.16 - - [26/Jul/2015:11:02:13 -0500] "GET /galeria/galeria/jquery.fancybox.css?v=2.1.5 HTTP/1.1" 200 4895
190.85.36.210 - - [26/Jul/2015:11:02:16 -0500] "GET /galeria/galeria/jquery.fancybox.css?v=2.1.5 HTTP/1.1" 304 -
190.85.36.210 - - [26/Jul/2015:11:02:16 -0500] "GET /BLA/boletinlegal/js/jquery.scrollShow.js HTTP/1.1" 304 -
190.85.36.210 - - [26/Jul/2015:11:02:16 -0500] "GET /galeria/galeria/jquery.fancybox.js?v=2.1.5 HTTP/1.1" 304 -
190.85.36.210 - - [26/Jul/2015:11:02:17 -0500] "GET /galeria/galeria/jquery.fancybox.css?v=2.1.5 HTTP/1.1" 304 -
191.95.248.152 - - [26/Jul/2015:11:02:18 -0500] "GET /BLA/boletinlegal/js/jquery.scrollShow.js HTTP/1.1" 304 -
191.95.248.152 - - [26/Jul/2015:11:02:18 -0500] "GET /galeria/galeria/jquery.fancybox.js?v=2.1.5 HTTP/1.1" 304 -
191.95.248.152 - - [26/Jul/2015:11:02:18 -0500] "GET /galeria/galeria/jquery.fancybox.css?v=2.1.5 HTTP/1.1" 304 -
172.22.2.3 - - [26/Jul/2015:11:02:19 -0500] "POST /cumbredelclima/wp-admin/admin-ajax.php HTTP/1.1" 200 23
141.0.9.16 - - [26/Jul/2015:11:02:19 -0500] "GET /BLA/boletinlegal/js/jquery.scrollShow.js HTTP/1.1" 200 4586
141.0.9.16 - - [26/Jul/2015:11:02:20 -0500] "GET /galeria/galeria/jquery.fancybox.js?v=2.1.5 HTTP/1.1" 200 48706
141.0.9.16 - - [26/Jul/2015:11:02:20 -0500] "GET /galeria/galeria/jquery.fancybox.css?v=2.1.5 HTTP/1.1" 200 4895
201.245.192.253 - - [26/Jul/2015:11:02:14 -0500] "POST /wp-admin/admin-ajax.php HTTP/1.1" 200 23
66.249.64.101 - - [26/Jul/2015:11:02:31 -0500] "GET /BLA/resoluciones/RESOLUCIONES%202012/1104.pdf HTTP/1.1" 304 -
172.22.2.3 - - [26/Jul/2015:11:02:34 -0500] "POST /cumbredelclima/wp-admin/admin-ajax.php HTTP/1.1" 200 23
181.143.162.162 - - [26/Jul/2015:11:02:39 -0500] "GET /galeria/galeria/jquery.fancybox.css?v=2.1.5 HTTP/1.1" 304 -
181.143.162.162 - - [26/Jul/2015:11:02:39 -0500] "GET /BLA/boletinlegal/js/jquery.scrollShow.js HTTP/1.1" 304 -
181.143.162.162 - - [26/Jul/2015:11:02:39 -0500] "GET /galeria/galeria/jquery.fancybox.js?v=2.1.5 HTTP/1.1" 304 -
88.198.233.69 - - [26/Jul/2015:11:02:48 -0500] "GET / HTTP/1.1" 200 10190
172.22.2.3 - - [26/Jul/2015:11:02:49 -0500] "POST /cumbredelclima/wp-admin/admin-ajax.php HTTP/1.1" 200 23
186.31.129.173 - - [26/Jul/2015:11:03:01 -0500] "GET /BLA/boletinlegal/js/jquery.scrollShow.js HTTP/1.1" 200 4586
186.31.129.173 - - [26/Jul/2015:11:03:01 -0500] "GET /galeria/galeria/jquery.fancybox.css?v=2.1.5 HTTP/1.1" 200 4895
186.31.129.173 - - [26/Jul/2015:11:03:01 -0500] "GET /galeria/galeria/jquery.fancybox.js?v=2.1.5 HTTP/1.1" 200 48706
172.22.2.3 - - [26/Jul/2015:11:03:04 -0500] "POST /cumbredelclima/wp-admin/admin-ajax.php HTTP/1.1" 200 23
186.31.129.173 - - [26/Jul/2015:11:03:08 -0500] "GET /BLA/boletinlegal/js/jquery.scrollShow.js HTTP/1.1" 200 4586
186.31.129.173 - - [26/Jul/2015:11:03:08 -0500] "GET /galeria/galeria/jquery.fancybox.js?v=2.1.5 HTTP/1.1" 200 48706
186.31.129.173 - - [26/Jul/2015:11:03:08 -0500] "GET /galeria/galeria/jquery.fancybox.css?v=2.1.5 HTTP/1.1" 200 4895
172.22.2.3 - - [26/Jul/2015:11:03:19 -0500] "POST /cumbredelclima/wp-admin/admin-ajax.php HTTP/1.1" 200 23
172.22.2.3 - - [26/Jul/2015:11:03:34 -0500] "POST /cumbredelclima/wp-admin/admin-ajax.php HTTP/1.1" 200 23
172.22.2.3 - - [26/Jul/2015:11:03:49 -0500] "POST /cumbredelclima/wp-admin/admin-ajax.php HTTP/1.1" 200 23
190.68.197.230 - - [26/Jul/2015:11:03:51 -0500] "GET /forest/session.jsp?a=0.017693509813398123 HTTP/1.1" 200 4
186.82.99.240 - - [26/Jul/2015:11:04:03 -0500] "GET /galeria/galeria/jquery.fancybox.css?v=2.1.5 HTTP/1.1" 200 4895
186.82.99.240 - - [26/Jul/2015:11:04:03 -0500] "GET /galeria/galeria/jquery.fancybox.js?v=2.1.5 HTTP/1.1" 200 48706
186.82.99.240 - - [26/Jul/2015:11:04:03 -0500] "GET /BLA/boletinlegal/js/jquery.scrollShow.js HTTP/1.1" 200 4586
172.22.2.3 - - [26/Jul/2015:11:04:04 -0500] "POST /cumbredelclima/wp-admin/admin-ajax.php HTTP/1.1" 200 23
186.82.99.240 - - [26/Jul/2015:11:04:09 -0500] "GET /galeria/galeria/jquery.fancybox.js?v=2.1.5 HTTP/1.1" 304 -
186.82.99.240 - - [26/Jul/2015:11:04:09 -0500] "GET /galeria/galeria/jquery.fancybox.css?v=2.1.5 HTTP/1.1" 304 -
186.82.99.240 - - [26/Jul/2015:11:04:09 -0500] "GET /BLA/boletinlegal/js/jquery.scrollShow.js HTTP/1.1" 304 -
200.119.32.43 - - [26/Jul/2015:11:04:13 -0500] "GET /forest/session.jsp?a=0.20007863058708608 HTTP/1.1" 200 4
172.22.2.3 - - [26/Jul/2015:11:04:19 -0500] "POST /cumbredelclima/wp-admin/admin-ajax.php HTTP/1.1" 200 23
201.245.192.253 - - [26/Jul/2015:11:04:14 -0500] "POST /wp-admin/admin-ajax.php HTTP/1.1" 200 23
186.147.8.180 - - [26/Jul/2015:11:04:30 -0500] "GET /galeria/galeria/jquery.fancybox.css?v=2.1.5 HTTP/1.1" 200 4895
186.147.8.180 - - [26/Jul/2015:11:04:30 -0500] "GET /BLA/boletinlegal/js/jquery.scrollShow.js HTTP/1.1" 200 4586
186.147.8.180 - - [26/Jul/2015:11:04:30 -0500] "GET /galeria/galeria/jquery.fancybox.js?v=2.1.5 HTTP/1.1" 200 48706
74.86.158.107 - - [26/Jul/2015:11:04:32 -0500] "HEAD / HTTP/1.1" 200 -
172.22.2.3 - - [26/Jul/2015:11:04:34 -0500] "POST /cumbredelclima/wp-admin/admin-ajax.php HTTP/1.1" 200 23
66.249.64.96 - - [26/Jul/2015:11:04:41 -0500] "GET /BLA/resoluciones/RESOLUCIONES%202007/RES%202007%202001%20AL%202100/RESOLUCION%202080%20DE%202007.pdf HTTP/1.1" 304 -
172.22.2.3 - - [26/Jul/2015:11:04:49 -0500] "POST /cumbredelclima/wp-admin/admin-ajax.php HTTP/1.1" 200 23
186.147.8.180 - - [26/Jul/2015:11:04:52 -0500] "GET /galeria/galeria/jquery.fancybox.css?v=2.1.5 HTTP/1.1" 304 -
186.147.8.180 - - [26/Jul/2015:11:04:52 -0500] "GET /galeria/galeria/jquery.fancybox.js?v=2.1.5 HTTP/1.1" 304 -
186.147.8.180 - - [26/Jul/2015:11:04:52 -0500] "GET /BLA/boletinlegal/js/jquery.scrollShow.js HTTP/1.1" 304 -
186.147.8.180 - - [26/Jul/2015:11:04:55 -0500] "GET /videos/CRRFFS.mp4 HTTP/1.1" 206 1
201.245.192.253 - - [26/Jul/2015:11:04:58 -0500] "GET /forest/session.jsp?a=0.3170964592846486 HTTP/1.1" 200 4
172.22.2.3 - - [26/Jul/2015:11:05:04 -0500] "POST /cumbredelclima/wp-admin/admin-ajax.php HTTP/1.1" 200 23
190.156.202.76 - - [26/Jul/2015:11:05:12 -0500] "GET /galeria/galeria/jquery.fancybox.css?v=2.1.5 HTTP/1.1" 200 4895
190.156.202.76 - - [26/Jul/2015:11:05:12 -0500] "GET /BLA/boletinlegal/js/jquery.scrollShow.js HTTP/1.1" 200 4586
190.156.202.76 - - [26/Jul/2015:11:05:12 -0500] "GET /galeria/galeria/jquery.fancybox.js?v=2.1.5 HTTP/1.1" 200 48706
186.147.8.180 - - [26/Jul/2015:11:04:35 -0500] "GET /videos/CRRFFS.mp4 HTTP/1.1" 200 286784363
190.156.202.76 - - [26/Jul/2015:11:05:19 -0500] "GET /galeria/galeria/jquery.fancybox.css?v=2.1.5 HTTP/1.1" 304 -
190.156.202.76 - - [26/Jul/2015:11:05:19 -0500] "GET /BLA/boletinlegal/js/jquery.scrollShow.js HTTP/1.1" 304 -
190.156.202.76 - - [26/Jul/2015:11:05:19 -0500] "GET /galeria/galeria/jquery.fancybox.js?v=2.1.5 HTTP/1.1" 304 -
172.22.2.3 - - [26/Jul/2015:11:05:19 -0500] "POST /cumbredelclima/wp-admin/admin-ajax.php HTTP/1.1" 200 23
172.22.2.3 - - [26/Jul/2015:11:05:34 -0500] "POST /cumbredelclima/wp-admin/admin-ajax.php HTTP/1.1" 200 23
172.22.2.3 - - [26/Jul/2015:11:05:49 -0500] "POST /cumbredelclima/wp-admin/admin-ajax.php HTTP/1.1" 200 23
181.50.171.134 - - [26/Jul/2015:10:59:52 -0500] "GET /ForestMSG_SDA/channelAsync/template_word_18747153?X-Atmosphere-tracking-id=d270df18-dd65-8b79-661c-c192dc41ace2&X-Atmosphere-Framework=1.0.5&X-Atmosphere-Transport=long-polling&tabid=0.7389145728482361&X-Cache-Date=0&Content-Type=application/xml&_=1437926517485 HTTP/1.1" 200 8193
83.42.61.82 - - [26/Jul/2015:11:06:01 -0500] "GET /galeria/galeria/jquery.fancybox.css?v=2.1.5 HTTP/1.1" 200 4895
83.42.61.82 - - [26/Jul/2015:11:06:01 -0500] "GET /BLA/boletinlegal/js/jquery.scrollShow.js HTTP/1.1" 200 4586
83.42.61.82 - - [26/Jul/2015:11:06:01 -0500] "GET /galeria/galeria/jquery.fancybox.js?v=2.1.5 HTTP/1.1" 200 48706
172.22.2.3 - - [26/Jul/2015:11:06:04 -0500] "POST /cumbredelclima/wp-admin/admin-ajax.php HTTP/1.1" 200 23
181.130.226.53 - - [26/Jul/2015:11:06:04 -0500] "GET /BLA/resoluciones/RESOLUCIONES%202009/3817.pdf HTTP/1.1" 200 765846
181.130.226.53 - - [26/Jul/2015:11:06:05 -0500] "GET /BLA/resoluciones/RESOLUCIONES%202009/3817.pdf HTTP/1.1" 206 761746
83.42.61.82 - - [26/Jul/2015:11:06:13 -0500] "GET /galeria/galeria/jquery.fancybox.js?v=2.1.5 HTTP/1.1" 304 -
83.42.61.82 - - [26/Jul/2015:11:06:13 -0500] "GET /BLA/boletinlegal/js/jquery.scrollShow.js HTTP/1.1" 304 -
83.42.61.82 - - [26/Jul/2015:11:06:13 -0500] "GET /galeria/galeria/jquery.fancybox.css?v=2.1.5 HTTP/1.1" 304 -
83.42.61.82 - - [26/Jul/2015:11:06:16 -0500] "GET /BLA/boletinlegal/js/jquery.scrollShow.js HTTP/1.1" 200 4586
83.42.61.82 - - [26/Jul/2015:11:06:16 -0500] "GET /galeria/galeria/jquery.fancybox.js?v=2.1.5 HTTP/1.1" 200 48706
83.42.61.82 - - [26/Jul/2015:11:06:16 -0500] "GET /galeria/galeria/jquery.fancybox.css?v=2.1.5 HTTP/1.1" 200 4895
181.50.171.134 - - [26/Jul/2015:11:06:19 -0500] "GET /forest/session.jsp?a=0.9511818383404717 HTTP/1.1" 200 4
172.22.2.3 - - [26/Jul/2015:11:06:19 -0500] "POST /cumbredelclima/wp-admin/admin-ajax.php HTTP/1.1" 200 23
201.245.192.253 - - [26/Jul/2015:11:06:14 -0500] "POST /wp-admin/admin-ajax.php HTTP/1.1" 200 23
172.22.2.3 - - [26/Jul/2015:11:06:34 -0500] "POST /cumbredelclima/wp-admin/admin-ajax.php HTTP/1.1" 200 23
201.245.192.253 - - [26/Jul/2015:11:06:46 -0500] "GET /forest/session.jsp?a=0.6349110503900887 HTTP/1.1" 200 4
181.54.252.67 - - [26/Jul/2015:11:06:46 -0500] "GET /galeria/galeria/jquery.fancybox.css?v=2.1.5 HTTP/1.1" 200 4895
181.54.252.67 - - [26/Jul/2015:11:06:47 -0500] "GET /BLA/boletinlegal/js/jquery.scrollShow.js HTTP/1.1" 200 4586
181.54.252.67 - - [26/Jul/2015:11:06:47 -0500] "GET /galeria/galeria/jquery.fancybox.js?v=2.1.5 HTTP/1.1" 200 48706
172.22.2.3 - - [26/Jul/2015:11:06:49 -0500] "POST /cumbredelclima/wp-admin/admin-ajax.php HTTP/1.1" 200 23
181.54.252.67 - - [26/Jul/2015:11:06:50 -0500] "GET /BLA/boletinlegal/js/jquery.scrollShow.js HTTP/1.1" 304 -
181.54.252.67 - - [26/Jul/2015:11:06:50 -0500] "GET /galeria/galeria/jquery.fancybox.js?v=2.1.5 HTTP/1.1" 304 -
181.54.252.67 - - [26/Jul/2015:11:06:50 -0500] "GET /galeria/galeria/jquery.fancybox.css?v=2.1.5 HTTP/1.1" 304 -
201.245.219.182 - - [26/Jul/2015:11:07:00 -0500] "GET /forest/session.jsp?a=0.3858017867896706 HTTP/1.1" 200 4
212.52.166.61 - - [26/Jul/2015:11:07:02 -0500] "GET /old/wp-admin/ HTTP/1.1" 404 1018
186.145.94.131 - - [26/Jul/2015:11:07:04 -0500] "GET /galeria/carrusel/Carrusel/jquery-ui-1.8.13.custom.min.js HTTP/1.1" 200 10800
186.145.94.131 - - [26/Jul/2015:11:07:04 -0500] "GET /galeria/galeria/jquery.fancybox.js?v=2.1.5 HTTP/1.1" 200 48706
186.145.94.131 - - [26/Jul/2015:11:07:04 -0500] "GET /BLA/boletinlegal/js/jquery.scrollShow.js HTTP/1.1" 200 4586
186.145.94.131 - - [26/Jul/2015:11:07:04 -0500] "GET /galeria/carrusel/Carrusel/jquery.thumbnailScroller.css HTTP/1.1" 200 2066
186.145.94.131 - - [26/Jul/2015:11:07:04 -0500] "GET /galeria/carrusel/Carrusel/jquery.thumbnailScroller.js HTTP/1.1" 200 8157
186.145.94.131 - - [26/Jul/2015:11:07:04 -0500] "GET /galeria/galeria/jquery.fancybox.css?v=2.1.5 HTTP/1.1" 200 4895
172.22.2.3 - - [26/Jul/2015:11:07:04 -0500] "POST /cumbredelclima/wp-admin/admin-ajax.php HTTP/1.1" 200 23
186.145.94.131 - - [26/Jul/2015:11:07:06 -0500] "GET /galeria/nivo-slider/demo/demo.html HTTP/1.1" 200 5224
186.145.94.131 - - [26/Jul/2015:11:07:06 -0500] "GET /galeria/nivo-slider/themes/default/default.css HTTP/1.1" 200 1569
186.145.94.131 - - [26/Jul/2015:11:07:06 -0500] "GET /galeria/nivo-slider/themes/orman/orman.css HTTP/1.1" 200 2152
186.145.94.131 - - [26/Jul/2015:11:07:06 -0500] "GET /galeria/nivo-slider/demo/images/Rendicion-de-cuentas.jpg HTTP/1.1" 200 309079
186.145.94.131 - - [26/Jul/2015:11:07:06 -0500] "GET /galeria/nivo-slider/themes/pascal/pascal.css HTTP/1.1" 200 2258
186.145.94.131 - - [26/Jul/2015:11:07:06 -0500] "GET /galeria/nivo-slider/nivo-slider.css HTTP/1.1" 200 1507
186.145.94.131 - - [26/Jul/2015:11:07:06 -0500] "GET /galeria/nivo-slider/demo/style.css HTTP/1.1" 200 2222
186.145.94.131 - - [26/Jul/2015:11:07:06 -0500] "GET /galeria/nivo-slider/demo/scripts/jquery-1.7.1.min.js HTTP/1.1" 200 93868
186.145.94.131 - - [26/Jul/2015:11:07:06 -0500] "GET /galeria/nivo-slider/demo/images/banner-llantas2.jpg HTTP/1.1" 200 204644
186.145.94.131 - - [26/Jul/2015:11:07:06 -0500] "GET /galeria/nivo-slider/jquery.nivo.slider.pack.js HTTP/1.1" 200 11561
186.145.94.131 - - [26/Jul/2015:11:07:06 -0500] "GET /galeria/nivo-slider/demo/images/Semana-PYBA.jpg HTTP/1.1" 200 147360
186.145.94.131 - - [26/Jul/2015:11:07:06 -0500] "GET /galeria/nivo-slider/demo/images/PREDAcamp.jpg HTTP/1.1" 200 295358
186.145.94.131 - - [26/Jul/2015:11:07:06 -0500] "GET /galeria/nivo-slider/demo/images/VoluntariadoPYBA.jpg HTTP/1.1" 200 40647
186.145.94.131 - - [26/Jul/2015:11:07:07 -0500] "GET /galeria/nivo-slider/demo/images/9Signos.jpg HTTP/1.1" 200 81776
186.145.94.131 - - [26/Jul/2015:11:07:07 -0500] "GET /galeria/nivo-slider/demo/images/Comparendo-ambiental-Banner.jpg HTTP/1.1" 200 83731
186.145.94.131 - - [26/Jul/2015:11:07:08 -0500] "GET /galeria/nivo-slider/demo/images/GAE-banner.jpg HTTP/1.1" 200 97556
186.145.94.131 - - [26/Jul/2015:11:07:08 -0500] "GET /galeria/nivo-slider/demo/images/Banner-encuesta-de-percepscio.jpg HTTP/1.1" 200 201899
186.145.94.131 - - [26/Jul/2015:11:07:08 -0500] "GET /galeria/nivo-slider/demo/images/banner-Pacto-por-la-madera.jpg HTTP/1.1" 200 209966
186.145.94.131 - - [26/Jul/2015:11:07:09 -0500] "GET /galeria/nivo-slider/demo/images/acuerdo_569.jpg HTTP/1.1" 200 62670
186.145.94.131 - - [26/Jul/2015:11:07:09 -0500] "GET /galeria/nivo-slider/demo/images/Licitaciones-proyecto-paramo.jpg HTTP/1.1" 200 221877
186.145.94.131 - - [26/Jul/2015:11:07:09 -0500] "GET /galeria/nivo-slider/demo/images/Banner-decreto1299.jpg HTTP/1.1" 200 182613
186.145.94.131 - - [26/Jul/2015:11:07:10 -0500] "GET /galeria/nivo-slider/demo/images/Banner-Directorio.jpg HTTP/1.1" 200 182068
186.145.94.131 - - [26/Jul/2015:11:07:10 -0500] "GET /galeria/nivo-slider/demo/images/Ruta-vertimientos-01.jpg HTTP/1.1" 200 130151
186.145.94.131 - - [26/Jul/2015:11:07:10 -0500] "GET /galeria/nivo-slider/demo/images/bolsas-06.jpg HTTP/1.1" 200 90982
186.145.94.131 - - [26/Jul/2015:11:07:11 -0500] "GET /galeria/nivo-slider/demo/images/Conoce-los-humedales.jpg HTTP/1.1" 200 294036
186.145.94.131 - - [26/Jul/2015:11:07:11 -0500] "GET /galeria/nivo-slider/demo/images/ecolecta-Dic2014.png HTTP/1.1" 200 288593
186.145.94.131 - - [26/Jul/2015:11:07:11 -0500] "GET /galeria/nivo-slider/demo/images/Banner-Caracol-Africano.jpg HTTP/1.1" 200 331986
186.145.94.131 - - [26/Jul/2015:11:07:12 -0500] "GET /galeria/nivo-slider/demo/images/4Simple_Slider.png HTTP/1.1" 200 11722
186.145.94.131 - - [26/Jul/2015:11:07:12 -0500] "GET /galeria/nivo-slider/themes/default/loading.gif HTTP/1.1" 200 1737
172.22.2.3 - - [26/Jul/2015:11:07:19 -0500] "POST /cumbredelclima/wp-admin/admin-ajax.php HTTP/1.1" 200 23
172.22.2.3 - - [26/Jul/2015:11:07:34 -0500] "POST /cumbredelclima/wp-admin/admin-ajax.php HTTP/1.1" 200 23
172.22.2.3 - - [26/Jul/2015:11:07:49 -0500] "POST /cumbredelclima/wp-admin/admin-ajax.php HTTP/1.1" 200 23
172.22.2.3 - - [26/Jul/2015:11:08:04 -0500] "POST /cumbredelclima/wp-admin/admin-ajax.php HTTP/1.1" 200 23
172.22.2.3 - - [26/Jul/2015:11:08:19 -0500] "POST /cumbredelclima/wp-admin/admin-ajax.php HTTP/1.1" 200 23
201.184.223.247 - - [26/Jul/2015:11:08:20 -0500] "GET /BLA/resoluciones/RESOLUCIONES%202012/1391.pdf HTTP/1.1" 200 1005571
201.184.223.247 - - [26/Jul/2015:11:08:21 -0500] "GET /favicon.ico HTTP/1.1" 200 7782
201.184.223.247 - - [26/Jul/2015:11:08:22 -0500] "GET /BLA/resoluciones/RESOLUCIONES%202012/1391.pdf HTTP/1.1" 206 32768
201.184.223.247 - - [26/Jul/2015:11:08:22 -0500] "GET /BLA/resoluciones/RESOLUCIONES%202012/1391.pdf HTTP/1.1" 206 972803
201.245.192.253 - - [26/Jul/2015:11:08:15 -0500] "POST /wp-admin/admin-ajax.php HTTP/1.1" 200 23
107.167.107.149 - - [26/Jul/2015:11:08:31 -0500] "GET /BLA/resoluciones/RESOLUCIONES%202014/0974.pdf HTTP/1.1" 200 2089032
172.22.2.3 - - [26/Jul/2015:11:08:34 -0500] "POST /cumbredelclima/wp-admin/admin-ajax.php HTTP/1.1" 200 23
190.68.197.230 - - [26/Jul/2015:11:08:43 -0500] "GET /forest/misactividades.do?group_system_actual=3&codPro=125&_a=0.7891426081647549 HTTP/1.1" 200 38220
190.68.197.230 - - [26/Jul/2015:11:08:43 -0500] "GET /forest/js/jquery/jquery-latest.js HTTP/1.1" 304 -
190.68.197.230 - - [26/Jul/2015:11:08:43 -0500] "GET /forest/js/jquery/css/jquery-ui-1.8.1.custom.css HTTP/1.1" 304 -
190.68.197.230 - - [26/Jul/2015:11:08:43 -0500] "GET /forest/js/jquery/css/jquery-ui-selectmenu.css HTTP/1.1" 304 -
190.68.197.230 - - [26/Jul/2015:11:08:43 -0500] "GET /forest/js/jquery/grid/css/ui.jqgrid.css HTTP/1.1" 304 -
190.68.197.230 - - [26/Jul/2015:11:08:43 -0500] "GET /forest/js/jquery/grid/css/ui.multiselect.css HTTP/1.1" 304 -
190.68.197.230 - - [26/Jul/2015:11:08:43 -0500] "GET /forest/js/jquery/jquery-ui-latest.js HTTP/1.1" 304 -
190.68.197.230 - - [26/Jul/2015:11:08:44 -0500] "GET /forest/js/jquery/jquery.layout-latest.js HTTP/1.1" 304 -
190.68.197.230 - - [26/Jul/2015:11:08:44 -0500] "GET /forest/js/jquery/plugins/jquery.ui.selectmenu.js HTTP/1.1" 304 -
190.68.197.230 - - [26/Jul/2015:11:08:44 -0500] "GET /forest/js/jquery/plugins/jquery.searchFilter.js HTTP/1.1" 304 -
190.68.197.230 - - [26/Jul/2015:11:08:44 -0500] "GET /forest/js/jquery/i18n/grid.locale-en.js HTTP/1.1" 304 -
190.68.197.230 - - [26/Jul/2015:11:08:44 -0500] "GET /forest/js/jquery/plugins/ui.multiselect.js HTTP/1.1" 304 -
190.68.197.230 - - [26/Jul/2015:11:08:44 -0500] "GET /forest/js/jquery/jquery.jqGrid.src.js HTTP/1.1" 304 -
190.68.197.230 - - [26/Jul/2015:11:08:44 -0500] "GET /forest/js/jquery/plugins/jquery.tablednd.js HTTP/1.1" 304 -
190.68.197.230 - - [26/Jul/2015:11:08:44 -0500] "GET /forest/js/jquery/plugins/jquery.contextmenu.js HTTP/1.1" 304 -
190.68.197.230 - - [26/Jul/2015:11:08:44 -0500] "GET /forest/js/jquery/plugins/grid.setcolumns.js HTTP/1.1" 304 -
190.68.197.230 - - [26/Jul/2015:11:08:44 -0500] "GET /forest/js/jqGridConf.js HTTP/1.1" 304 -
190.68.197.230 - - [26/Jul/2015:11:08:45 -0500] "GET /forest/skins/gdocs-jar/jsp/cookie.jsp?name=grid_nompro&del HTTP/1.1" 200 -
190.68.197.230 - - [26/Jul/2015:11:08:45 -0500] "GET /forest/session.jsp?a=0.9670845952350646 HTTP/1.1" 200 4
190.68.197.230 - - [26/Jul/2015:11:08:46 -0500] "GET /forest/img/jquery/ui-bg_inset-hard_100_fcfdfd_1x100.png HTTP/1.1" 304 -
190.68.197.230 - - [26/Jul/2015:11:08:46 -0500] "GET /forest/img/jquery/ui-bg_flat_0_aaaaaa_40x100.png HTTP/1.1" 304 -
190.68.197.230 - - [26/Jul/2015:11:08:46 -0500] "GET /forest/img/jquery/ui-bg_inset-hard_100_f5f8f9_1x100.png HTTP/1.1" 304 -
190.68.197.230 - - [26/Jul/2015:11:08:46 -0500] "GET /forest/img/jquery/ui-bg_glass_85_dfeffc_1x400.png HTTP/1.1" 304 -
190.68.197.230 - - [26/Jul/2015:11:08:46 -0500] "GET /forest/img/jquery/ui-icons_6da8d5_256x240.png HTTP/1.1" 304 -
190.68.197.230 - - [26/Jul/2015:11:08:46 -0500] "GET /forest/img/jquery/ui-icons_469bdd_256x240.png HTTP/1.1" 304 -
190.68.197.230 - - [26/Jul/2015:11:08:46 -0500] "GET /forest/img/jquery/columnshide.gif HTTP/1.1" 304 -
190.68.197.230 - - [26/Jul/2015:11:08:46 -0500] "GET /forest/img/jquery/quitarfiltrar.gif HTTP/1.1" 304 -
190.68.197.230 - - [26/Jul/2015:11:08:46 -0500] "GET /forest/img/jquery/save.gif HTTP/1.1" 304 -
190.68.197.230 - - [26/Jul/2015:11:08:46 -0500] "GET /forest/img/jquery/ui-bg_gloss-wave_55_5c9ccc_500x100.png HTTP/1.1" 304 -
190.68.197.230 - - [26/Jul/2015:11:08:46 -0500] "POST /forest/misactividades.do?ajax=true&a=0.2346273276489228 HTTP/1.1" 200 11178
190.68.197.230 - - [26/Jul/2015:11:08:46 -0500] "GET /forest/img/jquery/ui-icons_d8e7f3_256x240.png HTTP/1.1" 304 -
190.68.197.230 - - [26/Jul/2015:11:08:46 -0500] "GET /forest/skins/gdocs-jar/img/clip.gif HTTP/1.1" 304 -
190.68.197.230 - - [26/Jul/2015:11:08:46 -0500] "GET /forest/img/newdocs.gif HTTP/1.1" 304 -
190.68.197.230 - - [26/Jul/2015:11:08:46 -0500] "GET /forest/skins/gdocs-jar/img/doc-alert.gif HTTP/1.1" 304 -
190.68.197.230 - - [26/Jul/2015:11:08:47 -0500] "GET /forest/img/jquery/ui-bg_glass_75_d0e5f5_1x400.png HTTP/1.1" 304 -
190.68.197.230 - - [26/Jul/2015:11:08:48 -0500] "GET /forest/index2.jsp?_a=0.27427728846669197 HTTP/1.1" 200 64889
190.68.197.230 - - [26/Jul/2015:11:08:49 -0500] "GET /forest/session.jsp?a=0.9589784068521112 HTTP/1.1" 200 4
172.22.2.3 - - [26/Jul/2015:11:08:49 -0500] "POST /cumbredelclima/wp-admin/admin-ajax.php HTTP/1.1" 200 23
190.68.197.230 - - [26/Jul/2015:11:08:51 -0500] "GET /forest/misactividades.do?group_system_actual=3&codPro=125&_a=0.792337905854504 HTTP/1.1" 200 38249
190.68.197.230 - - [26/Jul/2015:11:08:52 -0500] "GET /forest/session.jsp?a=0.282682403922081 HTTP/1.1" 200 4
190.68.197.230 - - [26/Jul/2015:11:08:52 -0500] "POST /forest/misactividades.do?ajax=true&a=0.4169023181311786 HTTP/1.1" 200 1084
190.68.197.230 - - [26/Jul/2015:11:08:59 -0500] "GET /forest/img/jquery/ui-bg_flat_55_fbec88_40x100.png HTTP/1.1" 304 -
190.68.197.230 - - [26/Jul/2015:11:09:03 -0500] "GET /forest/skins/gdocs-jar/js/tareas.js?version=1503.161801 HTTP/1.1" 304 -
190.68.197.230 - - [26/Jul/2015:11:09:03 -0500] "GET /forest/skins/gdocs-jar/js/grid.js?version=1503.161801 HTTP/1.1" 304 -
190.68.197.230 - - [26/Jul/2015:11:09:03 -0500] "GET /forest/js/usutareas-docs.js HTTP/1.1" 304 -
190.68.197.230 - - [26/Jul/2015:11:09:03 -0500] "GET /forest/js/jquery/jquery-1.5.2.min.js HTTP/1.1" 304 -
190.68.197.230 - - [26/Jul/2015:11:09:03 -0500] "GET /forest/js/jquery/jquery.atmosphere.js HTTP/1.1" 304 -
190.68.197.230 - - [26/Jul/2015:11:09:03 -0500] "GET /forest/js/socketConnection.js HTTP/1.1" 304 -
190.68.197.230 - - [26/Jul/2015:11:09:03 -0500] "GET /forest/skins/gdocs-jar/img/desasociarUser.gif HTTP/1.1" 304 -
190.68.197.230 - - [26/Jul/2015:11:09:03 -0500] "GET /forest/img/asociarUser.gif HTTP/1.1" 304 -
190.68.197.230 - - [26/Jul/2015:11:09:03 -0500] "GET /forest/skins/gdocs-jar/img/asociarUserOtraDependencia.gif HTTP/1.1" 304 -
190.68.197.230 - - [26/Jul/2015:11:09:03 -0500] "GET /forest/skins/gdocs-jar/css/forms.css HTTP/1.1" 304 -
190.68.197.230 - - [26/Jul/2015:11:09:03 -0500] "GET /forest/skins/gdocs-jar/js/number-functions.js?version=1503.161801 HTTP/1.1" 304 -
190.68.197.230 - - [26/Jul/2015:11:09:03 -0500] "GET /forest/skins/gdocs-jar/js/formsBase.js?version=1503.161801 HTTP/1.1" 304 -
190.68.197.230 - - [26/Jul/2015:11:09:03 -0500] "GET /forest/skins/gdocs-jar/js/swfobject.js?version=1503.161801 HTTP/1.1" 304 -
190.68.197.230 - - [26/Jul/2015:11:09:03 -0500] "GET /forest/skins/gdocs-jar/js/graphicForm.js?version=1503.161801 HTTP/1.1" 304 -
190.68.197.230 - - [26/Jul/2015:11:09:03 -0500] "GET /forest/skins/gdocs-jar/img/comments.gif HTTP/1.1" 304 -
190.68.197.230 - - [26/Jul/2015:11:09:04 -0500] "GET /forest/skins/gdocs-jar/img/vertodossubprocesos.gif HTTP/1.1" 304 -
190.68.197.230 - - [26/Jul/2015:11:09:04 -0500] "GET /forest/skins/gdocs-jar/img/actividad2.gif HTTP/1.1" 304 -
190.68.197.230 - - [26/Jul/2015:11:09:04 -0500] "GET /forest/skins/gdocs-jar/img/print.gif HTTP/1.1" 304 -
190.68.197.230 - - [26/Jul/2015:11:09:04 -0500] "GET /forest/skins/gdocs-jar/img/ok.gif HTTP/1.1" 304 -
190.68.197.230 - - [26/Jul/2015:11:09:04 -0500] "GET /forest/skins/gdocs-jar/img/bola.gif HTTP/1.1" 304 -
190.68.197.230 - - [26/Jul/2015:11:09:04 -0500] "GET /forest/skins/gdocs-jar/img/alert.gif HTTP/1.1" 304 -
190.68.197.230 - - [26/Jul/2015:11:09:00 -0500] "GET /forest/usutareas.do?_a=0.9144436768256128&group_system_actual=3 HTTP/1.1" 200 183192
190.68.197.230 - - [26/Jul/2015:11:09:04 -0500] "GET /forest/skins/gdocs-jar/img/disk.png HTTP/1.1" 304 -
190.68.197.230 - - [26/Jul/2015:11:09:04 -0500] "GET /forest/skins/gdocs-jar/img/control-double.png HTTP/1.1" 304 -
190.68.197.230 - - [26/Jul/2015:11:09:04 -0500] "GET /forest/skins/gdocs-jar/img/close.gif HTTP/1.1" 304 -
190.68.197.230 - - [26/Jul/2015:11:09:04 -0500] "GET /forest/skins/gdocs-jar/img/spacer.gif HTTP/1.1" 304 -
190.68.197.230 - - [26/Jul/2015:11:09:04 -0500] "GET /forest/skins/gdocs-jar/img/prev.gif HTTP/1.1" 304 -
190.68.197.230 - - [26/Jul/2015:11:09:04 -0500] "GET /forest/session.jsp?a=0.9222201621159911 HTTP/1.1" 200 4
190.68.197.230 - - [26/Jul/2015:11:09:04 -0500] "GET /forest/actions/forms.getMappedValues?id=idactavisita12&value=1437867241401&codForm=elaboraciondt&a=0.4956207911018282 HTTP/1.1" 200 44
172.22.2.3 - - [26/Jul/2015:11:09:04 -0500] "POST /cumbredelclima/wp-admin/admin-ajax.php HTTP/1.1" 200 23
190.68.197.230 - - [26/Jul/2015:11:09:05 -0500] "GET /forest/actions/forms.getMappedValues?id=idactavisita12&value=1437867241401&codForm=elaboraciondt&a=0.29543075477704406 HTTP/1.1" 200 44
190.68.197.230 - - [26/Jul/2015:11:09:05 -0500] "GET /forest/skins/gdocs-jar/img/bgPanel.jpg HTTP/1.1" 304 -
190.68.197.230 - - [26/Jul/2015:11:09:05 -0500] "GET /forest/skins/gdocs-jar/img/green.gif HTTP/1.1" 304 -
172.22.2.3 - - [26/Jul/2015:11:09:19 -0500] "POST /cumbredelclima/wp-admin/admin-ajax.php HTTP/1.1" 200 23
74.86.158.107 - - [26/Jul/2015:11:09:32 -0500] "HEAD / HTTP/1.1" 200 -
172.22.2.3 - - [26/Jul/2015:11:09:34 -0500] "POST /cumbredelclima/wp-admin/admin-ajax.php HTTP/1.1" 200 23
66.249.64.253 - - [26/Jul/2015:11:09:46 -0500] "GET /POT-2013/Cartografia/15_Sistema%20de%20Movilidad%20_Secciones%20Viales_Circuitos_movilida.pdf HTTP/1.1" 304 -
172.22.2.3 - - [26/Jul/2015:11:09:49 -0500] "POST /cumbredelclima/wp-admin/admin-ajax.php HTTP/1.1" 200 23
201.245.192.253 - - [26/Jul/2015:11:09:58 -0500] "GET /forest/session.jsp?a=0.21311826195392214 HTTP/1.1" 200 4
172.22.2.3 - - [26/Jul/2015:11:10:04 -0500] "POST /cumbredelclima/wp-admin/admin-ajax.php HTTP/1.1" 200 23
66.249.64.106 - - [26/Jul/2015:11:10:07 -0500] "GET /BLA/resoluciones/RESOLUCIONES%202007/RES%202007%20401%20AL%20500/RESOLUCION%200412%20DE%202007.pdf HTTP/1.1" 304 -
172.22.2.3 - - [26/Jul/2015:11:10:19 -0500] "POST /cumbredelclima/wp-admin/admin-ajax.php HTTP/1.1" 200 23
66.249.64.101 - - [26/Jul/2015:11:10:27 -0500] "GET /BLA/resoluciones/RESOLUCIONES%202012/1281.pdf HTTP/1.1" 304 -
201.245.192.253 - - [26/Jul/2015:11:10:14 -0500] "POST /wp-admin/admin-ajax.php HTTP/1.1" 200 23
186.117.2.88 - - [26/Jul/2015:11:10:33 -0500] "GET /BLA/boletinlegal/js/jquery.scrollShow.js HTTP/1.1" 200 4586
186.117.2.88 - - [26/Jul/2015:11:10:33 -0500] "GET /galeria/galeria/jquery.fancybox.js?v=2.1.5 HTTP/1.1" 200 48706
186.117.2.88 - - [26/Jul/2015:11:10:33 -0500] "GET /galeria/galeria/jquery.fancybox.css?v=2.1.5 HTTP/1.1" 200 4895
186.117.2.88 - - [26/Jul/2015:11:10:34 -0500] "GET /galeria/carrusel/Carrusel/jquery.thumbnailScroller.css HTTP/1.1" 200 2066
186.117.2.88 - - [26/Jul/2015:11:10:34 -0500] "GET /galeria/carrusel/Carrusel/jquery-ui-1.8.13.custom.min.js HTTP/1.1" 200 10800
172.22.2.3 - - [26/Jul/2015:11:10:34 -0500] "POST /cumbredelclima/wp-admin/admin-ajax.php HTTP/1.1" 200 23
186.117.2.88 - - [26/Jul/2015:11:10:35 -0500] "GET /galeria/carrusel/Carrusel/jquery.thumbnailScroller.js HTTP/1.1" 200 8157
186.117.2.88 - - [26/Jul/2015:11:10:38 -0500] "GET /galeria/nivo-slider/demo/demo.html HTTP/1.1" 200 5224
186.117.2.88 - - [26/Jul/2015:11:10:38 -0500] "GET /galeria/nivo-slider/themes/default/default.css HTTP/1.1" 200 1569
186.117.2.88 - - [26/Jul/2015:11:10:38 -0500] "GET /galeria/nivo-slider/themes/pascal/pascal.css HTTP/1.1" 200 2258
186.117.2.88 - - [26/Jul/2015:11:10:38 -0500] "GET /galeria/nivo-slider/themes/orman/orman.css HTTP/1.1" 200 2152
186.117.2.88 - - [26/Jul/2015:11:10:38 -0500] "GET /galeria/nivo-slider/nivo-slider.css HTTP/1.1" 200 1507
186.117.2.88 - - [26/Jul/2015:11:10:38 -0500] "GET /galeria/nivo-slider/demo/style.css HTTP/1.1" 200 2222
186.117.2.88 - - [26/Jul/2015:11:10:39 -0500] "GET /galeria/nivo-slider/demo/scripts/jquery-1.7.1.min.js HTTP/1.1" 200 93868
186.117.2.88 - - [26/Jul/2015:11:10:39 -0500] "GET /galeria/nivo-slider/jquery.nivo.slider.pack.js HTTP/1.1" 200 11561
186.117.2.88 - - [26/Jul/2015:11:10:40 -0500] "GET /galeria/nivo-slider/demo/images/Rendicion-de-cuentas.jpg HTTP/1.1" 200 309079
186.117.2.88 - - [26/Jul/2015:11:10:40 -0500] "GET /galeria/nivo-slider/demo/images/banner-llantas2.jpg HTTP/1.1" 200 204644
186.117.2.88 - - [26/Jul/2015:11:10:41 -0500] "GET /galeria/nivo-slider/demo/images/Semana-PYBA.jpg HTTP/1.1" 200 147360
186.117.2.88 - - [26/Jul/2015:11:10:41 -0500] "GET /galeria/nivo-slider/demo/images/PREDAcamp.jpg HTTP/1.1" 200 295358
186.117.2.88 - - [26/Jul/2015:11:10:41 -0500] "GET /galeria/nivo-slider/demo/images/VoluntariadoPYBA.jpg HTTP/1.1" 200 40647
181.128.248.64 - - [26/Jul/2015:11:10:43 -0500] "GET /galeria/galeria/fotos/Humedal-Tibanica4G.jpg HTTP/1.1" 200 442374
186.117.2.88 - - [26/Jul/2015:11:10:43 -0500] "GET /galeria/nivo-slider/demo/images/4Simple_Slider.png HTTP/1.1" 200 11722
186.117.2.88 - - [26/Jul/2015:11:10:44 -0500] "GET /galeria/nivo-slider/themes/default/loading.gif HTTP/1.1" 200 1737
66.249.64.96 - - [26/Jul/2015:11:10:48 -0500] "GET /BLA/resoluciones/RESOLUCIONES%202008/0410.pdf HTTP/1.1" 304 -
186.117.2.88 - - [26/Jul/2015:11:10:49 -0500] "GET /galeria/nivo-slider/demo/images/9Signos.jpg HTTP/1.1" 200 81776
172.22.2.3 - - [26/Jul/2015:11:10:49 -0500] "POST /cumbredelclima/wp-admin/admin-ajax.php HTTP/1.1" 200 23
186.117.2.88 - - [26/Jul/2015:11:10:50 -0500] "GET /galeria/nivo-slider/demo/images/Comparendo-ambiental-Banner.jpg HTTP/1.1" 200 83731
207.46.13.68 - - [26/Jul/2015:11:10:52 -0500] "GET /dama/libreria/php/decide.php?patron=03.1305020113&numm=12 HTTP/1.1" 404 1019
186.117.2.88 - - [26/Jul/2015:11:10:54 -0500] "GET /galeria/nivo-slider/demo/images/GAE-banner.jpg HTTP/1.1" 200 97556
186.117.2.88 - - [26/Jul/2015:11:10:55 -0500] "GET /galeria/nivo-slider/demo/images/Banner-encuesta-de-percepscio.jpg HTTP/1.1" 200 201899
186.117.2.88 - - [26/Jul/2015:11:10:55 -0500] "GET /galeria/nivo-slider/demo/images/banner-Pacto-por-la-madera.jpg HTTP/1.1" 200 209966
186.117.2.88 - - [26/Jul/2015:11:10:55 -0500] "GET /galeria/nivo-slider/demo/images/acuerdo_569.jpg HTTP/1.1" 200 62670
186.117.2.88 - - [26/Jul/2015:11:10:56 -0500] "GET /galeria/nivo-slider/demo/images/Licitaciones-proyecto-paramo.jpg HTTP/1.1" 200 221877
186.117.2.88 - - [26/Jul/2015:11:10:59 -0500] "GET /galeria/nivo-slider/demo/images/Banner-decreto1299.jpg HTTP/1.1" 200 182613
186.117.2.88 - - [26/Jul/2015:11:11:03 -0500] "GET /galeria/nivo-slider/demo/images/Banner-Directorio.jpg HTTP/1.1" 200 182068
172.22.2.3 - - [26/Jul/2015:11:11:04 -0500] "POST /cumbredelclima/wp-admin/admin-ajax.php HTTP/1.1" 200 23
186.117.2.88 - - [26/Jul/2015:11:11:05 -0500] "GET /galeria/nivo-slider/demo/images/Ruta-vertimientos-01.jpg HTTP/1.1" 200 130151
186.117.2.88 - - [26/Jul/2015:11:11:08 -0500] "GET /galeria/nivo-slider/demo/images/bolsas-06.jpg HTTP/1.1" 200 90982
186.117.2.88 - - [26/Jul/2015:11:11:08 -0500] "GET /galeria/nivo-slider/demo/images/Conoce-los-humedales.jpg HTTP/1.1" 200 294036
66.249.64.96 - - [26/Jul/2015:11:11:09 -0500] "GET /BLA/resoluciones/RESOLUCIONES%202007/RES%202007%201401%20AL%201500/RESOLUCION%201478%20DE%202007.pdf HTTP/1.1" 304 -
186.117.2.88 - - [26/Jul/2015:11:11:11 -0500] "GET /galeria/nivo-slider/demo/images/ecolecta-Dic2014.png HTTP/1.1" 200 288593
186.117.2.88 - - [26/Jul/2015:11:11:12 -0500] "GET /galeria/nivo-slider/demo/images/Banner-Caracol-Africano.jpg HTTP/1.1" 200 331986
66.249.64.101 - - [26/Jul/2015:11:11:14 -0500] "GET /BLA/resoluciones/RESOLUCIONES%202008/0411.pdf HTTP/1.1" 200 991941
181.50.171.134 - - [26/Jul/2015:11:11:19 -0500] "GET /forest/session.jsp?a=0.1953913836419463 HTTP/1.1" 200 4
186.117.2.88 - - [26/Jul/2015:11:11:19 -0500] "GET /galeria/nivo-slider/themes/default/arrows.png HTTP/1.1" 200 824
186.117.2.88 - - [26/Jul/2015:11:11:19 -0500] "GET /galeria/nivo-slider/themes/default/bullets.png HTTP/1.1" 200 1281
172.22.2.3 - - [26/Jul/2015:11:11:19 -0500] "POST /cumbredelclima/wp-admin/admin-ajax.php HTTP/1.1" 200 23
66.249.64.101 - - [26/Jul/2015:11:11:29 -0500] "GET /BLA/resoluciones/RESOLUCIONES%202013/0581.pdf HTTP/1.1" 304 -
172.22.2.3 - - [26/Jul/2015:11:11:34 -0500] "POST /cumbredelclima/wp-admin/admin-ajax.php HTTP/1.1" 200 23
201.245.219.182 - - [26/Jul/2015:11:11:36 -0500] "GET /forest/session.jsp?a=0.9303960623219609 HTTP/1.1" 200 4
201.245.192.253 - - [26/Jul/2015:11:11:46 -0500] "GET /forest/session.jsp?a=0.8580221106374539 HTTP/1.1" 200 4
172.22.2.3 - - [26/Jul/2015:11:11:49 -0500] "POST /cumbredelclima/wp-admin/admin-ajax.php HTTP/1.1" 200 23
66.249.64.106 - - [26/Jul/2015:11:11:50 -0500] "GET /BLA/resoluciones/AUTOS%202012/1995.pdf HTTP/1.1" 304 -
201.245.219.182 - - [26/Jul/2015:11:11:52 -0500] "POST /forest/usutareas.do? HTTP/1.1" 200 76
201.245.219.182 - - [26/Jul/2015:11:12:04 -0500] "GET /forest/skins/gdocs-jar/js/grid.js?version=1503.161801 HTTP/1.1" 304 -
201.245.219.182 - - [26/Jul/2015:11:12:04 -0500] "GET /forest/js/usutareas-docs.js HTTP/1.1" 304 -
201.245.219.182 - - [26/Jul/2015:11:12:04 -0500] "GET /forest/js/jquery/jquery-1.5.2.min.js HTTP/1.1" 304 -
