66.249.64.101 - - [26/Jul/2015:05:14:42 -0500] "GET /BLA/resoluciones/AUTOS%202012/2957.pdf HTTP/1.1" 304 -
50.28.54.140 - - [26/Jul/2015:05:14:51 -0500] "GET /blog/wp-admin/ HTTP/1.1" 404 1018
172.22.2.3 - - [26/Jul/2015:05:14:54 -0500] "POST /cumbredelclima/wp-admin/admin-ajax.php HTTP/1.1" 200 23
201.245.192.253 - - [26/Jul/2015:05:14:55 -0500] "GET /forest/session.jsp?a=0.8779555276169635 HTTP/1.1" 200 4
172.22.2.3 - - [26/Jul/2015:05:15:09 -0500] "POST /cumbredelclima/wp-admin/admin-ajax.php HTTP/1.1" 200 23
66.249.64.29 - - [26/Jul/2015:05:15:20 -0500] "GET /wp-content/uploads/2015/07/JardinBotanico-500x320.jpg HTTP/1.1" 200 71644
172.22.2.3 - - [26/Jul/2015:05:15:24 -0500] "POST /cumbredelclima/wp-admin/admin-ajax.php HTTP/1.1" 200 23
172.22.2.3 - - [26/Jul/2015:05:15:39 -0500] "POST /cumbredelclima/wp-admin/admin-ajax.php HTTP/1.1" 200 23
172.22.2.3 - - [26/Jul/2015:05:15:54 -0500] "POST /cumbredelclima/wp-admin/admin-ajax.php HTTP/1.1" 200 23
172.22.2.3 - - [26/Jul/2015:05:16:09 -0500] "POST /cumbredelclima/wp-admin/admin-ajax.php HTTP/1.1" 200 23
172.22.2.3 - - [26/Jul/2015:05:16:24 -0500] "POST /cumbredelclima/wp-admin/admin-ajax.php HTTP/1.1" 200 23
201.245.192.253 - - [26/Jul/2015:05:16:13 -0500] "POST /wp-admin/admin-ajax.php HTTP/1.1" 200 23
172.22.2.3 - - [26/Jul/2015:05:16:39 -0500] "POST /cumbredelclima/wp-admin/admin-ajax.php HTTP/1.1" 200 23
201.245.192.253 - - [26/Jul/2015:05:16:43 -0500] "GET /forest/session.jsp?a=0.15490481365421715 HTTP/1.1" 200 4
172.22.2.3 - - [26/Jul/2015:05:16:54 -0500] "POST /cumbredelclima/wp-admin/admin-ajax.php HTTP/1.1" 200 23
172.22.2.3 - - [26/Jul/2015:05:17:09 -0500] "POST /cumbredelclima/wp-admin/admin-ajax.php HTTP/1.1" 200 23
172.22.2.3 - - [26/Jul/2015:05:17:24 -0500] "POST /cumbredelclima/wp-admin/admin-ajax.php HTTP/1.1" 200 23
172.22.2.3 - - [26/Jul/2015:05:17:39 -0500] "POST /cumbredelclima/wp-admin/admin-ajax.php HTTP/1.1" 200 23
172.22.2.3 - - [26/Jul/2015:05:17:54 -0500] "POST /cumbredelclima/wp-admin/admin-ajax.php HTTP/1.1" 200 23
157.55.39.145 - - [26/Jul/2015:05:17:30 -0500] "GET /videos/CRRFFS.mp4 HTTP/1.1" 200 286784363
109.89.244.9 - - [26/Jul/2015:05:18:02 -0500] "GET /webdav/x32.php?host=109.218.146.129&time=200&port=80 HTTP/1.1" 404 1018
172.22.2.3 - - [26/Jul/2015:05:18:09 -0500] "POST /cumbredelclima/wp-admin/admin-ajax.php HTTP/1.1" 200 23
66.249.64.248 - - [26/Jul/2015:05:18:17 -0500] "GET /POT-2013/index.php?dir=SEGUIMIENTO/&sort=name&order=asc HTTP/1.1" 200 2147
172.22.2.3 - - [26/Jul/2015:05:18:24 -0500] "POST /cumbredelclima/wp-admin/admin-ajax.php HTTP/1.1" 200 23
201.245.192.253 - - [26/Jul/2015:05:18:13 -0500] "POST /wp-admin/admin-ajax.php HTTP/1.1" 200 23
172.22.2.3 - - [26/Jul/2015:05:18:39 -0500] "POST /cumbredelclima/wp-admin/admin-ajax.php HTTP/1.1" 200 23
172.22.2.3 - - [26/Jul/2015:05:18:54 -0500] "POST /cumbredelclima/wp-admin/admin-ajax.php HTTP/1.1" 200 23
172.22.2.3 - - [26/Jul/2015:05:19:09 -0500] "POST /cumbredelclima/wp-admin/admin-ajax.php HTTP/1.1" 200 23
172.22.2.3 - - [26/Jul/2015:05:19:24 -0500] "POST /cumbredelclima/wp-admin/admin-ajax.php HTTP/1.1" 200 23
74.86.158.107 - - [26/Jul/2015:05:19:33 -0500] "HEAD / HTTP/1.1" 200 -
172.22.2.3 - - [26/Jul/2015:05:19:39 -0500] "POST /cumbredelclima/wp-admin/admin-ajax.php HTTP/1.1" 200 23
66.249.64.101 - - [26/Jul/2015:05:19:49 -0500] "GET /BLA/resoluciones/RESOLUCIONES%202007/RES%202007%20401%20AL%20500/RESOLUCION%200428%20DE%202007.pdf HTTP/1.1" 304 -
172.22.2.3 - - [26/Jul/2015:05:19:54 -0500] "POST /cumbredelclima/wp-admin/admin-ajax.php HTTP/1.1" 200 23
201.245.192.253 - - [26/Jul/2015:05:19:55 -0500] "GET /forest/session.jsp?a=0.7756622635867112 HTTP/1.1" 200 4
66.249.64.253 - - [26/Jul/2015:05:20:10 -0500] "GET /Autoliquidacion/Solicitudes%20relacionadas%20con%20calidad%20del%20aire%20auditiva%20y%20visual/Acompa%C3%B1amiento%20para%20muestreo%20isocin%C3%A9tico%20y%20o%20determinaciones%20de%20emisiones%20a%20fuentes%20fijas/lineamientos%20Construccion%20Mues%20Emision%20.pdf HTTP/1.1" 304 -
172.22.2.3 - - [26/Jul/2015:05:20:09 -0500] "POST /cumbredelclima/wp-admin/admin-ajax.php HTTP/1.1" 200 23
172.22.2.3 - - [26/Jul/2015:05:20:24 -0500] "POST /cumbredelclima/wp-admin/admin-ajax.php HTTP/1.1" 200 23
201.245.192.253 - - [26/Jul/2015:05:20:13 -0500] "POST /wp-admin/admin-ajax.php HTTP/1.1" 200 23
66.249.64.101 - - [26/Jul/2015:05:20:30 -0500] "GET /BLA/resoluciones/RESOLUCIONES%202011/5202.pdf HTTP/1.1" 304 -
172.22.2.3 - - [26/Jul/2015:05:20:40 -0500] "POST /cumbredelclima/wp-admin/admin-ajax.php HTTP/1.1" 200 23
66.249.64.101 - - [26/Jul/2015:05:20:51 -0500] "GET /BLA/resoluciones/RESOLUCIONES%202014/3653.pdf HTTP/1.1" 304 -
172.22.2.3 - - [26/Jul/2015:05:20:55 -0500] "POST /cumbredelclima/wp-admin/admin-ajax.php HTTP/1.1" 200 23
172.22.2.3 - - [26/Jul/2015:05:21:10 -0500] "POST /cumbredelclima/wp-admin/admin-ajax.php HTTP/1.1" 200 23
66.249.64.106 - - [26/Jul/2015:05:21:12 -0500] "GET /BLA/resoluciones/RESOLUCIONES%202010/3849.pdf HTTP/1.1" 304 -
172.22.2.3 - - [26/Jul/2015:05:21:25 -0500] "POST /cumbredelclima/wp-admin/admin-ajax.php HTTP/1.1" 200 23
172.22.2.3 - - [26/Jul/2015:05:21:40 -0500] "POST /cumbredelclima/wp-admin/admin-ajax.php HTTP/1.1" 200 23
201.245.192.253 - - [26/Jul/2015:05:21:43 -0500] "GET /forest/session.jsp?a=0.35186055535957317 HTTP/1.1" 200 4
66.249.64.64 - - [26/Jul/2015:05:21:33 -0500] "GET / HTTP/1.1" 200 123255
66.249.64.6 - - [26/Jul/2015:05:21:53 -0500] "GET / HTTP/1.1" 200 10190
172.22.2.3 - - [26/Jul/2015:05:21:55 -0500] "POST /cumbredelclima/wp-admin/admin-ajax.php HTTP/1.1" 200 23
157.55.39.89 - - [26/Jul/2015:05:22:09 -0500] "GET /BLA/resoluciones/AUTOS%202013/0708.pdf HTTP/1.1" 200 3894705
172.22.2.3 - - [26/Jul/2015:05:22:10 -0500] "POST /cumbredelclima/wp-admin/admin-ajax.php HTTP/1.1" 200 23
201.245.192.253 - - [26/Jul/2015:05:22:13 -0500] "POST /wp-admin/admin-ajax.php HTTP/1.1" 200 23
172.22.2.3 - - [26/Jul/2015:05:22:25 -0500] "POST /cumbredelclima/wp-admin/admin-ajax.php HTTP/1.1" 200 23
172.22.2.3 - - [26/Jul/2015:05:22:40 -0500] "POST /cumbredelclima/wp-admin/admin-ajax.php HTTP/1.1" 200 23
66.249.64.19 - - [26/Jul/2015:05:22:35 -0500] "GET /que-hacer-en-bogota/ HTTP/1.1" 200 43529
172.22.2.3 - - [26/Jul/2015:05:22:55 -0500] "POST /cumbredelclima/wp-admin/admin-ajax.php HTTP/1.1" 200 23
172.22.2.3 - - [26/Jul/2015:05:23:10 -0500] "POST /cumbredelclima/wp-admin/admin-ajax.php HTTP/1.1" 200 23
109.89.244.9 - - [26/Jul/2015:05:23:11 -0500] "GET /webdav/x32.php?host=109.218.146.129&time=500&port=80 HTTP/1.1" 404 1018
66.249.64.101 - - [26/Jul/2015:05:23:16 -0500] "GET /BLA/resoluciones/AUTOS%202013/0817.pdf HTTP/1.1" 304 -
66.249.64.96 - - [26/Jul/2015:05:23:20 -0500] "GET /m/BLA/resoluciones/RESOLUCIONES%202010/1436.pdf HTTP/1.1" 404 1018
50.28.54.140 - - [26/Jul/2015:05:23:25 -0500] "GET /wp/wp-admin/ HTTP/1.1" 404 1018
172.22.2.3 - - [26/Jul/2015:05:23:25 -0500] "POST /cumbredelclima/wp-admin/admin-ajax.php HTTP/1.1" 200 23
172.22.2.3 - - [26/Jul/2015:05:23:40 -0500] "POST /cumbredelclima/wp-admin/admin-ajax.php HTTP/1.1" 200 23
172.22.2.3 - - [26/Jul/2015:05:23:55 -0500] "POST /cumbredelclima/wp-admin/admin-ajax.php HTTP/1.1" 200 23
66.249.64.106 - - [26/Jul/2015:05:23:58 -0500] "GET /BLA/resoluciones/RESOLUCIONES%202011/6971.pdf HTTP/1.1" 304 -
172.22.2.3 - - [26/Jul/2015:05:24:10 -0500] "POST /cumbredelclima/wp-admin/admin-ajax.php HTTP/1.1" 200 23
172.22.2.3 - - [26/Jul/2015:05:24:25 -0500] "POST /cumbredelclima/wp-admin/admin-ajax.php HTTP/1.1" 200 23
201.245.192.253 - - [26/Jul/2015:05:24:13 -0500] "POST /wp-admin/admin-ajax.php HTTP/1.1" 200 23
74.86.158.107 - - [26/Jul/2015:05:24:33 -0500] "HEAD / HTTP/1.1" 200 -
172.22.2.3 - - [26/Jul/2015:05:24:40 -0500] "POST /cumbredelclima/wp-admin/admin-ajax.php HTTP/1.1" 200 23
66.249.64.101 - - [26/Jul/2015:05:24:41 -0500] "GET /BLA/resoluciones/RESOLUCIONES%202009/1803.pdf HTTP/1.1" 304 -
66.249.64.96 - - [26/Jul/2015:05:24:42 -0500] "GET /BLA/resoluciones/AUTOS%202013/0219.pdf HTTP/1.1" 304 -
66.249.64.248 - - [26/Jul/2015:05:24:42 -0500] "GET /BLA/boletinlegal/jurisprudencia/analisis/Analisis%20Sentencia%20T-1077,%202%20corregida.doc HTTP/1.1" 304 -
66.249.64.96 - - [26/Jul/2015:05:24:44 -0500] "GET /BLA/resoluciones/RESOLUCIONES%202013/1135.pdf HTTP/1.1" 304 -
66.249.64.101 - - [26/Jul/2015:05:24:45 -0500] "GET /BLA/resoluciones/RESOLUCIONES%202010/2280.pdf HTTP/1.1" 304 -
66.249.64.96 - - [26/Jul/2015:05:24:46 -0500] "GET /stormWeb/ HTTP/1.1" 200 12126
66.249.64.106 - - [26/Jul/2015:05:24:50 -0500] "GET /BLA/resoluciones/RESOLUCIONES%202010/4175.pdf HTTP/1.1" 304 -
66.249.64.253 - - [26/Jul/2015:05:24:50 -0500] "GET /POT-2013/index.php?dir=Cartografia%2F HTTP/1.1" 200 11465
66.249.64.106 - - [26/Jul/2015:05:24:51 -0500] "GET /BLA/resoluciones/AUTOS%202013/0161.pdf HTTP/1.1" 304 -
201.245.192.253 - - [26/Jul/2015:05:24:55 -0500] "GET /forest/session.jsp?a=0.957559510818088 HTTP/1.1" 200 4
172.22.2.3 - - [26/Jul/2015:05:24:55 -0500] "POST /cumbredelclima/wp-admin/admin-ajax.php HTTP/1.1" 200 23
172.22.2.3 - - [26/Jul/2015:05:25:10 -0500] "POST /cumbredelclima/wp-admin/admin-ajax.php HTTP/1.1" 200 23
157.55.39.145 - - [26/Jul/2015:05:25:22 -0500] "GET /BLA/resoluciones/AUTOS%202013/0755.pdf HTTP/1.1" 200 3717519
172.22.2.3 - - [26/Jul/2015:05:25:25 -0500] "POST /cumbredelclima/wp-admin/admin-ajax.php HTTP/1.1" 200 23
172.22.2.3 - - [26/Jul/2015:05:25:40 -0500] "POST /cumbredelclima/wp-admin/admin-ajax.php HTTP/1.1" 200 23
172.22.2.3 - - [26/Jul/2015:05:25:55 -0500] "POST /cumbredelclima/wp-admin/admin-ajax.php HTTP/1.1" 200 23
66.249.64.106 - - [26/Jul/2015:05:26:07 -0500] "GET /mobile/BLA/resoluciones/RESOLUCIONES%202007/RES%202007%202101%20AL%202200/RESOLUCION%202105%20DE%202007.pdf HTTP/1.1" 404 1018
172.22.2.3 - - [26/Jul/2015:05:26:10 -0500] "POST /cumbredelclima/wp-admin/admin-ajax.php HTTP/1.1" 200 23
172.22.2.3 - - [26/Jul/2015:05:26:25 -0500] "POST /cumbredelclima/wp-admin/admin-ajax.php HTTP/1.1" 200 23
201.245.192.253 - - [26/Jul/2015:05:26:13 -0500] "POST /wp-admin/admin-ajax.php HTTP/1.1" 200 23
172.22.2.3 - - [26/Jul/2015:05:26:40 -0500] "POST /cumbredelclima/wp-admin/admin-ajax.php HTTP/1.1" 200 23
201.245.192.253 - - [26/Jul/2015:05:26:43 -0500] "GET /forest/session.jsp?a=0.6132084091300103 HTTP/1.1" 200 4
109.89.244.9 - - [26/Jul/2015:05:26:46 -0500] "GET /webdav/x32.php?host=46.193.129.203&time=160&port=80 HTTP/1.1" 404 1018
172.22.2.3 - - [26/Jul/2015:05:26:55 -0500] "POST /cumbredelclima/wp-admin/admin-ajax.php HTTP/1.1" 200 23
172.22.2.3 - - [26/Jul/2015:05:27:10 -0500] "POST /cumbredelclima/wp-admin/admin-ajax.php HTTP/1.1" 200 23
172.22.2.3 - - [26/Jul/2015:05:27:25 -0500] "POST /cumbredelclima/wp-admin/admin-ajax.php HTTP/1.1" 200 23
180.153.214.188 - - [26/Jul/2015:05:27:37 -0500] "GET / HTTP/1.1" 200 10190
172.22.2.3 - - [26/Jul/2015:05:27:40 -0500] "POST /cumbredelclima/wp-admin/admin-ajax.php HTTP/1.1" 200 23
66.249.64.24 - - [26/Jul/2015:05:27:41 -0500] "GET /wp-content/uploads/2015/07/logos.png HTTP/1.1" 200 50210
172.22.2.3 - - [26/Jul/2015:05:27:55 -0500] "POST /cumbredelclima/wp-admin/admin-ajax.php HTTP/1.1" 200 23
172.22.2.3 - - [26/Jul/2015:05:28:10 -0500] "POST /cumbredelclima/wp-admin/admin-ajax.php HTTP/1.1" 200 23
172.22.2.3 - - [26/Jul/2015:05:28:25 -0500] "POST /cumbredelclima/wp-admin/admin-ajax.php HTTP/1.1" 200 23
201.245.192.253 - - [26/Jul/2015:05:28:13 -0500] "POST /wp-admin/admin-ajax.php HTTP/1.1" 200 23
172.22.2.3 - - [26/Jul/2015:05:28:40 -0500] "POST /cumbredelclima/wp-admin/admin-ajax.php HTTP/1.1" 200 23
172.22.2.3 - - [26/Jul/2015:05:28:55 -0500] "POST /cumbredelclima/wp-admin/admin-ajax.php HTTP/1.1" 200 23
172.22.2.3 - - [26/Jul/2015:05:29:10 -0500] "POST /cumbredelclima/wp-admin/admin-ajax.php HTTP/1.1" 200 23
172.22.2.3 - - [26/Jul/2015:05:29:25 -0500] "POST /cumbredelclima/wp-admin/admin-ajax.php HTTP/1.1" 200 23
74.86.158.107 - - [26/Jul/2015:05:29:33 -0500] "HEAD / HTTP/1.1" 200 -
172.22.2.3 - - [26/Jul/2015:05:29:40 -0500] "POST /cumbredelclima/wp-admin/admin-ajax.php HTTP/1.1" 200 23
201.245.192.253 - - [26/Jul/2015:05:29:55 -0500] "GET /forest/session.jsp?a=0.07775553343906016 HTTP/1.1" 200 4
172.22.2.3 - - [26/Jul/2015:05:29:55 -0500] "POST /cumbredelclima/wp-admin/admin-ajax.php HTTP/1.1" 200 23
172.22.2.3 - - [26/Jul/2015:05:30:10 -0500] "POST /cumbredelclima/wp-admin/admin-ajax.php HTTP/1.1" 200 23
172.22.2.3 - - [26/Jul/2015:05:30:25 -0500] "POST /cumbredelclima/wp-admin/admin-ajax.php HTTP/1.1" 200 23
201.245.192.253 - - [26/Jul/2015:05:30:13 -0500] "POST /wp-admin/admin-ajax.php HTTP/1.1" 200 23
172.22.2.3 - - [26/Jul/2015:05:30:40 -0500] "POST /cumbredelclima/wp-admin/admin-ajax.php HTTP/1.1" 200 23
172.22.2.3 - - [26/Jul/2015:05:30:55 -0500] "POST /cumbredelclima/wp-admin/admin-ajax.php HTTP/1.1" 200 23
172.22.2.3 - - [26/Jul/2015:05:31:10 -0500] "POST /cumbredelclima/wp-admin/admin-ajax.php HTTP/1.1" 200 23
172.22.2.3 - - [26/Jul/2015:05:31:25 -0500] "POST /cumbredelclima/wp-admin/admin-ajax.php HTTP/1.1" 200 23
172.22.2.3 - - [26/Jul/2015:05:31:40 -0500] "POST /cumbredelclima/wp-admin/admin-ajax.php HTTP/1.1" 200 23
201.245.192.253 - - [26/Jul/2015:05:31:44 -0500] "GET /forest/session.jsp?a=0.047915604114395105 HTTP/1.1" 200 4
172.22.2.3 - - [26/Jul/2015:05:31:55 -0500] "POST /cumbredelclima/wp-admin/admin-ajax.php HTTP/1.1" 200 23
172.22.2.3 - - [26/Jul/2015:05:32:10 -0500] "POST /cumbredelclima/wp-admin/admin-ajax.php HTTP/1.1" 200 23
172.22.2.3 - - [26/Jul/2015:05:32:25 -0500] "POST /cumbredelclima/wp-admin/admin-ajax.php HTTP/1.1" 200 23
201.245.192.253 - - [26/Jul/2015:05:32:13 -0500] "POST /wp-admin/admin-ajax.php HTTP/1.1" 200 23
172.22.2.3 - - [26/Jul/2015:05:32:40 -0500] "POST /cumbredelclima/wp-admin/admin-ajax.php HTTP/1.1" 200 23
50.28.54.140 - - [26/Jul/2015:05:32:48 -0500] "GET /old/wp-admin/ HTTP/1.1" 404 1018
172.22.2.3 - - [26/Jul/2015:05:32:55 -0500] "POST /cumbredelclima/wp-admin/admin-ajax.php HTTP/1.1" 200 23
181.133.12.168 - - [26/Jul/2015:05:33:06 -0500] "GET /galeria/galeria/jquery.fancybox.js?v=2.1.5 HTTP/1.1" 200 48706
181.133.12.168 - - [26/Jul/2015:05:33:06 -0500] "GET /BLA/boletinlegal/js/jquery.scrollShow.js HTTP/1.1" 200 4586
181.133.12.168 - - [26/Jul/2015:05:33:06 -0500] "GET /galeria/galeria/jquery.fancybox.css?v=2.1.5 HTTP/1.1" 200 4895
172.22.2.3 - - [26/Jul/2015:05:33:10 -0500] "POST /cumbredelclima/wp-admin/admin-ajax.php HTTP/1.1" 200 23
181.133.12.168 - - [26/Jul/2015:05:33:10 -0500] "GET /BLA/boletinlegal/js/jquery.scrollShow.js HTTP/1.1" 304 -
181.133.12.168 - - [26/Jul/2015:05:33:10 -0500] "GET /galeria/galeria/jquery.fancybox.js?v=2.1.5 HTTP/1.1" 304 -
181.133.12.168 - - [26/Jul/2015:05:33:10 -0500] "GET /galeria/galeria/jquery.fancybox.css?v=2.1.5 HTTP/1.1" 304 -
172.22.2.3 - - [26/Jul/2015:05:33:25 -0500] "POST /cumbredelclima/wp-admin/admin-ajax.php HTTP/1.1" 200 23
172.22.2.3 - - [26/Jul/2015:05:33:40 -0500] "POST /cumbredelclima/wp-admin/admin-ajax.php HTTP/1.1" 200 23
172.22.2.3 - - [26/Jul/2015:05:33:55 -0500] "POST /cumbredelclima/wp-admin/admin-ajax.php HTTP/1.1" 200 23
172.22.2.3 - - [26/Jul/2015:05:34:10 -0500] "POST /cumbredelclima/wp-admin/admin-ajax.php HTTP/1.1" 200 23
172.22.2.3 - - [26/Jul/2015:05:34:25 -0500] "POST /cumbredelclima/wp-admin/admin-ajax.php HTTP/1.1" 200 23
201.245.192.253 - - [26/Jul/2015:05:34:13 -0500] "POST /wp-admin/admin-ajax.php HTTP/1.1" 200 23
74.86.158.107 - - [26/Jul/2015:05:34:33 -0500] "HEAD / HTTP/1.1" 200 -
172.22.2.3 - - [26/Jul/2015:05:34:40 -0500] "POST /cumbredelclima/wp-admin/admin-ajax.php HTTP/1.1" 200 23
201.245.192.253 - - [26/Jul/2015:05:34:55 -0500] "GET /forest/session.jsp?a=0.6363266035435904 HTTP/1.1" 200 4
172.22.2.3 - - [26/Jul/2015:05:34:55 -0500] "POST /cumbredelclima/wp-admin/admin-ajax.php HTTP/1.1" 200 23
172.22.2.3 - - [26/Jul/2015:05:35:10 -0500] "POST /cumbredelclima/wp-admin/admin-ajax.php HTTP/1.1" 200 23
172.22.2.3 - - [26/Jul/2015:05:35:25 -0500] "POST /cumbredelclima/wp-admin/admin-ajax.php HTTP/1.1" 200 23
172.22.2.3 - - [26/Jul/2015:05:35:40 -0500] "POST /cumbredelclima/wp-admin/admin-ajax.php HTTP/1.1" 200 23
103.253.166.8 - - [26/Jul/2015:05:35:47 -0500] "GET /ecodirectorio/files/res/flags/jp.png HTTP/1.1" 304 -
172.22.2.3 - - [26/Jul/2015:05:35:55 -0500] "POST /cumbredelclima/wp-admin/admin-ajax.php HTTP/1.1" 200 23
172.22.2.3 - - [26/Jul/2015:05:36:10 -0500] "POST /cumbredelclima/wp-admin/admin-ajax.php HTTP/1.1" 200 23
172.22.2.3 - - [26/Jul/2015:05:36:25 -0500] "POST /cumbredelclima/wp-admin/admin-ajax.php HTTP/1.1" 200 23
201.245.192.253 - - [26/Jul/2015:05:36:13 -0500] "POST /wp-admin/admin-ajax.php HTTP/1.1" 200 23
172.22.2.3 - - [26/Jul/2015:05:36:40 -0500] "POST /cumbredelclima/wp-admin/admin-ajax.php HTTP/1.1" 200 23
66.249.64.96 - - [26/Jul/2015:05:36:42 -0500] "GET /BLA/resoluciones/RESOLUCIONES%202013/0034.pdf HTTP/1.1" 304 -
201.245.192.253 - - [26/Jul/2015:05:36:44 -0500] "GET /forest/session.jsp?a=0.6465373609141682 HTTP/1.1" 200 4
172.22.2.3 - - [26/Jul/2015:05:36:55 -0500] "POST /cumbredelclima/wp-admin/admin-ajax.php HTTP/1.1" 200 23
172.22.2.3 - - [26/Jul/2015:05:37:10 -0500] "POST /cumbredelclima/wp-admin/admin-ajax.php HTTP/1.1" 200 23
172.22.2.3 - - [26/Jul/2015:05:37:25 -0500] "POST /cumbredelclima/wp-admin/admin-ajax.php HTTP/1.1" 200 23
172.22.2.3 - - [26/Jul/2015:05:37:40 -0500] "POST /cumbredelclima/wp-admin/admin-ajax.php HTTP/1.1" 200 23
172.22.2.3 - - [26/Jul/2015:05:37:55 -0500] "POST /cumbredelclima/wp-admin/admin-ajax.php HTTP/1.1" 200 23
172.22.2.3 - - [26/Jul/2015:05:38:10 -0500] "POST /cumbredelclima/wp-admin/admin-ajax.php HTTP/1.1" 200 23
172.22.2.3 - - [26/Jul/2015:05:38:25 -0500] "POST /cumbredelclima/wp-admin/admin-ajax.php HTTP/1.1" 200 23
201.245.192.253 - - [26/Jul/2015:05:38:13 -0500] "POST /wp-admin/admin-ajax.php HTTP/1.1" 200 23
207.46.13.95 - - [26/Jul/2015:05:38:38 -0500] "GET /BLA/resoluciones/AUTOS%202014/0608.pdf HTTP/1.1" 200 563452
172.22.2.3 - - [26/Jul/2015:05:38:40 -0500] "POST /cumbredelclima/wp-admin/admin-ajax.php HTTP/1.1" 200 23
172.22.2.3 - - [26/Jul/2015:05:38:55 -0500] "POST /cumbredelclima/wp-admin/admin-ajax.php HTTP/1.1" 200 23
172.22.2.3 - - [26/Jul/2015:05:39:10 -0500] "POST /cumbredelclima/wp-admin/admin-ajax.php HTTP/1.1" 200 23
172.22.2.3 - - [26/Jul/2015:05:39:25 -0500] "POST /cumbredelclima/wp-admin/admin-ajax.php HTTP/1.1" 200 23
74.86.158.107 - - [26/Jul/2015:05:39:33 -0500] "HEAD / HTTP/1.1" 200 -
157.55.39.205 - - [26/Jul/2015:05:39:38 -0500] "GET /galeria/carrusel/Carrusel/jquery-ui- HTTP/1.1" 404 1018
172.22.2.3 - - [26/Jul/2015:05:39:40 -0500] "POST /cumbredelclima/wp-admin/admin-ajax.php HTTP/1.1" 200 23
201.245.192.253 - - [26/Jul/2015:05:39:55 -0500] "GET /forest/session.jsp?a=0.8169874116848723 HTTP/1.1" 200 4
172.22.2.3 - - [26/Jul/2015:05:39:55 -0500] "POST /cumbredelclima/wp-admin/admin-ajax.php HTTP/1.1" 200 23
66.249.64.19 - - [26/Jul/2015:05:40:04 -0500] "GET /wp-content/uploads/2015/07/ZONA-NORTE-500x320.jpg HTTP/1.1" 200 73391
172.22.2.3 - - [26/Jul/2015:05:40:10 -0500] "POST /cumbredelclima/wp-admin/admin-ajax.php HTTP/1.1" 200 23
172.22.2.3 - - [26/Jul/2015:05:40:25 -0500] "POST /cumbredelclima/wp-admin/admin-ajax.php HTTP/1.1" 200 23
201.245.192.253 - - [26/Jul/2015:05:40:13 -0500] "POST /wp-admin/admin-ajax.php HTTP/1.1" 200 23
200.26.155.142 - - [26/Jul/2015:05:40:36 -0500] "GET /galeria/nivo-slider/demo/images/bolsas-06.jpg HTTP/1.1" 304 -
172.22.2.3 - - [26/Jul/2015:05:40:40 -0500] "POST /cumbredelclima/wp-admin/admin-ajax.php HTTP/1.1" 200 23
172.22.2.3 - - [26/Jul/2015:05:40:55 -0500] "POST /cumbredelclima/wp-admin/admin-ajax.php HTTP/1.1" 200 23
172.22.2.3 - - [26/Jul/2015:05:41:10 -0500] "POST /cumbredelclima/wp-admin/admin-ajax.php HTTP/1.1" 200 23
180.76.15.14 - - [26/Jul/2015:05:41:20 -0500] "GET / HTTP/1.1" 200 10190
172.22.2.3 - - [26/Jul/2015:05:41:25 -0500] "POST /cumbredelclima/wp-admin/admin-ajax.php HTTP/1.1" 200 23
172.22.2.3 - - [26/Jul/2015:05:41:40 -0500] "POST /cumbredelclima/wp-admin/admin-ajax.php HTTP/1.1" 200 23
201.245.192.253 - - [26/Jul/2015:05:41:44 -0500] "GET /forest/session.jsp?a=0.028185604772180572 HTTP/1.1" 200 4
66.249.64.96 - - [26/Jul/2015:05:41:49 -0500] "GET /BLA/resoluciones/RESOLUCIONES%202011/0190.pdf HTTP/1.1" 304 -
172.22.2.3 - - [26/Jul/2015:05:41:55 -0500] "POST /cumbredelclima/wp-admin/admin-ajax.php HTTP/1.1" 200 23
66.249.64.106 - - [26/Jul/2015:05:42:09 -0500] "GET /BLA/resoluciones/RESOLUCIONES%202012/1281.pdf HTTP/1.1" 304 -
172.22.2.3 - - [26/Jul/2015:05:42:10 -0500] "POST /cumbredelclima/wp-admin/admin-ajax.php HTTP/1.1" 200 23
45.55.212.140 - - [26/Jul/2015:05:42:14 -0500] "GET / HTTP/1.1" 200 10190
180.76.15.140 - - [26/Jul/2015:05:42:15 -0500] "GET / HTTP/1.1" 200 10190
172.22.2.3 - - [26/Jul/2015:05:42:25 -0500] "POST /cumbredelclima/wp-admin/admin-ajax.php HTTP/1.1" 200 23
201.245.192.253 - - [26/Jul/2015:05:42:13 -0500] "POST /wp-admin/admin-ajax.php HTTP/1.1" 200 23
66.249.64.101 - - [26/Jul/2015:05:42:30 -0500] "GET /BLA/resoluciones/RESOLUCIONES%202007/RES%202007%204101%20AL%204200/RESOLUCION%204106%20DE%202007.pdf HTTP/1.1" 304 -
172.22.2.3 - - [26/Jul/2015:05:42:40 -0500] "POST /cumbredelclima/wp-admin/admin-ajax.php HTTP/1.1" 200 23
46.101.6.65 - - [26/Jul/2015:05:42:53 -0500] "GET / HTTP/1.1" 200 10190
178.62.45.20 - - [26/Jul/2015:05:42:53 -0500] "GET / HTTP/1.1" 200 10190
46.101.6.65 - - [26/Jul/2015:05:42:54 -0500] "GET /images/SDA.jpg HTTP/1.1" 200 48976
178.62.45.20 - - [26/Jul/2015:05:42:55 -0500] "GET /images/SDA.jpg HTTP/1.1" 200 48976
46.101.6.65 - - [26/Jul/2015:05:42:55 -0500] "GET /images/INTRANET.jpg HTTP/1.1" 200 37297
172.22.2.3 - - [26/Jul/2015:05:42:55 -0500] "POST /cumbredelclima/wp-admin/admin-ajax.php HTTP/1.1" 200 23
178.62.45.20 - - [26/Jul/2015:05:42:56 -0500] "GET /images/INTRANET.jpg HTTP/1.1" 200 37297
46.101.6.65 - - [26/Jul/2015:05:42:56 -0500] "GET /images/LINEA.jpg HTTP/1.1" 200 33035
178.62.45.20 - - [26/Jul/2015:05:42:56 -0500] "GET /images/LINEA.jpg HTTP/1.1" 200 33035
46.101.6.65 - - [26/Jul/2015:05:42:57 -0500] "GET /images/INTERNET.jpg HTTP/1.1" 200 34880
46.101.6.65 - - [26/Jul/2015:05:42:57 -0500] "GET /images/NINOS.jpg HTTP/1.1" 200 44828
178.62.45.20 - - [26/Jul/2015:05:42:57 -0500] "GET /images/INTERNET.jpg HTTP/1.1" 200 34880
46.101.6.65 - - [26/Jul/2015:05:42:58 -0500] "GET /images/FOREST.jpg HTTP/1.1" 200 33277
178.62.45.20 - - [26/Jul/2015:05:42:58 -0500] "GET /images/NINOS.jpg HTTP/1.1" 200 44828
46.101.6.65 - - [26/Jul/2015:05:42:59 -0500] "GET /images/RMCAB.jpg HTTP/1.1" 200 49926
178.62.45.20 - - [26/Jul/2015:05:42:59 -0500] "GET /images/FOREST.jpg HTTP/1.1" 200 33277
46.101.6.65 - - [26/Jul/2015:05:42:59 -0500] "GET /images/BLA.jpg HTTP/1.1" 200 34672
178.62.45.20 - - [26/Jul/2015:05:43:00 -0500] "GET /images/RMCAB.jpg HTTP/1.1" 200 49926
46.101.6.65 - - [26/Jul/2015:05:43:00 -0500] "GET /images/SDQS.jpg HTTP/1.1" 200 47976
178.62.45.20 - - [26/Jul/2015:05:43:00 -0500] "GET /images/BLA.jpg HTTP/1.1" 200 34672
46.101.6.65 - - [26/Jul/2015:05:43:01 -0500] "GET /images/CORREO.jpg HTTP/1.1" 200 39337
178.62.45.20 - - [26/Jul/2015:05:43:01 -0500] "GET /images/SDQS.jpg HTTP/1.1" 200 47976
46.101.6.65 - - [26/Jul/2015:05:43:01 -0500] "GET /images/FORMATOS.jpg HTTP/1.1" 200 41585
178.62.45.20 - - [26/Jul/2015:05:43:02 -0500] "GET /images/CORREO.jpg HTTP/1.1" 200 39337
46.101.6.65 - - [26/Jul/2015:05:43:02 -0500] "GET /images/CATALOGO.jpg HTTP/1.1" 200 35661
178.62.45.20 - - [26/Jul/2015:05:43:02 -0500] "GET /images/FORMATOS.jpg HTTP/1.1" 200 41585
46.101.6.65 - - [26/Jul/2015:05:43:03 -0500] "GET /images/SDA.jpg HTTP/1.1" 200 48976
178.62.45.20 - - [26/Jul/2015:05:43:03 -0500] "GET /images/CATALOGO.jpg HTTP/1.1" 200 35661
46.101.6.65 - - [26/Jul/2015:05:43:03 -0500] "GET /images/INTRANET.jpg HTTP/1.1" 200 37297
178.62.45.20 - - [26/Jul/2015:05:43:04 -0500] "GET /images/SDA.jpg HTTP/1.1" 200 48976
46.101.6.65 - - [26/Jul/2015:05:43:04 -0500] "GET /images/LINEA.jpg HTTP/1.1" 200 33035
178.62.45.20 - - [26/Jul/2015:05:43:04 -0500] "GET /images/INTRANET.jpg HTTP/1.1" 200 37297
46.101.6.65 - - [26/Jul/2015:05:43:05 -0500] "GET /images/INTERNET.jpg HTTP/1.1" 200 34880
178.62.45.20 - - [26/Jul/2015:05:43:05 -0500] "GET /images/LINEA.jpg HTTP/1.1" 200 33035
46.101.6.65 - - [26/Jul/2015:05:43:05 -0500] "GET /images/NINOS.jpg HTTP/1.1" 200 44828
178.62.45.20 - - [26/Jul/2015:05:43:06 -0500] "GET /images/INTERNET.jpg HTTP/1.1" 200 34880
46.101.6.65 - - [26/Jul/2015:05:43:06 -0500] "GET /images/FOREST.jpg HTTP/1.1" 200 33277
178.62.45.20 - - [26/Jul/2015:05:43:06 -0500] "GET /images/NINOS.jpg HTTP/1.1" 200 44828
46.101.6.65 - - [26/Jul/2015:05:43:07 -0500] "GET /images/RMCAB.jpg HTTP/1.1" 200 49926
178.62.45.20 - - [26/Jul/2015:05:43:07 -0500] "GET /images/FOREST.jpg HTTP/1.1" 200 33277
46.101.6.65 - - [26/Jul/2015:05:43:07 -0500] "GET /images/BLA.jpg HTTP/1.1" 200 34672
178.62.45.20 - - [26/Jul/2015:05:43:08 -0500] "GET /images/RMCAB.jpg HTTP/1.1" 200 49926
46.101.6.65 - - [26/Jul/2015:05:43:08 -0500] "GET /images/SDQS.jpg HTTP/1.1" 200 47976
178.62.45.20 - - [26/Jul/2015:05:43:08 -0500] "GET /images/BLA.jpg HTTP/1.1" 200 34672
46.101.6.65 - - [26/Jul/2015:05:43:09 -0500] "GET /images/CORREO.jpg HTTP/1.1" 200 39337
178.62.45.20 - - [26/Jul/2015:05:43:09 -0500] "GET /images/SDQS.jpg HTTP/1.1" 200 47976
46.101.6.65 - - [26/Jul/2015:05:43:09 -0500] "GET /images/FORMATOS.jpg HTTP/1.1" 200 41585
178.62.45.20 - - [26/Jul/2015:05:43:10 -0500] "GET /images/CORREO.jpg HTTP/1.1" 200 39337
46.101.6.65 - - [26/Jul/2015:05:43:10 -0500] "GET /images/CATALOGO.jpg HTTP/1.1" 200 35661
172.22.2.3 - - [26/Jul/2015:05:43:10 -0500] "POST /cumbredelclima/wp-admin/admin-ajax.php HTTP/1.1" 200 23
178.62.45.20 - - [26/Jul/2015:05:43:10 -0500] "GET /images/FORMATOS.jpg HTTP/1.1" 200 41585
178.62.45.20 - - [26/Jul/2015:05:43:11 -0500] "GET /images/CATALOGO.jpg HTTP/1.1" 200 35661
172.22.2.3 - - [26/Jul/2015:05:43:25 -0500] "POST /cumbredelclima/wp-admin/admin-ajax.php HTTP/1.1" 200 23
172.22.2.3 - - [26/Jul/2015:05:43:40 -0500] "POST /cumbredelclima/wp-admin/admin-ajax.php HTTP/1.1" 200 23
172.22.2.3 - - [26/Jul/2015:05:43:55 -0500] "POST /cumbredelclima/wp-admin/admin-ajax.php HTTP/1.1" 200 23
172.22.2.3 - - [26/Jul/2015:05:44:10 -0500] "POST /cumbredelclima/wp-admin/admin-ajax.php HTTP/1.1" 200 23
172.22.2.3 - - [26/Jul/2015:05:44:25 -0500] "POST /cumbredelclima/wp-admin/admin-ajax.php HTTP/1.1" 200 23
201.245.192.253 - - [26/Jul/2015:05:44:13 -0500] "POST /wp-admin/admin-ajax.php HTTP/1.1" 200 23
74.86.158.107 - - [26/Jul/2015:05:44:33 -0500] "HEAD / HTTP/1.1" 200 -
172.22.2.3 - - [26/Jul/2015:05:44:40 -0500] "POST /cumbredelclima/wp-admin/admin-ajax.php HTTP/1.1" 200 23
66.249.64.96 - - [26/Jul/2015:05:44:49 -0500] "GET /BLA/resoluciones/RESOLUCIONES%202012/1122.pdf HTTP/1.1" 304 -
201.245.192.253 - - [26/Jul/2015:05:44:55 -0500] "GET /forest/session.jsp?a=0.9203249809514477 HTTP/1.1" 200 4
172.22.2.3 - - [26/Jul/2015:05:44:55 -0500] "POST /cumbredelclima/wp-admin/admin-ajax.php HTTP/1.1" 200 23
198.199.67.168 - - [26/Jul/2015:05:45:00 -0500] "GET / HTTP/1.1" 200 10190
172.22.2.3 - - [26/Jul/2015:05:45:10 -0500] "POST /cumbredelclima/wp-admin/admin-ajax.php HTTP/1.1" 200 23
172.22.2.3 - - [26/Jul/2015:05:45:25 -0500] "POST /cumbredelclima/wp-admin/admin-ajax.php HTTP/1.1" 200 23
66.249.64.96 - - [26/Jul/2015:05:45:28 -0500] "GET /BLA/resoluciones/AUTOS%202012/1584.pdf HTTP/1.1" 304 -
172.22.2.3 - - [26/Jul/2015:05:45:40 -0500] "POST /cumbredelclima/wp-admin/admin-ajax.php HTTP/1.1" 200 23
172.22.2.3 - - [26/Jul/2015:05:45:55 -0500] "POST /cumbredelclima/wp-admin/admin-ajax.php HTTP/1.1" 200 23
66.249.64.96 - - [26/Jul/2015:05:46:10 -0500] "GET /BLA/resoluciones/AUTOS%202012/1114.pdf HTTP/1.1" 304 -
172.22.2.3 - - [26/Jul/2015:05:46:10 -0500] "POST /cumbredelclima/wp-admin/admin-ajax.php HTTP/1.1" 200 23
172.22.2.3 - - [26/Jul/2015:05:46:25 -0500] "POST /cumbredelclima/wp-admin/admin-ajax.php HTTP/1.1" 200 23
201.245.192.253 - - [26/Jul/2015:05:46:13 -0500] "POST /wp-admin/admin-ajax.php HTTP/1.1" 200 23
172.22.2.3 - - [26/Jul/2015:05:46:40 -0500] "POST /cumbredelclima/wp-admin/admin-ajax.php HTTP/1.1" 200 23
201.245.192.253 - - [26/Jul/2015:05:46:44 -0500] "GET /forest/session.jsp?a=0.1443272410688311 HTTP/1.1" 200 4
201.234.75.11 - - [26/Jul/2015:05:46:52 -0500] "GET /galeria/nivo-slider/demo/images/Biotaxis-Man.jpg HTTP/1.1" 304 -
172.22.2.3 - - [26/Jul/2015:05:46:55 -0500] "POST /cumbredelclima/wp-admin/admin-ajax.php HTTP/1.1" 200 23
172.22.2.3 - - [26/Jul/2015:05:47:10 -0500] "POST /cumbredelclima/wp-admin/admin-ajax.php HTTP/1.1" 200 23
172.22.2.3 - - [26/Jul/2015:05:47:25 -0500] "POST /cumbredelclima/wp-admin/admin-ajax.php HTTP/1.1" 200 23
66.249.64.96 - - [26/Jul/2015:05:46:51 -0500] "GET /BLA/boletinlegal/ HTTP/1.1" 200 51011
66.249.64.106 - - [26/Jul/2015:05:47:34 -0500] "GET /BLA/resoluciones/RESOLUCIONES%202012/1114.pdf HTTP/1.1" 304 -
172.22.2.3 - - [26/Jul/2015:05:47:40 -0500] "POST /cumbredelclima/wp-admin/admin-ajax.php HTTP/1.1" 200 23
172.22.2.3 - - [26/Jul/2015:05:47:55 -0500] "POST /cumbredelclima/wp-admin/admin-ajax.php HTTP/1.1" 200 23
172.22.2.3 - - [26/Jul/2015:05:48:10 -0500] "POST /cumbredelclima/wp-admin/admin-ajax.php HTTP/1.1" 200 23
66.249.64.96 - - [26/Jul/2015:05:48:14 -0500] "GET /BLA/resoluciones/RESOLUCIONES%202007/RES%202007%201301%20AL%201400/RESOLUCION%201400%20DE%202007.pdf HTTP/1.1" 304 -
172.22.2.3 - - [26/Jul/2015:05:48:25 -0500] "POST /cumbredelclima/wp-admin/admin-ajax.php HTTP/1.1" 200 23
201.245.192.253 - - [26/Jul/2015:05:48:13 -0500] "POST /wp-admin/admin-ajax.php HTTP/1.1" 200 23
172.22.2.3 - - [26/Jul/2015:05:48:40 -0500] "POST /cumbredelclima/wp-admin/admin-ajax.php HTTP/1.1" 200 23
180.76.15.150 - - [26/Jul/2015:05:48:48 -0500] "GET /BLA/boletinlegal/Circulares/2012/Circular%20No.%208%20del%2021%20de%20Agosto%20de%202012.pdf HTTP/1.1" 200 963197
172.22.2.3 - - [26/Jul/2015:05:48:55 -0500] "POST /cumbredelclima/wp-admin/admin-ajax.php HTTP/1.1" 200 23
66.249.64.106 - - [26/Jul/2015:05:48:56 -0500] "GET /BLA/resoluciones/AUTOS%202014/5704.pdf HTTP/1.1" 304 -
172.22.2.3 - - [26/Jul/2015:05:49:10 -0500] "POST /cumbredelclima/wp-admin/admin-ajax.php HTTP/1.1" 200 23
172.22.2.3 - - [26/Jul/2015:05:49:25 -0500] "POST /cumbredelclima/wp-admin/admin-ajax.php HTTP/1.1" 200 23
74.86.158.107 - - [26/Jul/2015:05:49:33 -0500] "HEAD / HTTP/1.1" 200 -
66.249.64.106 - - [26/Jul/2015:05:49:37 -0500] "GET /BLA/resoluciones/AUTOS%202012/0153.pdf HTTP/1.1" 304 -
172.22.2.3 - - [26/Jul/2015:05:49:40 -0500] "POST /cumbredelclima/wp-admin/admin-ajax.php HTTP/1.1" 200 23
201.245.192.253 - - [26/Jul/2015:05:49:55 -0500] "GET /forest/session.jsp?a=0.7263547927302315 HTTP/1.1" 200 4
172.22.2.3 - - [26/Jul/2015:05:49:55 -0500] "POST /cumbredelclima/wp-admin/admin-ajax.php HTTP/1.1" 200 23
172.22.2.3 - - [26/Jul/2015:05:50:10 -0500] "POST /cumbredelclima/wp-admin/admin-ajax.php HTTP/1.1" 200 23
66.249.64.101 - - [26/Jul/2015:05:50:19 -0500] "GET /BLA/resoluciones/RESOLUCIONES%202010/0417.pdf HTTP/1.1" 304 -
172.22.2.3 - - [26/Jul/2015:05:50:25 -0500] "POST /cumbredelclima/wp-admin/admin-ajax.php HTTP/1.1" 200 23
201.245.192.253 - - [26/Jul/2015:05:50:13 -0500] "POST /wp-admin/admin-ajax.php HTTP/1.1" 200 23
172.22.2.3 - - [26/Jul/2015:05:50:40 -0500] "POST /cumbredelclima/wp-admin/admin-ajax.php HTTP/1.1" 200 23
172.22.2.3 - - [26/Jul/2015:05:50:55 -0500] "POST /cumbredelclima/wp-admin/admin-ajax.php HTTP/1.1" 200 23
66.249.64.106 - - [26/Jul/2015:05:51:00 -0500] "GET /BLA/resoluciones/AUTOS%202013/1075.pdf HTTP/1.1" 304 -
190.127.232.148 - - [26/Jul/2015:05:51:05 -0500] "GET /BLA/resoluciones/RESOLUCIONES%202010/4517.pdf HTTP/1.1" 200 433282
172.22.2.3 - - [26/Jul/2015:05:51:10 -0500] "POST /cumbredelclima/wp-admin/admin-ajax.php HTTP/1.1" 200 23
172.22.2.3 - - [26/Jul/2015:05:51:25 -0500] "POST /cumbredelclima/wp-admin/admin-ajax.php HTTP/1.1" 200 23
172.22.2.3 - - [26/Jul/2015:05:51:40 -0500] "POST /cumbredelclima/wp-admin/admin-ajax.php HTTP/1.1" 200 23
66.249.64.106 - - [26/Jul/2015:05:51:42 -0500] "GET /BLA/resoluciones/RESOLUCIONES%202014/0933.pdf HTTP/1.1" 304 -
201.245.192.253 - - [26/Jul/2015:05:51:44 -0500] "GET /forest/session.jsp?a=0.9714877762410151 HTTP/1.1" 200 4
172.22.2.3 - - [26/Jul/2015:05:51:55 -0500] "POST /cumbredelclima/wp-admin/admin-ajax.php HTTP/1.1" 200 23
172.22.2.3 - - [26/Jul/2015:05:52:10 -0500] "POST /cumbredelclima/wp-admin/admin-ajax.php HTTP/1.1" 200 23
66.249.64.101 - - [26/Jul/2015:05:52:23 -0500] "GET /BLA/resoluciones/RESOLUCIONES%202007/RES%202007%20401%20AL%20500/RESOLUCION%200412%20DE%202007.pdf HTTP/1.1" 304 -
172.22.2.3 - - [26/Jul/2015:05:52:25 -0500] "POST /cumbredelclima/wp-admin/admin-ajax.php HTTP/1.1" 200 23
201.245.192.253 - - [26/Jul/2015:05:52:13 -0500] "POST /wp-admin/admin-ajax.php HTTP/1.1" 200 23
66.249.64.24 - - [26/Jul/2015:05:52:29 -0500] "GET /wp-content/uploads/2015/07/PLAZA-DE-BOLIVAR1-500x320.jpg HTTP/1.1" 200 55808
172.22.2.3 - - [26/Jul/2015:05:52:40 -0500] "POST /cumbredelclima/wp-admin/admin-ajax.php HTTP/1.1" 200 23
172.22.2.3 - - [26/Jul/2015:05:52:55 -0500] "POST /cumbredelclima/wp-admin/admin-ajax.php HTTP/1.1" 200 23
66.249.64.101 - - [26/Jul/2015:05:53:04 -0500] "GET /m/BLA/resoluciones/RESOLUCIONES%202010/4082.pdf HTTP/1.1" 404 1018
66.249.64.96 - - [26/Jul/2015:05:53:04 -0500] "GET /BLA/resoluciones/RESOLUCIONES%202012/0805.pdf HTTP/1.1" 304 -
172.22.2.3 - - [26/Jul/2015:05:53:10 -0500] "POST /cumbredelclima/wp-admin/admin-ajax.php HTTP/1.1" 200 23
172.22.2.3 - - [26/Jul/2015:05:53:25 -0500] "POST /cumbredelclima/wp-admin/admin-ajax.php HTTP/1.1" 200 23
172.22.2.3 - - [26/Jul/2015:05:53:40 -0500] "POST /cumbredelclima/wp-admin/admin-ajax.php HTTP/1.1" 200 23
66.249.64.101 - - [26/Jul/2015:05:53:46 -0500] "GET /BLA/resoluciones/AUTOS%202012/1690.pdf HTTP/1.1" 304 -
172.22.2.3 - - [26/Jul/2015:05:53:55 -0500] "POST /cumbredelclima/wp-admin/admin-ajax.php HTTP/1.1" 200 23
68.180.230.228 - - [26/Jul/2015:05:54:10 -0500] "GET /robots.txt HTTP/1.1" 404 1019
68.180.230.228 - - [26/Jul/2015:05:54:10 -0500] "GET /dama/libreria/php/decide.php?patron=03.1305020113&numm=3 HTTP/1.1" 404 1019
172.22.2.3 - - [26/Jul/2015:05:54:10 -0500] "POST /cumbredelclima/wp-admin/admin-ajax.php HTTP/1.1" 200 23
180.76.15.145 - - [26/Jul/2015:05:54:17 -0500] "GET /StormSDA/nsjars/log4j-1.2.11.jar HTTP/1.1" 200 371765
172.22.2.3 - - [26/Jul/2015:05:54:25 -0500] "POST /cumbredelclima/wp-admin/admin-ajax.php HTTP/1.1" 200 23
201.245.192.253 - - [26/Jul/2015:05:54:13 -0500] "POST /wp-admin/admin-ajax.php HTTP/1.1" 200 23
74.86.158.107 - - [26/Jul/2015:05:54:33 -0500] "HEAD / HTTP/1.1" 200 -
172.22.2.3 - - [26/Jul/2015:05:54:40 -0500] "POST /cumbredelclima/wp-admin/admin-ajax.php HTTP/1.1" 200 23
201.245.192.253 - - [26/Jul/2015:05:54:55 -0500] "GET /forest/session.jsp?a=0.360627676551706 HTTP/1.1" 200 4
172.22.2.3 - - [26/Jul/2015:05:54:55 -0500] "POST /cumbredelclima/wp-admin/admin-ajax.php HTTP/1.1" 200 23
172.22.2.3 - - [26/Jul/2015:05:55:10 -0500] "POST /cumbredelclima/wp-admin/admin-ajax.php HTTP/1.1" 200 23
172.22.2.3 - - [26/Jul/2015:05:55:26 -0500] "POST /cumbredelclima/wp-admin/admin-ajax.php HTTP/1.1" 200 23
172.22.2.3 - - [26/Jul/2015:05:55:41 -0500] "POST /cumbredelclima/wp-admin/admin-ajax.php HTTP/1.1" 200 23
66.249.64.96 - - [26/Jul/2015:05:55:46 -0500] "GET /BLA/resoluciones/RESOLUCIONES%202007/RES%202007%202101%20AL%202200/RESOLUCION%202105%20DE%202007.pdf HTTP/1.1" 304 -
172.22.2.3 - - [26/Jul/2015:05:55:56 -0500] "POST /cumbredelclima/wp-admin/admin-ajax.php HTTP/1.1" 200 23
172.22.2.3 - - [26/Jul/2015:05:56:11 -0500] "POST /cumbredelclima/wp-admin/admin-ajax.php HTTP/1.1" 200 23
172.22.2.3 - - [26/Jul/2015:05:56:26 -0500] "POST /cumbredelclima/wp-admin/admin-ajax.php HTTP/1.1" 200 23
201.245.192.253 - - [26/Jul/2015:05:56:13 -0500] "POST /wp-admin/admin-ajax.php HTTP/1.1" 200 23
66.249.83.159 - - [26/Jul/2015:05:56:37 -0500] "GET /BLA/boletinlegal/js/jquery.scrollShow.js HTTP/1.1" 200 4586
66.249.83.159 - - [26/Jul/2015:05:56:40 -0500] "GET /galeria/galeria/jquery.fancybox.css?v=2.1.5 HTTP/1.1" 200 4895
66.249.83.156 - - [26/Jul/2015:05:56:40 -0500] "GET /galeria/carrusel/Carrusel/jquery.thumbnailScroller.css HTTP/1.1" 200 2066
66.249.83.156 - - [26/Jul/2015:05:56:40 -0500] "GET /galeria/galeria/jquery.fancybox.js?v=2.1.5 HTTP/1.1" 200 48706
66.249.83.159 - - [26/Jul/2015:05:56:40 -0500] "GET /galeria/carrusel/Carrusel/jquery-ui-1.8.13.custom.min.js HTTP/1.1" 200 10800
66.249.83.156 - - [26/Jul/2015:05:56:40 -0500] "GET /galeria/carrusel/Carrusel/jquery.thumbnailScroller.js HTTP/1.1" 200 8157
172.22.2.3 - - [26/Jul/2015:05:56:41 -0500] "POST /cumbredelclima/wp-admin/admin-ajax.php HTTP/1.1" 200 23
157.55.39.205 - - [26/Jul/2015:05:56:41 -0500] "GET /dama/libreria/pdf/cdr_nov16.pdf HTTP/1.1" 404 1019
66.249.83.162 - - [26/Jul/2015:05:56:41 -0500] "GET /galeria/nivo-slider/demo/demo.html HTTP/1.1" 200 5224
66.249.64.106 - - [26/Jul/2015:05:56:41 -0500] "GET /BLA/resoluciones/RESOLUCIONES%202010/3842.pdf HTTP/1.1" 200 1049454
141.30.152.60 - - [26/Jul/2015:05:56:42 -0500] "GET /BLA/boletinlegal/js/jquery.scrollShow.js HTTP/1.1" 200 4586
66.249.83.159 - - [26/Jul/2015:05:56:42 -0500] "GET /galeria/nivo-slider/themes/default/default.css HTTP/1.1" 200 1569
141.30.152.60 - - [26/Jul/2015:05:56:42 -0500] "GET /galeria/galeria/jquery.fancybox.css?v=2.1.5 HTTP/1.1" 200 4895
66.249.83.162 - - [26/Jul/2015:05:56:42 -0500] "GET /galeria/nivo-slider/nivo-slider.css HTTP/1.1" 200 1507
66.249.83.156 - - [26/Jul/2015:05:56:42 -0500] "GET /galeria/nivo-slider/themes/orman/orman.css HTTP/1.1" 200 2152
66.249.83.156 - - [26/Jul/2015:05:56:42 -0500] "GET /galeria/nivo-slider/demo/scripts/jquery-1.7.1.min.js HTTP/1.1" 200 93868
66.249.83.156 - - [26/Jul/2015:05:56:42 -0500] "GET /galeria/nivo-slider/themes/pascal/pascal.css HTTP/1.1" 200 2258
66.249.83.159 - - [26/Jul/2015:05:56:42 -0500] "GET /galeria/nivo-slider/demo/images/Comparendo-ambiental-Banner.jpg HTTP/1.1" 200 83731
141.30.152.60 - - [26/Jul/2015:05:56:42 -0500] "GET /galeria/galeria/jquery.fancybox.js?v=2.1.5 HTTP/1.1" 200 48706
66.249.83.162 - - [26/Jul/2015:05:56:43 -0500] "GET /galeria/nivo-slider/demo/style.css HTTP/1.1" 200 2222
66.249.83.162 - - [26/Jul/2015:05:56:43 -0500] "GET /galeria/nivo-slider/demo/images/Rendicion-de-cuentas.jpg HTTP/1.1" 200 309079
66.249.83.156 - - [26/Jul/2015:05:56:43 -0500] "GET /galeria/nivo-slider/demo/images/banner-llantas2.jpg HTTP/1.1" 200 204644
66.249.83.156 - - [26/Jul/2015:05:56:43 -0500] "GET /galeria/nivo-slider/demo/images/PREDAcamp.jpg HTTP/1.1" 200 295358
66.249.83.162 - - [26/Jul/2015:05:56:43 -0500] "GET /galeria/nivo-slider/demo/images/Semana-PYBA.jpg HTTP/1.1" 200 147360
66.249.83.162 - - [26/Jul/2015:05:56:43 -0500] "GET /galeria/nivo-slider/demo/images/VoluntariadoPYBA.jpg HTTP/1.1" 200 40647
66.249.83.156 - - [26/Jul/2015:05:56:43 -0500] "GET /galeria/nivo-slider/jquery.nivo.slider.pack.js HTTP/1.1" 200 11561
66.249.83.162 - - [26/Jul/2015:05:56:43 -0500] "GET /galeria/nivo-slider/demo/images/Banner-encuesta-de-percepscio.jpg HTTP/1.1" 200 201899
66.249.83.162 - - [26/Jul/2015:05:56:43 -0500] "GET /galeria/nivo-slider/demo/images/banner-Pacto-por-la-madera.jpg HTTP/1.1" 200 209966
66.249.83.159 - - [26/Jul/2015:05:56:43 -0500] "GET /galeria/nivo-slider/demo/images/GAE-banner.jpg HTTP/1.1" 200 97556
66.249.83.162 - - [26/Jul/2015:05:56:43 -0500] "GET /galeria/nivo-slider/demo/images/9Signos.jpg HTTP/1.1" 200 81776
66.249.83.156 - - [26/Jul/2015:05:56:43 -0500] "GET /galeria/nivo-slider/demo/images/acuerdo_569.jpg HTTP/1.1" 200 62670
66.249.83.162 - - [26/Jul/2015:05:56:43 -0500] "GET /galeria/nivo-slider/demo/images/Licitaciones-proyecto-paramo.jpg HTTP/1.1" 200 221877
66.249.83.156 - - [26/Jul/2015:05:56:43 -0500] "GET /galeria/nivo-slider/demo/images/Banner-Caracol-Africano.jpg HTTP/1.1" 200 331986
66.249.83.156 - - [26/Jul/2015:05:56:43 -0500] "GET /galeria/nivo-slider/demo/images/Conoce-los-humedales.jpg HTTP/1.1" 200 294036
66.249.83.156 - - [26/Jul/2015:05:56:43 -0500] "GET /galeria/nivo-slider/demo/images/Ruta-vertimientos-01.jpg HTTP/1.1" 200 130151
66.249.83.156 - - [26/Jul/2015:05:56:43 -0500] "GET /galeria/nivo-slider/demo/images/Banner-Directorio.jpg HTTP/1.1" 200 182068
66.249.83.159 - - [26/Jul/2015:05:56:43 -0500] "GET /galeria/nivo-slider/demo/images/bolsas-06.jpg HTTP/1.1" 200 90982
66.249.83.162 - - [26/Jul/2015:05:56:43 -0500] "GET /galeria/nivo-slider/demo/images/ecolecta-Dic2014.png HTTP/1.1" 200 288593
66.249.83.156 - - [26/Jul/2015:05:56:43 -0500] "GET /galeria/nivo-slider/demo/images/Banner-decreto1299.jpg HTTP/1.1" 200 182613
201.245.192.253 - - [26/Jul/2015:05:56:44 -0500] "GET /forest/session.jsp?a=0.4372860805275355 HTTP/1.1" 200 4
66.249.83.159 - - [26/Jul/2015:05:56:45 -0500] "GET /galeria/nivo-slider/demo/images/4Simple_Slider.png HTTP/1.1" 200 11722
66.249.83.156 - - [26/Jul/2015:05:56:45 -0500] "GET /galeria/nivo-slider/themes/default/loading.gif HTTP/1.1" 200 1737
66.249.83.162 - - [26/Jul/2015:05:56:47 -0500] "GET /galeria/nivo-slider/themes/default/arrows.png HTTP/1.1" 200 824
66.249.83.159 - - [26/Jul/2015:05:56:47 -0500] "GET /galeria/nivo-slider/themes/default/bullets.png HTTP/1.1" 200 1281
141.30.152.60 - - [26/Jul/2015:05:56:51 -0500] "GET /BLA/boletinlegal/js/jquery.scrollShow.js HTTP/1.1" 304 -
141.30.152.60 - - [26/Jul/2015:05:56:51 -0500] "GET /galeria/galeria/jquery.fancybox.css?v=2.1.5 HTTP/1.1" 304 -
141.30.152.60 - - [26/Jul/2015:05:56:51 -0500] "GET /galeria/galeria/jquery.fancybox.js?v=2.1.5 HTTP/1.1" 304 -
172.22.2.3 - - [26/Jul/2015:05:56:56 -0500] "POST /cumbredelclima/wp-admin/admin-ajax.php HTTP/1.1" 200 23
172.22.2.3 - - [26/Jul/2015:05:57:11 -0500] "POST /cumbredelclima/wp-admin/admin-ajax.php HTTP/1.1" 200 23
172.22.2.3 - - [26/Jul/2015:05:57:26 -0500] "POST /cumbredelclima/wp-admin/admin-ajax.php HTTP/1.1" 200 23
66.249.83.159 - - [26/Jul/2015:05:57:38 -0500] "GET /galeria/galeria/jquery.fancybox.css?v=2.1.5 HTTP/1.1" 304 -
66.249.83.162 - - [26/Jul/2015:05:57:38 -0500] "GET /BLA/boletinlegal/js/jquery.scrollShow.js HTTP/1.1" 304 -
66.249.83.159 - - [26/Jul/2015:05:57:38 -0500] "GET /galeria/galeria/jquery.fancybox.js?v=2.1.5 HTTP/1.1" 304 -
172.22.2.3 - - [26/Jul/2015:05:57:41 -0500] "POST /cumbredelclima/wp-admin/admin-ajax.php HTTP/1.1" 200 23
172.22.2.3 - - [26/Jul/2015:05:57:56 -0500] "POST /cumbredelclima/wp-admin/admin-ajax.php HTTP/1.1" 200 23
172.22.2.3 - - [26/Jul/2015:05:58:11 -0500] "POST /cumbredelclima/wp-admin/admin-ajax.php HTTP/1.1" 200 23
172.22.2.3 - - [26/Jul/2015:05:58:26 -0500] "POST /cumbredelclima/wp-admin/admin-ajax.php HTTP/1.1" 200 23
201.245.192.253 - - [26/Jul/2015:05:58:13 -0500] "POST /wp-admin/admin-ajax.php HTTP/1.1" 200 23
172.22.2.3 - - [26/Jul/2015:05:58:41 -0500] "POST /cumbredelclima/wp-admin/admin-ajax.php HTTP/1.1" 200 23
190.9.203.94 - - [26/Jul/2015:05:58:43 -0500] "GET /galeria/galeria/jquery.fancybox.js?v=2.1.5 HTTP/1.1" 200 48706
190.9.203.94 - - [26/Jul/2015:05:58:43 -0500] "GET /BLA/boletinlegal/js/jquery.scrollShow.js HTTP/1.1" 200 4586
190.9.203.94 - - [26/Jul/2015:05:58:43 -0500] "GET /galeria/galeria/jquery.fancybox.css?v=2.1.5 HTTP/1.1" 200 4895
190.9.203.94 - - [26/Jul/2015:05:58:48 -0500] "GET /BLA/boletinlegal/js/jquery.scrollShow.js HTTP/1.1" 200 4586
190.9.203.94 - - [26/Jul/2015:05:58:48 -0500] "GET /galeria/galeria/jquery.fancybox.css?v=2.1.5 HTTP/1.1" 200 4895
190.9.203.94 - - [26/Jul/2015:05:58:49 -0500] "GET /galeria/galeria/jquery.fancybox.js?v=2.1.5 HTTP/1.1" 200 48706
201.234.75.11 - - [26/Jul/2015:05:58:54 -0500] "GET /galeria/nivo-slider/themes/orman/orman.css HTTP/1.1" 304 -
172.22.2.3 - - [26/Jul/2015:05:58:56 -0500] "POST /cumbredelclima/wp-admin/admin-ajax.php HTTP/1.1" 200 23
172.22.2.3 - - [26/Jul/2015:05:59:11 -0500] "POST /cumbredelclima/wp-admin/admin-ajax.php HTTP/1.1" 200 23
172.22.2.3 - - [26/Jul/2015:05:59:26 -0500] "POST /cumbredelclima/wp-admin/admin-ajax.php HTTP/1.1" 200 23
74.86.158.107 - - [26/Jul/2015:05:59:33 -0500] "HEAD / HTTP/1.1" 200 -
172.22.2.3 - - [26/Jul/2015:05:59:41 -0500] "POST /cumbredelclima/wp-admin/admin-ajax.php HTTP/1.1" 200 23
201.245.192.253 - - [26/Jul/2015:05:59:55 -0500] "GET /forest/session.jsp?a=0.05498527297128275 HTTP/1.1" 200 4
172.22.2.3 - - [26/Jul/2015:05:59:56 -0500] "POST /cumbredelclima/wp-admin/admin-ajax.php HTTP/1.1" 200 23
172.22.2.3 - - [26/Jul/2015:06:00:11 -0500] "POST /cumbredelclima/wp-admin/admin-ajax.php HTTP/1.1" 200 23
172.22.2.3 - - [26/Jul/2015:06:00:26 -0500] "POST /cumbredelclima/wp-admin/admin-ajax.php HTTP/1.1" 200 23
201.245.192.253 - - [26/Jul/2015:06:00:13 -0500] "POST /wp-admin/admin-ajax.php HTTP/1.1" 200 23
172.22.2.3 - - [26/Jul/2015:06:00:41 -0500] "POST /cumbredelclima/wp-admin/admin-ajax.php HTTP/1.1" 200 23
172.22.2.3 - - [26/Jul/2015:06:00:56 -0500] "POST /cumbredelclima/wp-admin/admin-ajax.php HTTP/1.1" 200 23
172.22.2.3 - - [26/Jul/2015:06:01:11 -0500] "POST /cumbredelclima/wp-admin/admin-ajax.php HTTP/1.1" 200 23
172.22.2.3 - - [26/Jul/2015:06:01:26 -0500] "POST /cumbredelclima/wp-admin/admin-ajax.php HTTP/1.1" 200 23
172.22.2.3 - - [26/Jul/2015:06:01:41 -0500] "POST /cumbredelclima/wp-admin/admin-ajax.php HTTP/1.1" 200 23
201.245.192.253 - - [26/Jul/2015:06:01:44 -0500] "GET /forest/session.jsp?a=0.9546827746469863 HTTP/1.1" 200 4
66.249.64.248 - - [26/Jul/2015:06:01:44 -0500] "GET /BLA/boletinlegal/jurisprudencia/analisis/Analisis%20jurisprudencial%20Sentencia%20C-366-11.doc HTTP/1.1" 304 -
172.22.2.3 - - [26/Jul/2015:06:01:56 -0500] "POST /cumbredelclima/wp-admin/admin-ajax.php HTTP/1.1" 200 23
66.249.64.243 - - [26/Jul/2015:06:02:04 -0500] "GET /BLA/boletinlegal/styles2.css HTTP/1.1" 200 1838
66.249.64.248 - - [26/Jul/2015:06:02:05 -0500] "GET /BLA/boletinlegal/style.css HTTP/1.1" 200 9406
66.249.64.106 - - [26/Jul/2015:06:02:05 -0500] "GET /Autoliquidacion/TR%C3%81MITES%20AGUAS%20SUPERFICIALES/FORMULARIO%20NACIONAL%20SOLICITUD%20-Concesion%20Aguas%20Superficiales.pdf HTTP/1.1" 304 -
172.22.2.3 - - [26/Jul/2015:06:02:11 -0500] "POST /cumbredelclima/wp-admin/admin-ajax.php HTTP/1.1" 200 23
66.249.64.101 - - [26/Jul/2015:06:02:25 -0500] "GET /BLA/resoluciones/AUTOS%202012/1781.pdf HTTP/1.1" 304 -
172.22.2.3 - - [26/Jul/2015:06:02:26 -0500] "POST /cumbredelclima/wp-admin/admin-ajax.php HTTP/1.1" 200 23
201.245.192.253 - - [26/Jul/2015:06:02:13 -0500] "POST /wp-admin/admin-ajax.php HTTP/1.1" 200 23
172.22.2.3 - - [26/Jul/2015:06:02:41 -0500] "POST /cumbredelclima/wp-admin/admin-ajax.php HTTP/1.1" 200 23
88.198.233.69 - - [26/Jul/2015:06:02:45 -0500] "GET / HTTP/1.1" 200 10190
172.22.2.3 - - [26/Jul/2015:06:02:56 -0500] "POST /cumbredelclima/wp-admin/admin-ajax.php HTTP/1.1" 200 23
172.22.2.3 - - [26/Jul/2015:06:03:11 -0500] "POST /cumbredelclima/wp-admin/admin-ajax.php HTTP/1.1" 200 23
172.22.2.3 - - [26/Jul/2015:06:03:26 -0500] "POST /cumbredelclima/wp-admin/admin-ajax.php HTTP/1.1" 200 23
172.22.2.3 - - [26/Jul/2015:06:03:41 -0500] "POST /cumbredelclima/wp-admin/admin-ajax.php HTTP/1.1" 200 23
180.76.15.135 - - [26/Jul/2015:06:03:48 -0500] "GET /StormSDA/storm_silv/?C=D;O=A HTTP/1.1" 200 5788
172.22.2.3 - - [26/Jul/2015:06:03:56 -0500] "POST /cumbredelclima/wp-admin/admin-ajax.php HTTP/1.1" 200 23
172.22.2.3 - - [26/Jul/2015:06:04:11 -0500] "POST /cumbredelclima/wp-admin/admin-ajax.php HTTP/1.1" 200 23
172.22.2.3 - - [26/Jul/2015:06:04:26 -0500] "POST /cumbredelclima/wp-admin/admin-ajax.php HTTP/1.1" 200 23
201.245.192.253 - - [26/Jul/2015:06:04:13 -0500] "POST /wp-admin/admin-ajax.php HTTP/1.1" 200 23
74.86.158.107 - - [26/Jul/2015:06:04:33 -0500] "HEAD / HTTP/1.1" 200 -
172.22.2.3 - - [26/Jul/2015:06:04:41 -0500] "POST /cumbredelclima/wp-admin/admin-ajax.php HTTP/1.1" 200 23
66.249.64.24 - - [26/Jul/2015:06:04:42 -0500] "GET /wp-content/uploads/2015/07/Plaza-de-toros-500x320.jpg HTTP/1.1" 200 69183
66.249.64.101 - - [26/Jul/2015:06:04:48 -0500] "GET /BLA/resoluciones/RESOLUCIONES%202009/9181.pdf HTTP/1.1" 200 461975
201.245.192.253 - - [26/Jul/2015:06:04:55 -0500] "GET /forest/session.jsp?a=0.8743529065719279 HTTP/1.1" 200 4
172.22.2.3 - - [26/Jul/2015:06:04:56 -0500] "POST /cumbredelclima/wp-admin/admin-ajax.php HTTP/1.1" 200 23
172.22.2.3 - - [26/Jul/2015:06:05:11 -0500] "POST /cumbredelclima/wp-admin/admin-ajax.php HTTP/1.1" 200 23
66.249.64.253 - - [26/Jul/2015:06:05:11 -0500] "GET /Anexos%20estudio%20Organizacional%20SDA/ANEXO%20No.%203-%20CONTRATACI%C3%93N%20%20OPS%C2%B4s%202008-2012/CONTRATOS%20SDA%202012%20POR%20DEPENDENCIA.xls HTTP/1.1" 304 -
172.22.2.3 - - [26/Jul/2015:06:05:26 -0500] "POST /cumbredelclima/wp-admin/admin-ajax.php HTTP/1.1" 200 23
172.22.2.3 - - [26/Jul/2015:06:05:41 -0500] "POST /cumbredelclima/wp-admin/admin-ajax.php HTTP/1.1" 200 23
172.22.2.3 - - [26/Jul/2015:06:05:56 -0500] "POST /cumbredelclima/wp-admin/admin-ajax.php HTTP/1.1" 200 23
66.249.64.29 - - [26/Jul/2015:06:05:53 -0500] "GET /estrategia-internacional/ HTTP/1.1" 200 42477
172.22.2.3 - - [26/Jul/2015:06:06:11 -0500] "POST /cumbredelclima/wp-admin/admin-ajax.php HTTP/1.1" 200 23
201.245.192.253 - - [26/Jul/2015:06:06:13 -0500] "POST /wp-admin/admin-ajax.php HTTP/1.1" 200 23
152.61.128.66 - - [26/Jul/2015:06:06:23 -0500] "HEAD / HTTP/1.1" 200 -
152.61.128.66 - - [26/Jul/2015:06:06:24 -0500] "GET /arcgis/services/Calidad_del_Agua_WQI/MapServer/WMSServer?SERVICE=WMS&REQUEST=GetCapabilities HTTP/1.1" 200 32135
152.61.128.66 - - [26/Jul/2015:06:06:24 -0500] "GET /arcgis/services/Calidad_del_Agua_WQI/MapServer/WMSServer?SERVICE=WMS&REQUEST=GetCapabilities HTTP/1.0" 200 32135
172.22.2.3 - - [26/Jul/2015:06:06:26 -0500] "POST /cumbredelclima/wp-admin/admin-ajax.php HTTP/1.1" 200 23
152.61.128.66 - - [26/Jul/2015:06:06:25 -0500] "GET /arcgis/services/Calidad_del_Agua_WQI/MapServer/WMSServer?SERVICE=WMS&REQUEST=GetCapabilities HTTP/1.0" 200 32135
152.61.128.66 - - [26/Jul/2015:06:06:26 -0500] "GET /arcgis/services/Calidad_del_Agua_WQI/MapServer/WMSServer?SERVICE=WMS&REQUEST=GetCapabilities HTTP/1.0" 200 32135
