201.245.219.182 - - [26/Jul/2015:11:12:04 -0500] "GET /forest/js/jquery/jquery.atmosphere.js HTTP/1.1" 304 -
201.245.219.182 - - [26/Jul/2015:11:12:04 -0500] "GET /forest/js/socketConnection.js HTTP/1.1" 304 -
172.22.2.3 - - [26/Jul/2015:11:12:04 -0500] "POST /cumbredelclima/wp-admin/admin-ajax.php HTTP/1.1" 200 23
201.245.219.182 - - [26/Jul/2015:11:11:55 -0500] "GET /forest/usutareas.do?group_system_actual=3&a=0.02709315111860633 HTTP/1.1" 200 103756
201.245.219.182 - - [26/Jul/2015:11:12:05 -0500] "GET /forest/session.jsp?a=0.7033829591237009 HTTP/1.1" 200 4
201.245.219.182 - - [26/Jul/2015:11:12:05 -0500] "GET /forest/actions/forms.getMappedValues?id=id_Numeracion1&value=1427727494205&codForm=ElaborarDocumento&a=0.9986801776103675 HTTP/1.1" 200 154
186.147.8.180 - - [26/Jul/2015:11:04:55 -0500] "GET /videos/CRRFFS.mp4 HTTP/1.1" 206 275963874
172.22.2.3 - - [26/Jul/2015:11:12:19 -0500] "POST /cumbredelclima/wp-admin/admin-ajax.php HTTP/1.1" 200 23
201.245.219.182 - - [26/Jul/2015:11:12:21 -0500] "POST /forest/usutareas.do? HTTP/1.1" 200 76
201.245.192.253 - - [26/Jul/2015:11:12:14 -0500] "POST /wp-admin/admin-ajax.php HTTP/1.1" 200 23
191.104.62.1 - - [26/Jul/2015:11:12:30 -0500] "GET /BLA/boletinlegal/js/jquery.scrollShow.js HTTP/1.1" 200 4586
191.104.62.1 - - [26/Jul/2015:11:12:30 -0500] "GET /galeria/galeria/jquery.fancybox.js?v=2.1.5 HTTP/1.1" 200 48706
191.104.62.1 - - [26/Jul/2015:11:12:30 -0500] "GET /galeria/galeria/jquery.fancybox.css?v=2.1.5 HTTP/1.1" 200 4895
66.249.64.96 - - [26/Jul/2015:11:12:32 -0500] "GET /BLA/resoluciones/RESOLUCIONES%202013/0883.pdf HTTP/1.1" 304 -
201.245.219.182 - - [26/Jul/2015:11:12:26 -0500] "GET /forest/usutareas.do?group_system_actual=3&a=0.2584124517161399 HTTP/1.1" 200 106428
172.22.2.3 - - [26/Jul/2015:11:12:34 -0500] "POST /cumbredelclima/wp-admin/admin-ajax.php HTTP/1.1" 200 23
201.245.219.182 - - [26/Jul/2015:11:12:35 -0500] "GET /forest/skins/gdocs-jar/img/bola.gif HTTP/1.1" 304 -
201.245.219.182 - - [26/Jul/2015:11:12:05 -0500] "GET /ForestMSG_SDA/channelAsync/template_word_18751323?X-Atmosphere-tracking-id=906c9a44-08f3-74db-1a90-ea0639e2eb7e&X-Atmosphere-Framework=1.0.5&X-Atmosphere-Transport=long-polling&tabid=0.054839106509462&X-Cache-Date=0&Content-Type=application/xml&_=1437927263962 HTTP/1.1" 200 8193
201.245.219.182 - - [26/Jul/2015:11:12:35 -0500] "GET /forest/session.jsp?a=0.611747361952439 HTTP/1.1" 200 4
201.245.219.182 - - [26/Jul/2015:11:12:35 -0500] "GET /forest/actions/forms.getMappedValues?id=id_Numeracion1&value=1427727494205&codForm=ElaborarDocumento&a=0.8289180975407362 HTTP/1.1" 200 154
191.104.62.1 - - [26/Jul/2015:11:12:39 -0500] "GET /BLA/boletinlegal/js/jquery.scrollShow.js HTTP/1.1" 304 -
191.104.62.1 - - [26/Jul/2015:11:12:39 -0500] "GET /galeria/galeria/jquery.fancybox.js?v=2.1.5 HTTP/1.1" 304 -
191.104.62.1 - - [26/Jul/2015:11:12:39 -0500] "GET /galeria/galeria/jquery.fancybox.css?v=2.1.5 HTTP/1.1" 304 -
201.245.219.182 - - [26/Jul/2015:11:12:39 -0500] "GET /forest/borrador/1899301/Borrador%20juridico%202015-07-26.docx HTTP/1.1" 200 50343
172.22.2.3 - - [26/Jul/2015:11:12:49 -0500] "POST /cumbredelclima/wp-admin/admin-ajax.php HTTP/1.1" 200 23
172.22.2.3 - - [26/Jul/2015:11:13:04 -0500] "POST /cumbredelclima/wp-admin/admin-ajax.php HTTP/1.1" 200 23
186.117.2.88 - - [26/Jul/2015:11:13:05 -0500] "GET /galeria/galeria/jquery.fancybox.css?v=2.1.5 HTTP/1.1" 304 -
186.117.2.88 - - [26/Jul/2015:11:13:05 -0500] "GET /BLA/boletinlegal/js/jquery.scrollShow.js HTTP/1.1" 304 -
186.117.2.88 - - [26/Jul/2015:11:13:05 -0500] "GET /galeria/galeria/jquery.fancybox.js?v=2.1.5 HTTP/1.1" 304 -
66.249.64.253 - - [26/Jul/2015:11:13:13 -0500] "GET /PORTAL_SIAC/swf/Residuos/maderas/images/page9_thumbnail.jpg HTTP/1.1" 200 4752
66.249.64.106 - - [26/Jul/2015:11:13:13 -0500] "GET /BLA/resoluciones/RESOLUCIONES%202013/0034.pdf HTTP/1.1" 304 -
172.22.2.3 - - [26/Jul/2015:11:13:19 -0500] "POST /cumbredelclima/wp-admin/admin-ajax.php HTTP/1.1" 200 23
172.22.2.3 - - [26/Jul/2015:11:13:34 -0500] "POST /cumbredelclima/wp-admin/admin-ajax.php HTTP/1.1" 200 23
172.22.2.3 - - [26/Jul/2015:11:13:49 -0500] "POST /cumbredelclima/wp-admin/admin-ajax.php HTTP/1.1" 200 23
66.249.64.106 - - [26/Jul/2015:11:13:55 -0500] "GET /BLA/resoluciones/RESOLUCIONES%202011/0810.pdf HTTP/1.1" 304 -
152.200.104.37 - - [26/Jul/2015:11:14:02 -0500] "GET /BLA/boletinlegal/js/jquery.scrollShow.js HTTP/1.1" 200 4586
172.22.2.3 - - [26/Jul/2015:11:14:04 -0500] "POST /cumbredelclima/wp-admin/admin-ajax.php HTTP/1.1" 200 23
190.68.197.230 - - [26/Jul/2015:11:14:05 -0500] "GET /forest/session.jsp?a=0.6565875485539436 HTTP/1.1" 200 4
152.200.104.37 - - [26/Jul/2015:11:14:13 -0500] "GET /galeria/galeria/jquery.fancybox.css?v=2.1.5 HTTP/1.1" 200 4895
152.200.104.37 - - [26/Jul/2015:11:14:13 -0500] "GET /galeria/galeria/jquery.fancybox.js?v=2.1.5 HTTP/1.1" 200 48706
172.22.2.3 - - [26/Jul/2015:11:14:19 -0500] "POST /cumbredelclima/wp-admin/admin-ajax.php HTTP/1.1" 200 23
201.245.192.253 - - [26/Jul/2015:11:14:14 -0500] "POST /wp-admin/admin-ajax.php HTTP/1.1" 200 23
74.86.158.107 - - [26/Jul/2015:11:14:32 -0500] "HEAD / HTTP/1.1" 200 -
172.22.2.3 - - [26/Jul/2015:11:14:34 -0500] "POST /cumbredelclima/wp-admin/admin-ajax.php HTTP/1.1" 200 23
198.24.6.220 - - [26/Jul/2015:11:14:35 -0500] "GET /galeria/galeria/jquery.fancybox.css?v=2.1.5 HTTP/1.1" 200 4895
198.24.6.220 - - [26/Jul/2015:11:14:35 -0500] "GET /BLA/boletinlegal/js/jquery.scrollShow.js HTTP/1.1" 200 4586
198.24.6.220 - - [26/Jul/2015:11:14:35 -0500] "GET /galeria/galeria/jquery.fancybox.js?v=2.1.5 HTTP/1.1" 200 48706
179.28.9.169 - - [26/Jul/2015:11:14:40 -0500] "GET /galeria/galeria/jquery.fancybox.css?v=2.1.5 HTTP/1.1" 200 4895
179.28.9.169 - - [26/Jul/2015:11:14:40 -0500] "GET /BLA/boletinlegal/js/jquery.scrollShow.js HTTP/1.1" 200 4586
179.28.9.169 - - [26/Jul/2015:11:14:40 -0500] "GET /galeria/galeria/jquery.fancybox.js?v=2.1.5 HTTP/1.1" 200 48706
66.249.64.101 - - [26/Jul/2015:11:14:41 -0500] "GET /BLA/resoluciones/AUTOS%202011/2208.pdf HTTP/1.1" 304 -
66.249.64.96 - - [26/Jul/2015:11:14:44 -0500] "GET /autoliquidacion/TR%C3%81MITES%20MINER%C3%8DA/126PM04-PR39-M-A6-V5.0%20Terminos%20de%20referencia%20PMRRA[1].doc HTTP/1.1" 304 -
66.249.64.106 - - [26/Jul/2015:11:14:44 -0500] "GET /BLA/resoluciones/RESOLUCIONES%202007/RES%202007%202601%20AL%202700/RESOLUCION%202646%20DE%202007.pdf HTTP/1.1" 304 -
66.249.64.106 - - [26/Jul/2015:11:14:45 -0500] "GET /BLA/resoluciones/RESOLUCIONES%202012/1898.pdf HTTP/1.1" 304 -
66.249.64.106 - - [26/Jul/2015:11:14:46 -0500] "GET /BLA/resoluciones/RESOLUCIONES%202010/2414.pdf HTTP/1.1" 304 -
66.249.64.101 - - [26/Jul/2015:11:14:47 -0500] "GET /BLA/resoluciones/AUTOS%202013/1077.pdf HTTP/1.1" 304 -
66.249.64.106 - - [26/Jul/2015:11:14:48 -0500] "GET /BLA/resoluciones/AUTOS%202013/0953.pdf HTTP/1.1" 304 -
198.24.6.220 - - [26/Jul/2015:11:14:48 -0500] "GET /galeria/galeria/jquery.fancybox.css?v=2.1.5 HTTP/1.1" 304 -
198.24.6.220 - - [26/Jul/2015:11:14:48 -0500] "GET /BLA/boletinlegal/js/jquery.scrollShow.js HTTP/1.1" 304 -
198.24.6.220 - - [26/Jul/2015:11:14:48 -0500] "GET /galeria/galeria/jquery.fancybox.js?v=2.1.5 HTTP/1.1" 304 -
66.249.64.106 - - [26/Jul/2015:11:14:49 -0500] "GET /BLA/resoluciones/RESOLUCIONES%202010/6921.pdf HTTP/1.1" 304 -
172.22.2.3 - - [26/Jul/2015:11:14:49 -0500] "POST /cumbredelclima/wp-admin/admin-ajax.php HTTP/1.1" 200 23
179.28.9.169 - - [26/Jul/2015:11:14:50 -0500] "GET /BLA/boletinlegal/js/jquery.scrollShow.js HTTP/1.1" 304 -
66.249.64.96 - - [26/Jul/2015:11:14:50 -0500] "GET /BLA/resoluciones/AUTOS%202011/2146.pdf HTTP/1.1" 304 -
179.28.9.169 - - [26/Jul/2015:11:14:50 -0500] "GET /galeria/galeria/jquery.fancybox.css?v=2.1.5 HTTP/1.1" 304 -
179.28.9.169 - - [26/Jul/2015:11:14:50 -0500] "GET /galeria/galeria/jquery.fancybox.js?v=2.1.5 HTTP/1.1" 304 -
201.245.192.253 - - [26/Jul/2015:11:14:58 -0500] "GET /forest/session.jsp?a=0.3951677870957797 HTTP/1.1" 200 4
181.63.112.18 - - [26/Jul/2015:11:15:02 -0500] "GET /dama/libreria/jpg/ecosistemas/aulas/aa2_1.jpg HTTP/1.1" 404 1315
190.68.197.230 - - [26/Jul/2015:11:09:04 -0500] "GET /ForestMSG_SDA/channelAsync/template_word_18750986?X-Atmosphere-tracking-id=d96fdfe3-815b-b4b2-7412-fd7232ea2246&X-Atmosphere-Framework=1.0.5&X-Atmosphere-Transport=long-polling&tabid=0.34353470988571644&X-Cache-Date=0&Content-Type=application/xml&_=1437927082011 HTTP/1.1" 200 8193
172.22.2.3 - - [26/Jul/2015:11:15:04 -0500] "POST /cumbredelclima/wp-admin/admin-ajax.php HTTP/1.1" 200 23
179.28.9.169 - - [26/Jul/2015:11:15:12 -0500] "GET /galeria/carrusel/Carrusel/jquery.thumbnailScroller.css HTTP/1.1" 200 2066
179.28.9.169 - - [26/Jul/2015:11:15:12 -0500] "GET /galeria/carrusel/Carrusel/jquery-ui-1.8.13.custom.min.js HTTP/1.1" 200 10800
179.28.9.169 - - [26/Jul/2015:11:15:12 -0500] "GET /galeria/carrusel/Carrusel/jquery.thumbnailScroller.js HTTP/1.1" 200 8157
186.159.34.4 - - [26/Jul/2015:11:15:13 -0500] "GET /galeria/galeria/jquery.fancybox.css?v=2.1.5 HTTP/1.1" 200 4895
186.159.34.4 - - [26/Jul/2015:11:15:13 -0500] "GET /BLA/boletinlegal/js/jquery.scrollShow.js HTTP/1.1" 200 4586
186.159.34.4 - - [26/Jul/2015:11:15:13 -0500] "GET /galeria/galeria/jquery.fancybox.js?v=2.1.5 HTTP/1.1" 200 48706
172.22.2.3 - - [26/Jul/2015:11:15:19 -0500] "POST /cumbredelclima/wp-admin/admin-ajax.php HTTP/1.1" 200 23
186.159.34.4 - - [26/Jul/2015:11:15:20 -0500] "GET /galeria/galeria/jquery.fancybox.css?v=2.1.5 HTTP/1.1" 304 -
186.159.34.4 - - [26/Jul/2015:11:15:20 -0500] "GET /BLA/boletinlegal/js/jquery.scrollShow.js HTTP/1.1" 304 -
186.159.34.4 - - [26/Jul/2015:11:15:20 -0500] "GET /galeria/galeria/jquery.fancybox.js?v=2.1.5 HTTP/1.1" 304 -
172.22.2.3 - - [26/Jul/2015:11:15:34 -0500] "POST /cumbredelclima/wp-admin/admin-ajax.php HTTP/1.1" 200 23
152.200.104.37 - - [26/Jul/2015:11:15:35 -0500] "GET /BLA/boletinlegal/js/jquery.scrollShow.js HTTP/1.1" 304 -
186.155.1.2 - - [26/Jul/2015:11:15:36 -0500] "GET /galeria/galeria/jquery.fancybox.css?v=2.1.5 HTTP/1.1" 200 4895
186.155.1.2 - - [26/Jul/2015:11:15:36 -0500] "GET /BLA/boletinlegal/js/jquery.scrollShow.js HTTP/1.1" 200 4586
186.155.1.2 - - [26/Jul/2015:11:15:36 -0500] "GET /galeria/galeria/jquery.fancybox.js?v=2.1.5 HTTP/1.1" 200 48706
152.200.104.37 - - [26/Jul/2015:11:15:37 -0500] "GET /galeria/galeria/jquery.fancybox.js?v=2.1.5 HTTP/1.1" 304 -
152.200.104.37 - - [26/Jul/2015:11:15:38 -0500] "GET /galeria/galeria/jquery.fancybox.css?v=2.1.5 HTTP/1.1" 304 -
190.67.179.255 - - [26/Jul/2015:11:15:41 -0500] "GET /galeria/galeria/jquery.fancybox.css?v=2.1.5 HTTP/1.1" 200 4895
190.67.179.255 - - [26/Jul/2015:11:15:41 -0500] "GET /BLA/boletinlegal/js/jquery.scrollShow.js HTTP/1.1" 200 4586
190.67.179.255 - - [26/Jul/2015:11:15:41 -0500] "GET /galeria/galeria/jquery.fancybox.js?v=2.1.5 HTTP/1.1" 200 48706
172.22.2.3 - - [26/Jul/2015:11:15:49 -0500] "POST /cumbredelclima/wp-admin/admin-ajax.php HTTP/1.1" 200 23
186.80.100.84 - - [26/Jul/2015:11:16:01 -0500] "GET /wp-content/uploads/2015/07/Manual_Protocolo_PDF.pdf HTTP/1.1" 200 738888
186.80.100.84 - - [26/Jul/2015:11:16:01 -0500] "GET /favicon.ico HTTP/1.1" 200 -
172.22.2.3 - - [26/Jul/2015:11:16:04 -0500] "POST /cumbredelclima/wp-admin/admin-ajax.php HTTP/1.1" 200 23
190.67.179.255 - - [26/Jul/2015:11:15:51 -0500] "GET /videos/CRRFFS.mp4 HTTP/1.1" 200 286784363
190.67.179.255 - - [26/Jul/2015:11:16:07 -0500] "GET /galeria/galeria/jquery.fancybox.css?v=2.1.5 HTTP/1.1" 304 -
190.67.179.255 - - [26/Jul/2015:11:16:07 -0500] "GET /BLA/boletinlegal/js/jquery.scrollShow.js HTTP/1.1" 304 -
190.67.179.255 - - [26/Jul/2015:11:16:07 -0500] "GET /galeria/galeria/jquery.fancybox.js?v=2.1.5 HTTP/1.1" 304 -
190.67.179.255 - - [26/Jul/2015:11:16:13 -0500] "GET /videos/CRRFFS.mp4 HTTP/1.1" 206 1
181.50.171.134 - - [26/Jul/2015:11:16:19 -0500] "GET /forest/session.jsp?a=0.6559767342137588 HTTP/1.1" 200 4
172.22.2.3 - - [26/Jul/2015:11:16:19 -0500] "POST /cumbredelclima/wp-admin/admin-ajax.php HTTP/1.1" 200 23
201.245.192.253 - - [26/Jul/2015:11:16:14 -0500] "POST /wp-admin/admin-ajax.php HTTP/1.1" 200 23
190.67.179.255 - - [26/Jul/2015:11:16:13 -0500] "GET /videos/CRRFFS.mp4 HTTP/1.1" 206 284513231
172.22.2.3 - - [26/Jul/2015:11:16:34 -0500] "POST /cumbredelclima/wp-admin/admin-ajax.php HTTP/1.1" 200 23
66.249.64.96 - - [26/Jul/2015:11:16:37 -0500] "GET /BLA/resoluciones/RESOLUCIONES%202007/RES%202007%202101%20AL%202200/RESOLUCION%202105%20DE%202007.pdf HTTP/1.1" 304 -
190.67.179.255 - - [26/Jul/2015:11:16:45 -0500] "GET /videos/CRRFFS.mp4 HTTP/1.1" 206 1
201.245.192.253 - - [26/Jul/2015:11:16:46 -0500] "GET /forest/session.jsp?a=0.10795697128708948 HTTP/1.1" 200 4
172.22.2.3 - - [26/Jul/2015:11:16:49 -0500] "POST /cumbredelclima/wp-admin/admin-ajax.php HTTP/1.1" 200 23
172.22.2.3 - - [26/Jul/2015:11:17:04 -0500] "POST /cumbredelclima/wp-admin/admin-ajax.php HTTP/1.1" 200 23
172.22.2.3 - - [26/Jul/2015:11:17:19 -0500] "POST /cumbredelclima/wp-admin/admin-ajax.php HTTP/1.1" 200 23
172.22.2.3 - - [26/Jul/2015:11:17:34 -0500] "POST /cumbredelclima/wp-admin/admin-ajax.php HTTP/1.1" 200 23
201.245.219.182 - - [26/Jul/2015:11:17:36 -0500] "GET /forest/session.jsp?a=0.2929579811170697 HTTP/1.1" 200 4
186.30.213.122 - - [26/Jul/2015:11:17:44 -0500] "GET /galeria/galeria/jquery.fancybox.css?v=2.1.5 HTTP/1.1" 304 -
186.30.213.122 - - [26/Jul/2015:11:17:44 -0500] "GET /BLA/boletinlegal/js/jquery.scrollShow.js HTTP/1.1" 304 -
186.30.213.122 - - [26/Jul/2015:11:17:44 -0500] "GET /galeria/galeria/jquery.fancybox.js?v=2.1.5 HTTP/1.1" 304 -
172.22.2.3 - - [26/Jul/2015:11:17:49 -0500] "POST /cumbredelclima/wp-admin/admin-ajax.php HTTP/1.1" 200 23
172.22.2.3 - - [26/Jul/2015:11:18:04 -0500] "POST /cumbredelclima/wp-admin/admin-ajax.php HTTP/1.1" 200 23
172.22.2.3 - - [26/Jul/2015:11:18:19 -0500] "POST /cumbredelclima/wp-admin/admin-ajax.php HTTP/1.1" 200 23
201.245.192.253 - - [26/Jul/2015:11:18:14 -0500] "POST /wp-admin/admin-ajax.php HTTP/1.1" 200 23
201.245.219.182 - - [26/Jul/2015:11:12:35 -0500] "GET /ForestMSG_SDA/channelAsync/template_word_18751323?X-Atmosphere-tracking-id=6a3d8910-621a-68e1-b1ab-365480f98ff0&X-Atmosphere-Framework=1.0.5&X-Atmosphere-Transport=long-polling&tabid=0.7504378110170364&X-Cache-Date=0&Content-Type=application/xml&_=1437927294007 HTTP/1.1" 200 8193
172.22.2.3 - - [26/Jul/2015:11:18:34 -0500] "POST /cumbredelclima/wp-admin/admin-ajax.php HTTP/1.1" 200 23
172.22.2.3 - - [26/Jul/2015:11:18:50 -0500] "POST /cumbredelclima/wp-admin/admin-ajax.php HTTP/1.1" 200 23
186.115.252.33 - - [26/Jul/2015:11:19:01 -0500] "GET /galeria/galeria/jquery.fancybox.css?v=2.1.5 HTTP/1.1" 200 4895
186.115.252.33 - - [26/Jul/2015:11:19:01 -0500] "GET /BLA/boletinlegal/js/jquery.scrollShow.js HTTP/1.1" 200 4586
186.115.252.33 - - [26/Jul/2015:11:19:01 -0500] "GET /galeria/galeria/jquery.fancybox.js?v=2.1.5 HTTP/1.1" 200 48706
172.22.2.3 - - [26/Jul/2015:11:19:05 -0500] "POST /cumbredelclima/wp-admin/admin-ajax.php HTTP/1.1" 200 23
186.115.252.33 - - [26/Jul/2015:11:19:11 -0500] "GET /galeria/galeria/jquery.fancybox.css?v=2.1.5 HTTP/1.1" 304 -
186.115.252.33 - - [26/Jul/2015:11:19:11 -0500] "GET /BLA/boletinlegal/js/jquery.scrollShow.js HTTP/1.1" 304 -
186.115.252.33 - - [26/Jul/2015:11:19:11 -0500] "GET /galeria/galeria/jquery.fancybox.js?v=2.1.5 HTTP/1.1" 304 -
186.145.94.131 - - [26/Jul/2015:11:19:18 -0500] "GET /galeria/galeria/jquery.fancybox.css?v=2.1.5 HTTP/1.1" 200 4895
186.145.94.131 - - [26/Jul/2015:11:19:18 -0500] "GET /BLA/boletinlegal/js/jquery.scrollShow.js HTTP/1.1" 200 4586
186.145.94.131 - - [26/Jul/2015:11:19:18 -0500] "GET /galeria/carrusel/Carrusel/jquery.thumbnailScroller.css HTTP/1.1" 200 2066
186.145.94.131 - - [26/Jul/2015:11:19:18 -0500] "GET /galeria/galeria/jquery.fancybox.js?v=2.1.5 HTTP/1.1" 200 48706
186.145.94.131 - - [26/Jul/2015:11:19:18 -0500] "GET /galeria/carrusel/Carrusel/jquery-ui-1.8.13.custom.min.js HTTP/1.1" 200 10800
186.145.94.131 - - [26/Jul/2015:11:19:19 -0500] "GET /galeria/carrusel/Carrusel/jquery.thumbnailScroller.js HTTP/1.1" 200 8157
172.22.2.3 - - [26/Jul/2015:11:19:20 -0500] "POST /cumbredelclima/wp-admin/admin-ajax.php HTTP/1.1" 200 23
186.145.94.131 - - [26/Jul/2015:11:19:21 -0500] "GET /galeria/nivo-slider/demo/demo.html HTTP/1.1" 200 5224
186.145.94.131 - - [26/Jul/2015:11:19:21 -0500] "GET /galeria/nivo-slider/themes/default/default.css HTTP/1.1" 200 1569
186.145.94.131 - - [26/Jul/2015:11:19:21 -0500] "GET /galeria/nivo-slider/nivo-slider.css HTTP/1.1" 200 1507
186.145.94.131 - - [26/Jul/2015:11:19:21 -0500] "GET /galeria/nivo-slider/themes/orman/orman.css HTTP/1.1" 200 2152
186.145.94.131 - - [26/Jul/2015:11:19:21 -0500] "GET /galeria/nivo-slider/themes/pascal/pascal.css HTTP/1.1" 200 2258
186.145.94.131 - - [26/Jul/2015:11:19:21 -0500] "GET /galeria/nivo-slider/demo/style.css HTTP/1.1" 200 2222
186.145.94.131 - - [26/Jul/2015:11:19:21 -0500] "GET /galeria/nivo-slider/demo/images/Rendicion-de-cuentas.jpg HTTP/1.1" 200 309079
186.145.94.131 - - [26/Jul/2015:11:19:21 -0500] "GET /galeria/nivo-slider/demo/images/banner-llantas2.jpg HTTP/1.1" 200 204644
186.145.94.131 - - [26/Jul/2015:11:19:21 -0500] "GET /galeria/nivo-slider/demo/images/PREDAcamp.jpg HTTP/1.1" 200 295358
186.145.94.131 - - [26/Jul/2015:11:19:21 -0500] "GET /galeria/nivo-slider/jquery.nivo.slider.pack.js HTTP/1.1" 200 11561
186.145.94.131 - - [26/Jul/2015:11:19:21 -0500] "GET /galeria/nivo-slider/demo/scripts/jquery-1.7.1.min.js HTTP/1.1" 200 93868
186.145.94.131 - - [26/Jul/2015:11:19:21 -0500] "GET /galeria/nivo-slider/demo/images/Semana-PYBA.jpg HTTP/1.1" 200 147360
186.145.94.131 - - [26/Jul/2015:11:19:21 -0500] "GET /galeria/nivo-slider/demo/images/VoluntariadoPYBA.jpg HTTP/1.1" 200 40647
186.145.94.131 - - [26/Jul/2015:11:19:22 -0500] "GET /galeria/nivo-slider/demo/images/9Signos.jpg HTTP/1.1" 200 81776
186.145.94.131 - - [26/Jul/2015:11:19:22 -0500] "GET /galeria/nivo-slider/demo/images/Comparendo-ambiental-Banner.jpg HTTP/1.1" 200 83731
186.145.94.131 - - [26/Jul/2015:11:19:22 -0500] "GET /galeria/nivo-slider/demo/images/GAE-banner.jpg HTTP/1.1" 200 97556
186.145.94.131 - - [26/Jul/2015:11:19:23 -0500] "GET /galeria/nivo-slider/demo/images/Banner-encuesta-de-percepscio.jpg HTTP/1.1" 200 201899
186.145.94.131 - - [26/Jul/2015:11:19:23 -0500] "GET /galeria/nivo-slider/demo/images/banner-Pacto-por-la-madera.jpg HTTP/1.1" 200 209966
186.145.94.131 - - [26/Jul/2015:11:19:23 -0500] "GET /galeria/nivo-slider/demo/images/acuerdo_569.jpg HTTP/1.1" 200 62670
186.145.94.131 - - [26/Jul/2015:11:19:23 -0500] "GET /galeria/nivo-slider/demo/images/Licitaciones-proyecto-paramo.jpg HTTP/1.1" 200 221877
186.145.94.131 - - [26/Jul/2015:11:19:24 -0500] "GET /galeria/nivo-slider/demo/images/Banner-decreto1299.jpg HTTP/1.1" 200 182613
186.145.94.131 - - [26/Jul/2015:11:19:24 -0500] "GET /galeria/nivo-slider/demo/images/Banner-Directorio.jpg HTTP/1.1" 200 182068
186.145.94.131 - - [26/Jul/2015:11:19:24 -0500] "GET /galeria/nivo-slider/demo/images/Ruta-vertimientos-01.jpg HTTP/1.1" 200 130151
186.145.94.131 - - [26/Jul/2015:11:19:24 -0500] "GET /galeria/nivo-slider/demo/images/bolsas-06.jpg HTTP/1.1" 200 90982
186.145.94.131 - - [26/Jul/2015:11:19:25 -0500] "GET /galeria/nivo-slider/demo/images/Conoce-los-humedales.jpg HTTP/1.1" 200 294036
186.145.94.131 - - [26/Jul/2015:11:19:25 -0500] "GET /galeria/nivo-slider/demo/images/ecolecta-Dic2014.png HTTP/1.1" 200 288593
186.145.94.131 - - [26/Jul/2015:11:19:25 -0500] "GET /galeria/nivo-slider/demo/images/Banner-Caracol-Africano.jpg HTTP/1.1" 200 331986
186.145.94.131 - - [26/Jul/2015:11:19:25 -0500] "GET /galeria/nivo-slider/demo/images/4Simple_Slider.png HTTP/1.1" 200 11722
186.145.94.131 - - [26/Jul/2015:11:19:26 -0500] "GET /galeria/nivo-slider/themes/default/loading.gif HTTP/1.1" 200 1737
186.145.94.131 - - [26/Jul/2015:11:19:28 -0500] "GET /galeria/nivo-slider/themes/default/arrows.png HTTP/1.1" 200 824
186.145.94.131 - - [26/Jul/2015:11:19:28 -0500] "GET /galeria/nivo-slider/themes/default/bullets.png HTTP/1.1" 200 1281
74.86.158.107 - - [26/Jul/2015:11:19:32 -0500] "HEAD / HTTP/1.1" 200 -
172.22.2.3 - - [26/Jul/2015:11:19:35 -0500] "POST /cumbredelclima/wp-admin/admin-ajax.php HTTP/1.1" 200 23
186.80.41.200 - - [26/Jul/2015:11:19:48 -0500] "GET /BLA/resoluciones/AUTOS%202007/2649.pdf HTTP/1.1" 200 70248
172.22.2.3 - - [26/Jul/2015:11:19:50 -0500] "POST /cumbredelclima/wp-admin/admin-ajax.php HTTP/1.1" 200 23
201.245.192.253 - - [26/Jul/2015:11:19:58 -0500] "GET /forest/session.jsp?a=0.5826824903060891 HTTP/1.1" 200 4
172.22.2.3 - - [26/Jul/2015:11:20:05 -0500] "POST /cumbredelclima/wp-admin/admin-ajax.php HTTP/1.1" 200 23
172.22.2.3 - - [26/Jul/2015:11:20:20 -0500] "POST /cumbredelclima/wp-admin/admin-ajax.php HTTP/1.1" 200 23
190.158.152.172 - - [26/Jul/2015:11:20:21 -0500] "GET /BLA/resoluciones/AUTOS%202009/0708.pdf HTTP/1.1" 200 111357
181.132.96.254 - - [26/Jul/2015:11:20:22 -0500] "GET /galeria/galeria/jquery.fancybox.css?v=2.1.5 HTTP/1.1" 200 4895
181.132.96.254 - - [26/Jul/2015:11:20:22 -0500] "GET /BLA/boletinlegal/js/jquery.scrollShow.js HTTP/1.1" 200 4586
181.132.96.254 - - [26/Jul/2015:11:20:22 -0500] "GET /galeria/galeria/jquery.fancybox.js?v=2.1.5 HTTP/1.1" 200 48706
201.245.192.253 - - [26/Jul/2015:11:20:15 -0500] "POST /wp-admin/admin-ajax.php HTTP/1.1" 200 23
172.22.2.3 - - [26/Jul/2015:11:20:35 -0500] "POST /cumbredelclima/wp-admin/admin-ajax.php HTTP/1.1" 200 23
186.31.11.193 - - [26/Jul/2015:11:20:38 -0500] "GET /forest/login.do HTTP/1.1" 200 12815
186.31.11.193 - - [26/Jul/2015:11:20:39 -0500] "GET /forest/skins/gdocs-jar/css/forest.css?version=1503.161801 HTTP/1.1" 200 51
186.31.11.193 - - [26/Jul/2015:11:20:39 -0500] "GET /forest/skins/gdocs-jar/css/menu.css?version=1503.161801 HTTP/1.1" 200 4235
186.31.11.193 - - [26/Jul/2015:11:20:39 -0500] "GET /forest/skins/gdocs-jar/css/autocomplete.css?version=1503.161801 HTTP/1.1" 200 1620
186.31.11.193 - - [26/Jul/2015:11:20:39 -0500] "GET /forest/css/index.css?version=1503.161801 HTTP/1.1" 200 1900
186.31.11.193 - - [26/Jul/2015:11:20:39 -0500] "GET /forest/1ibre/jscalendar/calendar-win2k-1.css?version=1503.161801 HTTP/1.1" 200 5986
186.31.11.193 - - [26/Jul/2015:11:20:39 -0500] "GET /forest/skins/gdocs-jar/css/dialog.css?version=1503.161801 HTTP/1.1" 200 1430
186.31.11.193 - - [26/Jul/2015:11:20:39 -0500] "GET /forest/css/escritorio.css?version=1503.161801 HTTP/1.1" 200 15878
186.31.11.193 - - [26/Jul/2015:11:20:40 -0500] "GET /forest/skins/gdocs-jar/css/forms.css?version=1503.161801 HTTP/1.1" 200 7180
186.31.11.193 - - [26/Jul/2015:11:20:40 -0500] "GET /forest/img/loading.gif HTTP/1.1" 200 1197
186.31.11.193 - - [26/Jul/2015:11:20:40 -0500] "GET /forest/js/json3.js HTTP/1.1" 200 39592
186.31.11.193 - - [26/Jul/2015:11:20:40 -0500] "GET /forest/img/spacer.gif HTTP/1.1" 200 43
186.31.11.193 - - [26/Jul/2015:11:20:40 -0500] "GET /forest/img/panel/view_icon.gif HTTP/1.1" 200 681
186.31.11.193 - - [26/Jul/2015:11:20:40 -0500] "GET /forest/img/inicio/1.gif HTTP/1.1" 200 23925
186.31.11.193 - - [26/Jul/2015:11:20:40 -0500] "GET /forest/jsoptimized/gz/js/gdocsall-1503.161801.js HTTP/1.1" 200 99246
186.31.11.193 - - [26/Jul/2015:11:20:40 -0500] "GET /forest/img/inicio/2.gif HTTP/1.1" 200 42562
186.31.11.193 - - [26/Jul/2015:11:20:40 -0500] "GET /forest/img/mplogo.gif HTTP/1.1" 200 806
186.31.11.193 - - [26/Jul/2015:11:20:40 -0500] "GET /forest/img/inicio/3.gif HTTP/1.1" 200 29737
186.31.11.193 - - [26/Jul/2015:11:20:40 -0500] "GET /forest/img/inicio/5.gif HTTP/1.1" 200 25611
186.31.11.193 - - [26/Jul/2015:11:20:41 -0500] "GET /forest/img/close.gif HTTP/1.1" 200 571
186.31.11.193 - - [26/Jul/2015:11:20:41 -0500] "GET /forest/skins/gdocs-jar/img/okey.gif HTTP/1.1" 200 203
186.31.11.193 - - [26/Jul/2015:11:20:40 -0500] "GET /forest/img/inicio/6.gif HTTP/1.1" 200 12239
186.31.11.193 - - [26/Jul/2015:11:20:40 -0500] "GET /forest/img/inicio/7.gif HTTP/1.1" 200 18547
186.31.11.193 - - [26/Jul/2015:11:20:40 -0500] "GET /forest/img/inicio/4.gif HTTP/1.1" 200 27784
186.31.11.193 - - [26/Jul/2015:11:20:41 -0500] "GET /forest/img/base/bsc2_r1_c2.gif HTTP/1.1" 200 269
186.31.11.193 - - [26/Jul/2015:11:20:41 -0500] "GET /forest/img/base/bsc2_r1_c3.gif HTTP/1.1" 200 3704
186.31.11.193 - - [26/Jul/2015:11:20:41 -0500] "GET /forest/img/base/bsc2_r1_c1.gif HTTP/1.1" 200 28640
181.132.96.254 - - [26/Jul/2015:11:20:42 -0500] "GET /galeria/galeria/jquery.fancybox.css?v=2.1.5 HTTP/1.1" 304 -
181.132.96.254 - - [26/Jul/2015:11:20:42 -0500] "GET /BLA/boletinlegal/js/jquery.scrollShow.js HTTP/1.1" 304 -
181.132.96.254 - - [26/Jul/2015:11:20:42 -0500] "GET /galeria/galeria/jquery.fancybox.js?v=2.1.5 HTTP/1.1" 304 -
186.31.11.193 - - [26/Jul/2015:11:20:42 -0500] "GET /forest/1ibre/1ibre.css HTTP/1.1" 200 614
186.31.11.193 - - [26/Jul/2015:11:20:43 -0500] "GET /forest/img/forestIcon.gif?version=1503.161801 HTTP/1.1" 200 573
186.31.11.193 - - [26/Jul/2015:11:20:49 -0500] "POST /forest/login.do HTTP/1.1" 200 12860
172.22.2.3 - - [26/Jul/2015:11:20:50 -0500] "POST /cumbredelclima/wp-admin/admin-ajax.php HTTP/1.1" 200 23
186.145.141.171 - - [26/Jul/2015:11:21:01 -0500] "GET /galeria/galeria/jquery.fancybox.js?v=2.1.5 HTTP/1.1" 200 48706
186.145.141.171 - - [26/Jul/2015:11:21:01 -0500] "GET /galeria/galeria/jquery.fancybox.css?v=2.1.5 HTTP/1.1" 200 4895
186.145.141.171 - - [26/Jul/2015:11:21:01 -0500] "GET /BLA/boletinlegal/js/jquery.scrollShow.js HTTP/1.1" 200 4586
190.68.197.230 - - [26/Jul/2015:11:15:04 -0500] "GET /ForestMSG_SDA/channelAsync/template_word_18750986?X-Atmosphere-tracking-id=d96fdfe3-815b-b4b2-7412-fd7232ea2246&X-Atmosphere-Framework=1.0.5&X-Atmosphere-Transport=long-polling&tabid=0.34353470988571644&X-Cache-Date=0&Content-Type=application/xml&_=1437927442284 HTTP/1.1" 200 8193
186.145.141.171 - - [26/Jul/2015:11:21:04 -0500] "GET /BLA/boletinlegal/js/jquery.scrollShow.js HTTP/1.1" 304 -
186.145.141.171 - - [26/Jul/2015:11:21:04 -0500] "GET /galeria/galeria/jquery.fancybox.js?v=2.1.5 HTTP/1.1" 304 -
186.145.141.171 - - [26/Jul/2015:11:21:04 -0500] "GET /galeria/galeria/jquery.fancybox.css?v=2.1.5 HTTP/1.1" 304 -
172.22.2.3 - - [26/Jul/2015:11:21:05 -0500] "POST /cumbredelclima/wp-admin/admin-ajax.php HTTP/1.1" 200 23
181.50.171.134 - - [26/Jul/2015:11:21:19 -0500] "GET /forest/session.jsp?a=0.02228767768329576 HTTP/1.1" 200 4
172.22.2.3 - - [26/Jul/2015:11:21:20 -0500] "POST /cumbredelclima/wp-admin/admin-ajax.php HTTP/1.1" 200 23
172.22.2.3 - - [26/Jul/2015:11:21:35 -0500] "POST /cumbredelclima/wp-admin/admin-ajax.php HTTP/1.1" 200 23
190.67.179.255 - - [26/Jul/2015:11:16:46 -0500] "GET /videos/CRRFFS.mp4 HTTP/1.1" 206 281254465
201.245.192.253 - - [26/Jul/2015:11:21:46 -0500] "GET /forest/session.jsp?a=0.2576603407690915 HTTP/1.1" 200 4
186.83.206.163 - - [26/Jul/2015:11:21:48 -0500] "GET /BLA/boletinlegal/js/jquery.scrollShow.js HTTP/1.1" 200 4586
186.83.206.163 - - [26/Jul/2015:11:21:48 -0500] "GET /galeria/galeria/jquery.fancybox.css?v=2.1.5 HTTP/1.1" 200 4895
186.83.206.163 - - [26/Jul/2015:11:21:48 -0500] "GET /galeria/galeria/jquery.fancybox.js?v=2.1.5 HTTP/1.1" 200 48706
172.22.2.3 - - [26/Jul/2015:11:21:50 -0500] "POST /cumbredelclima/wp-admin/admin-ajax.php HTTP/1.1" 200 23
186.83.206.163 - - [26/Jul/2015:11:21:57 -0500] "GET /galeria/galeria/jquery.fancybox.css?v=2.1.5 HTTP/1.1" 200 4895
186.83.206.163 - - [26/Jul/2015:11:21:57 -0500] "GET /galeria/galeria/jquery.fancybox.js?v=2.1.5 HTTP/1.1" 200 48706
186.83.206.163 - - [26/Jul/2015:11:21:57 -0500] "GET /BLA/boletinlegal/js/jquery.scrollShow.js HTTP/1.1" 200 4586
186.31.11.193 - - [26/Jul/2015:11:22:00 -0500] "POST /forest/login.do HTTP/1.1" 200 12860
186.31.11.193 - - [26/Jul/2015:11:22:02 -0500] "POST /forest/login.do HTTP/1.1" 200 14334
186.31.11.193 - - [26/Jul/2015:11:22:02 -0500] "GET /forest/css/jquery.realperson.css HTTP/1.1" 200 359
186.31.11.193 - - [26/Jul/2015:11:22:02 -0500] "GET /forest/js/jquery.realperson.js HTTP/1.1" 200 8232
186.31.11.193 - - [26/Jul/2015:11:22:02 -0500] "GET /forest/img/refresh.gif HTTP/1.1" 200 642
186.31.11.193 - - [26/Jul/2015:11:22:02 -0500] "GET /forest/js/jquery/jquery-1.5.2.min.js HTTP/1.1" 200 85940
172.22.2.3 - - [26/Jul/2015:11:22:05 -0500] "POST /cumbredelclima/wp-admin/admin-ajax.php HTTP/1.1" 200 23
123.125.71.75 - - [26/Jul/2015:11:22:19 -0500] "GET / HTTP/1.1" 200 10190
172.22.2.3 - - [26/Jul/2015:11:22:20 -0500] "POST /cumbredelclima/wp-admin/admin-ajax.php HTTP/1.1" 200 23
186.31.11.193 - - [26/Jul/2015:11:22:26 -0500] "POST /forest/login.do HTTP/1.1" 302 -
186.31.11.193 - - [26/Jul/2015:11:22:27 -0500] "GET /forest/img/inicio.jpg HTTP/1.1" 200 897
186.31.11.193 - - [26/Jul/2015:11:22:27 -0500] "GET /forest/img/users/3.gif HTTP/1.1" 200 1513
186.31.11.193 - - [26/Jul/2015:11:22:27 -0500] "GET /forest/img/users/5.gif HTTP/1.1" 200 1507
186.31.11.193 - - [26/Jul/2015:11:22:27 -0500] "GET /forest/img/users/7.gif HTTP/1.1" 200 1631
186.31.11.193 - - [26/Jul/2015:11:22:27 -0500] "GET /forest/img/download_large.gif HTTP/1.1" 200 203
186.31.11.193 - - [26/Jul/2015:11:22:27 -0500] "GET /forest/img/buscar.jpg HTTP/1.1" 200 736
186.31.11.193 - - [26/Jul/2015:11:22:27 -0500] "GET /forest/img/buscar_documentos.gif HTTP/1.1" 200 674
186.31.11.193 - - [26/Jul/2015:11:22:27 -0500] "GET /forest/img/fondo-barra.gif HTTP/1.1" 200 282
186.31.11.193 - - [26/Jul/2015:11:22:28 -0500] "GET /forest/img/buscar_procesos.gif HTTP/1.1" 200 158
186.31.11.193 - - [26/Jul/2015:11:22:28 -0500] "GET /forest/img/notify.gif HTTP/1.1" 200 746
186.31.11.193 - - [26/Jul/2015:11:22:28 -0500] "GET /forest/img/ayuda.gif HTTP/1.1" 200 716
186.31.11.193 - - [26/Jul/2015:11:22:28 -0500] "GET /forest/img/pantalla.gif HTTP/1.1" 200 1407
186.31.11.193 - - [26/Jul/2015:11:22:28 -0500] "GET /forest/img/salir3.gif HTTP/1.1" 200 1271
186.31.11.193 - - [26/Jul/2015:11:22:28 -0500] "GET /forest/img/panel/menu/add.png HTTP/1.1" 200 4044
186.31.11.193 - - [26/Jul/2015:11:22:28 -0500] "GET /forest/img/panel/menu/folder.png HTTP/1.1" 200 1382
186.31.11.193 - - [26/Jul/2015:11:22:28 -0500] "GET /forest/img/panel/menu/hoy.png HTTP/1.1" 200 1215
186.31.11.193 - - [26/Jul/2015:11:22:28 -0500] "GET /forest/img/panel/menu/danger2.png HTTP/1.1" 200 1358
186.31.11.193 - - [26/Jul/2015:11:22:28 -0500] "GET /forest/img/mireparto.gif HTTP/1.1" 200 2341
186.31.11.193 - - [26/Jul/2015:11:22:28 -0500] "GET /forest/skins/gdocs-jar/css/tree.css HTTP/1.1" 200 223
186.31.11.193 - - [26/Jul/2015:11:22:28 -0500] "GET /forest/skins/gdocs-jar/css/autocomplete.css HTTP/1.1" 200 1620
186.31.11.193 - - [26/Jul/2015:11:22:28 -0500] "GET /forest/skins/gdocs-jar/js/xml_utilities.js?version=1503.161801 HTTP/1.1" 200 2433
186.31.11.193 - - [26/Jul/2015:11:22:28 -0500] "GET /forest/js/inicio.js?version=1503.161801 HTTP/1.1" 200 2303
186.31.11.193 - - [26/Jul/2015:11:22:28 -0500] "GET /forest/skins/gdocs-jar/js/misprocesos.js?version=1503.161801 HTTP/1.1" 200 5890
186.31.11.193 - - [26/Jul/2015:11:22:28 -0500] "GET /forest/img/instanciar.gif HTTP/1.1" 200 1589
186.31.11.193 - - [26/Jul/2015:11:22:28 -0500] "GET /forest/skins/gdocs-jar/img/cancel.gif HTTP/1.1" 200 77
186.31.11.193 - - [26/Jul/2015:11:22:28 -0500] "GET /forest/img/misdocumentos.gif HTTP/1.1" 200 545
201.245.192.253 - - [26/Jul/2015:11:22:14 -0500] "POST /wp-admin/admin-ajax.php HTTP/1.1" 200 23
186.31.11.193 - - [26/Jul/2015:11:22:28 -0500] "GET /forest/skins/gdocs-jar/img/icons/pdf.gif HTTP/1.1" 200 230
186.31.11.193 - - [26/Jul/2015:11:22:28 -0500] "GET /forest/skins/gdocs-jar/img/icons/docx.gif HTTP/1.1" 200 1039
186.31.11.193 - - [26/Jul/2015:11:22:28 -0500] "GET /forest/skins/gdocs-jar/js/autocompletar2.js?version=1503.161801 HTTP/1.1" 200 24595
186.31.11.193 - - [26/Jul/2015:11:22:26 -0500] "GET /forest/index2.jsp?a=0.23035684880769647 HTTP/1.1" 200 269888
186.31.11.193 - - [26/Jul/2015:11:22:29 -0500] "GET /forest/session.jsp?a=0.6079549684654921 HTTP/1.1" 200 4
181.48.9.62 - - [26/Jul/2015:11:22:31 -0500] "GET /galeria/galeria/jquery.fancybox.js?v=2.1.5 HTTP/1.1" 304 -
181.48.9.62 - - [26/Jul/2015:11:22:31 -0500] "GET /BLA/boletinlegal/js/jquery.scrollShow.js HTTP/1.1" 304 -
181.48.9.62 - - [26/Jul/2015:11:22:31 -0500] "GET /galeria/galeria/jquery.fancybox.css?v=2.1.5 HTTP/1.1" 304 -
172.22.2.3 - - [26/Jul/2015:11:22:35 -0500] "POST /cumbredelclima/wp-admin/admin-ajax.php HTTP/1.1" 200 23
201.245.219.182 - - [26/Jul/2015:11:22:36 -0500] "GET /forest/session.jsp?a=0.17949977284297347 HTTP/1.1" 200 4
172.22.2.3 - - [26/Jul/2015:11:22:50 -0500] "POST /cumbredelclima/wp-admin/admin-ajax.php HTTP/1.1" 200 23
181.135.254.15 - - [26/Jul/2015:11:22:58 -0500] "GET /BLA/resoluciones/AUTOS%202011/4447.pdf HTTP/1.1" 200 376482
181.135.254.15 - - [26/Jul/2015:11:22:58 -0500] "GET /BLA/resoluciones/AUTOS%202011/4447.pdf HTTP/1.1" 200 376482
181.48.9.62 - - [26/Jul/2015:11:23:04 -0500] "GET /BLA/boletinlegal/js/jquery.scrollShow.js HTTP/1.1" 304 -
181.48.9.62 - - [26/Jul/2015:11:23:04 -0500] "GET /galeria/galeria/jquery.fancybox.js?v=2.1.5 HTTP/1.1" 304 -
181.48.9.62 - - [26/Jul/2015:11:23:04 -0500] "GET /galeria/galeria/jquery.fancybox.css?v=2.1.5 HTTP/1.1" 304 -
172.22.2.3 - - [26/Jul/2015:11:23:05 -0500] "POST /cumbredelclima/wp-admin/admin-ajax.php HTTP/1.1" 200 23
201.245.219.182 - - [26/Jul/2015:11:23:07 -0500] "GET /forest/session.jsp?a=0.2697256142273545 HTTP/1.1" 200 4
66.249.64.106 - - [26/Jul/2015:11:23:11 -0500] "GET /mobile/BLA/resoluciones/RESOLUCIONES%202010/4775.pdf HTTP/1.1" 404 1018
190.67.179.255 - - [26/Jul/2015:11:23:04 -0500] "GET /videos/CRRFFS.mp4 HTTP/1.1" 200 286784363
172.22.2.3 - - [26/Jul/2015:11:23:20 -0500] "POST /cumbredelclima/wp-admin/admin-ajax.php HTTP/1.1" 200 23
172.22.2.3 - - [26/Jul/2015:11:23:35 -0500] "POST /cumbredelclima/wp-admin/admin-ajax.php HTTP/1.1" 200 23
190.68.197.230 - - [26/Jul/2015:11:23:39 -0500] "GET /forest/session.jsp?a=0.3213342821691185 HTTP/1.1" 200 4
190.68.197.230 - - [26/Jul/2015:11:23:39 -0500] "GET /forest/skins/gdocs-jar/popup/escritorio/subirborrador.jsp?form=elaboraciondt&codTpl=&codBorr=631573&a=0.5726669353898615 HTTP/1.1" 200 23292
190.68.197.230 - - [26/Jul/2015:11:23:40 -0500] "GET /forest/json.do?query=borradoresByTpls&codInst=3218145&codTare=1265&firma=0&a=0.19063583645038307 HTTP/1.1" 200 187
190.68.197.230 - - [26/Jul/2015:11:23:40 -0500] "GET /forest/json.do?query=plantillasByTarea&codTare=1265&codInst=3218145&firma=0&a=0.18133431300520897 HTTP/1.1" 200 279
190.68.197.230 - - [26/Jul/2015:11:23:40 -0500] "GET /forest/json.do?query=terceroById&numTer=899999061-9%20SDA&a=0.25548506435006857 HTTP/1.1" 200 672
190.68.197.230 - - [26/Jul/2015:11:23:40 -0500] "GET /forest/skins/gdocs-jar/img/top-search-icon.gif HTTP/1.1" 304 -
190.68.197.230 - - [26/Jul/2015:11:23:40 -0500] "GET /forest/json.do?query=datosBorradorByCodTraBorr&codTraBorr=1899221&a=0.3165212357416749 HTTP/1.1" 200 180
190.68.197.230 - - [26/Jul/2015:11:23:40 -0500] "GET /forest/json.do?query=adjuntosByBorrador&codTraBorr=1899221&a=0.8007929038722068 HTTP/1.1" 200 2
190.68.197.230 - - [26/Jul/2015:11:23:40 -0500] "GET /forest/img/lapiz.gif HTTP/1.1" 304 -
190.68.197.230 - - [26/Jul/2015:11:23:40 -0500] "GET /forest/img/historial.gif HTTP/1.1" 304 -
190.68.197.230 - - [26/Jul/2015:11:23:40 -0500] "GET /forest/json.do?query=ultimoBorradorByTpl&codTpl=947&codInst=3218145&a=0.17300885380245745 HTTP/1.1" 200 2
190.68.197.230 - - [26/Jul/2015:11:23:40 -0500] "GET /forest/img/adduser.gif HTTP/1.1" 304 -
190.68.197.230 - - [26/Jul/2015:11:23:40 -0500] "GET /forest/skins/gdocs-jar/img/expandido.gif HTTP/1.1" 304 -
190.68.197.230 - - [26/Jul/2015:11:23:40 -0500] "GET /forest/skins/gdocs-jar/img/icons/docx.gif HTTP/1.1" 304 -
190.68.197.230 - - [26/Jul/2015:11:23:40 -0500] "GET /forest/json.do?query=ultimoBorradorByTpl&codTpl=948&codInst=3218145&a=0.4851510440930724 HTTP/1.1" 200 20
172.22.2.3 - - [26/Jul/2015:11:23:50 -0500] "POST /cumbredelclima/wp-admin/admin-ajax.php HTTP/1.1" 200 23
172.22.2.3 - - [26/Jul/2015:11:24:05 -0500] "POST /cumbredelclima/wp-admin/admin-ajax.php HTTP/1.1" 200 23
172.22.2.3 - - [26/Jul/2015:11:24:20 -0500] "POST /cumbredelclima/wp-admin/admin-ajax.php HTTP/1.1" 200 23
201.245.192.253 - - [26/Jul/2015:11:24:15 -0500] "POST /wp-admin/admin-ajax.php HTTP/1.1" 200 23
74.86.158.107 - - [26/Jul/2015:11:24:32 -0500] "HEAD / HTTP/1.1" 200 -
201.245.219.182 - - [26/Jul/2015:11:18:35 -0500] "GET /ForestMSG_SDA/channelAsync/template_word_18751323?X-Atmosphere-tracking-id=6a3d8910-621a-68e1-b1ab-365480f98ff0&X-Atmosphere-Framework=1.0.5&X-Atmosphere-Transport=long-polling&tabid=0.7504378110170364&X-Cache-Date=0&Content-Type=application/xml&_=1437927654106 HTTP/1.1" 200 8193
172.22.2.3 - - [26/Jul/2015:11:24:35 -0500] "POST /cumbredelclima/wp-admin/admin-ajax.php HTTP/1.1" 200 23
186.87.7.181 - - [26/Jul/2015:11:24:38 -0500] "GET / HTTP/1.1" 200 10190
186.87.7.181 - - [26/Jul/2015:11:24:38 -0500] "GET /css/style.css HTTP/1.1" 200 3610
186.87.7.181 - - [26/Jul/2015:11:24:38 -0500] "GET /css/bootstrap.min.css HTTP/1.1" 200 105939
186.87.7.181 - - [26/Jul/2015:11:24:38 -0500] "GET /js/jquery.js HTTP/1.1" 200 97120
186.87.7.181 - - [26/Jul/2015:11:24:38 -0500] "GET /js/bootstrap.min.js HTTP/1.1" 200 28538
186.87.7.181 - - [26/Jul/2015:11:24:39 -0500] "GET /images/LINEA.jpg HTTP/1.1" 200 33035
186.87.7.181 - - [26/Jul/2015:11:24:39 -0500] "GET /images/INTRANET.jpg HTTP/1.1" 200 37297
186.87.7.181 - - [26/Jul/2015:11:24:39 -0500] "GET /images/INTERNET.jpg HTTP/1.1" 200 34880
186.87.7.181 - - [26/Jul/2015:11:24:39 -0500] "GET /images/SDA.jpg HTTP/1.1" 200 48976
186.87.7.181 - - [26/Jul/2015:11:24:39 -0500] "GET /images/FOREST.jpg HTTP/1.1" 200 33277
186.87.7.181 - - [26/Jul/2015:11:24:39 -0500] "GET /images/NINOS.jpg HTTP/1.1" 200 44828
186.87.7.181 - - [26/Jul/2015:11:24:39 -0500] "GET /images/RMCAB.jpg HTTP/1.1" 200 49926
186.87.7.181 - - [26/Jul/2015:11:24:39 -0500] "GET /images/BLA.jpg HTTP/1.1" 200 34672
186.87.7.181 - - [26/Jul/2015:11:24:39 -0500] "GET /images/SDQS.jpg HTTP/1.1" 200 47976
186.87.7.181 - - [26/Jul/2015:11:24:39 -0500] "GET /images/CORREO.jpg HTTP/1.1" 200 39337
186.87.7.181 - - [26/Jul/2015:11:24:39 -0500] "GET /images/FORMATOS.jpg HTTP/1.1" 200 41585
186.87.7.181 - - [26/Jul/2015:11:24:39 -0500] "GET /images/CATALOGO.jpg HTTP/1.1" 200 35661
66.249.64.96 - - [26/Jul/2015:11:24:40 -0500] "GET /BLA/resoluciones/RESOLUCIONES%202009/3957.pdf HTTP/1.1" 304 -
186.87.7.181 - - [26/Jul/2015:11:24:41 -0500] "GET /favicon.ico HTTP/1.1" 200 7782
172.22.2.3 - - [26/Jul/2015:11:24:50 -0500] "POST /cumbredelclima/wp-admin/admin-ajax.php HTTP/1.1" 200 23
190.71.206.83 - - [26/Jul/2015:11:24:58 -0500] "GET /galeria/galeria/jquery.fancybox.css?v=2.1.5 HTTP/1.1" 200 4895
190.71.206.83 - - [26/Jul/2015:11:24:58 -0500] "GET /BLA/boletinlegal/js/jquery.scrollShow.js HTTP/1.1" 200 4586
190.71.206.83 - - [26/Jul/2015:11:24:58 -0500] "GET /galeria/galeria/jquery.fancybox.js?v=2.1.5 HTTP/1.1" 200 48706
201.245.192.253 - - [26/Jul/2015:11:24:58 -0500] "GET /forest/session.jsp?a=0.8393697277639879 HTTP/1.1" 200 4
172.22.2.3 - - [26/Jul/2015:11:25:05 -0500] "POST /cumbredelclima/wp-admin/admin-ajax.php HTTP/1.1" 200 23
190.68.197.230 - - [26/Jul/2015:11:24:28 -0500] "POST /forest/usutareas.do?group_system_actual=3 HTTP/1.1" 200 204
172.22.2.3 - - [26/Jul/2015:11:25:20 -0500] "POST /cumbredelclima/wp-admin/admin-ajax.php HTTP/1.1" 200 23
172.22.2.3 - - [26/Jul/2015:11:25:35 -0500] "POST /cumbredelclima/wp-admin/admin-ajax.php HTTP/1.1" 200 23
66.249.64.253 - - [26/Jul/2015:11:25:44 -0500] "GET /PORTAL_SIAC/swf/Residuos/maderas/images/page5_thumbnail.jpg HTTP/1.1" 200 3962
172.22.2.3 - - [26/Jul/2015:11:25:50 -0500] "POST /cumbredelclima/wp-admin/admin-ajax.php HTTP/1.1" 200 23
201.221.182.175 - - [26/Jul/2015:11:25:52 -0500] "GET /forest/skins/gdocs-jar/css/forest.css?version=1503.161801 HTTP/1.1" 200 51
201.221.182.175 - - [26/Jul/2015:11:25:52 -0500] "GET /forest/ HTTP/1.1" 200 12815
201.221.182.175 - - [26/Jul/2015:11:25:52 -0500] "GET /forest/skins/gdocs-jar/css/menu.css?version=1503.161801 HTTP/1.1" 200 4235
201.221.182.175 - - [26/Jul/2015:11:25:52 -0500] "GET /forest/skins/gdocs-jar/css/autocomplete.css?version=1503.161801 HTTP/1.1" 200 1620
201.221.182.175 - - [26/Jul/2015:11:25:52 -0500] "GET /forest/css/index.css?version=1503.161801 HTTP/1.1" 200 1900
201.221.182.175 - - [26/Jul/2015:11:25:52 -0500] "GET /forest/skins/gdocs-jar/css/dialog.css?version=1503.161801 HTTP/1.1" 200 1430
201.221.182.175 - - [26/Jul/2015:11:25:52 -0500] "GET /forest/1ibre/jscalendar/calendar-win2k-1.css?version=1503.161801 HTTP/1.1" 200 5986
201.221.182.175 - - [26/Jul/2015:11:25:52 -0500] "GET /forest/skins/gdocs-jar/css/forms.css?version=1503.161801 HTTP/1.1" 200 7180
201.221.182.175 - - [26/Jul/2015:11:25:52 -0500] "GET /forest/js/json3.js HTTP/1.1" 304 -
201.221.182.175 - - [26/Jul/2015:11:25:52 -0500] "GET /forest/img/loading.gif HTTP/1.1" 200 1197
201.221.182.175 - - [26/Jul/2015:11:25:52 -0500] "GET /forest/css/escritorio.css?version=1503.161801 HTTP/1.1" 200 15878
201.221.182.175 - - [26/Jul/2015:11:25:52 -0500] "GET /forest/img/spacer.gif HTTP/1.1" 200 43
201.221.182.175 - - [26/Jul/2015:11:25:52 -0500] "GET /forest/img/panel/view_icon.gif HTTP/1.1" 200 681
201.221.182.175 - - [26/Jul/2015:11:25:52 -0500] "GET /forest/img/inicio/1.gif HTTP/1.1" 200 23925
201.221.182.175 - - [26/Jul/2015:11:25:52 -0500] "GET /forest/img/inicio/6.gif HTTP/1.1" 200 12239
201.221.182.175 - - [26/Jul/2015:11:25:52 -0500] "GET /forest/img/inicio/2.gif HTTP/1.1" 200 42562
201.221.182.175 - - [26/Jul/2015:11:25:52 -0500] "GET /forest/img/inicio/5.gif HTTP/1.1" 200 25611
201.221.182.175 - - [26/Jul/2015:11:25:52 -0500] "GET /forest/img/base/bsc2_r1_c2.gif HTTP/1.1" 200 269
201.221.182.175 - - [26/Jul/2015:11:25:52 -0500] "GET /forest/img/inicio/4.gif HTTP/1.1" 200 27784
201.221.182.175 - - [26/Jul/2015:11:25:52 -0500] "GET /forest/img/base/bsc2_r1_c3.gif HTTP/1.1" 200 3704
201.221.182.175 - - [26/Jul/2015:11:25:52 -0500] "GET /forest/img/base/bsc2_r1_c1.gif HTTP/1.1" 200 28640
201.221.182.175 - - [26/Jul/2015:11:25:52 -0500] "GET /forest/img/mplogo.gif HTTP/1.1" 200 806
201.221.182.175 - - [26/Jul/2015:11:25:52 -0500] "GET /forest/img/close.gif HTTP/1.1" 200 571
201.221.182.175 - - [26/Jul/2015:11:25:52 -0500] "GET /forest/skins/gdocs-jar/img/okey.gif HTTP/1.1" 200 203
201.221.182.175 - - [26/Jul/2015:11:25:52 -0500] "GET /forest/img/inicio/7.gif HTTP/1.1" 200 18547
201.221.182.175 - - [26/Jul/2015:11:25:52 -0500] "GET /forest/img/inicio/3.gif HTTP/1.1" 200 29737
201.221.182.175 - - [26/Jul/2015:11:25:52 -0500] "GET /forest/1ibre/1ibre.css HTTP/1.1" 200 614
201.221.182.175 - - [26/Jul/2015:11:26:04 -0500] "POST /forest/login.do HTTP/1.1" 302 -
201.221.182.175 - - [26/Jul/2015:11:26:04 -0500] "GET /forest/img/inicio.jpg HTTP/1.1" 200 897
201.221.182.175 - - [26/Jul/2015:11:26:04 -0500] "GET /forest/img/users/5.gif HTTP/1.1" 200 1507
201.221.182.175 - - [26/Jul/2015:11:26:04 -0500] "GET /forest/skins/gdocs-jar/css/tree.css HTTP/1.1" 200 223
201.221.182.175 - - [26/Jul/2015:11:26:04 -0500] "GET /forest/index2.jsp?a=0.6195698699386046 HTTP/1.1" 200 45644
201.221.182.175 - - [26/Jul/2015:11:26:04 -0500] "GET /forest/img/users/7.gif HTTP/1.1" 200 1631
201.221.182.175 - - [26/Jul/2015:11:26:04 -0500] "GET /forest/img/download_large.gif HTTP/1.1" 200 203
201.221.182.175 - - [26/Jul/2015:11:26:04 -0500] "GET /forest/img/users/3.gif HTTP/1.1" 200 1513
201.221.182.175 - - [26/Jul/2015:11:26:04 -0500] "GET /forest/skins/gdocs-jar/css/autocomplete.css HTTP/1.1" 200 1620
201.221.182.175 - - [26/Jul/2015:11:26:04 -0500] "GET /forest/skins/gdocs-jar/js/xml_utilities.js?version=1503.161801 HTTP/1.1" 200 2433
201.221.182.175 - - [26/Jul/2015:11:26:05 -0500] "GET /forest/js/inicio.js?version=1503.161801 HTTP/1.1" 200 2303
201.221.182.175 - - [26/Jul/2015:11:26:05 -0500] "GET /forest/skins/gdocs-jar/js/misprocesos.js?version=1503.161801 HTTP/1.1" 200 5890
201.221.182.175 - - [26/Jul/2015:11:26:05 -0500] "GET /forest/img/buscar.jpg HTTP/1.1" 200 736
201.221.182.175 - - [26/Jul/2015:11:26:05 -0500] "GET /forest/img/buscar_documentos.gif HTTP/1.1" 200 674
201.221.182.175 - - [26/Jul/2015:11:26:05 -0500] "GET /forest/img/fondo-barra.gif HTTP/1.1" 200 282
201.221.182.175 - - [26/Jul/2015:11:26:05 -0500] "GET /forest/img/pantalla.gif HTTP/1.1" 200 1407
201.221.182.175 - - [26/Jul/2015:11:26:05 -0500] "GET /forest/img/ayuda.gif HTTP/1.1" 200 716
201.221.182.175 - - [26/Jul/2015:11:26:05 -0500] "GET /forest/img/salir3.gif HTTP/1.1" 200 1271
201.221.182.175 - - [26/Jul/2015:11:26:05 -0500] "GET /forest/img/notify.gif HTTP/1.1" 200 746
201.221.182.175 - - [26/Jul/2015:11:26:05 -0500] "GET /forest/img/buscar_procesos.gif HTTP/1.1" 200 158
201.221.182.175 - - [26/Jul/2015:11:26:05 -0500] "GET /forest/img/panel/menu/folder.png HTTP/1.1" 200 1382
201.221.182.175 - - [26/Jul/2015:11:26:05 -0500] "GET /forest/img/panel/menu/add.png HTTP/1.1" 200 4044
201.221.182.175 - - [26/Jul/2015:11:26:05 -0500] "GET /forest/img/panel/menu/hoy.png HTTP/1.1" 200 1215
201.221.182.175 - - [26/Jul/2015:11:26:04 -0500] "GET /forest/skins/gdocs-jar/js/autocompletar2.js?version=1503.161801 HTTP/1.1" 200 24595
201.221.182.175 - - [26/Jul/2015:11:26:05 -0500] "GET /forest/img/panel/menu/danger2.png HTTP/1.1" 200 1358
201.221.182.175 - - [26/Jul/2015:11:26:05 -0500] "GET /forest/img/instanciar.gif HTTP/1.1" 200 1589
201.221.182.175 - - [26/Jul/2015:11:26:05 -0500] "GET /forest/skins/gdocs-jar/img/cancel.gif HTTP/1.1" 200 77
201.221.182.175 - - [26/Jul/2015:11:26:05 -0500] "GET /forest/skins/gdocs-jar/img/icons/pdf.gif HTTP/1.1" 200 230
201.221.182.175 - - [26/Jul/2015:11:26:05 -0500] "GET /forest/img/misdocumentos.gif HTTP/1.1" 200 545
201.221.182.175 - - [26/Jul/2015:11:26:05 -0500] "GET /forest/session.jsp?a=0.8997586639598012 HTTP/1.1" 200 4
172.22.2.3 - - [26/Jul/2015:11:26:05 -0500] "POST /cumbredelclima/wp-admin/admin-ajax.php HTTP/1.1" 200 23
201.221.182.175 - - [26/Jul/2015:11:26:12 -0500] "GET /forest/js/jquery/grid/css/ui.jqgrid.css HTTP/1.1" 200 14763
201.221.182.175 - - [26/Jul/2015:11:26:12 -0500] "GET /forest/js/jquery/grid/css/ui.multiselect.css HTTP/1.1" 200 1886
201.221.182.175 - - [26/Jul/2015:11:26:12 -0500] "GET /forest/js/jquery/css/jquery-ui-selectmenu.css HTTP/1.1" 200 2553
201.221.182.175 - - [26/Jul/2015:11:26:12 -0500] "GET /forest/misactividades.do?group_system_actual=3&codPro=95&_a=0.7080662134918844 HTTP/1.1" 200 38180
201.221.182.175 - - [26/Jul/2015:11:26:12 -0500] "GET /forest/js/jquery/i18n/grid.locale-en.js HTTP/1.1" 200 3927
201.221.182.175 - - [26/Jul/2015:11:26:12 -0500] "GET /forest/js/jquery/css/jquery-ui-1.8.1.custom.css HTTP/1.1" 200 29141
201.221.182.175 - - [26/Jul/2015:11:26:12 -0500] "GET /forest/js/jquery/plugins/jquery.ui.selectmenu.js HTTP/1.1" 200 26591
201.221.182.175 - - [26/Jul/2015:11:26:12 -0500] "GET /forest/js/jquery/plugins/ui.multiselect.js HTTP/1.1" 200 10577
201.221.182.175 - - [26/Jul/2015:11:26:12 -0500] "GET /forest/js/jquery/plugins/jquery.searchFilter.js HTTP/1.1" 200 37785
201.221.182.175 - - [26/Jul/2015:11:26:12 -0500] "GET /forest/js/jquery/plugins/jquery.tablednd.js HTTP/1.1" 200 17091
201.221.182.175 - - [26/Jul/2015:11:26:12 -0500] "GET /forest/js/jquery/jquery.layout-latest.js HTTP/1.1" 200 142624
201.221.182.175 - - [26/Jul/2015:11:26:12 -0500] "GET /forest/js/jquery/plugins/jquery.contextmenu.js HTTP/1.1" 200 4443
201.221.182.175 - - [26/Jul/2015:11:26:12 -0500] "GET /forest/js/jquery/plugins/grid.setcolumns.js HTTP/1.1" 200 5638
201.221.182.175 - - [26/Jul/2015:11:26:12 -0500] "GET /forest/js/jqGridConf.js HTTP/1.1" 200 19741
201.221.182.175 - - [26/Jul/2015:11:26:12 -0500] "GET /forest/js/jquery/jquery-ui-latest.js HTTP/1.1" 200 359766
201.221.182.175 - - [26/Jul/2015:11:26:12 -0500] "GET /forest/js/jquery/jquery-latest.js HTTP/1.1" 200 180411
201.221.182.175 - - [26/Jul/2015:11:26:12 -0500] "GET /forest/js/jquery/jquery.jqGrid.src.js HTTP/1.1" 200 383407
201.221.182.175 - - [26/Jul/2015:11:26:13 -0500] "GET /forest/session.jsp?a=0.7019385909661651 HTTP/1.1" 200 4
201.221.182.175 - - [26/Jul/2015:11:26:13 -0500] "GET /forest/img/jquery/ui-bg_flat_0_aaaaaa_40x100.png HTTP/1.1" 200 180
201.221.182.175 - - [26/Jul/2015:11:26:13 -0500] "GET /forest/img/jquery/ui-bg_inset-hard_100_fcfdfd_1x100.png HTTP/1.1" 200 47825
201.221.182.175 - - [26/Jul/2015:11:26:13 -0500] "GET /forest/img/jquery/ui-bg_glass_85_dfeffc_1x400.png HTTP/1.1" 200 50159
201.221.182.175 - - [26/Jul/2015:11:26:14 -0500] "GET /forest/img/jquery/ui-bg_gloss-wave_55_5c9ccc_500x100.png HTTP/1.1" 200 58064
201.221.182.175 - - [26/Jul/2015:11:26:13 -0500] "GET /forest/img/jquery/ui-bg_inset-hard_100_f5f8f9_1x100.png HTTP/1.1" 200 48020
201.221.182.175 - - [26/Jul/2015:11:26:13 -0500] "GET /forest/img/jquery/ui-icons_469bdd_256x240.png HTTP/1.1" 200 70990
201.221.182.175 - - [26/Jul/2015:11:26:13 -0500] "GET /forest/img/jquery/ui-icons_6da8d5_256x240.png HTTP/1.1" 200 69971
201.221.182.175 - - [26/Jul/2015:11:26:14 -0500] "GET /forest/img/jquery/save.gif HTTP/1.1" 200 1041
201.221.182.175 - - [26/Jul/2015:11:26:14 -0500] "GET /forest/img/jquery/quitarfiltrar.gif HTTP/1.1" 200 1021
201.221.182.175 - - [26/Jul/2015:11:26:14 -0500] "GET /forest/img/jquery/columnshide.gif HTTP/1.1" 200 591
201.221.182.175 - - [26/Jul/2015:11:26:14 -0500] "POST /forest/misactividades.do?ajax=true&a=0.9100586420390755 HTTP/1.1" 200 3699
201.221.182.175 - - [26/Jul/2015:11:26:14 -0500] "GET /forest/skins/gdocs-jar/img/clip.gif HTTP/1.1" 200 246
201.221.182.175 - - [26/Jul/2015:11:26:14 -0500] "GET /forest/skins/gdocs-jar/img/doc-alert.gif HTTP/1.1" 200 370
201.221.182.175 - - [26/Jul/2015:11:26:14 -0500] "GET /forest/img/jquery/ui-icons_d8e7f3_256x240.png HTTP/1.1" 200 70558
201.221.182.175 - - [26/Jul/2015:11:26:15 -0500] "GET /forest/img/jquery/ui-bg_glass_75_d0e5f5_1x400.png HTTP/1.1" 200 50253
181.50.171.134 - - [26/Jul/2015:11:26:19 -0500] "GET /forest/session.jsp?a=0.44481491925090844 HTTP/1.1" 200 4
172.22.2.3 - - [26/Jul/2015:11:26:20 -0500] "POST /cumbredelclima/wp-admin/admin-ajax.php HTTP/1.1" 200 23
