186.84.152.208 - - [26/Jul/2015:11:44:56 -0500] "GET /galeria/nivo-slider/demo/images/Rendicion-de-cuentas.jpg HTTP/1.1" 200 309079
186.84.152.208 - - [26/Jul/2015:11:44:56 -0500] "GET /galeria/nivo-slider/demo/scripts/jquery-1.7.1.min.js HTTP/1.1" 200 93868
186.84.152.208 - - [26/Jul/2015:11:44:56 -0500] "GET /galeria/nivo-slider/demo/images/PREDAcamp.jpg HTTP/1.1" 200 295358
186.84.152.208 - - [26/Jul/2015:11:44:56 -0500] "GET /galeria/nivo-slider/demo/images/banner-llantas2.jpg HTTP/1.1" 200 204644
186.84.152.208 - - [26/Jul/2015:11:44:56 -0500] "GET /galeria/nivo-slider/demo/images/Semana-PYBA.jpg HTTP/1.1" 200 147360
186.84.152.208 - - [26/Jul/2015:11:44:56 -0500] "GET /galeria/nivo-slider/jquery.nivo.slider.pack.js HTTP/1.1" 200 11561
186.84.152.208 - - [26/Jul/2015:11:44:56 -0500] "GET /galeria/nivo-slider/demo/images/VoluntariadoPYBA.jpg HTTP/1.1" 200 40647
186.84.152.208 - - [26/Jul/2015:11:44:57 -0500] "GET /galeria/nivo-slider/demo/images/4Simple_Slider.png HTTP/1.1" 200 11722
186.84.152.208 - - [26/Jul/2015:11:44:57 -0500] "GET /galeria/nivo-slider/themes/default/loading.gif HTTP/1.1" 200 1737
186.84.152.208 - - [26/Jul/2015:11:44:58 -0500] "GET /galeria/nivo-slider/demo/images/9Signos.jpg HTTP/1.1" 200 81776
186.84.152.208 - - [26/Jul/2015:11:44:58 -0500] "GET /galeria/nivo-slider/demo/images/Comparendo-ambiental-Banner.jpg HTTP/1.1" 200 83731
186.84.152.208 - - [26/Jul/2015:11:44:58 -0500] "GET /galeria/nivo-slider/demo/images/GAE-banner.jpg HTTP/1.1" 200 97556
186.84.152.208 - - [26/Jul/2015:11:44:58 -0500] "GET /galeria/nivo-slider/demo/images/banner-Pacto-por-la-madera.jpg HTTP/1.1" 200 209966
186.84.152.208 - - [26/Jul/2015:11:44:58 -0500] "GET /galeria/nivo-slider/demo/images/Banner-encuesta-de-percepscio.jpg HTTP/1.1" 200 201899
201.245.192.253 - - [26/Jul/2015:11:44:58 -0500] "GET /forest/session.jsp?a=0.39941404637341726 HTTP/1.1" 200 4
186.84.152.208 - - [26/Jul/2015:11:44:58 -0500] "GET /galeria/nivo-slider/demo/images/acuerdo_569.jpg HTTP/1.1" 200 62670
186.84.152.208 - - [26/Jul/2015:11:44:58 -0500] "GET /galeria/nivo-slider/demo/images/Licitaciones-proyecto-paramo.jpg HTTP/1.1" 200 221877
186.84.152.208 - - [26/Jul/2015:11:44:59 -0500] "GET /galeria/nivo-slider/demo/images/Banner-decreto1299.jpg HTTP/1.1" 200 182613
186.84.152.208 - - [26/Jul/2015:11:44:59 -0500] "GET /galeria/nivo-slider/demo/images/Banner-Directorio.jpg HTTP/1.1" 200 182068
186.84.152.208 - - [26/Jul/2015:11:44:59 -0500] "GET /galeria/nivo-slider/demo/images/Ruta-vertimientos-01.jpg HTTP/1.1" 200 130151
186.84.152.208 - - [26/Jul/2015:11:45:00 -0500] "GET /galeria/nivo-slider/demo/images/bolsas-06.jpg HTTP/1.1" 200 90982
186.84.152.208 - - [26/Jul/2015:11:45:00 -0500] "GET /galeria/nivo-slider/demo/images/Conoce-los-humedales.jpg HTTP/1.1" 200 294036
66.249.64.248 - - [26/Jul/2015:11:45:00 -0500] "GET /Autoliquidacion/index.php?dir=&sort=size&order=desc HTTP/1.1" 200 6374
186.84.152.208 - - [26/Jul/2015:11:45:00 -0500] "GET /galeria/nivo-slider/demo/images/ecolecta-Dic2014.png HTTP/1.1" 200 288593
186.84.152.208 - - [26/Jul/2015:11:45:01 -0500] "GET /galeria/nivo-slider/demo/images/Banner-Caracol-Africano.jpg HTTP/1.1" 200 331986
190.157.172.223 - - [26/Jul/2015:11:45:02 -0500] "POST /forest/usutareas.do? HTTP/1.1" 200 76
190.157.172.223 - - [26/Jul/2015:11:44:50 -0500] "GET /ForestMSG_SDA/channelAsync/template_word_18751432?X-Atmosphere-tracking-id=1cb7987a-e852-692e-05ae-21b4b4e834f5&X-Atmosphere-Framework=1.0.5&X-Atmosphere-Transport=long-polling&tabid=0.7928942132275552&X-Cache-Date=0&Content-Type=application/xml&_=1437929228539 HTTP/1.1" 200 8193
190.157.172.223 - - [26/Jul/2015:11:45:04 -0500] "GET /forest/usutareas.do?group_system_actual=3&a=0.9317934589926153 HTTP/1.1" 200 106605
190.157.172.223 - - [26/Jul/2015:11:45:05 -0500] "GET /forest/session.jsp?a=0.8665795670822263 HTTP/1.1" 200 4
190.157.172.223 - - [26/Jul/2015:11:45:05 -0500] "GET /forest/actions/forms.getMappedValues?id=id_Numeracion1&value=1437929203879&codForm=ElaborarDocumento&a=0.6119750211946666 HTTP/1.1" 200 107
172.22.2.3 - - [26/Jul/2015:11:45:05 -0500] "POST /cumbredelclima/wp-admin/admin-ajax.php HTTP/1.1" 200 23
186.84.152.208 - - [26/Jul/2015:11:45:05 -0500] "GET /galeria/nivo-slider/themes/default/arrows.png HTTP/1.1" 200 824
186.84.152.208 - - [26/Jul/2015:11:45:05 -0500] "GET /galeria/nivo-slider/themes/default/bullets.png HTTP/1.1" 200 1281
190.157.172.223 - - [26/Jul/2015:11:45:07 -0500] "GET /forest/borrador/1899331/Borrador%20tecnico%202015-07-26.docx HTTP/1.1" 200 49516
190.159.54.13 - - [26/Jul/2015:11:45:08 -0500] "GET /dama/libreria/jpg/ecosistemas/aulas/aa2_1.jpg HTTP/1.1" 404 1315
190.85.50.107 - - [26/Jul/2015:11:45:09 -0500] "GET /galeria/mapa/3MapaBogot%C3%A1.jpg HTTP/1.1" 200 688183
172.22.2.3 - - [26/Jul/2015:11:45:20 -0500] "POST /cumbredelclima/wp-admin/admin-ajax.php HTTP/1.1" 200 23
172.22.2.3 - - [26/Jul/2015:11:45:35 -0500] "POST /cumbredelclima/wp-admin/admin-ajax.php HTTP/1.1" 200 23
66.249.64.106 - - [26/Jul/2015:11:45:42 -0500] "GET /BLA/directivas/2009/0.pdf HTTP/1.1" 304 -
172.22.2.3 - - [26/Jul/2015:11:45:50 -0500] "POST /cumbredelclima/wp-admin/admin-ajax.php HTTP/1.1" 200 23
172.22.2.3 - - [26/Jul/2015:11:46:05 -0500] "POST /cumbredelclima/wp-admin/admin-ajax.php HTTP/1.1" 200 23
181.50.171.134 - - [26/Jul/2015:11:46:20 -0500] "GET /forest/session.jsp?a=0.7771590568726169 HTTP/1.1" 200 4
172.22.2.3 - - [26/Jul/2015:11:46:20 -0500] "POST /cumbredelclima/wp-admin/admin-ajax.php HTTP/1.1" 200 23
66.249.64.101 - - [26/Jul/2015:11:46:23 -0500] "GET /BLA/resoluciones/RESOLUCIONES%202013/0466.pdf HTTP/1.1" 304 -
201.245.192.253 - - [26/Jul/2015:11:46:15 -0500] "POST /wp-admin/admin-ajax.php HTTP/1.1" 200 23
172.22.2.3 - - [26/Jul/2015:11:46:35 -0500] "POST /cumbredelclima/wp-admin/admin-ajax.php HTTP/1.1" 200 23
201.245.192.253 - - [26/Jul/2015:11:46:46 -0500] "GET /forest/session.jsp?a=0.981756379874192 HTTP/1.1" 200 4
190.68.197.230 - - [26/Jul/2015:11:46:48 -0500] "GET /forest/session.jsp?a=0.982027096208185 HTTP/1.1" 200 4
172.22.2.3 - - [26/Jul/2015:11:46:50 -0500] "POST /cumbredelclima/wp-admin/admin-ajax.php HTTP/1.1" 200 23
186.84.152.208 - - [26/Jul/2015:11:46:52 -0500] "GET /BLA/boletinlegal/js/jquery.scrollShow.js HTTP/1.1" 304 -
186.84.152.208 - - [26/Jul/2015:11:46:52 -0500] "GET /galeria/galeria/jquery.fancybox.css?v=2.1.5 HTTP/1.1" 304 -
186.84.152.208 - - [26/Jul/2015:11:46:52 -0500] "GET /galeria/galeria/jquery.fancybox.js?v=2.1.5 HTTP/1.1" 304 -
179.32.106.37 - - [26/Jul/2015:11:46:53 -0500] "GET /BLA/resoluciones/RESOLUCIONES%202008/2220.pdf HTTP/1.1" 200 502119
179.32.106.37 - - [26/Jul/2015:11:46:54 -0500] "GET /favicon.ico HTTP/1.1" 200 7782
181.142.214.2 - - [26/Jul/2015:11:47:02 -0500] "GET /sia/ HTTP/1.1" 200 2661
181.142.214.2 - - [26/Jul/2015:11:47:03 -0500] "GET /css/date_blue.css HTTP/1.1" 404 1254
181.142.214.2 - - [26/Jul/2015:11:47:03 -0500] "GET /css/fondos.css HTTP/1.1" 404 1254
181.142.214.2 - - [26/Jul/2015:11:47:03 -0500] "GET /css/textos.css HTTP/1.1" 404 1254
181.142.214.2 - - [26/Jul/2015:11:47:03 -0500] "GET /css/bordes.css HTTP/1.1" 404 1254
181.142.214.2 - - [26/Jul/2015:11:47:04 -0500] "GET /favicon.ico HTTP/1.1" 200 7782
66.249.64.101 - - [26/Jul/2015:11:47:05 -0500] "GET /BLA/resoluciones/AUTOS%202011/0188.pdf HTTP/1.1" 304 -
172.22.2.3 - - [26/Jul/2015:11:47:05 -0500] "POST /cumbredelclima/wp-admin/admin-ajax.php HTTP/1.1" 200 23
181.142.214.2 - - [26/Jul/2015:11:47:04 -0500] "GET /sia/swf/intro.swf HTTP/1.1" 200 510209
181.150.244.53 - - [26/Jul/2015:11:47:06 -0500] "GET /BLA/boletinlegal/js/jquery.scrollShow.js HTTP/1.1" 200 4586
181.150.244.53 - - [26/Jul/2015:11:47:06 -0500] "GET /galeria/galeria/jquery.fancybox.js?v=2.1.5 HTTP/1.1" 200 48706
181.150.244.53 - - [26/Jul/2015:11:47:06 -0500] "GET /galeria/galeria/jquery.fancybox.css?v=2.1.5 HTTP/1.1" 200 4895
180.76.15.163 - - [26/Jul/2015:11:47:16 -0500] "GET /POT-2013/Cartografia/36_Est_Funcional_servicios_Est_Socioeconomica_Espacial%20Area%20.pdf HTTP/1.1" 200 2689602
172.22.2.3 - - [26/Jul/2015:11:47:20 -0500] "POST /cumbredelclima/wp-admin/admin-ajax.php HTTP/1.1" 200 23
181.150.244.53 - - [26/Jul/2015:11:47:22 -0500] "GET /BLA/boletinlegal/js/jquery.scrollShow.js HTTP/1.1" 200 4586
181.150.244.53 - - [26/Jul/2015:11:47:22 -0500] "GET /galeria/galeria/jquery.fancybox.css?v=2.1.5 HTTP/1.1" 200 4895
181.150.244.53 - - [26/Jul/2015:11:47:22 -0500] "GET /galeria/galeria/jquery.fancybox.js?v=2.1.5 HTTP/1.1" 200 48706
200.118.45.229 - - [26/Jul/2015:11:47:33 -0500] "GET /BLA/resoluciones/RESOLUCIONES%202010/1454.pdf HTTP/1.1" 200 313885
200.118.45.229 - - [26/Jul/2015:11:47:33 -0500] "GET /favicon.ico HTTP/1.1" 200 7782
172.22.2.3 - - [26/Jul/2015:11:47:35 -0500] "POST /cumbredelclima/wp-admin/admin-ajax.php HTTP/1.1" 200 23
66.249.64.96 - - [26/Jul/2015:11:47:46 -0500] "GET /BLA/resoluciones/RESOLUCIONES%202012/1557.pdf HTTP/1.1" 304 -
177.252.134.223 - - [26/Jul/2015:11:47:47 -0500] "GET /BLA/boletinlegal/js/jquery.scrollShow.js HTTP/1.1" 200 4586
177.252.134.223 - - [26/Jul/2015:11:47:47 -0500] "GET /galeria/galeria/jquery.fancybox.js?v=2.1.5 HTTP/1.1" 200 48706
177.252.134.223 - - [26/Jul/2015:11:47:47 -0500] "GET /galeria/galeria/jquery.fancybox.css?v=2.1.5 HTTP/1.1" 200 4895
190.68.197.230 - - [26/Jul/2015:11:47:46 -0500] "GET /forest/documentos/2106605/2015ER114232.pdf HTTP/1.1" 200 335913
172.22.2.3 - - [26/Jul/2015:11:47:50 -0500] "POST /cumbredelclima/wp-admin/admin-ajax.php HTTP/1.1" 200 23
172.22.2.3 - - [26/Jul/2015:11:48:05 -0500] "POST /cumbredelclima/wp-admin/admin-ajax.php HTTP/1.1" 200 23
172.22.2.3 - - [26/Jul/2015:11:48:20 -0500] "POST /cumbredelclima/wp-admin/admin-ajax.php HTTP/1.1" 200 23
66.249.64.101 - - [26/Jul/2015:11:48:27 -0500] "GET /BLA/resoluciones/RESOLUCIONES%202013/1297.pdf HTTP/1.1" 304 -
201.245.192.253 - - [26/Jul/2015:11:48:15 -0500] "POST /wp-admin/admin-ajax.php HTTP/1.1" 200 23
186.154.132.151 - - [26/Jul/2015:11:48:34 -0500] "GET /galeria/galeria/jquery.fancybox.js?v=2.1.5 HTTP/1.1" 200 48706
186.154.132.151 - - [26/Jul/2015:11:48:34 -0500] "GET /BLA/boletinlegal/js/jquery.scrollShow.js HTTP/1.1" 200 4586
186.154.132.151 - - [26/Jul/2015:11:48:34 -0500] "GET /galeria/galeria/jquery.fancybox.css?v=2.1.5 HTTP/1.1" 200 4895
186.154.132.151 - - [26/Jul/2015:11:48:34 -0500] "GET /galeria/carrusel/Carrusel/jquery.thumbnailScroller.css HTTP/1.1" 200 2066
186.154.132.151 - - [26/Jul/2015:11:48:34 -0500] "GET /galeria/carrusel/Carrusel/jquery-ui-1.8.13.custom.min.js HTTP/1.1" 200 10800
186.154.132.151 - - [26/Jul/2015:11:48:35 -0500] "GET /galeria/carrusel/Carrusel/jquery.thumbnailScroller.js HTTP/1.1" 200 8157
186.154.132.151 - - [26/Jul/2015:11:48:35 -0500] "GET /galeria/nivo-slider/demo/demo.html HTTP/1.1" 200 5224
172.22.2.3 - - [26/Jul/2015:11:48:35 -0500] "POST /cumbredelclima/wp-admin/admin-ajax.php HTTP/1.1" 200 23
186.154.132.151 - - [26/Jul/2015:11:48:37 -0500] "GET /galeria/nivo-slider/themes/orman/orman.css HTTP/1.1" 200 2152
186.154.132.151 - - [26/Jul/2015:11:48:37 -0500] "GET /galeria/nivo-slider/themes/pascal/pascal.css HTTP/1.1" 200 2258
186.154.132.151 - - [26/Jul/2015:11:48:37 -0500] "GET /galeria/nivo-slider/nivo-slider.css HTTP/1.1" 200 1507
186.154.132.151 - - [26/Jul/2015:11:48:37 -0500] "GET /galeria/nivo-slider/themes/default/default.css HTTP/1.1" 200 1569
186.154.132.151 - - [26/Jul/2015:11:48:37 -0500] "GET /galeria/nivo-slider/demo/style.css HTTP/1.1" 200 2222
186.154.132.151 - - [26/Jul/2015:11:48:38 -0500] "GET /galeria/nivo-slider/demo/images/Rendicion-de-cuentas.jpg HTTP/1.1" 200 309079
186.154.132.151 - - [26/Jul/2015:11:48:38 -0500] "GET /galeria/nivo-slider/demo/images/banner-llantas2.jpg HTTP/1.1" 200 204644
186.154.132.151 - - [26/Jul/2015:11:48:38 -0500] "GET /galeria/nivo-slider/demo/images/Semana-PYBA.jpg HTTP/1.1" 200 147360
186.154.132.151 - - [26/Jul/2015:11:48:38 -0500] "GET /galeria/nivo-slider/demo/images/VoluntariadoPYBA.jpg HTTP/1.1" 200 40647
186.154.132.151 - - [26/Jul/2015:11:48:38 -0500] "GET /galeria/nivo-slider/demo/images/PREDAcamp.jpg HTTP/1.1" 200 295358
186.154.132.151 - - [26/Jul/2015:11:48:38 -0500] "GET /galeria/nivo-slider/demo/images/9Signos.jpg HTTP/1.1" 200 81776
186.154.132.151 - - [26/Jul/2015:11:48:38 -0500] "GET /galeria/nivo-slider/demo/images/Comparendo-ambiental-Banner.jpg HTTP/1.1" 200 83731
201.245.219.182 - - [26/Jul/2015:11:42:38 -0500] "GET /ForestMSG_SDA/channelAsync/template_word_18751323?X-Atmosphere-tracking-id=6a3d8910-621a-68e1-b1ab-365480f98ff0&X-Atmosphere-Framework=1.0.5&X-Atmosphere-Transport=long-polling&tabid=0.7504378110170364&X-Cache-Date=0&Content-Type=application/xml&_=1437929097277 HTTP/1.1" 200 8193
186.154.132.151 - - [26/Jul/2015:11:48:38 -0500] "GET /galeria/nivo-slider/demo/images/GAE-banner.jpg HTTP/1.1" 200 97556
186.154.132.151 - - [26/Jul/2015:11:48:38 -0500] "GET /galeria/nivo-slider/demo/images/Banner-encuesta-de-percepscio.jpg HTTP/1.1" 200 201899
186.154.132.151 - - [26/Jul/2015:11:48:38 -0500] "GET /galeria/nivo-slider/demo/images/banner-Pacto-por-la-madera.jpg HTTP/1.1" 200 209966
186.154.132.151 - - [26/Jul/2015:11:48:38 -0500] "GET /galeria/nivo-slider/demo/images/acuerdo_569.jpg HTTP/1.1" 200 62670
186.154.132.151 - - [26/Jul/2015:11:48:38 -0500] "GET /galeria/nivo-slider/demo/images/Licitaciones-proyecto-paramo.jpg HTTP/1.1" 200 221877
186.154.132.151 - - [26/Jul/2015:11:48:39 -0500] "GET /galeria/nivo-slider/demo/images/Banner-decreto1299.jpg HTTP/1.1" 200 182613
186.154.132.151 - - [26/Jul/2015:11:48:39 -0500] "GET /galeria/nivo-slider/demo/images/Banner-Directorio.jpg HTTP/1.1" 200 182068
186.154.132.151 - - [26/Jul/2015:11:48:39 -0500] "GET /galeria/nivo-slider/demo/images/Ruta-vertimientos-01.jpg HTTP/1.1" 200 130151
186.154.132.151 - - [26/Jul/2015:11:48:39 -0500] "GET /galeria/nivo-slider/demo/images/bolsas-06.jpg HTTP/1.1" 200 90982
186.154.132.151 - - [26/Jul/2015:11:48:39 -0500] "GET /galeria/nivo-slider/demo/images/Conoce-los-humedales.jpg HTTP/1.1" 200 294036
186.154.132.151 - - [26/Jul/2015:11:48:40 -0500] "GET /galeria/nivo-slider/demo/images/ecolecta-Dic2014.png HTTP/1.1" 200 288593
186.154.132.151 - - [26/Jul/2015:11:48:40 -0500] "GET /galeria/nivo-slider/demo/scripts/jquery-1.7.1.min.js HTTP/1.1" 200 93868
186.154.132.151 - - [26/Jul/2015:11:48:40 -0500] "GET /galeria/nivo-slider/demo/images/Banner-Caracol-Africano.jpg HTTP/1.1" 200 331986
186.154.132.151 - - [26/Jul/2015:11:48:40 -0500] "GET /galeria/nivo-slider/jquery.nivo.slider.pack.js HTTP/1.1" 200 11561
186.154.132.151 - - [26/Jul/2015:11:48:40 -0500] "GET /galeria/nivo-slider/themes/default/loading.gif HTTP/1.1" 200 1737
186.154.132.151 - - [26/Jul/2015:11:48:40 -0500] "GET /galeria/nivo-slider/demo/images/4Simple_Slider.png HTTP/1.1" 200 11722
186.154.132.151 - - [26/Jul/2015:11:48:41 -0500] "GET /galeria/nivo-slider/themes/default/arrows.png HTTP/1.1" 200 824
186.154.132.151 - - [26/Jul/2015:11:48:41 -0500] "GET /galeria/nivo-slider/themes/default/bullets.png HTTP/1.1" 200 1281
172.22.2.3 - - [26/Jul/2015:11:48:50 -0500] "POST /cumbredelclima/wp-admin/admin-ajax.php HTTP/1.1" 200 23
172.22.2.3 - - [26/Jul/2015:11:49:05 -0500] "POST /cumbredelclima/wp-admin/admin-ajax.php HTTP/1.1" 200 23
66.249.64.96 - - [26/Jul/2015:11:49:09 -0500] "GET /BLA/resoluciones/RESOLUCIONES%202010/6810.pdf HTTP/1.1" 304 -
172.22.2.3 - - [26/Jul/2015:11:49:20 -0500] "POST /cumbredelclima/wp-admin/admin-ajax.php HTTP/1.1" 200 23
74.86.158.107 - - [26/Jul/2015:11:49:32 -0500] "HEAD / HTTP/1.1" 200 -
190.157.172.223 - - [26/Jul/2015:11:49:33 -0500] "GET /forest/reportes.do?group_system_actual=5&_a=0.039374363142997026 HTTP/1.1" 302 -
190.157.172.223 - - [26/Jul/2015:11:49:33 -0500] "GET /forest/reportes.do?menu=1&group_system_actual=5 HTTP/1.1" 200 32474
190.157.172.223 - - [26/Jul/2015:11:49:35 -0500] "GET /forest/session.jsp?a=0.3699961928650737 HTTP/1.1" 200 4
190.157.172.223 - - [26/Jul/2015:11:49:35 -0500] "GET /forest/parameter?action=listRpts&a=0.3854343385901302 HTTP/1.1" 200 87183
172.22.2.3 - - [26/Jul/2015:11:49:35 -0500] "POST /cumbredelclima/wp-admin/admin-ajax.php HTTP/1.1" 200 23
190.157.172.223 - - [26/Jul/2015:11:49:41 -0500] "GET /forest/parameter?action=parametersReportMDX&id_rpt=171&currentTab=tab_presentacion&a=0.1180056354496628 HTTP/1.1" 200 4328
190.157.172.223 - - [26/Jul/2015:11:49:43 -0500] "POST /forest/parameter?action=runReportMDX&json=true&listdep=cuaderno&id_rpt=171&a=0.7184431576170027 HTTP/1.1" 200 43
190.68.197.230 - - [26/Jul/2015:11:43:47 -0500] "GET /ForestMSG_SDA/channelAsync/template_word_18751393?X-Atmosphere-tracking-id=1ea54a25-0254-0c7e-d2c8-455f02cfe208&X-Atmosphere-Framework=1.0.5&X-Atmosphere-Transport=long-polling&tabid=0.01768597401678562&X-Cache-Date=0&Content-Type=application/xml&_=1437929165285 HTTP/1.1" 200 8193
190.157.172.223 - - [26/Jul/2015:11:49:49 -0500] "GET /forest/parameter?action=parametersReportMDX&id_rpt=117&currentTab=tab_presentacion&a=0.3859017251525074 HTTP/1.1" 200 6434
66.249.64.101 - - [26/Jul/2015:11:49:50 -0500] "GET /BLA/resoluciones/RESOLUCIONES%202011/0190.pdf HTTP/1.1" 304 -
172.22.2.3 - - [26/Jul/2015:11:49:50 -0500] "POST /cumbredelclima/wp-admin/admin-ajax.php HTTP/1.1" 200 23
190.157.172.223 - - [26/Jul/2015:11:49:53 -0500] "POST /forest/frameset? HTTP/1.1" 200 53249
190.157.172.223 - - [26/Jul/2015:11:49:58 -0500] "GET /forestReports/webcontent/birt/pages/common/processing.jsp?__rtl=false HTTP/1.1" 200 719
201.245.192.253 - - [26/Jul/2015:11:49:58 -0500] "GET /forest/session.jsp?a=0.2103807321977612 HTTP/1.1" 200 4
172.22.2.3 - - [26/Jul/2015:11:50:05 -0500] "POST /cumbredelclima/wp-admin/admin-ajax.php HTTP/1.1" 200 23
186.31.11.193 - - [26/Jul/2015:11:50:16 -0500] "GET /forest/session.jsp?a=0.36881994432769716 HTTP/1.1" 200 4
172.22.2.3 - - [26/Jul/2015:11:50:20 -0500] "POST /cumbredelclima/wp-admin/admin-ajax.php HTTP/1.1" 200 23
66.249.64.243 - - [26/Jul/2015:11:50:25 -0500] "GET /PORTAL_SIAC/swf/Residuos/maderas/images/page13_thumbnail.jpg HTTP/1.1" 200 9283
201.245.192.253 - - [26/Jul/2015:11:50:15 -0500] "POST /wp-admin/admin-ajax.php HTTP/1.1" 200 23
186.31.11.193 - - [26/Jul/2015:11:50:26 -0500] "POST /forest/misactividades.do?ajax=true&a=0.6636479706503451 HTTP/1.1" 200 204893
66.249.64.101 - - [26/Jul/2015:11:50:32 -0500] "GET /BLA/resoluciones/RESOLUCIONES%202007/RES%202007%203201%20AL%203300/RESOLUCION%203257%20DE%202007.pdf HTTP/1.1" 304 -
190.157.172.223 - - [26/Jul/2015:11:50:34 -0500] "POST /forest/frameset?__toolbar=true&__report=forest%2Frpts%2F117.rptdesign&__app=forest&__format=&__sessionId=20150726_115225_766&__dpi=96 HTTP/1.1" 200 36679
172.22.2.3 - - [26/Jul/2015:11:50:35 -0500] "POST /cumbredelclima/wp-admin/admin-ajax.php HTTP/1.1" 200 23
190.157.172.223 - - [26/Jul/2015:11:50:38 -0500] "GET /forest/preview?__sessionId=20150726_115225_766&__imageid=file4ffb45e814eb3a8a8fc11156.gif HTTP/1.1" 200 4169
190.157.172.223 - - [26/Jul/2015:11:50:38 -0500] "GET /forest/preview?__sessionId=20150726_115225_766&__imageid=file4ffb45e814eb3a8a8fc11157.gif HTTP/1.1" 200 2367
190.127.232.6 - - [26/Jul/2015:11:50:41 -0500] "GET /galeria/galeria/jquery.fancybox.css?v=2.1.5 HTTP/1.1" 200 4895
190.127.232.6 - - [26/Jul/2015:11:50:41 -0500] "GET /galeria/carrusel/Carrusel/jquery.thumbnailScroller.css HTTP/1.1" 200 2066
190.127.232.6 - - [26/Jul/2015:11:50:41 -0500] "GET /BLA/boletinlegal/js/jquery.scrollShow.js HTTP/1.1" 200 4586
190.127.232.6 - - [26/Jul/2015:11:50:41 -0500] "GET /galeria/galeria/jquery.fancybox.js?v=2.1.5 HTTP/1.1" 200 48706
190.127.232.6 - - [26/Jul/2015:11:50:41 -0500] "GET /galeria/carrusel/Carrusel/jquery-ui-1.8.13.custom.min.js HTTP/1.1" 200 10800
190.127.232.6 - - [26/Jul/2015:11:50:41 -0500] "GET /galeria/carrusel/Carrusel/jquery.thumbnailScroller.js HTTP/1.1" 200 8157
201.244.30.77 - - [26/Jul/2015:11:50:42 -0500] "GET /BLA/boletinlegal/js/jquery.scrollShow.js HTTP/1.1" 200 4586
201.244.30.77 - - [26/Jul/2015:11:50:42 -0500] "GET /galeria/galeria/jquery.fancybox.js?v=2.1.5 HTTP/1.1" 200 48706
201.244.30.77 - - [26/Jul/2015:11:50:42 -0500] "GET /galeria/carrusel/Carrusel/jquery.thumbnailScroller.css HTTP/1.1" 200 2066
201.244.30.77 - - [26/Jul/2015:11:50:43 -0500] "GET /galeria/galeria/jquery.fancybox.css?v=2.1.5 HTTP/1.1" 200 4895
201.244.30.77 - - [26/Jul/2015:11:50:43 -0500] "GET /galeria/carrusel/Carrusel/jquery-ui-1.8.13.custom.min.js HTTP/1.1" 200 10800
201.244.30.77 - - [26/Jul/2015:11:50:43 -0500] "GET /galeria/carrusel/Carrusel/jquery.thumbnailScroller.js HTTP/1.1" 200 8157
186.31.11.193 - - [26/Jul/2015:11:50:45 -0500] "GET /forest/img/jquery/ui-bg_flat_55_fbec88_40x100.png HTTP/1.1" 200 47994
201.244.30.77 - - [26/Jul/2015:11:50:46 -0500] "GET /galeria/nivo-slider/demo/demo.html HTTP/1.1" 200 5224
186.31.11.193 - - [26/Jul/2015:11:50:46 -0500] "GET /forest/usutareas.do?_a=0.4450941081158817&group_system_actual=3 HTTP/1.1" 200 138728
201.244.30.77 - - [26/Jul/2015:11:50:48 -0500] "GET /galeria/nivo-slider/themes/default/default.css HTTP/1.1" 200 1569
201.244.30.77 - - [26/Jul/2015:11:50:48 -0500] "GET /galeria/nivo-slider/themes/pascal/pascal.css HTTP/1.1" 200 2258
201.244.30.77 - - [26/Jul/2015:11:50:48 -0500] "GET /galeria/nivo-slider/themes/orman/orman.css HTTP/1.1" 200 2152
201.244.30.77 - - [26/Jul/2015:11:50:48 -0500] "GET /galeria/nivo-slider/nivo-slider.css HTTP/1.1" 200 1507
201.244.30.77 - - [26/Jul/2015:11:50:48 -0500] "GET /galeria/nivo-slider/demo/style.css HTTP/1.1" 200 2222
201.244.30.77 - - [26/Jul/2015:11:50:48 -0500] "GET /galeria/nivo-slider/demo/scripts/jquery-1.7.1.min.js HTTP/1.1" 200 93868
201.244.30.77 - - [26/Jul/2015:11:50:48 -0500] "GET /galeria/nivo-slider/jquery.nivo.slider.pack.js HTTP/1.1" 200 11561
186.31.11.193 - - [26/Jul/2015:11:50:48 -0500] "GET /forest/skins/gdocs-jar/js/grid.js?version=1503.161801 HTTP/1.1" 200 7034
186.31.11.193 - - [26/Jul/2015:11:50:48 -0500] "GET /forest/js/usutareas-docs.js HTTP/1.1" 200 646
201.244.30.77 - - [26/Jul/2015:11:50:48 -0500] "GET /galeria/nivo-slider/demo/images/Rendicion-de-cuentas.jpg HTTP/1.1" 200 309079
201.244.30.77 - - [26/Jul/2015:11:50:48 -0500] "GET /galeria/nivo-slider/demo/images/banner-llantas2.jpg HTTP/1.1" 200 204644
186.31.11.193 - - [26/Jul/2015:11:50:48 -0500] "GET /forest/js/socketConnection.js HTTP/1.1" 200 3648
186.31.11.193 - - [26/Jul/2015:11:50:48 -0500] "GET /forest/skins/gdocs-jar/img/desasociarUser.gif HTTP/1.1" 200 1209
186.31.11.193 - - [26/Jul/2015:11:50:48 -0500] "GET /forest/skins/gdocs-jar/js/tareas.js?version=1503.161801 HTTP/1.1" 200 41572
186.31.11.193 - - [26/Jul/2015:11:50:48 -0500] "GET /forest/skins/gdocs-jar/css/forms.css HTTP/1.1" 200 7180
186.31.11.193 - - [26/Jul/2015:11:50:48 -0500] "GET /forest/skins/gdocs-jar/js/number-functions.js?version=1503.161801 HTTP/1.1" 200 9577
186.31.11.193 - - [26/Jul/2015:11:50:48 -0500] "GET /forest/skins/gdocs-jar/js/swfobject.js?version=1503.161801 HTTP/1.1" 200 6887
186.31.11.193 - - [26/Jul/2015:11:50:48 -0500] "GET /forest/skins/gdocs-jar/js/graphicForm.js?version=1503.161801 HTTP/1.1" 200 16490
201.244.30.77 - - [26/Jul/2015:11:50:49 -0500] "GET /galeria/nivo-slider/demo/images/Semana-PYBA.jpg HTTP/1.1" 200 147360
186.31.11.193 - - [26/Jul/2015:11:50:49 -0500] "GET /forest/img/asociarUser.gif HTTP/1.1" 200 1227
186.31.11.193 - - [26/Jul/2015:11:50:49 -0500] "GET /forest/skins/gdocs-jar/img/asociarUserOtraDependencia.gif HTTP/1.1" 200 1217
186.31.11.193 - - [26/Jul/2015:11:50:49 -0500] "GET /forest/skins/gdocs-jar/img/comments.gif HTTP/1.1" 200 672
186.31.11.193 - - [26/Jul/2015:11:50:49 -0500] "GET /forest/skins/gdocs-jar/img/vertodossubprocesos.gif HTTP/1.1" 200 167
186.31.11.193 - - [26/Jul/2015:11:50:49 -0500] "GET /forest/skins/gdocs-jar/img/actividad2.gif HTTP/1.1" 200 1189
186.31.11.193 - - [26/Jul/2015:11:50:49 -0500] "GET /forest/skins/gdocs-jar/img/print.gif HTTP/1.1" 200 1195
186.31.11.193 - - [26/Jul/2015:11:50:49 -0500] "GET /forest/skins/gdocs-jar/img/ok.gif HTTP/1.1" 200 579
186.31.11.193 - - [26/Jul/2015:11:50:49 -0500] "GET /forest/skins/gdocs-jar/img/bola.gif HTTP/1.1" 200 272
186.31.11.193 - - [26/Jul/2015:11:50:49 -0500] "GET /forest/skins/gdocs-jar/img/iconCallForm.gif HTTP/1.1" 200 1043
186.31.11.193 - - [26/Jul/2015:11:50:48 -0500] "GET /forest/skins/gdocs-jar/js/formsBase.js?version=1503.161801 HTTP/1.1" 200 100846
186.31.11.193 - - [26/Jul/2015:11:50:49 -0500] "GET /forest/skins/gdocs-jar/img/alert.gif HTTP/1.1" 200 595
186.31.11.193 - - [26/Jul/2015:11:50:48 -0500] "GET /forest/js/jquery/jquery.atmosphere.js HTTP/1.1" 200 103614
186.31.11.193 - - [26/Jul/2015:11:50:49 -0500] "GET /forest/skins/gdocs-jar/img/close.gif HTTP/1.1" 200 571
186.31.11.193 - - [26/Jul/2015:11:50:49 -0500] "GET /forest/skins/gdocs-jar/img/spacer.gif HTTP/1.1" 200 43
186.31.11.193 - - [26/Jul/2015:11:50:49 -0500] "GET /forest/skins/gdocs-jar/img/control-double.png HTTP/1.1" 200 21754
186.31.11.193 - - [26/Jul/2015:11:50:49 -0500] "GET /forest/skins/gdocs-jar/img/disk.png HTTP/1.1" 200 22070
201.244.30.77 - - [26/Jul/2015:11:50:49 -0500] "GET /galeria/nivo-slider/demo/images/PREDAcamp.jpg HTTP/1.1" 200 295358
181.132.44.40 - - [26/Jul/2015:11:50:49 -0500] "GET /BLA/resoluciones/RESOLUCIONES%202013/0350.pdf HTTP/1.1" 200 3657267
181.132.44.40 - - [26/Jul/2015:11:50:49 -0500] "GET /BLA/resoluciones/RESOLUCIONES%202013/0350.pdf HTTP/1.1" 200 3657267
186.31.11.193 - - [26/Jul/2015:11:50:49 -0500] "GET /forest/skins/gdocs-jar/img/prev.gif HTTP/1.1" 200 827
181.132.44.40 - - [26/Jul/2015:11:50:50 -0500] "GET /favicon.ico HTTP/1.1" 200 7782
201.244.30.77 - - [26/Jul/2015:11:50:50 -0500] "GET /galeria/nivo-slider/demo/images/4Simple_Slider.png HTTP/1.1" 200 11722
186.31.11.193 - - [26/Jul/2015:11:50:50 -0500] "GET /forest/session.jsp?a=0.17340880096890032 HTTP/1.1" 200 4
201.244.30.77 - - [26/Jul/2015:11:50:50 -0500] "GET /galeria/nivo-slider/themes/default/loading.gif HTTP/1.1" 200 1737
186.31.11.193 - - [26/Jul/2015:11:50:50 -0500] "GET /forest/skins/gdocs-jar/img/bgPanel.jpg HTTP/1.1" 200 430
186.31.11.193 - - [26/Jul/2015:11:50:50 -0500] "GET /forest/skins/gdocs-jar/img/green.gif HTTP/1.1" 200 134
172.22.2.3 - - [26/Jul/2015:11:50:50 -0500] "POST /cumbredelclima/wp-admin/admin-ajax.php HTTP/1.1" 200 23
201.244.30.77 - - [26/Jul/2015:11:50:51 -0500] "GET /galeria/nivo-slider/demo/images/VoluntariadoPYBA.jpg HTTP/1.1" 200 40647
201.244.30.77 - - [26/Jul/2015:11:50:51 -0500] "GET /galeria/nivo-slider/demo/images/9Signos.jpg HTTP/1.1" 200 81776
201.244.30.77 - - [26/Jul/2015:11:50:52 -0500] "GET /galeria/nivo-slider/demo/images/Comparendo-ambiental-Banner.jpg HTTP/1.1" 200 83731
201.244.30.77 - - [26/Jul/2015:11:50:52 -0500] "GET /galeria/nivo-slider/demo/images/GAE-banner.jpg HTTP/1.1" 200 97556
201.244.30.77 - - [26/Jul/2015:11:50:52 -0500] "GET /galeria/nivo-slider/demo/images/Banner-encuesta-de-percepscio.jpg HTTP/1.1" 200 201899
201.244.30.77 - - [26/Jul/2015:11:50:52 -0500] "GET /galeria/nivo-slider/demo/images/banner-Pacto-por-la-madera.jpg HTTP/1.1" 200 209966
201.244.30.77 - - [26/Jul/2015:11:50:52 -0500] "GET /galeria/nivo-slider/demo/images/acuerdo_569.jpg HTTP/1.1" 200 62670
201.244.30.77 - - [26/Jul/2015:11:50:54 -0500] "GET /galeria/nivo-slider/demo/images/Licitaciones-proyecto-paramo.jpg HTTP/1.1" 200 221877
201.244.30.77 - - [26/Jul/2015:11:50:54 -0500] "GET /galeria/nivo-slider/demo/images/Banner-decreto1299.jpg HTTP/1.1" 200 182613
201.244.30.77 - - [26/Jul/2015:11:50:55 -0500] "GET /galeria/nivo-slider/demo/images/Banner-Directorio.jpg HTTP/1.1" 200 182068
201.244.30.77 - - [26/Jul/2015:11:50:56 -0500] "GET /galeria/nivo-slider/demo/images/Ruta-vertimientos-01.jpg HTTP/1.1" 200 130151
201.244.30.77 - - [26/Jul/2015:11:50:56 -0500] "GET /galeria/nivo-slider/demo/images/bolsas-06.jpg HTTP/1.1" 200 90982
201.244.30.77 - - [26/Jul/2015:11:50:57 -0500] "GET /galeria/nivo-slider/demo/images/Conoce-los-humedales.jpg HTTP/1.1" 200 294036
201.244.30.77 - - [26/Jul/2015:11:50:57 -0500] "GET /galeria/nivo-slider/demo/images/ecolecta-Dic2014.png HTTP/1.1" 200 288593
201.244.30.77 - - [26/Jul/2015:11:50:57 -0500] "GET /galeria/nivo-slider/demo/images/Banner-Caracol-Africano.jpg HTTP/1.1" 200 331986
201.244.30.77 - - [26/Jul/2015:11:51:00 -0500] "GET /galeria/nivo-slider/themes/default/arrows.png HTTP/1.1" 200 824
201.244.30.77 - - [26/Jul/2015:11:51:00 -0500] "GET /galeria/nivo-slider/themes/default/bullets.png HTTP/1.1" 200 1281
190.157.172.223 - - [26/Jul/2015:11:51:01 -0500] "GET /forest/parameter?action=parametersReportMDX&id_rpt=117&currentTab=tab_presentacion&a=0.41864728438667953 HTTP/1.1" 200 6434
186.31.11.193 - - [26/Jul/2015:11:51:00 -0500] "GET /forest/borrador/1899318/orden%20hospitalaria.docx HTTP/1.1" 200 99365
181.132.44.40 - - [26/Jul/2015:11:51:02 -0500] "GET /BLA/resoluciones/RESOLUCIONES%202013/0350.pdf HTTP/1.1" 206 32768
181.132.44.40 - - [26/Jul/2015:11:51:02 -0500] "GET /BLA/resoluciones/RESOLUCIONES%202013/0350.pdf HTTP/1.1" 206 3624499
190.157.172.223 - - [26/Jul/2015:11:51:04 -0500] "POST /forest/parameter?action=runReportMDX&json=true&listdep=tercero&id_rpt=117&a=0.5579543593339622 HTTP/1.1" 200 551
190.157.172.223 - - [26/Jul/2015:11:45:05 -0500] "GET /ForestMSG_SDA/channelAsync/template_word_18751432?X-Atmosphere-tracking-id=abad2cdb-5755-d0dd-44fc-c5befe9ed24a&X-Atmosphere-Framework=1.0.5&X-Atmosphere-Transport=long-polling&tabid=0.37657648930326104&X-Cache-Date=0&Content-Type=application/xml&_=1437929243597 HTTP/1.1" 200 8193
190.157.172.223 - - [26/Jul/2015:11:51:05 -0500] "POST /forest/parameter?action=runReportMDX&json=true&listdep=tercero&id_rpt=117&a=0.12090273573994637 HTTP/1.1" 200 115
172.22.2.3 - - [26/Jul/2015:11:51:05 -0500] "POST /cumbredelclima/wp-admin/admin-ajax.php HTTP/1.1" 200 23
190.157.172.223 - - [26/Jul/2015:11:51:06 -0500] "POST /forest/parameter?action=runReportMDX&json=true&listdep=tercero&id_rpt=117&a=0.11057568062096834 HTTP/1.1" 200 115
190.157.172.223 - - [26/Jul/2015:11:51:06 -0500] "POST /forest/parameter?action=runReportMDX&json=true&listdep=tercero&id_rpt=117&a=0.1710491576232016 HTTP/1.1" 200 2
190.157.172.223 - - [26/Jul/2015:11:51:07 -0500] "POST /forest/parameter?action=runReportMDX&json=true&listdep=tercero&id_rpt=117&a=0.3651651330292225 HTTP/1.1" 200 2
190.157.172.223 - - [26/Jul/2015:11:51:07 -0500] "POST /forest/parameter?action=runReportMDX&json=true&listdep=tercero&id_rpt=117&a=0.9352532336488366 HTTP/1.1" 200 2
190.157.172.223 - - [26/Jul/2015:11:51:08 -0500] "POST /forest/parameter?action=runReportMDX&json=true&listdep=tercero&id_rpt=117&a=0.46261934004724026 HTTP/1.1" 200 2
190.157.172.223 - - [26/Jul/2015:11:51:09 -0500] "POST /forest/parameter?action=runReportMDX&json=true&listdep=tercero&id_rpt=117&a=0.9497861210256815 HTTP/1.1" 200 2
190.157.172.223 - - [26/Jul/2015:11:51:09 -0500] "POST /forest/parameter?action=runReportMDX&json=true&listdep=tercero&id_rpt=117&a=0.49194879294373095 HTTP/1.1" 200 2
66.249.64.101 - - [26/Jul/2015:11:51:13 -0500] "GET /BLA/resoluciones/RESOLUCIONES%202007/RES%202007%202901%20AL%203000/RESOLUCION%202906%20DE%202007.pdf HTTP/1.1" 304 -
190.157.172.223 - - [26/Jul/2015:11:51:17 -0500] "POST /forest/frameset? HTTP/1.1" 200 53253
181.50.171.134 - - [26/Jul/2015:11:51:20 -0500] "GET /forest/session.jsp?a=0.6909258905437003 HTTP/1.1" 200 4
172.22.2.3 - - [26/Jul/2015:11:51:20 -0500] "POST /cumbredelclima/wp-admin/admin-ajax.php HTTP/1.1" 200 23
186.154.132.151 - - [26/Jul/2015:11:51:23 -0500] "GET /BLA/boletinlegal/js/jquery.scrollShow.js HTTP/1.1" 304 -
186.154.132.151 - - [26/Jul/2015:11:51:23 -0500] "GET /galeria/galeria/jquery.fancybox.css?v=2.1.5 HTTP/1.1" 304 -
186.154.132.151 - - [26/Jul/2015:11:51:23 -0500] "GET /galeria/galeria/jquery.fancybox.js?v=2.1.5 HTTP/1.1" 304 -
190.157.172.223 - - [26/Jul/2015:11:51:26 -0500] "GET /forestReports/webcontent/birt/pages/common/processing.jsp?__rtl=false HTTP/1.1" 200 719
172.22.2.3 - - [26/Jul/2015:11:51:35 -0500] "POST /cumbredelclima/wp-admin/admin-ajax.php HTTP/1.1" 200 23
181.142.206.58 - - [26/Jul/2015:11:51:46 -0500] "GET /galeria/galeria/jquery.fancybox.js?v=2.1.5 HTTP/1.1" 304 -
181.142.206.58 - - [26/Jul/2015:11:51:46 -0500] "GET /galeria/galeria/jquery.fancybox.css?v=2.1.5 HTTP/1.1" 304 -
181.142.206.58 - - [26/Jul/2015:11:51:46 -0500] "GET /galeria/galeria/fotos/Entrenube2P.jpg HTTP/1.1" 200 8416
181.142.206.58 - - [26/Jul/2015:11:51:46 -0500] "GET /galeria/galeria/fotos/Entrenube1P.jpg HTTP/1.1" 200 6959
181.142.206.58 - - [26/Jul/2015:11:51:46 -0500] "GET /galeria/galeria/fotos/Entrenube4P.jpg HTTP/1.1" 200 10881
181.142.206.58 - - [26/Jul/2015:11:51:46 -0500] "GET /galeria/galeria/fotos/Entrenube3P.jpg HTTP/1.1" 200 8487
201.245.192.253 - - [26/Jul/2015:11:51:46 -0500] "GET /forest/session.jsp?a=0.04312838242568606 HTTP/1.1" 200 4
190.68.197.230 - - [26/Jul/2015:11:51:49 -0500] "GET /forest/session.jsp?a=0.1813495261594653 HTTP/1.1" 200 4
172.22.2.3 - - [26/Jul/2015:11:51:50 -0500] "POST /cumbredelclima/wp-admin/admin-ajax.php HTTP/1.1" 200 23
201.244.30.77 - - [26/Jul/2015:11:51:51 -0500] "GET /galeria/galeria/jquery.fancybox.css?v=2.1.5 HTTP/1.1" 304 -
201.244.30.77 - - [26/Jul/2015:11:51:51 -0500] "GET /BLA/boletinlegal/js/jquery.scrollShow.js HTTP/1.1" 304 -
201.244.30.77 - - [26/Jul/2015:11:51:51 -0500] "GET /galeria/galeria/jquery.fancybox.js?v=2.1.5 HTTP/1.1" 304 -
190.157.172.223 - - [26/Jul/2015:11:52:02 -0500] "POST /forest/frameset?__toolbar=true&__report=forest%2Frpts%2F117.rptdesign&__format=&__app=forest&__sessionId=20150726_115349_892&__dpi=96 HTTP/1.1" 200 39017
172.22.2.3 - - [26/Jul/2015:11:52:05 -0500] "POST /cumbredelclima/wp-admin/admin-ajax.php HTTP/1.1" 200 23
190.157.172.223 - - [26/Jul/2015:11:52:06 -0500] "GET /forest/preview?__sessionId=20150726_115349_892&__imageid=file4ffb45e814eb3a8a8fc11158.gif HTTP/1.1" 200 4169
190.157.172.223 - - [26/Jul/2015:11:52:06 -0500] "GET /forest/preview?__sessionId=20150726_115349_892&__imageid=file4ffb45e814eb3a8a8fc11159.gif HTTP/1.1" 200 2367
172.22.2.3 - - [26/Jul/2015:11:52:20 -0500] "POST /cumbredelclima/wp-admin/admin-ajax.php HTTP/1.1" 200 23
190.157.172.223 - - [26/Jul/2015:11:52:24 -0500] "GET /forest/parameter?action=parametersReportMDX&id_rpt=171&currentTab=tab_presentacion&a=0.6703649531118572 HTTP/1.1" 200 4328
190.157.172.223 - - [26/Jul/2015:11:52:26 -0500] "POST /forest/parameter?action=runReportMDX&json=true&listdep=cuaderno&id_rpt=171&a=0.5934204931836575 HTTP/1.1" 200 126
201.245.192.253 - - [26/Jul/2015:11:52:15 -0500] "POST /wp-admin/admin-ajax.php HTTP/1.1" 200 23
190.157.172.223 - - [26/Jul/2015:11:52:31 -0500] "GET /forest/parameter?action=parametersReportMDX&id_rpt=171&currentTab=tab_presentacion&a=0.48290659999474883 HTTP/1.1" 200 4328
190.157.172.223 - - [26/Jul/2015:11:52:33 -0500] "POST /forest/parameter?action=runReportMDX&json=true&listdep=cuaderno&id_rpt=171&a=0.4705876044463366 HTTP/1.1" 200 126
190.157.172.223 - - [26/Jul/2015:11:52:35 -0500] "POST /forest/frameset? HTTP/1.1" 200 48941
172.22.2.3 - - [26/Jul/2015:11:52:35 -0500] "POST /cumbredelclima/wp-admin/admin-ajax.php HTTP/1.1" 200 23
186.43.55.8 - - [26/Jul/2015:11:52:46 -0500] "GET /galeria/galeria/jquery.fancybox.css?v=2.1.5 HTTP/1.1" 200 4895
186.43.55.8 - - [26/Jul/2015:11:52:46 -0500] "GET /galeria/galeria/jquery.fancybox.js?v=2.1.5 HTTP/1.1" 200 48706
186.43.55.8 - - [26/Jul/2015:11:52:46 -0500] "GET /BLA/boletinlegal/js/jquery.scrollShow.js HTTP/1.1" 200 4586
190.157.172.223 - - [26/Jul/2015:11:52:48 -0500] "GET /forestReports/webcontent/birt/pages/common/processing.jsp?__rtl=false HTTP/1.1" 200 719
172.22.2.3 - - [26/Jul/2015:11:52:50 -0500] "POST /cumbredelclima/wp-admin/admin-ajax.php HTTP/1.1" 200 23
186.43.55.8 - - [26/Jul/2015:11:52:56 -0500] "GET /galeria/galeria/jquery.fancybox.css?v=2.1.5 HTTP/1.1" 304 -
186.43.55.8 - - [26/Jul/2015:11:52:56 -0500] "GET /BLA/boletinlegal/js/jquery.scrollShow.js HTTP/1.1" 304 -
186.43.55.8 - - [26/Jul/2015:11:52:56 -0500] "GET /galeria/galeria/jquery.fancybox.js?v=2.1.5 HTTP/1.1" 304 -
172.22.2.3 - - [26/Jul/2015:11:53:05 -0500] "POST /cumbredelclima/wp-admin/admin-ajax.php HTTP/1.1" 200 23
186.114.138.46 - - [26/Jul/2015:11:53:19 -0500] "GET /galeria/mapa/3MapaBogot%C3%A1.jpg HTTP/1.1" 200 688183
190.240.139.37 - - [26/Jul/2015:11:53:20 -0500] "GET /galeria/galeria/jquery.fancybox.css?v=2.1.5 HTTP/1.1" 200 4895
190.240.139.37 - - [26/Jul/2015:11:53:20 -0500] "GET /BLA/boletinlegal/js/jquery.scrollShow.js HTTP/1.1" 200 4586
190.240.139.37 - - [26/Jul/2015:11:53:20 -0500] "GET /galeria/galeria/jquery.fancybox.js?v=2.1.5 HTTP/1.1" 200 48706
172.22.2.3 - - [26/Jul/2015:11:53:20 -0500] "POST /cumbredelclima/wp-admin/admin-ajax.php HTTP/1.1" 200 23
190.157.172.223 - - [26/Jul/2015:11:53:21 -0500] "POST /forest/frameset?__toolbar=true&__report=forest%2Frpts%2F171.rptdesign&__app=forest&__format=&__sessionId=20150726_115507_096&__dpi=96 HTTP/1.1" 200 29945
190.157.172.223 - - [26/Jul/2015:11:53:25 -0500] "GET /forest/preview?__sessionId=20150726_115507_096&__imageid=file4ffb45e814eb3a8a8fc11160.gif HTTP/1.1" 200 4169
190.157.172.223 - - [26/Jul/2015:11:53:25 -0500] "GET /forest/preview?__sessionId=20150726_115507_096&__imageid=file4ffb45e814eb3a8a8fc11161.gif HTTP/1.1" 200 2367
190.240.139.37 - - [26/Jul/2015:11:53:26 -0500] "GET /BLA/boletinlegal/js/jquery.scrollShow.js HTTP/1.1" 304 -
190.240.139.37 - - [26/Jul/2015:11:53:26 -0500] "GET /galeria/galeria/jquery.fancybox.css?v=2.1.5 HTTP/1.1" 304 -
190.240.139.37 - - [26/Jul/2015:11:53:26 -0500] "GET /galeria/galeria/jquery.fancybox.js?v=2.1.5 HTTP/1.1" 304 -
172.22.2.3 - - [26/Jul/2015:11:53:35 -0500] "POST /cumbredelclima/wp-admin/admin-ajax.php HTTP/1.1" 200 23
172.22.2.3 - - [26/Jul/2015:11:53:50 -0500] "POST /cumbredelclima/wp-admin/admin-ajax.php HTTP/1.1" 200 23
100.36.66.67 - - [26/Jul/2015:11:54:05 -0500] "GET /webdav/x32.php?host=&time=60&port=80 HTTP/1.1" 404 1018
172.22.2.3 - - [26/Jul/2015:11:54:05 -0500] "POST /cumbredelclima/wp-admin/admin-ajax.php HTTP/1.1" 200 23
66.249.64.248 - - [26/Jul/2015:11:54:06 -0500] "GET /ince/info.htm HTTP/1.1" 404 1019
172.22.2.3 - - [26/Jul/2015:11:54:20 -0500] "POST /cumbredelclima/wp-admin/admin-ajax.php HTTP/1.1" 200 23
201.245.192.253 - - [26/Jul/2015:11:54:15 -0500] "POST /wp-admin/admin-ajax.php HTTP/1.1" 200 23
74.86.158.107 - - [26/Jul/2015:11:54:32 -0500] "HEAD / HTTP/1.1" 200 -
172.22.2.3 - - [26/Jul/2015:11:54:35 -0500] "POST /cumbredelclima/wp-admin/admin-ajax.php HTTP/1.1" 200 23
201.245.219.182 - - [26/Jul/2015:11:48:39 -0500] "GET /ForestMSG_SDA/channelAsync/template_word_18751323?X-Atmosphere-tracking-id=6a3d8910-621a-68e1-b1ab-365480f98ff0&X-Atmosphere-Framework=1.0.5&X-Atmosphere-Transport=long-polling&tabid=0.7504378110170364&X-Cache-Date=0&Content-Type=application/xml&_=1437929458278 HTTP/1.1" 200 8193
190.157.172.223 - - [26/Jul/2015:11:54:40 -0500] "GET /forest/session.jsp?a=0.020601168973371387 HTTP/1.1" 200 4
66.249.64.101 - - [26/Jul/2015:11:54:41 -0500] "GET /BLA/resoluciones/RESOLUCIONES%202012/0530.pdf HTTP/1.1" 304 -
66.249.64.96 - - [26/Jul/2015:11:54:41 -0500] "GET /BLA/resoluciones/RESOLUCIONES%202007/RES%202007%201001%20AL%201100/RESOLUCION%201006%20DE%202007.pdf HTTP/1.1" 304 -
66.249.64.248 - - [26/Jul/2015:11:54:45 -0500] "GET /POT-2013/index.php?dir=Cartografia%2F HTTP/1.1" 200 11465
66.249.64.121 - - [26/Jul/2015:11:54:45 -0500] "GET /robots.txt HTTP/1.1" 404 1015
66.249.64.126 - - [26/Jul/2015:11:54:46 -0500] "GET / HTTP/1.1" 200 10190
66.249.64.101 - - [26/Jul/2015:11:54:46 -0500] "GET /BLA/resoluciones/RESOLUCIONES%202003/RES%202003%20301-350/ HTTP/1.1" 200 11361
66.249.64.106 - - [26/Jul/2015:11:54:46 -0500] "GET /BLA/circulares/5.pdf HTTP/1.1" 304 -
66.249.64.106 - - [26/Jul/2015:11:54:48 -0500] "GET /BLA/resoluciones/RESOLUCIONES%202011/0216.pdf HTTP/1.1" 304 -
201.244.129.119 - - [26/Jul/2015:11:54:48 -0500] "GET /galeria/galeria/jquery.fancybox.css?v=2.1.5 HTTP/1.1" 200 4895
201.244.129.119 - - [26/Jul/2015:11:54:48 -0500] "GET /BLA/boletinlegal/js/jquery.scrollShow.js HTTP/1.1" 200 4586
201.244.129.119 - - [26/Jul/2015:11:54:48 -0500] "GET /galeria/galeria/jquery.fancybox.js?v=2.1.5 HTTP/1.1" 200 48706
66.249.64.106 - - [26/Jul/2015:11:54:49 -0500] "GET /BLA/resoluciones/RESOLUCIONES%202013/0825.pdf HTTP/1.1" 304 -
172.22.2.3 - - [26/Jul/2015:11:54:50 -0500] "POST /cumbredelclima/wp-admin/admin-ajax.php HTTP/1.1" 200 23
66.249.64.29 - - [26/Jul/2015:11:54:50 -0500] "GET /comunicados/ HTTP/1.1" 200 30956
66.249.64.106 - - [26/Jul/2015:11:54:54 -0500] "GET /BLA/resoluciones/RESOLUCIONES%202007/RES%202007%202901%20AL%203000/RESOLUCION%202905%20DE%202007.pdf HTTP/1.1" 304 -
201.245.192.253 - - [26/Jul/2015:11:54:58 -0500] "GET /forest/session.jsp?a=0.11940498774898556 HTTP/1.1" 200 4
172.22.2.3 - - [26/Jul/2015:11:55:05 -0500] "POST /cumbredelclima/wp-admin/admin-ajax.php HTTP/1.1" 200 23
172.22.2.3 - - [26/Jul/2015:11:55:20 -0500] "POST /cumbredelclima/wp-admin/admin-ajax.php HTTP/1.1" 200 23
172.22.2.3 - - [26/Jul/2015:11:55:35 -0500] "POST /cumbredelclima/wp-admin/admin-ajax.php HTTP/1.1" 200 23
181.61.242.48 - - [26/Jul/2015:11:55:40 -0500] "GET /galeria/carrusel/Carrusel/jquery-ui-1.8.13.custom.min.js HTTP/1.1" 200 10800
181.61.242.48 - - [26/Jul/2015:11:55:40 -0500] "GET /BLA/boletinlegal/js/jquery.scrollShow.js HTTP/1.1" 200 4586
181.61.242.48 - - [26/Jul/2015:11:55:40 -0500] "GET /galeria/galeria/jquery.fancybox.css?v=2.1.5 HTTP/1.1" 200 4895
181.61.242.48 - - [26/Jul/2015:11:55:40 -0500] "GET /galeria/galeria/jquery.fancybox.js?v=2.1.5 HTTP/1.1" 200 48706
181.61.242.48 - - [26/Jul/2015:11:55:40 -0500] "GET /galeria/carrusel/Carrusel/jquery.thumbnailScroller.css HTTP/1.1" 200 2066
181.61.242.48 - - [26/Jul/2015:11:55:40 -0500] "GET /galeria/carrusel/Carrusel/jquery.thumbnailScroller.js HTTP/1.1" 200 8157
181.61.242.48 - - [26/Jul/2015:11:55:41 -0500] "GET /galeria/nivo-slider/demo/demo.html HTTP/1.1" 200 5224
190.68.197.230 - - [26/Jul/2015:11:49:48 -0500] "GET /ForestMSG_SDA/channelAsync/template_word_18751393?X-Atmosphere-tracking-id=1ea54a25-0254-0c7e-d2c8-455f02cfe208&X-Atmosphere-Framework=1.0.5&X-Atmosphere-Transport=long-polling&tabid=0.01768597401678562&X-Cache-Date=0&Content-Type=application/xml&_=1437929526285 HTTP/1.1" 200 8193
181.61.242.48 - - [26/Jul/2015:11:55:50 -0500] "GET /galeria/nivo-slider/themes/default/default.css HTTP/1.1" 200 1569
181.61.242.48 - - [26/Jul/2015:11:55:50 -0500] "GET /galeria/nivo-slider/themes/pascal/pascal.css HTTP/1.1" 200 2258
181.61.242.48 - - [26/Jul/2015:11:55:50 -0500] "GET /galeria/nivo-slider/themes/orman/orman.css HTTP/1.1" 200 2152
181.61.242.48 - - [26/Jul/2015:11:55:50 -0500] "GET /galeria/nivo-slider/nivo-slider.css HTTP/1.1" 200 1507
181.61.242.48 - - [26/Jul/2015:11:55:50 -0500] "GET /galeria/nivo-slider/demo/style.css HTTP/1.1" 200 2222
181.61.242.48 - - [26/Jul/2015:11:55:50 -0500] "GET /galeria/nivo-slider/demo/images/Semana-PYBA.jpg HTTP/1.1" 200 147360
181.61.242.48 - - [26/Jul/2015:11:55:50 -0500] "GET /galeria/nivo-slider/demo/images/9Signos.jpg HTTP/1.1" 200 81776
181.61.242.48 - - [26/Jul/2015:11:55:50 -0500] "GET /galeria/nivo-slider/demo/images/Rendicion-de-cuentas.jpg HTTP/1.1" 200 309079
181.61.242.48 - - [26/Jul/2015:11:55:50 -0500] "GET /galeria/nivo-slider/demo/images/PREDAcamp.jpg HTTP/1.1" 200 295358
181.61.242.48 - - [26/Jul/2015:11:55:50 -0500] "GET /galeria/nivo-slider/demo/images/Comparendo-ambiental-Banner.jpg HTTP/1.1" 200 83731
181.61.242.48 - - [26/Jul/2015:11:55:50 -0500] "GET /galeria/nivo-slider/demo/images/banner-llantas2.jpg HTTP/1.1" 200 204644
181.61.242.48 - - [26/Jul/2015:11:55:50 -0500] "GET /galeria/nivo-slider/demo/images/VoluntariadoPYBA.jpg HTTP/1.1" 200 40647
181.61.242.48 - - [26/Jul/2015:11:55:50 -0500] "GET /galeria/nivo-slider/demo/images/GAE-banner.jpg HTTP/1.1" 200 97556
181.61.242.48 - - [26/Jul/2015:11:55:50 -0500] "GET /galeria/nivo-slider/demo/images/Banner-encuesta-de-percepscio.jpg HTTP/1.1" 200 201899
181.61.242.48 - - [26/Jul/2015:11:55:50 -0500] "GET /galeria/nivo-slider/demo/images/banner-Pacto-por-la-madera.jpg HTTP/1.1" 200 209966
181.61.242.48 - - [26/Jul/2015:11:55:50 -0500] "GET /galeria/nivo-slider/demo/images/Licitaciones-proyecto-paramo.jpg HTTP/1.1" 200 221877
181.61.242.48 - - [26/Jul/2015:11:55:50 -0500] "GET /galeria/nivo-slider/demo/images/acuerdo_569.jpg HTTP/1.1" 200 62670
181.61.242.48 - - [26/Jul/2015:11:55:51 -0500] "GET /galeria/nivo-slider/demo/images/Banner-decreto1299.jpg HTTP/1.1" 200 182613
172.22.2.3 - - [26/Jul/2015:11:55:50 -0500] "POST /cumbredelclima/wp-admin/admin-ajax.php HTTP/1.1" 200 23
181.61.242.48 - - [26/Jul/2015:11:55:51 -0500] "GET /galeria/nivo-slider/demo/images/Banner-Directorio.jpg HTTP/1.1" 200 182068
181.61.242.48 - - [26/Jul/2015:11:55:51 -0500] "GET /galeria/nivo-slider/demo/images/Ruta-vertimientos-01.jpg HTTP/1.1" 200 130151
181.61.242.48 - - [26/Jul/2015:11:55:51 -0500] "GET /galeria/nivo-slider/demo/images/bolsas-06.jpg HTTP/1.1" 200 90982
181.61.242.48 - - [26/Jul/2015:11:55:51 -0500] "GET /galeria/nivo-slider/demo/images/Conoce-los-humedales.jpg HTTP/1.1" 200 294036
181.61.242.48 - - [26/Jul/2015:11:55:51 -0500] "GET /galeria/nivo-slider/demo/images/ecolecta-Dic2014.png HTTP/1.1" 200 288593
181.61.242.48 - - [26/Jul/2015:11:55:52 -0500] "GET /galeria/nivo-slider/demo/images/Banner-Caracol-Africano.jpg HTTP/1.1" 200 331986
181.61.242.48 - - [26/Jul/2015:11:55:52 -0500] "GET /galeria/nivo-slider/demo/scripts/jquery-1.7.1.min.js HTTP/1.1" 200 93868
181.61.242.48 - - [26/Jul/2015:11:55:52 -0500] "GET /galeria/nivo-slider/jquery.nivo.slider.pack.js HTTP/1.1" 200 11561
181.61.242.48 - - [26/Jul/2015:11:55:52 -0500] "GET /galeria/nivo-slider/demo/images/4Simple_Slider.png HTTP/1.1" 200 11722
181.61.242.48 - - [26/Jul/2015:11:55:53 -0500] "GET /galeria/nivo-slider/themes/default/loading.gif HTTP/1.1" 200 1737
181.61.242.48 - - [26/Jul/2015:11:55:54 -0500] "GET /galeria/nivo-slider/themes/default/bullets.png HTTP/1.1" 200 1281
181.61.242.48 - - [26/Jul/2015:11:55:58 -0500] "GET /galeria/nivo-slider/themes/default/arrows.png HTTP/1.1" 200 824
172.22.2.3 - - [26/Jul/2015:11:56:05 -0500] "POST /cumbredelclima/wp-admin/admin-ajax.php HTTP/1.1" 200 23
186.29.5.3 - - [26/Jul/2015:11:56:14 -0500] "GET /galeria/galeria/jquery.fancybox.js?v=2.1.5 HTTP/1.1" 304 -
186.29.5.3 - - [26/Jul/2015:11:56:14 -0500] "GET /galeria/galeria/jquery.fancybox.css?v=2.1.5 HTTP/1.1" 304 -
181.61.242.48 - - [26/Jul/2015:11:56:18 -0500] "GET /galeria/galeria/jquery.fancybox.js?v=2.1.5 HTTP/1.1" 304 -
181.61.242.48 - - [26/Jul/2015:11:56:18 -0500] "GET /galeria/galeria/jquery.fancybox.css?v=2.1.5 HTTP/1.1" 304 -
181.50.171.134 - - [26/Jul/2015:11:56:20 -0500] "GET /forest/session.jsp?a=0.09352120117887208 HTTP/1.1" 200 4
172.22.2.3 - - [26/Jul/2015:11:56:20 -0500] "POST /cumbredelclima/wp-admin/admin-ajax.php HTTP/1.1" 200 23
201.245.192.253 - - [26/Jul/2015:11:56:15 -0500] "POST /wp-admin/admin-ajax.php HTTP/1.1" 200 23
181.61.242.48 - - [26/Jul/2015:11:56:31 -0500] "GET /galeria/galeria/jquery.fancybox.js?v=2.1.5 HTTP/1.1" 304 -
181.61.242.48 - - [26/Jul/2015:11:56:31 -0500] "GET /galeria/galeria/jquery.fancybox.css?v=2.1.5 HTTP/1.1" 304 -
172.22.2.3 - - [26/Jul/2015:11:56:35 -0500] "POST /cumbredelclima/wp-admin/admin-ajax.php HTTP/1.1" 200 23
201.245.192.253 - - [26/Jul/2015:11:56:46 -0500] "GET /forest/session.jsp?a=0.4218270132411469 HTTP/1.1" 200 4
190.68.197.230 - - [26/Jul/2015:11:56:49 -0500] "GET /forest/session.jsp?a=0.7483320531900972 HTTP/1.1" 200 4
186.31.11.193 - - [26/Jul/2015:11:50:50 -0500] "GET /ForestMSG_SDA/channelAsync/template_word_18751373?X-Atmosphere-tracking-id=afd64911-3bae-4cde-cbcf-4217e7f47506&X-Atmosphere-Framework=1.0.5&X-Atmosphere-Transport=long-polling&tabid=0.7825734897051007&X-Cache-Date=0&Content-Type=application/xml&_=1437929589186 HTTP/1.1" 200 8193
172.22.2.3 - - [26/Jul/2015:11:56:50 -0500] "POST /cumbredelclima/wp-admin/admin-ajax.php HTTP/1.1" 200 23
182.118.55.203 - - [26/Jul/2015:11:56:59 -0500] "GET / HTTP/1.1" 200 10190
172.22.2.3 - - [26/Jul/2015:11:57:05 -0500] "POST /cumbredelclima/wp-admin/admin-ajax.php HTTP/1.1" 200 23
172.22.2.3 - - [26/Jul/2015:11:57:20 -0500] "POST /cumbredelclima/wp-admin/admin-ajax.php HTTP/1.1" 200 23
66.249.64.106 - - [26/Jul/2015:11:57:29 -0500] "GET /BLA/resoluciones/RESOLUCIONES%202014/1998.pdf HTTP/1.1" 304 -
172.22.2.3 - - [26/Jul/2015:11:57:36 -0500] "POST /cumbredelclima/wp-admin/admin-ajax.php HTTP/1.1" 200 23
172.22.2.3 - - [26/Jul/2015:11:57:51 -0500] "POST /cumbredelclima/wp-admin/admin-ajax.php HTTP/1.1" 200 23
186.154.197.162 - - [26/Jul/2015:11:57:51 -0500] "GET /crossdomain.xml HTTP/1.1" 404 1280
186.154.197.162 - - [26/Jul/2015:11:57:51 -0500] "GET /arcgis/services/Calidad_del_Agua_WQI/MapServer/WMSServer?HEIGHT=475&STYLES=&LAYERS=3%2C4%2C5%2C6%2C7&BBOX=%2D74%2E07060310440876%2C4%2E607312935896294%2C%2D74%2E06816653633878%2C4%2E6084431798740635&VERSION=1%2E1%2E1&TRANSPARENT=TRUE&SERVICE=WMS&SRS=EPSG%3A4686&REQUEST=GetMap&FORMAT=image%2Fpng&WIDTH=1024 HTTP/1.1" 200 3077
66.249.64.106 - - [26/Jul/2015:11:57:55 -0500] "GET /mobile/BLA/resoluciones/AUTOS%202010/5321.pdf HTTP/1.1" 404 1018
172.22.2.3 - - [26/Jul/2015:11:58:06 -0500] "POST /cumbredelclima/wp-admin/admin-ajax.php HTTP/1.1" 200 23
172.22.2.3 - - [26/Jul/2015:11:58:21 -0500] "POST /cumbredelclima/wp-admin/admin-ajax.php HTTP/1.1" 200 23
201.245.192.253 - - [26/Jul/2015:11:58:15 -0500] "POST /wp-admin/admin-ajax.php HTTP/1.1" 200 23
172.22.2.3 - - [26/Jul/2015:11:58:36 -0500] "POST /cumbredelclima/wp-admin/admin-ajax.php HTTP/1.1" 200 23
172.22.2.3 - - [26/Jul/2015:11:58:51 -0500] "POST /cumbredelclima/wp-admin/admin-ajax.php HTTP/1.1" 200 23
103.253.166.8 - - [26/Jul/2015:11:59:05 -0500] "GET /ecodirectorio/files/res/flags/en.png HTTP/1.1" 304 -
172.22.2.3 - - [26/Jul/2015:11:59:06 -0500] "POST /cumbredelclima/wp-admin/admin-ajax.php HTTP/1.1" 200 23
172.22.2.3 - - [26/Jul/2015:11:59:21 -0500] "POST /cumbredelclima/wp-admin/admin-ajax.php HTTP/1.1" 200 23
74.86.158.107 - - [26/Jul/2015:11:59:32 -0500] "HEAD / HTTP/1.1" 200 -
