200.119.32.43 - - [26/Jul/2015:11:31:31 -0500] "GET /forest/json.do?query=usersByDep&coddep=20 HTTP/1.1" 200 4068
200.119.32.43 - - [26/Jul/2015:11:31:31 -0500] "GET /forest/1ibre/jscalendar/img.gif HTTP/1.1" 200 223
200.119.32.43 - - [26/Jul/2015:11:31:31 -0500] "GET /forest/json.do?query=procesIniciales HTTP/1.1" 200 11194
200.119.32.43 - - [26/Jul/2015:11:31:31 -0500] "GET /forest/json.do?query=bpmnIniciales HTTP/1.1" 200 1095
66.249.64.106 - - [26/Jul/2015:11:31:32 -0500] "GET /BLA/resoluciones/AUTOS%202012/0096.pdf HTTP/1.1" 304 -
172.22.2.3 - - [26/Jul/2015:11:31:35 -0500] "POST /cumbredelclima/wp-admin/admin-ajax.php HTTP/1.1" 200 23
190.68.197.230 - - [26/Jul/2015:11:31:42 -0500] "POST /forest/usutareas.do? HTTP/1.1" 200 76
190.68.197.230 - - [26/Jul/2015:11:31:44 -0500] "GET /forest/usutareas.do?group_system_actual=3&a=0.042176100658252835 HTTP/1.1" 200 118373
190.68.197.230 - - [26/Jul/2015:11:31:46 -0500] "GET /forest/session.jsp?a=0.3133190057706088 HTTP/1.1" 200 4
201.245.192.253 - - [26/Jul/2015:11:31:46 -0500] "GET /forest/session.jsp?a=0.9559693844639502 HTTP/1.1" 200 4
180.76.15.143 - - [26/Jul/2015:11:31:47 -0500] "GET / HTTP/1.1" 200 10190
172.22.2.3 - - [26/Jul/2015:11:31:50 -0500] "POST /cumbredelclima/wp-admin/admin-ajax.php HTTP/1.1" 200 23
66.249.64.101 - - [26/Jul/2015:11:31:53 -0500] "GET /BLA/resoluciones/RESOLUCIONES%202013/0003.pdf HTTP/1.1" 304 -
190.68.197.230 - - [26/Jul/2015:11:31:57 -0500] "GET /forest/actions/sgc.getPlantillaByInst?codForm=641&codInst=3186655 HTTP/1.1" 200 97846
172.22.2.3 - - [26/Jul/2015:11:32:05 -0500] "POST /cumbredelclima/wp-admin/admin-ajax.php HTTP/1.1" 200 23
167.57.162.247 - - [26/Jul/2015:11:32:11 -0500] "GET /galeria/galeria/fotos/4humedal-Burro4G.jpg HTTP/1.1" 200 98452
180.76.15.157 - - [26/Jul/2015:11:32:17 -0500] "GET / HTTP/1.1" 200 10190
172.22.2.3 - - [26/Jul/2015:11:32:20 -0500] "POST /cumbredelclima/wp-admin/admin-ajax.php HTTP/1.1" 200 23
201.245.192.253 - - [26/Jul/2015:11:32:15 -0500] "POST /wp-admin/admin-ajax.php HTTP/1.1" 200 23
66.249.64.96 - - [26/Jul/2015:11:32:34 -0500] "GET /BLA/resoluciones/AUTOS%202008/0520.pdf HTTP/1.1" 304 -
172.22.2.3 - - [26/Jul/2015:11:32:35 -0500] "POST /cumbredelclima/wp-admin/admin-ajax.php HTTP/1.1" 200 23
201.245.219.182 - - [26/Jul/2015:11:32:38 -0500] "GET /forest/session.jsp?a=0.16289397422224283 HTTP/1.1" 200 4
172.22.2.3 - - [26/Jul/2015:11:32:50 -0500] "POST /cumbredelclima/wp-admin/admin-ajax.php HTTP/1.1" 200 23
186.31.11.193 - - [26/Jul/2015:11:33:00 -0500] "GET /forest/session.jsp?a=0.4024529801681638 HTTP/1.1" 200 4
172.22.2.3 - - [26/Jul/2015:11:33:05 -0500] "POST /cumbredelclima/wp-admin/admin-ajax.php HTTP/1.1" 200 23
190.68.197.230 - - [26/Jul/2015:11:27:15 -0500] "GET /ForestMSG_SDA/channelAsync/template_word_18750986?X-Atmosphere-tracking-id=bb59f07a-e3f6-79dc-c33f-4098870700c7&X-Atmosphere-Framework=1.0.5&X-Atmosphere-Transport=long-polling&tabid=0.37253791792318225&X-Cache-Date=0&Content-Type=application/xml&_=1437928173857 HTTP/1.1" 200 8193
66.249.64.106 - - [26/Jul/2015:11:33:15 -0500] "GET /BLA/resoluciones/RESOLUCIONES%202007/RES%202007%201401%20AL%201500/RESOLUCION%201402%20DE%202007.pdf HTTP/1.1" 304 -
172.22.2.3 - - [26/Jul/2015:11:33:20 -0500] "POST /cumbredelclima/wp-admin/admin-ajax.php HTTP/1.1" 200 23
157.55.39.205 - - [26/Jul/2015:11:33:24 -0500] "GET /BLA/resoluciones/AUTOS%202014/6562.pdf HTTP/1.1" 200 151390
172.22.2.3 - - [26/Jul/2015:11:33:35 -0500] "POST /cumbredelclima/wp-admin/admin-ajax.php HTTP/1.1" 200 23
172.22.2.3 - - [26/Jul/2015:11:33:50 -0500] "POST /cumbredelclima/wp-admin/admin-ajax.php HTTP/1.1" 200 23
66.249.64.96 - - [26/Jul/2015:11:33:57 -0500] "GET /BLA/resoluciones/RESOLUCIONES%202012/1725.pdf HTTP/1.1" 304 -
191.78.53.15 - - [26/Jul/2015:11:34:04 -0500] "GET /BLA/resoluciones/RESOLUCIONES%202009/1013.pdf HTTP/1.1" 200 210994
172.22.2.3 - - [26/Jul/2015:11:34:05 -0500] "POST /cumbredelclima/wp-admin/admin-ajax.php HTTP/1.1" 200 23
172.22.2.3 - - [26/Jul/2015:11:34:20 -0500] "POST /cumbredelclima/wp-admin/admin-ajax.php HTTP/1.1" 200 23
190.159.180.227 - - [26/Jul/2015:11:34:20 -0500] "GET /galeria/mapa/3MapaBogot%C3%A1.jpg HTTP/1.1" 200 688183
190.26.77.140 - - [26/Jul/2015:11:34:21 -0500] "GET /galeria/galeria/fotos/Entrenube2G.jpg HTTP/1.1" 200 111422
201.245.192.253 - - [26/Jul/2015:11:34:15 -0500] "POST /wp-admin/admin-ajax.php HTTP/1.1" 200 23
74.86.158.107 - - [26/Jul/2015:11:34:32 -0500] "HEAD / HTTP/1.1" 200 -
172.22.2.3 - - [26/Jul/2015:11:34:35 -0500] "POST /cumbredelclima/wp-admin/admin-ajax.php HTTP/1.1" 200 23
66.249.64.96 - - [26/Jul/2015:11:34:38 -0500] "GET /BLA/resoluciones/AUTOS%202009/0527.pdf HTTP/1.1" 304 -
172.22.2.3 - - [26/Jul/2015:11:34:50 -0500] "POST /cumbredelclima/wp-admin/admin-ajax.php HTTP/1.1" 200 23
201.245.192.253 - - [26/Jul/2015:11:34:58 -0500] "GET /forest/session.jsp?a=0.20163362507320093 HTTP/1.1" 200 4
181.48.9.61 - - [26/Jul/2015:11:35:01 -0500] "GET /galeria/galeria/jquery.fancybox.js?v=2.1.5 HTTP/1.1" 304 -
181.48.9.61 - - [26/Jul/2015:11:35:01 -0500] "GET /BLA/boletinlegal/js/jquery.scrollShow.js HTTP/1.1" 304 -
181.48.9.61 - - [26/Jul/2015:11:35:01 -0500] "GET /galeria/galeria/jquery.fancybox.css?v=2.1.5 HTTP/1.1" 304 -
181.48.9.61 - - [26/Jul/2015:11:35:01 -0500] "GET /galeria/carrusel/Carrusel/jquery.thumbnailScroller.css HTTP/1.1" 304 -
186.84.183.124 - - [26/Jul/2015:11:35:01 -0500] "GET /BLA/resoluciones/RESOLUCIONES%202009/3795.pdf HTTP/1.1" 200 415174
181.48.9.61 - - [26/Jul/2015:11:35:01 -0500] "GET /galeria/carrusel/Carrusel/jquery-ui-1.8.13.custom.min.js HTTP/1.1" 304 -
181.48.9.61 - - [26/Jul/2015:11:35:02 -0500] "GET /galeria/carrusel/Carrusel/jquery.thumbnailScroller.js HTTP/1.1" 304 -
172.22.2.3 - - [26/Jul/2015:11:35:05 -0500] "POST /cumbredelclima/wp-admin/admin-ajax.php HTTP/1.1" 200 23
181.48.9.61 - - [26/Jul/2015:11:35:13 -0500] "GET /galeria/nivo-slider/demo/demo.html HTTP/1.1" 304 -
181.48.9.61 - - [26/Jul/2015:11:35:13 -0500] "GET /galeria/nivo-slider/themes/pascal/pascal.css HTTP/1.1" 304 -
181.48.9.61 - - [26/Jul/2015:11:35:13 -0500] "GET /galeria/nivo-slider/themes/default/default.css HTTP/1.1" 304 -
181.48.9.61 - - [26/Jul/2015:11:35:14 -0500] "GET /galeria/nivo-slider/themes/orman/orman.css HTTP/1.1" 304 -
181.48.9.61 - - [26/Jul/2015:11:35:14 -0500] "GET /galeria/nivo-slider/demo/style.css HTTP/1.1" 304 -
181.48.9.61 - - [26/Jul/2015:11:35:14 -0500] "GET /galeria/nivo-slider/demo/scripts/jquery-1.7.1.min.js HTTP/1.1" 304 -
181.48.9.61 - - [26/Jul/2015:11:35:14 -0500] "GET /galeria/nivo-slider/jquery.nivo.slider.pack.js HTTP/1.1" 304 -
181.48.9.61 - - [26/Jul/2015:11:35:14 -0500] "GET /galeria/nivo-slider/nivo-slider.css HTTP/1.1" 304 -
181.48.9.61 - - [26/Jul/2015:11:35:14 -0500] "GET /galeria/nivo-slider/demo/images/Rendicion-de-cuentas.jpg HTTP/1.1" 304 -
181.48.9.61 - - [26/Jul/2015:11:35:15 -0500] "GET /galeria/nivo-slider/demo/images/banner-llantas2.jpg HTTP/1.1" 304 -
181.48.9.61 - - [26/Jul/2015:11:35:16 -0500] "GET /galeria/nivo-slider/demo/images/Semana-PYBA.jpg HTTP/1.1" 304 -
181.48.9.61 - - [26/Jul/2015:11:35:16 -0500] "GET /galeria/nivo-slider/demo/images/VoluntariadoPYBA.jpg HTTP/1.1" 304 -
181.48.9.61 - - [26/Jul/2015:11:35:16 -0500] "GET /galeria/nivo-slider/demo/images/PREDAcamp.jpg HTTP/1.1" 304 -
181.48.9.61 - - [26/Jul/2015:11:35:18 -0500] "GET /galeria/nivo-slider/demo/images/9Signos.jpg HTTP/1.1" 304 -
66.249.64.96 - - [26/Jul/2015:11:35:20 -0500] "GET /BLA/resoluciones/AUTOS%202009/0730.pdf HTTP/1.1" 304 -
172.22.2.3 - - [26/Jul/2015:11:35:20 -0500] "POST /cumbredelclima/wp-admin/admin-ajax.php HTTP/1.1" 200 23
181.48.9.61 - - [26/Jul/2015:11:35:23 -0500] "GET /galeria/nivo-slider/demo/images/Comparendo-ambiental-Banner.jpg HTTP/1.1" 304 -
181.48.9.61 - - [26/Jul/2015:11:35:25 -0500] "GET /galeria/nivo-slider/demo/images/GAE-banner.jpg HTTP/1.1" 304 -
181.48.9.61 - - [26/Jul/2015:11:35:25 -0500] "GET /galeria/nivo-slider/demo/images/Banner-encuesta-de-percepscio.jpg HTTP/1.1" 304 -
181.48.9.61 - - [26/Jul/2015:11:35:26 -0500] "GET /galeria/nivo-slider/demo/images/banner-Pacto-por-la-madera.jpg HTTP/1.1" 304 -
181.48.9.61 - - [26/Jul/2015:11:35:28 -0500] "GET /galeria/nivo-slider/demo/images/acuerdo_569.jpg HTTP/1.1" 304 -
181.48.9.61 - - [26/Jul/2015:11:35:31 -0500] "GET /galeria/nivo-slider/demo/images/Licitaciones-proyecto-paramo.jpg HTTP/1.1" 304 -
78.206.92.127 - - [26/Jul/2015:11:35:32 -0500] "GET /webdav/x32.php?host=83.155.59.222:23539&time=60&port=80 HTTP/1.1" 404 1018
181.48.9.61 - - [26/Jul/2015:11:35:32 -0500] "GET /galeria/nivo-slider/demo/images/Banner-decreto1299.jpg HTTP/1.1" 304 -
181.48.9.61 - - [26/Jul/2015:11:35:32 -0500] "GET /galeria/nivo-slider/demo/images/Banner-Directorio.jpg HTTP/1.1" 304 -
181.48.9.61 - - [26/Jul/2015:11:35:34 -0500] "GET /galeria/nivo-slider/demo/images/Ruta-vertimientos-01.jpg HTTP/1.1" 304 -
181.48.9.61 - - [26/Jul/2015:11:35:35 -0500] "GET /galeria/nivo-slider/demo/images/bolsas-06.jpg HTTP/1.1" 304 -
172.22.2.3 - - [26/Jul/2015:11:35:35 -0500] "POST /cumbredelclima/wp-admin/admin-ajax.php HTTP/1.1" 200 23
181.48.9.61 - - [26/Jul/2015:11:35:37 -0500] "GET /galeria/nivo-slider/demo/images/Conoce-los-humedales.jpg HTTP/1.1" 304 -
186.155.125.81 - - [26/Jul/2015:11:35:37 -0500] "GET /galeria/galeria/fotos/3humedal-Burro3G.jpg HTTP/1.1" 200 74809
181.48.9.61 - - [26/Jul/2015:11:35:38 -0500] "GET /galeria/nivo-slider/demo/images/ecolecta-Dic2014.png HTTP/1.1" 304 -
181.48.9.61 - - [26/Jul/2015:11:35:38 -0500] "GET /galeria/nivo-slider/demo/images/Banner-Caracol-Africano.jpg HTTP/1.1" 304 -
181.48.9.61 - - [26/Jul/2015:11:35:40 -0500] "GET /galeria/nivo-slider/demo/images/4Simple_Slider.png HTTP/1.1" 304 -
181.48.9.61 - - [26/Jul/2015:11:35:41 -0500] "GET /galeria/nivo-slider/themes/default/loading.gif HTTP/1.1" 304 -
181.48.9.61 - - [26/Jul/2015:11:35:47 -0500] "GET /galeria/nivo-slider/themes/default/bullets.png HTTP/1.1" 304 -
181.48.9.61 - - [26/Jul/2015:11:35:47 -0500] "GET /galeria/nivo-slider/themes/default/arrows.png HTTP/1.1" 304 -
172.22.2.3 - - [26/Jul/2015:11:35:50 -0500] "POST /cumbredelclima/wp-admin/admin-ajax.php HTTP/1.1" 200 23
181.48.9.61 - - [26/Jul/2015:11:35:57 -0500] "GET /galeria/nivo-slider/demo/images/Rendicion-de-cuentas.jpg HTTP/1.1" 304 -
66.249.64.96 - - [26/Jul/2015:11:36:01 -0500] "GET /BLA/resoluciones/RESOLUCIONES%202007/RES%202007%20401%20AL%20500/RESOLUCION%200461%20DE%202007.pdf HTTP/1.1" 304 -
172.22.2.3 - - [26/Jul/2015:11:36:05 -0500] "POST /cumbredelclima/wp-admin/admin-ajax.php HTTP/1.1" 200 23
180.76.15.136 - - [26/Jul/2015:11:35:56 -0500] "GET /estrategia-internacional/ HTTP/1.1" 200 42477
186.155.125.81 - - [26/Jul/2015:11:36:13 -0500] "GET /galeria/galeria/fotos/3humedal-Burro3G.jpg HTTP/1.1" 200 74809
201.245.192.253 - - [26/Jul/2015:11:36:15 -0500] "POST /wp-admin/admin-ajax.php HTTP/1.1" 200 23
181.50.171.134 - - [26/Jul/2015:11:36:19 -0500] "GET /forest/session.jsp?a=0.6447032202488764 HTTP/1.1" 200 4
172.22.2.3 - - [26/Jul/2015:11:36:20 -0500] "POST /cumbredelclima/wp-admin/admin-ajax.php HTTP/1.1" 200 23
190.240.153.113 - - [26/Jul/2015:11:36:23 -0500] "GET /BLA/boletinlegal/js/jquery.scrollShow.js HTTP/1.1" 200 4586
190.240.153.113 - - [26/Jul/2015:11:36:23 -0500] "GET /galeria/galeria/jquery.fancybox.js?v=2.1.5 HTTP/1.1" 200 48706
190.240.153.113 - - [26/Jul/2015:11:36:23 -0500] "GET /galeria/galeria/jquery.fancybox.css?v=2.1.5 HTTP/1.1" 200 4895
200.119.32.43 - - [26/Jul/2015:11:36:26 -0500] "GET /forest/session.jsp?a=0.9828516100533307 HTTP/1.1" 200 4
190.240.153.113 - - [26/Jul/2015:11:36:34 -0500] "GET /BLA/boletinlegal/js/jquery.scrollShow.js HTTP/1.1" 304 -
190.240.153.113 - - [26/Jul/2015:11:36:34 -0500] "GET /galeria/galeria/jquery.fancybox.js?v=2.1.5 HTTP/1.1" 304 -
190.240.153.113 - - [26/Jul/2015:11:36:34 -0500] "GET /galeria/galeria/jquery.fancybox.css?v=2.1.5 HTTP/1.1" 304 -
172.22.2.3 - - [26/Jul/2015:11:36:35 -0500] "POST /cumbredelclima/wp-admin/admin-ajax.php HTTP/1.1" 200 23
201.245.219.182 - - [26/Jul/2015:11:30:36 -0500] "GET /ForestMSG_SDA/channelAsync/template_word_18751323?X-Atmosphere-tracking-id=6a3d8910-621a-68e1-b1ab-365480f98ff0&X-Atmosphere-Framework=1.0.5&X-Atmosphere-Transport=long-polling&tabid=0.7504378110170364&X-Cache-Date=0&Content-Type=application/xml&_=1437928375279 HTTP/1.1" 200 8193
66.249.64.96 - - [26/Jul/2015:11:36:43 -0500] "GET /BLA/resoluciones/RESOLUCIONES%202011/5794.pdf HTTP/1.1" 304 -
201.245.192.253 - - [26/Jul/2015:11:36:46 -0500] "GET /forest/session.jsp?a=0.4033860556556085 HTTP/1.1" 200 4
190.68.197.230 - - [26/Jul/2015:11:36:47 -0500] "GET /forest/session.jsp?a=0.199062843574211 HTTP/1.1" 200 4
66.249.64.248 - - [26/Jul/2015:11:36:49 -0500] "GET /PruebasSTORM/StormSDA_pruebas/userFiles/user_files/listas/168.xml HTTP/1.1" 200 260
172.22.2.3 - - [26/Jul/2015:11:36:50 -0500] "POST /cumbredelclima/wp-admin/admin-ajax.php HTTP/1.1" 200 23
172.22.2.3 - - [26/Jul/2015:11:37:05 -0500] "POST /cumbredelclima/wp-admin/admin-ajax.php HTTP/1.1" 200 23
186.98.179.142 - - [26/Jul/2015:11:37:11 -0500] "GET /galeria/galeria/jquery.fancybox.css?v=2.1.5 HTTP/1.1" 200 4895
186.98.179.142 - - [26/Jul/2015:11:37:11 -0500] "GET /BLA/boletinlegal/js/jquery.scrollShow.js HTTP/1.1" 200 4586
186.98.179.142 - - [26/Jul/2015:11:37:11 -0500] "GET /galeria/galeria/jquery.fancybox.js?v=2.1.5 HTTP/1.1" 200 48706
172.22.2.3 - - [26/Jul/2015:11:37:20 -0500] "POST /cumbredelclima/wp-admin/admin-ajax.php HTTP/1.1" 200 23
66.249.64.101 - - [26/Jul/2015:11:37:24 -0500] "GET /BLA/resoluciones/RESOLUCIONES%202010/7471.pdf HTTP/1.1" 304 -
172.22.2.3 - - [26/Jul/2015:11:37:35 -0500] "POST /cumbredelclima/wp-admin/admin-ajax.php HTTP/1.1" 200 23
186.98.179.142 - - [26/Jul/2015:11:37:37 -0500] "GET /galeria/galeria/jquery.fancybox.css?v=2.1.5 HTTP/1.1" 304 -
186.98.179.142 - - [26/Jul/2015:11:37:38 -0500] "GET /BLA/boletinlegal/js/jquery.scrollShow.js HTTP/1.1" 304 -
186.98.179.142 - - [26/Jul/2015:11:37:38 -0500] "GET /galeria/galeria/jquery.fancybox.js?v=2.1.5 HTTP/1.1" 304 -
190.68.197.230 - - [26/Jul/2015:11:31:45 -0500] "GET /ForestMSG_SDA/channelAsync/template_word_18751393?X-Atmosphere-tracking-id=1ea54a25-0254-0c7e-d2c8-455f02cfe208&X-Atmosphere-Framework=1.0.5&X-Atmosphere-Transport=long-polling&tabid=0.01768597401678562&X-Cache-Date=0&Content-Type=application/xml&_=1437928443656 HTTP/1.1" 200 8193
172.22.2.3 - - [26/Jul/2015:11:37:50 -0500] "POST /cumbredelclima/wp-admin/admin-ajax.php HTTP/1.1" 200 23
181.61.159.16 - - [26/Jul/2015:11:38:01 -0500] "GET /BLA/boletinlegal/js/jquery.scrollShow.js HTTP/1.1" 200 4586
181.61.159.16 - - [26/Jul/2015:11:38:01 -0500] "GET /galeria/galeria/jquery.fancybox.js?v=2.1.5 HTTP/1.1" 200 48706
181.61.159.16 - - [26/Jul/2015:11:38:01 -0500] "GET /galeria/galeria/jquery.fancybox.css?v=2.1.5 HTTP/1.1" 200 4895
66.249.64.253 - - [26/Jul/2015:11:38:04 -0500] "GET /PORTAL_SIAC/swf/Residuos/maderas/images/page25_thumbnail.jpg HTTP/1.1" 200 10894
172.22.2.3 - - [26/Jul/2015:11:38:05 -0500] "POST /cumbredelclima/wp-admin/admin-ajax.php HTTP/1.1" 200 23
66.249.64.243 - - [26/Jul/2015:11:38:06 -0500] "GET /Autoliquidacion/Solicitudes%20relacionadas%20con%20calidad%20del%20aire%20auditiva%20y%20visual/Acompa%C3%B1amiento%20para%20muestreo%20isocin%C3%A9tico%20y%20o%20determinaciones%20de%20emisiones%20a%20fuentes%20fijas/lineamientos%20Construccion%20Mues%20Emision%20.pdf HTTP/1.1" 304 -
172.22.2.3 - - [26/Jul/2015:11:38:20 -0500] "POST /cumbredelclima/wp-admin/admin-ajax.php HTTP/1.1" 200 23
201.245.192.253 - - [26/Jul/2015:11:38:15 -0500] "POST /wp-admin/admin-ajax.php HTTP/1.1" 200 23
181.61.159.16 - - [26/Jul/2015:11:38:34 -0500] "GET /BLA/boletinlegal/js/jquery.scrollShow.js HTTP/1.1" 304 -
181.61.159.16 - - [26/Jul/2015:11:38:34 -0500] "GET /galeria/galeria/jquery.fancybox.css?v=2.1.5 HTTP/1.1" 304 -
181.61.159.16 - - [26/Jul/2015:11:38:34 -0500] "GET /galeria/galeria/jquery.fancybox.js?v=2.1.5 HTTP/1.1" 304 -
172.22.2.3 - - [26/Jul/2015:11:38:35 -0500] "POST /cumbredelclima/wp-admin/admin-ajax.php HTTP/1.1" 200 23
190.252.144.189 - - [26/Jul/2015:11:38:42 -0500] "GET /galeria/galeria/jquery.fancybox.css?v=2.1.5 HTTP/1.1" 200 4895
190.252.144.189 - - [26/Jul/2015:11:38:42 -0500] "GET /BLA/boletinlegal/js/jquery.scrollShow.js HTTP/1.1" 200 4586
190.252.144.189 - - [26/Jul/2015:11:38:42 -0500] "GET /galeria/galeria/jquery.fancybox.js?v=2.1.5 HTTP/1.1" 200 48706
66.249.64.101 - - [26/Jul/2015:11:38:47 -0500] "GET /BLA/directivas/2011/1.pdf HTTP/1.1" 304 -
172.22.2.3 - - [26/Jul/2015:11:38:50 -0500] "POST /cumbredelclima/wp-admin/admin-ajax.php HTTP/1.1" 200 23
186.80.202.175 - - [26/Jul/2015:11:39:03 -0500] "GET /galeria/galeria/jquery.fancybox.js?v=2.1.5 HTTP/1.1" 200 48706
186.80.202.175 - - [26/Jul/2015:11:39:03 -0500] "GET /galeria/galeria/jquery.fancybox.css?v=2.1.5 HTTP/1.1" 200 4895
186.80.202.175 - - [26/Jul/2015:11:39:03 -0500] "GET /BLA/boletinlegal/js/jquery.scrollShow.js HTTP/1.1" 200 4586
172.22.2.3 - - [26/Jul/2015:11:39:05 -0500] "POST /cumbredelclima/wp-admin/admin-ajax.php HTTP/1.1" 200 23
186.30.3.224 - - [26/Jul/2015:11:39:17 -0500] "GET /BLA/boletinlegal/js/jquery.scrollShow.js HTTP/1.1" 200 4586
186.30.3.224 - - [26/Jul/2015:11:39:17 -0500] "GET /galeria/galeria/jquery.fancybox.js?v=2.1.5 HTTP/1.1" 200 48706
186.30.3.224 - - [26/Jul/2015:11:39:17 -0500] "GET /galeria/galeria/jquery.fancybox.css?v=2.1.5 HTTP/1.1" 200 4895
172.22.2.3 - - [26/Jul/2015:11:39:20 -0500] "POST /cumbredelclima/wp-admin/admin-ajax.php HTTP/1.1" 200 23
186.30.3.224 - - [26/Jul/2015:11:39:21 -0500] "GET /galeria/galeria/jquery.fancybox.js?v=2.1.5 HTTP/1.1" 200 48706
186.30.3.224 - - [26/Jul/2015:11:39:21 -0500] "GET /BLA/boletinlegal/js/jquery.scrollShow.js HTTP/1.1" 200 4586
186.30.3.224 - - [26/Jul/2015:11:39:21 -0500] "GET /galeria/galeria/jquery.fancybox.css?v=2.1.5 HTTP/1.1" 200 4895
186.80.202.175 - - [26/Jul/2015:11:39:21 -0500] "GET /galeria/galeria/jquery.fancybox.js?v=2.1.5 HTTP/1.1" 200 48706
186.80.202.175 - - [26/Jul/2015:11:39:21 -0500] "GET /galeria/galeria/jquery.fancybox.css?v=2.1.5 HTTP/1.1" 200 4895
186.80.202.175 - - [26/Jul/2015:11:39:21 -0500] "GET /BLA/boletinlegal/js/jquery.scrollShow.js HTTP/1.1" 200 4586
66.249.64.106 - - [26/Jul/2015:11:39:29 -0500] "GET /BLA/resoluciones/RESOLUCIONES%202007/RES%202007%202201%20AL%202300/RESOLUCION%202293%20DE%202007.pdf HTTP/1.1" 304 -
74.86.158.107 - - [26/Jul/2015:11:39:32 -0500] "HEAD / HTTP/1.1" 200 -
172.22.2.3 - - [26/Jul/2015:11:39:35 -0500] "POST /cumbredelclima/wp-admin/admin-ajax.php HTTP/1.1" 200 23
181.63.234.7 - - [26/Jul/2015:11:39:44 -0500] "GET /BLA/resoluciones/RESOLUCIONES%202007/RES%202007%202801%20AL%202900/RESOLUCION%202807%20DE%202007.pdf HTTP/1.1" 200 363256
181.63.234.7 - - [26/Jul/2015:11:39:45 -0500] "GET /favicon.ico HTTP/1.1" 200 7782
172.22.2.3 - - [26/Jul/2015:11:39:50 -0500] "POST /cumbredelclima/wp-admin/admin-ajax.php HTTP/1.1" 200 23
201.245.192.253 - - [26/Jul/2015:11:39:58 -0500] "GET /forest/session.jsp?a=0.8029090557345345 HTTP/1.1" 200 4
78.206.92.127 - - [26/Jul/2015:11:40:00 -0500] "GET /webdav/x32.php?host=83.155.59.222&time=60&port=80 HTTP/1.1" 404 1018
172.22.2.3 - - [26/Jul/2015:11:40:05 -0500] "POST /cumbredelclima/wp-admin/admin-ajax.php HTTP/1.1" 200 23
190.160.206.91 - - [26/Jul/2015:11:40:09 -0500] "GET /BLA/boletinlegal/js/jquery.scrollShow.js HTTP/1.1" 200 4586
190.160.206.91 - - [26/Jul/2015:11:40:09 -0500] "GET /galeria/galeria/jquery.fancybox.js?v=2.1.5 HTTP/1.1" 200 48706
190.160.206.91 - - [26/Jul/2015:11:40:09 -0500] "GET /galeria/galeria/jquery.fancybox.css?v=2.1.5 HTTP/1.1" 200 4895
66.249.64.106 - - [26/Jul/2015:11:40:10 -0500] "GET /BLA/resoluciones/RESOLUCIONES%202010/7751.pdf HTTP/1.1" 304 -
190.157.172.223 - - [26/Jul/2015:11:40:13 -0500] "POST /forest/actions/manager.login?group_system_actual=5 HTTP/1.1" 200 14
190.157.172.223 - - [26/Jul/2015:11:40:13 -0500] "GET /forest/session.jsp?a=0.4354338177945465 HTTP/1.1" 200 4
172.22.2.3 - - [26/Jul/2015:11:40:20 -0500] "POST /cumbredelclima/wp-admin/admin-ajax.php HTTP/1.1" 200 23
190.157.172.223 - - [26/Jul/2015:11:40:26 -0500] "GET /forest/index2.jsp?_a=0.766055004671216 HTTP/1.1" 200 104053
190.157.172.223 - - [26/Jul/2015:11:40:27 -0500] "GET /forest/session.jsp?a=0.687970524886623 HTTP/1.1" 200 4
201.245.192.253 - - [26/Jul/2015:11:40:15 -0500] "POST /wp-admin/admin-ajax.php HTTP/1.1" 200 23
190.157.172.223 - - [26/Jul/2015:11:40:33 -0500] "GET /forest/forms/showform.jsp?codPro=134&codForm=IncioNumeracion&a=0.9660324750002474 HTTP/1.1" 200 17109
172.22.2.3 - - [26/Jul/2015:11:40:35 -0500] "POST /cumbredelclima/wp-admin/admin-ajax.php HTTP/1.1" 200 23
190.157.172.223 - - [26/Jul/2015:11:40:36 -0500] "GET /forest/actions/forms.getList?codForm=IncioNumeracion&id=Tercero165&text=I HTTP/1.1" 200 1391
190.157.172.223 - - [26/Jul/2015:11:40:36 -0500] "GET /forest/actions/forms.getList?codForm=IncioNumeracion&id=Tercero165&text=IN HTTP/1.1" 200 1271
190.157.172.223 - - [26/Jul/2015:11:40:36 -0500] "GET /forest/actions/forms.getList?codForm=IncioNumeracion&id=Tercero165&text=ING HTTP/1.1" 200 1313
190.157.172.223 - - [26/Jul/2015:11:40:36 -0500] "GET /forest/actions/forms.getList?codForm=IncioNumeracion&id=Tercero165&text=INGL HTTP/1.1" 200 1239
190.157.172.223 - - [26/Jul/2015:11:40:36 -0500] "GET /forest/actions/forms.getList?codForm=IncioNumeracion&id=Tercero165&text=INGLA HTTP/1.1" 200 322
190.157.172.223 - - [26/Jul/2015:11:40:37 -0500] "GET /forest/actions/forms.getList?codForm=IncioNumeracion&id=Tercero165&text=INGLAT HTTP/1.1" 200 322
190.157.172.223 - - [26/Jul/2015:11:40:37 -0500] "GET /forest/actions/forms.getList?codForm=IncioNumeracion&id=Tercero165&text=INGLATER HTTP/1.1" 200 322
190.157.172.223 - - [26/Jul/2015:11:40:37 -0500] "GET /forest/actions/forms.getList?codForm=IncioNumeracion&id=Tercero165&text=INGLATE HTTP/1.1" 200 322
190.157.172.223 - - [26/Jul/2015:11:40:37 -0500] "GET /forest/actions/forms.getList?codForm=IncioNumeracion&id=Tercero165&text=INGLATERR HTTP/1.1" 200 322
190.157.172.223 - - [26/Jul/2015:11:40:37 -0500] "GET /forest/actions/forms.getList?codForm=IncioNumeracion&id=Tercero165&text=INGLATERRA HTTP/1.1" 200 322
190.157.172.223 - - [26/Jul/2015:11:40:39 -0500] "GET /forest/actions/forms.getList?codForm=IncioNumeracion&id=Tercero165&text=INGLATERRA%20 HTTP/1.1" 200 145
190.157.172.223 - - [26/Jul/2015:11:40:39 -0500] "GET /forest/actions/forms.getList?codForm=IncioNumeracion&id=Tercero165&text=INGLATERRA%20REA HTTP/1.1" 200 61
190.157.172.223 - - [26/Jul/2015:11:40:39 -0500] "GET /forest/actions/forms.getList?codForm=IncioNumeracion&id=Tercero165&text=INGLATERRA%20REAL HTTP/1.1" 200 61
190.157.172.223 - - [26/Jul/2015:11:40:39 -0500] "GET /forest/actions/forms.getList?codForm=IncioNumeracion&id=Tercero165&text=INGLATERRA%20RE HTTP/1.1" 200 61
190.157.172.223 - - [26/Jul/2015:11:40:39 -0500] "GET /forest/actions/forms.getList?codForm=IncioNumeracion&id=Tercero165&text=INGLATERRA%20R HTTP/1.1" 200 61
190.157.172.223 - - [26/Jul/2015:11:40:49 -0500] "GET /forest/misactividades.do?group_system_actual=3&codPro=95&_a=0.30319609743352727 HTTP/1.1" 200 38199
190.157.172.223 - - [26/Jul/2015:11:40:50 -0500] "GET /forest/skins/gdocs-jar/jsp/cookie.jsp?name=grid_nomter&del HTTP/1.1" 200 -
190.157.172.223 - - [26/Jul/2015:11:40:50 -0500] "GET /forest/skins/gdocs-jar/jsp/cookie.jsp?name=grid_nompro&del HTTP/1.1" 200 -
190.157.172.223 - - [26/Jul/2015:11:40:50 -0500] "GET /forest/session.jsp?a=0.966597854392603 HTTP/1.1" 200 4
190.157.172.223 - - [26/Jul/2015:11:40:50 -0500] "POST /forest/misactividades.do?ajax=true&a=0.15047270222567022 HTTP/1.1" 200 3334
172.22.2.3 - - [26/Jul/2015:11:40:50 -0500] "POST /cumbredelclima/wp-admin/admin-ajax.php HTTP/1.1" 200 23
66.249.64.106 - - [26/Jul/2015:11:40:51 -0500] "GET /BLA/resoluciones/RESOLUCIONES%202007/RES%202007%202301%20AL%202400/RESOLUCION%202347%20DE%202007.pdf HTTP/1.1" 304 -
190.157.172.223 - - [26/Jul/2015:11:40:54 -0500] "POST /forest/misactividades.do?ajax=true&a=0.09809703775681555 HTTP/1.1" 200 56
190.157.172.223 - - [26/Jul/2015:11:40:57 -0500] "POST /forest/misactividades.do?ajax=true&a=0.4868463175371289 HTTP/1.1" 200 1942
172.22.2.3 - - [26/Jul/2015:11:41:05 -0500] "POST /cumbredelclima/wp-admin/admin-ajax.php HTTP/1.1" 200 23
190.157.172.223 - - [26/Jul/2015:11:41:18 -0500] "GET /forest/skins/gdocs-jar/popup/popup.jsp?width=850&height=380&title=Informaci%F3n%20del%20radicado&uri=/forest/system/document.jsp%3FcodDoc%3D2098780&name=undefined&_a=0.6019070213660598&a=0.358353266492486 HTTP/1.1" 200 1315
190.157.172.223 - - [26/Jul/2015:11:41:18 -0500] "GET /forest/system/document.jsp?codDoc=2098780 HTTP/1.1" 200 13313
190.157.172.223 - - [26/Jul/2015:11:41:18 -0500] "GET /forest/system/document.jsp?codDoc=2098780 HTTP/1.1" 200 13313
181.50.171.134 - - [26/Jul/2015:11:41:19 -0500] "GET /forest/session.jsp?a=0.37213397041248975 HTTP/1.1" 200 4
172.22.2.3 - - [26/Jul/2015:11:41:20 -0500] "POST /cumbredelclima/wp-admin/admin-ajax.php HTTP/1.1" 200 23
190.157.172.223 - - [26/Jul/2015:11:41:19 -0500] "GET /forest/documentos/2098780/2015ER106407.pdf HTTP/1.1" 200 1737464
66.249.64.101 - - [26/Jul/2015:11:41:33 -0500] "GET /BLA/resoluciones/RESOLUCIONES%202012/1228.pdf HTTP/1.1" 304 -
172.22.2.3 - - [26/Jul/2015:11:41:35 -0500] "POST /cumbredelclima/wp-admin/admin-ajax.php HTTP/1.1" 200 23
201.245.192.253 - - [26/Jul/2015:11:41:46 -0500] "GET /forest/session.jsp?a=0.02561495923506829 HTTP/1.1" 200 4
190.68.197.230 - - [26/Jul/2015:11:41:48 -0500] "GET /forest/session.jsp?a=0.9739873067010194 HTTP/1.1" 200 4
172.22.2.3 - - [26/Jul/2015:11:41:50 -0500] "POST /cumbredelclima/wp-admin/admin-ajax.php HTTP/1.1" 200 23
172.22.2.3 - - [26/Jul/2015:11:42:05 -0500] "POST /cumbredelclima/wp-admin/admin-ajax.php HTTP/1.1" 200 23
66.249.64.106 - - [26/Jul/2015:11:42:14 -0500] "GET /BLA/resoluciones/AUTOS%202011/3603.pdf HTTP/1.1" 304 -
186.84.194.58 - - [26/Jul/2015:11:42:15 -0500] "GET /BLA/boletinlegal/js/jquery.scrollShow.js HTTP/1.1" 200 4586
186.84.194.58 - - [26/Jul/2015:11:42:15 -0500] "GET /galeria/galeria/jquery.fancybox.js?v=2.1.5 HTTP/1.1" 200 48706
186.84.194.58 - - [26/Jul/2015:11:42:15 -0500] "GET /galeria/galeria/jquery.fancybox.css?v=2.1.5 HTTP/1.1" 200 4895
186.84.194.58 - - [26/Jul/2015:11:42:15 -0500] "GET /galeria/carrusel/Carrusel/jquery.thumbnailScroller.css HTTP/1.1" 200 2066
186.84.194.58 - - [26/Jul/2015:11:42:15 -0500] "GET /galeria/carrusel/Carrusel/jquery-ui-1.8.13.custom.min.js HTTP/1.1" 200 10800
186.84.194.58 - - [26/Jul/2015:11:42:15 -0500] "GET /galeria/carrusel/Carrusel/jquery.thumbnailScroller.js HTTP/1.1" 200 8157
186.84.194.58 - - [26/Jul/2015:11:42:17 -0500] "GET /galeria/nivo-slider/demo/demo.html HTTP/1.1" 200 5224
186.84.194.58 - - [26/Jul/2015:11:42:18 -0500] "GET /galeria/nivo-slider/themes/pascal/pascal.css HTTP/1.1" 200 2258
186.84.194.58 - - [26/Jul/2015:11:42:18 -0500] "GET /galeria/nivo-slider/themes/orman/orman.css HTTP/1.1" 200 2152
186.84.194.58 - - [26/Jul/2015:11:42:18 -0500] "GET /galeria/nivo-slider/themes/default/default.css HTTP/1.1" 200 1569
186.84.194.58 - - [26/Jul/2015:11:42:18 -0500] "GET /galeria/nivo-slider/nivo-slider.css HTTP/1.1" 200 1507
186.84.194.58 - - [26/Jul/2015:11:42:18 -0500] "GET /galeria/nivo-slider/demo/style.css HTTP/1.1" 200 2222
186.84.194.58 - - [26/Jul/2015:11:42:18 -0500] "GET /galeria/nivo-slider/demo/scripts/jquery-1.7.1.min.js HTTP/1.1" 200 93868
186.84.194.58 - - [26/Jul/2015:11:42:18 -0500] "GET /galeria/nivo-slider/jquery.nivo.slider.pack.js HTTP/1.1" 200 11561
186.84.194.58 - - [26/Jul/2015:11:42:18 -0500] "GET /galeria/nivo-slider/demo/images/banner-llantas2.jpg HTTP/1.1" 200 204644
186.84.194.58 - - [26/Jul/2015:11:42:18 -0500] "GET /galeria/nivo-slider/demo/images/Rendicion-de-cuentas.jpg HTTP/1.1" 200 309079
186.84.194.58 - - [26/Jul/2015:11:42:18 -0500] "GET /galeria/nivo-slider/demo/images/PREDAcamp.jpg HTTP/1.1" 200 295358
186.84.194.58 - - [26/Jul/2015:11:42:18 -0500] "GET /galeria/nivo-slider/demo/images/Semana-PYBA.jpg HTTP/1.1" 200 147360
186.84.194.58 - - [26/Jul/2015:11:42:18 -0500] "GET /galeria/nivo-slider/demo/images/VoluntariadoPYBA.jpg HTTP/1.1" 200 40647
186.84.194.58 - - [26/Jul/2015:11:42:19 -0500] "GET /galeria/nivo-slider/demo/images/9Signos.jpg HTTP/1.1" 200 81776
186.84.194.58 - - [26/Jul/2015:11:42:19 -0500] "GET /galeria/nivo-slider/demo/images/4Simple_Slider.png HTTP/1.1" 200 11722
186.84.194.58 - - [26/Jul/2015:11:42:20 -0500] "GET /galeria/nivo-slider/themes/default/loading.gif HTTP/1.1" 200 1737
186.84.194.58 - - [26/Jul/2015:11:42:20 -0500] "GET /galeria/nivo-slider/demo/images/Comparendo-ambiental-Banner.jpg HTTP/1.1" 200 83731
186.84.194.58 - - [26/Jul/2015:11:42:20 -0500] "GET /galeria/nivo-slider/demo/images/GAE-banner.jpg HTTP/1.1" 200 97556
186.84.194.58 - - [26/Jul/2015:11:42:20 -0500] "GET /galeria/nivo-slider/demo/images/banner-Pacto-por-la-madera.jpg HTTP/1.1" 200 209966
186.84.194.58 - - [26/Jul/2015:11:42:20 -0500] "GET /galeria/nivo-slider/demo/images/Banner-encuesta-de-percepscio.jpg HTTP/1.1" 200 201899
186.84.194.58 - - [26/Jul/2015:11:42:20 -0500] "GET /galeria/nivo-slider/demo/images/acuerdo_569.jpg HTTP/1.1" 200 62670
186.84.194.58 - - [26/Jul/2015:11:42:20 -0500] "GET /galeria/nivo-slider/demo/images/Licitaciones-proyecto-paramo.jpg HTTP/1.1" 200 221877
172.22.2.3 - - [26/Jul/2015:11:42:20 -0500] "POST /cumbredelclima/wp-admin/admin-ajax.php HTTP/1.1" 200 23
186.84.194.58 - - [26/Jul/2015:11:42:21 -0500] "GET /galeria/nivo-slider/demo/images/Comparendo-ambiental-Banner.jpg HTTP/1.1" 206 1
186.84.194.58 - - [26/Jul/2015:11:42:21 -0500] "GET /galeria/nivo-slider/demo/images/GAE-banner.jpg HTTP/1.1" 206 1
186.84.194.58 - - [26/Jul/2015:11:42:21 -0500] "GET /galeria/nivo-slider/demo/images/Banner-encuesta-de-percepscio.jpg HTTP/1.1" 206 1
186.84.194.58 - - [26/Jul/2015:11:42:21 -0500] "GET /galeria/nivo-slider/demo/images/acuerdo_569.jpg HTTP/1.1" 200 62670
186.84.194.58 - - [26/Jul/2015:11:42:21 -0500] "GET /galeria/nivo-slider/demo/images/Licitaciones-proyecto-paramo.jpg HTTP/1.1" 200 221877
186.84.194.58 - - [26/Jul/2015:11:42:21 -0500] "GET /galeria/nivo-slider/demo/images/banner-Pacto-por-la-madera.jpg HTTP/1.1" 206 1
186.84.194.58 - - [26/Jul/2015:11:42:21 -0500] "GET /galeria/nivo-slider/demo/images/Banner-encuesta-de-percepscio.jpg HTTP/1.1" 206 200713
186.154.175.229 - - [26/Jul/2015:11:42:21 -0500] "GET /crossdomain.xml HTTP/1.1" 404 1280
186.84.194.58 - - [26/Jul/2015:11:42:21 -0500] "GET /galeria/nivo-slider/demo/images/Comparendo-ambiental-Banner.jpg HTTP/1.1" 206 19764
186.84.194.58 - - [26/Jul/2015:11:42:21 -0500] "GET /galeria/nivo-slider/demo/images/banner-Pacto-por-la-madera.jpg HTTP/1.1" 206 176660
186.84.194.58 - - [26/Jul/2015:11:42:21 -0500] "GET /galeria/nivo-slider/demo/images/GAE-banner.jpg HTTP/1.1" 206 32129
186.84.194.58 - - [26/Jul/2015:11:42:21 -0500] "GET /galeria/nivo-slider/demo/images/Banner-decreto1299.jpg HTTP/1.1" 200 182613
186.154.175.229 - - [26/Jul/2015:11:42:21 -0500] "GET /arcgis/services/Calidad_del_Agua_WQI/MapServer/WMSServer?LAYERS=3%2C4%2C5%2C6%2C7&BBOX=%2D74%2E07861806871274%2C4%2E593195865209883%2C%2D74%2E07211738124481%2C4%2E596417655411778&TRANSPARENT=TRUE&SERVICE=WMS&VERSION=1%2E1%2E1&SRS=EPSG%3A4686&REQUEST=GetMap&WIDTH=1366&FORMAT=image%2Fpng&HEIGHT=677&STYLES= HTTP/1.1" 200 5187
186.84.194.58 - - [26/Jul/2015:11:42:22 -0500] "GET /galeria/nivo-slider/demo/images/Banner-Directorio.jpg HTTP/1.1" 200 182068
186.84.194.58 - - [26/Jul/2015:11:42:22 -0500] "GET /galeria/nivo-slider/demo/images/Ruta-vertimientos-01.jpg HTTP/1.1" 200 130151
186.84.194.58 - - [26/Jul/2015:11:42:22 -0500] "GET /galeria/nivo-slider/demo/images/bolsas-06.jpg HTTP/1.1" 200 90982
186.84.194.58 - - [26/Jul/2015:11:42:23 -0500] "GET /galeria/nivo-slider/demo/images/Conoce-los-humedales.jpg HTTP/1.1" 200 294036
186.84.194.58 - - [26/Jul/2015:11:42:23 -0500] "GET /galeria/nivo-slider/demo/images/ecolecta-Dic2014.png HTTP/1.1" 200 288593
186.84.194.58 - - [26/Jul/2015:11:42:23 -0500] "GET /galeria/nivo-slider/demo/images/Banner-Caracol-Africano.jpg HTTP/1.1" 200 331986
186.84.194.58 - - [26/Jul/2015:11:42:25 -0500] "GET /galeria/nivo-slider/themes/default/bullets.png HTTP/1.1" 200 1281
186.84.194.58 - - [26/Jul/2015:11:42:25 -0500] "GET /galeria/nivo-slider/themes/default/arrows.png HTTP/1.1" 200 824
201.245.192.253 - - [26/Jul/2015:11:42:15 -0500] "POST /wp-admin/admin-ajax.php HTTP/1.1" 200 23
186.118.0.147 - - [26/Jul/2015:11:42:32 -0500] "GET /galeria/galeria/jquery.fancybox.css?v=2.1.5 HTTP/1.1" 200 4895
186.118.0.147 - - [26/Jul/2015:11:42:32 -0500] "GET /BLA/boletinlegal/js/jquery.scrollShow.js HTTP/1.1" 200 4586
186.118.0.147 - - [26/Jul/2015:11:42:32 -0500] "GET /galeria/galeria/jquery.fancybox.js?v=2.1.5 HTTP/1.1" 200 48706
172.22.2.3 - - [26/Jul/2015:11:42:35 -0500] "POST /cumbredelclima/wp-admin/admin-ajax.php HTTP/1.1" 200 23
201.245.219.182 - - [26/Jul/2015:11:36:37 -0500] "GET /ForestMSG_SDA/channelAsync/template_word_18751323?X-Atmosphere-tracking-id=6a3d8910-621a-68e1-b1ab-365480f98ff0&X-Atmosphere-Framework=1.0.5&X-Atmosphere-Transport=long-polling&tabid=0.7504378110170364&X-Cache-Date=0&Content-Type=application/xml&_=1437928736279 HTTP/1.1" 200 8193
172.22.2.3 - - [26/Jul/2015:11:42:50 -0500] "POST /cumbredelclima/wp-admin/admin-ajax.php HTTP/1.1" 200 23
186.118.0.147 - - [26/Jul/2015:11:42:54 -0500] "GET /galeria/galeria/jquery.fancybox.css?v=2.1.5 HTTP/1.1" 304 -
186.118.0.147 - - [26/Jul/2015:11:42:54 -0500] "GET /BLA/boletinlegal/js/jquery.scrollShow.js HTTP/1.1" 304 -
186.118.0.147 - - [26/Jul/2015:11:42:54 -0500] "GET /galeria/galeria/jquery.fancybox.js?v=2.1.5 HTTP/1.1" 304 -
190.157.172.223 - - [26/Jul/2015:11:42:56 -0500] "GET /forest/index2.jsp?_a=0.26408374053426087 HTTP/1.1" 200 104066
190.157.172.223 - - [26/Jul/2015:11:42:56 -0500] "GET /forest/session.jsp?a=0.6906295048538595 HTTP/1.1" 200 4
66.249.64.24 - - [26/Jul/2015:11:42:56 -0500] "GET /wp-content/uploads/2015/06/segundo-comunicado.pdf HTTP/1.1" 304 -
186.84.160.93 - - [26/Jul/2015:11:42:57 -0500] "GET /galeria/galeria/jquery.fancybox.css?v=2.1.5 HTTP/1.1" 200 4895
186.84.160.93 - - [26/Jul/2015:11:42:57 -0500] "GET /BLA/boletinlegal/js/jquery.scrollShow.js HTTP/1.1" 200 4586
186.84.160.93 - - [26/Jul/2015:11:42:57 -0500] "GET /galeria/galeria/jquery.fancybox.js?v=2.1.5 HTTP/1.1" 200 48706
190.157.172.223 - - [26/Jul/2015:11:42:59 -0500] "GET /forest/forms/showform.jsp?codPro=134&codForm=IncioNumeracion&a=0.052168845664709806 HTTP/1.1" 200 17109
190.157.172.223 - - [26/Jul/2015:11:43:00 -0500] "GET /forest/actions/forms.getList?codForm=IncioNumeracion&id=Tercero165&text=2015ER106407 HTTP/1.1" 200 2
190.157.172.223 - - [26/Jul/2015:11:43:04 -0500] "GET /forest/actions/forms.getList?codForm=IncioNumeracion&id=Tercero165&text=I HTTP/1.1" 200 1391
190.157.172.223 - - [26/Jul/2015:11:43:04 -0500] "GET /forest/actions/forms.getList?codForm=IncioNumeracion&id=Tercero165&text=IN HTTP/1.1" 200 1271
190.157.172.223 - - [26/Jul/2015:11:43:04 -0500] "GET /forest/actions/forms.getList?codForm=IncioNumeracion&id=Tercero165&text=ING HTTP/1.1" 200 1313
190.157.172.223 - - [26/Jul/2015:11:43:05 -0500] "GET /forest/actions/forms.getList?codForm=IncioNumeracion&id=Tercero165&text=INGL HTTP/1.1" 200 1239
158.109.224.104 - - [26/Jul/2015:11:43:05 -0500] "GET /dama/libreria/jpg/ecosistemas/aulas/aa2_1.jpg HTTP/1.1" 404 1289
172.22.2.3 - - [26/Jul/2015:11:43:05 -0500] "POST /cumbredelclima/wp-admin/admin-ajax.php HTTP/1.1" 200 23
190.157.172.223 - - [26/Jul/2015:11:43:05 -0500] "GET /forest/actions/forms.getList?codForm=IncioNumeracion&id=Tercero165&text=INGLA HTTP/1.1" 200 322
190.157.172.223 - - [26/Jul/2015:11:43:05 -0500] "GET /forest/actions/forms.getList?codForm=IncioNumeracion&id=Tercero165&text=INGLAT HTTP/1.1" 200 322
190.157.172.223 - - [26/Jul/2015:11:43:05 -0500] "GET /forest/actions/forms.getList?codForm=IncioNumeracion&id=Tercero165&text=INGLATE HTTP/1.1" 200 322
190.157.172.223 - - [26/Jul/2015:11:43:05 -0500] "GET /forest/actions/forms.getList?codForm=IncioNumeracion&id=Tercero165&text=INGLATER HTTP/1.1" 200 322
190.157.172.223 - - [26/Jul/2015:11:43:05 -0500] "GET /forest/actions/forms.getList?codForm=IncioNumeracion&id=Tercero165&text=INGLATERR HTTP/1.1" 200 322
190.157.172.223 - - [26/Jul/2015:11:43:05 -0500] "GET /forest/actions/forms.getList?codForm=IncioNumeracion&id=Tercero165&text=INGLATERRA HTTP/1.1" 200 322
190.157.172.223 - - [26/Jul/2015:11:43:07 -0500] "GET /forest/actions/forms.getList?codForm=IncioNumeracion&id=Tercero165&text=INGLATERRA%20 HTTP/1.1" 200 145
190.157.172.223 - - [26/Jul/2015:11:43:07 -0500] "GET /forest/actions/forms.getList?codForm=IncioNumeracion&id=Tercero165&text=INGLATERRA%20R HTTP/1.1" 200 61
190.157.172.223 - - [26/Jul/2015:11:43:07 -0500] "GET /forest/actions/forms.getList?codForm=IncioNumeracion&id=Tercero165&text=INGLATERRA%20RE HTTP/1.1" 200 61
190.157.172.223 - - [26/Jul/2015:11:43:07 -0500] "GET /forest/actions/forms.getList?codForm=IncioNumeracion&id=Tercero165&text=INGLATERRA%20REA HTTP/1.1" 200 61
66.249.64.96 - - [26/Jul/2015:11:43:10 -0500] "GET /BLA/resoluciones/AUTOS%202012/1781.pdf HTTP/1.1" 304 -
186.84.160.93 - - [26/Jul/2015:11:43:19 -0500] "GET /galeria/galeria/jquery.fancybox.css?v=2.1.5 HTTP/1.1" 304 -
186.84.160.93 - - [26/Jul/2015:11:43:19 -0500] "GET /BLA/boletinlegal/js/jquery.scrollShow.js HTTP/1.1" 304 -
186.84.160.93 - - [26/Jul/2015:11:43:19 -0500] "GET /galeria/galeria/jquery.fancybox.js?v=2.1.5 HTTP/1.1" 304 -
172.22.2.3 - - [26/Jul/2015:11:43:20 -0500] "POST /cumbredelclima/wp-admin/admin-ajax.php HTTP/1.1" 200 23
190.27.85.64 - - [26/Jul/2015:11:43:21 -0500] "GET /BLA/boletinlegal/js/jquery.scrollShow.js HTTP/1.1" 200 4586
190.27.85.64 - - [26/Jul/2015:11:43:21 -0500] "GET /galeria/galeria/jquery.fancybox.js?v=2.1.5 HTTP/1.1" 200 48706
190.27.85.64 - - [26/Jul/2015:11:43:21 -0500] "GET /galeria/galeria/jquery.fancybox.css?v=2.1.5 HTTP/1.1" 200 4895
190.27.85.64 - - [26/Jul/2015:11:43:21 -0500] "GET /galeria/carrusel/Carrusel/jquery.thumbnailScroller.css HTTP/1.1" 200 2066
190.27.85.64 - - [26/Jul/2015:11:43:21 -0500] "GET /galeria/carrusel/Carrusel/jquery-ui-1.8.13.custom.min.js HTTP/1.1" 200 10800
190.27.85.64 - - [26/Jul/2015:11:43:21 -0500] "GET /galeria/carrusel/Carrusel/jquery.thumbnailScroller.js HTTP/1.1" 200 8157
190.27.85.64 - - [26/Jul/2015:11:43:21 -0500] "GET /galeria/nivo-slider/demo/demo.html HTTP/1.1" 200 5224
190.27.85.64 - - [26/Jul/2015:11:43:24 -0500] "GET /galeria/nivo-slider/themes/default/default.css HTTP/1.1" 200 1569
190.27.85.64 - - [26/Jul/2015:11:43:24 -0500] "GET /galeria/nivo-slider/themes/pascal/pascal.css HTTP/1.1" 200 2258
190.27.85.64 - - [26/Jul/2015:11:43:24 -0500] "GET /galeria/nivo-slider/nivo-slider.css HTTP/1.1" 200 1507
190.27.85.64 - - [26/Jul/2015:11:43:24 -0500] "GET /galeria/nivo-slider/demo/images/Rendicion-de-cuentas.jpg HTTP/1.1" 200 309079
190.27.85.64 - - [26/Jul/2015:11:43:24 -0500] "GET /galeria/nivo-slider/themes/orman/orman.css HTTP/1.1" 200 2152
190.27.85.64 - - [26/Jul/2015:11:43:24 -0500] "GET /galeria/nivo-slider/demo/style.css HTTP/1.1" 200 2222
190.27.85.64 - - [26/Jul/2015:11:43:24 -0500] "GET /galeria/nivo-slider/demo/scripts/jquery-1.7.1.min.js HTTP/1.1" 200 93868
190.27.85.64 - - [26/Jul/2015:11:43:24 -0500] "GET /galeria/nivo-slider/jquery.nivo.slider.pack.js HTTP/1.1" 200 11561
190.27.85.64 - - [26/Jul/2015:11:43:24 -0500] "GET /galeria/nivo-slider/demo/images/banner-llantas2.jpg HTTP/1.1" 200 204644
190.27.85.64 - - [26/Jul/2015:11:43:24 -0500] "GET /galeria/nivo-slider/demo/images/PREDAcamp.jpg HTTP/1.1" 200 295358
190.27.85.64 - - [26/Jul/2015:11:43:24 -0500] "GET /galeria/nivo-slider/demo/images/Semana-PYBA.jpg HTTP/1.1" 200 147360
190.27.85.64 - - [26/Jul/2015:11:43:25 -0500] "GET /galeria/nivo-slider/demo/images/VoluntariadoPYBA.jpg HTTP/1.1" 200 40647
190.27.85.64 - - [26/Jul/2015:11:43:25 -0500] "GET /galeria/nivo-slider/demo/images/9Signos.jpg HTTP/1.1" 200 81776
190.27.85.64 - - [26/Jul/2015:11:43:25 -0500] "GET /galeria/nivo-slider/demo/images/Comparendo-ambiental-Banner.jpg HTTP/1.1" 200 83731
190.27.85.64 - - [26/Jul/2015:11:43:26 -0500] "GET /galeria/nivo-slider/demo/images/GAE-banner.jpg HTTP/1.1" 200 97556
190.27.85.64 - - [26/Jul/2015:11:43:26 -0500] "GET /galeria/nivo-slider/themes/default/loading.gif HTTP/1.1" 200 1737
190.27.85.64 - - [26/Jul/2015:11:43:26 -0500] "GET /galeria/nivo-slider/demo/images/4Simple_Slider.png HTTP/1.1" 200 11722
190.27.85.64 - - [26/Jul/2015:11:43:26 -0500] "GET /galeria/nivo-slider/demo/images/Banner-encuesta-de-percepscio.jpg HTTP/1.1" 200 201899
190.27.85.64 - - [26/Jul/2015:11:43:26 -0500] "GET /galeria/nivo-slider/demo/images/banner-Pacto-por-la-madera.jpg HTTP/1.1" 200 209966
190.27.85.64 - - [26/Jul/2015:11:43:26 -0500] "GET /galeria/nivo-slider/demo/images/acuerdo_569.jpg HTTP/1.1" 200 62670
190.27.85.64 - - [26/Jul/2015:11:43:27 -0500] "GET /galeria/nivo-slider/demo/images/Licitaciones-proyecto-paramo.jpg HTTP/1.1" 200 221877
190.27.85.64 - - [26/Jul/2015:11:43:27 -0500] "GET /galeria/nivo-slider/demo/images/Banner-decreto1299.jpg HTTP/1.1" 200 182613
190.27.85.64 - - [26/Jul/2015:11:43:27 -0500] "GET /galeria/nivo-slider/demo/images/Banner-Directorio.jpg HTTP/1.1" 200 182068
190.27.85.64 - - [26/Jul/2015:11:43:27 -0500] "GET /galeria/nivo-slider/demo/images/Ruta-vertimientos-01.jpg HTTP/1.1" 200 130151
190.27.85.64 - - [26/Jul/2015:11:43:27 -0500] "GET /galeria/nivo-slider/demo/images/bolsas-06.jpg HTTP/1.1" 200 90982
190.27.85.64 - - [26/Jul/2015:11:43:28 -0500] "GET /galeria/nivo-slider/demo/images/Banner-Caracol-Africano.jpg HTTP/1.1" 200 331986
190.27.85.64 - - [26/Jul/2015:11:43:28 -0500] "GET /galeria/nivo-slider/demo/images/Conoce-los-humedales.jpg HTTP/1.1" 200 294036
190.27.85.64 - - [26/Jul/2015:11:43:28 -0500] "GET /galeria/nivo-slider/demo/images/ecolecta-Dic2014.png HTTP/1.1" 200 288593
190.157.172.223 - - [26/Jul/2015:11:43:11 -0500] "GET /forest/actions/forms.getList?codForm=IncioNumeracion&id=Radicaciones10&text=2015ER106407 HTTP/1.1" 200 41
190.27.85.64 - - [26/Jul/2015:11:43:31 -0500] "GET /galeria/nivo-slider/themes/default/arrows.png HTTP/1.1" 200 824
158.109.224.104 - - [26/Jul/2015:11:43:31 -0500] "GET /dama/libreria/jpg/ecosistemas/aulas/aa2_1.jpg HTTP/1.1" 404 1289
190.27.85.64 - - [26/Jul/2015:11:43:31 -0500] "GET /galeria/nivo-slider/themes/default/bullets.png HTTP/1.1" 200 1281
190.157.172.223 - - [26/Jul/2015:11:43:32 -0500] "GET /forest/actions/forms.getMappedValues?id=Radicaciones10&value=2098780&codForm=IncioNumeracion&a=0.5363824921660125 HTTP/1.1" 200 24
190.157.172.223 - - [26/Jul/2015:11:43:32 -0500] "GET /forest/actions/forms.getItemList?codForm=IncioNumeracion&id=NUMTER31&value=830074564&a=0.8908160326536745 HTTP/1.1" 200 71
172.22.2.3 - - [26/Jul/2015:11:43:35 -0500] "POST /cumbredelclima/wp-admin/admin-ajax.php HTTP/1.1" 200 23
66.249.64.106 - - [26/Jul/2015:11:43:37 -0500] "GET /BLA/resoluciones/RESOLUCIONES%202013/0800.pdf HTTP/1.1" 304 -
190.157.172.223 - - [26/Jul/2015:11:43:27 -0500] "GET /forest/actions/forms.getList?codForm=IncioNumeracion&id=Radicaciones10&text=2015ER1064 HTTP/1.1" 200 797
190.157.172.223 - - [26/Jul/2015:11:43:26 -0500] "GET /forest/actions/forms.getList?codForm=IncioNumeracion&id=Radicaciones10&text=2015ER10640 HTTP/1.1" 200 280
190.157.172.223 - - [26/Jul/2015:11:43:27 -0500] "GET /forest/actions/forms.getList?codForm=IncioNumeracion&id=Radicaciones10&text=2015ER106 HTTP/1.1" 200 781
190.68.197.230 - - [26/Jul/2015:11:37:46 -0500] "GET /ForestMSG_SDA/channelAsync/template_word_18751393?X-Atmosphere-tracking-id=1ea54a25-0254-0c7e-d2c8-455f02cfe208&X-Atmosphere-Framework=1.0.5&X-Atmosphere-Transport=long-polling&tabid=0.01768597401678562&X-Cache-Date=0&Content-Type=application/xml&_=1437928804287 HTTP/1.1" 200 8193
190.157.172.223 - - [26/Jul/2015:11:43:47 -0500] "POST /forest/actions/forms.saveForm?codPro=134 HTTP/1.1" 200 165
190.157.172.223 - - [26/Jul/2015:11:43:30 -0500] "GET /forest/actions/forms.getList?codForm=IncioNumeracion&id=Radicaciones10&text=2015ER106407 HTTP/1.1" 200 41
172.22.2.3 - - [26/Jul/2015:11:43:50 -0500] "POST /cumbredelclima/wp-admin/admin-ajax.php HTTP/1.1" 200 23
190.157.172.223 - - [26/Jul/2015:11:43:45 -0500] "GET /forest/actions/forms.getList?codForm=IncioNumeracion&id=Radicaciones10&text=2015ER1064 HTTP/1.1" 200 797
190.157.172.223 - - [26/Jul/2015:11:43:45 -0500] "GET /forest/actions/forms.getList?codForm=IncioNumeracion&id=Radicaciones10&text=2015ER10640 HTTP/1.1" 200 280
172.22.2.3 - - [26/Jul/2015:11:44:05 -0500] "POST /cumbredelclima/wp-admin/admin-ajax.php HTTP/1.1" 200 23
66.249.64.96 - - [26/Jul/2015:11:44:19 -0500] "GET /BLA/resoluciones/RESOLUCIONES%202010/4775.pdf HTTP/1.1" 304 -
172.22.2.3 - - [26/Jul/2015:11:44:20 -0500] "POST /cumbredelclima/wp-admin/admin-ajax.php HTTP/1.1" 200 23
190.157.172.223 - - [26/Jul/2015:11:44:24 -0500] "GET /forest/index2.jsp?group_system_actual=3&a=0.4176970131229609 HTTP/1.1" 200 105686
190.157.172.223 - - [26/Jul/2015:11:44:24 -0500] "GET /forest/session.jsp?a=0.556419642874971 HTTP/1.1" 200 4
190.157.172.223 - - [26/Jul/2015:11:44:26 -0500] "GET /forest/usutareas.do?group_system_actual=3&codTraEsc=18751425&_a=0.8472237494394163 HTTP/1.1" 200 112492
190.157.172.223 - - [26/Jul/2015:11:44:27 -0500] "GET /forest/session.jsp?a=0.46119178272783756 HTTP/1.1" 200 4
190.157.172.223 - - [26/Jul/2015:11:44:27 -0500] "GET /forest/actions/forms.getMappedValues?id=id_Numeracion1&value=1437929203879&codForm=ClasificarSolicitud&a=0.18133281916379929 HTTP/1.1" 200 120
201.245.192.253 - - [26/Jul/2015:11:44:15 -0500] "POST /wp-admin/admin-ajax.php HTTP/1.1" 200 23
74.86.158.107 - - [26/Jul/2015:11:44:32 -0500] "HEAD / HTTP/1.1" 200 -
172.22.2.3 - - [26/Jul/2015:11:44:35 -0500] "POST /cumbredelclima/wp-admin/admin-ajax.php HTTP/1.1" 200 23
190.157.172.223 - - [26/Jul/2015:11:44:47 -0500] "POST /forest/usutareas.do? HTTP/1.1" 200 76
190.157.172.223 - - [26/Jul/2015:11:44:49 -0500] "GET /forest/usutareas.do?group_system_actual=3&a=0.3299145018681884 HTTP/1.1" 200 103871
190.157.172.223 - - [26/Jul/2015:11:44:50 -0500] "GET /forest/session.jsp?a=0.9415855340193957 HTTP/1.1" 200 4
190.157.172.223 - - [26/Jul/2015:11:44:50 -0500] "GET /forest/actions/forms.getMappedValues?id=id_Numeracion1&value=1437929203879&codForm=ElaborarDocumento&a=0.637876297114417 HTTP/1.1" 200 107
172.22.2.3 - - [26/Jul/2015:11:44:50 -0500] "POST /cumbredelclima/wp-admin/admin-ajax.php HTTP/1.1" 200 23
190.157.172.223 - - [26/Jul/2015:11:44:53 -0500] "GET /forest/actions/forms.getList?codForm=ElaborarDocumento&id=Fun_Destino17&text=j HTTP/1.1" 200 1266
190.157.172.223 - - [26/Jul/2015:11:44:53 -0500] "GET /forest/actions/forms.getList?codForm=ElaborarDocumento&id=Fun_Destino17&text=ju HTTP/1.1" 200 1255
190.157.172.223 - - [26/Jul/2015:11:44:53 -0500] "GET /forest/actions/forms.getList?codForm=ElaborarDocumento&id=Fun_Destino17&text=jua HTTP/1.1" 200 1198
190.157.172.223 - - [26/Jul/2015:11:44:53 -0500] "GET /forest/actions/forms.getList?codForm=ElaborarDocumento&id=Fun_Destino17&text=juan HTTP/1.1" 200 1198
186.84.152.208 - - [26/Jul/2015:11:44:53 -0500] "GET /galeria/galeria/jquery.fancybox.css?v=2.1.5 HTTP/1.1" 200 4895
186.84.152.208 - - [26/Jul/2015:11:44:53 -0500] "GET /galeria/carrusel/Carrusel/jquery-ui-1.8.13.custom.min.js HTTP/1.1" 200 10800
186.84.152.208 - - [26/Jul/2015:11:44:53 -0500] "GET /galeria/carrusel/Carrusel/jquery.thumbnailScroller.js HTTP/1.1" 200 8157
186.84.152.208 - - [26/Jul/2015:11:44:53 -0500] "GET /BLA/boletinlegal/js/jquery.scrollShow.js HTTP/1.1" 200 4586
186.84.152.208 - - [26/Jul/2015:11:44:53 -0500] "GET /galeria/carrusel/Carrusel/jquery.thumbnailScroller.css HTTP/1.1" 200 2066
186.84.152.208 - - [26/Jul/2015:11:44:53 -0500] "GET /galeria/galeria/jquery.fancybox.js?v=2.1.5 HTTP/1.1" 200 48706
190.157.172.223 - - [26/Jul/2015:11:44:53 -0500] "GET /forest/actions/forms.getList?codForm=ElaborarDocumento&id=Fun_Destino17&text=juan%20 HTTP/1.1" 200 1198
190.157.172.223 - - [26/Jul/2015:11:44:53 -0500] "GET /forest/actions/forms.getList?codForm=ElaborarDocumento&id=Fun_Destino17&text=juan%20c HTTP/1.1" 200 1197
190.157.172.223 - - [26/Jul/2015:11:44:53 -0500] "GET /forest/actions/forms.getList?codForm=ElaborarDocumento&id=Fun_Destino17&text=juan%20ca HTTP/1.1" 200 1197
190.157.172.223 - - [26/Jul/2015:11:44:54 -0500] "GET /forest/actions/forms.getList?codForm=ElaborarDocumento&id=Fun_Destino17&text=juan%20car HTTP/1.1" 200 673
190.157.172.223 - - [26/Jul/2015:11:44:54 -0500] "GET /forest/actions/forms.getList?codForm=ElaborarDocumento&id=Fun_Destino17&text=juan%20carl HTTP/1.1" 200 673
190.157.172.223 - - [26/Jul/2015:11:44:54 -0500] "GET /forest/actions/forms.getList?codForm=ElaborarDocumento&id=Fun_Destino17&text=juan%20carlo HTTP/1.1" 200 673
190.157.172.223 - - [26/Jul/2015:11:44:54 -0500] "GET /forest/actions/forms.getList?codForm=ElaborarDocumento&id=Fun_Destino17&text=juan%20carlos HTTP/1.1" 200 673
190.157.172.223 - - [26/Jul/2015:11:44:54 -0500] "GET /forest/actions/forms.getList?codForm=ElaborarDocumento&id=Fun_Destino17&text=juan%20carlos%20 HTTP/1.1" 200 673
190.157.172.223 - - [26/Jul/2015:11:44:54 -0500] "GET /forest/actions/forms.getList?codForm=ElaborarDocumento&id=Fun_Destino17&text=juan%20carlos%20a HTTP/1.1" 200 176
186.84.152.208 - - [26/Jul/2015:11:44:54 -0500] "GET /galeria/nivo-slider/demo/demo.html HTTP/1.1" 200 5224
186.84.152.208 - - [26/Jul/2015:11:44:56 -0500] "GET /galeria/nivo-slider/nivo-slider.css HTTP/1.1" 200 1507
186.84.152.208 - - [26/Jul/2015:11:44:56 -0500] "GET /galeria/nivo-slider/themes/pascal/pascal.css HTTP/1.1" 200 2258
186.84.152.208 - - [26/Jul/2015:11:44:56 -0500] "GET /galeria/nivo-slider/themes/orman/orman.css HTTP/1.1" 200 2152
186.84.152.208 - - [26/Jul/2015:11:44:56 -0500] "GET /galeria/nivo-slider/themes/default/default.css HTTP/1.1" 200 1569
186.84.152.208 - - [26/Jul/2015:11:44:56 -0500] "GET /galeria/nivo-slider/demo/style.css HTTP/1.1" 200 2222
