66.249.64.96 - - [26/Jul/2015:07:20:00 -0500] "GET /manual_funciones_Listado/index.php?dir=2.5.%20Direcci%F3n%20de%20Gesti%F3n%20Corporativa/&sort=size&order=asc HTTP/1.1" 404 1018
172.22.2.3 - - [26/Jul/2015:07:20:13 -0500] "POST /cumbredelclima/wp-admin/admin-ajax.php HTTP/1.1" 200 23
201.245.192.253 - - [26/Jul/2015:07:20:13 -0500] "POST /wp-admin/admin-ajax.php HTTP/1.1" 200 23
172.22.2.3 - - [26/Jul/2015:07:20:28 -0500] "POST /cumbredelclima/wp-admin/admin-ajax.php HTTP/1.1" 200 23
157.55.39.89 - - [26/Jul/2015:07:20:36 -0500] "GET /galeria/galeria/jquery.fancybox.js?v=2.1.5 HTTP/1.1" 200 48706
157.55.39.145 - - [26/Jul/2015:07:20:43 -0500] "GET /galeria/galeria/jquery.fancybox.css?v=2.1.5 HTTP/1.1" 200 4895
172.22.2.3 - - [26/Jul/2015:07:20:43 -0500] "POST /cumbredelclima/wp-admin/admin-ajax.php HTTP/1.1" 200 23
172.22.2.3 - - [26/Jul/2015:07:20:58 -0500] "POST /cumbredelclima/wp-admin/admin-ajax.php HTTP/1.1" 200 23
172.22.2.3 - - [26/Jul/2015:07:21:13 -0500] "POST /cumbredelclima/wp-admin/admin-ajax.php HTTP/1.1" 200 23
172.22.2.3 - - [26/Jul/2015:07:21:28 -0500] "POST /cumbredelclima/wp-admin/admin-ajax.php HTTP/1.1" 200 23
172.22.2.3 - - [26/Jul/2015:07:21:43 -0500] "POST /cumbredelclima/wp-admin/admin-ajax.php HTTP/1.1" 200 23
201.245.192.253 - - [26/Jul/2015:07:21:45 -0500] "GET /forest/session.jsp?a=0.9909722497107635 HTTP/1.1" 200 4
172.22.2.3 - - [26/Jul/2015:07:21:58 -0500] "POST /cumbredelclima/wp-admin/admin-ajax.php HTTP/1.1" 200 23
172.22.2.3 - - [26/Jul/2015:07:22:13 -0500] "POST /cumbredelclima/wp-admin/admin-ajax.php HTTP/1.1" 200 23
201.245.192.253 - - [26/Jul/2015:07:22:13 -0500] "POST /wp-admin/admin-ajax.php HTTP/1.1" 200 23
172.22.2.3 - - [26/Jul/2015:07:22:28 -0500] "POST /cumbredelclima/wp-admin/admin-ajax.php HTTP/1.1" 200 23
66.249.64.106 - - [26/Jul/2015:07:22:42 -0500] "GET /BLA/resoluciones/RESOLUCIONES%202012/1391.pdf HTTP/1.1" 304 -
172.22.2.3 - - [26/Jul/2015:07:22:43 -0500] "POST /cumbredelclima/wp-admin/admin-ajax.php HTTP/1.1" 200 23
190.157.172.223 - - [26/Jul/2015:07:22:49 -0500] "GET /forest/session.jsp?a=0.3667130630929023 HTTP/1.1" 200 4
172.22.2.3 - - [26/Jul/2015:07:22:58 -0500] "POST /cumbredelclima/wp-admin/admin-ajax.php HTTP/1.1" 200 23
172.22.2.3 - - [26/Jul/2015:07:23:13 -0500] "POST /cumbredelclima/wp-admin/admin-ajax.php HTTP/1.1" 200 23
207.46.13.95 - - [26/Jul/2015:07:23:16 -0500] "GET /BLA/boletinlegal/js/jquery.scrollShow.js HTTP/1.1" 200 4586
172.22.2.3 - - [26/Jul/2015:07:23:28 -0500] "POST /cumbredelclima/wp-admin/admin-ajax.php HTTP/1.1" 200 23
172.22.2.3 - - [26/Jul/2015:07:23:43 -0500] "POST /cumbredelclima/wp-admin/admin-ajax.php HTTP/1.1" 200 23
172.22.2.3 - - [26/Jul/2015:07:23:58 -0500] "POST /cumbredelclima/wp-admin/admin-ajax.php HTTP/1.1" 200 23
172.22.2.3 - - [26/Jul/2015:07:24:13 -0500] "POST /cumbredelclima/wp-admin/admin-ajax.php HTTP/1.1" 200 23
201.245.192.253 - - [26/Jul/2015:07:24:13 -0500] "POST /wp-admin/admin-ajax.php HTTP/1.1" 200 23
172.22.2.3 - - [26/Jul/2015:07:24:28 -0500] "POST /cumbredelclima/wp-admin/admin-ajax.php HTTP/1.1" 200 23
74.86.158.107 - - [26/Jul/2015:07:24:33 -0500] "HEAD / HTTP/1.1" 200 -
186.145.105.202 - - [26/Jul/2015:07:24:33 -0500] "GET /galeria/nivo-slider/demo/demo.html HTTP/1.1" 304 -
186.145.105.202 - - [26/Jul/2015:07:24:36 -0500] "GET /galeria/nivo-slider/demo/images/Semana-PYBA.jpg HTTP/1.1" 304 -
186.145.105.202 - - [26/Jul/2015:07:24:36 -0500] "GET /galeria/nivo-slider/demo/images/Rendicion-de-cuentas.jpg HTTP/1.1" 304 -
186.145.105.202 - - [26/Jul/2015:07:24:36 -0500] "GET /galeria/nivo-slider/demo/images/PREDAcamp.jpg HTTP/1.1" 304 -
186.145.105.202 - - [26/Jul/2015:07:24:36 -0500] "GET /galeria/nivo-slider/demo/images/VoluntariadoPYBA.jpg HTTP/1.1" 304 -
181.253.57.134 - - [26/Jul/2015:07:24:43 -0500] "GET /BLA/boletinlegal/js/jquery.scrollShow.js HTTP/1.1" 200 4586
172.22.2.3 - - [26/Jul/2015:07:24:43 -0500] "POST /cumbredelclima/wp-admin/admin-ajax.php HTTP/1.1" 200 23
181.253.57.134 - - [26/Jul/2015:07:24:45 -0500] "GET /galeria/galeria/jquery.fancybox.js?v=2.1.5 HTTP/1.1" 200 48706
201.245.192.253 - - [26/Jul/2015:07:24:56 -0500] "GET /forest/session.jsp?a=0.22962503395798572 HTTP/1.1" 200 4
190.69.124.128 - - [26/Jul/2015:07:24:56 -0500] "GET /BLA/boletinlegal/js/jquery.scrollShow.js HTTP/1.1" 200 4586
190.69.124.128 - - [26/Jul/2015:07:24:56 -0500] "GET /galeria/galeria/jquery.fancybox.js?v=2.1.5 HTTP/1.1" 200 48706
190.69.124.128 - - [26/Jul/2015:07:24:56 -0500] "GET /galeria/galeria/jquery.fancybox.css?v=2.1.5 HTTP/1.1" 200 4895
220.181.108.179 - - [26/Jul/2015:07:24:58 -0500] "GET / HTTP/1.1" 200 10190
172.22.2.3 - - [26/Jul/2015:07:24:58 -0500] "POST /cumbredelclima/wp-admin/admin-ajax.php HTTP/1.1" 200 23
181.63.18.12 - - [26/Jul/2015:07:25:08 -0500] "GET /BLA/boletinlegal/js/jquery.scrollShow.js HTTP/1.1" 200 4586
181.63.18.12 - - [26/Jul/2015:07:25:08 -0500] "GET /galeria/galeria/jquery.fancybox.js?v=2.1.5 HTTP/1.1" 200 48706
181.63.18.12 - - [26/Jul/2015:07:25:08 -0500] "GET /galeria/galeria/jquery.fancybox.css?v=2.1.5 HTTP/1.1" 200 4895
181.63.18.12 - - [26/Jul/2015:07:25:08 -0500] "GET /galeria/carrusel/Carrusel/jquery.thumbnailScroller.css HTTP/1.1" 200 2066
181.63.18.12 - - [26/Jul/2015:07:25:08 -0500] "GET /galeria/carrusel/Carrusel/jquery-ui-1.8.13.custom.min.js HTTP/1.1" 200 10800
181.63.18.12 - - [26/Jul/2015:07:25:08 -0500] "GET /galeria/carrusel/Carrusel/jquery.thumbnailScroller.js HTTP/1.1" 200 8157
181.63.18.12 - - [26/Jul/2015:07:25:10 -0500] "GET /galeria/nivo-slider/demo/demo.html HTTP/1.1" 200 5224
181.63.18.12 - - [26/Jul/2015:07:25:13 -0500] "GET /galeria/nivo-slider/themes/default/default.css HTTP/1.1" 200 1569
172.22.2.3 - - [26/Jul/2015:07:25:13 -0500] "POST /cumbredelclima/wp-admin/admin-ajax.php HTTP/1.1" 200 23
181.63.18.12 - - [26/Jul/2015:07:25:14 -0500] "GET /galeria/nivo-slider/themes/pascal/pascal.css HTTP/1.1" 200 2258
181.63.18.12 - - [26/Jul/2015:07:25:14 -0500] "GET /galeria/nivo-slider/themes/orman/orman.css HTTP/1.1" 200 2152
181.63.18.12 - - [26/Jul/2015:07:25:14 -0500] "GET /galeria/nivo-slider/nivo-slider.css HTTP/1.1" 200 1507
181.63.18.12 - - [26/Jul/2015:07:25:14 -0500] "GET /galeria/nivo-slider/demo/style.css HTTP/1.1" 200 2222
181.63.18.12 - - [26/Jul/2015:07:25:14 -0500] "GET /galeria/nivo-slider/demo/scripts/jquery-1.7.1.min.js HTTP/1.1" 200 93868
181.63.18.12 - - [26/Jul/2015:07:25:14 -0500] "GET /galeria/nivo-slider/jquery.nivo.slider.pack.js HTTP/1.1" 200 11561
181.63.18.12 - - [26/Jul/2015:07:25:14 -0500] "GET /galeria/nivo-slider/demo/images/Rendicion-de-cuentas.jpg HTTP/1.1" 200 309079
181.63.18.12 - - [26/Jul/2015:07:25:14 -0500] "GET /galeria/nivo-slider/demo/images/banner-llantas2.jpg HTTP/1.1" 200 204644
181.63.18.12 - - [26/Jul/2015:07:25:14 -0500] "GET /galeria/nivo-slider/demo/images/Semana-PYBA.jpg HTTP/1.1" 200 147360
181.63.18.12 - - [26/Jul/2015:07:25:14 -0500] "GET /galeria/nivo-slider/demo/images/PREDAcamp.jpg HTTP/1.1" 200 295358
181.63.18.12 - - [26/Jul/2015:07:25:14 -0500] "GET /galeria/nivo-slider/demo/images/VoluntariadoPYBA.jpg HTTP/1.1" 200 40647
181.63.18.12 - - [26/Jul/2015:07:25:14 -0500] "GET /galeria/nivo-slider/demo/images/9Signos.jpg HTTP/1.1" 200 81776
181.63.18.12 - - [26/Jul/2015:07:25:14 -0500] "GET /galeria/nivo-slider/demo/images/Comparendo-ambiental-Banner.jpg HTTP/1.1" 200 83731
181.63.18.12 - - [26/Jul/2015:07:25:14 -0500] "GET /galeria/nivo-slider/demo/images/GAE-banner.jpg HTTP/1.1" 200 97556
181.63.18.12 - - [26/Jul/2015:07:25:14 -0500] "GET /galeria/nivo-slider/demo/images/Banner-encuesta-de-percepscio.jpg HTTP/1.1" 200 201899
181.63.18.12 - - [26/Jul/2015:07:25:14 -0500] "GET /galeria/nivo-slider/demo/images/banner-Pacto-por-la-madera.jpg HTTP/1.1" 200 209966
181.63.18.12 - - [26/Jul/2015:07:25:14 -0500] "GET /galeria/nivo-slider/demo/images/acuerdo_569.jpg HTTP/1.1" 200 62670
181.63.18.12 - - [26/Jul/2015:07:25:14 -0500] "GET /galeria/nivo-slider/demo/images/Licitaciones-proyecto-paramo.jpg HTTP/1.1" 200 221877
181.63.18.12 - - [26/Jul/2015:07:25:15 -0500] "GET /galeria/nivo-slider/demo/images/Banner-decreto1299.jpg HTTP/1.1" 200 182613
181.63.18.12 - - [26/Jul/2015:07:25:15 -0500] "GET /galeria/nivo-slider/demo/images/Banner-Directorio.jpg HTTP/1.1" 200 182068
181.63.18.12 - - [26/Jul/2015:07:25:15 -0500] "GET /galeria/nivo-slider/demo/images/Ruta-vertimientos-01.jpg HTTP/1.1" 200 130151
181.63.18.12 - - [26/Jul/2015:07:25:15 -0500] "GET /galeria/nivo-slider/demo/images/bolsas-06.jpg HTTP/1.1" 200 90982
181.63.18.12 - - [26/Jul/2015:07:25:18 -0500] "GET /galeria/nivo-slider/demo/images/Conoce-los-humedales.jpg HTTP/1.1" 200 294036
181.63.18.12 - - [26/Jul/2015:07:25:23 -0500] "GET /galeria/nivo-slider/demo/images/Banner-Caracol-Africano.jpg HTTP/1.1" 200 331986
181.63.18.12 - - [26/Jul/2015:07:25:27 -0500] "GET /galeria/nivo-slider/demo/images/4Simple_Slider.png HTTP/1.1" 200 11722
172.22.2.3 - - [26/Jul/2015:07:25:28 -0500] "POST /cumbredelclima/wp-admin/admin-ajax.php HTTP/1.1" 200 23
181.63.18.12 - - [26/Jul/2015:07:25:30 -0500] "GET /galeria/nivo-slider/themes/default/loading.gif HTTP/1.1" 200 1737
190.157.172.223 - - [26/Jul/2015:07:25:31 -0500] "GET /forest/reportes.do?group_system_actual=5&_a=0.6112844955641776 HTTP/1.1" 302 -
190.157.172.223 - - [26/Jul/2015:07:25:31 -0500] "GET /forest/reportes.do?menu=1&group_system_actual=5 HTTP/1.1" 200 32474
181.63.18.12 - - [26/Jul/2015:07:25:32 -0500] "GET /galeria/nivo-slider/demo/images/ecolecta-Dic2014.png HTTP/1.1" 200 288593
190.157.172.223 - - [26/Jul/2015:07:25:33 -0500] "GET /forest/session.jsp?a=0.8766870286781341 HTTP/1.1" 200 4
190.157.172.223 - - [26/Jul/2015:07:25:32 -0500] "GET /forest/parameter?action=listRpts&a=0.06621325598098338 HTTP/1.1" 200 87183
191.78.88.155 - - [26/Jul/2015:07:25:35 -0500] "GET /BLA/boletinlegal/js/jquery.scrollShow.js HTTP/1.1" 304 -
191.78.88.155 - - [26/Jul/2015:07:25:35 -0500] "GET /galeria/galeria/jquery.fancybox.js?v=2.1.5 HTTP/1.1" 304 -
191.78.88.155 - - [26/Jul/2015:07:25:35 -0500] "GET /galeria/galeria/jquery.fancybox.css?v=2.1.5 HTTP/1.1" 304 -
172.22.2.3 - - [26/Jul/2015:07:25:43 -0500] "POST /cumbredelclima/wp-admin/admin-ajax.php HTTP/1.1" 200 23
190.157.172.223 - - [26/Jul/2015:07:25:51 -0500] "GET /forest/parameter?action=parametersReportMDX&id_rpt=299&currentTab=tab_presentacion&a=0.5309742391109467 HTTP/1.1" 200 6283
190.157.172.223 - - [26/Jul/2015:07:25:52 -0500] "GET /forestReports/webcontent/birt/admin/img/popup/close.gif HTTP/1.1" 304 -
190.157.172.223 - - [26/Jul/2015:07:25:52 -0500] "GET /forestReports/webcontent/birt/admin/img/dtree/plus.gif HTTP/1.1" 304 -
190.157.172.223 - - [26/Jul/2015:07:25:52 -0500] "GET /forestReports/webcontent/birt/admin/img/popup/cancel.gif HTTP/1.1" 304 -
190.157.172.223 - - [26/Jul/2015:07:25:52 -0500] "GET /forestReports/webcontent/birt/admin/img/popup/okey.gif HTTP/1.1" 304 -
190.157.172.223 - - [26/Jul/2015:07:25:55 -0500] "GET /forest/parameter?action=parametersReportMDX&id_rpt=441&currentTab=tab_presentacion&a=0.4514881686773151 HTTP/1.1" 200 15976
172.22.2.3 - - [26/Jul/2015:07:25:58 -0500] "POST /cumbredelclima/wp-admin/admin-ajax.php HTTP/1.1" 200 23
181.63.18.12 - - [26/Jul/2015:07:25:59 -0500] "GET /galeria/nivo-slider/themes/default/arrows.png HTTP/1.1" 200 824
181.63.18.12 - - [26/Jul/2015:07:25:59 -0500] "GET /galeria/nivo-slider/themes/default/bullets.png HTTP/1.1" 200 1281
190.157.172.223 - - [26/Jul/2015:07:26:05 -0500] "POST /forest/frameset? HTTP/1.1" 200 56579
190.157.172.223 - - [26/Jul/2015:07:26:05 -0500] "GET /forestReports/webcontent/birt/styles/style.css HTTP/1.1" 304 -
190.157.172.223 - - [26/Jul/2015:07:26:05 -0500] "GET /forestReports/webcontent/birt/styles/dialogbase.css HTTP/1.1" 304 -
190.157.172.223 - - [26/Jul/2015:07:26:06 -0500] "GET /forestReports/webcontent/birt/ajax/utility/Debug.js HTTP/1.1" 304 -
190.157.172.223 - - [26/Jul/2015:07:26:06 -0500] "GET /forestReports/webcontent/birt/ajax/lib/prototype.js HTTP/1.1" 304 -
190.157.172.223 - - [26/Jul/2015:07:26:06 -0500] "GET /forestReports/webcontent/birt/ajax/lib/head.js HTTP/1.1" 304 -
190.157.172.223 - - [26/Jul/2015:07:26:06 -0500] "GET /forestReports/webcontent/birt/ajax/core/Mask.js HTTP/1.1" 304 -
190.157.172.223 - - [26/Jul/2015:07:26:06 -0500] "GET /forestReports/webcontent/birt/ajax/core/BirtDndManager.js HTTP/1.1" 304 -
190.157.172.223 - - [26/Jul/2015:07:26:06 -0500] "GET /forestReports/webcontent/birt/ajax/utility/BrowserUtility.js HTTP/1.1" 304 -
190.157.172.223 - - [26/Jul/2015:07:26:06 -0500] "GET /forestReports/webcontent/birt/ajax/utility/Constants.js HTTP/1.1" 304 -
190.157.172.223 - - [26/Jul/2015:07:26:06 -0500] "GET /forestReports/webcontent/birt/ajax/core/BirtEvent.js HTTP/1.1" 304 -
190.157.172.223 - - [26/Jul/2015:07:26:06 -0500] "GET /forestReports/webcontent/birt/ajax/core/BirtEventDispatcher.js HTTP/1.1" 304 -
190.157.172.223 - - [26/Jul/2015:07:26:06 -0500] "GET /forestReports/webcontent/birt/ajax/utility/BirtUtility.js HTTP/1.1" 304 -
190.157.172.223 - - [26/Jul/2015:07:26:06 -0500] "GET /forestReports/webcontent/birt/ajax/mh/BirtBaseResponseHandler.js HTTP/1.1" 304 -
190.157.172.223 - - [26/Jul/2015:07:26:06 -0500] "GET /forestReports/webcontent/birt/ajax/mh/BirtGetUpdatedObjectsResponseHandler.js HTTP/1.1" 304 -
190.157.172.223 - - [26/Jul/2015:07:26:06 -0500] "GET /forestReports/webcontent/birt/ajax/ui/app/AbstractUIComponent.js HTTP/1.1" 304 -
190.157.172.223 - - [26/Jul/2015:07:26:06 -0500] "GET /forestReports/webcontent/birt/ajax/ui/app/AbstractBaseToolbar.js HTTP/1.1" 304 -
190.157.172.223 - - [26/Jul/2015:07:26:06 -0500] "GET /forestReports/webcontent/birt/ajax/ui/app/AbstractBaseToc.js HTTP/1.1" 304 -
190.157.172.223 - - [26/Jul/2015:07:26:06 -0500] "GET /forestReports/webcontent/birt/ajax/ui/app/BirtToolbar.js HTTP/1.1" 304 -
190.157.172.223 - - [26/Jul/2015:07:26:06 -0500] "GET /forestReports/webcontent/birt/ajax/ui/app/BirtNavigationBar.js HTTP/1.1" 304 -
190.157.172.223 - - [26/Jul/2015:07:26:06 -0500] "GET /forestReports/webcontent/birt/ajax/ui/app/BirtToc.js HTTP/1.1" 304 -
190.157.172.223 - - [26/Jul/2015:07:26:07 -0500] "GET /forestReports/webcontent/birt/ajax/ui/app/BirtProgressBar.js HTTP/1.1" 304 -
190.157.172.223 - - [26/Jul/2015:07:26:07 -0500] "GET /forestReports/webcontent/birt/ajax/ui/report/AbstractBaseReportDocument.js HTTP/1.1" 304 -
190.157.172.223 - - [26/Jul/2015:07:26:07 -0500] "GET /forestReports/webcontent/birt/ajax/ui/report/AbstractReportComponent.js HTTP/1.1" 304 -
190.157.172.223 - - [26/Jul/2015:07:26:07 -0500] "GET /forestReports/webcontent/birt/ajax/ui/report/BirtReportDocument.js HTTP/1.1" 304 -
190.157.172.223 - - [26/Jul/2015:07:26:07 -0500] "GET /forestReports/webcontent/birt/ajax/ui/dialog/AbstractBaseDialog.js HTTP/1.1" 304 -
190.157.172.223 - - [26/Jul/2015:07:26:07 -0500] "GET /forestReports/webcontent/birt/ajax/ui/dialog/BirtTabedDialogBase.js HTTP/1.1" 304 -
190.157.172.223 - - [26/Jul/2015:07:26:07 -0500] "GET /forestReports/webcontent/birt/ajax/ui/dialog/AbstractParameterDialog.js HTTP/1.1" 304 -
190.157.172.223 - - [26/Jul/2015:07:26:07 -0500] "GET /forestReports/webcontent/birt/ajax/ui/dialog/BirtParameterDialog.js HTTP/1.1" 304 -
190.157.172.223 - - [26/Jul/2015:07:26:07 -0500] "GET /forestReports/webcontent/birt/ajax/ui/dialog/BirtSimpleExportDataDialog.js HTTP/1.1" 304 -
190.157.172.223 - - [26/Jul/2015:07:26:07 -0500] "GET /forestReports/webcontent/birt/ajax/ui/dialog/BirtExportReportDialog.js HTTP/1.1" 304 -
190.157.172.223 - - [26/Jul/2015:07:26:07 -0500] "GET /forestReports/webcontent/birt/ajax/ui/dialog/BirtPrintReportDialog.js HTTP/1.1" 304 -
190.157.172.223 - - [26/Jul/2015:07:26:07 -0500] "GET /forestReports/webcontent/birt/ajax/ui/dialog/AbstractExceptionDialog.js HTTP/1.1" 304 -
190.157.172.223 - - [26/Jul/2015:07:26:07 -0500] "GET /forestReports/webcontent/birt/ajax/ui/dialog/BirtPrintReportServerDialog.js HTTP/1.1" 304 -
190.157.172.223 - - [26/Jul/2015:07:26:07 -0500] "GET /forestReports/webcontent/birt/ajax/ui/dialog/BirtConfirmationDialog.js HTTP/1.1" 304 -
190.157.172.223 - - [26/Jul/2015:07:26:07 -0500] "GET /forestReports/webcontent/birt/ajax/ui/dialog/BirtExceptionDialog.js HTTP/1.1" 304 -
190.157.172.223 - - [26/Jul/2015:07:26:07 -0500] "GET /forestReports/webcontent/birt/ajax/utility/BirtPosition.js HTTP/1.1" 304 -
190.157.172.223 - - [26/Jul/2015:07:26:07 -0500] "GET /forestReports/webcontent/birt/ajax/core/BirtCommunicationManager.js HTTP/1.1" 304 -
190.157.172.223 - - [26/Jul/2015:07:26:07 -0500] "GET /forestReports/webcontent/birt/ajax/utility/Printer.js HTTP/1.1" 304 -
190.157.172.223 - - [26/Jul/2015:07:26:07 -0500] "GET /forestReports/webcontent/birt/ajax/core/BirtSoapRequest.js HTTP/1.1" 304 -
190.157.172.223 - - [26/Jul/2015:07:26:07 -0500] "GET /forestReports/webcontent/birt/ajax/core/BirtSoapResponse.js HTTP/1.1" 304 -
190.157.172.223 - - [26/Jul/2015:07:26:08 -0500] "GET /forestReports/webcontent/birt/images/Toc.gif HTTP/1.1" 304 -
190.157.172.223 - - [26/Jul/2015:07:26:08 -0500] "GET /forestReports/webcontent/birt/images/Report_parameters.gif HTTP/1.1" 304 -
190.157.172.223 - - [26/Jul/2015:07:26:08 -0500] "GET /forestReports/webcontent/birt/images/ExportReport.gif HTTP/1.1" 304 -
190.157.172.223 - - [26/Jul/2015:07:26:08 -0500] "GET /forestReports/webcontent/birt/images/AddAll.gif HTTP/1.1" 304 -
190.157.172.223 - - [26/Jul/2015:07:26:08 -0500] "GET /forestReports/webcontent/birt/images/Print.gif HTTP/1.1" 304 -
190.157.172.223 - - [26/Jul/2015:07:26:08 -0500] "GET /forestReports/webcontent/birt/images/Add.gif HTTP/1.1" 304 -
190.157.172.223 - - [26/Jul/2015:07:26:08 -0500] "GET /forestReports/webcontent/birt/images/RemoveAll_disabled.gif HTTP/1.1" 304 -
190.157.172.223 - - [26/Jul/2015:07:26:08 -0500] "GET /forestReports/webcontent/birt/images/Remove_disabled.gif HTTP/1.1" 304 -
190.157.172.223 - - [26/Jul/2015:07:26:08 -0500] "GET /forestReports/webcontent/birt/images/Up_disabled.gif HTTP/1.1" 304 -
190.157.172.223 - - [26/Jul/2015:07:26:08 -0500] "GET /forestReports/webcontent/birt/images/Down_disabled.gif HTTP/1.1" 304 -
190.157.172.223 - - [26/Jul/2015:07:26:08 -0500] "GET /forestReports/webcontent/birt/images/Error.gif HTTP/1.1" 304 -
190.157.172.223 - - [26/Jul/2015:07:26:08 -0500] "GET /forestReports/webcontent/birt/images/parameter.gif HTTP/1.1" 304 -
190.157.172.223 - - [26/Jul/2015:07:26:08 -0500] "GET /forestReports/webcontent/birt/images/FirstPage_disabled.gif HTTP/1.1" 304 -
190.157.172.223 - - [26/Jul/2015:07:26:08 -0500] "GET /forestReports/webcontent/birt/images/PreviousPage_disabled.gif HTTP/1.1" 304 -
190.157.172.223 - - [26/Jul/2015:07:26:08 -0500] "GET /forestReports/webcontent/birt/images/NextPage_disabled.gif HTTP/1.1" 304 -
190.157.172.223 - - [26/Jul/2015:07:26:08 -0500] "GET /forestReports/webcontent/birt/images/LastPage_disabled.gif HTTP/1.1" 304 -
190.157.172.223 - - [26/Jul/2015:07:26:08 -0500] "GET /forestReports/webcontent/birt/images/Go.gif HTTP/1.1" 304 -
190.157.172.223 - - [26/Jul/2015:07:26:08 -0500] "GET /forestReports/webcontent/birt/images/Loading.gif HTTP/1.1" 304 -
190.157.172.223 - - [26/Jul/2015:07:26:09 -0500] "GET /forestReports/webcontent/birt/pages/common/blank.html HTTP/1.1" 304 -
190.157.172.223 - - [26/Jul/2015:07:26:09 -0500] "GET /forestReports/webcontent/birt/pages/common/processing.jsp?__rtl=false HTTP/1.1" 200 719
172.22.2.3 - - [26/Jul/2015:07:26:13 -0500] "POST /cumbredelclima/wp-admin/admin-ajax.php HTTP/1.1" 200 23
201.245.192.253 - - [26/Jul/2015:07:26:13 -0500] "POST /wp-admin/admin-ajax.php HTTP/1.1" 200 23
172.22.2.3 - - [26/Jul/2015:07:26:28 -0500] "POST /cumbredelclima/wp-admin/admin-ajax.php HTTP/1.1" 200 23
172.22.2.3 - - [26/Jul/2015:07:26:43 -0500] "POST /cumbredelclima/wp-admin/admin-ajax.php HTTP/1.1" 200 23
201.245.192.253 - - [26/Jul/2015:07:26:45 -0500] "GET /forest/session.jsp?a=0.6094120233267623 HTTP/1.1" 200 4
172.22.2.3 - - [26/Jul/2015:07:26:58 -0500] "POST /cumbredelclima/wp-admin/admin-ajax.php HTTP/1.1" 200 23
172.22.2.3 - - [26/Jul/2015:07:27:13 -0500] "POST /cumbredelclima/wp-admin/admin-ajax.php HTTP/1.1" 200 23
172.22.2.3 - - [26/Jul/2015:07:27:28 -0500] "POST /cumbredelclima/wp-admin/admin-ajax.php HTTP/1.1" 200 23
172.22.2.3 - - [26/Jul/2015:07:27:43 -0500] "POST /cumbredelclima/wp-admin/admin-ajax.php HTTP/1.1" 200 23
66.249.64.96 - - [26/Jul/2015:07:27:45 -0500] "GET /BLA/resoluciones/AUTOS%202013/3091.pdf HTTP/1.1" 304 -
172.22.2.3 - - [26/Jul/2015:07:27:58 -0500] "POST /cumbredelclima/wp-admin/admin-ajax.php HTTP/1.1" 200 23
66.249.64.106 - - [26/Jul/2015:07:28:06 -0500] "GET /BLA/resoluciones/RESOLUCIONES%202007/RES%202007%202901%20AL%203000/RESOLUCION%202905%20DE%202007.pdf HTTP/1.1" 304 -
172.22.2.3 - - [26/Jul/2015:07:28:13 -0500] "POST /cumbredelclima/wp-admin/admin-ajax.php HTTP/1.1" 200 23
66.249.64.106 - - [26/Jul/2015:07:28:26 -0500] "GET /BLA/resoluciones/AUTOS%202011/2208.pdf HTTP/1.1" 304 -
201.245.192.253 - - [26/Jul/2015:07:28:13 -0500] "POST /wp-admin/admin-ajax.php HTTP/1.1" 200 23
172.22.2.3 - - [26/Jul/2015:07:28:28 -0500] "POST /cumbredelclima/wp-admin/admin-ajax.php HTTP/1.1" 200 23
172.22.2.3 - - [26/Jul/2015:07:28:43 -0500] "POST /cumbredelclima/wp-admin/admin-ajax.php HTTP/1.1" 200 23
172.22.2.3 - - [26/Jul/2015:07:28:58 -0500] "POST /cumbredelclima/wp-admin/admin-ajax.php HTTP/1.1" 200 23
172.22.2.3 - - [26/Jul/2015:07:29:13 -0500] "POST /cumbredelclima/wp-admin/admin-ajax.php HTTP/1.1" 200 23
172.22.2.3 - - [26/Jul/2015:07:29:28 -0500] "POST /cumbredelclima/wp-admin/admin-ajax.php HTTP/1.1" 200 23
74.86.158.107 - - [26/Jul/2015:07:29:33 -0500] "HEAD / HTTP/1.1" 200 -
172.22.2.3 - - [26/Jul/2015:07:29:43 -0500] "POST /cumbredelclima/wp-admin/admin-ajax.php HTTP/1.1" 200 23
66.249.64.96 - - [26/Jul/2015:07:29:48 -0500] "GET /BLA/resoluciones/RESOLUCIONES%202013/0985.pdf HTTP/1.1" 304 -
201.245.192.253 - - [26/Jul/2015:07:29:56 -0500] "GET /forest/session.jsp?a=0.24090876626721247 HTTP/1.1" 200 4
172.22.2.3 - - [26/Jul/2015:07:29:58 -0500] "POST /cumbredelclima/wp-admin/admin-ajax.php HTTP/1.1" 200 23
172.22.2.3 - - [26/Jul/2015:07:30:13 -0500] "POST /cumbredelclima/wp-admin/admin-ajax.php HTTP/1.1" 200 23
66.249.64.96 - - [26/Jul/2015:07:30:14 -0500] "GET /BLA/resoluciones/RESOLUCIONES%202009/5692.pdf HTTP/1.1" 304 -
201.245.192.253 - - [26/Jul/2015:07:30:14 -0500] "POST /wp-admin/admin-ajax.php HTTP/1.1" 200 23
172.22.2.3 - - [26/Jul/2015:07:30:28 -0500] "POST /cumbredelclima/wp-admin/admin-ajax.php HTTP/1.1" 200 23
190.157.172.223 - - [26/Jul/2015:07:30:33 -0500] "GET /forest/session.jsp?a=0.8066766448318958 HTTP/1.1" 200 4
172.22.2.3 - - [26/Jul/2015:07:30:43 -0500] "POST /cumbredelclima/wp-admin/admin-ajax.php HTTP/1.1" 200 23
66.249.64.106 - - [26/Jul/2015:07:30:56 -0500] "GET /BLA/resoluciones/RESOLUCIONES%202008/0409.pdf HTTP/1.1" 304 -
172.22.2.3 - - [26/Jul/2015:07:30:58 -0500] "POST /cumbredelclima/wp-admin/admin-ajax.php HTTP/1.1" 200 23
66.249.64.29 - - [26/Jul/2015:07:31:11 -0500] "GET /wp-content/uploads/2015/07/documentos-de-interes-150x150.png HTTP/1.1" 200 20342
172.22.2.3 - - [26/Jul/2015:07:31:13 -0500] "POST /cumbredelclima/wp-admin/admin-ajax.php HTTP/1.1" 200 23
172.22.2.3 - - [26/Jul/2015:07:31:28 -0500] "POST /cumbredelclima/wp-admin/admin-ajax.php HTTP/1.1" 200 23
66.249.64.101 - - [26/Jul/2015:07:31:37 -0500] "GET /BLA/resoluciones/RESOLUCIONES%202014/1115.pdf HTTP/1.1" 304 -
172.22.2.3 - - [26/Jul/2015:07:31:43 -0500] "POST /cumbredelclima/wp-admin/admin-ajax.php HTTP/1.1" 200 23
201.245.192.253 - - [26/Jul/2015:07:31:45 -0500] "GET /forest/session.jsp?a=0.6236835498808617 HTTP/1.1" 200 4
172.22.2.3 - - [26/Jul/2015:07:31:58 -0500] "POST /cumbredelclima/wp-admin/admin-ajax.php HTTP/1.1" 200 23
172.22.2.3 - - [26/Jul/2015:07:32:13 -0500] "POST /cumbredelclima/wp-admin/admin-ajax.php HTTP/1.1" 200 23
66.249.64.96 - - [26/Jul/2015:07:32:19 -0500] "GET /BLA/resoluciones/AUTOS%202011/3603.pdf HTTP/1.1" 304 -
201.245.192.253 - - [26/Jul/2015:07:32:13 -0500] "POST /wp-admin/admin-ajax.php HTTP/1.1" 200 23
172.22.2.3 - - [26/Jul/2015:07:32:28 -0500] "POST /cumbredelclima/wp-admin/admin-ajax.php HTTP/1.1" 200 23
172.22.2.3 - - [26/Jul/2015:07:32:43 -0500] "POST /cumbredelclima/wp-admin/admin-ajax.php HTTP/1.1" 200 23
180.76.15.158 - - [26/Jul/2015:07:32:55 -0500] "GET / HTTP/1.1" 200 10190
172.22.2.3 - - [26/Jul/2015:07:32:58 -0500] "POST /cumbredelclima/wp-admin/admin-ajax.php HTTP/1.1" 200 23
157.55.39.89 - - [26/Jul/2015:07:32:59 -0500] "GET /BLA/resoluciones/AUTOS%202013/0610.pdf HTTP/1.1" 200 4986103
66.249.64.106 - - [26/Jul/2015:07:33:00 -0500] "GET /BLA/resoluciones/RESOLUCIONES%202008/0410.pdf HTTP/1.1" 304 -
172.22.2.3 - - [26/Jul/2015:07:33:13 -0500] "POST /cumbredelclima/wp-admin/admin-ajax.php HTTP/1.1" 200 23
180.76.15.19 - - [26/Jul/2015:07:33:27 -0500] "GET / HTTP/1.1" 200 10190
172.22.2.3 - - [26/Jul/2015:07:33:28 -0500] "POST /cumbredelclima/wp-admin/admin-ajax.php HTTP/1.1" 200 23
157.55.39.205 - - [26/Jul/2015:07:33:37 -0500] "GET /BLA/resoluciones/AUTOS%202014/6086.pdf HTTP/1.1" 200 107871
66.249.64.101 - - [26/Jul/2015:07:33:41 -0500] "GET /BLA/resoluciones/RESOLUCIONES%202007/RES%202007%201801%20AL%201900/RESOLUCION%201855%20DE%202007.pdf HTTP/1.1" 304 -
172.22.2.3 - - [26/Jul/2015:07:33:43 -0500] "POST /cumbredelclima/wp-admin/admin-ajax.php HTTP/1.1" 200 23
172.22.2.3 - - [26/Jul/2015:07:33:58 -0500] "POST /cumbredelclima/wp-admin/admin-ajax.php HTTP/1.1" 200 23
172.22.2.3 - - [26/Jul/2015:07:34:13 -0500] "POST /cumbredelclima/wp-admin/admin-ajax.php HTTP/1.1" 200 23
66.249.64.106 - - [26/Jul/2015:07:34:23 -0500] "GET /BLA/resoluciones/AUTOS%202011/0216.pdf HTTP/1.1" 304 -
201.245.192.253 - - [26/Jul/2015:07:34:13 -0500] "POST /wp-admin/admin-ajax.php HTTP/1.1" 200 23
172.22.2.3 - - [26/Jul/2015:07:34:28 -0500] "POST /cumbredelclima/wp-admin/admin-ajax.php HTTP/1.1" 200 23
74.86.158.107 - - [26/Jul/2015:07:34:33 -0500] "HEAD / HTTP/1.1" 200 -
172.22.2.3 - - [26/Jul/2015:07:34:43 -0500] "POST /cumbredelclima/wp-admin/admin-ajax.php HTTP/1.1" 200 23
200.26.155.142 - - [26/Jul/2015:07:34:50 -0500] "GET /galeria/nivo-slider/demo/images/ecolecta-Dic2014.png HTTP/1.1" 304 -
201.245.192.253 - - [26/Jul/2015:07:34:56 -0500] "GET /forest/session.jsp?a=0.3323131560852731 HTTP/1.1" 200 4
190.157.172.223 - - [26/Jul/2015:07:26:46 -0500] "POST /forest/frameset?__toolbar=true&__report=forest%2Frpts%2F441.rptdesign&__app=forest&__format=&__sessionId=20150726_072836_254&__dpi=96 HTTP/1.1" 200 43329
172.22.2.3 - - [26/Jul/2015:07:34:58 -0500] "POST /cumbredelclima/wp-admin/admin-ajax.php HTTP/1.1" 200 23
66.249.64.106 - - [26/Jul/2015:07:35:04 -0500] "GET /autoliquidacion/Fauna%20Silvestre/LISTA%20DE%20CHEQUEO%20Y%20FORMATO%20DE%20SOLICITUD%20DE%20VERIFICACI%C3%93N%20DE%20EXPORTACIONES%20E%20IMPORTACIONES.xls HTTP/1.1" 304 -
172.22.2.3 - - [26/Jul/2015:07:35:13 -0500] "POST /cumbredelclima/wp-admin/admin-ajax.php HTTP/1.1" 200 23
190.157.172.223 - - [26/Jul/2015:07:35:14 -0500] "GET /forest/skins/gdocs-jar/popup/popup.jsp?width=850&height=380&title=Informaci%F3n%20del%20radicado&uri=/forest/system/document.jsp%3FcodDoc%3D1444856&name=undefined&_a=0.35698558925651014&a=0.5599813316948712 HTTP/1.1" 200 1315
190.157.172.223 - - [26/Jul/2015:07:35:14 -0500] "GET /forest/css/escritorio.css HTTP/1.1" 304 -
190.157.172.223 - - [26/Jul/2015:07:35:14 -0500] "GET /forest/css/dialog.css HTTP/1.1" 304 -
190.157.172.223 - - [26/Jul/2015:07:35:14 -0500] "GET /forest/css/index.css HTTP/1.1" 304 -
190.157.172.223 - - [26/Jul/2015:07:35:14 -0500] "GET /forest/1ibre/protoaculous.js HTTP/1.1" 304 -
190.157.172.223 - - [26/Jul/2015:07:35:14 -0500] "GET /forest/1ibre/1ibre.js HTTP/1.1" 304 -
190.157.172.223 - - [26/Jul/2015:07:35:14 -0500] "GET /forest/system/document.jsp?codDoc=1444856 HTTP/1.1" 200 59453
190.157.172.223 - - [26/Jul/2015:07:35:14 -0500] "GET /forest/skins/gdocs-jar/img/icons/p7z.gif HTTP/1.1" 304 -
190.157.172.223 - - [26/Jul/2015:07:35:14 -0500] "GET /forest/skins/gdocs-jar/img/icons/pdf.gif HTTP/1.1" 304 -
190.157.172.223 - - [26/Jul/2015:07:35:15 -0500] "GET /forest/skins/gdocs-jar/img/icons/doc.gif HTTP/1.1" 304 -
190.157.172.223 - - [26/Jul/2015:07:35:15 -0500] "GET /forest/skins/gdocs-jar/img/eye.gif HTTP/1.1" 304 -
190.157.172.223 - - [26/Jul/2015:07:35:15 -0500] "GET /forest/img/icons/pdf.gif HTTP/1.1" 304 -
190.157.172.223 - - [26/Jul/2015:07:35:15 -0500] "GET /forest/skins/gdocs-jar/img/alert.gif HTTP/1.1" 304 -
190.157.172.223 - - [26/Jul/2015:07:35:23 -0500] "GET /forest/usudocumentos.do?p7z=1444856&a=0.3039656535256654&a=0.464120683260262 HTTP/1.1" 200 2588
190.157.172.223 - - [26/Jul/2015:07:35:23 -0500] "GET /forest/skins/gdocs-jar/img/contraido.gif HTTP/1.1" 304 -
190.157.172.223 - - [26/Jul/2015:07:35:28 -0500] "GET /forest/skins/gdocs-jar/popup/popup.jsp?width=500&height=350&title=Informaci%F3n%20del%20borrador&uri=/forest/system/borrador.jsp%3FcodBorr%3D141311&name=undefined&_a=0.010864506009966135&a=0.010264263488352299 HTTP/1.1" 200 1315
172.22.2.3 - - [26/Jul/2015:07:35:28 -0500] "POST /cumbredelclima/wp-admin/admin-ajax.php HTTP/1.1" 200 23
190.157.172.223 - - [26/Jul/2015:07:35:28 -0500] "GET /forest/system/borrador.jsp?codBorr=141311 HTTP/1.1" 200 11465
190.157.172.223 - - [26/Jul/2015:07:35:33 -0500] "GET /forest/session.jsp?a=0.8809285007882863 HTTP/1.1" 200 4
190.157.172.223 - - [26/Jul/2015:07:35:39 -0500] "GET /forest/borrador/304926/Borrador%20Tecnico.doc HTTP/1.1" 200 214
172.22.2.3 - - [26/Jul/2015:07:35:43 -0500] "POST /cumbredelclima/wp-admin/admin-ajax.php HTTP/1.1" 200 23
190.157.172.223 - - [26/Jul/2015:07:35:52 -0500] "GET /forest/usudocumentos.do?p7z=1444856&a=0.9978083693422377&a=0.6256515486165881 HTTP/1.1" 200 2588
172.22.2.3 - - [26/Jul/2015:07:35:58 -0500] "POST /cumbredelclima/wp-admin/admin-ajax.php HTTP/1.1" 200 23
66.249.64.24 - - [26/Jul/2015:07:35:46 -0500] "GET /comunicados/ HTTP/1.1" 200 30956
190.157.172.223 - - [26/Jul/2015:07:35:53 -0500] "GET /forest/documentos/1444856/2012IE021095.p7z:claro/Concepto%20Tecnico.doc HTTP/1.1" 200 2168320
172.22.2.3 - - [26/Jul/2015:07:36:13 -0500] "POST /cumbredelclima/wp-admin/admin-ajax.php HTTP/1.1" 200 23
201.245.192.253 - - [26/Jul/2015:07:36:14 -0500] "POST /wp-admin/admin-ajax.php HTTP/1.1" 200 23
66.249.64.96 - - [26/Jul/2015:07:36:27 -0500] "GET /BLA/resoluciones/RESOLUCIONES%202013/1297.pdf HTTP/1.1" 304 -
172.22.2.3 - - [26/Jul/2015:07:36:28 -0500] "POST /cumbredelclima/wp-admin/admin-ajax.php HTTP/1.1" 200 23
181.253.109.160 - - [26/Jul/2015:07:36:34 -0500] "GET /galeria/galeria/fotos/Huemdal-Cordoba2G.jpg HTTP/1.1" 200 471832
172.22.2.3 - - [26/Jul/2015:07:36:43 -0500] "POST /cumbredelclima/wp-admin/admin-ajax.php HTTP/1.1" 200 23
201.245.192.253 - - [26/Jul/2015:07:36:45 -0500] "GET /forest/session.jsp?a=0.05567144426628612 HTTP/1.1" 200 4
172.22.2.3 - - [26/Jul/2015:07:36:58 -0500] "POST /cumbredelclima/wp-admin/admin-ajax.php HTTP/1.1" 200 23
190.57.152.98 - - [26/Jul/2015:07:36:48 -0500] "GET / HTTP/1.1" 200 123269
190.57.152.98 - - [26/Jul/2015:07:37:08 -0500] "GET /wp-content/plugins/content-views-query-and-display-post-page/assets/bootstrap/css/bootstrap.min.css?ver=3.3.0 HTTP/1.1" 304 -
190.57.152.98 - - [26/Jul/2015:07:37:08 -0500] "GET /wp-content/plugins/gallery-video/style/lightbox.css?ver=4.2.2 HTTP/1.1" 304 -
190.57.152.98 - - [26/Jul/2015:07:37:08 -0500] "GET /wp-content/plugins/contact-form-7/includes/css/styles.css?ver=4.1.2 HTTP/1.1" 304 -
190.57.152.98 - - [26/Jul/2015:07:37:08 -0500] "GET /wp-content/plugins/gallery-video/style/style2-os.css?ver=4.2.2 HTTP/1.1" 304 -
190.57.152.98 - - [26/Jul/2015:07:37:08 -0500] "GET /wp-content/plugins/content-views-query-and-display-post-page/public/assets/css/public.css?ver=1.6.3.1 HTTP/1.1" 304 -
66.249.64.96 - - [26/Jul/2015:07:37:09 -0500] "GET /autoliquidacion/Grupo%20Forestal%20-%20Industria%20de%20la%20Madera/Formulario%20para%20la%20Relaci%C3%B3n%20de%20Salvoconductos_facturas_remisiones_CARA1.pdf HTTP/1.1" 304 -
190.57.152.98 - - [26/Jul/2015:07:37:13 -0500] "GET /wp-content/uploads/2015/06/parallax_bg01.png HTTP/1.1" 304 -
190.57.152.98 - - [26/Jul/2015:07:37:13 -0500] "GET /wp-content/plugins/gallery-video/style/videogallery-all.css?ver=4.2.2 HTTP/1.1" 304 -
190.57.152.98 - - [26/Jul/2015:07:37:13 -0500] "GET /wp-content/plugins/wp_logooos_plugin/css/logos.css?ver=4.2.2 HTTP/1.1" 304 -
190.57.152.98 - - [26/Jul/2015:07:37:13 -0500] "GET /wp-content/plugins/gallery-video/style/css/font-awesome.css?ver=4.2.2 HTTP/1.1" 304 -
190.57.152.98 - - [26/Jul/2015:07:37:13 -0500] "GET /wp-content/plugins/revslider/rs-plugin/css/settings.css?rev=4.6.0&ver=4.2.2 HTTP/1.1" 304 -
190.57.152.98 - - [26/Jul/2015:07:37:13 -0500] "GET /wp-content/themes/patti/style.css?ver=4.2.2 HTTP/1.1" 304 -
172.22.2.3 - - [26/Jul/2015:07:37:13 -0500] "POST /cumbredelclima/wp-admin/admin-ajax.php HTTP/1.1" 200 23
190.57.152.98 - - [26/Jul/2015:07:37:14 -0500] "GET /wp-content/themes/patti/css/prettyPhoto.css?ver=4.2.2 HTTP/1.1" 304 -
190.57.152.98 - - [26/Jul/2015:07:37:14 -0500] "GET /wp-content/themes/patti/css/superfish.css?ver=4.2.2 HTTP/1.1" 304 -
190.57.152.98 - - [26/Jul/2015:07:37:14 -0500] "GET /wp-content/themes/patti/framework/fonts/font-awesome/css/font-awesome.css?ver=4.2.2 HTTP/1.1" 304 -
190.57.152.98 - - [26/Jul/2015:07:37:14 -0500] "GET /wp-content/themes/patti/css/audioplayer.css?ver=4.2.2 HTTP/1.1" 304 -
190.57.152.98 - - [26/Jul/2015:07:37:14 -0500] "GET /wp-content/themes/patti/css/owl.carousel.css?ver=4.2.2 HTTP/1.1" 304 -
190.57.152.98 - - [26/Jul/2015:07:37:14 -0500] "GET /wp-content/themes/patti/css/extend-composer.css?ver=4.2.2 HTTP/1.1" 304 -
190.57.152.98 - - [26/Jul/2015:07:37:14 -0500] "GET /wp-content/themes/patti/css/responsive.css?ver=4.2.2 HTTP/1.1" 304 -
190.57.152.98 - - [26/Jul/2015:07:37:14 -0500] "GET /wp-content/plugins/js_composer/assets/css/js_composer.css?ver=4.3.4 HTTP/1.1" 304 -
190.57.152.98 - - [26/Jul/2015:07:37:14 -0500] "GET /wp-content/uploads/js_composer/custom.css?ver=4.3.4 HTTP/1.1" 304 -
190.57.152.98 - - [26/Jul/2015:07:37:14 -0500] "GET /wp-content/plugins/easy-logo-slider/css/jcarouselresponsive.css?ver=4.2.2 HTTP/1.1" 304 -
190.57.152.98 - - [26/Jul/2015:07:37:14 -0500] "GET /wp-content/plugins/js_composer/assets/lib/nivoslider/nivo-slider.css?ver=4.3.4 HTTP/1.1" 304 -
190.57.152.98 - - [26/Jul/2015:07:37:14 -0500] "GET /wp-content/plugins/js_composer/assets/lib/nivoslider/themes/default/default.css?ver=4.3.4 HTTP/1.1" 304 -
190.57.152.98 - - [26/Jul/2015:07:37:14 -0500] "GET /wp-content/plugins/easy-logo-slider/css/style-admin.css?ver=4.2.2 HTTP/1.1" 304 -
190.57.152.98 - - [26/Jul/2015:07:37:14 -0500] "GET /wp-includes/js/jquery/jquery.js?ver=1.11.2 HTTP/1.1" 304 -
190.57.152.98 - - [26/Jul/2015:07:37:14 -0500] "GET /wp-content/plugins/js_composer/assets/lib/prettyphoto/css/prettyPhoto.css?ver=4.3.4 HTTP/1.1" 304 -
190.57.152.98 - - [26/Jul/2015:07:37:15 -0500] "GET /wp-includes/js/jquery/jquery-migrate.min.js?ver=1.2.1 HTTP/1.1" 304 -
190.57.152.98 - - [26/Jul/2015:07:37:15 -0500] "GET /wp-content/plugins/revslider/rs-plugin/js/jquery.themepunch.tools.min.js?rev=4.6.0&ver=4.2.2 HTTP/1.1" 304 -
190.57.152.98 - - [26/Jul/2015:07:37:15 -0500] "GET /wp-content/plugins/revslider/rs-plugin/js/jquery.themepunch.revolution.min.js?rev=4.6.0&ver=4.2.2 HTTP/1.1" 304 -
190.57.152.98 - - [26/Jul/2015:07:37:15 -0500] "GET /wp-content/themes/patti/js/jquery.queryloader2.js?ver=1.0 HTTP/1.1" 304 -
190.57.152.98 - - [26/Jul/2015:07:37:15 -0500] "GET /wp-content/plugins/gallery-video/js/video_gallery-all.js?ver=4.2.2 HTTP/1.1" 304 -
190.57.152.98 - - [26/Jul/2015:07:37:15 -0500] "GET /wp-content/plugins/gallery-video/style/colorbox-1.css HTTP/1.1" 304 -
190.57.152.98 - - [26/Jul/2015:07:37:15 -0500] "GET /wp-content/themes/patti/js/scripts-top.js?ver=4.2.2 HTTP/1.1" 304 -
190.57.152.98 - - [26/Jul/2015:07:37:15 -0500] "GET /wp-content/themes/patti/js/jquery.nav.js?ver=2.2.0 HTTP/1.1" 304 -
190.57.152.98 - - [26/Jul/2015:07:37:15 -0500] "GET /wp-content/themes/patti/js/custom/custom-responsive-nav.js?ver=4.2.2 HTTP/1.1" 304 -
190.57.152.98 - - [26/Jul/2015:07:37:15 -0500] "GET /wp-content/themes/patti/js/custom/custom-loader.js?ver=1.0 HTTP/1.1" 304 -
190.57.152.98 - - [26/Jul/2015:07:37:16 -0500] "GET /wp-content/themes/patti/js/custom/custom-navscroll.js?ver=1.0 HTTP/1.1" 304 -
190.57.152.98 - - [26/Jul/2015:07:37:16 -0500] "GET /wp-content/plugins/easy-logo-slider/js/jquery.jcarousel.min.js?ver=4.2.2 HTTP/1.1" 304 -
190.57.152.98 - - [26/Jul/2015:07:37:16 -0500] "GET /wp-content/plugins/easy-logo-slider/js/jcarousel.responsive.js?ver=4.2.2 HTTP/1.1" 304 -
190.57.152.98 - - [26/Jul/2015:07:37:16 -0500] "GET /wp-content/plugins/gallery-video/js/jquery.colorbox.js HTTP/1.1" 304 -
190.57.152.98 - - [26/Jul/2015:07:37:16 -0500] "GET /wp-content/plugins/gallery-video/js/jquery.hugeitmicro.min.js HTTP/1.1" 304 -
190.57.152.98 - - [26/Jul/2015:07:37:16 -0500] "GET /wp-content/plugins/gallery-video/Front_end/js/youtube.lib.js HTTP/1.1" 304 -
190.57.152.98 - - [26/Jul/2015:07:37:17 -0500] "GET /wp-includes/js/wp-emoji-release.min.js?ver=4.2.2 HTTP/1.1" 304 -
190.57.152.98 - - [26/Jul/2015:07:37:17 -0500] "GET /wp-content/uploads/2015/06/Untitled-1.png HTTP/1.1" 304 -
190.57.152.98 - - [26/Jul/2015:07:37:17 -0500] "GET /wp-content/uploads/2015/07/2.jpg HTTP/1.1" 200 103514
190.57.152.98 - - [26/Jul/2015:07:37:17 -0500] "GET /wp-content/uploads/2015/07/3.jpg HTTP/1.1" 200 83339
190.57.152.98 - - [26/Jul/2015:07:37:17 -0500] "GET /wp-content/plugins/revslider/images/transparent.png HTTP/1.1" 304 -
190.57.152.98 - - [26/Jul/2015:07:37:17 -0500] "GET /wp-content/uploads/2015/07/1.jpg HTTP/1.1" 200 44523
190.57.152.98 - - [26/Jul/2015:07:37:17 -0500] "GET /wp-content/themes/patti/framework/fonts/font-awesome/fontawesome-webfont.woff?v=4.2.0 HTTP/1.1" 304 -
190.57.152.98 - - [26/Jul/2015:07:37:17 -0500] "GET /wp-content/plugins/contact-form-7/includes/js/jquery.form.min.js?ver=3.51.0-2014.06.20 HTTP/1.1" 304 -
190.57.152.98 - - [26/Jul/2015:07:37:17 -0500] "GET /wp-content/plugins/contact-form-7/includes/js/scripts.js?ver=4.1.2 HTTP/1.1" 304 -
190.57.152.98 - - [26/Jul/2015:07:37:17 -0500] "GET /wp-content/plugins/wp_logooos_plugin/js/helper-plugins/jquery.touchSwipe.min.js HTTP/1.1" 304 -
190.57.152.98 - - [26/Jul/2015:07:37:17 -0500] "GET /wp-content/plugins/wp_logooos_plugin/js/jquery.carouFredSel-6.2.1.js HTTP/1.1" 304 -
190.57.152.98 - - [26/Jul/2015:07:37:17 -0500] "GET /wp-content/plugins/wp_logooos_plugin/js/logos.js HTTP/1.1" 304 -
190.57.152.98 - - [26/Jul/2015:07:37:17 -0500] "GET /wp-content/plugins/content-views-query-and-display-post-page/assets/bootstrap/js/bootstrap.min.js?ver=3.3.0 HTTP/1.1" 304 -
190.57.152.98 - - [26/Jul/2015:07:37:18 -0500] "GET /wp-content/plugins/content-views-query-and-display-post-page/assets/bootstrap-paginator/bootstrap-paginator.min.js?ver=0.5 HTTP/1.1" 304 -
190.57.152.98 - - [26/Jul/2015:07:37:18 -0500] "GET /wp-content/plugins/content-views-query-and-display-post-page/public/assets/js/public.js?ver=1.6.3.1 HTTP/1.1" 304 -
190.57.152.98 - - [26/Jul/2015:07:37:18 -0500] "GET /wp-content/themes/patti/js/jquery.lazyload.js?ver=1.9.3 HTTP/1.1" 304 -
190.57.152.98 - - [26/Jul/2015:07:37:18 -0500] "GET /wp-content/themes/patti/js/scripts-bottom.js?ver=4.2.2 HTTP/1.1" 304 -
190.57.152.98 - - [26/Jul/2015:07:37:18 -0500] "GET /wp-content/themes/patti/js/hoverIntent.js?ver=r7 HTTP/1.1" 304 -
190.57.152.98 - - [26/Jul/2015:07:37:18 -0500] "GET /wp-content/themes/patti/js/jquery.isotope.min.js?ver=1.0 HTTP/1.1" 304 -
190.57.152.98 - - [26/Jul/2015:07:37:18 -0500] "GET /wp-content/themes/patti/js/custom/custom-isotope-blog.js?ver=1.0 HTTP/1.1" 304 -
190.57.152.98 - - [26/Jul/2015:07:37:18 -0500] "GET /wp-content/themes/patti/js/custom/custom-isotope-portfolio.js?ver=1.0 HTTP/1.1" 304 -
190.57.152.98 - - [26/Jul/2015:07:37:18 -0500] "GET /wp-content/themes/patti/js/custom/custom-nav.js?ver=1.0 HTTP/1.1" 304 -
190.57.152.98 - - [26/Jul/2015:07:37:18 -0500] "GET /wp-content/themes/patti/js/retina.min.js?ver=4.2.2 HTTP/1.1" 304 -
190.57.152.98 - - [26/Jul/2015:07:37:18 -0500] "GET /wp-includes/js/comment-reply.min.js?ver=4.2.2 HTTP/1.1" 304 -
190.57.152.98 - - [26/Jul/2015:07:37:18 -0500] "GET /wp-content/themes/patti/js/custom/custom-social.js?ver=4.2.2 HTTP/1.1" 304 -
190.57.152.98 - - [26/Jul/2015:07:37:18 -0500] "GET /wp-content/themes/patti/js/custom/custom.js?ver=1.0 HTTP/1.1" 304 -
190.57.152.98 - - [26/Jul/2015:07:37:18 -0500] "GET /wp-content/plugins/js_composer/assets/js/js_composer_front.js?ver=4.3.4 HTTP/1.1" 304 -
190.57.152.98 - - [26/Jul/2015:07:37:19 -0500] "GET /wp-content/themes/patti/js/custom/custom-parallax.js?ver=1.0 HTTP/1.1" 304 -
190.57.152.98 - - [26/Jul/2015:07:37:19 -0500] "GET /wp-includes/js/jquery/ui/core.min.js?ver=1.11.4 HTTP/1.1" 304 -
190.57.152.98 - - [26/Jul/2015:07:37:19 -0500] "GET /wp-includes/js/jquery/ui/widget.min.js?ver=1.11.4 HTTP/1.1" 304 -
190.57.152.98 - - [26/Jul/2015:07:37:19 -0500] "GET /wp-includes/js/jquery/ui/tabs.min.js?ver=1.11.4 HTTP/1.1" 304 -
190.57.152.98 - - [26/Jul/2015:07:37:19 -0500] "GET /wp-content/plugins/js_composer/assets/lib/jquery-ui-tabs-rotate/jquery-ui-tabs-rotate.js?ver=4.3.4 HTTP/1.1" 304 -
190.57.152.98 - - [26/Jul/2015:07:37:19 -0500] "GET /wp-content/plugins/js_composer/assets/lib/prettyphoto/js/jquery.prettyPhoto.js?ver=4.3.4 HTTP/1.1" 304 -
190.57.152.98 - - [26/Jul/2015:07:37:19 -0500] "GET /wp-content/plugins/js_composer/assets/lib/nivoslider/jquery.nivo.slider.pack.js?ver=4.3.4 HTTP/1.1" 304 -
190.57.152.98 - - [26/Jul/2015:07:37:19 -0500] "GET /wp-content/uploads/2015/07/cuadro-azulconverde.png HTTP/1.1" 304 -
190.57.152.98 - - [26/Jul/2015:07:37:19 -0500] "GET /wp-content/themes/patti/images/nav-bg.png HTTP/1.1" 304 -
190.57.152.98 - - [26/Jul/2015:07:37:19 -0500] "GET /wp-content/uploads/2015/07/TERCER.png HTTP/1.1" 304 -
190.57.152.98 - - [26/Jul/2015:07:37:19 -0500] "GET /wp-content/uploads/2015/07/logos.png HTTP/1.1" 304 -
190.57.152.98 - - [26/Jul/2015:07:37:19 -0500] "GET /wp-content/uploads/2015/07/fecha-eventosolopng.png HTTP/1.1" 304 -
190.57.152.98 - - [26/Jul/2015:07:37:19 -0500] "GET /wp-content/uploads/2015/07/logosolopng.png HTTP/1.1" 304 -
190.57.152.98 - - [26/Jul/2015:07:37:19 -0500] "GET /wp-content/uploads/2015/07/imagencum.png HTTP/1.1" 304 -
190.57.152.98 - - [26/Jul/2015:07:37:19 -0500] "GET /wp-content/uploads/2015/07/textoinvita.png HTTP/1.1" 304 -
190.57.152.98 - - [26/Jul/2015:07:37:20 -0500] "GET /wp-content/uploads/2015/07/DOS.png HTTP/1.1" 304 -
190.57.152.98 - - [26/Jul/2015:07:37:21 -0500] "GET /wp-content/uploads/2015/07/photo-alcanlde_11.jpg HTTP/1.1" 304 -
190.57.152.98 - - [26/Jul/2015:07:37:21 -0500] "GET /wp-content/uploads/2015/07/recuadro_1.jpg HTTP/1.1" 304 -
190.57.152.98 - - [26/Jul/2015:07:37:21 -0500] "GET /wp-content/uploads/2015/07/logocambio.png HTTP/1.1" 304 -
190.57.152.98 - - [26/Jul/2015:07:37:21 -0500] "GET /wp-content/uploads/2015/07/recuadros-2.png HTTP/1.1" 200 69055
190.57.152.98 - - [26/Jul/2015:07:37:21 -0500] "GET /wp-content/uploads/2015/07/banner-invitacionvaticanopetro.jpg HTTP/1.1" 304 -
190.57.152.98 - - [26/Jul/2015:07:37:21 -0500] "GET /wp-content/uploads/2015/07/CUARTO.png HTTP/1.1" 304 -
190.57.152.98 - - [26/Jul/2015:07:37:21 -0500] "GET /wp-content/uploads/2015/07/fondo1.jpg HTTP/1.1" 304 -
190.57.152.98 - - [26/Jul/2015:07:37:21 -0500] "GET /wp-content/uploads/2015/06/parallax_bg01.jpg HTTP/1.1" 304 -
190.57.152.98 - - [26/Jul/2015:07:37:21 -0500] "GET /wp-content/uploads/2015/07/logovamospa.png HTTP/1.1" 304 -
190.57.152.98 - - [26/Jul/2015:07:37:22 -0500] "GET /wp-content/uploads/2015/07/franja.jpg HTTP/1.1" 304 -
190.57.152.98 - - [26/Jul/2015:07:37:22 -0500] "GET /wp-content/uploads/2015/07/UNO.png HTTP/1.1" 304 -
190.57.152.98 - - [26/Jul/2015:07:37:22 -0500] "GET /wp-content/uploads/2015/07/gra-150x150.png HTTP/1.1" 304 -
190.57.152.98 - - [26/Jul/2015:07:37:22 -0500] "GET /wp-content/uploads/2015/07/documentos-de-interes-150x150.png HTTP/1.1" 304 -
190.57.152.98 - - [26/Jul/2015:07:37:22 -0500] "GET /wp-content/uploads/2015/07/comunicados-150x150.png HTTP/1.1" 304 -
190.57.152.98 - - [26/Jul/2015:07:37:22 -0500] "GET /wp-content/uploads/2015/07/noticias-vector-150x150.png HTTP/1.1" 304 -
190.57.152.98 - - [26/Jul/2015:07:37:22 -0500] "GET /wp-content/uploads/2015/07/ZONA-NORTE-500x320.jpg HTTP/1.1" 304 -
190.57.152.98 - - [26/Jul/2015:07:37:22 -0500] "GET /wp-content/uploads/2015/07/ZONA-CHILE-500x320.jpg HTTP/1.1" 304 -
190.57.152.98 - - [26/Jul/2015:07:37:22 -0500] "GET /wp-content/uploads/2015/07/usaquen-500x320.jpg HTTP/1.1" 304 -
190.57.152.98 - - [26/Jul/2015:07:37:22 -0500] "GET /wp-content/uploads/2015/07/ZONA-CALLE-93-500x320.jpg HTTP/1.1" 304 -
190.57.152.98 - - [26/Jul/2015:07:37:22 -0500] "GET /wp-content/uploads/2015/07/Usaquen-Sector-Financiero-500x320.jpg HTTP/1.1" 304 -
190.57.152.98 - - [26/Jul/2015:07:37:22 -0500] "GET /wp-content/plugins/revslider/rs-plugin/assets/shadow1.png HTTP/1.1" 304 -
190.57.152.98 - - [26/Jul/2015:07:37:22 -0500] "GET /wp-content/plugins/revslider/rs-plugin/assets/loader.gif HTTP/1.1" 304 -
190.57.152.98 - - [26/Jul/2015:07:37:22 -0500] "GET /wp-content/uploads/2015/07/Transmilenio-500x320.jpg HTTP/1.1" 304 -
190.57.152.98 - - [26/Jul/2015:07:37:22 -0500] "GET /wp-content/themes/patti/images/slider-arrows.png HTTP/1.1" 304 -
190.57.152.98 - - [26/Jul/2015:07:37:22 -0500] "GET /wp-content/uploads/2015/07/Torre-Centro-Archivo-500x320.jpg HTTP/1.1" 304 -
190.57.152.98 - - [26/Jul/2015:07:37:22 -0500] "GET /wp-content/uploads/2015/07/Teleferico-500x320.jpg HTTP/1.1" 304 -
190.57.152.98 - - [26/Jul/2015:07:37:23 -0500] "GET /wp-content/uploads/2015/07/Plaza-de-toros-500x320.jpg HTTP/1.1" 304 -
190.57.152.98 - - [26/Jul/2015:07:37:23 -0500] "GET /wp-content/uploads/2015/07/PLAZA-DE-BOLIVAR1-500x320.jpg HTTP/1.1" 304 -
190.57.152.98 - - [26/Jul/2015:07:37:23 -0500] "GET /wp-content/uploads/2015/07/MALOKA-500x320.jpg HTTP/1.1" 304 -
190.57.152.98 - - [26/Jul/2015:07:37:23 -0500] "GET /wp-content/uploads/2015/07/JardinBotanico-500x320.jpg HTTP/1.1" 304 -
190.57.152.98 - - [26/Jul/2015:07:37:23 -0500] "GET /wp-content/uploads/2015/07/Jardin-Botanico2-500x320.jpg HTTP/1.1" 304 -
190.57.152.98 - - [26/Jul/2015:07:37:23 -0500] "GET /wp-content/uploads/2015/07/PANORAMICA-DE-BOGOTA-500x320.jpg HTTP/1.1" 304 -
190.57.152.98 - - [26/Jul/2015:07:37:23 -0500] "GET /wp-content/uploads/2015/06/llantas-usadas-web.jpg HTTP/1.1" 304 -
190.57.152.98 - - [26/Jul/2015:07:37:23 -0500] "GET /wp-content/uploads/2015/06/Comparendo-ambiental-01.jpg HTTP/1.1" 304 -
190.57.152.98 - - [26/Jul/2015:07:37:23 -0500] "GET /wp-content/uploads/2015/06/10-signos.jpg HTTP/1.1" 304 -
190.57.152.98 - - [26/Jul/2015:07:37:23 -0500] "GET /wp-content/uploads/2015/06/alianza-madera.jpg HTTP/1.1" 304 -
190.57.152.98 - - [26/Jul/2015:07:37:23 -0500] "GET /wp-content/uploads/2015/06/Banner-Caracol-Africano-01.jpg HTTP/1.1" 304 -
190.57.152.98 - - [26/Jul/2015:07:37:23 -0500] "GET /wp-content/uploads/2015/07/organiza.1png.png HTTP/1.1" 304 -
190.57.152.98 - - [26/Jul/2015:07:37:24 -0500] "GET /wp-content/uploads/2015/07/organiza3.png HTTP/1.1" 304 -
190.57.152.98 - - [26/Jul/2015:07:37:24 -0500] "GET /wp-content/uploads/2015/07/organiza2.png HTTP/1.1" 304 -
190.57.152.98 - - [26/Jul/2015:07:37:24 -0500] "GET /wp-content/uploads/2015/07/organiza5.png HTTP/1.1" 304 -
190.57.152.98 - - [26/Jul/2015:07:37:24 -0500] "GET /wp-content/uploads/2015/07/organiza4.png HTTP/1.1" 304 -
190.57.152.98 - - [26/Jul/2015:07:37:24 -0500] "GET /wp-content/uploads/2015/07/organiza6.png HTTP/1.1" 304 -
190.57.152.98 - - [26/Jul/2015:07:37:24 -0500] "GET /wp-content/uploads/2015/07/invita11.png HTTP/1.1" 304 -
190.57.152.98 - - [26/Jul/2015:07:37:24 -0500] "GET /wp-content/uploads/2015/07/invita21.png HTTP/1.1" 304 -
190.57.152.98 - - [26/Jul/2015:07:37:24 -0500] "GET /wp-content/uploads/2015/07/invita31.png HTTP/1.1" 304 -
190.57.152.98 - - [26/Jul/2015:07:37:24 -0500] "GET /wp-content/uploads/2015/07/apoya4.png HTTP/1.1" 304 -
190.57.152.98 - - [26/Jul/2015:07:37:24 -0500] "GET /wp-content/uploads/2015/07/apoya3.png HTTP/1.1" 304 -
190.57.152.98 - - [26/Jul/2015:07:37:24 -0500] "GET /wp-content/uploads/2015/07/apoya2.png HTTP/1.1" 304 -
190.57.152.98 - - [26/Jul/2015:07:37:24 -0500] "GET /wp-content/uploads/2015/07/apoya.png HTTP/1.1" 304 -
190.57.152.98 - - [26/Jul/2015:07:37:24 -0500] "GET /wp-content/uploads/2015/07/apoya6.png HTTP/1.1" 304 -
190.57.152.98 - - [26/Jul/2015:07:37:24 -0500] "GET /wp-content/uploads/2015/07/apoya5.png HTTP/1.1" 304 -
190.57.152.98 - - [26/Jul/2015:07:37:24 -0500] "GET /wp-content/plugins/js_composer/assets/lib/nivoslider/themes/default/loading.gif HTTP/1.1" 304 -
190.57.152.98 - - [26/Jul/2015:07:37:24 -0500] "GET /wp-content/uploads/2015/07/apoya8.png HTTP/1.1" 304 -
190.57.152.98 - - [26/Jul/2015:07:37:24 -0500] "GET /wp-content/uploads/2015/07/apoya7.png HTTP/1.1" 304 -
190.57.152.98 - - [26/Jul/2015:07:37:24 -0500] "GET /wp-content/plugins/gallery-video/Front_images/arrows/arrows.simple.png HTTP/1.1" 304 -
190.57.152.98 - - [26/Jul/2015:07:37:25 -0500] "GET /wp-content/plugins/gallery-video/images/overlay.png HTTP/1.1" 304 -
190.57.152.98 - - [26/Jul/2015:07:37:25 -0500] "GET /wp-content/plugins/js_composer/assets/lib/nivoslider/themes/default/bullets.png HTTP/1.1" 304 -
190.57.152.98 - - [26/Jul/2015:07:37:25 -0500] "GET /wp-content/plugins/wp_logooos_plugin/images/prev.png HTTP/1.1" 304 -
190.57.152.98 - - [26/Jul/2015:07:37:25 -0500] "GET /wp-content/plugins/wp_logooos_plugin/images/next.png HTTP/1.1" 304 -
190.57.152.98 - - [26/Jul/2015:07:37:25 -0500] "GET /wp-content/plugins/js_composer/assets/lib/nivoslider/themes/default/arrows.png HTTP/1.1" 304 -
201.245.219.182 - - [26/Jul/2015:07:37:27 -0500] "GET /forest/ HTTP/1.1" 200 12815
201.245.219.182 - - [26/Jul/2015:07:37:27 -0500] "GET /forest/skins/gdocs-jar/css/forest.css?version=1503.161801 HTTP/1.1" 304 -
