172.22.2.3 - - [26/Jul/2015:10:13:18 -0500] "POST /cumbredelclima/wp-admin/admin-ajax.php HTTP/1.1" 200 23
66.249.64.101 - - [26/Jul/2015:10:12:44 -0500] "GET /BLA/boletinlegal/ HTTP/1.1" 200 51011
66.249.64.96 - - [26/Jul/2015:10:13:26 -0500] "GET /BLA/resoluciones/AUTOS%202008/3257.pdf HTTP/1.1" 200 87318
172.22.2.3 - - [26/Jul/2015:10:13:33 -0500] "POST /cumbredelclima/wp-admin/admin-ajax.php HTTP/1.1" 200 23
66.249.64.96 - - [26/Jul/2015:10:13:33 -0500] "GET /autoliquidacion/TR%C3%81MITES%20VERTIMIENTOS/PERMISOS%20DE%20VERTIMIENTOS/ANEXO%20%205.%20%20MATRIZ%20PAR%C3%81METRSO%20ACTIVDADES%20PRODUCTIVAS.xls HTTP/1.1" 304 -
66.249.64.106 - - [26/Jul/2015:10:13:39 -0500] "GET /BLA/resoluciones/AUTOS%202012/0153.pdf HTTP/1.1" 304 -
66.249.64.101 - - [26/Jul/2015:10:13:44 -0500] "GET /mobile/BLA/resoluciones/RESOLUCIONES%202010/4082.pdf HTTP/1.1" 404 1018
172.22.2.3 - - [26/Jul/2015:10:13:48 -0500] "POST /cumbredelclima/wp-admin/admin-ajax.php HTTP/1.1" 200 23
66.249.64.101 - - [26/Jul/2015:10:13:48 -0500] "GET /BLA/resoluciones/AUTOS%202013/3091.pdf HTTP/1.1" 304 -
66.249.64.101 - - [26/Jul/2015:10:13:52 -0500] "GET /BLA/resoluciones/RESOLUCIONES%202013/0372.pdf HTTP/1.1" 304 -
66.249.64.101 - - [26/Jul/2015:10:13:55 -0500] "GET /BLA/resoluciones/RESOLUCIONES%202013/0594.pdf HTTP/1.1" 304 -
66.249.64.96 - - [26/Jul/2015:10:13:57 -0500] "GET /BLA/resoluciones/AUTOS%202013/0359.pdf HTTP/1.1" 304 -
66.249.64.243 - - [26/Jul/2015:10:14:00 -0500] "GET /Anexos%20estudio%20Organizacional%20SDA/ANEXO%20No.%203-%20CONTRATACI%C3%93N%20%20OPS%C2%B4s%202008-2012/CONTRATOS%20SDA%202012%20POR%20DEPENDENCIA.xls HTTP/1.1" 304 -
172.22.2.3 - - [26/Jul/2015:10:14:03 -0500] "POST /cumbredelclima/wp-admin/admin-ajax.php HTTP/1.1" 200 23
172.22.2.3 - - [26/Jul/2015:10:14:18 -0500] "POST /cumbredelclima/wp-admin/admin-ajax.php HTTP/1.1" 200 23
201.245.192.253 - - [26/Jul/2015:10:14:14 -0500] "POST /wp-admin/admin-ajax.php HTTP/1.1" 200 23
74.86.158.107 - - [26/Jul/2015:10:14:32 -0500] "HEAD / HTTP/1.1" 200 -
172.22.2.3 - - [26/Jul/2015:10:14:33 -0500] "POST /cumbredelclima/wp-admin/admin-ajax.php HTTP/1.1" 200 23
172.22.2.3 - - [26/Jul/2015:10:14:48 -0500] "POST /cumbredelclima/wp-admin/admin-ajax.php HTTP/1.1" 200 23
201.245.192.253 - - [26/Jul/2015:10:14:57 -0500] "GET /forest/session.jsp?a=0.803418073669186 HTTP/1.1" 200 4
172.22.2.3 - - [26/Jul/2015:10:15:03 -0500] "POST /cumbredelclima/wp-admin/admin-ajax.php HTTP/1.1" 200 23
172.22.2.3 - - [26/Jul/2015:10:15:18 -0500] "POST /cumbredelclima/wp-admin/admin-ajax.php HTTP/1.1" 200 23
172.22.2.3 - - [26/Jul/2015:10:15:33 -0500] "POST /cumbredelclima/wp-admin/admin-ajax.php HTTP/1.1" 200 23
190.147.56.153 - - [26/Jul/2015:10:15:35 -0500] "GET /galeria/galeria/fotos/mico1P.jpg HTTP/1.1" 200 28110
190.147.56.153 - - [26/Jul/2015:10:15:35 -0500] "GET /galeria/galeria/fotos/boa10P.jpg HTTP/1.1" 200 19337
190.147.56.153 - - [26/Jul/2015:10:15:35 -0500] "GET /galeria/galeria/fotos/micos5P.jpg HTTP/1.1" 200 37145
190.147.56.153 - - [26/Jul/2015:10:15:35 -0500] "GET /galeria/galeria/fotos/micos7P.jpg HTTP/1.1" 200 30212
190.147.56.153 - - [26/Jul/2015:10:15:35 -0500] "GET /galeria/galeria/fotos/boa8P.jpg HTTP/1.1" 200 28060
190.147.56.153 - - [26/Jul/2015:10:15:35 -0500] "GET /galeria/galeria/fotos/micos6P.jpg HTTP/1.1" 200 31809
190.147.56.153 - - [26/Jul/2015:10:15:35 -0500] "GET /galeria/galeria/fotos/boa11P.jpg HTTP/1.1" 200 25099
190.147.56.153 - - [26/Jul/2015:10:15:35 -0500] "GET /galeria/galeria/fotos/cusumbo4P.jpg HTTP/1.1" 200 34990
190.147.56.153 - - [26/Jul/2015:10:15:35 -0500] "GET /galeria/galeria/fotos/loro3P.jpg HTTP/1.1" 200 24900
190.147.56.153 - - [26/Jul/2015:10:15:35 -0500] "GET /galeria/galeria/fotos/tortuga2P.jpg HTTP/1.1" 200 33472
172.22.2.3 - - [26/Jul/2015:10:15:48 -0500] "POST /cumbredelclima/wp-admin/admin-ajax.php HTTP/1.1" 200 23
172.22.2.3 - - [26/Jul/2015:10:16:03 -0500] "POST /cumbredelclima/wp-admin/admin-ajax.php HTTP/1.1" 200 23
186.147.11.99 - - [26/Jul/2015:10:16:06 -0500] "GET /galeria/galeria/jquery.fancybox.css?v=2.1.5 HTTP/1.1" 200 4895
186.147.11.99 - - [26/Jul/2015:10:16:06 -0500] "GET /BLA/boletinlegal/js/jquery.scrollShow.js HTTP/1.1" 200 4586
186.147.11.99 - - [26/Jul/2015:10:16:06 -0500] "GET /galeria/galeria/jquery.fancybox.js?v=2.1.5 HTTP/1.1" 200 48706
191.102.114.253 - - [26/Jul/2015:10:16:13 -0500] "GET /BLA/boletinlegal/js/jquery.scrollShow.js HTTP/1.1" 200 4586
191.102.114.253 - - [26/Jul/2015:10:16:13 -0500] "GET /galeria/galeria/jquery.fancybox.css?v=2.1.5 HTTP/1.1" 200 4895
191.102.114.253 - - [26/Jul/2015:10:16:13 -0500] "GET /galeria/galeria/jquery.fancybox.js?v=2.1.5 HTTP/1.1" 200 48706
172.22.2.3 - - [26/Jul/2015:10:16:18 -0500] "POST /cumbredelclima/wp-admin/admin-ajax.php HTTP/1.1" 200 23
186.115.48.113 - - [26/Jul/2015:10:16:19 -0500] "GET /BLA/boletinlegal/js/jquery.scrollShow.js HTTP/1.1" 200 4586
186.115.48.113 - - [26/Jul/2015:10:16:19 -0500] "GET /galeria/galeria/jquery.fancybox.js?v=2.1.5 HTTP/1.1" 200 48706
186.115.48.113 - - [26/Jul/2015:10:16:19 -0500] "GET /galeria/galeria/jquery.fancybox.css?v=2.1.5 HTTP/1.1" 200 4895
186.115.48.113 - - [26/Jul/2015:10:16:19 -0500] "GET /galeria/carrusel/Carrusel/jquery.thumbnailScroller.css HTTP/1.1" 200 2066
186.115.48.113 - - [26/Jul/2015:10:16:19 -0500] "GET /galeria/carrusel/Carrusel/jquery-ui-1.8.13.custom.min.js HTTP/1.1" 200 10800
186.115.48.113 - - [26/Jul/2015:10:16:20 -0500] "GET /galeria/carrusel/Carrusel/jquery.thumbnailScroller.js HTTP/1.1" 200 8157
186.115.48.113 - - [26/Jul/2015:10:16:22 -0500] "GET /galeria/nivo-slider/demo/demo.html HTTP/1.1" 200 5224
186.115.48.113 - - [26/Jul/2015:10:16:24 -0500] "GET /galeria/nivo-slider/themes/default/default.css HTTP/1.1" 200 1569
186.115.48.113 - - [26/Jul/2015:10:16:24 -0500] "GET /galeria/nivo-slider/themes/pascal/pascal.css HTTP/1.1" 200 2258
186.115.48.113 - - [26/Jul/2015:10:16:24 -0500] "GET /galeria/nivo-slider/themes/orman/orman.css HTTP/1.1" 200 2152
186.115.48.113 - - [26/Jul/2015:10:16:24 -0500] "GET /galeria/nivo-slider/nivo-slider.css HTTP/1.1" 200 1507
186.115.48.113 - - [26/Jul/2015:10:16:24 -0500] "GET /galeria/nivo-slider/demo/style.css HTTP/1.1" 200 2222
186.115.48.113 - - [26/Jul/2015:10:16:24 -0500] "GET /galeria/nivo-slider/demo/images/Rendicion-de-cuentas.jpg HTTP/1.1" 200 309079
186.115.48.113 - - [26/Jul/2015:10:16:24 -0500] "GET /galeria/nivo-slider/demo/images/banner-llantas2.jpg HTTP/1.1" 200 204644
186.115.48.113 - - [26/Jul/2015:10:16:24 -0500] "GET /galeria/nivo-slider/demo/images/Semana-PYBA.jpg HTTP/1.1" 200 147360
186.115.48.113 - - [26/Jul/2015:10:16:24 -0500] "GET /galeria/nivo-slider/demo/images/PREDAcamp.jpg HTTP/1.1" 200 295358
186.115.48.113 - - [26/Jul/2015:10:16:24 -0500] "GET /galeria/nivo-slider/demo/images/VoluntariadoPYBA.jpg HTTP/1.1" 200 40647
186.115.48.113 - - [26/Jul/2015:10:16:24 -0500] "GET /galeria/nivo-slider/demo/images/9Signos.jpg HTTP/1.1" 200 81776
181.50.92.73 - - [26/Jul/2015:10:10:25 -0500] "GET /ForestMSG_SDA/channelAsync/template_word_18668777?X-Atmosphere-tracking-id=cf9e92fb-02f8-3f00-12d1-4d23bc37feda&X-Atmosphere-Framework=1.0.5&X-Atmosphere-Transport=long-polling&tabid=0.5834649745374918&X-Cache-Date=0&Content-Type=application/xml&_=1437923564142 HTTP/1.1" 200 8193
186.115.48.113 - - [26/Jul/2015:10:16:25 -0500] "GET /galeria/nivo-slider/demo/images/Comparendo-ambiental-Banner.jpg HTTP/1.1" 200 83731
186.115.48.113 - - [26/Jul/2015:10:16:25 -0500] "GET /galeria/nivo-slider/demo/images/GAE-banner.jpg HTTP/1.1" 200 97556
186.115.48.113 - - [26/Jul/2015:10:16:25 -0500] "GET /galeria/nivo-slider/demo/images/Banner-encuesta-de-percepscio.jpg HTTP/1.1" 200 201899
186.115.48.113 - - [26/Jul/2015:10:16:26 -0500] "GET /galeria/nivo-slider/demo/images/4Simple_Slider.png HTTP/1.1" 200 11722
186.115.48.113 - - [26/Jul/2015:10:16:26 -0500] "GET /galeria/nivo-slider/themes/default/loading.gif HTTP/1.1" 200 1737
186.115.48.113 - - [26/Jul/2015:10:16:26 -0500] "GET /galeria/nivo-slider/demo/images/banner-Pacto-por-la-madera.jpg HTTP/1.1" 200 209966
186.115.48.113 - - [26/Jul/2015:10:16:26 -0500] "GET /galeria/nivo-slider/demo/images/acuerdo_569.jpg HTTP/1.1" 200 62670
186.115.48.113 - - [26/Jul/2015:10:16:26 -0500] "GET /galeria/nivo-slider/demo/images/Licitaciones-proyecto-paramo.jpg HTTP/1.1" 200 221877
186.115.48.113 - - [26/Jul/2015:10:16:27 -0500] "GET /galeria/nivo-slider/demo/images/Banner-decreto1299.jpg HTTP/1.1" 200 182613
186.115.48.113 - - [26/Jul/2015:10:16:28 -0500] "GET /galeria/nivo-slider/demo/images/Banner-Directorio.jpg HTTP/1.1" 200 182068
201.245.192.253 - - [26/Jul/2015:10:16:14 -0500] "POST /wp-admin/admin-ajax.php HTTP/1.1" 200 23
186.115.48.113 - - [26/Jul/2015:10:16:28 -0500] "GET /galeria/nivo-slider/demo/images/Ruta-vertimientos-01.jpg HTTP/1.1" 200 130151
186.147.11.99 - - [26/Jul/2015:10:16:28 -0500] "GET /galeria/galeria/jquery.fancybox.css?v=2.1.5 HTTP/1.1" 304 -
186.147.11.99 - - [26/Jul/2015:10:16:28 -0500] "GET /BLA/boletinlegal/js/jquery.scrollShow.js HTTP/1.1" 304 -
186.147.11.99 - - [26/Jul/2015:10:16:28 -0500] "GET /galeria/galeria/jquery.fancybox.js?v=2.1.5 HTTP/1.1" 304 -
186.115.48.113 - - [26/Jul/2015:10:16:29 -0500] "GET /galeria/nivo-slider/demo/images/bolsas-06.jpg HTTP/1.1" 200 90982
186.115.48.113 - - [26/Jul/2015:10:16:29 -0500] "GET /galeria/nivo-slider/demo/images/Conoce-los-humedales.jpg HTTP/1.1" 200 294036
186.115.48.113 - - [26/Jul/2015:10:16:29 -0500] "GET /galeria/nivo-slider/demo/images/ecolecta-Dic2014.png HTTP/1.1" 200 288593
186.115.48.113 - - [26/Jul/2015:10:16:29 -0500] "GET /galeria/nivo-slider/demo/images/Banner-Caracol-Africano.jpg HTTP/1.1" 200 331986
186.115.48.113 - - [26/Jul/2015:10:16:30 -0500] "GET /galeria/nivo-slider/demo/scripts/jquery-1.7.1.min.js HTTP/1.1" 200 93868
186.115.48.113 - - [26/Jul/2015:10:16:30 -0500] "GET /galeria/nivo-slider/jquery.nivo.slider.pack.js HTTP/1.1" 200 11561
186.115.48.113 - - [26/Jul/2015:10:16:32 -0500] "GET /galeria/nivo-slider/themes/default/arrows.png HTTP/1.1" 200 824
186.115.48.113 - - [26/Jul/2015:10:16:32 -0500] "GET /galeria/nivo-slider/themes/default/bullets.png HTTP/1.1" 200 1281
172.22.2.3 - - [26/Jul/2015:10:16:33 -0500] "POST /cumbredelclima/wp-admin/admin-ajax.php HTTP/1.1" 200 23
201.245.192.253 - - [26/Jul/2015:10:16:46 -0500] "GET /forest/session.jsp?a=0.706410982015442 HTTP/1.1" 200 4
172.22.2.3 - - [26/Jul/2015:10:16:48 -0500] "POST /cumbredelclima/wp-admin/admin-ajax.php HTTP/1.1" 200 23
186.115.48.113 - - [26/Jul/2015:10:16:51 -0500] "GET /galeria/galeria/jquery.fancybox.css?v=2.1.5 HTTP/1.1" 304 -
186.115.48.113 - - [26/Jul/2015:10:16:51 -0500] "GET /BLA/boletinlegal/js/jquery.scrollShow.js HTTP/1.1" 304 -
186.115.48.113 - - [26/Jul/2015:10:16:51 -0500] "GET /galeria/galeria/jquery.fancybox.js?v=2.1.5 HTTP/1.1" 304 -
172.22.2.3 - - [26/Jul/2015:10:17:03 -0500] "POST /cumbredelclima/wp-admin/admin-ajax.php HTTP/1.1" 200 23
186.29.179.67 - - [26/Jul/2015:10:17:17 -0500] "GET /forest/session.jsp?a=0.3769966699182987 HTTP/1.1" 200 4
172.22.2.3 - - [26/Jul/2015:10:17:18 -0500] "POST /cumbredelclima/wp-admin/admin-ajax.php HTTP/1.1" 200 23
191.102.196.30 - - [26/Jul/2015:10:17:28 -0500] "GET /galeria/galeria/jquery.fancybox.css?v=2.1.5 HTTP/1.1" 200 4895
191.102.196.30 - - [26/Jul/2015:10:17:28 -0500] "GET /galeria/galeria/jquery.fancybox.js?v=2.1.5 HTTP/1.1" 200 48706
191.102.196.30 - - [26/Jul/2015:10:17:28 -0500] "GET /BLA/boletinlegal/js/jquery.scrollShow.js HTTP/1.1" 200 4586
172.22.2.3 - - [26/Jul/2015:10:17:33 -0500] "POST /cumbredelclima/wp-admin/admin-ajax.php HTTP/1.1" 200 23
186.115.48.113 - - [26/Jul/2015:10:17:37 -0500] "GET /galeria/galeria/jquery.fancybox.css?v=2.1.5 HTTP/1.1" 304 -
186.115.48.113 - - [26/Jul/2015:10:17:37 -0500] "GET /BLA/boletinlegal/js/jquery.scrollShow.js HTTP/1.1" 304 -
186.115.48.113 - - [26/Jul/2015:10:17:37 -0500] "GET /galeria/galeria/jquery.fancybox.js?v=2.1.5 HTTP/1.1" 304 -
191.102.196.30 - - [26/Jul/2015:10:17:48 -0500] "GET /galeria/galeria/jquery.fancybox.css?v=2.1.5 HTTP/1.1" 304 -
191.102.196.30 - - [26/Jul/2015:10:17:48 -0500] "GET /galeria/galeria/jquery.fancybox.js?v=2.1.5 HTTP/1.1" 304 -
191.102.196.30 - - [26/Jul/2015:10:17:48 -0500] "GET /BLA/boletinlegal/js/jquery.scrollShow.js HTTP/1.1" 304 -
172.22.2.3 - - [26/Jul/2015:10:17:48 -0500] "POST /cumbredelclima/wp-admin/admin-ajax.php HTTP/1.1" 200 23
191.102.196.30 - - [26/Jul/2015:10:17:49 -0500] "GET /BLA/boletinlegal/js/jquery.scrollShow.js HTTP/1.1" 304 -
191.102.196.30 - - [26/Jul/2015:10:17:49 -0500] "GET /galeria/galeria/jquery.fancybox.js?v=2.1.5 HTTP/1.1" 304 -
191.102.196.30 - - [26/Jul/2015:10:17:49 -0500] "GET /galeria/galeria/jquery.fancybox.css?v=2.1.5 HTTP/1.1" 304 -
172.22.2.3 - - [26/Jul/2015:10:18:03 -0500] "POST /cumbredelclima/wp-admin/admin-ajax.php HTTP/1.1" 200 23
172.22.2.3 - - [26/Jul/2015:10:18:18 -0500] "POST /cumbredelclima/wp-admin/admin-ajax.php HTTP/1.1" 200 23
201.245.192.253 - - [26/Jul/2015:10:18:15 -0500] "POST /wp-admin/admin-ajax.php HTTP/1.1" 200 23
172.22.2.3 - - [26/Jul/2015:10:18:33 -0500] "POST /cumbredelclima/wp-admin/admin-ajax.php HTTP/1.1" 200 23
181.61.134.119 - - [26/Jul/2015:10:18:37 -0500] "GET /BLA/boletinlegal/js/jquery.scrollShow.js HTTP/1.1" 200 4586
181.61.134.119 - - [26/Jul/2015:10:18:37 -0500] "GET /galeria/galeria/jquery.fancybox.js?v=2.1.5 HTTP/1.1" 200 48706
181.61.134.119 - - [26/Jul/2015:10:18:37 -0500] "GET /galeria/galeria/jquery.fancybox.css?v=2.1.5 HTTP/1.1" 200 4895
181.61.134.119 - - [26/Jul/2015:10:18:37 -0500] "GET /galeria/carrusel/Carrusel/jquery.thumbnailScroller.css HTTP/1.1" 200 2066
181.61.134.119 - - [26/Jul/2015:10:18:37 -0500] "GET /galeria/carrusel/Carrusel/jquery-ui-1.8.13.custom.min.js HTTP/1.1" 200 10800
181.61.134.119 - - [26/Jul/2015:10:18:40 -0500] "GET /galeria/carrusel/Carrusel/jquery.thumbnailScroller.js HTTP/1.1" 200 8157
181.61.134.119 - - [26/Jul/2015:10:18:40 -0500] "GET /galeria/nivo-slider/demo/demo.html HTTP/1.1" 200 5224
181.61.134.119 - - [26/Jul/2015:10:18:40 -0500] "GET /galeria/nivo-slider/themes/default/default.css HTTP/1.1" 200 1569
181.61.134.119 - - [26/Jul/2015:10:18:40 -0500] "GET /galeria/nivo-slider/themes/pascal/pascal.css HTTP/1.1" 200 2258
181.61.134.119 - - [26/Jul/2015:10:18:40 -0500] "GET /galeria/nivo-slider/themes/orman/orman.css HTTP/1.1" 200 2152
181.61.134.119 - - [26/Jul/2015:10:18:40 -0500] "GET /galeria/nivo-slider/nivo-slider.css HTTP/1.1" 200 1507
181.61.134.119 - - [26/Jul/2015:10:18:40 -0500] "GET /galeria/nivo-slider/demo/style.css HTTP/1.1" 200 2222
181.61.134.119 - - [26/Jul/2015:10:18:40 -0500] "GET /galeria/nivo-slider/demo/images/Rendicion-de-cuentas.jpg HTTP/1.1" 200 309079
181.61.134.119 - - [26/Jul/2015:10:18:41 -0500] "GET /galeria/nivo-slider/demo/images/Semana-PYBA.jpg HTTP/1.1" 200 147360
181.61.134.119 - - [26/Jul/2015:10:18:41 -0500] "GET /galeria/nivo-slider/demo/images/Comparendo-ambiental-Banner.jpg HTTP/1.1" 200 83731
181.61.134.119 - - [26/Jul/2015:10:18:41 -0500] "GET /galeria/nivo-slider/demo/images/PREDAcamp.jpg HTTP/1.1" 200 295358
181.61.134.119 - - [26/Jul/2015:10:18:41 -0500] "GET /galeria/nivo-slider/demo/images/banner-llantas2.jpg HTTP/1.1" 200 204644
181.61.134.119 - - [26/Jul/2015:10:18:41 -0500] "GET /galeria/nivo-slider/demo/images/GAE-banner.jpg HTTP/1.1" 200 97556
181.61.134.119 - - [26/Jul/2015:10:18:41 -0500] "GET /galeria/nivo-slider/demo/images/acuerdo_569.jpg HTTP/1.1" 200 62670
181.61.134.119 - - [26/Jul/2015:10:18:41 -0500] "GET /galeria/nivo-slider/demo/images/9Signos.jpg HTTP/1.1" 200 81776
181.61.134.119 - - [26/Jul/2015:10:18:41 -0500] "GET /galeria/nivo-slider/demo/images/banner-Pacto-por-la-madera.jpg HTTP/1.1" 200 209966
181.61.134.119 - - [26/Jul/2015:10:18:41 -0500] "GET /galeria/nivo-slider/demo/images/VoluntariadoPYBA.jpg HTTP/1.1" 200 40647
181.61.134.119 - - [26/Jul/2015:10:18:41 -0500] "GET /galeria/nivo-slider/demo/images/Banner-encuesta-de-percepscio.jpg HTTP/1.1" 200 201899
181.61.134.119 - - [26/Jul/2015:10:18:42 -0500] "GET /galeria/nivo-slider/demo/images/Banner-decreto1299.jpg HTTP/1.1" 200 182613
181.61.134.119 - - [26/Jul/2015:10:18:42 -0500] "GET /galeria/nivo-slider/demo/images/Licitaciones-proyecto-paramo.jpg HTTP/1.1" 200 221877
181.61.134.119 - - [26/Jul/2015:10:18:42 -0500] "GET /galeria/nivo-slider/demo/images/Banner-Directorio.jpg HTTP/1.1" 200 182068
181.61.134.119 - - [26/Jul/2015:10:18:42 -0500] "GET /galeria/nivo-slider/demo/images/Ruta-vertimientos-01.jpg HTTP/1.1" 200 130151
181.61.134.119 - - [26/Jul/2015:10:18:42 -0500] "GET /galeria/nivo-slider/demo/images/bolsas-06.jpg HTTP/1.1" 200 90982
172.22.2.3 - - [26/Jul/2015:10:18:48 -0500] "POST /cumbredelclima/wp-admin/admin-ajax.php HTTP/1.1" 200 23
181.61.134.119 - - [26/Jul/2015:10:18:55 -0500] "GET /galeria/nivo-slider/demo/images/Conoce-los-humedales.jpg HTTP/1.1" 200 294036
181.61.134.119 - - [26/Jul/2015:10:18:59 -0500] "GET /galeria/nivo-slider/demo/images/Banner-Caracol-Africano.jpg HTTP/1.1" 200 331986
181.61.134.119 - - [26/Jul/2015:10:18:59 -0500] "GET /galeria/nivo-slider/jquery.nivo.slider.pack.js HTTP/1.1" 200 11561
181.61.134.119 - - [26/Jul/2015:10:19:01 -0500] "GET /galeria/nivo-slider/themes/default/loading.gif HTTP/1.1" 200 1737
181.61.134.119 - - [26/Jul/2015:10:19:01 -0500] "GET /galeria/nivo-slider/demo/images/ecolecta-Dic2014.png HTTP/1.1" 200 288593
181.61.134.119 - - [26/Jul/2015:10:19:02 -0500] "GET /galeria/nivo-slider/demo/images/4Simple_Slider.png HTTP/1.1" 200 11722
181.61.134.119 - - [26/Jul/2015:10:19:03 -0500] "GET /galeria/nivo-slider/demo/scripts/jquery-1.7.1.min.js HTTP/1.1" 200 93868
172.22.2.3 - - [26/Jul/2015:10:19:03 -0500] "POST /cumbredelclima/wp-admin/admin-ajax.php HTTP/1.1" 200 23
172.22.2.3 - - [26/Jul/2015:10:19:18 -0500] "POST /cumbredelclima/wp-admin/admin-ajax.php HTTP/1.1" 200 23
191.102.114.253 - - [26/Jul/2015:10:19:27 -0500] "GET /galeria/galeria/jquery.fancybox.css?v=2.1.5 HTTP/1.1" 304 -
191.102.114.253 - - [26/Jul/2015:10:19:27 -0500] "GET /BLA/boletinlegal/js/jquery.scrollShow.js HTTP/1.1" 304 -
191.102.114.253 - - [26/Jul/2015:10:19:27 -0500] "GET /galeria/galeria/jquery.fancybox.js?v=2.1.5 HTTP/1.1" 304 -
74.86.158.107 - - [26/Jul/2015:10:19:32 -0500] "HEAD / HTTP/1.1" 200 -
172.22.2.3 - - [26/Jul/2015:10:19:33 -0500] "POST /cumbredelclima/wp-admin/admin-ajax.php HTTP/1.1" 200 23
181.61.134.119 - - [26/Jul/2015:10:19:35 -0500] "GET /galeria/nivo-slider/themes/default/bullets.png HTTP/1.1" 200 1281
181.61.134.119 - - [26/Jul/2015:10:19:35 -0500] "GET /galeria/nivo-slider/themes/default/arrows.png HTTP/1.1" 200 824
172.22.2.3 - - [26/Jul/2015:10:19:48 -0500] "POST /cumbredelclima/wp-admin/admin-ajax.php HTTP/1.1" 200 23
201.245.192.253 - - [26/Jul/2015:10:19:57 -0500] "GET /forest/session.jsp?a=0.1200865625958315 HTTP/1.1" 200 4
172.22.2.3 - - [26/Jul/2015:10:20:03 -0500] "POST /cumbredelclima/wp-admin/admin-ajax.php HTTP/1.1" 200 23
172.22.2.3 - - [26/Jul/2015:10:20:18 -0500] "POST /cumbredelclima/wp-admin/admin-ajax.php HTTP/1.1" 200 23
186.80.18.51 - - [26/Jul/2015:10:20:25 -0500] "GET /galeria/galeria/fotos/1humedal-Burro1G.jpg HTTP/1.1" 200 132804
201.245.192.253 - - [26/Jul/2015:10:20:14 -0500] "POST /wp-admin/admin-ajax.php HTTP/1.1" 200 23
172.22.2.3 - - [26/Jul/2015:10:20:33 -0500] "POST /cumbredelclima/wp-admin/admin-ajax.php HTTP/1.1" 200 23
212.52.166.61 - - [26/Jul/2015:10:20:46 -0500] "GET /wp-admin/ HTTP/1.1" 404 1018
172.22.2.3 - - [26/Jul/2015:10:20:48 -0500] "POST /cumbredelclima/wp-admin/admin-ajax.php HTTP/1.1" 200 23
223.225.215.196 - - [26/Jul/2015:10:20:57 -0500] "GET /BLA/resoluciones/RESOLUCIONES%202008/4546.pdf HTTP/1.1" 200 728143
66.249.64.253 - - [26/Jul/2015:10:21:03 -0500] "GET /Anexos%20estudio%20Organizacional%20SDA/ANEXO%20No.%203-%20CONTRATACI%C3%93N%20%20OPS%C2%B4s%202008-2012/CONTRATOS%20SDA%202011%20POR%20DEPENDENCIA.xls HTTP/1.1" 304 -
172.22.2.3 - - [26/Jul/2015:10:21:03 -0500] "POST /cumbredelclima/wp-admin/admin-ajax.php HTTP/1.1" 200 23
66.249.64.248 - - [26/Jul/2015:10:21:04 -0500] "GET /PruebasSTORM/StormSDA_pruebas/userFiles/user_files/listas/131.xml HTTP/1.1" 200 359
181.60.201.75 - - [26/Jul/2015:10:21:17 -0500] "GET /galeria/galeria/jquery.fancybox.js?v=2.1.5 HTTP/1.1" 200 48706
181.60.201.75 - - [26/Jul/2015:10:21:17 -0500] "GET /galeria/galeria/jquery.fancybox.css?v=2.1.5 HTTP/1.1" 200 4895
181.60.201.75 - - [26/Jul/2015:10:21:17 -0500] "GET /BLA/boletinlegal/js/jquery.scrollShow.js HTTP/1.1" 200 4586
172.22.2.3 - - [26/Jul/2015:10:21:18 -0500] "POST /cumbredelclima/wp-admin/admin-ajax.php HTTP/1.1" 200 23
181.60.201.75 - - [26/Jul/2015:10:21:27 -0500] "GET /BLA/boletinlegal/js/jquery.scrollShow.js HTTP/1.1" 200 4586
181.60.201.75 - - [26/Jul/2015:10:21:27 -0500] "GET /galeria/galeria/jquery.fancybox.css?v=2.1.5 HTTP/1.1" 200 4895
181.60.201.75 - - [26/Jul/2015:10:21:27 -0500] "GET /galeria/galeria/jquery.fancybox.js?v=2.1.5 HTTP/1.1" 200 48706
172.22.2.3 - - [26/Jul/2015:10:21:33 -0500] "POST /cumbredelclima/wp-admin/admin-ajax.php HTTP/1.1" 200 23
201.245.192.253 - - [26/Jul/2015:10:21:46 -0500] "GET /forest/session.jsp?a=0.5978630087959587 HTTP/1.1" 200 4
172.22.2.3 - - [26/Jul/2015:10:21:48 -0500] "POST /cumbredelclima/wp-admin/admin-ajax.php HTTP/1.1" 200 23
172.22.2.3 - - [26/Jul/2015:10:22:03 -0500] "POST /cumbredelclima/wp-admin/admin-ajax.php HTTP/1.1" 200 23
186.43.1.52 - - [26/Jul/2015:10:22:11 -0500] "GET /galeria/galeria/jquery.fancybox.css?v=2.1.5 HTTP/1.1" 200 4895
186.43.1.52 - - [26/Jul/2015:10:22:11 -0500] "GET /BLA/boletinlegal/js/jquery.scrollShow.js HTTP/1.1" 200 4586
186.43.1.52 - - [26/Jul/2015:10:22:11 -0500] "GET /galeria/galeria/jquery.fancybox.js?v=2.1.5 HTTP/1.1" 200 48706
186.29.179.67 - - [26/Jul/2015:10:22:18 -0500] "GET /forest/session.jsp?a=0.08424354810267687 HTTP/1.1" 200 4
172.22.2.3 - - [26/Jul/2015:10:22:18 -0500] "POST /cumbredelclima/wp-admin/admin-ajax.php HTTP/1.1" 200 23
186.43.1.52 - - [26/Jul/2015:10:22:22 -0500] "GET /galeria/galeria/jquery.fancybox.css?v=2.1.5 HTTP/1.1" 304 -
186.43.1.52 - - [26/Jul/2015:10:22:22 -0500] "GET /BLA/boletinlegal/js/jquery.scrollShow.js HTTP/1.1" 304 -
186.43.1.52 - - [26/Jul/2015:10:22:22 -0500] "GET /galeria/galeria/jquery.fancybox.js?v=2.1.5 HTTP/1.1" 304 -
186.146.147.219 - - [26/Jul/2015:10:22:25 -0500] "GET /BLA/boletinlegal/js/jquery.scrollShow.js HTTP/1.1" 200 4586
186.146.147.219 - - [26/Jul/2015:10:22:25 -0500] "GET /galeria/galeria/jquery.fancybox.js?v=2.1.5 HTTP/1.1" 200 48706
186.146.147.219 - - [26/Jul/2015:10:22:25 -0500] "GET /galeria/galeria/jquery.fancybox.css?v=2.1.5 HTTP/1.1" 200 4895
201.245.192.253 - - [26/Jul/2015:10:22:14 -0500] "POST /wp-admin/admin-ajax.php HTTP/1.1" 200 23
172.22.2.3 - - [26/Jul/2015:10:22:33 -0500] "POST /cumbredelclima/wp-admin/admin-ajax.php HTTP/1.1" 200 23
66.249.64.101 - - [26/Jul/2015:10:22:41 -0500] "GET /resoluciones/RESOLUCIONES%202007/RES%202007%203401%20AL%203500/RESOLUCION%203431%20DE%202007.pdf HTTP/1.1" 404 1018
180.76.15.134 - - [26/Jul/2015:10:22:47 -0500] "GET /SIG/Direccionamiento%20Estrategico/126PG01-PR08.pdf HTTP/1.1" 200 1903064
186.146.147.219 - - [26/Jul/2015:10:22:47 -0500] "GET /galeria/galeria/jquery.fancybox.css?v=2.1.5 HTTP/1.1" 304 -
186.146.147.219 - - [26/Jul/2015:10:22:47 -0500] "GET /BLA/boletinlegal/js/jquery.scrollShow.js HTTP/1.1" 304 -
186.146.147.219 - - [26/Jul/2015:10:22:47 -0500] "GET /galeria/galeria/jquery.fancybox.js?v=2.1.5 HTTP/1.1" 304 -
172.22.2.3 - - [26/Jul/2015:10:22:48 -0500] "POST /cumbredelclima/wp-admin/admin-ajax.php HTTP/1.1" 200 23
172.22.2.3 - - [26/Jul/2015:10:23:03 -0500] "POST /cumbredelclima/wp-admin/admin-ajax.php HTTP/1.1" 200 23
37.228.105.130 - - [26/Jul/2015:10:23:16 -0500] "GET /BLA/boletinlegal/js/jquery.scrollShow.js HTTP/1.1" 200 4586
37.228.105.130 - - [26/Jul/2015:10:23:16 -0500] "GET /galeria/galeria/jquery.fancybox.js?v=2.1.5 HTTP/1.1" 200 48706
191.95.248.163 - - [26/Jul/2015:10:23:16 -0500] "GET /galeria/galeria/jquery.fancybox.css?v=2.1.5 HTTP/1.1" 200 4895
191.95.248.163 - - [26/Jul/2015:10:23:16 -0500] "GET /galeria/galeria/jquery.fancybox.js?v=2.1.5 HTTP/1.1" 200 48706
191.95.248.163 - - [26/Jul/2015:10:23:16 -0500] "GET /BLA/boletinlegal/js/jquery.scrollShow.js HTTP/1.1" 200 4586
172.22.2.3 - - [26/Jul/2015:10:23:18 -0500] "POST /cumbredelclima/wp-admin/admin-ajax.php HTTP/1.1" 200 23
37.228.105.130 - - [26/Jul/2015:10:23:20 -0500] "GET /galeria/galeria/jquery.fancybox.css?v=2.1.5 HTTP/1.1" 200 4895
191.95.248.163 - - [26/Jul/2015:10:23:22 -0500] "GET /BLA/boletinlegal/js/jquery.scrollShow.js HTTP/1.1" 304 -
191.95.248.163 - - [26/Jul/2015:10:23:22 -0500] "GET /galeria/galeria/jquery.fancybox.css?v=2.1.5 HTTP/1.1" 304 -
191.95.248.163 - - [26/Jul/2015:10:23:22 -0500] "GET /galeria/galeria/jquery.fancybox.js?v=2.1.5 HTTP/1.1" 304 -
37.228.105.130 - - [26/Jul/2015:10:23:24 -0500] "GET /BLA/boletinlegal/js/jquery.scrollShow.js HTTP/1.1" 200 4586
37.228.105.130 - - [26/Jul/2015:10:23:24 -0500] "GET /galeria/galeria/jquery.fancybox.js?v=2.1.5 HTTP/1.1" 200 48706
37.228.105.130 - - [26/Jul/2015:10:23:25 -0500] "GET /galeria/galeria/jquery.fancybox.css?v=2.1.5 HTTP/1.1" 200 4895
172.22.2.3 - - [26/Jul/2015:10:23:33 -0500] "POST /cumbredelclima/wp-admin/admin-ajax.php HTTP/1.1" 200 23
157.55.39.205 - - [26/Jul/2015:10:23:42 -0500] "GET /dama/libreria/php/decide.php?patron=03.1305020113&numm=4 HTTP/1.1" 404 1019
190.68.197.230 - - [26/Jul/2015:10:23:45 -0500] "GET /forest/ HTTP/1.1" 200 12815
190.68.197.230 - - [26/Jul/2015:10:23:46 -0500] "GET /forest/skins/gdocs-jar/css/forest.css?version=1503.161801 HTTP/1.1" 304 -
190.68.197.230 - - [26/Jul/2015:10:23:46 -0500] "GET /forest/skins/gdocs-jar/css/menu.css?version=1503.161801 HTTP/1.1" 304 -
190.68.197.230 - - [26/Jul/2015:10:23:46 -0500] "GET /forest/skins/gdocs-jar/css/autocomplete.css?version=1503.161801 HTTP/1.1" 304 -
190.68.197.230 - - [26/Jul/2015:10:23:46 -0500] "GET /forest/css/escritorio.css?version=1503.161801 HTTP/1.1" 304 -
190.68.197.230 - - [26/Jul/2015:10:23:46 -0500] "GET /forest/css/index.css?version=1503.161801 HTTP/1.1" 304 -
190.68.197.230 - - [26/Jul/2015:10:23:46 -0500] "GET /forest/1ibre/jscalendar/calendar-win2k-1.css?version=1503.161801 HTTP/1.1" 304 -
190.68.197.230 - - [26/Jul/2015:10:23:46 -0500] "GET /forest/skins/gdocs-jar/css/dialog.css?version=1503.161801 HTTP/1.1" 304 -
190.68.197.230 - - [26/Jul/2015:10:23:46 -0500] "GET /forest/skins/gdocs-jar/css/forms.css?version=1503.161801 HTTP/1.1" 304 -
190.68.197.230 - - [26/Jul/2015:10:23:46 -0500] "GET /forest/js/json3.js HTTP/1.1" 304 -
190.68.197.230 - - [26/Jul/2015:10:23:46 -0500] "GET /forest/img/loading.gif HTTP/1.1" 304 -
190.68.197.230 - - [26/Jul/2015:10:23:46 -0500] "GET /forest/img/spacer.gif HTTP/1.1" 304 -
190.68.197.230 - - [26/Jul/2015:10:23:46 -0500] "GET /forest/img/panel/view_icon.gif HTTP/1.1" 304 -
190.68.197.230 - - [26/Jul/2015:10:23:46 -0500] "GET /forest/img/inicio/1.gif HTTP/1.1" 304 -
190.68.197.230 - - [26/Jul/2015:10:23:46 -0500] "GET /forest/img/inicio/2.gif HTTP/1.1" 304 -
190.68.197.230 - - [26/Jul/2015:10:23:46 -0500] "GET /forest/img/inicio/3.gif HTTP/1.1" 304 -
190.68.197.230 - - [26/Jul/2015:10:23:46 -0500] "GET /forest/img/base/bsc2_r1_c1.gif HTTP/1.1" 304 -
190.68.197.230 - - [26/Jul/2015:10:23:47 -0500] "GET /forest/img/base/bsc2_r1_c2.gif HTTP/1.1" 304 -
190.68.197.230 - - [26/Jul/2015:10:23:47 -0500] "GET /forest/img/base/bsc2_r1_c3.gif HTTP/1.1" 304 -
190.68.197.230 - - [26/Jul/2015:10:23:47 -0500] "GET /forest/img/inicio/4.gif HTTP/1.1" 304 -
190.68.197.230 - - [26/Jul/2015:10:23:47 -0500] "GET /forest/img/inicio/6.gif HTTP/1.1" 304 -
190.68.197.230 - - [26/Jul/2015:10:23:47 -0500] "GET /forest/img/inicio/5.gif HTTP/1.1" 304 -
190.68.197.230 - - [26/Jul/2015:10:23:47 -0500] "GET /forest/img/inicio/7.gif HTTP/1.1" 304 -
190.68.197.230 - - [26/Jul/2015:10:23:47 -0500] "GET /forest/img/mplogo.gif HTTP/1.1" 304 -
190.68.197.230 - - [26/Jul/2015:10:23:47 -0500] "GET /forest/img/close.gif HTTP/1.1" 304 -
190.68.197.230 - - [26/Jul/2015:10:23:47 -0500] "GET /forest/skins/gdocs-jar/img/okey.gif HTTP/1.1" 304 -
190.68.197.230 - - [26/Jul/2015:10:23:48 -0500] "GET /forest/1ibre/1ibre.css HTTP/1.1" 304 -
172.22.2.3 - - [26/Jul/2015:10:23:48 -0500] "POST /cumbredelclima/wp-admin/admin-ajax.php HTTP/1.1" 200 23
186.29.179.67 - - [26/Jul/2015:10:23:49 -0500] "GET /forest/session.jsp?a=0.7438533673994243 HTTP/1.1" 200 4
66.249.64.29 - - [26/Jul/2015:10:23:54 -0500] "GET /wp-content/uploads/2015/07/textoinvita.png HTTP/1.1" 200 21517
190.68.197.230 - - [26/Jul/2015:10:24:01 -0500] "POST /forest/login.do HTTP/1.1" 302 -
190.68.197.230 - - [26/Jul/2015:10:24:01 -0500] "GET /forest/index2.jsp?a=0.9234847788864001 HTTP/1.1" 200 64880
190.68.197.230 - - [26/Jul/2015:10:24:02 -0500] "GET /forest/skins/gdocs-jar/css/tree.css HTTP/1.1" 304 -
190.68.197.230 - - [26/Jul/2015:10:24:02 -0500] "GET /forest/skins/gdocs-jar/css/autocomplete.css HTTP/1.1" 304 -
190.68.197.230 - - [26/Jul/2015:10:24:02 -0500] "GET /forest/skins/gdocs-jar/js/autocompletar2.js?version=1503.161801 HTTP/1.1" 304 -
190.68.197.230 - - [26/Jul/2015:10:24:02 -0500] "GET /forest/skins/gdocs-jar/js/xml_utilities.js?version=1503.161801 HTTP/1.1" 304 -
190.68.197.230 - - [26/Jul/2015:10:24:02 -0500] "GET /forest/js/inicio.js?version=1503.161801 HTTP/1.1" 304 -
190.68.197.230 - - [26/Jul/2015:10:24:02 -0500] "GET /forest/skins/gdocs-jar/js/misprocesos.js?version=1503.161801 HTTP/1.1" 304 -
190.68.197.230 - - [26/Jul/2015:10:24:02 -0500] "GET /forest/img/inicio.jpg HTTP/1.1" 304 -
190.68.197.230 - - [26/Jul/2015:10:24:02 -0500] "GET /forest/img/users/3.gif HTTP/1.1" 304 -
190.68.197.230 - - [26/Jul/2015:10:24:02 -0500] "GET /forest/img/users/5.gif HTTP/1.1" 304 -
190.68.197.230 - - [26/Jul/2015:10:24:02 -0500] "GET /forest/img/users/7.gif HTTP/1.1" 304 -
190.68.197.230 - - [26/Jul/2015:10:24:02 -0500] "GET /forest/img/download_large.gif HTTP/1.1" 304 -
190.68.197.230 - - [26/Jul/2015:10:24:02 -0500] "GET /forest/img/pantalla.gif HTTP/1.1" 304 -
190.68.197.230 - - [26/Jul/2015:10:24:02 -0500] "GET /forest/img/notify.gif HTTP/1.1" 304 -
190.68.197.230 - - [26/Jul/2015:10:24:02 -0500] "GET /forest/img/salir3.gif HTTP/1.1" 304 -
190.68.197.230 - - [26/Jul/2015:10:24:02 -0500] "GET /forest/img/buscar.jpg HTTP/1.1" 304 -
190.68.197.230 - - [26/Jul/2015:10:24:02 -0500] "GET /forest/img/ayuda.gif HTTP/1.1" 304 -
190.68.197.230 - - [26/Jul/2015:10:24:02 -0500] "GET /forest/img/buscar_documentos.gif HTTP/1.1" 304 -
190.68.197.230 - - [26/Jul/2015:10:24:02 -0500] "GET /forest/img/misdocumentos.gif HTTP/1.1" 304 -
190.68.197.230 - - [26/Jul/2015:10:24:02 -0500] "GET /forest/img/instanciar.gif HTTP/1.1" 304 -
190.68.197.230 - - [26/Jul/2015:10:24:02 -0500] "GET /forest/img/buscar_procesos.gif HTTP/1.1" 304 -
190.68.197.230 - - [26/Jul/2015:10:24:02 -0500] "GET /forest/img/panel/menu/add.png HTTP/1.1" 304 -
190.68.197.230 - - [26/Jul/2015:10:24:02 -0500] "GET /forest/img/panel/menu/folder.png HTTP/1.1" 304 -
190.68.197.230 - - [26/Jul/2015:10:24:02 -0500] "GET /forest/img/panel/menu/hoy.png HTTP/1.1" 304 -
190.68.197.230 - - [26/Jul/2015:10:24:02 -0500] "GET /forest/img/panel/menu/danger2.png HTTP/1.1" 304 -
190.68.197.230 - - [26/Jul/2015:10:24:02 -0500] "GET /forest/skins/gdocs-jar/img/cancel.gif HTTP/1.1" 304 -
190.68.197.230 - - [26/Jul/2015:10:24:02 -0500] "GET /forest/img/fondo-barra.gif HTTP/1.1" 304 -
190.68.197.230 - - [26/Jul/2015:10:24:02 -0500] "GET /forest/session.jsp?a=0.6639798840042204 HTTP/1.1" 200 4
172.22.2.3 - - [26/Jul/2015:10:24:03 -0500] "POST /cumbredelclima/wp-admin/admin-ajax.php HTTP/1.1" 200 23
179.33.225.16 - - [26/Jul/2015:10:24:03 -0500] "GET /BLA/boletinlegal/js/jquery.scrollShow.js HTTP/1.1" 200 4586
179.33.225.16 - - [26/Jul/2015:10:24:03 -0500] "GET /galeria/galeria/jquery.fancybox.css?v=2.1.5 HTTP/1.1" 200 4895
179.33.225.16 - - [26/Jul/2015:10:24:03 -0500] "GET /galeria/galeria/jquery.fancybox.js?v=2.1.5 HTTP/1.1" 200 48706
179.33.225.16 - - [26/Jul/2015:10:24:15 -0500] "GET /BLA/boletinlegal/js/jquery.scrollShow.js HTTP/1.1" 304 -
179.33.225.16 - - [26/Jul/2015:10:24:15 -0500] "GET /galeria/galeria/jquery.fancybox.js?v=2.1.5 HTTP/1.1" 304 -
179.33.225.16 - - [26/Jul/2015:10:24:15 -0500] "GET /galeria/galeria/jquery.fancybox.css?v=2.1.5 HTTP/1.1" 304 -
172.22.2.3 - - [26/Jul/2015:10:24:18 -0500] "POST /cumbredelclima/wp-admin/admin-ajax.php HTTP/1.1" 200 23
201.245.192.253 - - [26/Jul/2015:10:24:14 -0500] "POST /wp-admin/admin-ajax.php HTTP/1.1" 200 23
190.27.1.169 - - [26/Jul/2015:10:24:30 -0500] "GET /forest/ HTTP/1.1" 200 12815
190.27.1.169 - - [26/Jul/2015:10:24:30 -0500] "GET /forest/skins/gdocs-jar/css/forest.css?version=1503.161801 HTTP/1.1" 304 -
190.27.1.169 - - [26/Jul/2015:10:24:30 -0500] "GET /forest/skins/gdocs-jar/css/menu.css?version=1503.161801 HTTP/1.1" 304 -
190.27.1.169 - - [26/Jul/2015:10:24:30 -0500] "GET /forest/skins/gdocs-jar/css/autocomplete.css?version=1503.161801 HTTP/1.1" 304 -
190.27.1.169 - - [26/Jul/2015:10:24:30 -0500] "GET /forest/css/escritorio.css?version=1503.161801 HTTP/1.1" 304 -
190.27.1.169 - - [26/Jul/2015:10:24:30 -0500] "GET /forest/css/index.css?version=1503.161801 HTTP/1.1" 304 -
190.27.1.169 - - [26/Jul/2015:10:24:31 -0500] "GET /forest/1ibre/jscalendar/calendar-win2k-1.css?version=1503.161801 HTTP/1.1" 304 -
190.27.1.169 - - [26/Jul/2015:10:24:31 -0500] "GET /forest/skins/gdocs-jar/css/dialog.css?version=1503.161801 HTTP/1.1" 304 -
190.27.1.169 - - [26/Jul/2015:10:24:31 -0500] "GET /forest/skins/gdocs-jar/css/forms.css?version=1503.161801 HTTP/1.1" 304 -
190.27.1.169 - - [26/Jul/2015:10:24:31 -0500] "GET /forest/js/json3.js HTTP/1.1" 304 -
190.27.1.169 - - [26/Jul/2015:10:24:32 -0500] "GET /forest/img/loading.gif HTTP/1.1" 304 -
190.27.1.169 - - [26/Jul/2015:10:24:32 -0500] "GET /forest/img/spacer.gif HTTP/1.1" 304 -
190.27.1.169 - - [26/Jul/2015:10:24:32 -0500] "GET /forest/img/panel/view_icon.gif HTTP/1.1" 304 -
190.27.1.169 - - [26/Jul/2015:10:24:32 -0500] "GET /forest/img/inicio/1.gif HTTP/1.1" 304 -
74.86.158.107 - - [26/Jul/2015:10:24:32 -0500] "HEAD / HTTP/1.1" 200 -
190.27.1.169 - - [26/Jul/2015:10:24:32 -0500] "GET /forest/img/inicio/2.gif HTTP/1.1" 304 -
190.27.1.169 - - [26/Jul/2015:10:24:32 -0500] "GET /forest/img/inicio/3.gif HTTP/1.1" 304 -
190.27.1.169 - - [26/Jul/2015:10:24:33 -0500] "GET /forest/img/inicio/4.gif HTTP/1.1" 304 -
190.27.1.169 - - [26/Jul/2015:10:24:33 -0500] "GET /forest/img/inicio/5.gif HTTP/1.1" 304 -
190.27.1.169 - - [26/Jul/2015:10:24:33 -0500] "GET /forest/img/inicio/6.gif HTTP/1.1" 304 -
190.27.1.169 - - [26/Jul/2015:10:24:33 -0500] "GET /forest/img/inicio/7.gif HTTP/1.1" 304 -
190.27.1.169 - - [26/Jul/2015:10:24:33 -0500] "GET /forest/img/base/bsc2_r1_c1.gif HTTP/1.1" 304 -
190.27.1.169 - - [26/Jul/2015:10:24:33 -0500] "GET /forest/img/base/bsc2_r1_c2.gif HTTP/1.1" 304 -
172.22.2.3 - - [26/Jul/2015:10:24:33 -0500] "POST /cumbredelclima/wp-admin/admin-ajax.php HTTP/1.1" 200 23
190.27.1.169 - - [26/Jul/2015:10:24:33 -0500] "GET /forest/img/base/bsc2_r1_c3.gif HTTP/1.1" 304 -
190.27.1.169 - - [26/Jul/2015:10:24:33 -0500] "GET /forest/img/mplogo.gif HTTP/1.1" 304 -
190.27.1.169 - - [26/Jul/2015:10:24:33 -0500] "GET /forest/img/close.gif HTTP/1.1" 304 -
190.27.1.169 - - [26/Jul/2015:10:24:33 -0500] "GET /forest/skins/gdocs-jar/img/okey.gif HTTP/1.1" 304 -
190.27.1.169 - - [26/Jul/2015:10:24:34 -0500] "GET /forest/1ibre/1ibre.css HTTP/1.1" 304 -
186.29.179.67 - - [26/Jul/2015:10:24:44 -0500] "GET /forest/logout-redirect.jsp HTTP/1.1" 302 -
186.29.179.67 - - [26/Jul/2015:10:24:44 -0500] "GET /forest/login.do HTTP/1.1" 200 12815
172.22.2.3 - - [26/Jul/2015:10:24:48 -0500] "POST /cumbredelclima/wp-admin/admin-ajax.php HTTP/1.1" 200 23
201.245.192.253 - - [26/Jul/2015:10:24:57 -0500] "GET /forest/session.jsp?a=0.9277989764573596 HTTP/1.1" 200 4
37.228.105.130 - - [26/Jul/2015:10:25:00 -0500] "GET /BLA/boletinlegal/js/jquery.scrollShow.js HTTP/1.1" 304 -
37.228.105.130 - - [26/Jul/2015:10:25:00 -0500] "GET /galeria/galeria/jquery.fancybox.js?v=2.1.5 HTTP/1.1" 304 -
37.228.105.130 - - [26/Jul/2015:10:25:00 -0500] "GET /galeria/galeria/jquery.fancybox.css?v=2.1.5 HTTP/1.1" 304 -
172.22.2.3 - - [26/Jul/2015:10:25:03 -0500] "POST /cumbredelclima/wp-admin/admin-ajax.php HTTP/1.1" 200 23
190.27.1.169 - - [26/Jul/2015:10:25:03 -0500] "POST /forest/login.do HTTP/1.1" 302 -
190.27.1.169 - - [26/Jul/2015:10:25:05 -0500] "GET /forest/img/inicio.jpg HTTP/1.1" 304 -
190.27.1.169 - - [26/Jul/2015:10:25:05 -0500] "GET /forest/img/users/3.gif HTTP/1.1" 304 -
190.27.1.169 - - [26/Jul/2015:10:25:05 -0500] "GET /forest/img/users/5.gif HTTP/1.1" 304 -
190.27.1.169 - - [26/Jul/2015:10:25:05 -0500] "GET /forest/img/users/7.gif HTTP/1.1" 304 -
190.27.1.169 - - [26/Jul/2015:10:25:05 -0500] "GET /forest/skins/gdocs-jar/css/tree.css HTTP/1.1" 304 -
190.27.1.169 - - [26/Jul/2015:10:25:04 -0500] "GET /forest/index2.jsp?a=0.7123040549793788 HTTP/1.1" 200 118968
190.27.1.169 - - [26/Jul/2015:10:25:05 -0500] "GET /forest/skins/gdocs-jar/css/autocomplete.css HTTP/1.1" 304 -
190.27.1.169 - - [26/Jul/2015:10:25:05 -0500] "GET /forest/skins/gdocs-jar/js/autocompletar2.js?version=1503.161801 HTTP/1.1" 304 -
190.27.1.169 - - [26/Jul/2015:10:25:05 -0500] "GET /forest/skins/gdocs-jar/js/xml_utilities.js?version=1503.161801 HTTP/1.1" 304 -
190.27.1.169 - - [26/Jul/2015:10:25:05 -0500] "GET /forest/skins/gdocs-jar/js/misprocesos.js?version=1503.161801 HTTP/1.1" 304 -
190.27.1.169 - - [26/Jul/2015:10:25:05 -0500] "GET /forest/js/inicio.js?version=1503.161801 HTTP/1.1" 304 -
190.27.1.169 - - [26/Jul/2015:10:25:05 -0500] "GET /forest/img/download_large.gif HTTP/1.1" 304 -
190.27.1.169 - - [26/Jul/2015:10:25:05 -0500] "GET /forest/img/buscar.jpg HTTP/1.1" 304 -
190.27.1.169 - - [26/Jul/2015:10:25:05 -0500] "GET /forest/img/buscar_documentos.gif HTTP/1.1" 304 -
190.27.1.169 - - [26/Jul/2015:10:25:06 -0500] "GET /forest/img/buscar_procesos.gif HTTP/1.1" 304 -
190.27.1.169 - - [26/Jul/2015:10:25:06 -0500] "GET /forest/img/notify.gif HTTP/1.1" 304 -
190.27.1.169 - - [26/Jul/2015:10:25:06 -0500] "GET /forest/img/ayuda.gif HTTP/1.1" 304 -
190.27.1.169 - - [26/Jul/2015:10:25:06 -0500] "GET /forest/img/pantalla.gif HTTP/1.1" 304 -
190.27.1.169 - - [26/Jul/2015:10:25:06 -0500] "GET /forest/img/salir3.gif HTTP/1.1" 304 -
190.27.1.169 - - [26/Jul/2015:10:25:07 -0500] "GET /forest/img/panel/menu/add.png HTTP/1.1" 304 -
190.27.1.169 - - [26/Jul/2015:10:25:07 -0500] "GET /forest/img/panel/menu/folder.png HTTP/1.1" 304 -
190.27.1.169 - - [26/Jul/2015:10:25:07 -0500] "GET /forest/img/panel/menu/hoy.png HTTP/1.1" 304 -
190.27.1.169 - - [26/Jul/2015:10:25:07 -0500] "GET /forest/img/panel/menu/danger2.png HTTP/1.1" 304 -
190.27.1.169 - - [26/Jul/2015:10:25:07 -0500] "GET /forest/img/instanciar.gif HTTP/1.1" 304 -
190.27.1.169 - - [26/Jul/2015:10:25:08 -0500] "GET /forest/skins/gdocs-jar/img/cancel.gif HTTP/1.1" 304 -
190.27.1.169 - - [26/Jul/2015:10:25:08 -0500] "GET /forest/img/misdocumentos.gif HTTP/1.1" 304 -
190.27.1.169 - - [26/Jul/2015:10:25:08 -0500] "GET /forest/img/misactividades.gif HTTP/1.1" 304 -
190.27.1.169 - - [26/Jul/2015:10:25:08 -0500] "GET /forest/img/fondo-barra.gif HTTP/1.1" 304 -
190.27.1.169 - - [26/Jul/2015:10:25:08 -0500] "GET /forest/session.jsp?a=0.11615598946809769 HTTP/1.1" 200 4
181.156.129.193 - - [26/Jul/2015:10:25:08 -0500] "GET /BLA/boletinlegal/js/jquery.scrollShow.js HTTP/1.1" 200 4586
181.156.129.193 - - [26/Jul/2015:10:25:08 -0500] "GET /galeria/galeria/jquery.fancybox.js?v=2.1.5 HTTP/1.1" 200 48706
181.156.129.193 - - [26/Jul/2015:10:25:08 -0500] "GET /galeria/galeria/jquery.fancybox.css?v=2.1.5 HTTP/1.1" 200 4895
172.22.2.3 - - [26/Jul/2015:10:25:18 -0500] "POST /cumbredelclima/wp-admin/admin-ajax.php HTTP/1.1" 200 23
190.27.1.169 - - [26/Jul/2015:10:25:21 -0500] "GET /forest/misactividades.do?group_system_actual=3&codPro=176&_a=0.5747052132419571 HTTP/1.1" 200 38234
190.27.1.169 - - [26/Jul/2015:10:25:22 -0500] "GET /forest/js/jquery/jquery-latest.js HTTP/1.1" 304 -
190.27.1.169 - - [26/Jul/2015:10:25:22 -0500] "GET /forest/js/jquery/css/jquery-ui-1.8.1.custom.css HTTP/1.1" 304 -
190.27.1.169 - - [26/Jul/2015:10:25:22 -0500] "GET /forest/js/jquery/css/jquery-ui-selectmenu.css HTTP/1.1" 304 -
190.27.1.169 - - [26/Jul/2015:10:25:22 -0500] "GET /forest/js/jquery/grid/css/ui.jqgrid.css HTTP/1.1" 304 -
190.27.1.169 - - [26/Jul/2015:10:25:22 -0500] "GET /forest/js/jquery/grid/css/ui.multiselect.css HTTP/1.1" 304 -
190.27.1.169 - - [26/Jul/2015:10:25:22 -0500] "GET /forest/js/jquery/jquery-ui-latest.js HTTP/1.1" 304 -
190.27.1.169 - - [26/Jul/2015:10:25:22 -0500] "GET /forest/js/jquery/jquery.layout-latest.js HTTP/1.1" 304 -
190.27.1.169 - - [26/Jul/2015:10:25:22 -0500] "GET /forest/js/jquery/plugins/jquery.searchFilter.js HTTP/1.1" 304 -
190.27.1.169 - - [26/Jul/2015:10:25:22 -0500] "GET /forest/js/jquery/plugins/ui.multiselect.js HTTP/1.1" 304 -
190.27.1.169 - - [26/Jul/2015:10:25:22 -0500] "GET /forest/js/jquery/plugins/jquery.ui.selectmenu.js HTTP/1.1" 304 -
190.27.1.169 - - [26/Jul/2015:10:25:22 -0500] "GET /forest/js/jquery/jquery.jqGrid.src.js HTTP/1.1" 304 -
190.27.1.169 - - [26/Jul/2015:10:25:23 -0500] "GET /forest/js/jquery/i18n/grid.locale-en.js HTTP/1.1" 304 -
190.27.1.169 - - [26/Jul/2015:10:25:23 -0500] "GET /forest/js/jquery/plugins/jquery.tablednd.js HTTP/1.1" 304 -
190.27.1.169 - - [26/Jul/2015:10:25:23 -0500] "GET /forest/js/jqGridConf.js HTTP/1.1" 304 -
190.27.1.169 - - [26/Jul/2015:10:25:23 -0500] "GET /forest/js/jquery/plugins/jquery.contextmenu.js HTTP/1.1" 304 -
190.27.1.169 - - [26/Jul/2015:10:25:23 -0500] "GET /forest/js/jquery/plugins/grid.setcolumns.js HTTP/1.1" 304 -
190.27.1.169 - - [26/Jul/2015:10:25:26 -0500] "GET /forest/session.jsp?a=0.5558727078605443 HTTP/1.1" 200 4
190.27.1.169 - - [26/Jul/2015:10:25:27 -0500] "GET /forest/img/jquery/ui-bg_flat_0_aaaaaa_40x100.png HTTP/1.1" 304 -
190.27.1.169 - - [26/Jul/2015:10:25:27 -0500] "GET /forest/img/jquery/ui-bg_inset-hard_100_fcfdfd_1x100.png HTTP/1.1" 304 -
190.27.1.169 - - [26/Jul/2015:10:25:27 -0500] "GET /forest/img/jquery/ui-bg_inset-hard_100_f5f8f9_1x100.png HTTP/1.1" 304 -
190.27.1.169 - - [26/Jul/2015:10:25:27 -0500] "GET /forest/img/jquery/ui-bg_glass_85_dfeffc_1x400.png HTTP/1.1" 304 -
190.27.1.169 - - [26/Jul/2015:10:25:27 -0500] "GET /forest/img/jquery/ui-icons_6da8d5_256x240.png HTTP/1.1" 304 -
190.27.1.169 - - [26/Jul/2015:10:25:27 -0500] "GET /forest/img/jquery/ui-icons_469bdd_256x240.png HTTP/1.1" 304 -
190.27.1.169 - - [26/Jul/2015:10:25:27 -0500] "POST /forest/misactividades.do?ajax=true&a=0.19846389954909682 HTTP/1.1" 200 4633
190.27.1.169 - - [26/Jul/2015:10:25:27 -0500] "GET /forest/img/jquery/ui-bg_gloss-wave_55_5c9ccc_500x100.png HTTP/1.1" 304 -
190.27.1.169 - - [26/Jul/2015:10:25:28 -0500] "GET /forest/img/jquery/columnshide.gif HTTP/1.1" 304 -
190.27.1.169 - - [26/Jul/2015:10:25:28 -0500] "GET /forest/img/jquery/ui-icons_d8e7f3_256x240.png HTTP/1.1" 304 -
190.27.1.169 - - [26/Jul/2015:10:25:28 -0500] "GET /forest/img/jquery/save.gif HTTP/1.1" 304 -
190.27.1.169 - - [26/Jul/2015:10:25:28 -0500] "GET /forest/img/jquery/quitarfiltrar.gif HTTP/1.1" 304 -
190.27.1.169 - - [26/Jul/2015:10:25:29 -0500] "GET /forest/skins/gdocs-jar/img/clip.gif HTTP/1.1" 304 -
190.27.1.169 - - [26/Jul/2015:10:25:29 -0500] "GET /forest/img/newdocs.gif HTTP/1.1" 304 -
190.27.1.169 - - [26/Jul/2015:10:25:29 -0500] "GET /forest/skins/gdocs-jar/img/doc-alert.gif HTTP/1.1" 304 -
190.27.1.169 - - [26/Jul/2015:10:25:29 -0500] "GET /forest/img/jquery/ui-bg_glass_75_d0e5f5_1x400.png HTTP/1.1" 304 -
190.27.1.169 - - [26/Jul/2015:10:25:30 -0500] "GET /forest/img/jquery/ui-icons_217bc0_256x240.png HTTP/1.1" 304 -
190.27.1.169 - - [26/Jul/2015:10:25:31 -0500] "GET /forest/index2.jsp?_a=0.2214526585303247 HTTP/1.1" 200 118966
190.27.1.169 - - [26/Jul/2015:10:25:32 -0500] "GET /forest/session.jsp?a=0.6720936582423747 HTTP/1.1" 200 4
172.22.2.3 - - [26/Jul/2015:10:25:33 -0500] "POST /cumbredelclima/wp-admin/admin-ajax.php HTTP/1.1" 200 23
190.27.1.169 - - [26/Jul/2015:10:25:35 -0500] "GET /forest/misactividades.do?group_system_actual=3&codPro=95&_a=0.6594056127312621 HTTP/1.1" 200 38253
190.27.1.169 - - [26/Jul/2015:10:25:36 -0500] "GET /forest/skins/gdocs-jar/jsp/cookie.jsp?name=grid_nompro&del HTTP/1.1" 200 -
190.27.1.169 - - [26/Jul/2015:10:25:36 -0500] "GET /forest/session.jsp?a=0.3204892019275576 HTTP/1.1" 200 4
190.27.1.169 - - [26/Jul/2015:10:25:36 -0500] "POST /forest/misactividades.do?ajax=true&a=0.6089814393781126 HTTP/1.1" 200 11437
181.236.2.8 - - [26/Jul/2015:10:25:46 -0500] "GET /galeria/galeria/jquery.fancybox.css?v=2.1.5 HTTP/1.1" 200 4895
181.236.2.8 - - [26/Jul/2015:10:25:46 -0500] "GET /BLA/boletinlegal/js/jquery.scrollShow.js HTTP/1.1" 200 4586
181.236.2.8 - - [26/Jul/2015:10:25:46 -0500] "GET /galeria/galeria/jquery.fancybox.js?v=2.1.5 HTTP/1.1" 200 48706
190.27.1.169 - - [26/Jul/2015:10:25:47 -0500] "POST /forest/misactividades.do?loadList=1&name=nompro&a=0.011116825509816408 HTTP/1.1" 200 392
190.27.1.169 - - [26/Jul/2015:10:25:47 -0500] "GET /forest/img/jquery/ui-icons_f9bd01_256x240.png HTTP/1.1" 404 185
172.22.2.3 - - [26/Jul/2015:10:25:48 -0500] "POST /cumbredelclima/wp-admin/admin-ajax.php HTTP/1.1" 200 23
190.27.1.169 - - [26/Jul/2015:10:25:49 -0500] "POST /forest/misactividades.do?ajax=true&a=0.053047450026497245 HTTP/1.1" 200 2757
172.22.2.3 - - [26/Jul/2015:10:26:03 -0500] "POST /cumbredelclima/wp-admin/admin-ajax.php HTTP/1.1" 200 23
181.236.2.8 - - [26/Jul/2015:10:26:04 -0500] "GET /galeria/galeria/jquery.fancybox.css?v=2.1.5 HTTP/1.1" 304 -
181.236.2.8 - - [26/Jul/2015:10:26:04 -0500] "GET /BLA/boletinlegal/js/jquery.scrollShow.js HTTP/1.1" 304 -
181.236.2.8 - - [26/Jul/2015:10:26:04 -0500] "GET /galeria/galeria/jquery.fancybox.js?v=2.1.5 HTTP/1.1" 304 -
190.27.1.169 - - [26/Jul/2015:10:26:08 -0500] "GET /forest/logout-redirect.jsp HTTP/1.1" 302 -
190.27.1.169 - - [26/Jul/2015:10:26:08 -0500] "GET /forest/login.do HTTP/1.1" 200 12815
172.22.2.3 - - [26/Jul/2015:10:26:18 -0500] "POST /cumbredelclima/wp-admin/admin-ajax.php HTTP/1.1" 200 23
201.245.192.253 - - [26/Jul/2015:10:26:14 -0500] "POST /wp-admin/admin-ajax.php HTTP/1.1" 200 23
172.22.2.3 - - [26/Jul/2015:10:26:33 -0500] "POST /cumbredelclima/wp-admin/admin-ajax.php HTTP/1.1" 200 23
201.245.192.253 - - [26/Jul/2015:10:26:46 -0500] "GET /forest/session.jsp?a=0.31405664984342885 HTTP/1.1" 200 4
181.156.129.193 - - [26/Jul/2015:10:26:48 -0500] "GET /BLA/boletinlegal/js/jquery.scrollShow.js HTTP/1.1" 304 -
181.156.129.193 - - [26/Jul/2015:10:26:48 -0500] "GET /galeria/galeria/jquery.fancybox.js?v=2.1.5 HTTP/1.1" 304 -
172.22.2.3 - - [26/Jul/2015:10:26:48 -0500] "POST /cumbredelclima/wp-admin/admin-ajax.php HTTP/1.1" 200 23
181.156.129.193 - - [26/Jul/2015:10:26:52 -0500] "GET /galeria/galeria/jquery.fancybox.css?v=2.1.5 HTTP/1.1" 304 -
172.22.2.3 - - [26/Jul/2015:10:27:03 -0500] "POST /cumbredelclima/wp-admin/admin-ajax.php HTTP/1.1" 200 23
172.22.2.3 - - [26/Jul/2015:10:27:18 -0500] "POST /cumbredelclima/wp-admin/admin-ajax.php HTTP/1.1" 200 23
172.22.2.3 - - [26/Jul/2015:10:27:33 -0500] "POST /cumbredelclima/wp-admin/admin-ajax.php HTTP/1.1" 200 23
172.22.2.3 - - [26/Jul/2015:10:27:48 -0500] "POST /cumbredelclima/wp-admin/admin-ajax.php HTTP/1.1" 200 23
172.22.2.3 - - [26/Jul/2015:10:28:03 -0500] "POST /cumbredelclima/wp-admin/admin-ajax.php HTTP/1.1" 200 23
172.22.2.3 - - [26/Jul/2015:10:28:18 -0500] "POST /cumbredelclima/wp-admin/admin-ajax.php HTTP/1.1" 200 23
201.245.192.253 - - [26/Jul/2015:10:28:14 -0500] "POST /wp-admin/admin-ajax.php HTTP/1.1" 200 23
172.22.2.3 - - [26/Jul/2015:10:28:33 -0500] "POST /cumbredelclima/wp-admin/admin-ajax.php HTTP/1.1" 200 23
172.22.2.3 - - [26/Jul/2015:10:28:48 -0500] "POST /cumbredelclima/wp-admin/admin-ajax.php HTTP/1.1" 200 23
190.68.197.230 - - [26/Jul/2015:10:29:03 -0500] "GET /forest/session.jsp?a=0.6296229835134 HTTP/1.1" 200 4
172.22.2.3 - - [26/Jul/2015:10:29:03 -0500] "POST /cumbredelclima/wp-admin/admin-ajax.php HTTP/1.1" 200 23
68.180.230.190 - - [26/Jul/2015:10:29:05 -0500] "GET /BLA/boletinlegal/Circulares/2013/Circular%20No.%203%20del%2005%20de%20abril%20de%202013.pdf HTTP/1.1" 200 93580
172.22.2.3 - - [26/Jul/2015:10:29:18 -0500] "POST /cumbredelclima/wp-admin/admin-ajax.php HTTP/1.1" 200 23
190.90.17.69 - - [26/Jul/2015:10:29:25 -0500] "GET /Autoliquidacion/ HTTP/1.1" 200 6375
190.90.17.69 - - [26/Jul/2015:10:29:26 -0500] "GET /Autoliquidacion/dlf/styles.css HTTP/1.1" 200 3045
190.90.17.69 - - [26/Jul/2015:10:29:26 -0500] "GET /Autoliquidacion/dlf/bg.gif HTTP/1.1" 200 54
190.90.17.69 - - [26/Jul/2015:10:29:28 -0500] "GET /Autoliquidacion/dlf/folder.png HTTP/1.1" 200 410
190.90.17.69 - - [26/Jul/2015:10:29:28 -0500] "GET /favicon.ico HTTP/1.1" 200 7782
74.86.158.107 - - [26/Jul/2015:10:29:32 -0500] "HEAD / HTTP/1.1" 200 -
172.22.2.3 - - [26/Jul/2015:10:29:33 -0500] "POST /cumbredelclima/wp-admin/admin-ajax.php HTTP/1.1" 200 23
172.22.2.3 - - [26/Jul/2015:10:29:48 -0500] "POST /cumbredelclima/wp-admin/admin-ajax.php HTTP/1.1" 200 23
201.245.192.253 - - [26/Jul/2015:10:29:57 -0500] "GET /forest/session.jsp?a=0.9913546636053161 HTTP/1.1" 200 4
190.90.17.69 - - [26/Jul/2015:10:29:58 -0500] "GET /Autoliquidacion/index.php?dir=TR%C1MITES+VERTIMIENTOS%2F HTTP/1.1" 200 2471
190.90.17.69 - - [26/Jul/2015:10:30:00 -0500] "GET /Autoliquidacion/index.php?dir=TR%C1MITES+VERTIMIENTOS%2F HTTP/1.1" 200 2471
190.90.17.69 - - [26/Jul/2015:10:30:01 -0500] "GET /Autoliquidacion/index.php?dir=TR%C1MITES+VERTIMIENTOS%2F HTTP/1.1" 200 2471
190.90.17.69 - - [26/Jul/2015:10:30:01 -0500] "GET /Autoliquidacion/dlf/dirup.png HTTP/1.1" 200 644
190.90.17.69 - - [26/Jul/2015:10:30:01 -0500] "GET /Autoliquidacion/dlf/html.gif HTTP/1.1" 200 632
172.22.2.3 - - [26/Jul/2015:10:30:03 -0500] "POST /cumbredelclima/wp-admin/admin-ajax.php HTTP/1.1" 200 23
190.90.17.69 - - [26/Jul/2015:10:30:11 -0500] "GET /Autoliquidacion/index.php?dir=TR%C1MITES+VERTIMIENTOS%2FPERMISOS+DE+VERTIMIENTOS%2F HTTP/1.1" 200 3490
