78.206.92.127 - - [26/Jul/2015:12:41:23 -0500] "GET /webdav/x32.php?host=83.155.59.222&time=60&port=80 HTTP/1.1" 404 1018
66.249.64.101 - - [26/Jul/2015:12:41:31 -0500] "GET /BLA/resoluciones/AUTOS%202012/2511.pdf HTTP/1.1" 304 -
172.22.2.3 - - [26/Jul/2015:12:41:37 -0500] "POST /cumbredelclima/wp-admin/admin-ajax.php HTTP/1.1" 200 23
200.119.32.43 - - [26/Jul/2015:12:41:40 -0500] "POST /forest/buscar.do? HTTP/1.1" 200 9838
200.119.32.43 - - [26/Jul/2015:12:41:41 -0500] "GET /forest/skins/gdocs-jar/popup/popup.jsp?width=900&height=600&title=Informaci%F3n%20de%20proceso&uri=/forest/system/process.jsp%3FnumPro%3D3069491&name=undefined&_a=0.7243439985904843&a=0.8327226259279996 HTTP/1.1" 200 1312
200.119.32.43 - - [26/Jul/2015:12:41:41 -0500] "GET /forest/system/process.jsp?numPro=3069491 HTTP/1.1" 200 18159
200.119.32.43 - - [26/Jul/2015:12:41:41 -0500] "GET /forest/system/process.jsp?numPro=3069491 HTTP/1.1" 200 114193
181.232.81.18 - - [26/Jul/2015:12:41:45 -0500] "GET /BLA/boletinlegal/js/jquery.scrollShow.js HTTP/1.1" 200 4586
181.232.81.18 - - [26/Jul/2015:12:41:45 -0500] "GET /galeria/galeria/jquery.fancybox.js?v=2.1.5 HTTP/1.1" 200 48706
181.232.81.18 - - [26/Jul/2015:12:41:45 -0500] "GET /galeria/galeria/jquery.fancybox.css?v=2.1.5 HTTP/1.1" 200 4895
201.245.192.253 - - [26/Jul/2015:12:41:46 -0500] "GET /forest/session.jsp?a=0.7308368437054028 HTTP/1.1" 200 4
161.10.9.78 - - [26/Jul/2015:12:41:52 -0500] "GET /BLA/boletinlegal/jurisprudencia/analisis/Analisis%20Jurisprudencia%20Sent%202000-00005-01.doc HTTP/1.1" 200 52736
172.22.2.3 - - [26/Jul/2015:12:41:52 -0500] "POST /cumbredelclima/wp-admin/admin-ajax.php HTTP/1.1" 200 23
66.249.64.106 - - [26/Jul/2015:12:41:52 -0500] "GET /BLA/resoluciones/RESOLUCIONES%202013/1262.pdf HTTP/1.1" 304 -
186.118.48.155 - - [26/Jul/2015:12:41:53 -0500] "GET /galeria/galeria/jquery.fancybox.css?v=2.1.5 HTTP/1.1" 200 4895
186.118.48.155 - - [26/Jul/2015:12:41:53 -0500] "GET /galeria/galeria/jquery.fancybox.js?v=2.1.5 HTTP/1.1" 200 48706
186.118.48.155 - - [26/Jul/2015:12:41:53 -0500] "GET /BLA/boletinlegal/js/jquery.scrollShow.js HTTP/1.1" 200 4586
200.119.32.43 - - [26/Jul/2015:12:41:55 -0500] "GET /forest/skins/gdocs-jar/popup/FileViewerTree.jsp?coddoc=1764630&ext=pdf&numpro=3069491&nombre=2013ER175867.pdf&codfile=-1&rootPath=/forest/ HTTP/1.1" 200 5378
200.119.32.43 - - [26/Jul/2015:12:41:55 -0500] "GET /forest/skins/gdocs-jar/js/fileViewer.js HTTP/1.1" 200 8399
200.119.32.43 - - [26/Jul/2015:12:41:55 -0500] "GET /forest/skins/gdocs-jar/js/popup.js HTTP/1.1" 200 7658
200.119.32.43 - - [26/Jul/2015:12:41:55 -0500] "GET /forest/skins/gdocs-jar/popup/FileViewer.jsp?codDoc=1764630&ext=pdf&codfile=-1&iscodfile=false&nombre=2013ER175867.pdf HTTP/1.1" 200 3974
200.119.32.43 - - [26/Jul/2015:12:41:55 -0500] "GET /forest/1ibre/jscalendar/lang/calendar-es.js HTTP/1.1" 200 3995
200.119.32.43 - - [26/Jul/2015:12:41:55 -0500] "GET /forest/skins/gdocs-jar/js/acrobat_detection.js HTTP/1.1" 200 2232
200.119.32.43 - - [26/Jul/2015:12:41:55 -0500] "GET /forest/1ibre/jscalendar/calendar-setup.js HTTP/1.1" 200 8927
200.119.32.43 - - [26/Jul/2015:12:41:55 -0500] "GET /forest/img/dtree/visor/page.png HTTP/1.1" 200 50197
200.119.32.43 - - [26/Jul/2015:12:41:56 -0500] "GET /forest/js/jquery/jquery-1.5.2.min.js HTTP/1.1" 304 -
181.232.81.18 - - [26/Jul/2015:12:41:56 -0500] "GET /BLA/boletinlegal/js/jquery.scrollShow.js HTTP/1.1" 304 -
181.232.81.18 - - [26/Jul/2015:12:41:56 -0500] "GET /galeria/galeria/jquery.fancybox.js?v=2.1.5 HTTP/1.1" 304 -
181.232.81.18 - - [26/Jul/2015:12:41:56 -0500] "GET /galeria/galeria/jquery.fancybox.css?v=2.1.5 HTTP/1.1" 304 -
200.119.32.43 - - [26/Jul/2015:12:41:55 -0500] "GET /forest/1ibre/jscalendar/calendar.js HTTP/1.1" 200 51363
200.119.32.43 - - [26/Jul/2015:12:41:56 -0500] "GET /forest/visualizar.do?codDoc=1764630&ext=pdf&codfile=-1&iscodfile=false&nombre=2013ER175867.pdf HTTP/1.1" 200 584904
200.119.32.43 - - [26/Jul/2015:12:41:58 -0500] "GET /forest/documentos/1764630/2013ER175867.pdf HTTP/1.1" 200 3008031
172.22.2.3 - - [26/Jul/2015:12:42:07 -0500] "POST /cumbredelclima/wp-admin/admin-ajax.php HTTP/1.1" 200 23
172.22.2.3 - - [26/Jul/2015:12:42:22 -0500] "POST /cumbredelclima/wp-admin/admin-ajax.php HTTP/1.1" 200 23
190.157.172.223 - - [26/Jul/2015:12:42:25 -0500] "GET /forest/skins/gdocs-jar/popup/popup.jsp?width=850&height=380&title=Informaci%F3n%20del%20radicado&uri=/forest/system/document.jsp%3FcodDoc%3D1631157&name=undefined&_a=0.9856348410248756&a=0.06770875956863165 HTTP/1.1" 200 1315
190.157.172.223 - - [26/Jul/2015:12:42:25 -0500] "GET /forest/system/document.jsp?codDoc=1631157 HTTP/1.1" 200 14683
201.245.192.253 - - [26/Jul/2015:12:42:15 -0500] "POST /wp-admin/admin-ajax.php HTTP/1.1" 200 23
190.157.172.223 - - [26/Jul/2015:12:42:29 -0500] "GET /forest/documentos/1631157/2013ER042429.pdf HTTP/1.1" 200 660129
66.249.64.106 - - [26/Jul/2015:12:42:37 -0500] "GET /BLA/resoluciones/RESOLUCIONES%202012/1114.pdf HTTP/1.1" 304 -
172.22.2.3 - - [26/Jul/2015:12:42:37 -0500] "POST /cumbredelclima/wp-admin/admin-ajax.php HTTP/1.1" 200 23
201.245.219.182 - - [26/Jul/2015:12:42:39 -0500] "GET /forest/session.jsp?a=0.6302980415057391 HTTP/1.1" 200 4
201.245.219.182 - - [26/Jul/2015:12:36:44 -0500] "GET /ForestMSG_SDA/channelAsync/template_word_18751323?X-Atmosphere-tracking-id=6a3d8910-621a-68e1-b1ab-365480f98ff0&X-Atmosphere-Framework=1.0.5&X-Atmosphere-Transport=long-polling&tabid=0.7504378110170364&X-Cache-Date=0&Content-Type=application/xml&_=1437932343435 HTTP/1.1" 200 8193
172.22.2.3 - - [26/Jul/2015:12:42:52 -0500] "POST /cumbredelclima/wp-admin/admin-ajax.php HTTP/1.1" 200 23
200.119.32.43 - - [26/Jul/2015:12:43:00 -0500] "GET /forest/buscar.do HTTP/1.1" 200 85063
200.119.32.43 - - [26/Jul/2015:12:43:01 -0500] "GET /forest/json.do?query=usersByDep&coddep=20 HTTP/1.1" 200 4068
200.119.32.43 - - [26/Jul/2015:12:43:01 -0500] "GET /forest/json.do?query=versionListadas HTTP/1.1" 200 15
200.119.32.43 - - [26/Jul/2015:12:43:01 -0500] "GET /forest/json.do?query=usersByDep&coddep=20 HTTP/1.1" 200 4068
200.119.32.43 - - [26/Jul/2015:12:43:01 -0500] "GET /forest/json.do?query=procesIniciales HTTP/1.1" 200 11194
200.119.32.43 - - [26/Jul/2015:12:43:01 -0500] "GET /forest/json.do?query=bpmnIniciales HTTP/1.1" 200 1095
201.244.210.133 - - [26/Jul/2015:12:43:02 -0500] "GET /galeria/galeria/jquery.fancybox.css?v=2.1.5 HTTP/1.1" 200 4895
201.244.210.133 - - [26/Jul/2015:12:43:02 -0500] "GET /BLA/boletinlegal/js/jquery.scrollShow.js HTTP/1.1" 200 4586
201.244.210.133 - - [26/Jul/2015:12:43:02 -0500] "GET /galeria/galeria/jquery.fancybox.js?v=2.1.5 HTTP/1.1" 200 48706
200.119.32.43 - - [26/Jul/2015:12:43:04 -0500] "POST /forest/buscar.do? HTTP/1.1" 200 9812
200.119.32.43 - - [26/Jul/2015:12:43:05 -0500] "GET /forest/skins/gdocs-jar/popup/popup.jsp?width=900&height=600&title=Informaci%F3n%20de%20proceso&uri=/forest/system/process.jsp%3FnumPro%3D3030919&name=undefined&_a=0.10292369057424366&a=0.8862948738969862 HTTP/1.1" 200 1312
200.119.32.43 - - [26/Jul/2015:12:43:05 -0500] "GET /forest/system/process.jsp?numPro=3030919 HTTP/1.1" 200 18159
200.119.32.43 - - [26/Jul/2015:12:43:05 -0500] "GET /forest/system/process.jsp?numPro=3030919 HTTP/1.1" 200 79872
172.22.2.3 - - [26/Jul/2015:12:43:07 -0500] "POST /cumbredelclima/wp-admin/admin-ajax.php HTTP/1.1" 200 23
201.244.210.133 - - [26/Jul/2015:12:43:11 -0500] "GET /galeria/galeria/jquery.fancybox.css?v=2.1.5 HTTP/1.1" 304 -
201.244.210.133 - - [26/Jul/2015:12:43:11 -0500] "GET /BLA/boletinlegal/js/jquery.scrollShow.js HTTP/1.1" 304 -
201.244.210.133 - - [26/Jul/2015:12:43:11 -0500] "GET /galeria/galeria/jquery.fancybox.js?v=2.1.5 HTTP/1.1" 304 -
172.22.2.3 - - [26/Jul/2015:12:43:22 -0500] "POST /cumbredelclima/wp-admin/admin-ajax.php HTTP/1.1" 200 23
172.22.2.3 - - [26/Jul/2015:12:43:37 -0500] "POST /cumbredelclima/wp-admin/admin-ajax.php HTTP/1.1" 200 23
200.119.124.198 - - [26/Jul/2015:12:43:41 -0500] "GET /galeria/galeria/jquery.fancybox.css?v=2.1.5 HTTP/1.1" 200 4895
200.119.124.198 - - [26/Jul/2015:12:43:41 -0500] "GET /BLA/boletinlegal/js/jquery.scrollShow.js HTTP/1.1" 200 4586
200.119.124.198 - - [26/Jul/2015:12:43:41 -0500] "GET /galeria/galeria/jquery.fancybox.js?v=2.1.5 HTTP/1.1" 200 48706
200.119.32.43 - - [26/Jul/2015:12:43:36 -0500] "GET /forest/documentos/1764635/2013ER175872.pdf HTTP/1.1" 200 3015874
142.54.185.250 - - [26/Jul/2015:12:43:51 -0500] "GET /wordpress/wp-admin/ HTTP/1.1" 404 1018
172.22.2.3 - - [26/Jul/2015:12:43:52 -0500] "POST /cumbredelclima/wp-admin/admin-ajax.php HTTP/1.1" 200 23
172.22.2.3 - - [26/Jul/2015:12:44:07 -0500] "POST /cumbredelclima/wp-admin/admin-ajax.php HTTP/1.1" 200 23
180.76.15.13 - - [26/Jul/2015:12:44:12 -0500] "GET / HTTP/1.1" 200 10190
172.22.2.3 - - [26/Jul/2015:12:44:22 -0500] "POST /cumbredelclima/wp-admin/admin-ajax.php HTTP/1.1" 200 23
200.119.32.43 - - [26/Jul/2015:12:44:23 -0500] "GET /forest/buscar.do HTTP/1.1" 200 85063
200.119.32.43 - - [26/Jul/2015:12:44:24 -0500] "GET /forest/json.do?query=usersByDep&coddep=20 HTTP/1.1" 200 4068
200.119.32.43 - - [26/Jul/2015:12:44:24 -0500] "GET /forest/json.do?query=versionListadas HTTP/1.1" 200 15
200.119.32.43 - - [26/Jul/2015:12:44:24 -0500] "GET /forest/json.do?query=procesIniciales HTTP/1.1" 200 11194
200.119.32.43 - - [26/Jul/2015:12:44:24 -0500] "GET /forest/json.do?query=usersByDep&coddep=20 HTTP/1.1" 200 4068
201.245.192.253 - - [26/Jul/2015:12:44:24 -0500] "GET /BLA/boletinlegal/js/jquery.scrollShow.js HTTP/1.1" 200 4586
201.245.192.253 - - [26/Jul/2015:12:44:24 -0500] "GET /galeria/galeria/jquery.fancybox.css?v=2.1.5 HTTP/1.1" 200 4895
201.245.192.253 - - [26/Jul/2015:12:44:24 -0500] "GET /galeria/galeria/jquery.fancybox.js?v=2.1.5 HTTP/1.1" 200 48706
201.245.192.253 - - [26/Jul/2015:12:44:24 -0500] "GET /galeria/carrusel/Carrusel/jquery.thumbnailScroller.css HTTP/1.1" 200 2066
201.245.192.253 - - [26/Jul/2015:12:44:24 -0500] "GET /galeria/carrusel/Carrusel/jquery-ui-1.8.13.custom.min.js HTTP/1.1" 200 10800
201.245.192.253 - - [26/Jul/2015:12:44:24 -0500] "GET /galeria/carrusel/Carrusel/jquery.thumbnailScroller.js HTTP/1.1" 200 8157
200.119.32.43 - - [26/Jul/2015:12:44:24 -0500] "GET /forest/json.do?query=bpmnIniciales HTTP/1.1" 200 1095
200.119.32.43 - - [26/Jul/2015:12:44:27 -0500] "POST /forest/buscar.do? HTTP/1.1" 200 9736
200.119.32.43 - - [26/Jul/2015:12:44:28 -0500] "GET /forest/skins/gdocs-jar/popup/popup.jsp?width=900&height=600&title=Informaci%F3n%20de%20proceso&uri=/forest/system/process.jsp%3FnumPro%3D3051225&name=undefined&_a=0.8641346986405551&a=0.33614835562184453 HTTP/1.1" 200 1312
201.245.192.253 - - [26/Jul/2015:12:44:15 -0500] "POST /wp-admin/admin-ajax.php HTTP/1.1" 200 23
200.119.32.43 - - [26/Jul/2015:12:44:28 -0500] "GET /forest/system/process.jsp?numPro=3051225 HTTP/1.1" 200 79888
201.245.192.253 - - [26/Jul/2015:12:44:30 -0500] "GET /galeria/nivo-slider/demo/demo.html HTTP/1.1" 200 5224
201.245.192.253 - - [26/Jul/2015:12:44:30 -0500] "GET /galeria/nivo-slider/themes/default/default.css HTTP/1.1" 200 1569
201.245.192.253 - - [26/Jul/2015:12:44:30 -0500] "GET /galeria/nivo-slider/themes/pascal/pascal.css HTTP/1.1" 200 2258
201.245.192.253 - - [26/Jul/2015:12:44:30 -0500] "GET /galeria/nivo-slider/nivo-slider.css HTTP/1.1" 200 1507
201.245.192.253 - - [26/Jul/2015:12:44:30 -0500] "GET /galeria/nivo-slider/themes/orman/orman.css HTTP/1.1" 200 2152
201.245.192.253 - - [26/Jul/2015:12:44:30 -0500] "GET /galeria/nivo-slider/demo/style.css HTTP/1.1" 200 2222
201.245.192.253 - - [26/Jul/2015:12:44:30 -0500] "GET /galeria/nivo-slider/demo/scripts/jquery-1.7.1.min.js HTTP/1.1" 200 93868
201.245.192.253 - - [26/Jul/2015:12:44:30 -0500] "GET /galeria/nivo-slider/jquery.nivo.slider.pack.js HTTP/1.1" 200 11561
201.245.192.253 - - [26/Jul/2015:12:44:30 -0500] "GET /galeria/nivo-slider/demo/images/banner-llantas2.jpg HTTP/1.1" 200 204644
201.245.192.253 - - [26/Jul/2015:12:44:30 -0500] "GET /galeria/nivo-slider/demo/images/Rendicion-de-cuentas.jpg HTTP/1.1" 200 309079
201.245.192.253 - - [26/Jul/2015:12:44:30 -0500] "GET /galeria/nivo-slider/demo/images/Semana-PYBA.jpg HTTP/1.1" 200 147360
201.245.192.253 - - [26/Jul/2015:12:44:30 -0500] "GET /galeria/nivo-slider/demo/images/PREDAcamp.jpg HTTP/1.1" 200 295358
201.245.192.253 - - [26/Jul/2015:12:44:30 -0500] "GET /galeria/nivo-slider/demo/images/VoluntariadoPYBA.jpg HTTP/1.1" 200 40647
201.245.192.253 - - [26/Jul/2015:12:44:30 -0500] "GET /galeria/nivo-slider/demo/images/9Signos.jpg HTTP/1.1" 200 81776
201.245.192.253 - - [26/Jul/2015:12:44:30 -0500] "GET /galeria/nivo-slider/demo/images/Comparendo-ambiental-Banner.jpg HTTP/1.1" 200 83731
201.245.192.253 - - [26/Jul/2015:12:44:30 -0500] "GET /galeria/nivo-slider/demo/images/GAE-banner.jpg HTTP/1.1" 200 97556
201.245.192.253 - - [26/Jul/2015:12:44:30 -0500] "GET /galeria/nivo-slider/demo/images/Banner-encuesta-de-percepscio.jpg HTTP/1.1" 200 201899
201.245.192.253 - - [26/Jul/2015:12:44:31 -0500] "GET /galeria/nivo-slider/demo/images/banner-Pacto-por-la-madera.jpg HTTP/1.1" 200 209966
201.245.192.253 - - [26/Jul/2015:12:44:31 -0500] "GET /galeria/nivo-slider/demo/images/acuerdo_569.jpg HTTP/1.1" 200 62670
201.245.192.253 - - [26/Jul/2015:12:44:31 -0500] "GET /galeria/nivo-slider/demo/images/Licitaciones-proyecto-paramo.jpg HTTP/1.1" 200 221877
201.245.192.253 - - [26/Jul/2015:12:44:31 -0500] "GET /galeria/nivo-slider/demo/images/Banner-decreto1299.jpg HTTP/1.1" 200 182613
201.245.192.253 - - [26/Jul/2015:12:44:32 -0500] "GET /galeria/nivo-slider/demo/images/Banner-Directorio.jpg HTTP/1.1" 200 182068
201.245.192.253 - - [26/Jul/2015:12:44:32 -0500] "GET /galeria/nivo-slider/demo/images/Ruta-vertimientos-01.jpg HTTP/1.1" 200 130151
201.245.192.253 - - [26/Jul/2015:12:44:32 -0500] "GET /galeria/nivo-slider/demo/images/bolsas-06.jpg HTTP/1.1" 200 90982
74.86.158.107 - - [26/Jul/2015:12:44:32 -0500] "HEAD / HTTP/1.1" 200 -
201.245.192.253 - - [26/Jul/2015:12:44:32 -0500] "GET /galeria/nivo-slider/demo/images/Conoce-los-humedales.jpg HTTP/1.1" 200 294036
201.245.192.253 - - [26/Jul/2015:12:44:32 -0500] "GET /galeria/nivo-slider/demo/images/ecolecta-Dic2014.png HTTP/1.1" 200 288593
201.245.192.253 - - [26/Jul/2015:12:44:32 -0500] "GET /galeria/nivo-slider/demo/images/Banner-Caracol-Africano.jpg HTTP/1.1" 200 331986
201.245.192.253 - - [26/Jul/2015:12:44:32 -0500] "GET /galeria/nivo-slider/demo/images/4Simple_Slider.png HTTP/1.1" 200 11722
201.245.192.253 - - [26/Jul/2015:12:44:32 -0500] "GET /galeria/nivo-slider/themes/default/loading.gif HTTP/1.1" 200 1737
172.22.2.3 - - [26/Jul/2015:12:44:37 -0500] "POST /cumbredelclima/wp-admin/admin-ajax.php HTTP/1.1" 200 23
201.245.192.253 - - [26/Jul/2015:12:44:37 -0500] "GET /galeria/nivo-slider/themes/default/arrows.png HTTP/1.1" 200 824
201.245.192.253 - - [26/Jul/2015:12:44:37 -0500] "GET /galeria/nivo-slider/themes/default/bullets.png HTTP/1.1" 200 1281
200.119.32.43 - - [26/Jul/2015:12:44:30 -0500] "GET /forest/documentos/1764696/2013ER175933.pdf HTTP/1.1" 200 2715058
180.76.15.14 - - [26/Jul/2015:12:44:40 -0500] "GET / HTTP/1.1" 200 10190
66.249.64.106 - - [26/Jul/2015:12:44:41 -0500] "GET /BLA/resoluciones/RESOLUCIONES%202007/RES%202007%202201%20AL%202300/RESOLUCION%202297%20DE%202007.pdf HTTP/1.1" 304 -
66.249.64.96 - - [26/Jul/2015:12:44:41 -0500] "GET /BLA/resoluciones/RESOLUCIONES%202011/0233.pdf HTTP/1.1" 304 -
66.249.64.96 - - [26/Jul/2015:12:44:43 -0500] "GET /autoliquidacion/Solicitudes%20relacionadas%20con%20calidad%20del%20aire%20auditiva%20y%20visual/Registro%20de%20Elementos%20de%20publicidad%20Exterior%20Visual/126pm04-pr16-f-a301%20Formato%20Solicitud%20de%20registro.xls HTTP/1.1" 304 -
66.249.64.101 - - [26/Jul/2015:12:44:44 -0500] "GET /BLA/resoluciones/Resoluciones%202011/6416.pdf HTTP/1.1" 304 -
66.249.64.106 - - [26/Jul/2015:12:44:44 -0500] "GET /BLA/resoluciones/RESOLUCIONES%202010/7654.pdf HTTP/1.1" 200 398109
66.249.64.96 - - [26/Jul/2015:12:44:45 -0500] "GET /BLA/resoluciones/RESOLUCIONES%202010/2280.pdf HTTP/1.1" 304 -
66.249.64.29 - - [26/Jul/2015:12:44:47 -0500] "GET /wp-content/uploads/2015/06/segundo-comunicado.pdf HTTP/1.1" 304 -
66.249.64.96 - - [26/Jul/2015:12:44:48 -0500] "GET /BLA/directivas/2009/0.pdf HTTP/1.1" 304 -
66.249.64.101 - - [26/Jul/2015:12:44:50 -0500] "GET /BLA/resoluciones/RESOLUCIONES%202009/2840.pdf HTTP/1.1" 304 -
172.22.2.3 - - [26/Jul/2015:12:44:52 -0500] "POST /cumbredelclima/wp-admin/admin-ajax.php HTTP/1.1" 200 23
200.119.32.43 - - [26/Jul/2015:12:44:53 -0500] "GET /forest/session.jsp?a=0.7673737653531134 HTTP/1.1" 200 4
66.249.64.101 - - [26/Jul/2015:12:44:53 -0500] "GET /BLA/resoluciones/RESOLUCIONES%202007/RES%202007%201401%20AL%201500/RESOLUCION%201407%20DE%202007.pdf HTTP/1.1" 304 -
66.249.64.106 - - [26/Jul/2015:12:44:53 -0500] "GET /BLA/resoluciones/AUTOS%202013/0174.pdf HTTP/1.1" 304 -
201.245.192.253 - - [26/Jul/2015:12:44:54 -0500] "GET /BLA/boletinlegal/style.css HTTP/1.1" 200 9406
201.245.192.253 - - [26/Jul/2015:12:44:54 -0500] "GET /BLA/boletinlegal/js/jquery.js HTTP/1.1" 200 57254
201.245.192.253 - - [26/Jul/2015:12:44:54 -0500] "GET /BLA/boletinlegal/styles2.css HTTP/1.1" 200 1838
201.245.192.253 - - [26/Jul/2015:12:44:54 -0500] "GET /BLA/boletinlegal/js/jquery.scrollTo-min.js HTTP/1.1" 200 1150
201.245.192.253 - - [26/Jul/2015:12:44:54 -0500] "GET /BLA/boletinlegal/images/cabezote%20BLEGAL.jpg HTTP/1.1" 200 118164
201.245.192.253 - - [26/Jul/2015:12:44:54 -0500] "GET /BLA/boletinlegal/images/subscribe-icon-big.png HTTP/1.1" 200 47702
201.245.192.253 - - [26/Jul/2015:12:44:54 -0500] "GET /BLA/boletinlegal/images/historia.png HTTP/1.1" 200 52775
201.245.192.253 - - [26/Jul/2015:12:44:54 -0500] "GET /BLA/boletinlegal/images/nuevo.gif HTTP/1.1" 200 26475
201.245.192.253 - - [26/Jul/2015:12:44:54 -0500] "GET /BLA/boletinlegal/images/arr_l.jpg HTTP/1.1" 200 1979
201.245.192.253 - - [26/Jul/2015:12:44:54 -0500] "GET /BLA/boletinlegal/images/screen_1.png HTTP/1.1" 200 202547
201.245.192.253 - - [26/Jul/2015:12:44:54 -0500] "GET /BLA/boletinlegal/images/launch.jpg HTTP/1.1" 200 14577
201.245.192.253 - - [26/Jul/2015:12:44:55 -0500] "GET /BLA/boletinlegal/images/screen_2.png HTTP/1.1" 200 362502
201.245.192.253 - - [26/Jul/2015:12:44:55 -0500] "GET /BLA/boletinlegal/images/screen_3.png HTTP/1.1" 200 210620
201.245.192.253 - - [26/Jul/2015:12:44:55 -0500] "GET /BLA/boletinlegal/images/screen_5.png HTTP/1.1" 200 368876
201.245.192.253 - - [26/Jul/2015:12:44:55 -0500] "GET /BLA/boletinlegal/images/arr_r.jpg HTTP/1.1" 200 1998
201.245.192.253 - - [26/Jul/2015:12:44:55 -0500] "GET /BLA/boletinlegal/images/body_bg.jpg HTTP/1.1" 200 1601
201.245.192.253 - - [26/Jul/2015:12:44:55 -0500] "GET /BLA/boletinlegal/images/menu_lft.gif HTTP/1.1" 200 1713
201.245.192.253 - - [26/Jul/2015:12:44:55 -0500] "GET /BLA/boletinlegal/images/menu_rght.gif HTTP/1.1" 200 1627
201.245.192.253 - - [26/Jul/2015:12:44:55 -0500] "GET /BLA/boletinlegal/images/bg_top.jpg HTTP/1.1" 200 522
201.245.192.253 - - [26/Jul/2015:12:44:55 -0500] "GET /BLA/boletinlegal/images/menu_bg.jpg HTTP/1.1" 200 620
201.245.192.253 - - [26/Jul/2015:12:44:55 -0500] "GET /BLA/boletinlegal/images/hover.jpg HTTP/1.1" 200 640
201.245.192.253 - - [26/Jul/2015:12:44:55 -0500] "GET /BLA/boletinlegal/images/text.jpg HTTP/1.1" 200 568
201.245.192.253 - - [26/Jul/2015:12:44:55 -0500] "GET /BLA/boletinlegal/images/footer_bg.jpg HTTP/1.1" 200 586
201.245.192.253 - - [26/Jul/2015:12:44:57 -0500] "GET /BLA/boletinlegal/actos.php HTTP/1.1" 200 7574
201.245.192.253 - - [26/Jul/2015:12:44:57 -0500] "GET /favicon.ico HTTP/1.1" 200 7782
201.245.192.253 - - [26/Jul/2015:12:44:57 -0500] "GET /BLA/boletinlegal/js/ajax_actos.js HTTP/1.1" 200 1322
201.245.192.253 - - [26/Jul/2015:12:44:57 -0500] "GET /BLA/boletinlegal/niceforms.js HTTP/1.1" 200 22876
201.245.192.253 - - [26/Jul/2015:12:44:57 -0500] "GET /BLA/boletinlegal/niceforms-default.css HTTP/1.1" 200 6694
201.245.192.253 - - [26/Jul/2015:12:44:57 -0500] "GET /BLA/boletinlegal/js/lib.js HTTP/1.1" 200 6474
201.245.192.253 - - [26/Jul/2015:12:44:57 -0500] "GET /BLA/boletinlegal/js/popup.js HTTP/1.1" 200 1270
201.245.192.253 - - [26/Jul/2015:12:44:57 -0500] "GET /BLA/boletinlegal/js/jquery1.js HTTP/1.1" 200 29846
201.245.192.253 - - [26/Jul/2015:12:44:57 -0500] "GET /BLA/boletinlegal/images/green-yellow-blue-pink-th.png HTTP/1.1" 200 7394
201.245.192.253 - - [26/Jul/2015:12:44:57 -0500] "GET /BLA/boletinlegal/images/abajo.png HTTP/1.1" 200 96676
201.245.192.253 - - [26/Jul/2015:12:44:58 -0500] "GET /BLA/boletinlegal/images/footer_bg_l.jpg HTTP/1.1" 200 776
201.245.192.253 - - [26/Jul/2015:12:44:58 -0500] "GET /BLA/boletinlegal/img/0.png HTTP/1.1" 200 110
201.245.192.253 - - [26/Jul/2015:12:44:58 -0500] "GET /BLA/boletinlegal/img/select-left.png HTTP/1.1" 200 263
201.245.192.253 - - [26/Jul/2015:12:44:58 -0500] "GET /BLA/boletinlegal/img/select-right.png HTTP/1.1" 200 44019
201.245.192.253 - - [26/Jul/2015:12:44:58 -0500] "GET /BLA/boletinlegal/img/button-left.png HTTP/1.1" 200 57071
201.245.192.253 - - [26/Jul/2015:12:44:58 -0500] "GET /BLA/boletinlegal/img/button-right.png HTTP/1.1" 200 57878
201.245.192.253 - - [26/Jul/2015:12:44:58 -0500] "GET /BLA/boletinlegal/img/button.png HTTP/1.1" 200 43241
201.245.192.253 - - [26/Jul/2015:12:44:58 -0500] "GET /forest/session.jsp?a=0.5326185163186896 HTTP/1.1" 200 4
172.22.2.3 - - [26/Jul/2015:12:45:07 -0500] "POST /cumbredelclima/wp-admin/admin-ajax.php HTTP/1.1" 200 23
190.68.197.230 - - [26/Jul/2015:12:45:07 -0500] "GET /forest/session.jsp?a=0.6287667495198548 HTTP/1.1" 200 4
190.25.76.105 - - [26/Jul/2015:12:45:08 -0500] "GET /galeria/galeria/jquery.fancybox.css?v=2.1.5 HTTP/1.1" 200 4895
190.25.76.105 - - [26/Jul/2015:12:45:08 -0500] "GET /BLA/boletinlegal/js/jquery.scrollShow.js HTTP/1.1" 200 4586
190.25.76.105 - - [26/Jul/2015:12:45:08 -0500] "GET /galeria/galeria/jquery.fancybox.js?v=2.1.5 HTTP/1.1" 200 48706
201.245.192.253 - - [26/Jul/2015:12:44:54 -0500] "GET /BLA/boletinlegal/ HTTP/1.1" 200 28127
172.22.2.3 - - [26/Jul/2015:12:45:22 -0500] "POST /cumbredelclima/wp-admin/admin-ajax.php HTTP/1.1" 200 23
190.157.172.223 - - [26/Jul/2015:12:45:23 -0500] "GET /forest/session.jsp?a=0.9607086444739252 HTTP/1.1" 200 4
201.245.192.253 - - [26/Jul/2015:12:45:26 -0500] "GET /BLA/boletinlegal/consulta_actos.php?tipo=autos&no=3113&usuario=&sector=&fecha=2010&resuelve= HTTP/1.1" 200 1003
201.245.192.253 - - [26/Jul/2015:12:45:26 -0500] "GET /BLA/boletinlegal/images/pdf.gif HTTP/1.1" 200 567
190.25.76.105 - - [26/Jul/2015:12:45:30 -0500] "GET /galeria/galeria/jquery.fancybox.css?v=2.1.5 HTTP/1.1" 304 -
190.25.76.105 - - [26/Jul/2015:12:45:30 -0500] "GET /BLA/boletinlegal/js/jquery.scrollShow.js HTTP/1.1" 304 -
190.25.76.105 - - [26/Jul/2015:12:45:30 -0500] "GET /galeria/galeria/jquery.fancybox.js?v=2.1.5 HTTP/1.1" 304 -
172.22.2.3 - - [26/Jul/2015:12:45:37 -0500] "POST /cumbredelclima/wp-admin/admin-ajax.php HTTP/1.1" 200 23
109.149.78.183 - - [26/Jul/2015:12:45:37 -0500] "GET /webdav/x32.php?host=2.126.133.132&time=60&port=80 HTTP/1.1" 404 1018
201.245.192.253 - - [26/Jul/2015:12:45:50 -0500] "GET /BLA/boletinlegal/consulta_actos.php?tipo=autos&no=2132&usuario=&sector=&fecha=2010&resuelve= HTTP/1.1" 200 1003
172.22.2.3 - - [26/Jul/2015:12:45:52 -0500] "POST /cumbredelclima/wp-admin/admin-ajax.php HTTP/1.1" 200 23
201.245.192.253 - - [26/Jul/2015:12:45:53 -0500] "GET /BLA/boletinlegal/consulta_actos.php?tipo=autos&no=2132&usuario=&sector=&fecha=2010&resuelve= HTTP/1.1" 200 1003
201.245.192.253 - - [26/Jul/2015:12:45:53 -0500] "GET /BLA/boletinlegal/consulta_actos.php?tipo=autos&no=2132&usuario=&sector=&fecha=2010&resuelve= HTTP/1.1" 200 1003
201.245.192.253 - - [26/Jul/2015:12:45:53 -0500] "GET /BLA/boletinlegal/consulta_actos.php?tipo=autos&no=2132&usuario=&sector=&fecha=2010&resuelve= HTTP/1.1" 200 1003
187.193.49.66 - - [26/Jul/2015:12:46:07 -0500] "GET /BLA/resoluciones/RESOLUCIONES%202009/5767.pdf HTTP/1.1" 200 715997
172.22.2.3 - - [26/Jul/2015:12:46:07 -0500] "POST /cumbredelclima/wp-admin/admin-ajax.php HTTP/1.1" 200 23
181.50.171.134 - - [26/Jul/2015:12:46:20 -0500] "GET /forest/session.jsp?a=0.4989801234341127 HTTP/1.1" 200 4
172.22.2.3 - - [26/Jul/2015:12:46:22 -0500] "POST /cumbredelclima/wp-admin/admin-ajax.php HTTP/1.1" 200 23
200.119.124.198 - - [26/Jul/2015:12:46:22 -0500] "GET /galeria/galeria/jquery.fancybox.css?v=2.1.5 HTTP/1.1" 304 -
200.119.124.198 - - [26/Jul/2015:12:46:22 -0500] "GET /BLA/boletinlegal/js/jquery.scrollShow.js HTTP/1.1" 304 -
200.119.124.198 - - [26/Jul/2015:12:46:22 -0500] "GET /galeria/galeria/jquery.fancybox.js?v=2.1.5 HTTP/1.1" 304 -
201.245.192.253 - - [26/Jul/2015:12:46:15 -0500] "POST /wp-admin/admin-ajax.php HTTP/1.1" 200 23
172.22.2.3 - - [26/Jul/2015:12:46:37 -0500] "POST /cumbredelclima/wp-admin/admin-ajax.php HTTP/1.1" 200 23
201.245.192.253 - - [26/Jul/2015:12:46:46 -0500] "GET /forest/session.jsp?a=0.7882558765263235 HTTP/1.1" 200 4
172.22.2.3 - - [26/Jul/2015:12:46:52 -0500] "POST /cumbredelclima/wp-admin/admin-ajax.php HTTP/1.1" 200 23
200.119.32.43 - - [26/Jul/2015:12:47:03 -0500] "GET /forest/buscar.do HTTP/1.1" 200 85063
200.119.32.43 - - [26/Jul/2015:12:47:03 -0500] "GET /forest/json.do?query=usersByDep&coddep=20 HTTP/1.1" 200 4068
200.119.32.43 - - [26/Jul/2015:12:47:03 -0500] "GET /forest/json.do?query=versionListadas HTTP/1.1" 200 15
200.119.32.43 - - [26/Jul/2015:12:47:03 -0500] "GET /forest/json.do?query=usersByDep&coddep=20 HTTP/1.1" 200 4068
200.119.32.43 - - [26/Jul/2015:12:47:03 -0500] "GET /forest/json.do?query=procesIniciales HTTP/1.1" 200 11194
200.119.32.43 - - [26/Jul/2015:12:47:03 -0500] "GET /forest/json.do?query=bpmnIniciales HTTP/1.1" 200 1095
200.119.32.43 - - [26/Jul/2015:12:47:07 -0500] "POST /forest/buscar.do? HTTP/1.1" 200 9786
172.22.2.3 - - [26/Jul/2015:12:47:07 -0500] "POST /cumbredelclima/wp-admin/admin-ajax.php HTTP/1.1" 200 23
200.119.32.43 - - [26/Jul/2015:12:47:08 -0500] "GET /forest/skins/gdocs-jar/popup/popup.jsp?width=900&height=600&title=Informaci%F3n%20de%20proceso&uri=/forest/system/process.jsp%3FnumPro%3D3051015&name=undefined&_a=0.674451154191047&a=0.3368485376704484 HTTP/1.1" 200 1312
186.188.29.252 - - [26/Jul/2015:12:47:08 -0500] "GET /galeria/mapa/3MapaBogot%C3%A1.jpg HTTP/1.1" 200 688183
200.119.32.43 - - [26/Jul/2015:12:47:08 -0500] "GET /forest/system/process.jsp?numPro=3051015 HTTP/1.1" 200 18159
200.119.32.43 - - [26/Jul/2015:12:47:08 -0500] "GET /forest/system/process.jsp?numPro=3051015 HTTP/1.1" 200 74785
200.119.32.43 - - [26/Jul/2015:12:47:11 -0500] "GET /forest/documentos/1764712/2013ER175949.pdf HTTP/1.1" 200 2821754
172.22.2.3 - - [26/Jul/2015:12:47:22 -0500] "POST /cumbredelclima/wp-admin/admin-ajax.php HTTP/1.1" 200 23
172.22.2.3 - - [26/Jul/2015:12:47:37 -0500] "POST /cumbredelclima/wp-admin/admin-ajax.php HTTP/1.1" 200 23
172.22.2.3 - - [26/Jul/2015:12:47:52 -0500] "POST /cumbredelclima/wp-admin/admin-ajax.php HTTP/1.1" 200 23
201.245.219.182 - - [26/Jul/2015:12:48:01 -0500] "GET /forest/session.jsp?a=0.4341594958677888 HTTP/1.1" 200 4
172.22.2.3 - - [26/Jul/2015:12:48:07 -0500] "POST /cumbredelclima/wp-admin/admin-ajax.php HTTP/1.1" 200 23
200.119.32.43 - - [26/Jul/2015:12:48:07 -0500] "GET /forest/buscar.do HTTP/1.1" 200 85063
200.119.32.43 - - [26/Jul/2015:12:48:08 -0500] "GET /forest/json.do?query=usersByDep&coddep=20 HTTP/1.1" 200 4068
200.119.32.43 - - [26/Jul/2015:12:48:08 -0500] "GET /forest/json.do?query=versionListadas HTTP/1.1" 200 15
200.119.32.43 - - [26/Jul/2015:12:48:08 -0500] "GET /forest/json.do?query=procesIniciales HTTP/1.1" 200 11194
200.119.32.43 - - [26/Jul/2015:12:48:09 -0500] "GET /forest/json.do?query=usersByDep&coddep=20 HTTP/1.1" 200 4068
200.119.32.43 - - [26/Jul/2015:12:48:09 -0500] "GET /forest/json.do?query=bpmnIniciales HTTP/1.1" 200 1095
200.119.32.43 - - [26/Jul/2015:12:48:09 -0500] "POST /forest/buscar.do? HTTP/1.1" 200 11074
200.119.32.43 - - [26/Jul/2015:12:48:10 -0500] "GET /forest/skins/gdocs-jar/popup/popup.jsp?width=900&height=600&title=Informaci%F3n%20de%20proceso&uri=/forest/system/process.jsp%3FnumPro%3D2934367&name=undefined&_a=0.3705274425446987&a=0.45857968064956367 HTTP/1.1" 200 1312
200.119.32.43 - - [26/Jul/2015:12:48:10 -0500] "GET /forest/system/process.jsp?numPro=2934367 HTTP/1.1" 200 83843
200.119.32.43 - - [26/Jul/2015:12:48:10 -0500] "GET /forest/system/process.jsp?numPro=2934367 HTTP/1.1" 200 83843
186.85.178.253 - - [26/Jul/2015:12:48:11 -0500] "GET /galeria/galeria/jquery.fancybox.css?v=2.1.5 HTTP/1.1" 200 4895
186.85.178.253 - - [26/Jul/2015:12:48:11 -0500] "GET /BLA/boletinlegal/js/jquery.scrollShow.js HTTP/1.1" 200 4586
186.85.178.253 - - [26/Jul/2015:12:48:11 -0500] "GET /galeria/galeria/jquery.fancybox.js?v=2.1.5 HTTP/1.1" 200 48706
200.119.32.43 - - [26/Jul/2015:12:48:12 -0500] "GET /forest/skins/gdocs-jar/popup/FileViewerTree.jsp?coddoc=1765014&ext=pdf&numpro=2934367&nombre=2013ER176251.pdf&codfile=-1&rootPath=/forest/ HTTP/1.1" 200 5963
200.119.32.43 - - [26/Jul/2015:12:48:12 -0500] "GET /forest/skins/gdocs-jar/popup/FileViewer.jsp?codDoc=1765014&ext=pdf&codfile=-1&iscodfile=false&nombre=2013ER176251.pdf HTTP/1.1" 200 3974
200.119.32.43 - - [26/Jul/2015:12:48:13 -0500] "GET /forest/visualizar.do?codDoc=1765014&ext=pdf&codfile=-1&iscodfile=false&nombre=2013ER176251.pdf HTTP/1.1" 200 514441
186.154.197.162 - - [26/Jul/2015:12:48:16 -0500] "GET /crossdomain.xml HTTP/1.1" 404 1280
186.154.197.162 - - [26/Jul/2015:12:48:18 -0500] "GET /arcgis/services/Calidad_del_Agua_WQI/MapServer/WMSServer?HEIGHT=475&STYLES=&LAYERS=3%2C4%2C5%2C6%2C7&BBOX=%2D74%2E07557833162004%2C4%2E611109155728743%2C%2D74%2E06339549127019%2C4%2E61676037561759&VERSION=1%2E1%2E1&TRANSPARENT=TRUE&SERVICE=WMS&SRS=EPSG%3A4686&REQUEST=GetMap&FORMAT=image%2Fpng&WIDTH=1024 HTTP/1.1" 200 3077
186.147.93.116 - - [26/Jul/2015:12:48:21 -0500] "GET /galeria/galeria/jquery.fancybox.css?v=2.1.5 HTTP/1.1" 200 4895
186.147.93.116 - - [26/Jul/2015:12:48:21 -0500] "GET /galeria/galeria/jquery.fancybox.js?v=2.1.5 HTTP/1.1" 200 48706
186.147.93.116 - - [26/Jul/2015:12:48:21 -0500] "GET /BLA/boletinlegal/js/jquery.scrollShow.js HTTP/1.1" 200 4586
200.119.32.43 - - [26/Jul/2015:12:48:14 -0500] "GET /forest/documentos/1765014/2013ER176251.pdf HTTP/1.1" 200 3000689
172.22.2.3 - - [26/Jul/2015:12:48:22 -0500] "POST /cumbredelclima/wp-admin/admin-ajax.php HTTP/1.1" 200 23
181.54.107.37 - - [26/Jul/2015:12:48:24 -0500] "GET /BLA/boletinlegal/js/jquery.scrollShow.js HTTP/1.1" 200 4586
181.54.107.37 - - [26/Jul/2015:12:48:24 -0500] "GET /galeria/galeria/jquery.fancybox.js?v=2.1.5 HTTP/1.1" 200 48706
201.245.192.253 - - [26/Jul/2015:12:48:15 -0500] "POST /wp-admin/admin-ajax.php HTTP/1.1" 200 23
181.54.107.37 - - [26/Jul/2015:12:48:29 -0500] "GET /galeria/galeria/jquery.fancybox.css?v=2.1.5 HTTP/1.1" 200 4895
201.245.219.182 - - [26/Jul/2015:12:48:32 -0500] "GET /forest/skins/gdocs-jar/popup/escritorio/subirborrador.jsp?form=ElaborarDocumento&codTpl=&codBorr=631617&a=0.048010644037276506 HTTP/1.1" 200 23292
201.245.219.182 - - [26/Jul/2015:12:48:33 -0500] "GET /forest/json.do?query=borradoresByTpls&codInst=3218160&codTare=1464&firma=0&a=0.6342903575859964 HTTP/1.1" 200 188
201.245.219.182 - - [26/Jul/2015:12:48:33 -0500] "GET /forest/json.do?query=plantillasByTarea&codTare=1464&codInst=3218160&firma=0&a=0.033709211740642786 HTTP/1.1" 200 508
201.245.219.182 - - [26/Jul/2015:12:48:33 -0500] "GET /forest/json.do?query=terceroById&numTer=19385523&a=0.9056797893717885 HTTP/1.1" 200 636
201.245.219.182 - - [26/Jul/2015:12:48:33 -0500] "GET /forest/img/lapiz.gif HTTP/1.1" 200 914
201.245.219.182 - - [26/Jul/2015:12:48:33 -0500] "GET /forest/img/historial.gif HTTP/1.1" 200 1341
201.245.219.182 - - [26/Jul/2015:12:48:33 -0500] "GET /forest/json.do?query=ultimoBorradorByTpl&codTpl=2309&codInst=3218160&a=0.6537467218004167 HTTP/1.1" 200 2
201.245.219.182 - - [26/Jul/2015:12:48:33 -0500] "GET /forest/json.do?query=datosBorradorByCodTraBorr&codTraBorr=1899301&a=0.24236397026106715 HTTP/1.1" 200 180
201.245.219.182 - - [26/Jul/2015:12:48:33 -0500] "GET /forest/json.do?query=adjuntosByBorrador&codTraBorr=1899301&a=0.9160701299551874 HTTP/1.1" 200 2
201.245.219.182 - - [26/Jul/2015:12:48:33 -0500] "GET /forest/img/adduser.gif HTTP/1.1" 200 1249
201.245.219.182 - - [26/Jul/2015:12:48:33 -0500] "GET /forest/json.do?query=ultimoBorradorByTpl&codTpl=781&codInst=3218160&a=0.045393973821774125 HTTP/1.1" 200 2
201.245.219.182 - - [26/Jul/2015:12:48:33 -0500] "GET /forest/json.do?query=ultimoBorradorByTpl&codTpl=1241&codInst=3218160&a=0.3747518896125257 HTTP/1.1" 200 20
201.245.219.182 - - [26/Jul/2015:12:48:34 -0500] "GET /forest/json.do?query=ultimoBorradorByTpl&codTpl=921&codInst=3218160&a=0.5855192246381193 HTTP/1.1" 200 2
181.54.107.37 - - [26/Jul/2015:12:48:34 -0500] "GET /BLA/boletinlegal/js/jquery.scrollShow.js HTTP/1.1" 304 -
181.54.107.37 - - [26/Jul/2015:12:48:34 -0500] "GET /galeria/galeria/jquery.fancybox.css?v=2.1.5 HTTP/1.1" 304 -
181.54.107.37 - - [26/Jul/2015:12:48:34 -0500] "GET /galeria/galeria/jquery.fancybox.js?v=2.1.5 HTTP/1.1" 304 -
186.154.197.162 - - [26/Jul/2015:12:48:36 -0500] "GET /crossdomain.xml HTTP/1.1" 404 1280
172.22.2.3 - - [26/Jul/2015:12:48:37 -0500] "POST /cumbredelclima/wp-admin/admin-ajax.php HTTP/1.1" 200 23
186.154.197.162 - - [26/Jul/2015:12:48:37 -0500] "GET /arcgis/services/Calidad_del_Agua_WQI/MapServer/WMSServer?HEIGHT=475&STYLES=&LAYERS=3%2C4%2C5%2C6%2C7&BBOX=%2D74%2E07107401193599%2C4%2E612372649522837%2C%2D74%2E06620087579606%2C4%2E614633137478376&VERSION=1%2E1%2E1&TRANSPARENT=TRUE&SERVICE=WMS&SRS=EPSG%3A4686&REQUEST=GetMap&FORMAT=image%2Fpng&WIDTH=1024 HTTP/1.1" 200 3077
186.154.197.162 - - [26/Jul/2015:12:48:39 -0500] "GET /arcgis/services/Calidad_del_Agua_WQI/MapServer/WMSServer?HEIGHT=475&STYLES=&LAYERS=3%2C4%2C5%2C6%2C7&BBOX=%2D74%2E07532848821442%2C4%2E611087740579693%2C%2D74%2E06314564786457%2C4%2E61673896046854&VERSION=1%2E1%2E1&TRANSPARENT=TRUE&SERVICE=WMS&SRS=EPSG%3A4686&REQUEST=GetMap&FORMAT=image%2Fpng&WIDTH=1024 HTTP/1.1" 200 3077
186.154.197.162 - - [26/Jul/2015:12:48:40 -0500] "GET /arcgis/services/Calidad_del_Agua_WQI/MapServer/WMSServer?HEIGHT=475&STYLES=&LAYERS=3%2C4%2C5%2C6%2C7&BBOX=%2D74%2E08240738470677%2C4%2E608970020284504%2C%2D74%2E05804170400707%2C4%2E620272460062198&VERSION=1%2E1%2E1&TRANSPARENT=TRUE&SERVICE=WMS&SRS=EPSG%3A4686&REQUEST=GetMap&FORMAT=image%2Fpng&WIDTH=1024 HTTP/1.1" 200 3077
201.245.219.182 - - [26/Jul/2015:12:42:44 -0500] "GET /ForestMSG_SDA/channelAsync/template_word_18751323?X-Atmosphere-tracking-id=6a3d8910-621a-68e1-b1ab-365480f98ff0&X-Atmosphere-Framework=1.0.5&X-Atmosphere-Transport=long-polling&tabid=0.7504378110170364&X-Cache-Date=0&Content-Type=application/xml&_=1437932703487 HTTP/1.1" 200 8193
186.118.12.134 - - [26/Jul/2015:12:48:47 -0500] "GET /galeria/galeria/jquery.fancybox.css?v=2.1.5 HTTP/1.1" 200 4895
186.118.12.134 - - [26/Jul/2015:12:48:47 -0500] "GET /BLA/boletinlegal/js/jquery.scrollShow.js HTTP/1.1" 200 4586
186.118.12.134 - - [26/Jul/2015:12:48:47 -0500] "GET /galeria/galeria/jquery.fancybox.js?v=2.1.5 HTTP/1.1" 200 48706
190.90.17.69 - - [26/Jul/2015:12:48:51 -0500] "GET /Autoliquidacion/TR%C3%81MITES%20VERTIMIENTOS/REGISTRO%20DE%20VERTIMIENTOS/LISTA%20DE%20CHEQUEO%20REGISTRO%20DE%20VERTIMIENTOS.xls HTTP/1.1" 200 92672
172.22.2.3 - - [26/Jul/2015:12:48:52 -0500] "POST /cumbredelclima/wp-admin/admin-ajax.php HTTP/1.1" 200 23
186.118.12.134 - - [26/Jul/2015:12:49:04 -0500] "GET /galeria/galeria/jquery.fancybox.css?v=2.1.5 HTTP/1.1" 304 -
186.118.12.134 - - [26/Jul/2015:12:49:04 -0500] "GET /BLA/boletinlegal/js/jquery.scrollShow.js HTTP/1.1" 304 -
186.118.12.134 - - [26/Jul/2015:12:49:04 -0500] "GET /galeria/galeria/jquery.fancybox.js?v=2.1.5 HTTP/1.1" 304 -
172.22.2.3 - - [26/Jul/2015:12:49:07 -0500] "POST /cumbredelclima/wp-admin/admin-ajax.php HTTP/1.1" 200 23
186.29.60.179 - - [26/Jul/2015:12:49:16 -0500] "GET /galeria/galeria/jquery.fancybox.css?v=2.1.5 HTTP/1.1" 200 4895
186.29.60.179 - - [26/Jul/2015:12:49:16 -0500] "GET /BLA/boletinlegal/js/jquery.scrollShow.js HTTP/1.1" 200 4586
186.29.60.179 - - [26/Jul/2015:12:49:16 -0500] "GET /galeria/galeria/jquery.fancybox.js?v=2.1.5 HTTP/1.1" 200 48706
201.245.219.182 - - [26/Jul/2015:12:49:11 -0500] "POST /forest/usutareas.do?group_system_actual=3 HTTP/1.1" 200 204
201.245.219.182 - - [26/Jul/2015:12:49:18 -0500] "GET /forest/usutareas.do?group_system_actual=3&a=0.8529771417379379 HTTP/1.1" 200 106434
201.245.219.182 - - [26/Jul/2015:12:48:44 -0500] "GET /ForestMSG_SDA/channelAsync/template_word_18751323?X-Atmosphere-tracking-id=6a3d8910-621a-68e1-b1ab-365480f98ff0&X-Atmosphere-Framework=1.0.5&X-Atmosphere-Transport=long-polling&tabid=0.7504378110170364&X-Cache-Date=0&Content-Type=application/xml&_=1437933063541 HTTP/1.1" 200 8193
201.245.219.182 - - [26/Jul/2015:12:49:19 -0500] "GET /forest/session.jsp?a=0.8663486042059958 HTTP/1.1" 200 4
201.245.219.182 - - [26/Jul/2015:12:49:19 -0500] "GET /forest/actions/forms.getMappedValues?id=id_Numeracion1&value=1427727494205&codForm=ElaborarDocumento&a=0.4240762200206518 HTTP/1.1" 200 154
186.154.197.162 - - [26/Jul/2015:12:49:22 -0500] "GET /crossdomain.xml HTTP/1.1" 404 1280
172.22.2.3 - - [26/Jul/2015:12:49:22 -0500] "POST /cumbredelclima/wp-admin/admin-ajax.php HTTP/1.1" 200 23
186.154.197.162 - - [26/Jul/2015:12:49:22 -0500] "GET /arcgis/services/Calidad_del_Agua_WQI/MapServer/WMSServer?HEIGHT=475&STYLES=&LAYERS=3%2C4%2C5%2C6%2C7&BBOX=%2D74%2E08240738470677%2C4%2E608970020284504%2C%2D74%2E05804170400707%2C4%2E620272460062198&VERSION=1%2E1%2E1&TRANSPARENT=TRUE&SERVICE=WMS&SRS=EPSG%3A4686&REQUEST=GetMap&FORMAT=image%2Fpng&WIDTH=1024 HTTP/1.1" 200 3077
201.245.219.182 - - [26/Jul/2015:12:49:23 -0500] "GET /forest/actions/forms.getList?codForm=ElaborarDocumento&id=Fun_Destino17&text=c HTTP/1.1" 200 1238
201.245.219.182 - - [26/Jul/2015:12:49:23 -0500] "GET /forest/actions/forms.getList?codForm=ElaborarDocumento&id=Fun_Destino17&text=co HTTP/1.1" 200 1274
201.245.219.182 - - [26/Jul/2015:12:49:23 -0500] "GET /forest/actions/forms.getList?codForm=ElaborarDocumento&id=Fun_Destino17&text=con HTTP/1.1" 200 1303
201.245.219.182 - - [26/Jul/2015:12:49:24 -0500] "GET /forest/actions/forms.getList?codForm=ElaborarDocumento&id=Fun_Destino17&text=conu HTTP/1.1" 200 2
201.245.219.182 - - [26/Jul/2015:12:49:24 -0500] "GET /forest/actions/forms.getList?codForm=ElaborarDocumento&id=Fun_Destino17&text=con HTTP/1.1" 200 1303
201.245.219.182 - - [26/Jul/2015:12:49:24 -0500] "GET /forest/actions/forms.getList?codForm=ElaborarDocumento&id=Fun_Destino17&text=co HTTP/1.1" 200 1274
201.245.219.182 - - [26/Jul/2015:12:49:25 -0500] "GET /forest/actions/forms.getList?codForm=ElaborarDocumento&id=Fun_Destino17&text=con HTTP/1.1" 200 1303
201.245.219.182 - - [26/Jul/2015:12:49:25 -0500] "GET /forest/actions/forms.getList?codForm=ElaborarDocumento&id=Fun_Destino17&text=cons HTTP/1.1" 200 1325
201.245.219.182 - - [26/Jul/2015:12:49:26 -0500] "GET /forest/actions/forms.getList?codForm=ElaborarDocumento&id=Fun_Destino17&text=consu HTTP/1.1" 200 399
201.245.219.182 - - [26/Jul/2015:12:49:26 -0500] "GET /forest/actions/forms.getList?codForm=ElaborarDocumento&id=Fun_Destino17&text=consue HTTP/1.1" 200 399
201.245.219.182 - - [26/Jul/2015:12:49:26 -0500] "GET /forest/actions/forms.getList?codForm=ElaborarDocumento&id=Fun_Destino17&text=consuel HTTP/1.1" 200 399
201.245.219.182 - - [26/Jul/2015:12:49:26 -0500] "GET /forest/actions/forms.getList?codForm=ElaborarDocumento&id=Fun_Destino17&text=consuelo HTTP/1.1" 200 399
186.154.197.162 - - [26/Jul/2015:12:49:26 -0500] "GET /arcgis/services/Calidad_del_Agua_WQI/MapServer/WMSServer?HEIGHT=475&STYLES=&LAYERS=3%2C4%2C5%2C6%2C7&BBOX=%2D74%2E08240738470677%2C4%2E608970020284504%2C%2D74%2E05804170400707%2C4%2E620272460062198&VERSION=1%2E1%2E1&TRANSPARENT=TRUE&SERVICE=WMS&SRS=EPSG%3A4686&REQUEST=GetMap&FORMAT=image%2Fpng&WIDTH=1024 HTTP/1.1" 200 3077
201.245.219.182 - - [26/Jul/2015:12:49:28 -0500] "POST /forest/usutareas.do? HTTP/1.1" 200 76
74.86.158.107 - - [26/Jul/2015:12:49:32 -0500] "HEAD / HTTP/1.1" 200 -
201.245.219.182 - - [26/Jul/2015:12:49:32 -0500] "GET /forest/usutareas.do?group_system_actual=3&a=0.2613025479950011 HTTP/1.1" 200 19556
201.245.219.182 - - [26/Jul/2015:12:49:32 -0500] "GET /forest/session.jsp?a=0.09148805448785424 HTTP/1.1" 200 4
201.245.219.182 - - [26/Jul/2015:12:49:36 -0500] "GET /forest/skins/gdocs-jar/popup/popup.jsp?width=1100&height=500&title=Buscar%20procesos&uri=/forest/buscar.do%3Ftype%3Dprocesos&name=undefined&_a=0.48888634075410664&a=0.46563019952736795 HTTP/1.1" 200 1296
201.245.219.182 - - [26/Jul/2015:12:49:37 -0500] "GET /forest/buscar.do?type=procesos HTTP/1.1" 200 14695
201.245.219.182 - - [26/Jul/2015:12:49:37 -0500] "GET /forest/buscar.do?type=procesos HTTP/1.1" 200 85049
172.22.2.3 - - [26/Jul/2015:12:49:37 -0500] "POST /cumbredelclima/wp-admin/admin-ajax.php HTTP/1.1" 200 23
201.245.219.182 - - [26/Jul/2015:12:49:37 -0500] "GET /forest/json.do?query=usersByDep&coddep=7093 HTTP/1.1" 200 595
201.245.219.182 - - [26/Jul/2015:12:49:37 -0500] "GET /forest/json.do?query=versionListadas HTTP/1.1" 200 15
201.245.219.182 - - [26/Jul/2015:12:49:37 -0500] "GET /forest/json.do?query=usersByDep&coddep=7093 HTTP/1.1" 200 595
201.245.219.182 - - [26/Jul/2015:12:49:37 -0500] "GET /forest/json.do?query=procesIniciales HTTP/1.1" 200 11194
186.29.60.179 - - [26/Jul/2015:12:49:20 -0500] "GET /videos/CRRFFS.mp4 HTTP/1.1" 200 286784363
201.245.219.182 - - [26/Jul/2015:12:49:38 -0500] "GET /forest/json.do?query=bpmnIniciales HTTP/1.1" 200 1095
186.29.60.179 - - [26/Jul/2015:12:49:38 -0500] "GET /galeria/galeria/jquery.fancybox.css?v=2.1.5 HTTP/1.1" 304 -
186.29.60.179 - - [26/Jul/2015:12:49:38 -0500] "GET /galeria/galeria/jquery.fancybox.js?v=2.1.5 HTTP/1.1" 304 -
186.29.60.179 - - [26/Jul/2015:12:49:38 -0500] "GET /BLA/boletinlegal/js/jquery.scrollShow.js HTTP/1.1" 304 -
186.29.60.179 - - [26/Jul/2015:12:49:39 -0500] "GET /videos/CRRFFS.mp4 HTTP/1.1" 206 1
66.249.64.248 - - [26/Jul/2015:12:49:01 -0500] "GET /BLA/boletinlegal/index.php HTTP/1.1" 200 51011
201.245.219.182 - - [26/Jul/2015:12:49:50 -0500] "POST /forest/buscar.do? HTTP/1.1" 200 5328
172.22.2.3 - - [26/Jul/2015:12:49:52 -0500] "POST /cumbredelclima/wp-admin/admin-ajax.php HTTP/1.1" 200 23
201.245.219.182 - - [26/Jul/2015:12:49:53 -0500] "GET /forest/usutareas.do?group_system_actual=3&codAct=879&numPro=3126409&codPro=90&fecTra=2015-06-22%2010:20:34.389&codInst=3169491&codTraEsc=18442087 HTTP/1.1" 200 90951
201.245.219.182 - - [26/Jul/2015:12:49:53 -0500] "GET /forest/session.jsp?a=0.555795218795538 HTTP/1.1" 200 4
201.245.219.182 - - [26/Jul/2015:12:49:53 -0500] "GET /forest/actions/forms.getItemList?codForm=PRESTAMO_EXPEDIENTE&id=Funcionario4&value=ALCY.PINEDO&a=0.9578034325968474 HTTP/1.1" 200 59
200.119.32.43 - - [26/Jul/2015:12:49:54 -0500] "GET /forest/session.jsp?a=0.1620921695139259 HTTP/1.1" 200 4
201.245.219.182 - - [26/Jul/2015:12:49:55 -0500] "GET /forest/skins/gdocs-jar/popup/escritorio/reasignar.jsp?codTraEsc=18442087&a=0.1821384895592928 HTTP/1.1" 200 3741
201.245.192.253 - - [26/Jul/2015:12:49:58 -0500] "GET /forest/session.jsp?a=0.8398447268863612 HTTP/1.1" 200 4
172.22.2.3 - - [26/Jul/2015:12:50:07 -0500] "POST /cumbredelclima/wp-admin/admin-ajax.php HTTP/1.1" 200 23
190.68.197.230 - - [26/Jul/2015:12:50:08 -0500] "GET /forest/session.jsp?a=0.5224565945100039 HTTP/1.1" 200 4
66.249.64.96 - - [26/Jul/2015:12:50:12 -0500] "GET /m/BLA/resoluciones/AUTOS%202011/1362.pdf HTTP/1.1" 404 1018
78.206.92.127 - - [26/Jul/2015:12:50:13 -0500] "GET /webdav/x32.php?host=81.64.86.134&time=60&port=80 HTTP/1.1" 404 1018
200.119.32.43 - - [26/Jul/2015:12:50:16 -0500] "GET /forest/buscar.do HTTP/1.1" 200 85063
200.119.32.43 - - [26/Jul/2015:12:50:17 -0500] "GET /forest/json.do?query=usersByDep&coddep=20 HTTP/1.1" 200 4068
200.119.32.43 - - [26/Jul/2015:12:50:17 -0500] "GET /forest/json.do?query=versionListadas HTTP/1.1" 200 15
200.119.32.43 - - [26/Jul/2015:12:50:17 -0500] "GET /forest/json.do?query=usersByDep&coddep=20 HTTP/1.1" 200 4068
200.119.32.43 - - [26/Jul/2015:12:50:17 -0500] "GET /forest/json.do?query=procesIniciales HTTP/1.1" 200 11194
200.119.32.43 - - [26/Jul/2015:12:50:17 -0500] "GET /forest/json.do?query=bpmnIniciales HTTP/1.1" 200 1095
186.29.60.179 - - [26/Jul/2015:12:49:39 -0500] "GET /videos/CRRFFS.mp4 HTTP/1.1" 206 274225242
200.119.32.43 - - [26/Jul/2015:12:50:21 -0500] "POST /forest/buscar.do? HTTP/1.1" 200 9800
200.119.32.43 - - [26/Jul/2015:12:50:22 -0500] "GET /forest/skins/gdocs-jar/popup/popup.jsp?width=900&height=600&title=Informaci%F3n%20de%20proceso&uri=/forest/system/process.jsp%3FnumPro%3D2933345&name=undefined&_a=0.40797136444598436&a=0.5450886972248554 HTTP/1.1" 200 1312
172.22.2.3 - - [26/Jul/2015:12:50:22 -0500] "POST /cumbredelclima/wp-admin/admin-ajax.php HTTP/1.1" 200 23
200.119.32.43 - - [26/Jul/2015:12:50:22 -0500] "GET /forest/system/process.jsp?numPro=2933345 HTTP/1.1" 200 18159
200.119.32.43 - - [26/Jul/2015:12:50:22 -0500] "GET /forest/system/process.jsp?numPro=2933345 HTTP/1.1" 200 74579
190.157.172.223 - - [26/Jul/2015:12:50:24 -0500] "GET /forest/session.jsp?a=0.5950156759936363 HTTP/1.1" 200 4
201.245.192.253 - - [26/Jul/2015:12:50:15 -0500] "POST /wp-admin/admin-ajax.php HTTP/1.1" 200 23
201.245.219.182 - - [26/Jul/2015:12:50:32 -0500] "POST /forest/usutareas.do?group_system_actual=3 HTTP/1.1" 200 156
200.119.32.43 - - [26/Jul/2015:12:50:26 -0500] "GET /forest/documentos/1765015/2013ER176252.pdf HTTP/1.1" 200 2666124
201.245.219.182 - - [26/Jul/2015:12:50:33 -0500] "GET /forest/usutareas.do?group_system_actual=3&a=0.04769572662189603 HTTP/1.1" 200 19556
201.245.219.182 - - [26/Jul/2015:12:50:34 -0500] "GET /forest/session.jsp?a=0.46992069901898503 HTTP/1.1" 200 4
172.22.2.3 - - [26/Jul/2015:12:50:37 -0500] "POST /cumbredelclima/wp-admin/admin-ajax.php HTTP/1.1" 200 23
172.22.2.3 - - [26/Jul/2015:12:50:52 -0500] "POST /cumbredelclima/wp-admin/admin-ajax.php HTTP/1.1" 200 23
186.154.197.162 - - [26/Jul/2015:12:50:55 -0500] "GET /crossdomain.xml HTTP/1.1" 404 1280
186.154.197.162 - - [26/Jul/2015:12:50:55 -0500] "GET /arcgis/services/Calidad_del_Agua_WQI/MapServer/WMSServer?HEIGHT=475&STYLES=&LAYERS=3%2C4%2C5%2C6%2C7&BBOX=%2D74%2E07541176934963%2C4%2E611980038456879%2C%2D74%2E06322892899978%2C4%2E617631258345726&VERSION=1%2E1%2E1&TRANSPARENT=TRUE&SERVICE=WMS&SRS=EPSG%3A4686&REQUEST=GetMap&FORMAT=image%2Fpng&WIDTH=1024 HTTP/1.1" 200 3077
186.29.60.179 - - [26/Jul/2015:12:50:57 -0500] "GET /videos/CRRFFS.mp4 HTTP/1.1" 206 1
186.29.60.179 - - [26/Jul/2015:12:50:57 -0500] "GET /videos/CRRFFS.mp4 HTTP/1.1" 206 247542985
190.84.58.26 - - [26/Jul/2015:12:51:04 -0500] "GET /BLA/boletinlegal/js/jquery.scrollShow.js HTTP/1.1" 200 4586
190.84.58.26 - - [26/Jul/2015:12:51:04 -0500] "GET /galeria/galeria/jquery.fancybox.css?v=2.1.5 HTTP/1.1" 200 4895
190.84.58.26 - - [26/Jul/2015:12:51:04 -0500] "GET /galeria/galeria/jquery.fancybox.js?v=2.1.5 HTTP/1.1" 200 48706
172.22.2.3 - - [26/Jul/2015:12:51:07 -0500] "POST /cumbredelclima/wp-admin/admin-ajax.php HTTP/1.1" 200 23
190.84.58.26 - - [26/Jul/2015:12:51:08 -0500] "GET /BLA/boletinlegal/js/jquery.scrollShow.js HTTP/1.1" 304 -
190.84.58.26 - - [26/Jul/2015:12:51:08 -0500] "GET /galeria/galeria/jquery.fancybox.css?v=2.1.5 HTTP/1.1" 304 -
190.84.58.26 - - [26/Jul/2015:12:51:08 -0500] "GET /galeria/galeria/jquery.fancybox.js?v=2.1.5 HTTP/1.1" 304 -
200.119.32.43 - - [26/Jul/2015:12:51:10 -0500] "GET /forest/buscar.do HTTP/1.1" 200 85063
200.119.32.43 - - [26/Jul/2015:12:51:11 -0500] "GET /forest/json.do?query=usersByDep&coddep=20 HTTP/1.1" 200 4068
200.119.32.43 - - [26/Jul/2015:12:51:11 -0500] "GET /forest/json.do?query=versionListadas HTTP/1.1" 200 15
200.119.32.43 - - [26/Jul/2015:12:51:11 -0500] "GET /forest/json.do?query=usersByDep&coddep=20 HTTP/1.1" 200 4068
200.119.32.43 - - [26/Jul/2015:12:51:11 -0500] "GET /forest/json.do?query=procesIniciales HTTP/1.1" 200 11194
200.119.32.43 - - [26/Jul/2015:12:51:11 -0500] "GET /forest/json.do?query=bpmnIniciales HTTP/1.1" 200 1095
200.119.32.43 - - [26/Jul/2015:12:51:13 -0500] "POST /forest/buscar.do? HTTP/1.1" 200 9892
200.119.32.43 - - [26/Jul/2015:12:51:14 -0500] "GET /forest/skins/gdocs-jar/popup/popup.jsp?width=900&height=600&title=Informaci%F3n%20de%20proceso&uri=/forest/system/process.jsp%3FnumPro%3D3049198&name=undefined&_a=0.8048005388118327&a=0.5913849326316267 HTTP/1.1" 200 1312
200.119.32.43 - - [26/Jul/2015:12:51:14 -0500] "GET /forest/system/process.jsp?numPro=3049198 HTTP/1.1" 200 121645
181.50.171.134 - - [26/Jul/2015:12:51:21 -0500] "GET /forest/session.jsp?a=0.42510000438336415 HTTP/1.1" 200 4
172.22.2.3 - - [26/Jul/2015:12:51:22 -0500] "POST /cumbredelclima/wp-admin/admin-ajax.php HTTP/1.1" 200 23
200.119.32.43 - - [26/Jul/2015:12:51:16 -0500] "GET /forest/documentos/1765112/2013ER176349.pdf HTTP/1.1" 200 3057805
190.250.156.191 - - [26/Jul/2015:12:51:29 -0500] "GET /BLA/resoluciones/RESOLUCIONES%202007/RES%202007%201101%20AL%201200/RESOLUCION%201175%20DE%202007.pdf HTTP/1.1" 200 501229
190.250.156.191 - - [26/Jul/2015:12:51:30 -0500] "GET /favicon.ico HTTP/1.1" 200 7782
172.22.2.3 - - [26/Jul/2015:12:51:37 -0500] "POST /cumbredelclima/wp-admin/admin-ajax.php HTTP/1.1" 200 23
201.245.192.253 - - [26/Jul/2015:12:51:46 -0500] "GET /forest/session.jsp?a=0.012907860936891447 HTTP/1.1" 200 4
190.69.208.242 - - [26/Jul/2015:12:51:49 -0500] "GET /BLA/boletinlegal/js/jquery.scrollTo-min.js HTTP/1.1" 200 1150
190.69.208.242 - - [26/Jul/2015:12:51:49 -0500] "GET /BLA/boletinlegal/js/jquery.scrollShow.js HTTP/1.1" 200 4586
190.69.208.242 - - [26/Jul/2015:12:51:50 -0500] "GET /galeria/galeria/jquery.fancybox.js?v=2.1.5 HTTP/1.1" 200 48706
190.69.208.242 - - [26/Jul/2015:12:51:50 -0500] "GET /galeria/galeria/jquery.fancybox.css?v=2.1.5 HTTP/1.1" 200 4895
172.22.2.3 - - [26/Jul/2015:12:51:52 -0500] "POST /cumbredelclima/wp-admin/admin-ajax.php HTTP/1.1" 200 23
200.119.32.43 - - [26/Jul/2015:12:52:05 -0500] "GET /forest/buscar.do HTTP/1.1" 200 85063
