190.26.158.212 - - [26/Jul/2015:12:19:29 -0500] "GET /BLA/boletinlegal/js/jquery.scrollShow.js HTTP/1.1" 200 4586
190.26.158.212 - - [26/Jul/2015:12:19:29 -0500] "GET /galeria/galeria/jquery.fancybox.js?v=2.1.5 HTTP/1.1" 200 48706
190.26.158.212 - - [26/Jul/2015:12:19:29 -0500] "GET /galeria/galeria/jquery.fancybox.css?v=2.1.5 HTTP/1.1" 200 4895
186.85.75.188 - - [26/Jul/2015:12:19:29 -0500] "GET /galeria/galeria/jquery.fancybox.css?v=2.1.5 HTTP/1.1" 200 4895
186.85.75.188 - - [26/Jul/2015:12:19:29 -0500] "GET /BLA/boletinlegal/js/jquery.scrollShow.js HTTP/1.1" 200 4586
186.85.75.188 - - [26/Jul/2015:12:19:29 -0500] "GET /galeria/galeria/jquery.fancybox.js?v=2.1.5 HTTP/1.1" 200 48706
200.119.32.43 - - [26/Jul/2015:12:19:27 -0500] "GET /forest/documentos/1762585/2013ER173822.pdf HTTP/1.1" 200 1818893
74.86.158.107 - - [26/Jul/2015:12:19:32 -0500] "HEAD / HTTP/1.1" 200 -
190.157.172.223 - - [26/Jul/2015:12:19:36 -0500] "POST /forest/frameset? HTTP/1.1" 200 56563
172.22.2.3 - - [26/Jul/2015:12:19:36 -0500] "POST /cumbredelclima/wp-admin/admin-ajax.php HTTP/1.1" 200 23
186.85.75.188 - - [26/Jul/2015:12:19:37 -0500] "GET /galeria/galeria/jquery.fancybox.css?v=2.1.5 HTTP/1.1" 304 -
186.85.75.188 - - [26/Jul/2015:12:19:37 -0500] "GET /BLA/boletinlegal/js/jquery.scrollShow.js HTTP/1.1" 304 -
186.85.75.188 - - [26/Jul/2015:12:19:37 -0500] "GET /galeria/galeria/jquery.fancybox.js?v=2.1.5 HTTP/1.1" 304 -
200.119.32.43 - - [26/Jul/2015:12:19:48 -0500] "GET /forest/session.jsp?a=0.5703337721060961 HTTP/1.1" 200 4
172.22.2.3 - - [26/Jul/2015:12:19:51 -0500] "POST /cumbredelclima/wp-admin/admin-ajax.php HTTP/1.1" 200 23
190.157.172.223 - - [26/Jul/2015:12:19:53 -0500] "GET /forestReports/webcontent/birt/pages/common/processing.jsp?__rtl=false HTTP/1.1" 200 719
201.245.192.253 - - [26/Jul/2015:12:19:58 -0500] "GET /forest/session.jsp?a=0.03978428022855285 HTTP/1.1" 200 4
172.22.2.3 - - [26/Jul/2015:12:20:06 -0500] "POST /cumbredelclima/wp-admin/admin-ajax.php HTTP/1.1" 200 23
66.249.64.96 - - [26/Jul/2015:12:20:10 -0500] "GET /BLA/resoluciones/RESOLUCIONES%202007/RES%202007%202301%20AL%202400/RESOLUCION%202343%20DE%202007.pdf HTTP/1.1" 304 -
190.157.172.223 - - [26/Jul/2015:12:20:19 -0500] "GET /forest/session.jsp?a=0.5911817704327404 HTTP/1.1" 200 4
190.157.172.223 - - [26/Jul/2015:12:20:19 -0500] "POST /forest/frameset?__toolbar=true&__report=forest%2Frpts%2F441.rptdesign&__app=forest&__format=&__sessionId=20150726_122208_200&__dpi=96 HTTP/1.1" 200 14078
172.22.2.3 - - [26/Jul/2015:12:20:21 -0500] "POST /cumbredelclima/wp-admin/admin-ajax.php HTTP/1.1" 200 23
200.119.32.43 - - [26/Jul/2015:12:20:22 -0500] "GET /forest/buscar.do HTTP/1.1" 200 85063
200.119.32.43 - - [26/Jul/2015:12:20:23 -0500] "GET /forest/json.do?query=usersByDep&coddep=20 HTTP/1.1" 200 4068
200.119.32.43 - - [26/Jul/2015:12:20:23 -0500] "GET /forest/json.do?query=versionListadas HTTP/1.1" 200 15
200.119.32.43 - - [26/Jul/2015:12:20:23 -0500] "GET /forest/json.do?query=usersByDep&coddep=20 HTTP/1.1" 200 4068
200.119.32.43 - - [26/Jul/2015:12:20:23 -0500] "GET /forest/json.do?query=procesIniciales HTTP/1.1" 200 11194
200.119.32.43 - - [26/Jul/2015:12:20:23 -0500] "GET /forest/json.do?query=bpmnIniciales HTTP/1.1" 200 1095
200.119.32.43 - - [26/Jul/2015:12:20:24 -0500] "POST /forest/buscar.do? HTTP/1.1" 200 7223
200.119.32.43 - - [26/Jul/2015:12:20:25 -0500] "GET /forest/skins/gdocs-jar/popup/popup.jsp?width=900&height=600&title=Informaci%F3n%20de%20proceso&uri=/forest/system/process.jsp%3FnumPro%3D2714736&name=undefined&_a=0.14988949988037348&a=0.6210493475664407 HTTP/1.1" 200 1312
200.119.32.43 - - [26/Jul/2015:12:20:25 -0500] "GET /forest/system/process.jsp?numPro=2714736 HTTP/1.1" 200 18159
200.119.32.43 - - [26/Jul/2015:12:20:25 -0500] "GET /forest/system/process.jsp?numPro=2714736 HTTP/1.1" 200 102154
201.245.192.253 - - [26/Jul/2015:12:20:15 -0500] "POST /wp-admin/admin-ajax.php HTTP/1.1" 200 23
181.232.36.65 - - [26/Jul/2015:12:20:32 -0500] "GET /galeria/galeria/jquery.fancybox.css?v=2.1.5 HTTP/1.1" 200 4895
181.232.36.65 - - [26/Jul/2015:12:20:32 -0500] "GET /BLA/boletinlegal/js/jquery.scrollShow.js HTTP/1.1" 200 4586
181.232.36.65 - - [26/Jul/2015:12:20:32 -0500] "GET /galeria/galeria/jquery.fancybox.js?v=2.1.5 HTTP/1.1" 200 48706
200.119.32.43 - - [26/Jul/2015:12:20:29 -0500] "GET /forest/documentos/1763228/2013ER174465.pdf HTTP/1.1" 200 2206530
172.22.2.3 - - [26/Jul/2015:12:20:36 -0500] "POST /cumbredelclima/wp-admin/admin-ajax.php HTTP/1.1" 200 23
181.232.36.65 - - [26/Jul/2015:12:20:47 -0500] "GET /galeria/galeria/jquery.fancybox.css?v=2.1.5 HTTP/1.1" 304 -
181.232.36.65 - - [26/Jul/2015:12:20:47 -0500] "GET /BLA/boletinlegal/js/jquery.scrollShow.js HTTP/1.1" 304 -
181.232.36.65 - - [26/Jul/2015:12:20:47 -0500] "GET /galeria/galeria/jquery.fancybox.js?v=2.1.5 HTTP/1.1" 304 -
66.249.64.96 - - [26/Jul/2015:12:20:51 -0500] "GET /BLA/resoluciones/RESOLUCIONES%202008/0409.pdf HTTP/1.1" 304 -
172.22.2.3 - - [26/Jul/2015:12:20:51 -0500] "POST /cumbredelclima/wp-admin/admin-ajax.php HTTP/1.1" 200 23
172.22.2.3 - - [26/Jul/2015:12:21:06 -0500] "POST /cumbredelclima/wp-admin/admin-ajax.php HTTP/1.1" 200 23
190.157.172.223 - - [26/Jul/2015:12:21:16 -0500] "GET /forest/skins/gdocs-jar/popup/popup.jsp?width=1100&height=500&title=Buscar%20documentos&uri=/forest/buscar.do%3Ftype%3Ddocumentos&name=undefined&_a=0.9019692146684974&a=0.5425421660766006 HTTP/1.1" 200 1300
190.157.172.223 - - [26/Jul/2015:12:21:16 -0500] "GET /forest/buscar.do?type=documentos HTTP/1.1" 200 85077
190.157.172.223 - - [26/Jul/2015:12:21:16 -0500] "GET /forest/json.do?query=usersByDep&coddep=7026 HTTP/1.1" 200 1207
190.157.172.223 - - [26/Jul/2015:12:21:16 -0500] "GET /forest/json.do?query=versionListadas HTTP/1.1" 200 15
190.157.172.223 - - [26/Jul/2015:12:21:16 -0500] "GET /forest/json.do?query=usersByDep&coddep=7026 HTTP/1.1" 200 1207
190.157.172.223 - - [26/Jul/2015:12:21:17 -0500] "GET /forest/json.do?query=procesIniciales HTTP/1.1" 200 11194
190.157.172.223 - - [26/Jul/2015:12:21:17 -0500] "GET /forest/json.do?query=bpmnIniciales HTTP/1.1" 200 1095
181.50.171.134 - - [26/Jul/2015:12:21:20 -0500] "GET /forest/session.jsp?a=0.26203492156236063 HTTP/1.1" 200 4
172.22.2.3 - - [26/Jul/2015:12:21:21 -0500] "POST /cumbredelclima/wp-admin/admin-ajax.php HTTP/1.1" 200 23
66.249.64.101 - - [26/Jul/2015:12:21:33 -0500] "GET /BLA/resoluciones/AUTOS%202014/3589.pdf HTTP/1.1" 304 -
190.157.172.223 - - [26/Jul/2015:12:21:36 -0500] "POST /forest/buscar.do? HTTP/1.1" 200 9955
172.22.2.3 - - [26/Jul/2015:12:21:36 -0500] "POST /cumbredelclima/wp-admin/admin-ajax.php HTTP/1.1" 200 23
201.245.192.253 - - [26/Jul/2015:12:21:46 -0500] "GET /forest/session.jsp?a=0.3492616774824189 HTTP/1.1" 200 4
172.22.2.3 - - [26/Jul/2015:12:21:51 -0500] "POST /cumbredelclima/wp-admin/admin-ajax.php HTTP/1.1" 200 23
172.22.2.3 - - [26/Jul/2015:12:22:06 -0500] "POST /cumbredelclima/wp-admin/admin-ajax.php HTTP/1.1" 200 23
200.119.32.43 - - [26/Jul/2015:12:22:07 -0500] "GET /forest/buscar.do HTTP/1.1" 200 85063
200.119.32.43 - - [26/Jul/2015:12:22:07 -0500] "GET /forest/json.do?query=usersByDep&coddep=20 HTTP/1.1" 200 4068
200.119.32.43 - - [26/Jul/2015:12:22:07 -0500] "GET /forest/json.do?query=versionListadas HTTP/1.1" 200 15
200.119.32.43 - - [26/Jul/2015:12:22:07 -0500] "GET /forest/json.do?query=usersByDep&coddep=20 HTTP/1.1" 200 4068
200.119.32.43 - - [26/Jul/2015:12:22:07 -0500] "GET /forest/json.do?query=procesIniciales HTTP/1.1" 200 11194
200.119.32.43 - - [26/Jul/2015:12:22:07 -0500] "GET /forest/json.do?query=bpmnIniciales HTTP/1.1" 200 1095
200.119.32.43 - - [26/Jul/2015:12:22:10 -0500] "POST /forest/buscar.do? HTTP/1.1" 200 7287
190.157.172.223 - - [26/Jul/2015:12:22:10 -0500] "GET /forest/skins/gdocs-jar/popup/popup.jsp?width=900&height=600&title=Informaci%F3n%20de%20proceso&uri=/forest/system/process.jsp%3FnumPro%3D2486840&name=undefined&_a=0.2714624472428113&a=0.4623175954911858 HTTP/1.1" 200 1312
190.157.172.223 - - [26/Jul/2015:12:22:11 -0500] "GET /forest/system/process.jsp?numPro=2486840 HTTP/1.1" 200 72768
200.119.32.43 - - [26/Jul/2015:12:22:12 -0500] "GET /forest/skins/gdocs-jar/popup/popup.jsp?width=900&height=600&title=Informaci%F3n%20de%20proceso&uri=/forest/system/process.jsp%3FnumPro%3D2715386&name=undefined&_a=0.5362069122493267&a=0.7459404282271862 HTTP/1.1" 200 1312
200.119.32.43 - - [26/Jul/2015:12:22:12 -0500] "GET /forest/system/process.jsp?numPro=2715386 HTTP/1.1" 200 18149
200.119.32.43 - - [26/Jul/2015:12:22:12 -0500] "GET /forest/system/process.jsp?numPro=2715386 HTTP/1.1" 200 80466
66.249.64.101 - - [26/Jul/2015:12:22:14 -0500] "GET /BLA/resoluciones/RESOLUCIONES%202009/4230.pdf HTTP/1.1" 304 -
200.119.32.43 - - [26/Jul/2015:12:22:14 -0500] "GET /forest/documentos/1763769/2013ER175006.pdf HTTP/1.1" 200 1597575
190.66.126.128 - - [26/Jul/2015:12:22:18 -0500] "GET /Residuos/impresion/files/guia_impresion-lit.pdf HTTP/1.1" 200 12573981
190.66.126.128 - - [26/Jul/2015:12:22:19 -0500] "GET /favicon.ico HTTP/1.1" 200 7782
190.66.126.128 - - [26/Jul/2015:12:22:20 -0500] "GET /Residuos/impresion/files/guia_impresion-lit.pdf HTTP/1.1" 206 32768
190.66.126.128 - - [26/Jul/2015:12:22:20 -0500] "GET /Residuos/impresion/files/guia_impresion-lit.pdf HTTP/1.1" 206 12541213
172.22.2.3 - - [26/Jul/2015:12:22:21 -0500] "POST /cumbredelclima/wp-admin/admin-ajax.php HTTP/1.1" 200 23
190.157.172.223 - - [26/Jul/2015:12:22:27 -0500] "GET /forest/skins/gdocs-jar/popup/popup.jsp?width=850&height=380&title=Informaci%F3n%20del%20radicado&uri=/forest/system/document.jsp%3FcodDoc%3D372472&name=undefined&_a=0.5382416313514113&a=0.5678005148656666 HTTP/1.1" 200 1314
190.157.172.223 - - [26/Jul/2015:12:22:27 -0500] "GET /forest/system/document.jsp?codDoc=372472 HTTP/1.1" 200 13818
201.245.192.253 - - [26/Jul/2015:12:22:15 -0500] "POST /wp-admin/admin-ajax.php HTTP/1.1" 200 23
201.245.219.182 - - [26/Jul/2015:12:22:33 -0500] "GET /forest/session.jsp?a=0.07428632769733667 HTTP/1.1" 200 5
201.245.219.182 - - [26/Jul/2015:12:22:33 -0500] "GET /forest/login.jsp?a=0.30934917740523815 HTTP/1.1" 200 2996
201.245.219.182 - - [26/Jul/2015:12:22:35 -0500] "POST /forest/actions/manager.login?group_system_actual=3 HTTP/1.1" 200 14
201.245.219.182 - - [26/Jul/2015:12:22:35 -0500] "GET /forest/session.jsp?a=0.4464271448086947 HTTP/1.1" 200 4
172.22.2.3 - - [26/Jul/2015:12:22:36 -0500] "POST /cumbredelclima/wp-admin/admin-ajax.php HTTP/1.1" 200 23
190.157.172.223 - - [26/Jul/2015:12:22:37 -0500] "GET /forest/skins/gdocs-jar/popup/popup.jsp?width=850&height=380&title=Informaci%F3n%20del%20radicado&uri=/forest/system/document.jsp%3FcodDoc%3D1483293&name=undefined&_a=0.48832041560672224&a=0.41738370177336037 HTTP/1.1" 200 1315
190.157.172.223 - - [26/Jul/2015:12:22:37 -0500] "GET /forest/system/document.jsp?codDoc=1483293 HTTP/1.1" 200 141059
190.157.172.223 - - [26/Jul/2015:12:22:47 -0500] "GET /forest/skins/gdocs-jar/popup/popup.jsp?width=850&height=380&title=Informaci%F3n%20del%20radicado&uri=/forest/system/document.jsp%3FcodDoc%3D1606045&name=undefined&_a=0.38138201204128563&a=0.3633055977988988 HTTP/1.1" 200 1315
190.157.172.223 - - [26/Jul/2015:12:22:47 -0500] "GET /forest/system/document.jsp?codDoc=1606045 HTTP/1.1" 200 26897
172.22.2.3 - - [26/Jul/2015:12:22:51 -0500] "POST /cumbredelclima/wp-admin/admin-ajax.php HTTP/1.1" 200 23
66.249.64.101 - - [26/Jul/2015:12:22:56 -0500] "GET /BLA/resoluciones/AUTOS%202012/3038.pdf HTTP/1.1" 304 -
190.157.172.223 - - [26/Jul/2015:12:23:01 -0500] "GET /forest/usudocumentos.do?p7z=1606045&a=0.34098813496530056&a=0.8413493251428008 HTTP/1.1" 200 2526
190.157.172.223 - - [26/Jul/2015:12:23:02 -0500] "GET /forest/documentos/1606045/2013IE017317.p7z:claro/Concepto%20Tecnico.doc HTTP/1.1" 200 611840
172.22.2.3 - - [26/Jul/2015:12:23:06 -0500] "POST /cumbredelclima/wp-admin/admin-ajax.php HTTP/1.1" 200 23
201.245.219.182 - - [26/Jul/2015:12:23:20 -0500] "GET /forest/skins/gdocs-jar/popup/popup.jsp?width=1100&height=500&title=Buscar%20procesos&uri=/forest/buscar.do%3Ftype%3Dprocesos&name=undefined&_a=0.15294123720377684&a=0.6101570830214769 HTTP/1.1" 200 1296
201.245.219.182 - - [26/Jul/2015:12:23:20 -0500] "GET /forest/buscar.do?type=procesos HTTP/1.1" 200 18159
190.157.153.129 - - [26/Jul/2015:12:23:21 -0500] "GET /galeria/galeria/jquery.fancybox.css?v=2.1.5 HTTP/1.1" 200 4895
190.157.153.129 - - [26/Jul/2015:12:23:21 -0500] "GET /galeria/galeria/jquery.fancybox.js?v=2.1.5 HTTP/1.1" 200 48706
190.157.153.129 - - [26/Jul/2015:12:23:21 -0500] "GET /BLA/boletinlegal/js/jquery.scrollShow.js HTTP/1.1" 200 4586
201.245.219.182 - - [26/Jul/2015:12:23:20 -0500] "GET /forest/buscar.do?type=procesos HTTP/1.1" 200 85049
172.22.2.3 - - [26/Jul/2015:12:23:21 -0500] "POST /cumbredelclima/wp-admin/admin-ajax.php HTTP/1.1" 200 23
201.245.219.182 - - [26/Jul/2015:12:23:22 -0500] "GET /forest/json.do?query=usersByDep&coddep=7093 HTTP/1.1" 200 595
201.245.219.182 - - [26/Jul/2015:12:23:22 -0500] "GET /forest/json.do?query=versionListadas HTTP/1.1" 200 15
201.245.219.182 - - [26/Jul/2015:12:23:22 -0500] "GET /forest/json.do?query=usersByDep&coddep=7093 HTTP/1.1" 200 595
201.245.219.182 - - [26/Jul/2015:12:23:22 -0500] "GET /forest/json.do?query=procesIniciales HTTP/1.1" 200 11194
201.245.219.182 - - [26/Jul/2015:12:23:22 -0500] "GET /forest/json.do?query=bpmnIniciales HTTP/1.1" 200 1095
201.245.219.182 - - [26/Jul/2015:12:23:31 -0500] "POST /forest/buscar.do? HTTP/1.1" 200 5775
190.157.153.129 - - [26/Jul/2015:12:23:33 -0500] "GET /galeria/galeria/jquery.fancybox.css?v=2.1.5 HTTP/1.1" 304 -
190.157.153.129 - - [26/Jul/2015:12:23:33 -0500] "GET /BLA/boletinlegal/js/jquery.scrollShow.js HTTP/1.1" 304 -
190.157.153.129 - - [26/Jul/2015:12:23:33 -0500] "GET /galeria/galeria/jquery.fancybox.js?v=2.1.5 HTTP/1.1" 304 -
200.119.32.43 - - [26/Jul/2015:12:23:33 -0500] "GET /forest/buscar.do HTTP/1.1" 200 85063
200.119.32.43 - - [26/Jul/2015:12:23:34 -0500] "GET /forest/json.do?query=usersByDep&coddep=20 HTTP/1.1" 200 4068
200.119.32.43 - - [26/Jul/2015:12:23:34 -0500] "GET /forest/json.do?query=versionListadas HTTP/1.1" 200 15
200.119.32.43 - - [26/Jul/2015:12:23:34 -0500] "GET /forest/json.do?query=usersByDep&coddep=20 HTTP/1.1" 200 4068
200.119.32.43 - - [26/Jul/2015:12:23:34 -0500] "GET /forest/json.do?query=procesIniciales HTTP/1.1" 200 11194
200.119.32.43 - - [26/Jul/2015:12:23:34 -0500] "GET /forest/json.do?query=bpmnIniciales HTTP/1.1" 200 1095
201.245.219.182 - - [26/Jul/2015:12:23:34 -0500] "GET /forest/skins/gdocs-jar/popup/popup.jsp?width=900&height=600&title=Informaci%F3n%20de%20proceso&uri=/forest/system/process.jsp%3FnumPro%3D2288654&name=undefined&_a=0.10423482162877917&a=0.4850313109345734 HTTP/1.1" 200 1312
201.245.219.182 - - [26/Jul/2015:12:23:34 -0500] "GET /forest/system/process.jsp?numPro=2288654 HTTP/1.1" 200 21631
200.119.32.43 - - [26/Jul/2015:12:23:36 -0500] "POST /forest/buscar.do? HTTP/1.1" 200 7229
201.245.219.182 - - [26/Jul/2015:12:23:34 -0500] "GET /forest/system/process.jsp?numPro=2288654 HTTP/1.1" 200 177327
172.22.2.3 - - [26/Jul/2015:12:23:36 -0500] "POST /cumbredelclima/wp-admin/admin-ajax.php HTTP/1.1" 200 23
200.119.32.43 - - [26/Jul/2015:12:23:37 -0500] "GET /forest/skins/gdocs-jar/popup/popup.jsp?width=900&height=600&title=Informaci%F3n%20de%20proceso&uri=/forest/system/process.jsp%3FnumPro%3D2715860&name=undefined&_a=0.19155018497258425&a=0.7359503756742924 HTTP/1.1" 200 1312
200.119.32.43 - - [26/Jul/2015:12:23:37 -0500] "GET /forest/system/process.jsp?numPro=2715860 HTTP/1.1" 200 28567
200.119.32.43 - - [26/Jul/2015:12:23:37 -0500] "GET /forest/system/process.jsp?numPro=2715860 HTTP/1.1" 200 78920
201.245.219.182 - - [26/Jul/2015:12:23:41 -0500] "GET /forest/skins/gdocs-jar/popup/popup.jsp?width=850&height=380&title=Informaci%F3n%20del%20radicado&uri=/forest/system/document.jsp%3FcodDoc%3D1506104&name=undefined&_a=0.13991484814323485&a=0.6717501142993569 HTTP/1.1" 200 1315
201.245.219.182 - - [26/Jul/2015:12:23:41 -0500] "GET /forest/system/document.jsp?codDoc=1506104 HTTP/1.1" 200 15061
201.245.219.182 - - [26/Jul/2015:12:23:41 -0500] "GET /forest/system/document.jsp?codDoc=1506104 HTTP/1.1" 200 15061
200.119.32.43 - - [26/Jul/2015:12:23:39 -0500] "GET /forest/documentos/1764280/2013ER175517.pdf HTTP/1.1" 200 1292928
201.245.219.182 - - [26/Jul/2015:12:23:43 -0500] "GET /forest/usudocumentos.do?p7z=1506104&a=0.46869103563949466&a=0.6468442496843636 HTTP/1.1" 200 2557
201.245.219.182 - - [26/Jul/2015:12:23:45 -0500] "GET /forest/documentos/1506104/2012EE082243.p7z:claro/Autos.doc HTTP/1.1" 200 244736
172.22.2.3 - - [26/Jul/2015:12:23:51 -0500] "POST /cumbredelclima/wp-admin/admin-ajax.php HTTP/1.1" 200 23
172.22.2.3 - - [26/Jul/2015:12:24:06 -0500] "POST /cumbredelclima/wp-admin/admin-ajax.php HTTP/1.1" 200 23
157.55.39.68 - - [26/Jul/2015:12:24:08 -0500] "GET /BLA/boletinlegal/Directivas/2014/Directiva%20No.%201%20del%2010%20de%20Abril%20de%202014.pdf HTTP/1.1" 200 258865
157.55.39.68 - - [26/Jul/2015:12:24:08 -0500] "GET /Autoliquidacion/index.php?dir=TR\xc3\x81MITES%20AGUAS%20SUPERFICIALES/&sort=size&order=asc HTTP/1.1" 200 6617
157.55.39.68 - - [26/Jul/2015:12:24:09 -0500] "GET /Autoliquidacion/index.php?dir=TR\xc3\x81MITES%20MINER\xc3\x8dA/&sort=size&order=asc HTTP/1.1" 200 6584
157.55.39.68 - - [26/Jul/2015:12:24:09 -0500] "GET /BLA/boletinlegal/Directivas/2015/Directiva%20No.%2001%20del%2014%20de%20Enero%20de%202015.pdf HTTP/1.1" 200 1416322
157.55.39.68 - - [26/Jul/2015:12:24:09 -0500] "GET /BLA/boletinlegal/circulares/2009IE24690.pdf HTTP/1.1" 200 74941
157.55.39.68 - - [26/Jul/2015:12:24:10 -0500] "GET /Autoliquidacion/index.php?dir=TR\xc3\x81MITES%20AGUAS%20SUBTERR\xc3\x81NEAS/&sort=size&order=asc HTTP/1.1" 200 6617
157.55.39.68 - - [26/Jul/2015:12:24:10 -0500] "GET /Autoliquidacion/index.php?dir=TR\xc3\x83\xc2\x81MITES%20AGUAS%20SUBTERR\xc3\x83\xc2\x81NEAS/126PM04-PR91-CONCESI\xc3\x83\xc2\x92N%20DE%20AGUAS%20SUBTERRANEAS/&sort=size&order=desc HTTP/1.1" 200 6824
157.55.39.68 - - [26/Jul/2015:12:24:10 -0500] "GET /POT-2013/index.php?dir=Cartografia/&sort=name&order=asc HTTP/1.1" 200 11465
157.55.39.68 - - [26/Jul/2015:12:24:10 -0500] "GET /Autoliquidacion/index.php?dir=TR\xc3\x83\xc2\x81MITES%20AGUAS%20SUBTERR\xc3\x83\xc2\x81NEAS/126PM04-PR92-%20PERMISO%20EXPLORACI\xc3\x83\xc2\x93N%20AGUAS%20SUBTERRANEAS/&sort=name&order=asc HTTP/1.1" 200 6849
157.55.39.68 - - [26/Jul/2015:12:24:11 -0500] "GET /StormSDA/userFiles%20-%20Copy%2019-07-2012/user_files/1/ HTTP/1.1" 200 1751
157.55.39.68 - - [26/Jul/2015:12:24:11 -0500] "GET /Autoliquidacion/index.php?dir=TR\xc3\x83\xc2\x81MITES%20AGUAS%20SUBTERR\xc3\x83\xc2\x81NEAS/&sort=size&order=asc HTTP/1.1" 200 6629
157.55.39.68 - - [26/Jul/2015:12:24:11 -0500] "GET /StormSDA/userFiles/user_files/1/ HTTP/1.1" 200 1691
172.22.2.3 - - [26/Jul/2015:12:24:21 -0500] "POST /cumbredelclima/wp-admin/admin-ajax.php HTTP/1.1" 200 23
200.119.32.43 - - [26/Jul/2015:12:24:25 -0500] "GET /forest/buscar.do HTTP/1.1" 200 85063
200.119.32.43 - - [26/Jul/2015:12:24:26 -0500] "GET /forest/json.do?query=usersByDep&coddep=20 HTTP/1.1" 200 4068
200.119.32.43 - - [26/Jul/2015:12:24:26 -0500] "GET /forest/json.do?query=versionListadas HTTP/1.1" 200 15
200.119.32.43 - - [26/Jul/2015:12:24:26 -0500] "GET /forest/json.do?query=procesIniciales HTTP/1.1" 200 11194
200.119.32.43 - - [26/Jul/2015:12:24:26 -0500] "GET /forest/json.do?query=usersByDep&coddep=20 HTTP/1.1" 200 4068
157.55.39.67 - - [26/Jul/2015:12:24:26 -0500] "GET /StormSDA/userFiles/user_files/85/ HTTP/1.1" 200 817
200.119.32.43 - - [26/Jul/2015:12:24:26 -0500] "GET /forest/json.do?query=bpmnIniciales HTTP/1.1" 200 1095
157.55.39.67 - - [26/Jul/2015:12:24:26 -0500] "GET /Autoliquidacion/index.php?dir=TR\xc3\x83\xc2\x83\xc3\x82\xc2\x81MITES%20AGUAS%20SUBTERR\xc3\x83\xc2\x83\xc3\x82\xc2\x81NEAS/&sort=name&order=asc HTTP/1.1" 200 6653
157.55.39.67 - - [26/Jul/2015:12:24:26 -0500] "GET /StormSDA/userFiles/user_files/87/ HTTP/1.1" 200 817
157.55.39.67 - - [26/Jul/2015:12:24:26 -0500] "GET /Autoliquidacion/index.php?dir=TR\xc3\x83\xc2\x83\xc3\x82\xc2\x83\xc3\x83\xc2\x82\xc3\x82\xc2\x81MITES%20AGUAS%20SUBTERR\xc3\x83\xc2\x83\xc3\x82\xc2\x83\xc3\x83\xc2\x82\xc3\x82\xc2\x81NEAS/&sort=name&order=asc HTTP/1.1" 200 6701
157.55.39.67 - - [26/Jul/2015:12:24:27 -0500] "GET /Autoliquidacion/index.php?dir=TR\xc3\x83\xc2\x83\xc3\x82\xc2\x83\xc3\x83\xc2\x82\xc3\x82\xc2\x81MITES%20AGUAS%20SUBTERR\xc3\x83\xc2\x83\xc3\x82\xc2\x83\xc3\x83\xc2\x82\xc3\x82\xc2\x81NEAS/&sort=name&order=desc HTTP/1.1" 200 6700
157.55.39.67 - - [26/Jul/2015:12:24:27 -0500] "GET /Autoliquidacion/index.php?dir=TR\xc3\x83\xc2\x83\xc3\x82\xc2\x83\xc3\x83\xc2\x82\xc3\x82\xc2\x81MITES%20AGUAS%20SUBTERR\xc3\x83\xc2\x83\xc3\x82\xc2\x83\xc3\x83\xc2\x82\xc3\x82\xc2\x81NEAS/&sort=size&order=desc HTTP/1.1" 200 6700
157.55.39.67 - - [26/Jul/2015:12:24:27 -0500] "GET /pot/pot13.htm HTTP/1.1" 404 1019
200.119.32.43 - - [26/Jul/2015:12:24:27 -0500] "POST /forest/buscar.do? HTTP/1.1" 200 7283
200.119.32.43 - - [26/Jul/2015:12:24:28 -0500] "GET /forest/skins/gdocs-jar/popup/popup.jsp?width=900&height=600&title=Informaci%F3n%20de%20proceso&uri=/forest/system/process.jsp%3FnumPro%3D2715863&name=undefined&_a=0.17088367976248264&a=0.22618233365938067 HTTP/1.1" 200 1312
200.119.32.43 - - [26/Jul/2015:12:24:28 -0500] "GET /forest/system/process.jsp?numPro=2715863 HTTP/1.1" 200 14695
201.245.192.253 - - [26/Jul/2015:12:24:15 -0500] "POST /wp-admin/admin-ajax.php HTTP/1.1" 200 23
157.55.39.67 - - [26/Jul/2015:12:24:27 -0500] "GET /videos/?C=D;O=A HTTP/1.1" 200 50199
200.119.32.43 - - [26/Jul/2015:12:24:28 -0500] "GET /forest/system/process.jsp?numPro=2715863 HTTP/1.1" 200 117850
157.55.39.67 - - [26/Jul/2015:12:24:29 -0500] "GET /BLA/boletinlegal/Circulares/2010/Circular%2005%20de%208%20de%20septiembre%20de%202010.pdf HTTP/1.1" 200 2146608
157.55.39.68 - - [26/Jul/2015:12:24:29 -0500] "GET /videos/ambiente-ciudad/ HTTP/1.1" 200 2475
157.55.39.68 - - [26/Jul/2015:12:24:29 -0500] "GET /BLA/boletinlegal/Circulares/2010/Circular%2006%20de%208%20de%20septiembre%20de%202010.pdf HTTP/1.1" 200 4657752
157.55.39.68 - - [26/Jul/2015:12:24:30 -0500] "GET /Anexos%20estudio%20Organizacional%20SDA/index.php?dir=ANEXO%20No.%205%20-%20ESTUDIO%20Y%20PROPUESTA%20SERAMB%20IENTE/&sort=name&order=desc HTTP/1.1" 200 3622
157.55.39.68 - - [26/Jul/2015:12:24:30 -0500] "GET /BLA/boletinlegal/Circulares/2011/Circular%20003%20de%20Febrero%20de%202011.pdf HTTP/1.1" 200 224758
157.55.39.68 - - [26/Jul/2015:12:24:30 -0500] "GET /Anexos%20estudio%20Organizacional%20SDA/index.php?dir=ANEXO%20No.12-PROYECTO%20ACTUALIZACION%20MANUAL%20DE%20FUNCIONES%20SDA/&sort=size&order=asc HTTP/1.1" 200 2515
157.55.39.68 - - [26/Jul/2015:12:24:30 -0500] "GET /BLA/boletinlegal/Circulares/2011/Circular%20No.%203%20del%2023%20de%20Junio%20de%202011.pdf HTTP/1.1" 200 1452758
157.55.39.68 - - [26/Jul/2015:12:24:31 -0500] "GET /BLA/boletinlegal/Circulares/2011/Circular%20No.%204%20del%2012%20de%20Agosto%20de%202011.pdf HTTP/1.1" 200 601047
157.55.39.68 - - [26/Jul/2015:12:24:31 -0500] "GET /BLA/boletinlegal/Circulares/2011/Circular%20No.%205%20del%2012%20de%20Agosto%20de%202011.pdf HTTP/1.1" 200 431796
157.55.39.68 - - [26/Jul/2015:12:24:32 -0500] "GET /BLA/boletinlegal/Circulares/2011/Circular%20No.%205%20del%2014%20de%20Julio%20de%202011.pdf HTTP/1.1" 200 1488992
74.86.158.107 - - [26/Jul/2015:12:24:32 -0500] "HEAD / HTTP/1.1" 200 -
157.55.39.68 - - [26/Jul/2015:12:24:32 -0500] "GET /BLA/boletinlegal/Circulares/2011/Circular%20No.%206%20del%2023%20de%20Septiembre%20de%202011.pdf HTTP/1.1" 200 252800
200.119.32.43 - - [26/Jul/2015:12:24:30 -0500] "GET /forest/documentos/1764283/2013ER175520.pdf HTTP/1.1" 200 1286819
157.55.39.68 - - [26/Jul/2015:12:24:33 -0500] "GET /BLA/boletinlegal/Circulares/2011/Circular%20No.%207%20del%2015%20de%20Septiembre%20de%202011.pdf HTTP/1.1" 200 314873
157.55.39.68 - - [26/Jul/2015:12:24:33 -0500] "GET /Autoliquidacion/index.php?dir=Cobro%20Clasificacion%20Uso%20De%20Vivenda%20En%20Suelo%20Restringido/&sort=size&order=asc HTTP/1.1" 200 3195
157.55.39.68 - - [26/Jul/2015:12:24:34 -0500] "GET /BLA/boletinlegal/Circulares/2011/Circular%20No.%208%20del%2020%20de%20Septiembre%20de%202011.pdf HTTP/1.1" 200 285158
157.55.39.68 - - [26/Jul/2015:12:24:34 -0500] "GET /Anexos%20estudio%20Organizacional%20SDA/index.php?dir=ANEXO%20No.%2010%20-%20COSTO%20DETALLADO%20PLANTA%20DE%20CARGOS%20ACTUAL/&sort=name&order=desc HTTP/1.1" 200 2420
157.55.39.68 - - [26/Jul/2015:12:24:34 -0500] "GET /BLA/boletinlegal/Circulares/2012/Circular%20No.%202%20del%2014%20de%20Marzo%20de%202012.pdf HTTP/1.1" 200 113666
157.55.39.68 - - [26/Jul/2015:12:24:34 -0500] "GET /Anexos%20estudio%20Organizacional%20SDA/index.php?dir=ANEXO%20No.%2010%20-%20COSTO%20DETALLADO%20PLANTA%20DE%20CARGOS%20ACTUAL/&sort=size&order=asc HTTP/1.1" 200 2421
157.55.39.68 - - [26/Jul/2015:12:24:34 -0500] "GET /BLA/boletinlegal/Circulares/2012/Circular%20No.%208%20del%2021%20de%20Agosto%20de%202012.pdf HTTP/1.1" 200 963197
157.55.39.68 - - [26/Jul/2015:12:24:35 -0500] "GET /BLA/boletinlegal/Circulares/2013/Circular%20No.%205%20del%2013%20de%20junio%20de%202013.pdf HTTP/1.1" 200 110904
172.22.2.3 - - [26/Jul/2015:12:24:36 -0500] "POST /cumbredelclima/wp-admin/admin-ajax.php HTTP/1.1" 200 23
157.55.39.68 - - [26/Jul/2015:12:24:38 -0500] "GET /?C=D;O=A HTTP/1.1" 200 10190
157.55.39.68 - - [26/Jul/2015:12:24:39 -0500] "GET /BLA/boletinlegal/Directivas/2009/Directiva%20No.%20del%2023%20de%20Diciembre%20de%202009.pdf HTTP/1.1" 200 1636862
157.55.39.68 - - [26/Jul/2015:12:24:39 -0500] "GET /BLA/boletinlegal/Directivas/2011/Directiva%20No.%201%20del%205%20de%20Abril%20de%202011.pdf HTTP/1.1" 200 971292
66.249.64.24 - - [26/Jul/2015:12:24:40 -0500] "GET / HTTP/1.1" 200 123269
66.249.64.96 - - [26/Jul/2015:12:24:42 -0500] "GET /BLA/resoluciones/RESOLUCIONES%202007/RES%202007%202101%20AL%202200/RESOLUCION%202105%20DE%202007.pdf HTTP/1.1" 304 -
66.249.64.101 - - [26/Jul/2015:12:24:42 -0500] "GET /BLA/resoluciones/RESOLUCIONES%202010/0319.pdf HTTP/1.1" 304 -
190.8.229.91 - - [26/Jul/2015:12:24:43 -0500] "GET /galeria/galeria/jquery.fancybox.css?v=2.1.5 HTTP/1.1" 200 4895
190.8.229.91 - - [26/Jul/2015:12:24:43 -0500] "GET /galeria/galeria/jquery.fancybox.js?v=2.1.5 HTTP/1.1" 200 48706
190.8.229.91 - - [26/Jul/2015:12:24:43 -0500] "GET /BLA/boletinlegal/js/jquery.scrollShow.js HTTP/1.1" 200 4586
201.245.219.182 - - [26/Jul/2015:12:18:44 -0500] "GET /ForestMSG_SDA/channelAsync/template_word_18751323?X-Atmosphere-tracking-id=6a3d8910-621a-68e1-b1ab-365480f98ff0&X-Atmosphere-Framework=1.0.5&X-Atmosphere-Transport=long-polling&tabid=0.7504378110170364&X-Cache-Date=0&Content-Type=application/xml&_=1437931263285 HTTP/1.1" 200 8193
66.249.64.29 - - [26/Jul/2015:12:24:45 -0500] "GET /que-hacer-en-bogota/ HTTP/1.1" 200 43526
190.9.202.211 - - [26/Jul/2015:12:24:46 -0500] "GET /galeria/nivo-slider/demo/demo.html HTTP/1.1" 304 -
190.9.202.211 - - [26/Jul/2015:12:24:46 -0500] "GET /galeria/nivo-slider/demo/images/Rendicion-de-cuentas.jpg HTTP/1.1" 304 -
190.9.202.211 - - [26/Jul/2015:12:24:46 -0500] "GET /galeria/nivo-slider/demo/images/Semana-PYBA.jpg HTTP/1.1" 304 -
190.9.202.211 - - [26/Jul/2015:12:24:46 -0500] "GET /galeria/nivo-slider/demo/images/PREDAcamp.jpg HTTP/1.1" 304 -
190.9.202.211 - - [26/Jul/2015:12:24:46 -0500] "GET /galeria/nivo-slider/demo/images/VoluntariadoPYBA.jpg HTTP/1.1" 304 -
190.9.202.211 - - [26/Jul/2015:12:24:46 -0500] "GET /galeria/nivo-slider/demo/images/GAE-banner.jpg HTTP/1.1" 304 -
190.9.202.211 - - [26/Jul/2015:12:24:46 -0500] "GET /galeria/nivo-slider/demo/images/banner-Pacto-por-la-madera.jpg HTTP/1.1" 304 -
190.9.202.211 - - [26/Jul/2015:12:24:46 -0500] "GET /galeria/nivo-slider/demo/images/Banner-Directorio.jpg HTTP/1.1" 304 -
66.249.64.101 - - [26/Jul/2015:12:24:46 -0500] "GET /BLA/resoluciones/RESOLUCIONES%202014/1220.pdf HTTP/1.1" 200 406941
66.249.64.101 - - [26/Jul/2015:12:24:47 -0500] "GET /BLA/resoluciones/RESOLUCIONES%202009/4698.pdf HTTP/1.1" 304 -
66.249.64.101 - - [26/Jul/2015:12:24:48 -0500] "GET /BLA/resoluciones/RESOLUCIONES%202013/1135.pdf HTTP/1.1" 304 -
66.249.64.106 - - [26/Jul/2015:12:24:48 -0500] "GET /BLA/resoluciones/AUTOS%202007/1443.pdf HTTP/1.1" 200 24243
66.249.64.106 - - [26/Jul/2015:12:24:48 -0500] "GET /autoliquidacion/TR%C3%81MITES%20VERTIMIENTOS/PERMISOS%20DE%20VERTIMIENTOS/ANEXO%20%205.%20%20MATRIZ%20PAR%C3%81METRSO%20ACTIVDADES%20PRODUCTIVAS.xls HTTP/1.1" 304 -
200.119.32.43 - - [26/Jul/2015:12:24:49 -0500] "GET /forest/session.jsp?a=0.09100131969898939 HTTP/1.1" 200 4
66.249.64.101 - - [26/Jul/2015:12:24:51 -0500] "GET /autoliquidacion/TR%C3%81MITES%20MINER%C3%8DA/126PM04-PR39-M-A6-V5.0%20Terminos%20de%20referencia%20PMRRA[1].doc HTTP/1.1" 304 -
172.22.2.3 - - [26/Jul/2015:12:24:51 -0500] "POST /cumbredelclima/wp-admin/admin-ajax.php HTTP/1.1" 200 23
201.245.192.253 - - [26/Jul/2015:12:24:58 -0500] "GET /forest/session.jsp?a=0.1804382550916398 HTTP/1.1" 200 4
172.22.2.3 - - [26/Jul/2015:12:25:06 -0500] "POST /cumbredelclima/wp-admin/admin-ajax.php HTTP/1.1" 200 23
207.46.13.68 - - [26/Jul/2015:12:25:13 -0500] "GET /BLA/boletinlegal/Directivas/2013/Directiva%20No.%203%20del%2016%20de%20julio%20de%202013.pdf HTTP/1.1" 200 127414
207.46.13.68 - - [26/Jul/2015:12:25:14 -0500] "GET /BLA/boletinlegal/Directivas/2014/Directiva%20No.%204%20del%2006%20de%20Junio%20de%202014.pdf HTTP/1.1" 200 236794
200.119.32.43 - - [26/Jul/2015:12:25:14 -0500] "GET /forest/buscar.do HTTP/1.1" 200 85063
200.119.32.43 - - [26/Jul/2015:12:25:14 -0500] "GET /forest/json.do?query=usersByDep&coddep=20 HTTP/1.1" 200 4068
200.119.32.43 - - [26/Jul/2015:12:25:14 -0500] "GET /forest/json.do?query=versionListadas HTTP/1.1" 200 15
200.119.32.43 - - [26/Jul/2015:12:25:14 -0500] "GET /forest/json.do?query=usersByDep&coddep=20 HTTP/1.1" 200 4068
200.119.32.43 - - [26/Jul/2015:12:25:14 -0500] "GET /forest/json.do?query=procesIniciales HTTP/1.1" 200 11194
207.46.13.68 - - [26/Jul/2015:12:25:14 -0500] "GET /BLA/boletinlegal/actas/374122.pdf HTTP/1.1" 200 181942
200.119.32.43 - - [26/Jul/2015:12:25:14 -0500] "GET /forest/json.do?query=bpmnIniciales HTTP/1.1" 200 1095
207.46.13.68 - - [26/Jul/2015:12:25:15 -0500] "GET /BLA/boletinlegal/circulares/2011IE09584.pdf HTTP/1.1" 200 224292
207.46.13.68 - - [26/Jul/2015:12:25:15 -0500] "GET /Autoliquidacion/index.php?dir=TR\xc3\x83\xc2\x81MITES%20AGUAS%20SUBTERR\xc3\x83\xc2\x81NEAS/&sort=date&order=asc HTTP/1.1" 200 6629
200.119.32.43 - - [26/Jul/2015:12:25:16 -0500] "POST /forest/buscar.do? HTTP/1.1" 200 7283
200.119.32.43 - - [26/Jul/2015:12:25:17 -0500] "GET /forest/skins/gdocs-jar/popup/popup.jsp?width=900&height=600&title=Informaci%F3n%20de%20proceso&uri=/forest/system/process.jsp%3FnumPro%3D2715867&name=undefined&_a=0.57874083542265&a=0.6234250641427934 HTTP/1.1" 200 1312
200.119.32.43 - - [26/Jul/2015:12:25:17 -0500] "GET /forest/system/process.jsp?numPro=2715867 HTTP/1.1" 200 18159
200.119.32.43 - - [26/Jul/2015:12:25:17 -0500] "GET /forest/system/process.jsp?numPro=2715867 HTTP/1.1" 200 80451
142.54.185.250 - - [26/Jul/2015:12:25:19 -0500] "GET /wp-admin/ HTTP/1.1" 404 1018
190.157.172.223 - - [26/Jul/2015:12:25:19 -0500] "GET /forest/session.jsp?a=0.437982136849314 HTTP/1.1" 200 4
172.22.2.3 - - [26/Jul/2015:12:25:21 -0500] "POST /cumbredelclima/wp-admin/admin-ajax.php HTTP/1.1" 200 23
200.119.32.43 - - [26/Jul/2015:12:25:19 -0500] "GET /forest/documentos/1764288/2013ER175525.pdf HTTP/1.1" 200 1296350
157.55.39.68 - - [26/Jul/2015:12:25:27 -0500] "GET /BLA/boletinlegal/Directivas/2011/Directiva%20No.%204%20del%2028%20de%20Junio%20de%202011.pdf HTTP/1.1" 200 960158
157.55.39.68 - - [26/Jul/2015:12:25:27 -0500] "GET /Anexos%20estudio%20Organizacional%20SDA/ANEXO%20No.%201-%20NORMAS%20LEGALES%20DE%20ESTRUCTURA%20Y%20PLANTA/Decreto%20308%20de%202001%20-%20Modifica%20estructura%20del%20DAMA.jsp.htm HTTP/1.1" 200 53585
157.55.39.68 - - [26/Jul/2015:12:25:28 -0500] "GET /Anexos%20estudio%20Organizacional%20SDA/ANEXO%20No.%201-%20NORMAS%20LEGALES%20DE%20ESTRUCTURA%20Y%20PLANTA/RESE%C3%91A%20HIST%C3%93RICA%20SDA-NORMAS/Decreto%20308%20de%202001%20-%20Modifica%20estructura%20del%20DAMA.jsp.htm HTTP/1.1" 200 53585
157.55.39.68 - - [26/Jul/2015:12:25:28 -0500] "GET /Anexos%20estudio%20Organizacional%20SDA/index.php?dir=ANEXO%20No.%201-%20NORMAS%20LEGALES%20DE%20ESTRUCTURA%20Y%20PLANTA/&sort=date&order=asc HTTP/1.1" 200 11016
157.55.39.68 - - [26/Jul/2015:12:25:28 -0500] "GET /Anexos%20estudio%20Organizacional%20SDA/index.php?dir=ANEXO%20No.%201-%20NORMAS%20LEGALES%20DE%20ESTRUCTURA%20Y%20PLANTA/&sort=name&order=desc HTTP/1.1" 200 11015
157.55.39.68 - - [26/Jul/2015:12:25:28 -0500] "GET /BLA/boletinlegal/Directivas/2011/Directiva%20No.%209%20del%2023%20de%20Septiembre%20de%202011.pdf HTTP/1.1" 200 326687
172.22.2.3 - - [26/Jul/2015:12:25:36 -0500] "POST /cumbredelclima/wp-admin/admin-ajax.php HTTP/1.1" 200 23
190.157.172.223 - - [26/Jul/2015:12:25:39 -0500] "GET /forest/buscar.do HTTP/1.1" 200 85067
190.157.172.223 - - [26/Jul/2015:12:25:39 -0500] "GET /forest/json.do?query=usersByDep&coddep=7026 HTTP/1.1" 200 1207
190.157.172.223 - - [26/Jul/2015:12:25:39 -0500] "GET /forest/json.do?query=versionListadas HTTP/1.1" 200 15
190.157.172.223 - - [26/Jul/2015:12:25:39 -0500] "GET /forest/json.do?query=usersByDep&coddep=7026 HTTP/1.1" 200 1207
190.157.172.223 - - [26/Jul/2015:12:25:39 -0500] "GET /forest/json.do?query=procesIniciales HTTP/1.1" 200 11194
190.157.172.223 - - [26/Jul/2015:12:25:39 -0500] "GET /forest/json.do?query=bpmnIniciales HTTP/1.1" 200 1095
157.55.39.205 - - [26/Jul/2015:12:25:50 -0500] "GET /BLA/boletinlegal/Directivas/2014/Directiva%20No.%202%20del%205%20de%20Mayo%20de%202014.pdf HTTP/1.1" 200 591315
190.157.172.223 - - [26/Jul/2015:12:25:50 -0500] "POST /forest/buscar.do? HTTP/1.1" 200 9955
157.55.39.205 - - [26/Jul/2015:12:25:51 -0500] "GET /BLA/boletinlegal/Directivas/2014/Directiva%20No.%203%20del%2020%20de%20Mayo%20de%202014.pdf HTTP/1.1" 200 504420
157.55.39.205 - - [26/Jul/2015:12:25:51 -0500] "GET /Autoliquidacion/index.php?dir=TR\xc3\x81MITES%20MINER\xc3\x8dA/&sort=date&order=asc HTTP/1.1" 200 6584
157.55.39.205 - - [26/Jul/2015:12:25:51 -0500] "GET /Autoliquidacion/index.php?dir=TR\xc3\x81MITES%20VERTIMIENTOS/&sort=date&order=asc HTTP/1.1" 200 6596
157.55.39.205 - - [26/Jul/2015:12:25:51 -0500] "GET /Autoliquidacion/index.php?dir=TR\xc3\x81MITES%20VERTIMIENTOS/&sort=size&order=asc HTTP/1.1" 200 6596
157.55.39.205 - - [26/Jul/2015:12:25:52 -0500] "GET /Autoliquidacion/index.php?dir=TR\xc3\x81MITES%20AGUAS%20SUBTERR\xc3\x81NEAS/&sort=date&order=asc HTTP/1.1" 200 6617
172.22.2.3 - - [26/Jul/2015:12:25:51 -0500] "POST /cumbredelclima/wp-admin/admin-ajax.php HTTP/1.1" 200 23
157.55.39.205 - - [26/Jul/2015:12:25:52 -0500] "GET /BLA/boletinlegal/actas/097-2013.pdf HTTP/1.1" 200 164183
157.55.39.205 - - [26/Jul/2015:12:25:52 -0500] "GET /BLA/boletinlegal/actas/acta%20de%20acuerdo%2001%20adop%20regla%20inter%20CISPAER.pdf HTTP/1.1" 200 837068
190.157.172.223 - - [26/Jul/2015:12:25:59 -0500] "GET /forest/skins/gdocs-jar/popup/popup.jsp?width=900&height=600&title=Informaci%F3n%20de%20proceso&uri=/forest/system/process.jsp%3FnumPro%3D2368159&name=undefined&_a=0.8850665474310517&a=0.6719103767536581 HTTP/1.1" 200 1312
207.46.13.68 - - [26/Jul/2015:12:25:15 -0500] "GET /BLA/boletinlegal/index.php HTTP/1.1" 200 51011
190.157.172.223 - - [26/Jul/2015:12:25:59 -0500] "GET /forest/system/process.jsp?numPro=2368159 HTTP/1.1" 200 14695
190.157.172.223 - - [26/Jul/2015:12:25:59 -0500] "GET /forest/system/process.jsp?numPro=2368159 HTTP/1.1" 200 77702
207.46.13.68 - - [26/Jul/2015:12:26:06 -0500] "GET /Autoliquidacion/index.php?dir=TR\xc3\x83\xc2\x81MITES%20AGUAS%20SUBTERR\xc3\x83\xc2\x81NEAS/&sort=date&order=desc HTTP/1.1" 200 6628
207.46.13.68 - - [26/Jul/2015:12:26:07 -0500] "GET /Autoliquidacion/index.php?dir=TR\xc3\x83\xc2\x81MITES%20AGUAS%20SUBTERR\xc3\x83\xc2\x81NEAS/&sort=name&order=asc HTTP/1.1" 200 6629
172.22.2.3 - - [26/Jul/2015:12:26:06 -0500] "POST /cumbredelclima/wp-admin/admin-ajax.php HTTP/1.1" 200 23
207.46.13.68 - - [26/Jul/2015:12:26:07 -0500] "GET /Autoliquidacion/index.php?dir=TR\xc3\x83\xc2\x81MITES%20AGUAS%20SUBTERR\xc3\x83\xc2\x81NEAS/126PM04-PR91-CONCESI\xc3\x83\xc2\x92N%20DE%20AGUAS%20SUBTERRANEAS/&sort=date&order=desc HTTP/1.1" 200 6824
207.46.13.68 - - [26/Jul/2015:12:26:07 -0500] "GET /POT-2013/index.php?dir=Cartografia/&sort=date&order=asc HTTP/1.1" 200 11465
207.46.13.68 - - [26/Jul/2015:12:26:07 -0500] "GET /Autoliquidacion/index.php?dir=TR\xc3\x83\xc2\x81MITES%20AGUAS%20SUBTERR\xc3\x83\xc2\x81NEAS/126PM04-PR92-%20PERMISO%20EXPLORACI\xc3\x83\xc2\x93N%20AGUAS%20SUBTERRANEAS/&sort=date&order=desc HTTP/1.1" 200 6848
207.46.13.68 - - [26/Jul/2015:12:26:07 -0500] "GET /StormSDA/forms/?C=S;O=D HTTP/1.1" 200 3475
207.46.13.68 - - [26/Jul/2015:12:26:07 -0500] "GET /StormSDA/storm/?C=N;O=A HTTP/1.1" 200 5557
207.46.13.68 - - [26/Jul/2015:12:26:07 -0500] "GET /StormSDA/storm_silv/?C=D;O=D HTTP/1.1" 200 5788
207.46.13.68 - - [26/Jul/2015:12:26:08 -0500] "GET /StormSDA/userFiles%20-%20Copy%2019-07-2012/user_files/86/ HTTP/1.1" 200 877
207.46.13.68 - - [26/Jul/2015:12:26:08 -0500] "GET /Autoliquidacion/index.php?dir=TR\xc3\x83\xc2\x81MITES%20AGUAS%20SUBTERR\xc3\x83\xc2\x81NEAS/126PM04-PR93-PR\xc3\x83\xc2\x93RROGA%20CONCESI\xc3\x83\xc2\x93N%20AGUAS%20SUBTERR\xc3\x83\xc2\x81NEAS/&sort=date&order=asc HTTP/1.1" 200 6861
207.46.13.68 - - [26/Jul/2015:12:26:08 -0500] "GET /Autoliquidacion/index.php?dir=TR\xc3\x83\xc2\x81MITES%20AGUAS%20SUBTERR\xc3\x83\xc2\x81NEAS/126PM04-PR93-PR\xc3\x83\xc2\x93RROGA%20CONCESI\xc3\x83\xc2\x93N%20AGUAS%20SUBTERR\xc3\x83\xc2\x81NEAS/&sort=name&order=asc HTTP/1.1" 200 6861
200.119.32.43 - - [26/Jul/2015:12:26:08 -0500] "GET /forest/buscar.do HTTP/1.1" 200 85063
207.46.13.68 - - [26/Jul/2015:12:26:08 -0500] "GET /Autoliquidacion/index.php?dir=TR\xc3\x83\xc2\x81MITES%20AGUAS%20SUBTERR\xc3\x83\xc2\x81NEAS/126PM04-PR93-PR\xc3\x83\xc2\x93RROGA%20CONCESI\xc3\x83\xc2\x93N%20AGUAS%20SUBTERR\xc3\x83\xc2\x81NEAS/&sort=size&order=desc HTTP/1.1" 200 6860
200.119.32.43 - - [26/Jul/2015:12:26:08 -0500] "GET /forest/json.do?query=usersByDep&coddep=20 HTTP/1.1" 200 4068
200.119.32.43 - - [26/Jul/2015:12:26:08 -0500] "GET /forest/json.do?query=versionListadas HTTP/1.1" 200 15
200.119.32.43 - - [26/Jul/2015:12:26:08 -0500] "GET /forest/json.do?query=usersByDep&coddep=20 HTTP/1.1" 200 4068
200.119.32.43 - - [26/Jul/2015:12:26:08 -0500] "GET /forest/json.do?query=procesIniciales HTTP/1.1" 200 11194
207.46.13.68 - - [26/Jul/2015:12:26:08 -0500] "GET /StormSDA/userFiles%20-%20Copy%2019-07-2012/user_files/94/ HTTP/1.1" 200 877
200.119.32.43 - - [26/Jul/2015:12:26:08 -0500] "GET /forest/json.do?query=bpmnIniciales HTTP/1.1" 200 1095
207.46.13.68 - - [26/Jul/2015:12:26:08 -0500] "GET /StormSDA/userFiles/user_files/88/ HTTP/1.1" 200 817
207.46.13.68 - - [26/Jul/2015:12:26:08 -0500] "GET /StormSDA/userFiles/user_files/91/ HTTP/1.1" 200 817
207.46.13.68 - - [26/Jul/2015:12:26:09 -0500] "GET /smtp/ HTTP/1.1" 404 1019
207.46.13.68 - - [26/Jul/2015:12:26:09 -0500] "GET /BLA/boletinlegal/Circulares/2009/Circular%20Instructiva%20-%20Memorando%202009IE24363.pdf HTTP/1.1" 200 1544636
207.46.13.68 - - [26/Jul/2015:12:26:09 -0500] "GET /BLA/boletinlegal/Circulares/2009/Circular%20No.%2035%20del%2024%20de%20Diciembre%20de%202009.pdf HTTP/1.1" 200 578234
190.157.172.223 - - [26/Jul/2015:12:26:10 -0500] "GET /forest/skins/gdocs-jar/popup/popup.jsp?width=900&height=600&title=Informaci%F3n%20de%20proceso&uri=/forest/system/process.jsp%3FnumPro%3D609406&name=undefined&_a=0.6999697755090892&a=0.5795909340959042 HTTP/1.1" 200 1311
200.119.32.43 - - [26/Jul/2015:12:26:10 -0500] "POST /forest/buscar.do? HTTP/1.1" 200 7223
207.46.13.68 - - [26/Jul/2015:12:26:10 -0500] "GET /videos/?C=M;O=A HTTP/1.1" 200 50199
190.157.172.223 - - [26/Jul/2015:12:26:10 -0500] "GET /forest/system/process.jsp?numPro=609406 HTTP/1.1" 200 12619
200.119.32.43 - - [26/Jul/2015:12:26:11 -0500] "GET /forest/skins/gdocs-jar/popup/popup.jsp?width=900&height=600&title=Informaci%F3n%20de%20proceso&uri=/forest/system/process.jsp%3FnumPro%3D2716082&name=undefined&_a=0.2971497057005763&a=0.7798541209194809 HTTP/1.1" 200 1312
207.46.13.68 - - [26/Jul/2015:12:26:11 -0500] "GET /videos/?C=S;O=A HTTP/1.1" 200 50199
200.119.32.43 - - [26/Jul/2015:12:26:11 -0500] "GET /forest/system/process.jsp?numPro=2716082 HTTP/1.1" 200 18159
207.46.13.68 - - [26/Jul/2015:12:26:11 -0500] "GET /BLA/boletinlegal/Circulares/2010/Circular%2004%20de%2021%20de%20abril%20de%202010.pdf HTTP/1.1" 200 682373
200.119.32.43 - - [26/Jul/2015:12:26:11 -0500] "GET /forest/system/process.jsp?numPro=2716082 HTTP/1.1" 200 80418
207.46.13.68 - - [26/Jul/2015:12:26:12 -0500] "GET /videos/New%20Text%20Document.txt HTTP/1.1" 200 -
207.46.13.68 - - [26/Jul/2015:12:26:12 -0500] "GET /videos/galeria-cronicas/ HTTP/1.1" 200 3764
207.46.13.68 - - [26/Jul/2015:12:26:12 -0500] "GET /Anexos%20estudio%20Organizacional%20SDA/index.php?dir=ANEXO%20No.11-PROYECTO%20DE%20DECRETO%20MODIFICATORIO%20PLANTA%20DE%20CARGOS%20SDA/&sort=name&order=desc HTTP/1.1" 200 2568
207.46.13.68 - - [26/Jul/2015:12:26:12 -0500] "GET /BLA/boletinlegal/Circulares/2011/Circular%20No.%201%20del%2012%20de%20Abril%20de%202011.pdf HTTP/1.1" 200 366269
109.149.78.183 - - [26/Jul/2015:12:26:12 -0500] "GET /webdav/x32.php?host=77.97.213.62&time=120&port=80 HTTP/1.1" 404 1018
207.46.13.68 - - [26/Jul/2015:12:26:13 -0500] "GET /Anexos%20estudio%20Organizacional%20SDA/index.php?dir=ANEXO%20No.12-PROYECTO%20ACTUALIZACION%20MANUAL%20DE%20FUNCIONES%20SDA/&sort=name&order=desc HTTP/1.1" 200 2514
207.46.13.68 - - [26/Jul/2015:12:26:13 -0500] "GET /BLA/boletinlegal/Circulares/2011/Circular%20No.%201%20del%2023%20de%20Febrero%20de%202011.pdf HTTP/1.1" 200 540140
207.46.13.68 - - [26/Jul/2015:12:26:13 -0500] "GET /BLA/boletinlegal/Circulares/2011/Circular%20No.%202%20del%2026%20de%20Mayo%20de%202011.pdf HTTP/1.1" 200 644194
207.46.13.68 - - [26/Jul/2015:12:26:13 -0500] "GET /Anexos%20estudio%20Organizacional%20SDA/index.php?dir=ANEXO+No.+9+-+RES%DAMENES+DE+LA+MEDICI%D3N+DE+CARGAS+LABORALES+SDA%2F HTTP/1.1" 200 2460
207.46.13.68 - - [26/Jul/2015:12:26:14 -0500] "GET /BLA/boletinlegal/Circulares/2011/Circular%20No.%204%20del%2014%20de%20Julio%20de%202011.pdf HTTP/1.1" 200 399895
190.157.172.223 - - [26/Jul/2015:12:26:18 -0500] "GET /forest/skins/gdocs-jar/popup/popup.jsp?width=900&height=600&title=Informaci%F3n%20de%20proceso&uri=/forest/system/process.jsp%3FnumPro%3D609406&name=undefined&_a=0.19746115314774215&a=0.1600755574181676 HTTP/1.1" 200 1311
190.157.172.223 - - [26/Jul/2015:12:26:18 -0500] "GET /forest/system/process.jsp?numPro=609406 HTTP/1.1" 200 12619
181.50.171.134 - - [26/Jul/2015:12:26:20 -0500] "GET /forest/session.jsp?a=0.3708780299042592 HTTP/1.1" 200 4
172.22.2.3 - - [26/Jul/2015:12:26:21 -0500] "POST /cumbredelclima/wp-admin/admin-ajax.php HTTP/1.1" 200 23
200.119.32.43 - - [26/Jul/2015:12:26:21 -0500] "GET /forest/documentos/1764478/2013ER175715.pdf HTTP/1.1" 200 1439025
190.157.172.223 - - [26/Jul/2015:12:26:26 -0500] "GET /forest/buscar.do HTTP/1.1" 200 85067
190.157.172.223 - - [26/Jul/2015:12:26:26 -0500] "GET /forest/json.do?query=usersByDep&coddep=7026 HTTP/1.1" 200 1207
190.157.172.223 - - [26/Jul/2015:12:26:26 -0500] "GET /forest/json.do?query=versionListadas HTTP/1.1" 200 15
190.157.172.223 - - [26/Jul/2015:12:26:26 -0500] "GET /forest/json.do?query=usersByDep&coddep=7026 HTTP/1.1" 200 1207
190.157.172.223 - - [26/Jul/2015:12:26:26 -0500] "GET /forest/json.do?query=procesIniciales HTTP/1.1" 200 11194
190.157.172.223 - - [26/Jul/2015:12:26:27 -0500] "GET /forest/json.do?query=bpmnIniciales HTTP/1.1" 200 1095
201.245.192.253 - - [26/Jul/2015:12:26:15 -0500] "POST /wp-admin/admin-ajax.php HTTP/1.1" 200 23
157.55.39.68 - - [26/Jul/2015:12:26:35 -0500] "GET /Autoliquidacion/index.php?dir=Solicitudes+relacionadas+con+calidad+del+aire+auditiva+y+visual%2FEvaluaci%F3n+conceptos+favorabilidad+realizaci%F3n+Eventos%2F HTTP/1.1" 200 2897
157.55.39.68 - - [26/Jul/2015:12:26:36 -0500] "GET /Autoliquidacion/index.php?dir=Solicitudes+relacionadas+con+calidad+del+aire+auditiva+y+visual%2FEvaluaci%F3n+de+permisos+de+emisi%F3n+para+fuentes+fijas%2F HTTP/1.1" 200 3894
157.55.39.68 - - [26/Jul/2015:12:26:36 -0500] "GET /Autoliquidacion/index.php?dir=TR%C1MITES+ACEITES-RESIDUOS-ESTACIONES%2FREGISTRO+COMO+ACOPIADOR+PRIMARIO%2F HTTP/1.1" 200 3288
172.22.2.3 - - [26/Jul/2015:12:26:36 -0500] "POST /cumbredelclima/wp-admin/admin-ajax.php HTTP/1.1" 200 23
190.157.172.223 - - [26/Jul/2015:12:26:38 -0500] "POST /forest/buscar.do? HTTP/1.1" 200 5851
207.46.13.68 - - [26/Jul/2015:12:26:42 -0500] "GET /BLA/boletinlegal/Circulares/2011/Circular%20No.%207%20del%2023%20de%20Diciembre%20de%202011.pdf HTTP/1.1" 200 1107785
207.46.13.68 - - [26/Jul/2015:12:26:42 -0500] "GET /Autoliquidacion/index.php?dir=Cobro%20Evaluacion%20Certificaci\xc3\xb3n%20Para%20La%20Deducci\xc3\xb3n%20Por%20Inversi\xc3\xb3n%20En%20Medio%20Ambiente/&sort=name&order=desc HTTP/1.1" 200 6778
207.46.13.68 - - [26/Jul/2015:12:26:43 -0500] "GET /BLA/boletinlegal/Circulares/2011/Circular%20No.%209%20del%2003%20de%20Noviembre%20de%202011.pdf HTTP/1.1" 200 54568
207.46.13.68 - - [26/Jul/2015:12:26:43 -0500] "GET /Autoliquidacion/index.php?dir=Cobro%20Evaluacion%20Certificaci\xc3\xb3n%20Para%20La%20Deducci\xc3\xb3n%20Por%20Inversi\xc3\xb3n%20En%20Medio%20Ambiente/&sort=size&order=asc HTTP/1.1" 200 6779
207.46.13.68 - - [26/Jul/2015:12:26:43 -0500] "GET /BLA/boletinlegal/Circulares/2012/Circular%20No.%201%20del%2017%20de%20Enero%20de%202012.pdf HTTP/1.1" 200 1118749
207.46.13.68 - - [26/Jul/2015:12:26:43 -0500] "GET /Autoliquidacion/index.php?dir=Fauna%20Silvestre/&sort=date&order=asc HTTP/1.1" 200 4079
207.46.13.68 - - [26/Jul/2015:12:26:44 -0500] "GET /BLA/boletinlegal/Circulares/2012/Circular%20No.%2010%20del%2022%20de%20Agosto%20de%202012.pdf HTTP/1.1" 200 1563219
207.46.13.68 - - [26/Jul/2015:12:26:44 -0500] "GET /BLA/boletinlegal/Circulares/2012/Circular%20No.%2013%20del%2006%20de%20Septiembre%20de%202012.pdf HTTP/1.1" 200 351421
207.46.13.68 - - [26/Jul/2015:12:26:45 -0500] "GET /BLA/boletinlegal/Circulares/2012/Circular%20No.%2016%20del%2022%20de%20octubre%20de%202012.pdf HTTP/1.1" 200 381186
207.46.13.68 - - [26/Jul/2015:12:26:45 -0500] "GET /BLA/boletinlegal/Circulares/2012/Circular%20No.%203%20del%2023%20de%20Marzo%20de%202012.pdf HTTP/1.1" 200 572950
207.46.13.68 - - [26/Jul/2015:12:26:45 -0500] "GET /BLA/boletinlegal/Circulares/2012/Circular%20No.%206%20del%2025%20de%20Mayo%20de%202012.pdf HTTP/1.1" 200 387391
181.129.68.70 - - [26/Jul/2015:12:26:45 -0500] "GET /sia/ HTTP/1.1" 200 2661
181.129.68.70 - - [26/Jul/2015:12:26:46 -0500] "GET /css/date_blue.css HTTP/1.1" 404 1254
181.129.68.70 - - [26/Jul/2015:12:26:46 -0500] "GET /css/fondos.css HTTP/1.1" 404 1254
181.129.68.70 - - [26/Jul/2015:12:26:46 -0500] "GET /css/textos.css HTTP/1.1" 404 1254
181.129.68.70 - - [26/Jul/2015:12:26:46 -0500] "GET /css/bordes.css HTTP/1.1" 404 1254
181.129.68.70 - - [26/Jul/2015:12:26:46 -0500] "GET /favicon.ico HTTP/1.1" 200 7782
207.46.13.68 - - [26/Jul/2015:12:26:46 -0500] "GET /BLA/boletinlegal/Circulares/2013/Circular%20No.%201%20del%2014%20de%20enero%20de%202013.pdf HTTP/1.1" 200 1298384
201.245.192.253 - - [26/Jul/2015:12:26:46 -0500] "GET /forest/session.jsp?a=0.5585770852123416 HTTP/1.1" 200 4
207.46.13.68 - - [26/Jul/2015:12:26:46 -0500] "GET /Anexos%20estudio%20Organizacional%20SDA/index.php?dir=ANEXO%20No.%203-%20CONTRATACI\xc3\x83\xe2\x80\x9cN%20%20OPS\xc3\x82\xc2\xb4s%202008-2012/&sort=name&order=desc HTTP/1.1" 200 6159
190.157.172.223 - - [26/Jul/2015:12:26:47 -0500] "GET /forest/skins/gdocs-jar/popup/popup.jsp?width=900&height=600&title=Informaci%F3n%20de%20proceso&uri=/forest/system/process.jsp%3FnumPro%3D2156846&name=undefined&_a=0.02081971731968224&a=0.30222348612733185 HTTP/1.1" 200 1312
207.46.13.68 - - [26/Jul/2015:12:26:47 -0500] "GET /BLA/boletinlegal/Circulares/2013/Circular%20No.%208%20del%201%20de%20Noviembre%20de%202013.pdf HTTP/1.1" 200 385156
207.46.13.68 - - [26/Jul/2015:12:26:47 -0500] "GET /?C=N;O=D HTTP/1.1" 200 10190
190.157.172.223 - - [26/Jul/2015:12:26:47 -0500] "GET /forest/system/process.jsp?numPro=2156846 HTTP/1.1" 200 83821
207.46.13.68 - - [26/Jul/2015:12:26:47 -0500] "GET /BLA/boletinlegal/Directivas/2011/Directiva%20No.%205%20del%2029%20de%20Agosto%20de%202011.pdf HTTP/1.1" 200 444404
207.46.13.68 - - [26/Jul/2015:12:26:48 -0500] "GET /BLA/boletinlegal/Directivas/2011/Directiva%20No.%207%20del%2015%20de%20Septiembre%20de%202011.pdf HTTP/1.1" 200 268084
207.46.13.68 - - [26/Jul/2015:12:26:48 -0500] "GET /BLA/boletinlegal/Directivas/2011/Directiva%20No.%208%20del%2020%20de%20Septiembre%20de%202011.pdf HTTP/1.1" 200 727150
181.129.68.70 - - [26/Jul/2015:12:26:46 -0500] "GET /sia/swf/intro.swf HTTP/1.1" 200 510209
207.46.13.68 - - [26/Jul/2015:12:26:49 -0500] "GET /BLA/boletinlegal/Directivas/2013/Directiva%20No.%201%20del%2004%20de%20Abril%20de%202013.pdf HTTP/1.1" 200 472003
207.46.13.68 - - [26/Jul/2015:12:26:49 -0500] "GET /Autoliquidacion/index.php?dir=Grupo%20Forestal%20-%20Silvicultura/&sort=name&order=desc HTTP/1.1" 200 5776
207.46.13.68 - - [26/Jul/2015:12:26:49 -0500] "GET /Autoliquidacion/index.php?dir=PERMISO%20DE%20OCUPACION%20DE%20SUELO/&sort=name&order=desc HTTP/1.1" 200 2393
207.46.13.68 - - [26/Jul/2015:12:26:50 -0500] "GET /Autoliquidacion/index.php?dir=Solicitudes%20relacionadas%20con%20ocupaci\xc3\xb3n%20de%20cauce/&sort=date&order=asc HTTP/1.1" 200 6674
207.46.13.68 - - [26/Jul/2015:12:26:50 -0500] "GET /Autoliquidacion/index.php?dir=TR%C1MITES+VERTIMIENTOS%2FREGISTRO+DE+VERTIMIENTOS%2F HTTP/1.1" 200 2663
207.46.13.68 - - [26/Jul/2015:12:26:50 -0500] "GET /Autoliquidacion/index.php?dir=TR\xc3\x81MITES%20AGUAS%20SUBTERR\xc3\x81NEAS/126PM04-PR94-SOLICITUD%20MODIFICACI\xc3\x92N%20CONCESI\xc3\x93N%20AGUAS%20SUBTERR\xc3\x81NEAS/&sort=name&order=desc HTTP/1.1" 200 6860
