201.245.192.253 - - [26/Jul/2015:13:15:55 -0500] "GET /wp-content/uploads/2015/07/organiza.1png.png?rand=0.0543348058386004 HTTP/1.1" 200 13934
201.245.192.253 - - [26/Jul/2015:13:15:55 -0500] "GET /wp-content/uploads/2015/07/organiza2.png?rand=0.7912135427756031 HTTP/1.1" 200 18295
201.245.192.253 - - [26/Jul/2015:13:15:55 -0500] "GET /wp-content/uploads/2015/07/organiza3.png?rand=0.221379820431316 HTTP/1.1" 200 10795
201.245.192.253 - - [26/Jul/2015:13:15:55 -0500] "GET /wp-content/uploads/2015/07/organiza4.png?rand=0.8175497509796132 HTTP/1.1" 200 13858
201.245.192.253 - - [26/Jul/2015:13:15:55 -0500] "GET /wp-content/uploads/2015/07/organiza5.png?rand=0.38794852670290136 HTTP/1.1" 200 10074
201.245.192.253 - - [26/Jul/2015:13:15:55 -0500] "GET /wp-content/uploads/2015/07/organiza6.png?rand=0.4905255241317214 HTTP/1.1" 200 11772
201.245.192.253 - - [26/Jul/2015:13:15:56 -0500] "GET /wp-content/uploads/2015/07/invita11.png?rand=0.0038797069649220694 HTTP/1.1" 200 18660
201.245.192.253 - - [26/Jul/2015:13:15:56 -0500] "GET /wp-content/uploads/2015/07/invita21.png?rand=0.6680822893444138 HTTP/1.1" 200 9732
201.245.192.253 - - [26/Jul/2015:13:15:56 -0500] "GET /wp-content/uploads/2015/07/invita31.png?rand=0.5792243498016452 HTTP/1.1" 200 15298
201.245.192.253 - - [26/Jul/2015:13:15:56 -0500] "GET /wp-content/uploads/2015/07/apoya.png?rand=0.7218379324522783 HTTP/1.1" 200 15112
201.245.192.253 - - [26/Jul/2015:13:15:56 -0500] "GET /wp-content/uploads/2015/07/apoya2.png?rand=0.07210337226969315 HTTP/1.1" 200 19925
201.245.192.253 - - [26/Jul/2015:13:15:56 -0500] "GET /wp-content/uploads/2015/07/apoya3.png?rand=0.6057871257537628 HTTP/1.1" 200 16355
201.245.192.253 - - [26/Jul/2015:13:15:56 -0500] "GET /wp-content/uploads/2015/07/apoya4.png?rand=0.8871948778069898 HTTP/1.1" 200 25607
201.245.192.253 - - [26/Jul/2015:13:15:56 -0500] "GET /wp-content/uploads/2015/07/apoya5.png?rand=0.596247184782961 HTTP/1.1" 200 12685
201.245.192.253 - - [26/Jul/2015:13:15:56 -0500] "GET /wp-content/uploads/2015/07/apoya6.png?rand=0.8374683383776273 HTTP/1.1" 200 17211
201.245.192.253 - - [26/Jul/2015:13:15:56 -0500] "GET /wp-content/uploads/2015/07/apoya7.png?rand=0.9286930379888796 HTTP/1.1" 200 16505
201.245.192.253 - - [26/Jul/2015:13:15:56 -0500] "GET /wp-content/uploads/2015/07/apoya8.png?rand=0.9088170722479605 HTTP/1.1" 200 13048
201.245.192.253 - - [26/Jul/2015:13:15:56 -0500] "GET /wp-content/themes/patti/images/preloader.gif HTTP/1.1" 200 12951
201.245.192.253 - - [26/Jul/2015:13:15:56 -0500] "GET /wp-content/plugins/revslider/rs-plugin/assets/loader.gif HTTP/1.1" 200 2545
201.245.192.253 - - [26/Jul/2015:13:15:56 -0500] "GET /wp-content/plugins/revslider/rs-plugin/assets/shadow1.png HTTP/1.1" 200 4289
201.245.192.253 - - [26/Jul/2015:13:15:56 -0500] "GET /wp-content/themes/patti/images/slider-arrows.png HTTP/1.1" 200 1218
201.245.192.253 - - [26/Jul/2015:13:15:56 -0500] "GET /wp-content/plugins/wp_logooos_plugin/images/prev.png HTTP/1.1" 200 49044
201.245.192.253 - - [26/Jul/2015:13:15:56 -0500] "GET /wp-content/plugins/wp_logooos_plugin/images/next.png HTTP/1.1" 200 50104
186.154.197.162 - - [26/Jul/2015:13:15:58 -0500] "GET /arcgis/services/Calidad_del_Agua_WQI/MapServer/WMSServer?HEIGHT=475&STYLES=&LAYERS=3%2C4%2C5%2C6%2C7&BBOX=%2D74%2E07267377787572%2C4%2E620537691773287%2C%2D74%2E06049093752587%2C4%2E626188911662134&VERSION=1%2E1%2E1&TRANSPARENT=TRUE&SERVICE=WMS&SRS=EPSG%3A4686&REQUEST=GetMap&FORMAT=image%2Fpng&WIDTH=1024 HTTP/1.1" 200 4145
186.154.197.162 - - [26/Jul/2015:13:15:59 -0500] "GET /arcgis/services/Calidad_del_Agua_WQI/MapServer/WMSServer?HEIGHT=475&STYLES=&LAYERS=3%2C4%2C5%2C6%2C7&BBOX=%2D74%2E07025386603279%2C4%2E621736940120224%2C%2D74%2E06538072989285%2C4%2E6239974280757625&VERSION=1%2E1%2E1&TRANSPARENT=TRUE&SERVICE=WMS&SRS=EPSG%3A4686&REQUEST=GetMap&FORMAT=image%2Fpng&WIDTH=1024 HTTP/1.1" 200 3077
190.68.197.230 - - [26/Jul/2015:13:15:58 -0500] "GET /forest/index2.jsp?_a=0.1863790638744831 HTTP/1.1" 200 64695
190.68.197.230 - - [26/Jul/2015:13:15:59 -0500] "GET /forest/session.jsp?a=0.23895107163116336 HTTP/1.1" 200 4
190.68.197.230 - - [26/Jul/2015:13:16:00 -0500] "GET /forest/misactividades.do?group_system_actual=3&codPro=95&_a=0.32231889020027027 HTTP/1.1" 200 38223
190.68.197.230 - - [26/Jul/2015:13:16:01 -0500] "GET /forest/skins/gdocs-jar/jsp/cookie.jsp?name=grid_nompro&del HTTP/1.1" 200 -
190.68.197.230 - - [26/Jul/2015:13:16:01 -0500] "GET /forest/session.jsp?a=0.20838371268473566 HTTP/1.1" 200 4
190.68.197.230 - - [26/Jul/2015:13:16:01 -0500] "POST /forest/misactividades.do?ajax=true&a=0.48750481475144625 HTTP/1.1" 200 11224
172.22.2.3 - - [26/Jul/2015:13:16:08 -0500] "POST /cumbredelclima/wp-admin/admin-ajax.php HTTP/1.1" 200 23
186.154.197.162 - - [26/Jul/2015:13:16:11 -0500] "GET /crossdomain.xml HTTP/1.1" 404 1280
186.154.197.162 - - [26/Jul/2015:13:16:11 -0500] "GET /arcgis/services/Calidad_del_Agua_WQI/MapServer/WMSServer?HEIGHT=475&STYLES=&LAYERS=3%2C4%2C5%2C6%2C7&BBOX=%2D74%2E0693996395317%2C4%2E622191417172341%2C%2D74%2E06696307146171%2C4%2E6233216611501105&VERSION=1%2E1%2E1&TRANSPARENT=TRUE&SERVICE=WMS&SRS=EPSG%3A4686&REQUEST=GetMap&FORMAT=image%2Fpng&WIDTH=1024 HTTP/1.1" 200 3077
190.68.197.230 - - [26/Jul/2015:13:16:15 -0500] "GET /forest/usutareas.do?_a=0.7245581552851945&group_system_actual=3 HTTP/1.1" 200 117282
201.245.192.253 - - [26/Jul/2015:13:16:15 -0500] "POST /wp-admin/admin-ajax.php HTTP/1.1" 200 23
190.68.197.230 - - [26/Jul/2015:13:16:16 -0500] "GET /forest/session.jsp?a=0.9095551355276257 HTTP/1.1" 200 4
201.245.192.253 - - [26/Jul/2015:13:16:19 -0500] "GET /favicon.ico HTTP/1.1" 200 -
186.154.197.162 - - [26/Jul/2015:13:16:21 -0500] "GET /crossdomain.xml HTTP/1.1" 404 1280
186.154.197.162 - - [26/Jul/2015:13:16:22 -0500] "GET /arcgis/services/Calidad_del_Agua_WQI/MapServer/WMSServer?HEIGHT=475&STYLES=&LAYERS=3%2C4%2C5%2C6%2C7&BBOX=%2D74%2E06920202177379%2C4%2E62268849716944%2C%2D74%2E06676545370381%2C4%2E623818741147209&VERSION=1%2E1%2E1&TRANSPARENT=TRUE&SERVICE=WMS&SRS=EPSG%3A4686&REQUEST=GetMap&FORMAT=image%2Fpng&WIDTH=1024 HTTP/1.1" 200 3077
190.68.197.230 - - [26/Jul/2015:13:16:22 -0500] "GET /forest/index2.jsp?_a=0.16366242757067084 HTTP/1.1" 200 64696
172.22.2.3 - - [26/Jul/2015:13:16:23 -0500] "POST /cumbredelclima/wp-admin/admin-ajax.php HTTP/1.1" 200 23
190.68.197.230 - - [26/Jul/2015:13:16:23 -0500] "GET /forest/session.jsp?a=0.003043499542400241 HTTP/1.1" 200 4
186.154.197.162 - - [26/Jul/2015:13:16:23 -0500] "GET /arcgis/services/Calidad_del_Agua_WQI/MapServer/WMSServer?HEIGHT=475&STYLES=&LAYERS=3%2C4%2C5%2C6%2C7&BBOX=%2D74%2E06913593675331%2C4%2E622919739874458%2C%2D74%2E06669936868333%2C4%2E6240499838522275&VERSION=1%2E1%2E1&TRANSPARENT=TRUE&SERVICE=WMS&SRS=EPSG%3A4686&REQUEST=GetMap&FORMAT=image%2Fpng&WIDTH=1024 HTTP/1.1" 200 3077
186.154.197.162 - - [26/Jul/2015:13:16:27 -0500] "GET /arcgis/services/Calidad_del_Agua_WQI/MapServer/WMSServer?HEIGHT=475&STYLES=&LAYERS=3%2C4%2C5%2C6%2C7&BBOX=%2D74%2E0690320839503%2C4%2E622929056020499%2C%2D74%2E06659551588032%2C4%2E624059299998269&VERSION=1%2E1%2E1&TRANSPARENT=TRUE&SERVICE=WMS&SRS=EPSG%3A4686&REQUEST=GetMap&FORMAT=image%2Fpng&WIDTH=1024 HTTP/1.1" 200 3077
186.154.197.162 - - [26/Jul/2015:13:16:36 -0500] "GET /crossdomain.xml HTTP/1.1" 404 1280
186.154.197.162 - - [26/Jul/2015:13:16:36 -0500] "GET /arcgis/services/Calidad_del_Agua_WQI/MapServer/WMSServer?HEIGHT=475&STYLES=&LAYERS=3%2C4%2C5%2C6%2C7&BBOX=%2D74%2E06931165941945%2C4%2E621903613298381%2C%2D74%2E06687509134947%2C4%2E62303385727615&VERSION=1%2E1%2E1&TRANSPARENT=TRUE&SERVICE=WMS&SRS=EPSG%3A4686&REQUEST=GetMap&FORMAT=image%2Fpng&WIDTH=1024 HTTP/1.1" 200 3077
172.22.2.3 - - [26/Jul/2015:13:16:38 -0500] "POST /cumbredelclima/wp-admin/admin-ajax.php HTTP/1.1" 200 23
186.154.197.162 - - [26/Jul/2015:13:16:41 -0500] "GET /arcgis/services/Calidad_del_Agua_WQI/MapServer/WMSServer?HEIGHT=475&STYLES=&LAYERS=3%2C4%2C5%2C6%2C7&BBOX=%2D74%2E06956864292067%2C4%2E621918180528271%2C%2D74%2E06713207485069%2C4%2E623048424506041&VERSION=1%2E1%2E1&TRANSPARENT=TRUE&SERVICE=WMS&SRS=EPSG%3A4686&REQUEST=GetMap&FORMAT=image%2Fpng&WIDTH=1024 HTTP/1.1" 200 3077
201.245.192.253 - - [26/Jul/2015:13:16:47 -0500] "GET /forest/session.jsp?a=0.3023850772135096 HTTP/1.1" 200 4
172.22.2.3 - - [26/Jul/2015:13:16:53 -0500] "POST /cumbredelclima/wp-admin/admin-ajax.php HTTP/1.1" 200 23
186.154.197.162 - - [26/Jul/2015:13:16:57 -0500] "GET /crossdomain.xml HTTP/1.1" 404 1280
186.154.197.162 - - [26/Jul/2015:13:16:57 -0500] "GET /arcgis/services/Calidad_del_Agua_WQI/MapServer/WMSServer?HEIGHT=475&STYLES=&LAYERS=3%2C4%2C5%2C6%2C7&BBOX=%2D74%2E06967771406597%2C4%2E621277800253869%2C%2D74%2E067241145996%2C4%2E622408044231638&VERSION=1%2E1%2E1&TRANSPARENT=TRUE&SERVICE=WMS&SRS=EPSG%3A4686&REQUEST=GetMap&FORMAT=image%2Fpng&WIDTH=1024 HTTP/1.1" 200 3077
186.154.197.162 - - [26/Jul/2015:13:16:58 -0500] "GET /arcgis/services/Calidad_del_Agua_WQI/MapServer/WMSServer?HEIGHT=475&STYLES=&LAYERS=3%2C4%2C5%2C6%2C7&BBOX=%2D74%2E0696680073604%2C4%2E621445787292705%2C%2D74%2E06723143929042%2C4%2E622576031270475&VERSION=1%2E1%2E1&TRANSPARENT=TRUE&SERVICE=WMS&SRS=EPSG%3A4686&REQUEST=GetMap&FORMAT=image%2Fpng&WIDTH=1024 HTTP/1.1" 200 3077
190.27.106.22 - - [26/Jul/2015:13:17:03 -0500] "GET /galeria/galeria/jquery.fancybox.css?v=2.1.5 HTTP/1.1" 200 4895
190.27.106.22 - - [26/Jul/2015:13:17:03 -0500] "GET /BLA/boletinlegal/js/jquery.scrollShow.js HTTP/1.1" 200 4586
190.27.106.22 - - [26/Jul/2015:13:17:03 -0500] "GET /galeria/galeria/jquery.fancybox.js?v=2.1.5 HTTP/1.1" 200 48706
132.251.226.76 - - [26/Jul/2015:13:17:07 -0500] "GET /galeria/galeria/jquery.fancybox.css?v=2.1.5 HTTP/1.1" 200 4895
132.251.226.76 - - [26/Jul/2015:13:17:07 -0500] "GET /galeria/galeria/jquery.fancybox.js?v=2.1.5 HTTP/1.1" 200 48706
132.251.226.76 - - [26/Jul/2015:13:17:07 -0500] "GET /BLA/boletinlegal/js/jquery.scrollShow.js HTTP/1.1" 200 4586
172.22.2.3 - - [26/Jul/2015:13:17:08 -0500] "POST /cumbredelclima/wp-admin/admin-ajax.php HTTP/1.1" 200 23
186.154.197.162 - - [26/Jul/2015:13:17:10 -0500] "GET /arcgis/services/Calidad_del_Agua_WQI/MapServer/WMSServer?HEIGHT=475&STYLES=&LAYERS=3%2C4%2C5%2C6%2C7&BBOX=%2D74%2E06947792024081%2C4%2E622007763236824%2C%2D74%2E06704135217083%2C4%2E623138007214593&VERSION=1%2E1%2E1&TRANSPARENT=TRUE&SERVICE=WMS&SRS=EPSG%3A4686&REQUEST=GetMap&FORMAT=image%2Fpng&WIDTH=1024 HTTP/1.1" 200 3077
172.22.2.3 - - [26/Jul/2015:13:17:23 -0500] "POST /cumbredelclima/wp-admin/admin-ajax.php HTTP/1.1" 200 23
186.154.197.162 - - [26/Jul/2015:13:17:25 -0500] "GET /crossdomain.xml HTTP/1.1" 404 1280
186.154.197.162 - - [26/Jul/2015:13:17:26 -0500] "GET /arcgis/services/Calidad_del_Agua_WQI/MapServer/WMSServer?HEIGHT=475&STYLES=&LAYERS=3%2C4%2C5%2C6%2C7&BBOX=%2D74%2E0693310224182%2C4%2E622638715651983%2C%2D74%2E06689445434822%2C4%2E623768959629753&VERSION=1%2E1%2E1&TRANSPARENT=TRUE&SERVICE=WMS&SRS=EPSG%3A4686&REQUEST=GetMap&FORMAT=image%2Fpng&WIDTH=1024 HTTP/1.1" 200 3077
66.249.64.24 - - [26/Jul/2015:13:17:13 -0500] "GET /MALOKA-1.jpg HTTP/1.1" 404 28337
186.154.197.162 - - [26/Jul/2015:13:17:32 -0500] "GET /arcgis/services/Calidad_del_Agua_WQI/MapServer/WMSServer?HEIGHT=475&STYLES=&LAYERS=3%2C4%2C5%2C6%2C7&BBOX=%2D74%2E06930177161836%2C4%2E622586275117942%2C%2D74%2E06686520354837%2C4%2E623716519095711&VERSION=1%2E1%2E1&TRANSPARENT=TRUE&SERVICE=WMS&SRS=EPSG%3A4686&REQUEST=GetMap&FORMAT=image%2Fpng&WIDTH=1024 HTTP/1.1" 200 3077
172.22.2.3 - - [26/Jul/2015:13:17:38 -0500] "POST /cumbredelclima/wp-admin/admin-ajax.php HTTP/1.1" 200 23
186.170.227.244 - - [26/Jul/2015:13:17:39 -0500] "GET /BLA/boletinlegal/js/jquery.scrollShow.js HTTP/1.1" 200 4586
186.170.227.244 - - [26/Jul/2015:13:17:39 -0500] "GET /galeria/galeria/jquery.fancybox.css?v=2.1.5 HTTP/1.1" 200 4895
186.170.227.244 - - [26/Jul/2015:13:17:40 -0500] "GET /galeria/galeria/jquery.fancybox.js?v=2.1.5 HTTP/1.1" 200 48706
190.252.227.86 - - [26/Jul/2015:13:17:40 -0500] "GET /galeria/galeria/fotos/MeandrodelSay3g.jpg HTTP/1.1" 200 365658
186.82.229.68 - - [26/Jul/2015:13:17:49 -0500] "GET /galeria/galeria/jquery.fancybox.js?v=2.1.5 HTTP/1.1" 304 -
186.82.229.68 - - [26/Jul/2015:13:17:49 -0500] "GET /galeria/galeria/jquery.fancybox.css?v=2.1.5 HTTP/1.1" 304 -
172.22.2.3 - - [26/Jul/2015:13:17:53 -0500] "POST /cumbredelclima/wp-admin/admin-ajax.php HTTP/1.1" 200 23
186.82.229.68 - - [26/Jul/2015:13:17:55 -0500] "GET /galeria/galeria/jquery.fancybox.js?v=2.1.5 HTTP/1.1" 304 -
186.82.229.68 - - [26/Jul/2015:13:17:55 -0500] "GET /galeria/galeria/jquery.fancybox.css?v=2.1.5 HTTP/1.1" 304 -
186.82.229.68 - - [26/Jul/2015:13:17:58 -0500] "GET /galeria/galeria/jquery.fancybox.css?v=2.1.5 HTTP/1.1" 200 4895
186.82.229.68 - - [26/Jul/2015:13:17:58 -0500] "GET /BLA/boletinlegal/js/jquery.scrollShow.js HTTP/1.1" 200 4586
186.82.229.68 - - [26/Jul/2015:13:17:58 -0500] "GET /galeria/galeria/jquery.fancybox.js?v=2.1.5 HTTP/1.1" 200 48706
186.82.229.68 - - [26/Jul/2015:13:18:03 -0500] "GET /galeria/galeria/jquery.fancybox.js?v=2.1.5 HTTP/1.1" 304 -
186.82.229.68 - - [26/Jul/2015:13:18:03 -0500] "GET /galeria/galeria/jquery.fancybox.css?v=2.1.5 HTTP/1.1" 304 -
172.22.2.3 - - [26/Jul/2015:13:18:08 -0500] "POST /cumbredelclima/wp-admin/admin-ajax.php HTTP/1.1" 200 23
181.51.141.164 - - [26/Jul/2015:13:18:16 -0500] "GET /BLA/resoluciones/AUTOS%202012/1752.pdf HTTP/1.1" 200 525640
181.51.141.164 - - [26/Jul/2015:13:18:17 -0500] "GET /favicon.ico HTTP/1.1" 200 7782
172.22.2.3 - - [26/Jul/2015:13:18:23 -0500] "POST /cumbredelclima/wp-admin/admin-ajax.php HTTP/1.1" 200 23
186.154.197.162 - - [26/Jul/2015:13:18:24 -0500] "GET /crossdomain.xml HTTP/1.1" 404 1280
186.154.197.162 - - [26/Jul/2015:13:18:24 -0500] "GET /arcgis/services/Calidad_del_Agua_WQI/MapServer/WMSServer?HEIGHT=475&STYLES=&LAYERS=3%2C4%2C5%2C6%2C7&BBOX=%2D74%2E0685993577239%2C4%2E622646556105465%2C%2D74%2E06616278965392%2C4%2E623776800083235&VERSION=1%2E1%2E1&TRANSPARENT=TRUE&SERVICE=WMS&SRS=EPSG%3A4686&REQUEST=GetMap&FORMAT=image%2Fpng&WIDTH=1024 HTTP/1.1" 200 3077
186.154.197.162 - - [26/Jul/2015:13:18:28 -0500] "GET /arcgis/services/Calidad_del_Agua_WQI/MapServer/WMSServer?HEIGHT=475&STYLES=&LAYERS=3%2C4%2C5%2C6%2C7&BBOX=%2D74%2E06863241120746%2C4%2E622382084343651%2C%2D74%2E06619584313748%2C4%2E623512328321421&VERSION=1%2E1%2E1&TRANSPARENT=TRUE&SERVICE=WMS&SRS=EPSG%3A4686&REQUEST=GetMap&FORMAT=image%2Fpng&WIDTH=1024 HTTP/1.1" 200 3077
201.245.192.253 - - [26/Jul/2015:13:18:15 -0500] "POST /wp-admin/admin-ajax.php HTTP/1.1" 200 23
186.170.227.244 - - [26/Jul/2015:13:18:29 -0500] "GET /galeria/galeria/jquery.fancybox.css?v=2.1.5 HTTP/1.1" 304 -
186.170.227.244 - - [26/Jul/2015:13:18:29 -0500] "GET /BLA/boletinlegal/js/jquery.scrollShow.js HTTP/1.1" 304 -
186.170.227.244 - - [26/Jul/2015:13:18:29 -0500] "GET /galeria/galeria/jquery.fancybox.js?v=2.1.5 HTTP/1.1" 304 -
186.154.197.162 - - [26/Jul/2015:13:18:30 -0500] "GET /arcgis/services/Calidad_del_Agua_WQI/MapServer/WMSServer?HEIGHT=475&STYLES=&LAYERS=3%2C4%2C5%2C6%2C7&BBOX=%2D74%2E06877699363082%2C4%2E62172490810487%2C%2D74%2E06634042556084%2C4%2E622855152082639&VERSION=1%2E1%2E1&TRANSPARENT=TRUE&SERVICE=WMS&SRS=EPSG%3A4686&REQUEST=GetMap&FORMAT=image%2Fpng&WIDTH=1024 HTTP/1.1" 200 3077
186.154.197.162 - - [26/Jul/2015:13:18:33 -0500] "GET /arcgis/services/Calidad_del_Agua_WQI/MapServer/WMSServer?HEIGHT=475&STYLES=&LAYERS=3%2C4%2C5%2C6%2C7&BBOX=%2D74%2E06862391364183%2C4%2E621934684141065%2C%2D74%2E06618734557185%2C4%2E6230649281188345&VERSION=1%2E1%2E1&TRANSPARENT=TRUE&SERVICE=WMS&SRS=EPSG%3A4686&REQUEST=GetMap&FORMAT=image%2Fpng&WIDTH=1024 HTTP/1.1" 200 3077
172.22.2.3 - - [26/Jul/2015:13:18:38 -0500] "POST /cumbredelclima/wp-admin/admin-ajax.php HTTP/1.1" 200 23
172.22.2.3 - - [26/Jul/2015:13:18:53 -0500] "POST /cumbredelclima/wp-admin/admin-ajax.php HTTP/1.1" 200 23
186.154.197.162 - - [26/Jul/2015:13:19:07 -0500] "GET /crossdomain.xml HTTP/1.1" 404 1280
186.154.197.162 - - [26/Jul/2015:13:19:07 -0500] "GET /arcgis/services/Calidad_del_Agua_WQI/MapServer/WMSServer?HEIGHT=475&STYLES=&LAYERS=3%2C4%2C5%2C6%2C7&BBOX=%2D74%2E06832188835443%2C4%2E621548740507233%2C%2D74%2E06588532028445%2C4%2E6226789844850025&VERSION=1%2E1%2E1&TRANSPARENT=TRUE&SERVICE=WMS&SRS=EPSG%3A4686&REQUEST=GetMap&FORMAT=image%2Fpng&WIDTH=1024 HTTP/1.1" 200 3077
172.22.2.3 - - [26/Jul/2015:13:19:08 -0500] "POST /cumbredelclima/wp-admin/admin-ajax.php HTTP/1.1" 200 23
172.22.2.3 - - [26/Jul/2015:13:19:23 -0500] "POST /cumbredelclima/wp-admin/admin-ajax.php HTTP/1.1" 200 23
181.61.173.135 - - [26/Jul/2015:13:19:25 -0500] "POST /forest/login.do HTTP/1.1" 302 -
181.61.173.135 - - [26/Jul/2015:13:19:25 -0500] "GET /forest/index2.jsp?a=0.31978381416186763 HTTP/1.1" 200 68003
181.61.173.135 - - [26/Jul/2015:13:19:26 -0500] "GET /forest/img/users/5.gif HTTP/1.1" 304 -
181.61.173.135 - - [26/Jul/2015:13:19:26 -0500] "GET /forest/img/users/3.gif HTTP/1.1" 304 -
181.61.173.135 - - [26/Jul/2015:13:19:26 -0500] "GET /forest/img/inicio.jpg HTTP/1.1" 304 -
181.61.173.135 - - [26/Jul/2015:13:19:26 -0500] "GET /forest/img/users/7.gif HTTP/1.1" 304 -
181.61.173.135 - - [26/Jul/2015:13:19:26 -0500] "GET /forest/img/download_large.gif HTTP/1.1" 304 -
181.61.173.135 - - [26/Jul/2015:13:19:26 -0500] "GET /forest/img/buscar.jpg HTTP/1.1" 304 -
181.61.173.135 - - [26/Jul/2015:13:19:26 -0500] "GET /forest/skins/gdocs-jar/css/tree.css HTTP/1.1" 304 -
181.61.173.135 - - [26/Jul/2015:13:19:26 -0500] "GET /forest/skins/gdocs-jar/css/autocomplete.css HTTP/1.1" 304 -
181.61.173.135 - - [26/Jul/2015:13:19:26 -0500] "GET /forest/js/inicio.js?version=1503.161801 HTTP/1.1" 304 -
181.61.173.135 - - [26/Jul/2015:13:19:26 -0500] "GET /forest/skins/gdocs-jar/js/autocompletar2.js?version=1503.161801 HTTP/1.1" 304 -
181.61.173.135 - - [26/Jul/2015:13:19:26 -0500] "GET /forest/skins/gdocs-jar/js/xml_utilities.js?version=1503.161801 HTTP/1.1" 304 -
181.61.173.135 - - [26/Jul/2015:13:19:26 -0500] "GET /forest/skins/gdocs-jar/js/misprocesos.js?version=1503.161801 HTTP/1.1" 304 -
181.61.173.135 - - [26/Jul/2015:13:19:27 -0500] "GET /forest/img/buscar_documentos.gif HTTP/1.1" 304 -
181.61.173.135 - - [26/Jul/2015:13:19:27 -0500] "GET /forest/img/fondo-barra.gif HTTP/1.1" 304 -
181.61.173.135 - - [26/Jul/2015:13:19:27 -0500] "GET /forest/img/pantalla.gif HTTP/1.1" 304 -
181.61.173.135 - - [26/Jul/2015:13:19:27 -0500] "GET /forest/img/salir3.gif HTTP/1.1" 304 -
181.61.173.135 - - [26/Jul/2015:13:19:27 -0500] "GET /forest/img/notify.gif HTTP/1.1" 304 -
181.61.173.135 - - [26/Jul/2015:13:19:27 -0500] "GET /forest/img/ayuda.gif HTTP/1.1" 304 -
181.61.173.135 - - [26/Jul/2015:13:19:27 -0500] "GET /forest/img/buscar_procesos.gif HTTP/1.1" 304 -
181.61.173.135 - - [26/Jul/2015:13:19:27 -0500] "GET /forest/img/panel/menu/add.png HTTP/1.1" 304 -
181.61.173.135 - - [26/Jul/2015:13:19:27 -0500] "GET /forest/img/instanciar.gif HTTP/1.1" 304 -
181.61.173.135 - - [26/Jul/2015:13:19:27 -0500] "GET /forest/skins/gdocs-jar/img/icons/pdf.gif HTTP/1.1" 304 -
181.61.173.135 - - [26/Jul/2015:13:19:27 -0500] "GET /forest/img/misdocumentos.gif HTTP/1.1" 304 -
181.61.173.135 - - [26/Jul/2015:13:19:27 -0500] "GET /forest/skins/gdocs-jar/img/icons/docx.gif HTTP/1.1" 304 -
181.61.173.135 - - [26/Jul/2015:13:19:27 -0500] "GET /forest/img/panel/menu/folder.png HTTP/1.1" 304 -
181.61.173.135 - - [26/Jul/2015:13:19:28 -0500] "GET /forest/img/panel/menu/hoy.png HTTP/1.1" 304 -
181.61.173.135 - - [26/Jul/2015:13:19:28 -0500] "GET /forest/skins/gdocs-jar/img/cancel.gif HTTP/1.1" 304 -
181.61.173.135 - - [26/Jul/2015:13:19:28 -0500] "GET /forest/img/panel/menu/danger2.png HTTP/1.1" 304 -
181.61.173.135 - - [26/Jul/2015:13:19:28 -0500] "GET /forest/session.jsp?a=0.5759408525191247 HTTP/1.1" 200 4
74.86.158.107 - - [26/Jul/2015:13:19:32 -0500] "HEAD / HTTP/1.1" 200 -
181.61.173.135 - - [26/Jul/2015:13:19:33 -0500] "POST /forest/index.do HTTP/1.1" 302 -
181.61.173.135 - - [26/Jul/2015:13:19:33 -0500] "GET /forest/index2.jsp?a=0.8063579599468869 HTTP/1.1" 200 49670
181.61.173.135 - - [26/Jul/2015:13:19:34 -0500] "GET /forest/session.jsp?a=0.6810230370610952 HTTP/1.1" 200 4
190.68.197.230 - - [26/Jul/2015:13:19:37 -0500] "GET /forest/misactividades.do?group_system_actual=3&codPro=126&_a=0.6605189977277082 HTTP/1.1" 200 38256
181.61.173.135 - - [26/Jul/2015:13:19:38 -0500] "POST /forest/index.do HTTP/1.1" 302 -
190.68.197.230 - - [26/Jul/2015:13:19:38 -0500] "GET /forest/session.jsp?a=0.7589724876452237 HTTP/1.1" 200 4
172.22.2.3 - - [26/Jul/2015:13:19:38 -0500] "POST /cumbredelclima/wp-admin/admin-ajax.php HTTP/1.1" 200 23
181.61.173.135 - - [26/Jul/2015:13:19:38 -0500] "GET /forest/index2.jsp?a=0.44173461136553027 HTTP/1.1" 200 68012
190.68.197.230 - - [26/Jul/2015:13:19:38 -0500] "POST /forest/misactividades.do?ajax=true&a=0.6740244969259948 HTTP/1.1" 200 1126
181.61.173.135 - - [26/Jul/2015:13:19:38 -0500] "GET /forest/session.jsp?a=0.9561135570984334 HTTP/1.1" 200 4
190.27.106.22 - - [26/Jul/2015:13:19:42 -0500] "GET /BLA/boletinlegal/js/jquery.scrollShow.js HTTP/1.1" 304 -
190.27.106.22 - - [26/Jul/2015:13:19:42 -0500] "GET /galeria/galeria/jquery.fancybox.css?v=2.1.5 HTTP/1.1" 304 -
190.27.106.22 - - [26/Jul/2015:13:19:42 -0500] "GET /galeria/galeria/jquery.fancybox.js?v=2.1.5 HTTP/1.1" 304 -
186.116.253.226 - - [26/Jul/2015:13:19:43 -0500] "GET /galeria/galeria/jquery.fancybox.js?v=2.1.5 HTTP/1.1" 200 48706
186.116.253.226 - - [26/Jul/2015:13:19:43 -0500] "GET /BLA/boletinlegal/js/jquery.scrollShow.js HTTP/1.1" 200 4586
186.116.253.226 - - [26/Jul/2015:13:19:43 -0500] "GET /galeria/galeria/jquery.fancybox.css?v=2.1.5 HTTP/1.1" 200 4895
66.249.64.96 - - [26/Jul/2015:13:19:48 -0500] "GET /BLA/resoluciones/RESOLUCIONES%202013/1223.pdf HTTP/1.1" 304 -
190.68.197.230 - - [26/Jul/2015:13:19:47 -0500] "GET /forest/usutareas.do?_a=0.5587812734302133&group_system_actual=3 HTTP/1.1" 200 100590
190.68.197.230 - - [26/Jul/2015:13:19:48 -0500] "GET /forest/session.jsp?a=0.3400554512627423 HTTP/1.1" 200 4
172.22.2.3 - - [26/Jul/2015:13:19:53 -0500] "POST /cumbredelclima/wp-admin/admin-ajax.php HTTP/1.1" 200 23
186.116.253.226 - - [26/Jul/2015:13:19:55 -0500] "GET /BLA/boletinlegal/js/jquery.scrollShow.js HTTP/1.1" 200 4586
186.116.253.226 - - [26/Jul/2015:13:19:55 -0500] "GET /galeria/galeria/jquery.fancybox.css?v=2.1.5 HTTP/1.1" 200 4895
186.116.253.226 - - [26/Jul/2015:13:19:55 -0500] "GET /galeria/galeria/jquery.fancybox.js?v=2.1.5 HTTP/1.1" 200 48706
190.68.197.230 - - [26/Jul/2015:13:19:55 -0500] "GET /forest/actions/forms.getList?codForm=visitatecnica&id=funcvisita4&text=j HTTP/1.1" 200 1266
190.68.197.230 - - [26/Jul/2015:13:19:55 -0500] "GET /forest/actions/forms.getList?codForm=visitatecnica&id=funcvisita4&text=je HTTP/1.1" 200 1277
190.68.197.230 - - [26/Jul/2015:13:19:55 -0500] "GET /forest/actions/forms.getList?codForm=visitatecnica&id=funcvisita4&text=jen HTTP/1.1" 200 996
190.68.197.230 - - [26/Jul/2015:13:19:56 -0500] "GET /forest/actions/forms.getList?codForm=visitatecnica&id=funcvisita4&text=jenn HTTP/1.1" 200 723
201.245.192.253 - - [26/Jul/2015:13:19:59 -0500] "GET /forest/session.jsp?a=0.7654330313032717 HTTP/1.1" 200 4
190.68.197.230 - - [26/Jul/2015:13:20:03 -0500] "GET /forest/actions/forms.getList?codForm=visitatecnica&id=idtercero5&text=D HTTP/1.1" 200 1359
190.68.197.230 - - [26/Jul/2015:13:20:03 -0500] "GET /forest/actions/forms.getList?codForm=visitatecnica&id=idtercero5&text= HTTP/1.1" 200 1387
190.68.197.230 - - [26/Jul/2015:13:20:03 -0500] "GET /forest/actions/forms.getList?codForm=visitatecnica&id=idtercero5&text=S HTTP/1.1" 200 1389
190.68.197.230 - - [26/Jul/2015:13:20:05 -0500] "GET /forest/actions/forms.getList?codForm=visitatecnica&id=idtercero5&text=SU HTTP/1.1" 200 1237
186.29.89.19 - - [26/Jul/2015:13:20:05 -0500] "GET /galeria/galeria/jquery.fancybox.css?v=2.1.5 HTTP/1.1" 200 4895
186.29.89.19 - - [26/Jul/2015:13:20:05 -0500] "GET /BLA/boletinlegal/js/jquery.scrollShow.js HTTP/1.1" 200 4586
186.29.89.19 - - [26/Jul/2015:13:20:05 -0500] "GET /galeria/galeria/jquery.fancybox.js?v=2.1.5 HTTP/1.1" 200 48706
190.68.197.230 - - [26/Jul/2015:13:20:05 -0500] "GET /forest/actions/forms.getList?codForm=visitatecnica&id=idtercero5&text=SUR HTTP/1.1" 200 1203
190.68.197.230 - - [26/Jul/2015:13:20:05 -0500] "GET /forest/actions/forms.getList?codForm=visitatecnica&id=idtercero5&text=SURT HTTP/1.1" 200 1311
190.68.197.230 - - [26/Jul/2015:13:20:05 -0500] "GET /forest/actions/forms.getList?codForm=visitatecnica&id=idtercero5&text=SURTI HTTP/1.1" 200 1317
190.68.197.230 - - [26/Jul/2015:13:20:06 -0500] "GET /forest/actions/forms.getList?codForm=visitatecnica&id=idtercero5&text=SURTIA HTTP/1.1" 200 1052
190.68.197.230 - - [26/Jul/2015:13:20:06 -0500] "GET /forest/actions/forms.getList?codForm=visitatecnica&id=idtercero5&text=SURTIAV HTTP/1.1" 200 1032
172.22.2.3 - - [26/Jul/2015:13:20:08 -0500] "POST /cumbredelclima/wp-admin/admin-ajax.php HTTP/1.1" 200 23
190.68.197.230 - - [26/Jul/2015:13:20:06 -0500] "GET /forest/actions/forms.getList?codForm=visitatecnica&id=idtercero5&text=SURTIAVE HTTP/1.1" 200 1032
66.249.64.106 - - [26/Jul/2015:13:20:08 -0500] "GET /BLA/resoluciones/RESOLUCIONES%202010/4492.pdf HTTP/1.1" 304 -
190.68.197.230 - - [26/Jul/2015:13:20:06 -0500] "GET /forest/actions/forms.getList?codForm=visitatecnica&id=idtercero5&text=SURTIAVEZ HTTP/1.1" 200 55
190.68.197.230 - - [26/Jul/2015:13:20:07 -0500] "GET /forest/actions/forms.getList?codForm=visitatecnica&id=idtercero5&text=SURTIAVES HTTP/1.1" 200 978
190.68.197.230 - - [26/Jul/2015:13:20:07 -0500] "GET /forest/actions/forms.getList?codForm=visitatecnica&id=idtercero5&text=SURTIAVES%20 HTTP/1.1" 200 978
190.68.197.230 - - [26/Jul/2015:13:20:08 -0500] "GET /forest/actions/forms.getList?codForm=visitatecnica&id=idtercero5&text=SURTIAVES%20D HTTP/1.1" 200 58
186.154.197.162 - - [26/Jul/2015:13:20:10 -0500] "GET /crossdomain.xml HTTP/1.1" 404 1280
190.68.197.230 - - [26/Jul/2015:13:20:08 -0500] "GET /forest/actions/forms.getList?codForm=visitatecnica&id=idtercero5&text=SURTIAVES%20DE HTTP/1.1" 200 58
190.68.197.230 - - [26/Jul/2015:13:20:08 -0500] "GET /forest/actions/forms.getList?codForm=visitatecnica&id=idtercero5&text=SURTIAVES%20DE%20 HTTP/1.1" 200 58
190.68.197.230 - - [26/Jul/2015:13:20:09 -0500] "GET /forest/actions/forms.getList?codForm=visitatecnica&id=idtercero5&text=SURTIAVE HTTP/1.1" 200 1032
186.154.197.162 - - [26/Jul/2015:13:20:11 -0500] "GET /arcgis/services/Calidad_del_Agua_WQI/MapServer/WMSServer?HEIGHT=475&STYLES=&LAYERS=3%2C4%2C5%2C6%2C7&BBOX=%2D74%2E06928081113978%2C4%2E621341727399715%2C%2D74%2E06440767499984%2C4%2E623602215355254&VERSION=1%2E1%2E1&TRANSPARENT=TRUE&SERVICE=WMS&SRS=EPSG%3A4686&REQUEST=GetMap&FORMAT=image%2Fpng&WIDTH=1024 HTTP/1.1" 200 3077
190.68.197.230 - - [26/Jul/2015:13:20:09 -0500] "GET /forest/actions/forms.getList?codForm=visitatecnica&id=idtercero5&text=SURTIAVES%20DE%20C HTTP/1.1" 200 2
190.68.197.230 - - [26/Jul/2015:13:20:09 -0500] "GET /forest/actions/forms.getList?codForm=visitatecnica&id=idtercero5&text=SURTIAVES%20DE%20CA HTTP/1.1" 200 2
190.68.197.230 - - [26/Jul/2015:13:20:10 -0500] "GET /forest/actions/forms.getList?codForm=visitatecnica&id=idtercero5&text=SURTIAVES%20DE%20CAT HTTP/1.1" 200 2
190.68.197.230 - - [26/Jul/2015:13:20:10 -0500] "GET /forest/actions/forms.getList?codForm=visitatecnica&id=idtercero5&text=SURTIAVES%20DE%20CATR HTTP/1.1" 200 2
190.68.197.230 - - [26/Jul/2015:13:20:10 -0500] "GET /forest/actions/forms.getList?codForm=visitatecnica&id=idtercero5&text=SURTIAVES%20DE%20CATT HTTP/1.1" 200 2
190.68.197.230 - - [26/Jul/2015:13:20:12 -0500] "GET /forest/actions/forms.getList?codForm=visitatecnica&id=idtercero5&text=SURTIAVES%20DE%20CA HTTP/1.1" 200 2
190.68.197.230 - - [26/Jul/2015:13:20:12 -0500] "GET /forest/actions/forms.getList?codForm=visitatecnica&id=idtercero5&text=SURTIAVES%20DE%20CAR HTTP/1.1" 200 2
190.68.197.230 - - [26/Jul/2015:13:20:12 -0500] "GET /forest/actions/forms.getList?codForm=visitatecnica&id=idtercero5&text=SURTIAVES%20DE%20CARI HTTP/1.1" 200 2
190.68.197.230 - - [26/Jul/2015:13:20:12 -0500] "GET /forest/actions/forms.getList?codForm=visitatecnica&id=idtercero5&text=SURTIAVES%20DE%20CAT HTTP/1.1" 200 2
190.68.197.230 - - [26/Jul/2015:13:20:13 -0500] "GET /forest/actions/forms.getList?codForm=visitatecnica&id=idtercero5&text=SURTIAVES%20DE%20CARIM HTTP/1.1" 200 2
190.68.197.230 - - [26/Jul/2015:13:20:14 -0500] "GET /forest/actions/forms.getList?codForm=visitatecnica&id=idtercero5&text=SURTIAVES%20DE%20C HTTP/1.1" 200 2
190.68.197.230 - - [26/Jul/2015:13:20:14 -0500] "GET /forest/actions/forms.getList?codForm=visitatecnica&id=idtercero5&text=SURTIAVES%20DE%20 HTTP/1.1" 200 58
190.68.197.230 - - [26/Jul/2015:13:20:14 -0500] "GET /forest/actions/forms.getList?codForm=visitatecnica&id=idtercero5&text=SURTIAVES%20DE HTTP/1.1" 200 58
190.68.197.230 - - [26/Jul/2015:13:20:14 -0500] "GET /forest/actions/forms.getList?codForm=visitatecnica&id=idtercero5&text=SURTIAVES%20DE%20CA HTTP/1.1" 200 2
190.68.197.230 - - [26/Jul/2015:13:20:15 -0500] "GET /forest/actions/forms.getList?codForm=visitatecnica&id=idtercero5&text=SURTIAVES%20D HTTP/1.1" 200 58
190.68.197.230 - - [26/Jul/2015:13:20:15 -0500] "GET /forest/actions/forms.getList?codForm=visitatecnica&id=idtercero5&text=SURTIAVES%20 HTTP/1.1" 200 978
190.68.197.230 - - [26/Jul/2015:13:20:17 -0500] "GET /forest/actions/forms.getList?codForm=visitatecnica&id=idtercero5&text=SURTI HTTP/1.1" 200 1317
190.68.197.230 - - [26/Jul/2015:13:20:18 -0500] "GET /forest/actions/forms.getList?codForm=visitatecnica&id=idtercero5&text=SUR HTTP/1.1" 200 1203
190.68.197.230 - - [26/Jul/2015:13:20:18 -0500] "GET /forest/actions/forms.getList?codForm=visitatecnica&id=idtercero5&text=SU HTTP/1.1" 200 1237
190.68.197.230 - - [26/Jul/2015:13:20:18 -0500] "GET /forest/actions/forms.getList?codForm=visitatecnica&id=idtercero5&text=S HTTP/1.1" 200 1389
190.68.197.230 - - [26/Jul/2015:13:20:18 -0500] "GET /forest/actions/forms.getList?codForm=visitatecnica&id=idtercero5&text=SURT HTTP/1.1" 200 1311
190.68.197.230 - - [26/Jul/2015:13:20:16 -0500] "GET /forest/actions/forms.getList?codForm=visitatecnica&id=idtercero5&text=SURTIAVES HTTP/1.1" 200 978
190.68.197.230 - - [26/Jul/2015:13:20:18 -0500] "GET /forest/actions/forms.getList?codForm=visitatecnica&id=idtercero5&text= HTTP/1.1" 200 1387
190.68.197.230 - - [26/Jul/2015:13:20:16 -0500] "GET /forest/actions/forms.getList?codForm=visitatecnica&id=idtercero5&text=SURTIAVE HTTP/1.1" 200 1032
190.68.197.230 - - [26/Jul/2015:13:20:16 -0500] "GET /forest/actions/forms.getList?codForm=visitatecnica&id=idtercero5&text=SURTIAV HTTP/1.1" 200 1032
190.68.197.230 - - [26/Jul/2015:13:20:17 -0500] "GET /forest/actions/forms.getList?codForm=visitatecnica&id=idtercero5&text=SURTIA HTTP/1.1" 200 1052
186.29.89.19 - - [26/Jul/2015:13:20:20 -0500] "GET /galeria/galeria/jquery.fancybox.css?v=2.1.5 HTTP/1.1" 304 -
186.29.89.19 - - [26/Jul/2015:13:20:20 -0500] "GET /BLA/boletinlegal/js/jquery.scrollShow.js HTTP/1.1" 304 -
186.29.89.19 - - [26/Jul/2015:13:20:20 -0500] "GET /galeria/galeria/jquery.fancybox.js?v=2.1.5 HTTP/1.1" 304 -
190.68.197.230 - - [26/Jul/2015:13:20:18 -0500] "GET /forest/actions/forms.getList?codForm=visitatecnica&id=idtercero5&text=SURTIAVES%20DE%20CARI HTTP/1.1" 200 2
190.68.197.230 - - [26/Jul/2015:13:20:18 -0500] "GET /forest/actions/forms.getList?codForm=visitatecnica&id=idtercero5&text=SURTIAVES%20DE%20CAR HTTP/1.1" 200 2
190.68.197.230 - - [26/Jul/2015:13:20:18 -0500] "GET /forest/actions/forms.getList?codForm=visitatecnica&id=idtercero5&text=SURTIAVES%20DE%20CAT HTTP/1.1" 200 2
190.68.197.230 - - [26/Jul/2015:13:20:18 -0500] "GET /forest/actions/forms.getList?codForm=visitatecnica&id=idtercero5&text=ASADERO%20RESTAURANTE%20Y%20PESCADERIA%20SABRO%20BRASA HTTP/1.1" 200 2
190.68.197.230 - - [26/Jul/2015:13:20:19 -0500] "GET /forest/actions/forms.getList?codForm=visitatecnica&id=idtercero5&text=ASADERO%20RESTAURANTE%20Y%20PESCADERIA%20SABRO%20BRA HTTP/1.1" 200 2
190.68.197.230 - - [26/Jul/2015:13:20:19 -0500] "GET /forest/actions/forms.getList?codForm=visitatecnica&id=idtercero5&text=ASADERO%20RESTAURANTE%20Y%20PESCADERIA%20SABRO%20BRAS HTTP/1.1" 200 2
190.68.197.230 - - [26/Jul/2015:13:20:20 -0500] "GET /forest/actions/forms.getList?codForm=visitatecnica&id=idtercero5&text=SURTIAVES%20DE%20CA HTTP/1.1" 200 2
190.68.197.230 - - [26/Jul/2015:13:20:21 -0500] "GET /forest/actions/forms.getList?codForm=visitatecnica&id=idtercero5&text=SURTIAVES%20DE%20CAT HTTP/1.1" 200 2
190.68.197.230 - - [26/Jul/2015:13:20:21 -0500] "GET /forest/actions/forms.getList?codForm=visitatecnica&id=idtercero5&text=ASADERO%20RESTAURANTE%20Y%20PESCADERIA%20SABRO%20BR HTTP/1.1" 200 2
172.22.2.3 - - [26/Jul/2015:13:20:23 -0500] "POST /cumbredelclima/wp-admin/admin-ajax.php HTTP/1.1" 200 23
186.154.197.162 - - [26/Jul/2015:13:20:24 -0500] "GET /crossdomain.xml HTTP/1.1" 404 1280
190.68.197.230 - - [26/Jul/2015:13:20:22 -0500] "GET /forest/actions/forms.getList?codForm=visitatecnica&id=idtercero5&text=ASADERO%20RESTAURANTE%20Y%20PESCADERIA%20SABRO%20BRA HTTP/1.1" 200 2
186.154.197.162 - - [26/Jul/2015:13:20:24 -0500] "GET /arcgis/services/Calidad_del_Agua_WQI/MapServer/WMSServer?HEIGHT=475&STYLES=&LAYERS=3%2C4%2C5%2C6%2C7&BBOX=%2D74%2E07018727309004%2C4%2E620318250108049%2C%2D74%2E06531413695011%2C4%2E622578738063588&VERSION=1%2E1%2E1&TRANSPARENT=TRUE&SERVICE=WMS&SRS=EPSG%3A4686&REQUEST=GetMap&FORMAT=image%2Fpng&WIDTH=1024 HTTP/1.1" 200 3077
190.68.197.230 - - [26/Jul/2015:13:20:24 -0500] "GET /forest/actions/forms.getList?codForm=visitatecnica&id=idtercero5&text=ASADERO%20RESTAURANTE%20Y%20PESCADERIA%20SABRO%20BR HTTP/1.1" 200 2
190.68.197.230 - - [26/Jul/2015:13:20:24 -0500] "GET /forest/actions/forms.getList?codForm=visitatecnica&id=idtercero5&text=ASADERO%20RESTAURANTE%20Y%20PESCADERIA%20SABRO HTTP/1.1" 200 2
190.68.197.230 - - [26/Jul/2015:13:20:24 -0500] "GET /forest/actions/forms.getList?codForm=visitatecnica&id=idtercero5&text=ASADERO%20RESTAURANTE%20Y%20PESCADERIA%20SABR HTTP/1.1" 200 2
190.68.197.230 - - [26/Jul/2015:13:20:24 -0500] "GET /forest/actions/forms.getList?codForm=visitatecnica&id=idtercero5&text=ASADERO%20RESTAURANTE%20Y%20PESCADERIA%20SABRO%20 HTTP/1.1" 200 2
190.68.197.230 - - [26/Jul/2015:13:20:24 -0500] "GET /forest/actions/forms.getList?codForm=visitatecnica&id=idtercero5&text=ASADERO%20RESTAURANTE%20Y%20PESCADERIA%20SABRO%20B HTTP/1.1" 200 2
190.68.197.230 - - [26/Jul/2015:13:20:25 -0500] "GET /forest/actions/forms.getList?codForm=visitatecnica&id=idtercero5&text=ASADERO%20RESTAURANTE%20Y%20PESCADERIA%20SAB HTTP/1.1" 200 2
201.245.192.253 - - [26/Jul/2015:13:20:15 -0500] "POST /wp-admin/admin-ajax.php HTTP/1.1" 200 23
190.68.197.230 - - [26/Jul/2015:13:20:26 -0500] "GET /forest/actions/forms.getList?codForm=visitatecnica&id=idtercero5&text=ASADERO%20RESTAURANTE%20Y%20PESCADERIA%20SA HTTP/1.1" 200 2
190.68.197.230 - - [26/Jul/2015:13:20:27 -0500] "GET /forest/actions/forms.getList?codForm=visitatecnica&id=idtercero5&text=ASADERO%20RESTAURANTE%20Y%20PESCADERIA%20S HTTP/1.1" 200 2
190.68.197.230 - - [26/Jul/2015:13:20:27 -0500] "GET /forest/actions/forms.getList?codForm=visitatecnica&id=idtercero5&text=ASADERO%20RESTAURANTE%20Y%20PESCADERIA%20 HTTP/1.1" 200 2
66.249.64.106 - - [26/Jul/2015:13:20:29 -0500] "GET /BLA/resoluciones/RESOLUCIONES%202014/0933.pdf HTTP/1.1" 304 -
190.68.197.230 - - [26/Jul/2015:13:20:27 -0500] "GET /forest/actions/forms.getList?codForm=visitatecnica&id=idtercero5&text=ASADERO%20RESTAURANTE%20Y%20PESCADERIA HTTP/1.1" 200 2
186.154.197.162 - - [26/Jul/2015:13:20:31 -0500] "GET /arcgis/services/Calidad_del_Agua_WQI/MapServer/WMSServer?HEIGHT=475&STYLES=&LAYERS=3%2C4%2C5%2C6%2C7&BBOX=%2D74%2E07023007506633%2C4%2E621421465173186%2C%2D74%2E0653569389264%2C4%2E623681953128725&VERSION=1%2E1%2E1&TRANSPARENT=TRUE&SERVICE=WMS&SRS=EPSG%3A4686&REQUEST=GetMap&FORMAT=image%2Fpng&WIDTH=1024 HTTP/1.1" 200 3077
186.154.197.162 - - [26/Jul/2015:13:20:34 -0500] "GET /arcgis/services/Calidad_del_Agua_WQI/MapServer/WMSServer?HEIGHT=475&STYLES=&LAYERS=3%2C4%2C5%2C6%2C7&BBOX=%2D74%2E07340665550912%2C4%2E62102885410723%2C%2D74%2E06122381515927%2C4%2E626680073996077&VERSION=1%2E1%2E1&TRANSPARENT=TRUE&SERVICE=WMS&SRS=EPSG%3A4686&REQUEST=GetMap&FORMAT=image%2Fpng&WIDTH=1024 HTTP/1.1" 200 4141
186.154.197.162 - - [26/Jul/2015:13:20:34 -0500] "GET /arcgis/services/Calidad_del_Agua_WQI/MapServer/WMSServer?HEIGHT=475&STYLES=&LAYERS=3%2C4%2C5%2C6%2C7&BBOX=%2D74%2E07023007506633%2C4%2E6214214651731895%2C%2D74%2E0653569389264%2C4%2E623681953128728&VERSION=1%2E1%2E1&TRANSPARENT=TRUE&SERVICE=WMS&SRS=EPSG%3A4686&REQUEST=GetMap&FORMAT=image%2Fpng&WIDTH=1024 HTTP/1.1" 200 3077
186.154.197.162 - - [26/Jul/2015:13:20:36 -0500] "GET /crossdomain.xml HTTP/1.1" 404 1280
186.154.197.162 - - [26/Jul/2015:13:20:36 -0500] "GET /arcgis/services/Calidad_del_Agua_WQI/MapServer/WMSServer?HEIGHT=475&STYLES=&LAYERS=3%2C4%2C5%2C6%2C7&BBOX=%2D74%2E06917121491875%2C4%2E621552335528516%2C%2D74%2E06673464684877%2C4%2E622682579506286&VERSION=1%2E1%2E1&TRANSPARENT=TRUE&SERVICE=WMS&SRS=EPSG%3A4686&REQUEST=GetMap&FORMAT=image%2Fpng&WIDTH=1024 HTTP/1.1" 200 3077
172.22.2.3 - - [26/Jul/2015:13:20:38 -0500] "POST /cumbredelclima/wp-admin/admin-ajax.php HTTP/1.1" 200 23
190.68.197.230 - - [26/Jul/2015:13:20:39 -0500] "GET /forest/actions/forms.getList?codForm=visitatecnica&id=idtercero5&text=D HTTP/1.1" 200 1359
190.68.197.230 - - [26/Jul/2015:13:20:39 -0500] "GET /forest/actions/forms.getList?codForm=visitatecnica&id=idtercero5&text=DI HTTP/1.1" 200 1240
190.68.197.230 - - [26/Jul/2015:13:20:39 -0500] "GET /forest/actions/forms.getList?codForm=visitatecnica&id=idtercero5&text=DIA HTTP/1.1" 200 1103
190.68.197.230 - - [26/Jul/2015:13:20:40 -0500] "GET /forest/actions/forms.getList?codForm=visitatecnica&id=idtercero5&text=DIAZ HTTP/1.1" 200 1060
190.68.197.230 - - [26/Jul/2015:13:20:40 -0500] "GET /forest/actions/forms.getList?codForm=visitatecnica&id=idtercero5&text=DIAZ%20 HTTP/1.1" 200 1095
190.68.197.230 - - [26/Jul/2015:13:20:40 -0500] "GET /forest/actions/forms.getList?codForm=visitatecnica&id=idtercero5&text=DIAZ%20L HTTP/1.1" 200 1132
190.68.197.230 - - [26/Jul/2015:13:20:40 -0500] "GET /forest/actions/forms.getList?codForm=visitatecnica&id=idtercero5&text=DIAZ%20LE HTTP/1.1" 200 591
190.68.197.230 - - [26/Jul/2015:13:20:41 -0500] "GET /forest/actions/forms.getList?codForm=visitatecnica&id=idtercero5&text=DIAZ%20LEE HTTP/1.1" 200 52
190.68.197.230 - - [26/Jul/2015:13:20:43 -0500] "GET /forest/actions/forms.getList?codForm=visitatecnica&id=idtercero5&text=DIAZ%20LEE%20 HTTP/1.1" 200 52
186.30.165.2 - - [26/Jul/2015:13:20:48 -0500] "GET /BLA/boletinlegal/js/jquery.scrollShow.js HTTP/1.1" 304 -
186.30.165.2 - - [26/Jul/2015:13:20:48 -0500] "GET /galeria/galeria/jquery.fancybox.js?v=2.1.5 HTTP/1.1" 304 -
186.30.165.2 - - [26/Jul/2015:13:20:48 -0500] "GET /galeria/galeria/jquery.fancybox.css?v=2.1.5 HTTP/1.1" 304 -
66.249.64.106 - - [26/Jul/2015:13:20:50 -0500] "GET /BLA/resoluciones/RESOLUCIONES%202012/0611.pdf HTTP/1.1" 304 -
172.22.2.3 - - [26/Jul/2015:13:20:53 -0500] "POST /cumbredelclima/wp-admin/admin-ajax.php HTTP/1.1" 200 23
186.30.165.2 - - [26/Jul/2015:13:20:54 -0500] "GET /videos/QueEsPREAD.flv HTTP/1.1" 200 15958405
186.28.13.42 - - [26/Jul/2015:13:20:55 -0500] "GET /galeria/galeria/jquery.fancybox.css?v=2.1.5 HTTP/1.1" 200 4895
186.28.13.42 - - [26/Jul/2015:13:20:55 -0500] "GET /BLA/boletinlegal/js/jquery.scrollShow.js HTTP/1.1" 200 4586
186.28.13.42 - - [26/Jul/2015:13:20:55 -0500] "GET /galeria/galeria/jquery.fancybox.js?v=2.1.5 HTTP/1.1" 200 48706
172.22.2.3 - - [26/Jul/2015:13:21:08 -0500] "POST /cumbredelclima/wp-admin/admin-ajax.php HTTP/1.1" 200 23
66.249.64.69 - - [26/Jul/2015:13:21:11 -0500] "GET / HTTP/1.1" 200 123269
186.29.89.19 - - [26/Jul/2015:13:21:22 -0500] "GET /galeria/nivo-slider/demo/demo.html HTTP/1.1" 200 5224
186.29.89.19 - - [26/Jul/2015:13:21:22 -0500] "GET /galeria/carrusel/Carrusel/jquery.thumbnailScroller.css HTTP/1.1" 200 2066
186.29.89.19 - - [26/Jul/2015:13:21:22 -0500] "GET /galeria/carrusel/Carrusel/jquery-ui-1.8.13.custom.min.js HTTP/1.1" 200 10800
186.29.89.19 - - [26/Jul/2015:13:21:23 -0500] "GET /galeria/nivo-slider/themes/default/default.css HTTP/1.1" 200 1569
172.22.2.3 - - [26/Jul/2015:13:21:23 -0500] "POST /cumbredelclima/wp-admin/admin-ajax.php HTTP/1.1" 200 23
186.29.89.19 - - [26/Jul/2015:13:21:23 -0500] "GET /galeria/nivo-slider/themes/pascal/pascal.css HTTP/1.1" 200 2258
186.29.89.19 - - [26/Jul/2015:13:21:25 -0500] "GET /galeria/nivo-slider/themes/orman/orman.css HTTP/1.1" 200 2152
186.29.89.19 - - [26/Jul/2015:13:21:26 -0500] "GET /galeria/nivo-slider/nivo-slider.css HTTP/1.1" 200 1507
186.29.89.19 - - [26/Jul/2015:13:21:26 -0500] "GET /galeria/nivo-slider/demo/style.css HTTP/1.1" 200 2222
186.29.89.19 - - [26/Jul/2015:13:21:26 -0500] "GET /galeria/carrusel/Carrusel/jquery.thumbnailScroller.js HTTP/1.1" 200 8157
186.29.89.19 - - [26/Jul/2015:13:21:26 -0500] "GET /galeria/nivo-slider/demo/scripts/jquery-1.7.1.min.js HTTP/1.1" 200 93868
186.29.89.19 - - [26/Jul/2015:13:21:26 -0500] "GET /galeria/nivo-slider/jquery.nivo.slider.pack.js HTTP/1.1" 200 11561
186.29.89.19 - - [26/Jul/2015:13:21:27 -0500] "GET /galeria/nivo-slider/demo/images/Rendicion-de-cuentas.jpg HTTP/1.1" 200 309079
186.29.89.19 - - [26/Jul/2015:13:21:27 -0500] "GET /galeria/nivo-slider/demo/images/banner-llantas2.jpg HTTP/1.1" 200 204644
186.29.89.19 - - [26/Jul/2015:13:21:27 -0500] "GET /galeria/nivo-slider/demo/images/4Simple_Slider.png HTTP/1.1" 200 11722
186.29.89.19 - - [26/Jul/2015:13:21:29 -0500] "GET /galeria/nivo-slider/themes/default/loading.gif HTTP/1.1" 200 1737
66.249.64.101 - - [26/Jul/2015:13:21:31 -0500] "GET /BLA/resoluciones/AUTOS%202013/0198.pdf HTTP/1.1" 304 -
186.29.89.19 - - [26/Jul/2015:13:21:33 -0500] "GET /galeria/nivo-slider/demo/images/Semana-PYBA.jpg HTTP/1.1" 200 147360
190.68.197.230 - - [26/Jul/2015:13:21:34 -0500] "GET /forest/index2.jsp?_a=0.1466081701219082 HTTP/1.1" 200 64692
190.68.197.230 - - [26/Jul/2015:13:21:35 -0500] "GET /forest/session.jsp?a=0.9207179590594023 HTTP/1.1" 200 4
190.68.197.230 - - [26/Jul/2015:13:21:37 -0500] "GET /forest/misactividades.do?group_system_actual=3&codPro=95&_a=0.5378611331178603 HTTP/1.1" 200 38223
190.68.197.230 - - [26/Jul/2015:13:21:37 -0500] "GET /forest/skins/gdocs-jar/jsp/cookie.jsp?name=grid_nompro&del HTTP/1.1" 200 -
190.68.197.230 - - [26/Jul/2015:13:21:37 -0500] "GET /forest/session.jsp?a=0.8657160943839699 HTTP/1.1" 200 4
190.68.197.230 - - [26/Jul/2015:13:21:37 -0500] "POST /forest/misactividades.do?ajax=true&a=0.4200531595852226 HTTP/1.1" 200 11224
172.22.2.3 - - [26/Jul/2015:13:21:38 -0500] "POST /cumbredelclima/wp-admin/admin-ajax.php HTTP/1.1" 200 23
201.245.192.253 - - [26/Jul/2015:13:21:47 -0500] "GET /forest/session.jsp?a=0.06108831972410955 HTTP/1.1" 200 4
66.249.64.96 - - [26/Jul/2015:13:21:52 -0500] "GET /BLA/resoluciones/RESOLUCIONES%202010/5757.pdf HTTP/1.1" 304 -
172.22.2.3 - - [26/Jul/2015:13:21:53 -0500] "POST /cumbredelclima/wp-admin/admin-ajax.php HTTP/1.1" 200 23
172.22.2.3 - - [26/Jul/2015:13:22:08 -0500] "POST /cumbredelclima/wp-admin/admin-ajax.php HTTP/1.1" 200 23
172.22.2.3 - - [26/Jul/2015:13:22:23 -0500] "POST /cumbredelclima/wp-admin/admin-ajax.php HTTP/1.1" 200 23
186.154.197.162 - - [26/Jul/2015:13:22:27 -0500] "GET /crossdomain.xml HTTP/1.1" 404 1280
201.245.192.253 - - [26/Jul/2015:13:22:15 -0500] "POST /wp-admin/admin-ajax.php HTTP/1.1" 200 23
186.154.197.162 - - [26/Jul/2015:13:22:28 -0500] "GET /arcgis/services/Calidad_del_Agua_WQI/MapServer/WMSServer?HEIGHT=475&STYLES=&LAYERS=3%2C4%2C5%2C6%2C7&BBOX=%2D74%2E06860490319936%2C4%2E6217188977989245%2C%2D74%2E06738661916437%2C4%2E622284019787809&VERSION=1%2E1%2E1&TRANSPARENT=TRUE&SERVICE=WMS&SRS=EPSG%3A4686&REQUEST=GetMap&FORMAT=image%2Fpng&WIDTH=1024 HTTP/1.1" 200 3077
186.154.197.162 - - [26/Jul/2015:13:22:29 -0500] "GET /arcgis/services/Calidad_del_Agua_WQI/MapServer/WMSServer?HEIGHT=475&STYLES=&LAYERS=3%2C4%2C5%2C6%2C7&BBOX=%2D74%2E06917002518824%2C4%2E621552335528516%2C%2D74%2E06673345711826%2C4%2E622682579506286&VERSION=1%2E1%2E1&TRANSPARENT=TRUE&SERVICE=WMS&SRS=EPSG%3A4686&REQUEST=GetMap&FORMAT=image%2Fpng&WIDTH=1024 HTTP/1.1" 200 3077
186.154.197.162 - - [26/Jul/2015:13:22:29 -0500] "GET /arcgis/services/Calidad_del_Agua_WQI/MapServer/WMSServer?HEIGHT=475&STYLES=&LAYERS=3%2C4%2C5%2C6%2C7&BBOX=%2D74%2E07027171563394%2C4%2E621104996859413%2C%2D74%2E065398579494%2C4%2E6233654848149515&VERSION=1%2E1%2E1&TRANSPARENT=TRUE&SERVICE=WMS&SRS=EPSG%3A4686&REQUEST=GetMap&FORMAT=image%2Fpng&WIDTH=1024 HTTP/1.1" 200 3077
95.143.172.224 - - [26/Jul/2015:13:22:30 -0500] "GET /wp-admin/ HTTP/1.1" 404 1018
66.249.64.101 - - [26/Jul/2015:13:22:34 -0500] "GET /BLA/resoluciones/AUTOS%202011/3603.pdf HTTP/1.1" 304 -
186.154.197.162 - - [26/Jul/2015:13:22:35 -0500] "GET /arcgis/services/Calidad_del_Agua_WQI/MapServer/WMSServer?HEIGHT=475&STYLES=&LAYERS=3%2C4%2C5%2C6%2C7&BBOX=%2D74%2E07427634850676%2C4%2E619969993959636%2C%2D74%2E0620935081569%2C4%2E625621213848483&VERSION=1%2E1%2E1&TRANSPARENT=TRUE&SERVICE=WMS&SRS=EPSG%3A4686&REQUEST=GetMap&FORMAT=image%2Fpng&WIDTH=1024 HTTP/1.1" 200 3643
172.22.2.3 - - [26/Jul/2015:13:22:38 -0500] "POST /cumbredelclima/wp-admin/admin-ajax.php HTTP/1.1" 200 23
172.22.2.3 - - [26/Jul/2015:13:22:53 -0500] "POST /cumbredelclima/wp-admin/admin-ajax.php HTTP/1.1" 200 23
172.22.2.3 - - [26/Jul/2015:13:23:08 -0500] "POST /cumbredelclima/wp-admin/admin-ajax.php HTTP/1.1" 200 23
66.249.64.101 - - [26/Jul/2015:13:23:15 -0500] "GET /BLA/resoluciones/RESOLUCIONES%202007/RES%202007%201401%20AL%201500/RESOLUCION%201410%20DE%202007.pdf HTTP/1.1" 304 -
172.22.2.3 - - [26/Jul/2015:13:23:23 -0500] "POST /cumbredelclima/wp-admin/admin-ajax.php HTTP/1.1" 200 23
181.61.115.39 - - [26/Jul/2015:13:23:31 -0500] "GET /galeria/galeria/jquery.fancybox.css?v=2.1.5 HTTP/1.1" 200 4895
181.61.115.39 - - [26/Jul/2015:13:23:31 -0500] "GET /BLA/boletinlegal/js/jquery.scrollShow.js HTTP/1.1" 200 4586
181.61.115.39 - - [26/Jul/2015:13:23:31 -0500] "GET /galeria/galeria/jquery.fancybox.js?v=2.1.5 HTTP/1.1" 200 48706
181.61.115.39 - - [26/Jul/2015:13:23:37 -0500] "GET /galeria/galeria/jquery.fancybox.css?v=2.1.5 HTTP/1.1" 304 -
181.61.115.39 - - [26/Jul/2015:13:23:37 -0500] "GET /BLA/boletinlegal/js/jquery.scrollShow.js HTTP/1.1" 304 -
181.61.115.39 - - [26/Jul/2015:13:23:37 -0500] "GET /galeria/galeria/jquery.fancybox.js?v=2.1.5 HTTP/1.1" 304 -
172.22.2.3 - - [26/Jul/2015:13:23:38 -0500] "POST /cumbredelclima/wp-admin/admin-ajax.php HTTP/1.1" 200 23
172.22.2.3 - - [26/Jul/2015:13:23:53 -0500] "POST /cumbredelclima/wp-admin/admin-ajax.php HTTP/1.1" 200 23
66.249.64.96 - - [26/Jul/2015:13:23:56 -0500] "GET /autoliquidacion/Solicitud%20de%20expedici%C3%B3n%20de%20certificados%20de%20estado%20de%20conservaci%C3%B3n%20ambiental%20(CECA)/FORMULARIO%20DE%20SOLICITUD%20DE%20CECA.pdf HTTP/1.1" 304 -
172.22.2.3 - - [26/Jul/2015:13:24:08 -0500] "POST /cumbredelclima/wp-admin/admin-ajax.php HTTP/1.1" 200 23
172.22.2.3 - - [26/Jul/2015:13:24:23 -0500] "POST /cumbredelclima/wp-admin/admin-ajax.php HTTP/1.1" 200 23
201.245.192.253 - - [26/Jul/2015:13:24:15 -0500] "POST /wp-admin/admin-ajax.php HTTP/1.1" 200 23
74.86.158.107 - - [26/Jul/2015:13:24:32 -0500] "HEAD / HTTP/1.1" 200 -
172.22.2.3 - - [26/Jul/2015:13:24:38 -0500] "POST /cumbredelclima/wp-admin/admin-ajax.php HTTP/1.1" 200 23
181.61.173.135 - - [26/Jul/2015:13:24:38 -0500] "GET /forest/session.jsp?a=0.6059190379455686 HTTP/1.1" 200 4
66.249.64.6 - - [26/Jul/2015:13:24:40 -0500] "GET / HTTP/1.1" 200 10190
66.249.64.106 - - [26/Jul/2015:13:24:41 -0500] "GET /BLA/resoluciones/RESOLUCIONES%202014/3653.pdf HTTP/1.1" 304 -
66.249.64.253 - - [26/Jul/2015:13:24:42 -0500] "GET /Autoliquidacion/Solicitudes%20relacionadas%20con%20calidad%20del%20aire%20auditiva%20y%20visual/Acompa%C3%B1amiento%20para%20muestreo%20isocin%C3%A9tico%20y%20o%20determinaciones%20de%20emisiones%20a%20fuentes%20fijas/lineamientos%20Construccion%20Mues%20Emision%20.pdf HTTP/1.1" 304 -
66.249.64.101 - - [26/Jul/2015:13:24:45 -0500] "GET /BLA/resoluciones/AUTOS%202009/0708.pdf HTTP/1.1" 304 -
66.249.64.101 - - [26/Jul/2015:13:24:45 -0500] "GET /BLA/resoluciones/RESOLUCIONES%202014/1460.pdf HTTP/1.1" 304 -
66.249.64.106 - - [26/Jul/2015:13:24:46 -0500] "GET /BLA/resoluciones/AUTOS%202013/0201.pdf HTTP/1.1" 304 -
172.22.2.3 - - [26/Jul/2015:13:24:53 -0500] "POST /cumbredelclima/wp-admin/admin-ajax.php HTTP/1.1" 200 23
66.249.64.106 - - [26/Jul/2015:13:24:55 -0500] "GET /m/BLA/resoluciones/RESOLUCIONES%202011/4851.pdf HTTP/1.1" 404 1018
201.245.192.253 - - [26/Jul/2015:13:24:59 -0500] "GET /forest/session.jsp?a=0.6996754291258889 HTTP/1.1" 200 4
172.22.2.3 - - [26/Jul/2015:13:25:08 -0500] "POST /cumbredelclima/wp-admin/admin-ajax.php HTTP/1.1" 200 23
66.249.64.96 - - [26/Jul/2015:13:25:09 -0500] "GET /BLA/resoluciones/RESOLUCIONES%202012/1228.pdf HTTP/1.1" 304 -
172.22.2.3 - - [26/Jul/2015:13:25:23 -0500] "POST /cumbredelclima/wp-admin/admin-ajax.php HTTP/1.1" 200 23
172.22.2.3 - - [26/Jul/2015:13:25:38 -0500] "POST /cumbredelclima/wp-admin/admin-ajax.php HTTP/1.1" 200 23
186.87.255.25 - - [26/Jul/2015:13:25:47 -0500] "GET /galeria/galeria/jquery.fancybox.css?v=2.1.5 HTTP/1.1" 200 4895
186.87.255.25 - - [26/Jul/2015:13:25:47 -0500] "GET /BLA/boletinlegal/js/jquery.scrollShow.js HTTP/1.1" 200 4586
186.87.255.25 - - [26/Jul/2015:13:25:47 -0500] "GET /galeria/galeria/jquery.fancybox.js?v=2.1.5 HTTP/1.1" 200 48706
172.22.2.3 - - [26/Jul/2015:13:25:53 -0500] "POST /cumbredelclima/wp-admin/admin-ajax.php HTTP/1.1" 200 23
181.61.137.212 - - [26/Jul/2015:13:25:59 -0500] "GET /BLA/resoluciones/AUTOS%202011/2404.pdf HTTP/1.1" 200 163725
181.61.137.212 - - [26/Jul/2015:13:25:59 -0500] "GET /favicon.ico HTTP/1.1" 200 7782
172.22.2.3 - - [26/Jul/2015:13:26:08 -0500] "POST /cumbredelclima/wp-admin/admin-ajax.php HTTP/1.1" 200 23
172.22.2.3 - - [26/Jul/2015:13:26:23 -0500] "POST /cumbredelclima/wp-admin/admin-ajax.php HTTP/1.1" 200 23
