186.28.38.111 - - [02/Aug/2015:01:18:07 -0500] "GET /galeria/galeria/jquery.fancybox.css?v=2.1.5 HTTP/1.1" 200 4895
186.28.38.111 - - [02/Aug/2015:01:18:07 -0500] "GET /BLA/boletinlegal/js/jquery.scrollShow.js HTTP/1.1" 200 4586
186.28.38.111 - - [02/Aug/2015:01:18:07 -0500] "GET /galeria/galeria/jquery.fancybox.js?v=2.1.5 HTTP/1.1" 200 48706
66.249.64.101 - - [02/Aug/2015:01:18:19 -0500] "GET /BLA/resoluciones/RESOLUCIONES%202009/3020.pdf HTTP/1.1" 200 604804
186.28.38.111 - - [02/Aug/2015:01:18:26 -0500] "GET /galeria/galeria/jquery.fancybox.css?v=2.1.5 HTTP/1.1" 304 -
186.28.38.111 - - [02/Aug/2015:01:18:26 -0500] "GET /BLA/boletinlegal/js/jquery.scrollShow.js HTTP/1.1" 304 -
186.28.38.111 - - [02/Aug/2015:01:18:26 -0500] "GET /galeria/galeria/jquery.fancybox.js?v=2.1.5 HTTP/1.1" 304 -
5.22.130.169 - - [02/Aug/2015:01:18:19 -0500] "POST /xmlrpc.php HTTP/1.1" 200 415
180.76.15.141 - - [02/Aug/2015:01:19:14 -0500] "GET /POT-2013/Cartografia/14_Sistema%20de%20Movilidad_Subsistema%20Vial_FEB.pdf HTTP/1.1" 200 4617200
66.249.64.96 - - [02/Aug/2015:01:19:31 -0500] "GET /BLA/resoluciones/AUTOS%202011/4848.pdf HTTP/1.1" 200 222326
66.249.64.96 - - [02/Aug/2015:01:20:04 -0500] "GET /BLA/resoluciones/RESOLUCIONES%202009/8740.pdf HTTP/1.1" 200 437983
157.55.39.152 - - [02/Aug/2015:01:20:52 -0500] "GET /wp-content/uploads/2015/07/boton-comunicados.png HTTP/1.1" 200 34710
207.46.13.40 - - [02/Aug/2015:01:21:38 -0500] "GET /dama/libreria/pdf/pigas/piga_jb/anexo6.pdf HTTP/1.1" 404 1015
66.249.64.106 - - [02/Aug/2015:01:22:22 -0500] "GET /BLA/resoluciones/RESOLUCIONES%202009/7004.pdf HTTP/1.1" 200 724537
180.76.15.158 - - [02/Aug/2015:01:22:24 -0500] "GET / HTTP/1.1" 200 127460
180.76.15.137 - - [02/Aug/2015:01:22:20 -0500] "GET / HTTP/1.1" 200 127460
74.86.158.107 - - [02/Aug/2015:01:22:59 -0500] "HEAD / HTTP/1.1" 200 -
66.249.64.106 - - [02/Aug/2015:01:24:52 -0500] "GET /BLA/resoluciones/RESOLUCIONES%202008/3543.pdf HTTP/1.1" 200 198869
66.249.64.96 - - [02/Aug/2015:01:25:04 -0500] "GET /BLA/resoluciones/RESOLUCIONES%202009/5581.pdf HTTP/1.1" 200 523225
66.249.64.106 - - [02/Aug/2015:01:25:52 -0500] "GET /BLA/resoluciones/RESOLUCIONES%202012/0965.pdf HTTP/1.1" 200 541813
66.249.64.106 - - [02/Aug/2015:01:26:00 -0500] "GET /BLA/resoluciones/RESOLUCIONES%202008/0026.pdf HTTP/1.1" 304 -
66.249.64.96 - - [02/Aug/2015:01:26:03 -0500] "GET /BLA/resoluciones/RESOLUCIONES%202009/8562.pdf HTTP/1.1" 304 -
66.249.64.29 - - [02/Aug/2015:01:26:03 -0500] "GET / HTTP/1.1" 200 127474
66.249.64.96 - - [02/Aug/2015:01:26:18 -0500] "GET /BLA/resoluciones/RESOLUCIONES%202008/2928.pdf HTTP/1.1" 200 315345
66.249.64.106 - - [02/Aug/2015:01:27:47 -0500] "GET /BLA/resoluciones/RESOLUCIONES%202011/5513.pdf HTTP/1.1" 200 480657
74.86.158.107 - - [02/Aug/2015:01:27:59 -0500] "HEAD / HTTP/1.1" 200 -
66.249.64.106 - - [02/Aug/2015:01:28:46 -0500] "GET /BLA/resoluciones/RESOLUCIONES%202009/1157.pdf HTTP/1.1" 200 37679
66.249.64.248 - - [02/Aug/2015:01:28:57 -0500] "GET /SIG/index.php?dir=ECS%2F HTTP/1.1" 200 16570
66.249.64.19 - - [02/Aug/2015:01:29:00 -0500] "GET /wp-content/uploads/2015/06/segundo-comunicado.pdf HTTP/1.1" 304 -
66.249.64.106 - - [02/Aug/2015:01:30:30 -0500] "GET /BLA/resoluciones/RESOLUCIONES%202012/0805.pdf HTTP/1.1" 304 -
190.27.61.80 - - [02/Aug/2015:01:31:23 -0500] "GET /BLA/resoluciones/RESOLUCIONES%202014/0610.pdf HTTP/1.1" 200 561342
190.27.61.80 - - [02/Aug/2015:01:31:23 -0500] "GET /BLA/resoluciones/RESOLUCIONES%202014/0610.pdf HTTP/1.1" 200 561342
190.27.61.80 - - [02/Aug/2015:01:31:24 -0500] "GET /favicon.ico HTTP/1.1" 200 7782
66.249.64.106 - - [02/Aug/2015:01:32:04 -0500] "GET /BLA/resoluciones/RESOLUCIONES%202012/1307.pdf HTTP/1.1" 304 -
66.249.64.253 - - [02/Aug/2015:01:32:44 -0500] "GET / HTTP/1.1" 200 10190
66.249.64.106 - - [02/Aug/2015:01:32:47 -0500] "GET /BLA/resoluciones/RESOLUCIONES%202009/8165.pdf HTTP/1.1" 200 498073
66.249.64.253 - - [02/Aug/2015:01:32:54 -0500] "GET / HTTP/1.1" 200 10190
74.86.158.107 - - [02/Aug/2015:01:32:59 -0500] "HEAD / HTTP/1.1" 200 -
180.76.15.142 - - [02/Aug/2015:01:34:14 -0500] "GET /SIG/ECS/126PM04-PR56.pdf HTTP/1.1" 200 3757388
105.229.122.17 - - [02/Aug/2015:01:35:06 -0500] "POST /xmlrpc.php HTTP/1.1" 200 415
66.249.64.96 - - [02/Aug/2015:01:36:03 -0500] "GET /BLA/resoluciones/RESOLUCIONES%202011/5449.pdf HTTP/1.1" 200 577942
49.148.145.132 - - [02/Aug/2015:01:36:22 -0500] "GET /xmlrpc.php HTTP/1.1" 404 1018
66.249.64.106 - - [02/Aug/2015:01:36:26 -0500] "GET /BLA/resoluciones/RESOLUCIONES%202008/3464.pdf HTTP/1.1" 200 383106
66.249.64.24 - - [02/Aug/2015:01:36:29 -0500] "GET /wp-content/uploads/2015/06/comunicado-5-de-junio.pdf HTTP/1.1" 304 -
66.249.64.96 - - [02/Aug/2015:01:36:30 -0500] "GET /BLA/resoluciones/RESOLUCIONES%202013/0812.pdf HTTP/1.1" 304 -
66.249.64.106 - - [02/Aug/2015:01:36:35 -0500] "GET /BLA/resoluciones/RESOLUCIONES%202008/1466.pdf HTTP/1.1" 200 301618
66.249.64.106 - - [02/Aug/2015:01:36:42 -0500] "GET /BLA/resoluciones/RESOLUCIONES%202009/1115.pdf HTTP/1.1" 200 313106
74.86.158.107 - - [02/Aug/2015:01:37:59 -0500] "HEAD / HTTP/1.1" 200 -
66.249.64.96 - - [02/Aug/2015:01:38:00 -0500] "GET /BLA/resoluciones/RESOLUCIONES%202007/RES%202007%202301%20AL%202400/RESOLUCION%202347%20DE%202007.pdf HTTP/1.1" 304 -
66.249.64.101 - - [02/Aug/2015:01:38:07 -0500] "GET /BLA/resoluciones/RESOLUCIONES%202009/1245.pdf HTTP/1.1" 200 708989
66.249.64.96 - - [02/Aug/2015:01:39:20 -0500] "GET /BLA/resoluciones/RESOLUCIONES%202009/1513.pdf HTTP/1.1" 200 537624
66.249.64.101 - - [02/Aug/2015:01:39:29 -0500] "GET /BLA/resoluciones/RESOLUCIONES%202010/6934.pdf HTTP/1.1" 304 -
65.55.212.66 - - [02/Aug/2015:01:41:58 -0500] "GET /BLA/boletinlegal/js/jquery.scrollShow.js HTTP/1.1" 200 4586
131.253.24.147 - - [02/Aug/2015:01:41:58 -0500] "GET /galeria/galeria/jquery.fancybox.js?v=2.1.5 HTTP/1.1" 200 48706
65.55.212.66 - - [02/Aug/2015:01:41:58 -0500] "GET /galeria/galeria/jquery.fancybox.css?v=2.1.5 HTTP/1.1" 200 4895
61.240.144.64 - - [02/Aug/2015:01:42:38 -0500] "GET / HTTP/1.0" 200 10190
74.86.158.107 - - [02/Aug/2015:01:42:59 -0500] "HEAD / HTTP/1.1" 200 -
66.249.64.106 - - [02/Aug/2015:01:43:52 -0500] "GET /BLA/resoluciones/RESOLUCIONES%202008/2786.pdf HTTP/1.1" 200 342318
66.249.64.101 - - [02/Aug/2015:01:44:20 -0500] "GET /BLA/resoluciones/AUTOS%202011/1882.pdf HTTP/1.1" 200 78840
66.249.64.106 - - [02/Aug/2015:01:44:38 -0500] "GET /BLA/resoluciones/RESOLUCIONES%202008/2163.pdf HTTP/1.1" 200 385849
66.249.64.96 - - [02/Aug/2015:01:46:35 -0500] "GET /BLA/resoluciones/RESOLUCIONES%202009/1176.pdf HTTP/1.1" 200 395091
66.249.64.96 - - [02/Aug/2015:01:46:51 -0500] "GET /BLA/resoluciones/RESOLUCIONES%202009/3167.pdf HTTP/1.1" 200 474375
66.249.64.19 - - [02/Aug/2015:01:47:02 -0500] "GET /wp-content/uploads/2015/07/Manual_Protocolo_PDF.pdf HTTP/1.1" 304 -
66.249.64.101 - - [02/Aug/2015:01:47:48 -0500] "GET /autoliquidacion/TR%C3%81MITES%20VERTIMIENTOS/PERMISOS%20DE%20VERTIMIENTOS/ANEXO3.%20LISTA%20DE%20CHEQUEO%20PERMISO%20VERT.%20ALCANTARILLADO%20-%20F.xls HTTP/1.1" 304 -
74.86.158.107 - - [02/Aug/2015:01:47:59 -0500] "HEAD / HTTP/1.1" 200 -
66.249.64.96 - - [02/Aug/2015:01:48:29 -0500] "GET /BLA/boletinlegal/ HTTP/1.1" 200 51011
66.249.64.96 - - [02/Aug/2015:01:49:11 -0500] "GET /BLA/resoluciones/RESOLUCIONES%202008/1386.pdf HTTP/1.1" 200 386976
180.76.15.161 - - [02/Aug/2015:01:49:14 -0500] "GET /SIG/ECS/126PM04-PR109.pdf HTTP/1.1" 200 3746786
66.249.64.106 - - [02/Aug/2015:01:49:38 -0500] "GET /even/Ca0jr6ay/tsld004.htm HTTP/1.1" 404 1018
66.249.64.96 - - [02/Aug/2015:01:49:56 -0500] "GET /BLA/resoluciones/RESOLUCIONES%202008/2022.pdf HTTP/1.1" 200 215363
66.249.64.24 - - [02/Aug/2015:01:50:00 -0500] "GET /nota-logistica/ HTTP/1.1" 200 29435
66.249.64.96 - - [02/Aug/2015:01:50:14 -0500] "GET /BLA/resoluciones/RESOLUCIONES%202009/8764.pdf HTTP/1.1" 200 55666
66.249.64.96 - - [02/Aug/2015:01:50:19 -0500] "GET /BLA/resoluciones/RESOLUCIONES%202009/8255.pdf HTTP/1.1" 200 290415
66.249.64.96 - - [02/Aug/2015:01:50:43 -0500] "GET /BLA/resoluciones/RESOLUCIONES%202009/3973.pdf HTTP/1.1" 200 497441
66.249.64.96 - - [02/Aug/2015:01:51:58 -0500] "GET /BLA/resoluciones/RESOLUCIONES%202008/1538.pdf HTTP/1.1" 200 221740
66.249.64.101 - - [02/Aug/2015:01:52:14 -0500] "GET /BLA/resoluciones/RESOLUCIONES%202007/RES%202007%201726%20AL%201800/RESOLUCION%201770%20DE%202007.pdf HTTP/1.1" 200 1255181
66.249.64.101 - - [02/Aug/2015:01:52:17 -0500] "GET /BLA/resoluciones/RESOLUCIONES%202009/6918.pdf HTTP/1.1" 200 106856
66.249.64.96 - - [02/Aug/2015:01:52:30 -0500] "GET /BLA/resoluciones/RESOLUCIONES%202009/4350.pdf HTTP/1.1" 200 209369
66.249.64.96 - - [02/Aug/2015:01:52:36 -0500] "GET /BLA/resoluciones/AUTOS%202011/2668.pdf HTTP/1.1" 200 137755
66.249.64.106 - - [02/Aug/2015:01:52:38 -0500] "GET /BLA/resoluciones/RESOLUCIONES%202009/1515.pdf HTTP/1.1" 200 459325
74.86.158.107 - - [02/Aug/2015:01:52:59 -0500] "HEAD / HTTP/1.1" 200 -
66.249.64.101 - - [02/Aug/2015:01:55:37 -0500] "GET /BLA/resoluciones/RESOLUCIONES%202008/2664.pdf HTTP/1.1" 200 238837
66.249.64.29 - - [02/Aug/2015:01:56:54 -0500] "GET /wp-content/plugins/content-views-query-and-display-post-page/public/assets/css/public.css?ver=1.6.3.1 HTTP/1.1" 200 5199
66.249.64.19 - - [02/Aug/2015:01:56:55 -0500] "GET /wp-content/plugins/content-views-query-and-display-post-page/assets/bootstrap-paginator/bootstrap-paginator.min.js?ver=0.5 HTTP/1.1" 200 8777
66.249.64.29 - - [02/Aug/2015:01:56:55 -0500] "GET /wp-content/themes/patti/js/custom/custom-social.js?ver=4.2.2 HTTP/1.1" 200 1789
66.249.64.24 - - [02/Aug/2015:01:56:56 -0500] "GET /wp-content/themes/patti/js/custom/custom-parallax.js?ver=1.0 HTTP/1.1" 200 702
66.249.64.24 - - [02/Aug/2015:01:56:56 -0500] "GET /wp-content/plugins/wp_logooos_plugin/js/logos.js HTTP/1.1" 200 30152
66.249.64.19 - - [02/Aug/2015:01:56:57 -0500] "GET /wp-content/plugins/easy-logo-slider/js/jquery.jcarousel.min.js?ver=4.2.2 HTTP/1.1" 200 17494
66.249.64.29 - - [02/Aug/2015:01:56:57 -0500] "GET /wp-content/plugins/gallery-video/style/videogallery-all.css?ver=4.2.2 HTTP/1.1" 200 -
66.249.64.29 - - [02/Aug/2015:01:56:58 -0500] "GET /wp-content/themes/patti/js/custom/custom-isotope-portfolio.js?ver=1.0 HTTP/1.1" 200 5591
66.249.64.29 - - [02/Aug/2015:01:56:58 -0500] "GET /wp-content/plugins/content-views-query-and-display-post-page/assets/bootstrap/css/bootstrap.min.css?ver=3.3.0 HTTP/1.1" 200 50487
66.249.64.29 - - [02/Aug/2015:01:56:59 -0500] "GET /wp-content/plugins/gallery-video/style/style2-os.css?ver=4.2.2 HTTP/1.1" 200 1814
66.249.64.24 - - [02/Aug/2015:01:57:00 -0500] "GET /wp-content/themes/patti/css/extend-composer.css?ver=4.2.2 HTTP/1.1" 200 22872
66.249.64.19 - - [02/Aug/2015:01:57:00 -0500] "GET /wp-content/plugins/wp_logooos_plugin/js/jquery.carouFredSel-6.2.1.js HTTP/1.1" 200 91090
66.249.64.19 - - [02/Aug/2015:01:57:01 -0500] "GET /wp-content/themes/patti/js/custom/custom-navscroll.js?ver=1.0 HTTP/1.1" 200 3051
66.249.64.24 - - [02/Aug/2015:01:57:02 -0500] "GET /wp-content/plugins/gallery-video/style/lightbox.css?ver=4.2.2 HTTP/1.1" 200 2821
66.249.64.19 - - [02/Aug/2015:01:57:02 -0500] "GET /wp-content/themes/patti/js/scripts-bottom.js?ver=4.2.2 HTTP/1.1" 200 28292
66.249.64.24 - - [02/Aug/2015:01:57:03 -0500] "GET /wp-content/themes/patti/css/audioplayer.css?ver=4.2.2 HTTP/1.1" 200 8884
66.249.64.19 - - [02/Aug/2015:01:57:04 -0500] "GET /wp-content/plugins/easy-logo-slider/css/jcarouselresponsive.css?ver=4.2.2 HTTP/1.1" 200 2010
66.249.64.19 - - [02/Aug/2015:01:57:04 -0500] "GET /wp-content/plugins/revslider/rs-plugin/js/jquery.themepunch.revolution.min.js?rev=4.6.0&ver=4.2.2 HTTP/1.1" 200 111127
66.249.64.29 - - [02/Aug/2015:01:57:05 -0500] "GET /wp-content/plugins/wp-gallery-custom-links/wp-gallery-custom-links.js?ver=1.1 HTTP/1.1" 200 1381
66.249.64.29 - - [02/Aug/2015:01:57:06 -0500] "GET /wp-content/themes/patti/js/custom/custom-nav.js?ver=1.0 HTTP/1.1" 200 1940
66.249.64.29 - - [02/Aug/2015:01:57:06 -0500] "GET /wp-content/themes/patti/js/custom/custom.js?ver=1.0 HTTP/1.1" 200 13920
66.249.64.19 - - [02/Aug/2015:01:57:07 -0500] "GET /wp-content/themes/patti/js/retina.min.js?ver=4.2.2 HTTP/1.1" 200 2993
66.249.64.19 - - [02/Aug/2015:01:57:08 -0500] "GET /wp-content/plugins/js_composer/assets/js/js_composer_front.js?ver=4.3.4 HTTP/1.1" 200 23901
66.249.64.29 - - [02/Aug/2015:01:57:09 -0500] "GET /wp-content/themes/patti/js/custom/custom-responsive-nav.js?ver=4.2.2 HTTP/1.1" 200 1676
66.249.64.29 - - [02/Aug/2015:01:57:09 -0500] "GET /wp-content/plugins/wp_logooos_plugin/js/helper-plugins/jquery.touchSwipe.min.js HTTP/1.1" 200 4325
66.249.64.24 - - [02/Aug/2015:01:57:10 -0500] "GET /wp-content/themes/patti/css/superfish.css?ver=4.2.2 HTTP/1.1" 200 1153
66.249.64.19 - - [02/Aug/2015:01:57:11 -0500] "GET /wp-content/themes/patti/framework/fonts/font-awesome/css/font-awesome.css?ver=4.2.2 HTTP/1.1" 200 21954
66.249.64.29 - - [02/Aug/2015:01:57:12 -0500] "GET /wp-content/plugins/revslider/rs-plugin/css/settings.css?rev=4.6.0&ver=4.2.2 HTTP/1.1" 200 52798
66.249.64.19 - - [02/Aug/2015:01:57:12 -0500] "GET /wp-content/themes/patti/css/owl.carousel.css?ver=4.2.2 HTTP/1.1" 200 5931
66.249.64.24 - - [02/Aug/2015:01:57:13 -0500] "GET /wp-content/plugins/contact-form-7/includes/css/styles.css?ver=4.1.2 HTTP/1.1" 200 1103
66.249.64.19 - - [02/Aug/2015:01:57:14 -0500] "GET /wp-content/plugins/easy-logo-slider/css/style-admin.css?ver=4.2.2 HTTP/1.1" 200 5249
66.249.64.29 - - [02/Aug/2015:01:57:15 -0500] "GET /wp-includes/js/jquery/jquery.js?ver=1.11.2 HTTP/1.1" 200 95952
66.249.64.19 - - [02/Aug/2015:01:57:16 -0500] "GET /wp-content/themes/patti/js/jquery.lazyload.js?ver=1.9.3 HTTP/1.1" 200 4451
66.249.64.29 - - [02/Aug/2015:01:57:16 -0500] "GET /wp-content/themes/patti/js/scripts-top.js?ver=4.2.2 HTTP/1.1" 200 30885
66.249.64.24 - - [02/Aug/2015:01:57:17 -0500] "GET /wp-content/themes/patti/js/custom/custom-isotope-blog.js?ver=1.0 HTTP/1.1" 200 3289
66.249.64.29 - - [02/Aug/2015:01:57:18 -0500] "GET /wp-content/plugins/js_composer/assets/css/js_composer.css?ver=4.3.4 HTTP/1.1" 200 82454
66.249.64.29 - - [02/Aug/2015:01:57:19 -0500] "GET /wp-content/plugins/content-views-query-and-display-post-page/public/assets/js/public.js?ver=1.6.3.1 HTTP/1.1" 200 6156
66.249.64.29 - - [02/Aug/2015:01:57:20 -0500] "GET /wp-content/themes/patti/js/custom/custom-loader.js?ver=1.0 HTTP/1.1" 200 839
66.249.64.19 - - [02/Aug/2015:01:57:21 -0500] "GET /wp-content/themes/patti/style.css?ver=4.2.2 HTTP/1.1" 200 88327
66.249.64.19 - - [02/Aug/2015:01:57:21 -0500] "GET /wp-content/themes/patti/js/jquery.queryloader2.js?ver=1.0 HTTP/1.1" 200 36527
66.249.64.29 - - [02/Aug/2015:01:57:22 -0500] "GET /wp-includes/js/comment-reply.min.js?ver=4.2.2 HTTP/1.1" 200 757
66.249.64.29 - - [02/Aug/2015:01:57:23 -0500] "GET /wp-includes/js/jquery/jquery-migrate.min.js?ver=1.2.1 HTTP/1.1" 200 7199
66.249.64.19 - - [02/Aug/2015:01:57:24 -0500] "GET /wp-content/themes/patti/js/jquery.nav.js?ver=2.2.0 HTTP/1.1" 200 2827
66.249.64.24 - - [02/Aug/2015:01:57:25 -0500] "GET /wp-content/themes/patti/js/jquery.isotope.min.js?ver=1.0 HTTP/1.1" 200 16033
66.249.64.96 - - [02/Aug/2015:01:57:31 -0500] "GET /BLA/resoluciones/RESOLUCIONES%202014/3163.pdf HTTP/1.1" 304 -
66.249.64.106 - - [02/Aug/2015:01:57:35 -0500] "GET /resoluciones/RESOLUCIONES%202008/4043.pdf HTTP/1.1" 404 1018
74.86.158.107 - - [02/Aug/2015:01:57:59 -0500] "HEAD / HTTP/1.1" 200 -
66.249.64.96 - - [02/Aug/2015:01:58:22 -0500] "GET /BLA/resoluciones/RESOLUCIONES%202009/4042.pdf HTTP/1.1" 200 65546
66.249.64.29 - - [02/Aug/2015:01:58:45 -0500] "GET /wp-content/uploads/2015/07/pasaportes-400x424.jpg HTTP/1.1" 200 28931
66.249.64.24 - - [02/Aug/2015:01:58:59 -0500] "GET /prensa-y-documentos-de-interes/ HTTP/1.1" 200 31042
68.180.230.190 - - [02/Aug/2015:01:59:45 -0500] "GET /robots.txt HTTP/1.1" 404 1018
201.230.73.215 - - [02/Aug/2015:01:59:59 -0500] "GET /BLA/resoluciones/AUTOS%202012/2171.pdf HTTP/1.1" 200 609580
201.230.73.215 - - [02/Aug/2015:02:00:00 -0500] "GET /BLA/resoluciones/AUTOS%202012/2171.pdf HTTP/1.1" 206 65536
201.230.73.215 - - [02/Aug/2015:02:00:00 -0500] "GET /BLA/resoluciones/AUTOS%202012/2171.pdf HTTP/1.1" 206 19756
201.230.73.215 - - [02/Aug/2015:02:00:01 -0500] "GET /BLA/resoluciones/AUTOS%202012/2171.pdf HTTP/1.1" 206 65536
201.230.73.215 - - [02/Aug/2015:02:00:01 -0500] "GET /BLA/resoluciones/AUTOS%202012/2171.pdf HTTP/1.1" 206 65536
201.230.73.215 - - [02/Aug/2015:02:00:02 -0500] "GET /BLA/resoluciones/AUTOS%202012/2171.pdf HTTP/1.1" 206 65536
201.230.73.215 - - [02/Aug/2015:02:00:02 -0500] "GET /BLA/resoluciones/AUTOS%202012/2171.pdf HTTP/1.1" 206 65536
201.230.73.215 - - [02/Aug/2015:02:00:02 -0500] "GET /BLA/resoluciones/AUTOS%202012/2171.pdf HTTP/1.1" 206 65536
201.230.73.215 - - [02/Aug/2015:02:00:02 -0500] "GET /BLA/resoluciones/AUTOS%202012/2171.pdf HTTP/1.1" 206 65536
201.230.73.215 - - [02/Aug/2015:02:00:03 -0500] "GET /BLA/resoluciones/AUTOS%202012/2171.pdf HTTP/1.1" 206 65536
201.230.73.215 - - [02/Aug/2015:02:00:05 -0500] "GET /favicon.ico HTTP/1.1" 200 7782
66.249.64.19 - - [02/Aug/2015:02:00:30 -0500] "GET /registro/ HTTP/1.1" 200 28813
66.249.64.106 - - [02/Aug/2015:02:00:45 -0500] "GET /BLA/resoluciones/RESOLUCIONES%202009/6000.pdf HTTP/1.1" 200 323721
66.249.64.106 - - [02/Aug/2015:02:00:52 -0500] "GET /BLA/resoluciones/AUTOS%202010/4374.pdf HTTP/1.1" 200 303097
66.249.64.106 - - [02/Aug/2015:02:00:58 -0500] "GET /BLA/resoluciones/RESOLUCIONES%202009/7711.pdf HTTP/1.1" 200 627388
66.249.64.101 - - [02/Aug/2015:02:01:57 -0500] "GET /BLA/resoluciones/RESOLUCIONES%202009/9370.pdf HTTP/1.1" 200 535633
66.249.64.29 - - [02/Aug/2015:02:02:01 -0500] "GET /intervencion-vaticano/ HTTP/1.1" 200 32049
66.249.64.101 - - [02/Aug/2015:02:02:15 -0500] "GET /BLA/resoluciones/RESOLUCIONES%202009/0629.pdf HTTP/1.1" 200 290338
66.249.64.96 - - [02/Aug/2015:02:02:21 -0500] "GET /BLA/resoluciones/RESOLUCIONES%202008/1721.pdf HTTP/1.1" 200 55681
66.249.64.96 - - [02/Aug/2015:02:02:29 -0500] "GET /BLA/resoluciones/RESOLUCIONES%202008/5524.pdf HTTP/1.1" 200 46698
66.249.64.96 - - [02/Aug/2015:02:02:33 -0500] "GET /BLA/resoluciones/RESOLUCIONES%202009/8417.pdf HTTP/1.1" 200 210909
66.249.64.101 - - [02/Aug/2015:02:02:45 -0500] "GET /BLA/boletinlegal/circulares/7-2013-SDA.pdf HTTP/1.1" 200 340934
74.86.158.107 - - [02/Aug/2015:02:02:59 -0500] "HEAD / HTTP/1.1" 200 -
66.249.64.101 - - [02/Aug/2015:02:03:04 -0500] "GET /hum/dir.doc HTTP/1.1" 404 1018
88.198.233.69 - - [02/Aug/2015:02:03:28 -0500] "GET / HTTP/1.1" 200 10190
180.76.15.137 - - [02/Aug/2015:02:04:14 -0500] "GET /POT-2013/index.php?dir=expediente%2F HTTP/1.1" 200 1903
66.249.64.106 - - [02/Aug/2015:02:06:25 -0500] "GET /BLA/resoluciones/RESOLUCIONES%202009/6313.pdf HTTP/1.1" 200 621757
66.249.64.101 - - [02/Aug/2015:02:07:06 -0500] "GET /i2003/doc.doc HTTP/1.1" 404 1018
66.249.64.96 - - [02/Aug/2015:02:07:29 -0500] "GET /BLA/resoluciones/Notificaciones/AUTOS%202014/4048.doc HTTP/1.1" 304 -
66.249.64.96 - - [02/Aug/2015:02:07:34 -0500] "GET /BLA/resoluciones/RESOLUCIONES%202013/0745.pdf HTTP/1.1" 304 -
74.86.158.107 - - [02/Aug/2015:02:07:59 -0500] "HEAD / HTTP/1.1" 200 -
201.234.75.11 - - [02/Aug/2015:02:08:11 -0500] "GET /galeria/nivo-slider/demo/images/Banner-Ecourbanismo.jpg HTTP/1.1" 304 -
66.249.64.106 - - [02/Aug/2015:02:08:25 -0500] "GET /BLA/resoluciones/RESOLUCIONES%202009/7397.pdf HTTP/1.1" 200 682493
66.249.64.101 - - [02/Aug/2015:02:08:38 -0500] "GET /BLA/resoluciones/Resoluciones%202011/6416.pdf HTTP/1.1" 304 -
66.249.64.96 - - [02/Aug/2015:02:08:39 -0500] "GET /BLA/resoluciones/RESOLUCIONES%202008/2662.pdf HTTP/1.1" 200 278297
66.249.64.101 - - [02/Aug/2015:02:08:48 -0500] "GET /BLA/resoluciones/RESOLUCIONES%202009/2352.pdf HTTP/1.1" 200 512597
66.249.64.101 - - [02/Aug/2015:02:09:09 -0500] "GET /BLA/resoluciones/RESOLUCIONES%202011/0608.pdf HTTP/1.1" 200 71175
66.249.64.29 - - [02/Aug/2015:02:09:44 -0500] "GET /que-hacer-en-bogota/ HTTP/1.1" 200 42610
66.249.64.101 - - [02/Aug/2015:02:10:17 -0500] "GET /BLA/resoluciones/RESOLUCIONES%202008/2261.pdf HTTP/1.1" 200 199877
66.249.64.96 - - [02/Aug/2015:02:11:00 -0500] "GET /BLA/resoluciones/RESOLUCIONES%202009/1500.pdf HTTP/1.1" 200 780134
66.249.64.96 - - [02/Aug/2015:02:11:02 -0500] "GET /BLA/resoluciones/RESOLUCIONES%202009/2891.pdf HTTP/1.1" 200 401885
181.174.105.74 - - [02/Aug/2015:02:11:25 -0500] "GET /galeria/galeria/jquery.fancybox.css?v=2.1.5 HTTP/1.1" 200 4895
181.174.105.74 - - [02/Aug/2015:02:11:25 -0500] "GET /BLA/boletinlegal/js/jquery.scrollShow.js HTTP/1.1" 200 4586
181.174.105.74 - - [02/Aug/2015:02:11:25 -0500] "GET /galeria/galeria/jquery.fancybox.js?v=2.1.5 HTTP/1.1" 200 48706
66.249.64.96 - - [02/Aug/2015:02:11:33 -0500] "GET /BLA/circulares/5.pdf HTTP/1.1" 304 -
181.174.105.74 - - [02/Aug/2015:02:11:48 -0500] "GET /BLA/boletinlegal/js/jquery.scrollShow.js HTTP/1.1" 200 4586
181.174.105.74 - - [02/Aug/2015:02:11:48 -0500] "GET /galeria/galeria/jquery.fancybox.css?v=2.1.5 HTTP/1.1" 200 4895
181.174.105.74 - - [02/Aug/2015:02:11:48 -0500] "GET /galeria/galeria/jquery.fancybox.js?v=2.1.5 HTTP/1.1" 200 48706
66.249.64.101 - - [02/Aug/2015:02:12:11 -0500] "GET /BLA/resoluciones/RESOLUCIONES%202008/3996.pdf HTTP/1.1" 200 682279
66.249.64.101 - - [02/Aug/2015:02:12:24 -0500] "GET /BLA/resoluciones/RESOLUCIONES%202008/4479.pdf HTTP/1.1" 200 232778
66.249.64.101 - - [02/Aug/2015:02:12:26 -0500] "GET /BLA/resoluciones/RESOLUCIONES%202008/3159.pdf HTTP/1.1" 200 226273
74.86.158.107 - - [02/Aug/2015:02:12:59 -0500] "HEAD / HTTP/1.1" 200 -
186.84.193.55 - - [02/Aug/2015:02:13:27 -0500] "GET /galeria/galeria/jquery.fancybox.js?v=2.1.5 HTTP/1.1" 200 48706
186.84.193.55 - - [02/Aug/2015:02:13:27 -0500] "GET /BLA/boletinlegal/js/jquery.scrollShow.js HTTP/1.1" 200 4586
186.84.193.55 - - [02/Aug/2015:02:13:27 -0500] "GET /galeria/galeria/jquery.fancybox.css?v=2.1.5 HTTP/1.1" 200 4895
186.84.193.55 - - [02/Aug/2015:02:13:45 -0500] "GET /galeria/galeria/jquery.fancybox.js?v=2.1.5 HTTP/1.1" 200 48706
186.84.193.55 - - [02/Aug/2015:02:13:45 -0500] "GET /BLA/boletinlegal/js/jquery.scrollShow.js HTTP/1.1" 200 4586
186.84.193.55 - - [02/Aug/2015:02:13:45 -0500] "GET /galeria/galeria/jquery.fancybox.css?v=2.1.5 HTTP/1.1" 200 4895
66.249.64.96 - - [02/Aug/2015:02:13:55 -0500] "GET /BLA/resoluciones/RESOLUCIONES%202009/5527.pdf HTTP/1.1" 200 493655
66.249.64.96 - - [02/Aug/2015:02:14:54 -0500] "GET /BLA/resoluciones/RESOLUCIONES%202009/2185.pdf HTTP/1.1" 200 608989
66.249.64.96 - - [02/Aug/2015:02:15:06 -0500] "GET /BLA/resoluciones/RESOLUCIONES%202009/6500.pdf HTTP/1.1" 200 434759
80.174.163.116 - - [02/Aug/2015:02:15:15 -0500] "GET /xmlrpc.php HTTP/1.1" 404 1018
66.249.64.96 - - [02/Aug/2015:02:16:22 -0500] "GET /BLA/resoluciones/RESOLUCIONES%202008/3501.pdf HTTP/1.1" 200 302366
190.25.36.106 - - [02/Aug/2015:02:16:42 -0500] "GET /galeria/galeria/jquery.fancybox.css?v=2.1.5 HTTP/1.1" 200 4895
190.25.36.106 - - [02/Aug/2015:02:16:42 -0500] "GET /BLA/boletinlegal/js/jquery.scrollShow.js HTTP/1.1" 200 4586
190.25.36.106 - - [02/Aug/2015:02:16:42 -0500] "GET /galeria/galeria/jquery.fancybox.js?v=2.1.5 HTTP/1.1" 200 48706
190.25.36.106 - - [02/Aug/2015:02:16:49 -0500] "GET /BLA/boletinlegal/js/jquery.scrollShow.js HTTP/1.1" 304 -
190.25.36.106 - - [02/Aug/2015:02:16:49 -0500] "GET /galeria/galeria/jquery.fancybox.js?v=2.1.5 HTTP/1.1" 304 -
190.25.36.106 - - [02/Aug/2015:02:16:49 -0500] "GET /galeria/galeria/jquery.fancybox.css?v=2.1.5 HTTP/1.1" 304 -
66.249.64.96 - - [02/Aug/2015:02:17:26 -0500] "GET /BLA/resoluciones/index.php?dir=RESOLUCIONES+2005%2FRES+2005+2601-2650%2F HTTP/1.1" 200 12161
66.249.64.101 - - [02/Aug/2015:02:17:31 -0500] "GET /BLA/resoluciones/RESOLUCIONES%202012/1391.pdf HTTP/1.1" 304 -
66.249.64.24 - - [02/Aug/2015:02:17:32 -0500] "GET /estrategia-internacional/ HTTP/1.1" 200 41568
66.249.64.96 - - [02/Aug/2015:02:17:57 -0500] "GET /BLA/resoluciones/RESOLUCIONES%202008/0041.pdf HTTP/1.1" 200 342651
74.86.158.107 - - [02/Aug/2015:02:17:59 -0500] "HEAD / HTTP/1.1" 200 -
66.249.64.29 - - [02/Aug/2015:02:18:37 -0500] "GET /que-hacer-en-bogota/ HTTP/1.1" 200 42608
66.249.64.96 - - [02/Aug/2015:02:18:51 -0500] "GET /BLA/resoluciones/RESOLUCIONES%202010/4484.pdf HTTP/1.1" 304 -
180.76.15.140 - - [02/Aug/2015:02:19:14 -0500] "GET /SIG/Direccionamiento%20Estrategico/126PG01-PR16.pdf HTTP/1.1" 200 991849
66.249.64.106 - - [02/Aug/2015:02:19:57 -0500] "GET /BLA/resoluciones/AUTOS%202012/1614.pdf HTTP/1.1" 200 465650
66.249.64.106 - - [02/Aug/2015:02:20:55 -0500] "GET /BLA/resoluciones/RESOLUCIONES%202007/RES%202007%201401%20AL%201500/RESOLUCION%201407%20DE%202007.pdf HTTP/1.1" 304 -
66.249.64.106 - - [02/Aug/2015:02:20:57 -0500] "GET /BLA/resoluciones/RESOLUCIONES%202008/4590.pdf HTTP/1.1" 200 182409
66.249.64.96 - - [02/Aug/2015:02:22:05 -0500] "GET /BLA/resoluciones/RESOLUCIONES%202009/5381.pdf HTTP/1.1" 200 538085
74.86.158.107 - - [02/Aug/2015:02:22:59 -0500] "HEAD / HTTP/1.1" 200 -
123.125.71.83 - - [02/Aug/2015:02:23:30 -0500] "GET / HTTP/1.1" 200 10190
66.249.64.101 - - [02/Aug/2015:02:25:54 -0500] "GET /BLA/resoluciones/RESOLUCIONES%202009/8156.pdf HTTP/1.1" 200 490047
66.249.64.106 - - [02/Aug/2015:02:26:07 -0500] "GET /BLA/resoluciones/RESOLUCIONES%202008/2564.pdf HTTP/1.1" 200 339107
74.86.158.107 - - [02/Aug/2015:02:27:59 -0500] "HEAD / HTTP/1.1" 200 -
66.249.64.101 - - [02/Aug/2015:02:28:00 -0500] "GET /BLA/resoluciones/RESOLUCIONES%202007/RES%202007%202101%20AL%202200/RESOLUCION%202105%20DE%202007.pdf HTTP/1.1" 304 -
66.249.64.96 - - [02/Aug/2015:02:28:01 -0500] "GET /BLA/resoluciones/RESOLUCIONES%202014/1941.pdf HTTP/1.1" 304 -
66.249.64.24 - - [02/Aug/2015:02:28:17 -0500] "GET / HTTP/1.1" 200 127460
66.249.64.106 - - [02/Aug/2015:02:28:53 -0500] "GET /BLA/resoluciones/RESOLUCIONES%202009/3370.pdf HTTP/1.1" 200 559785
66.249.64.19 - - [02/Aug/2015:02:29:35 -0500] "GET /comunicados/ HTTP/1.1" 200 35477
157.55.39.166 - - [02/Aug/2015:02:29:54 -0500] "GET /wp-content/uploads/2015/07/banner-invitacionvaticanopetro.jpg HTTP/1.1" 200 97001
66.249.64.96 - - [02/Aug/2015:02:30:07 -0500] "GET /BLA/resoluciones/AUTOS%202007/1106.pdf HTTP/1.1" 200 27274
66.249.64.19 - - [02/Aug/2015:02:30:51 -0500] "GET /en-construccion/ HTTP/1.1" 200 28991
66.249.64.106 - - [02/Aug/2015:02:31:16 -0500] "GET /pga/ane4.doc HTTP/1.1" 404 1018
66.249.64.101 - - [02/Aug/2015:02:31:25 -0500] "GET /BLA/resoluciones/RESOLUCIONES%202009/7157.pdf HTTP/1.1" 200 490617
190.84.134.248 - - [02/Aug/2015:02:31:26 -0500] "GET /BLA/boletinlegal/js/jquery.scrollShow.js HTTP/1.1" 200 4586
190.84.134.248 - - [02/Aug/2015:02:31:26 -0500] "GET /galeria/galeria/jquery.fancybox.js?v=2.1.5 HTTP/1.1" 200 48706
190.84.134.248 - - [02/Aug/2015:02:31:26 -0500] "GET /galeria/carrusel/Carrusel/jquery.thumbnailScroller.css HTTP/1.1" 200 2066
190.84.134.248 - - [02/Aug/2015:02:31:26 -0500] "GET /galeria/galeria/jquery.fancybox.css?v=2.1.5 HTTP/1.1" 200 4895
190.84.134.248 - - [02/Aug/2015:02:31:26 -0500] "GET /galeria/carrusel/Carrusel/jquery-ui-1.8.13.custom.min.js HTTP/1.1" 200 10800
190.84.134.248 - - [02/Aug/2015:02:31:26 -0500] "GET /galeria/carrusel/Carrusel/jquery.thumbnailScroller.js HTTP/1.1" 200 8157
190.84.134.248 - - [02/Aug/2015:02:31:26 -0500] "GET /galeria/nivo-slider/demo/demo.html HTTP/1.1" 200 5234
190.84.134.248 - - [02/Aug/2015:02:31:27 -0500] "GET /galeria/nivo-slider/themes/default/default.css HTTP/1.1" 200 1569
190.84.134.248 - - [02/Aug/2015:02:31:27 -0500] "GET /galeria/nivo-slider/demo/style.css HTTP/1.1" 200 2222
190.84.134.248 - - [02/Aug/2015:02:31:27 -0500] "GET /galeria/nivo-slider/nivo-slider.css HTTP/1.1" 200 1507
190.84.134.248 - - [02/Aug/2015:02:31:27 -0500] "GET /galeria/nivo-slider/themes/pascal/pascal.css HTTP/1.1" 200 2258
190.84.134.248 - - [02/Aug/2015:02:31:27 -0500] "GET /galeria/nivo-slider/themes/orman/orman.css HTTP/1.1" 200 2152
190.84.134.248 - - [02/Aug/2015:02:31:27 -0500] "GET /galeria/nivo-slider/demo/images/Rendicion-de-cuentas.jpg HTTP/1.1" 200 309079
190.84.134.248 - - [02/Aug/2015:02:31:27 -0500] "GET /galeria/nivo-slider/jquery.nivo.slider.pack.js HTTP/1.1" 200 11561
190.84.134.248 - - [02/Aug/2015:02:31:27 -0500] "GET /galeria/nivo-slider/demo/scripts/jquery-1.7.1.min.js HTTP/1.1" 200 93868
190.84.134.248 - - [02/Aug/2015:02:31:27 -0500] "GET /galeria/nivo-slider/demo/images/PREDAcamp.jpg HTTP/1.1" 200 295358
190.84.134.248 - - [02/Aug/2015:02:31:27 -0500] "GET /galeria/nivo-slider/demo/images/Semana-PYBA.jpg HTTP/1.1" 200 147360
190.84.134.248 - - [02/Aug/2015:02:31:27 -0500] "GET /galeria/nivo-slider/demo/images/VoluntariadoPYBA.jpg HTTP/1.1" 200 40647
190.84.134.248 - - [02/Aug/2015:02:31:28 -0500] "GET /galeria/nivo-slider/demo/images/enciclica-papal.jpg HTTP/1.1" 200 99221
190.84.134.248 - - [02/Aug/2015:02:31:28 -0500] "GET /galeria/nivo-slider/demo/images/Cambio-Climatico-Paramos.jpg HTTP/1.1" 200 262430
190.84.134.248 - - [02/Aug/2015:02:31:28 -0500] "GET /galeria/nivo-slider/demo/images/2Ecoyoga.jpg HTTP/1.1" 200 193518
190.84.134.248 - - [02/Aug/2015:02:31:30 -0500] "GET /galeria/nivo-slider/demo/images/banner-llantas2.jpg HTTP/1.1" 200 204644
190.84.134.248 - - [02/Aug/2015:02:31:30 -0500] "GET /galeria/nivo-slider/demo/images/9Signos.jpg HTTP/1.1" 200 81776
190.84.134.248 - - [02/Aug/2015:02:31:31 -0500] "GET /galeria/nivo-slider/demo/images/Comparendo-ambiental-Banner.jpg HTTP/1.1" 200 83731
190.84.134.248 - - [02/Aug/2015:02:31:31 -0500] "GET /galeria/nivo-slider/demo/images/GAE-banner.jpg HTTP/1.1" 200 97556
190.84.134.248 - - [02/Aug/2015:02:31:31 -0500] "GET /galeria/nivo-slider/demo/images/Banner-encuesta-de-percepscio.jpg HTTP/1.1" 200 201899
190.84.134.248 - - [02/Aug/2015:02:31:32 -0500] "GET /galeria/nivo-slider/demo/images/banner-Pacto-por-la-madera.jpg HTTP/1.1" 200 209966
190.84.134.248 - - [02/Aug/2015:02:31:32 -0500] "GET /galeria/nivo-slider/demo/images/acuerdo_569.jpg HTTP/1.1" 200 62670
190.84.134.248 - - [02/Aug/2015:02:31:32 -0500] "GET /galeria/nivo-slider/demo/images/Banner-Directorio.jpg HTTP/1.1" 200 182068
190.84.134.248 - - [02/Aug/2015:02:31:32 -0500] "GET /galeria/nivo-slider/demo/images/Ruta-vertimientos-01.jpg HTTP/1.1" 200 130151
190.84.134.248 - - [02/Aug/2015:02:31:32 -0500] "GET /galeria/nivo-slider/demo/images/bolsas-06.jpg HTTP/1.1" 200 90982
190.84.134.248 - - [02/Aug/2015:02:31:33 -0500] "GET /galeria/nivo-slider/demo/images/Conoce-los-humedales.jpg HTTP/1.1" 200 294036
190.84.134.248 - - [02/Aug/2015:02:31:33 -0500] "GET /galeria/nivo-slider/demo/images/ecolecta-Dic2014.png HTTP/1.1" 200 288593
190.84.134.248 - - [02/Aug/2015:02:31:34 -0500] "GET /galeria/nivo-slider/demo/images/Banner-Caracol-Africano.jpg HTTP/1.1" 200 331986
190.84.134.248 - - [02/Aug/2015:02:31:34 -0500] "GET /galeria/nivo-slider/demo/images/4Simple_Slider.png HTTP/1.1" 200 11722
190.84.134.248 - - [02/Aug/2015:02:31:34 -0500] "GET /galeria/nivo-slider/themes/default/loading.gif HTTP/1.1" 200 1737
190.84.134.248 - - [02/Aug/2015:02:31:39 -0500] "GET /galeria/nivo-slider/themes/default/bullets.png HTTP/1.1" 200 1281
190.84.134.248 - - [02/Aug/2015:02:31:39 -0500] "GET /galeria/nivo-slider/themes/default/arrows.png HTTP/1.1" 200 824
66.249.64.101 - - [02/Aug/2015:02:32:09 -0500] "GET /BLA/directivas/2009/0.pdf HTTP/1.1" 304 -
74.86.158.107 - - [02/Aug/2015:02:32:59 -0500] "HEAD / HTTP/1.1" 200 -
66.249.64.106 - - [02/Aug/2015:02:34:01 -0500] "GET /manual_funciones_Listado/index.php?dir=2.2.4.%20Subdirecci%F3n%20del%20Recurso%20H%EDdrico%20y%20del%20Suelo/&sort=size&order=desc HTTP/1.1" 404 1018
180.76.15.162 - - [02/Aug/2015:02:34:14 -0500] "GET /SIG/Gestion%20Recursos%20Financieros/126PA02-PR01%20ACTAS%20ANULACION-PRESUPUESTO.pdf HTTP/1.1" 200 256297
66.249.64.106 - - [02/Aug/2015:02:34:16 -0500] "GET /BLA/resoluciones/RESOLUCIONES%202009/3674.pdf HTTP/1.1" 200 177933
180.76.15.145 - - [02/Aug/2015:02:35:46 -0500] "GET /robots.txt HTTP/1.1" 404 1018
180.76.15.138 - - [02/Aug/2015:02:36:09 -0500] "GET /BLA/resoluciones/index.php?dir=AUTOS%202006/AUTOS%202006%202301%20-%202400/&sort=name&order=asc HTTP/1.1" 200 22197
190.84.134.248 - - [02/Aug/2015:02:36:40 -0500] "GET /BLA/boletinlegal/js/jquery.scrollShow.js HTTP/1.1" 304 -
190.84.134.248 - - [02/Aug/2015:02:36:40 -0500] "GET /galeria/galeria/jquery.fancybox.js?v=2.1.5 HTTP/1.1" 304 -
190.84.134.248 - - [02/Aug/2015:02:36:40 -0500] "GET /galeria/galeria/jquery.fancybox.css?v=2.1.5 HTTP/1.1" 304 -
66.249.64.106 - - [02/Aug/2015:02:37:58 -0500] "GET /ial/A32003.doc HTTP/1.1" 404 1018
74.86.158.107 - - [02/Aug/2015:02:37:59 -0500] "HEAD / HTTP/1.1" 200 -
66.249.64.101 - - [02/Aug/2015:02:38:00 -0500] "GET /BLA/resoluciones/RESOLUCIONES%202010/2823.pdf HTTP/1.1" 304 -
66.249.64.106 - - [02/Aug/2015:02:38:00 -0500] "GET /BLA/resoluciones/RESOLUCIONES%202007/RES%202007%202501%20AL%202600/RESOLUCION%202551%20DE%202007.pdf HTTP/1.1" 304 -
66.249.64.29 - - [02/Aug/2015:02:38:17 -0500] "GET /noticias/ HTTP/1.1" 200 38771
66.249.64.101 - - [02/Aug/2015:02:38:35 -0500] "GET /BLA/resoluciones/RESOLUCIONES%202008/1744.pdf HTTP/1.1" 200 152446
66.249.64.96 - - [02/Aug/2015:02:39:29 -0500] "GET /BLA/resoluciones/RESOLUCIONES%202012/0805.pdf HTTP/1.1" 304 -
66.249.64.96 - - [02/Aug/2015:02:40:30 -0500] "GET /BLA/resoluciones/Notificaciones/AUTOS%202014/5643.doc HTTP/1.1" 304 -
66.249.64.101 - - [02/Aug/2015:02:41:37 -0500] "GET /BLA/resoluciones/AUTOS%202012/0153.pdf HTTP/1.1" 304 -
66.249.64.101 - - [02/Aug/2015:02:41:39 -0500] "GET /BLA/resoluciones/RESOLUCIONES%202010/7252.pdf HTTP/1.1" 304 -
66.249.64.106 - - [02/Aug/2015:02:41:39 -0500] "GET /BLA/resoluciones/RESOLUCIONES%202010/7136.pdf HTTP/1.1" 304 -
66.249.64.101 - - [02/Aug/2015:02:41:42 -0500] "GET /BLA/resoluciones/RESOLUCIONES%202009/4946.pdf HTTP/1.1" 200 643996
66.249.64.96 - - [02/Aug/2015:02:42:20 -0500] "GET /BLA/resoluciones/RESOLUCIONES%202010/0501.pdf HTTP/1.1" 200 132510
74.86.158.107 - - [02/Aug/2015:02:42:59 -0500] "HEAD / HTTP/1.1" 200 -
66.249.64.101 - - [02/Aug/2015:02:43:36 -0500] "GET /galeria/galeria/jquery.fancybox.css?v=2.1.5 HTTP/1.1" 200 4895
66.249.64.106 - - [02/Aug/2015:02:43:36 -0500] "GET /galeria/galeria/jquery.fancybox.js?v=2.1.5 HTTP/1.1" 200 48706
66.249.64.96 - - [02/Aug/2015:02:43:37 -0500] "GET /BLA/boletinlegal/js/jquery.scrollShow.js HTTP/1.1" 200 4586
66.249.64.106 - - [02/Aug/2015:02:44:04 -0500] "GET /BLA/resoluciones/RESOLUCIONES%202009/3281.pdf HTTP/1.1" 200 721984
207.46.13.40 - - [02/Aug/2015:02:44:16 -0500] "GET /SIG/Gesti%C3%B3n%20de%20Recursos%20F%C3%ADsicos/126PA04-PR24.pdf HTTP/1.1" 200 60685
66.249.64.248 - - [02/Aug/2015:02:44:43 -0500] "GET /videos/nivo-slider/demo/ HTTP/1.1" 200 998
66.249.64.106 - - [02/Aug/2015:02:45:34 -0500] "GET /BLA/resoluciones/RESOLUCIONES%202008/0358.pdf HTTP/1.1" 200 218365
66.249.64.106 - - [02/Aug/2015:02:46:55 -0500] "GET /BLA/boletinlegal/js/jquery.scrollTo-min.js HTTP/1.1" 200 1150
74.86.158.107 - - [02/Aug/2015:02:47:59 -0500] "HEAD / HTTP/1.1" 200 -
66.249.64.101 - - [02/Aug/2015:02:48:01 -0500] "GET /stormWeb/ HTTP/1.1" 200 12126
66.249.64.106 - - [02/Aug/2015:02:48:02 -0500] "GET /BLA/resoluciones/RESOLUCIONES%202014/1998.pdf HTTP/1.1" 304 -
173.236.176.100 - - [02/Aug/2015:02:48:37 -0500] "GET /wp-admin/ HTTP/1.1" 404 1018
66.249.64.101 - - [02/Aug/2015:02:48:44 -0500] "GET /autoliquidacion/Solicitudes%20relacionadas%20con%20calidad%20del%20aire%20auditiva%20y%20visual/Registro%20de%20Elementos%20de%20publicidad%20Exterior%20Visual/Resolucion%200877%20126PM04-PR16%20registro%20pev.pdf HTTP/1.1" 200 566340
66.249.64.101 - - [02/Aug/2015:02:49:00 -0500] "GET /BLA/resoluciones/RESOLUCIONES%202012/0288.pdf HTTP/1.1" 304 -
180.76.15.141 - - [02/Aug/2015:02:49:14 -0500] "GET /SIG/Gestion%20Recursos%20Financieros/126PA02-PR27%20TRAMITE%20PAGOS.pdf HTTP/1.1" 200 453550
190.145.112.2 - - [02/Aug/2015:02:49:27 -0500] "GET /galeria/galeria/jquery.fancybox.css?v=2.1.5 HTTP/1.1" 200 4895
190.145.112.2 - - [02/Aug/2015:02:49:27 -0500] "GET /galeria/galeria/jquery.fancybox.js?v=2.1.5 HTTP/1.1" 200 48706
190.145.112.2 - - [02/Aug/2015:02:49:27 -0500] "GET /videos/galeria-cronicas/1V3wnplaylist.htm HTTP/1.1" 200 4013
190.145.112.2 - - [02/Aug/2015:02:49:27 -0500] "GET /videos/galeria-cronicas/skin/blue.monday/jplayer.blue.monday.css HTTP/1.1" 200 12518
190.145.112.2 - - [02/Aug/2015:02:49:27 -0500] "GET /videos/galeria-cronicas/js/jquery.jplayer.min.js HTTP/1.1" 200 43668
190.145.112.2 - - [02/Aug/2015:02:49:27 -0500] "GET /videos/galeria-cronicas/js/jplayer.playlist.min.js HTTP/1.1" 200 8608
190.145.112.2 - - [02/Aug/2015:02:49:28 -0500] "GET /videos/galeria-cronicas/skin/blue.monday/jplayer.blue.monday.video.play.png HTTP/1.1" 200 14424
190.145.112.2 - - [02/Aug/2015:02:49:28 -0500] "GET /videos/galeria-cronicas/skin/blue.monday/jplayer.blue.monday.jpg HTTP/1.1" 200 23189
190.145.112.2 - - [02/Aug/2015:02:49:28 -0500] "GET /videos/galeria-cronicas/1videos/parche.mp4video.mp4 HTTP/1.1" 200 2821840
190.145.112.2 - - [02/Aug/2015:02:49:28 -0500] "GET /videos/galeria-cronicas/skin/blue.monday/jplayer.blue.monday.seeking.gif HTTP/1.1" 200 3284
190.145.112.2 - - [02/Aug/2015:02:49:28 -0500] "GET /videos/galeria-cronicas/1videos/parche.mp4video.mp4 HTTP/1.1" 200 2821840
66.249.64.101 - - [02/Aug/2015:02:49:46 -0500] "GET /mpp/spd.doc HTTP/1.1" 404 1018
66.249.64.106 - - [02/Aug/2015:02:50:00 -0500] "GET /BLA/resoluciones/RESOLUCIONES%202009/3813.pdf HTTP/1.1" 304 -
66.249.64.96 - - [02/Aug/2015:02:50:01 -0500] "GET /BLA/resoluciones/RESOLUCIONES%202011/0233.pdf HTTP/1.1" 304 -
190.145.112.2 - - [02/Aug/2015:02:50:16 -0500] "GET /galeria/galeria/jquery.fancybox.js?v=2.1.5 HTTP/1.1" 304 -
190.145.112.2 - - [02/Aug/2015:02:50:16 -0500] "GET /galeria/galeria/jquery.fancybox.css?v=2.1.5 HTTP/1.1" 304 -
190.145.112.2 - - [02/Aug/2015:02:50:16 -0500] "GET /videos/galeria-fotografica/index2.html HTTP/1.1" 200 1971
190.145.112.2 - - [02/Aug/2015:02:50:16 -0500] "GET /videos/galeria-fotografica/js/jquery-flickr-gallery/jquery-flickr.css HTTP/1.1" 200 711
190.145.112.2 - - [02/Aug/2015:02:50:16 -0500] "GET /videos/galeria-fotografica/js/jquery-flickr-gallery/jquery-flickr-gallery.js HTTP/1.1" 200 9050
66.249.64.19 - - [02/Aug/2015:02:50:40 -0500] "GET /wp-content/uploads/2015/07/tercer-comunicado2.pdf HTTP/1.1" 304 -
66.249.64.96 - - [02/Aug/2015:02:51:56 -0500] "GET /BLA/resoluciones/RESOLUCIONES%202009/7614.pdf HTTP/1.1" 200 137826
186.154.167.5 - - [02/Aug/2015:02:52:21 -0500] "GET /forest/?_a=0.6318726050667465 HTTP/1.1" 200 12815
186.154.167.5 - - [02/Aug/2015:02:52:21 -0500] "GET /forest/img/inicio/1.gif HTTP/1.1" 304 -
186.154.167.5 - - [02/Aug/2015:02:52:21 -0500] "GET /forest/img/inicio/2.gif HTTP/1.1" 304 -
186.154.167.5 - - [02/Aug/2015:02:52:22 -0500] "GET /forest/img/inicio/3.gif HTTP/1.1" 304 -
186.154.167.5 - - [02/Aug/2015:02:52:22 -0500] "GET /forest/img/inicio/4.gif HTTP/1.1" 304 -
186.154.167.5 - - [02/Aug/2015:02:52:22 -0500] "GET /forest/img/inicio/7.gif HTTP/1.1" 304 -
186.154.167.5 - - [02/Aug/2015:02:52:22 -0500] "GET /forest/img/inicio/5.gif HTTP/1.1" 304 -
186.154.167.5 - - [02/Aug/2015:02:52:22 -0500] "GET /forest/img/inicio/6.gif HTTP/1.1" 304 -
74.86.158.107 - - [02/Aug/2015:02:52:59 -0500] "HEAD / HTTP/1.1" 200 -
66.249.64.96 - - [02/Aug/2015:02:53:22 -0500] "GET /BLA/resoluciones/RESOLUCIONES%202009/8208.pdf HTTP/1.1" 200 912949
66.249.64.101 - - [02/Aug/2015:02:55:37 -0500] "GET /BLA/resoluciones/RESOLUCIONES%202008/3019.pdf HTTP/1.1" 200 194117
207.46.13.8 - - [02/Aug/2015:02:57:46 -0500] "GET /galeria/nivo-slider/demo/scripts/jquery-1.7.1.min.js HTTP/1.1" 200 93868
207.46.13.8 - - [02/Aug/2015:02:57:47 -0500] "GET /galeria/nivo-slider/demo/style.css HTTP/1.1" 200 2222
207.46.13.8 - - [02/Aug/2015:02:57:47 -0500] "GET /galeria/nivo-slider/themes/pascal/pascal.css HTTP/1.1" 200 2258
74.86.158.107 - - [02/Aug/2015:02:57:59 -0500] "HEAD / HTTP/1.1" 200 -
66.249.64.106 - - [02/Aug/2015:02:58:00 -0500] "GET /BLA/resoluciones/AUTOS%202013/0219.pdf HTTP/1.1" 304 -
66.249.64.96 - - [02/Aug/2015:02:58:04 -0500] "GET /BLA/resoluciones/RESOLUCIONES%202009/7514.pdf HTTP/1.1" 200 489161
66.249.64.101 - - [02/Aug/2015:02:58:05 -0500] "GET /BLA/resoluciones/AUTOS%202014/1111.pdf HTTP/1.1" 304 -
103.249.240.196 - - [02/Aug/2015:02:57:55 -0500] "POST /xmlrpc.php HTTP/1.1" 200 415
66.249.64.101 - - [02/Aug/2015:02:59:00 -0500] "GET /BLA/resoluciones/RESOLUCIONES%202008/5731.pdf HTTP/1.1" 200 236470
157.55.39.225 - - [02/Aug/2015:02:59:03 -0500] "GET /galeria/nivo-slider/jquery.nivo.slider.pack.js HTTP/1.1" 200 11561
66.249.64.101 - - [02/Aug/2015:02:59:03 -0500] "GET /BLA/resoluciones/AUTOS%202011/0269.pdf HTTP/1.1" 200 155509
157.55.39.225 - - [02/Aug/2015:02:59:03 -0500] "GET /galeria/nivo-slider/nivo-slider.css HTTP/1.1" 200 1507
157.55.39.225 - - [02/Aug/2015:02:59:03 -0500] "GET /galeria/nivo-slider/themes/orman/orman.css HTTP/1.1" 200 2152
157.55.39.225 - - [02/Aug/2015:02:59:04 -0500] "GET /galeria/nivo-slider/themes/default/default.css HTTP/1.1" 200 1569
66.249.64.101 - - [02/Aug/2015:03:01:53 -0500] "GET /BLA/resoluciones/RESOLUCIONES%202007/RES%202007%204101%20AL%204200/RESOLUCION%204106%20DE%202007.pdf HTTP/1.1" 304 -
66.249.64.106 - - [02/Aug/2015:03:01:54 -0500] "GET /BLA/resoluciones/AUTOS%202011/0188.pdf HTTP/1.1" 304 -
66.249.64.101 - - [02/Aug/2015:03:02:54 -0500] "GET /BLA/resoluciones/RESOLUCIONES%202007/RES%202007%203801%20AL%203900/RESOLUCION%203845%20DE%202007.pdf HTTP/1.1" 200 691797
74.86.158.107 - - [02/Aug/2015:03:02:59 -0500] "HEAD / HTTP/1.1" 200 -
88.198.233.69 - - [02/Aug/2015:03:03:28 -0500] "GET / HTTP/1.1" 200 10190
180.76.15.161 - - [02/Aug/2015:03:04:14 -0500] "GET /SIG/Gestion%20Recursos%20Financieros/126PA02-PR25%20REGISTRO%20MOVIMIENTO%20Y%20CONTROL%20ALMACEN.pdf HTTP/1.1" 200 250965
66.249.64.106 - - [02/Aug/2015:03:04:20 -0500] "GET /BLA/resoluciones/RESOLUCIONES%202008/5454.pdf HTTP/1.1" 200 256084
201.234.75.11 - - [02/Aug/2015:03:05:20 -0500] "GET /StormSDA/stormWeb/presentacion.html HTTP/1.1" 304 -
66.249.64.101 - - [02/Aug/2015:03:07:33 -0500] "GET /BLA/resoluciones/RESOLUCIONES%202007/RES%202007%20401%20AL%20500/RESOLUCION%200461%20DE%202007.pdf HTTP/1.1" 200 2735937
191.95.131.180 - - [02/Aug/2015:03:07:54 -0500] "GET /dama/libreria/php/decide.php?patron=03.1305020113&numm=12 HTTP/1.1" 404 1121
74.86.158.107 - - [02/Aug/2015:03:07:58 -0500] "HEAD / HTTP/1.1" 200 -
66.249.64.106 - - [02/Aug/2015:03:08:01 -0500] "GET /BLA/resoluciones/AUTOS%202014/6261.pdf HTTP/1.1" 304 -
66.249.64.101 - - [02/Aug/2015:03:08:02 -0500] "GET /BLA/resoluciones/RESOLUCIONES%202011/0832.pdf HTTP/1.1" 200 535042
66.249.64.106 - - [02/Aug/2015:03:08:02 -0500] "GET /BLA/resoluciones/RESOLUCIONES%202009/6181.pdf HTTP/1.1" 200 688732
191.95.131.180 - - [02/Aug/2015:03:08:11 -0500] "GET /dama/libreria/php/decide.php?patron=03.1305020113&numm=12 HTTP/1.1" 404 1121
64.246.178.34 - - [02/Aug/2015:03:08:42 -0500] "GET /bienvenida/home/feed/ HTTP/1.1" 200 734
64.246.178.34 - - [02/Aug/2015:03:08:36 -0500] "GET /bienvenida/home/feed/ HTTP/1.1" 200 734
66.249.64.29 - - [02/Aug/2015:03:10:16 -0500] "GET /prensa-y-documentos-de-interes/ HTTP/1.1" 200 31042
66.249.64.101 - - [02/Aug/2015:03:11:05 -0500] "GET /BLA/resoluciones/RESOLUCIONES%202012/1223.pdf HTTP/1.1" 304 -
66.249.64.96 - - [02/Aug/2015:03:11:52 -0500] "GET /galeria/juegos/rompecabezas/animales.swf HTTP/1.1" 200 352988
66.249.64.96 - - [02/Aug/2015:03:12:30 -0500] "GET /BLA/resoluciones/RESOLUCIONES%202011/5794.pdf HTTP/1.1" 304 -
66.249.64.101 - - [02/Aug/2015:03:12:32 -0500] "GET /BLA/resoluciones/AUTOS%202013/0354.pdf HTTP/1.1" 304 -
74.86.158.107 - - [02/Aug/2015:03:12:58 -0500] "HEAD / HTTP/1.1" 200 -
66.249.64.106 - - [02/Aug/2015:03:14:58 -0500] "GET /BLA/resoluciones/RESOLUCIONES%202008/0294.pdf HTTP/1.1" 200 274229
66.249.64.96 - - [02/Aug/2015:03:16:30 -0500] "GET /BLA/resoluciones/AUTOS%202014/0486.pdf HTTP/1.1" 200 470877
123.125.71.38 - - [02/Aug/2015:03:16:32 -0500] "GET / HTTP/1.1" 200 10190
66.249.64.106 - - [02/Aug/2015:03:17:40 -0500] "GET /guia/estacion3.doc HTTP/1.1" 404 1018
74.86.158.107 - - [02/Aug/2015:03:17:58 -0500] "HEAD / HTTP/1.1" 200 -
66.249.64.106 - - [02/Aug/2015:03:18:29 -0500] "GET /BLA/resoluciones/AUTOS%202014/5702.pdf HTTP/1.1" 304 -
66.249.64.106 - - [02/Aug/2015:03:18:32 -0500] "GET /BLA/resoluciones/AUTOS%202008/0520.pdf HTTP/1.1" 304 -
66.249.64.96 - - [02/Aug/2015:03:18:33 -0500] "GET /BLA/resoluciones/RESOLUCIONES%202010/4171.pdf HTTP/1.1" 200 755723
180.76.15.148 - - [02/Aug/2015:03:19:14 -0500] "GET /SIG/ECS/126PM04-PR113.pdf HTTP/1.1" 200 3459428
186.147.87.173 - - [02/Aug/2015:03:19:28 -0500] "GET /galeria/galeria/fotos/juan-amarillo4G.jpg HTTP/1.1" 200 202445
94.5.115.37 - - [02/Aug/2015:03:19:44 -0500] "GET /galeria/galeria/jquery.fancybox.css?v=2.1.5 HTTP/1.1" 200 4895
94.5.115.37 - - [02/Aug/2015:03:19:45 -0500] "GET /BLA/boletinlegal/js/jquery.scrollShow.js HTTP/1.1" 200 4586
94.5.115.37 - - [02/Aug/2015:03:19:45 -0500] "GET /galeria/galeria/jquery.fancybox.js?v=2.1.5 HTTP/1.1" 200 48706
94.5.115.37 - - [02/Aug/2015:03:20:00 -0500] "GET /BLA/boletinlegal/js/jquery.scrollShow.js HTTP/1.1" 304 -
94.5.115.37 - - [02/Aug/2015:03:20:00 -0500] "GET /galeria/galeria/jquery.fancybox.js?v=2.1.5 HTTP/1.1" 304 -
94.5.115.37 - - [02/Aug/2015:03:20:00 -0500] "GET /galeria/galeria/jquery.fancybox.css?v=2.1.5 HTTP/1.1" 304 -
66.249.64.96 - - [02/Aug/2015:03:21:04 -0500] "GET /BLA/resoluciones/RESOLUCIONES%202010/5463.pdf HTTP/1.1" 200 712990
66.249.64.106 - - [02/Aug/2015:03:22:24 -0500] "GET /BLA/resoluciones/RESOLUCIONES%202013/0466.pdf HTTP/1.1" 304 -
74.86.158.107 - - [02/Aug/2015:03:22:58 -0500] "HEAD / HTTP/1.1" 200 -
74.86.158.107 - - [02/Aug/2015:03:27:58 -0500] "HEAD / HTTP/1.1" 200 -
201.234.75.11 - - [02/Aug/2015:03:28:14 -0500] "GET /galeria/nivo-slider/demo/images/banner-conejera1.jpg HTTP/1.1" 304 -
186.145.58.53 - - [02/Aug/2015:03:28:16 -0500] "GET /galeria/nivo-slider/demo/demo.html HTTP/1.1" 304 -
180.76.15.150 - - [02/Aug/2015:03:28:22 -0500] "GET / HTTP/1.1" 200 10190
186.145.58.53 - - [02/Aug/2015:03:28:42 -0500] "GET /galeria/nivo-slider/demo/images/Rendicion-de-cuentas.jpg HTTP/1.1" 206 1
186.145.58.53 - - [02/Aug/2015:03:28:42 -0500] "GET /galeria/nivo-slider/demo/images/PREDAcamp.jpg HTTP/1.1" 206 1
180.76.15.7 - - [02/Aug/2015:03:28:42 -0500] "GET / HTTP/1.1" 200 10190
186.145.58.53 - - [02/Aug/2015:03:28:42 -0500] "GET /galeria/nivo-slider/demo/images/enciclica-papal.jpg HTTP/1.1" 304 -
186.145.58.53 - - [02/Aug/2015:03:28:42 -0500] "GET /galeria/nivo-slider/demo/images/Cambio-Climatico-Paramos.jpg HTTP/1.1" 206 1
186.145.58.53 - - [02/Aug/2015:03:28:42 -0500] "GET /galeria/nivo-slider/demo/images/2Ecoyoga.jpg HTTP/1.1" 206 1
186.145.58.53 - - [02/Aug/2015:03:28:42 -0500] "GET /galeria/nivo-slider/demo/images/banner-llantas2.jpg HTTP/1.1" 206 1
186.145.58.53 - - [02/Aug/2015:03:28:43 -0500] "GET /galeria/nivo-slider/demo/images/9Signos.jpg HTTP/1.1" 200 81776
186.145.58.53 - - [02/Aug/2015:03:28:43 -0500] "GET /galeria/nivo-slider/demo/images/Rendicion-de-cuentas.jpg HTTP/1.1" 206 48343
186.145.58.53 - - [02/Aug/2015:03:28:43 -0500] "GET /galeria/nivo-slider/demo/images/banner-llantas2.jpg HTTP/1.1" 206 201999
186.145.58.53 - - [02/Aug/2015:03:28:43 -0500] "GET /galeria/nivo-slider/demo/images/2Ecoyoga.jpg HTTP/1.1" 206 141233
186.145.58.53 - - [02/Aug/2015:03:28:43 -0500] "GET /galeria/nivo-slider/demo/images/Cambio-Climatico-Paramos.jpg HTTP/1.1" 206 163424
186.145.58.53 - - [02/Aug/2015:03:28:43 -0500] "GET /galeria/nivo-slider/demo/images/PREDAcamp.jpg HTTP/1.1" 206 94481
186.145.58.53 - - [02/Aug/2015:03:28:44 -0500] "GET /galeria/nivo-slider/demo/images/Comparendo-ambiental-Banner.jpg HTTP/1.1" 200 83731
186.145.58.53 - - [02/Aug/2015:03:28:44 -0500] "GET /galeria/nivo-slider/demo/images/GAE-banner.jpg HTTP/1.1" 200 97556
186.145.58.53 - - [02/Aug/2015:03:28:45 -0500] "GET /galeria/nivo-slider/demo/images/Banner-encuesta-de-percepscio.jpg HTTP/1.1" 200 201899
186.145.58.53 - - [02/Aug/2015:03:28:45 -0500] "GET /galeria/nivo-slider/demo/images/banner-Pacto-por-la-madera.jpg HTTP/1.1" 200 209966
186.145.58.53 - - [02/Aug/2015:03:28:45 -0500] "GET /galeria/nivo-slider/demo/images/acuerdo_569.jpg HTTP/1.1" 200 62670
186.145.58.53 - - [02/Aug/2015:03:28:45 -0500] "GET /galeria/nivo-slider/demo/images/Banner-Directorio.jpg HTTP/1.1" 200 182068
186.145.58.53 - - [02/Aug/2015:03:28:45 -0500] "GET /galeria/nivo-slider/demo/images/Ruta-vertimientos-01.jpg HTTP/1.1" 200 130151
186.145.58.53 - - [02/Aug/2015:03:28:46 -0500] "GET /galeria/nivo-slider/demo/images/bolsas-06.jpg HTTP/1.1" 200 90982
186.145.58.53 - - [02/Aug/2015:03:28:46 -0500] "GET /galeria/nivo-slider/demo/images/Conoce-los-humedales.jpg HTTP/1.1" 200 294036
186.145.58.53 - - [02/Aug/2015:03:28:47 -0500] "GET /galeria/nivo-slider/demo/images/ecolecta-Dic2014.png HTTP/1.1" 200 288593
186.145.58.53 - - [02/Aug/2015:03:28:48 -0500] "GET /galeria/nivo-slider/demo/images/Banner-Caracol-Africano.jpg HTTP/1.1" 200 331986
186.145.58.53 - - [02/Aug/2015:03:28:49 -0500] "GET /galeria/nivo-slider/themes/default/bullets.png HTTP/1.1" 200 1281
186.145.58.53 - - [02/Aug/2015:03:28:49 -0500] "GET /galeria/nivo-slider/themes/default/arrows.png HTTP/1.1" 200 824
66.249.64.19 - - [02/Aug/2015:03:28:59 -0500] "GET / HTTP/1.1" 200 127474
66.249.64.106 - - [02/Aug/2015:03:29:13 -0500] "GET /BLA/resoluciones/AUTOS%202012/1723.pdf HTTP/1.1" 304 -
66.249.64.101 - - [02/Aug/2015:03:29:38 -0500] "GET /BLA/resoluciones/AUTOS%202011/1232.pdf HTTP/1.1" 200 143761
66.249.64.24 - - [02/Aug/2015:03:29:46 -0500] "GET /wp-content/plugins/js_composer/assets/lib/prettyphoto/css/prettyPhoto.css?ver=4.3.4 HTTP/1.1" 200 19888
66.249.64.19 - - [02/Aug/2015:03:29:54 -0500] "GET /wp-content/plugins/js_composer/assets/lib/prettyphoto/js/jquery.prettyPhoto.js?ver=4.3.4 HTTP/1.1" 200 22060
66.249.64.24 - - [02/Aug/2015:03:30:06 -0500] "GET /wp-content/plugins/js_composer/assets/lib/jquery-ui-tabs-rotate/jquery-ui-tabs-rotate.js?ver=4.3.4 HTTP/1.1" 200 1784
