!C99Shell v. 1.0 pre-release build #13!

Software: Apache. PHP/5.5.15 

uname -a: Windows NT SVR-DMZ 6.1 build 7600 (Windows Server 2008 R2 Enterprise Edition) i586 

SYSTEM 

Safe-mode: OFF (not secure)

E:\nuevo\apache\logs\   drwxrwxrwx
Free 9.41 GB of 239.26 GB (3.93%)
Detected drives: [ a ] [ c ] [ d ] [ e ] [ f ]
Home    Back    Forward    UPDIR    Refresh    Search    Buffer    Encoder    Tools    Proc.    FTP brute    Sec.    SQL    PHP-code    Update    Feedback    Self remove    Logout    


Viewing file:     access.2015.08.04.log (27.66 MB)      -rw-rw-rw-
Select action/file-type:
(+) | (+) | (+) | Code (+) | Session (+) | (+) | SDB (+) | (+) | (+) | (+) | (+) | (+) |
200.118.11.205 - - [04/Aug/2015:00:00:01 -0500] "POST /forms/lservlet;jsessionid=ac16012b30d6362cd075595e4819a291af5aafe86efe.e3iSbxaKaheRe38Ka34Oa3eLbxf0n6jAmljGr5XDqQLvpAe HTTP/1.1" 200 2
200.118.11.205 - - [04/Aug/2015:00:00:01 -0500] "POST /forms/lservlet;jsessionid=ac16012b30d6362cd075595e4819a291af5aafe86efe.e3iSbxaKaheRe38Ka34Oa3eLbxf0n6jAmljGr5XDqQLvpAe HTTP/1.1" 200 2366
200.118.11.205 - - [04/Aug/2015:00:00:01 -0500] "POST /forms/lservlet;jsessionid=ac16012b30d6362cd075595e4819a291af5aafe86efe.e3iSbxaKaheRe38Ka34Oa3eLbxf0n6jAmljGr5XDqQLvpAe HTTP/1.1" 200 10
200.118.11.205 - - [04/Aug/2015:00:00:03 -0500] "POST /forms/lservlet;jsessionid=ac16012b30d6362cd075595e4819a291af5aafe86efe.e3iSbxaKaheRe38Ka34Oa3eLbxf0n6jAmljGr5XDqQLvpAe HTTP/1.1" 200 26
200.118.11.205 - - [04/Aug/2015:00:00:03 -0500] "POST /forms/lservlet;jsessionid=ac16012b30d6362cd075595e4819a291af5aafe86efe.e3iSbxaKaheRe38Ka34Oa3eLbxf0n6jAmljGr5XDqQLvpAe HTTP/1.1" 200 5037
200.118.11.205 - - [04/Aug/2015:00:00:03 -0500] "POST /forms/lservlet;jsessionid=ac16012b30d6362cd075595e4819a291af5aafe86efe.e3iSbxaKaheRe38Ka34Oa3eLbxf0n6jAmljGr5XDqQLvpAe HTTP/1.1" 200 2
190.9.200.114 - - [04/Aug/2015:00:00:07 -0500] "GET /galeria/galeria/fotos/Humedal-Santa-Mar%C3%ADa-del-Lago1G.jpg HTTP/1.1" 200 290867
200.118.11.205 - - [04/Aug/2015:00:00:10 -0500] "POST /forms/lservlet;jsessionid=ac16012b30d6362cd075595e4819a291af5aafe86efe.e3iSbxaKaheRe38Ka34Oa3eLbxf0n6jAmljGr5XDqQLvpAe HTTP/1.1" 200 2
200.118.11.205 - - [04/Aug/2015:00:00:11 -0500] "POST /forms/lservlet;jsessionid=ac16012b30d6362cd075595e4819a291af5aafe86efe.e3iSbxaKaheRe38Ka34Oa3eLbxf0n6jAmljGr5XDqQLvpAe HTTP/1.1" 200 2300
200.118.11.205 - - [04/Aug/2015:00:00:11 -0500] "POST /forms/lservlet;jsessionid=ac16012b30d6362cd075595e4819a291af5aafe86efe.e3iSbxaKaheRe38Ka34Oa3eLbxf0n6jAmljGr5XDqQLvpAe HTTP/1.1" 200 10
200.118.11.205 - - [04/Aug/2015:00:00:12 -0500] "POST /forms/lservlet;jsessionid=ac16012b30d6362cd075595e4819a291af5aafe86efe.e3iSbxaKaheRe38Ka34Oa3eLbxf0n6jAmljGr5XDqQLvpAe HTTP/1.1" 200 26
200.118.11.205 - - [04/Aug/2015:00:00:12 -0500] "POST /forms/lservlet;jsessionid=ac16012b30d6362cd075595e4819a291af5aafe86efe.e3iSbxaKaheRe38Ka34Oa3eLbxf0n6jAmljGr5XDqQLvpAe HTTP/1.1" 200 4188
200.118.11.205 - - [04/Aug/2015:00:00:13 -0500] "POST /forms/lservlet;jsessionid=ac16012b30d6362cd075595e4819a291af5aafe86efe.e3iSbxaKaheRe38Ka34Oa3eLbxf0n6jAmljGr5XDqQLvpAe HTTP/1.1" 200 2
200.118.11.205 - - [04/Aug/2015:00:00:18 -0500] "POST /forms/lservlet;jsessionid=ac16012b30d6362cd075595e4819a291af5aafe86efe.e3iSbxaKaheRe38Ka34Oa3eLbxf0n6jAmljGr5XDqQLvpAe HTTP/1.1" 200 2
200.118.11.205 - - [04/Aug/2015:00:00:18 -0500] "POST /forms/lservlet;jsessionid=ac16012b30d6362cd075595e4819a291af5aafe86efe.e3iSbxaKaheRe38Ka34Oa3eLbxf0n6jAmljGr5XDqQLvpAe HTTP/1.1" 200 2398
200.118.11.205 - - [04/Aug/2015:00:00:18 -0500] "POST /forms/lservlet;jsessionid=ac16012b30d6362cd075595e4819a291af5aafe86efe.e3iSbxaKaheRe38Ka34Oa3eLbxf0n6jAmljGr5XDqQLvpAe HTTP/1.1" 200 10
66.249.64.106 - - [03/Aug/2015:23:59:36 -0500] "GET /BLA/boletinlegal/ HTTP/1.1" 200 51011
66.249.64.101 - - [04/Aug/2015:00:00:19 -0500] "GET /Residuos/cosmeticos/images/page45_thumbnail.jpg HTTP/1.1" 200 9014
200.118.11.205 - - [04/Aug/2015:00:00:20 -0500] "POST /forms/lservlet;jsessionid=ac16012b30d6362cd075595e4819a291af5aafe86efe.e3iSbxaKaheRe38Ka34Oa3eLbxf0n6jAmljGr5XDqQLvpAe HTTP/1.1" 200 26
200.118.11.205 - - [04/Aug/2015:00:00:20 -0500] "POST /forms/lservlet;jsessionid=ac16012b30d6362cd075595e4819a291af5aafe86efe.e3iSbxaKaheRe38Ka34Oa3eLbxf0n6jAmljGr5XDqQLvpAe HTTP/1.1" 200 4589
200.118.11.205 - - [04/Aug/2015:00:00:20 -0500] "POST /forms/lservlet;jsessionid=ac16012b30d6362cd075595e4819a291af5aafe86efe.e3iSbxaKaheRe38Ka34Oa3eLbxf0n6jAmljGr5XDqQLvpAe HTTP/1.1" 200 2
190.9.200.114 - - [04/Aug/2015:00:00:26 -0500] "GET /galeria/galeria/fotos/Humedal-Santa-Mar%C3%ADa-del-Lago4G.jpg HTTP/1.1" 200 361652
66.249.64.101 - - [04/Aug/2015:00:00:26 -0500] "GET /sia/ HTTP/1.1" 304 -
190.9.200.114 - - [04/Aug/2015:00:00:26 -0500] "GET /galeria/mapa2/aulaSantaM.jpg HTTP/1.1" 200 69216
200.118.11.205 - - [04/Aug/2015:00:00:27 -0500] "POST /forms/lservlet;jsessionid=ac16012b30d6362cd075595e4819a291af5aafe86efe.e3iSbxaKaheRe38Ka34Oa3eLbxf0n6jAmljGr5XDqQLvpAe HTTP/1.1" 200 2
200.118.11.205 - - [04/Aug/2015:00:00:27 -0500] "POST /forms/lservlet;jsessionid=ac16012b30d6362cd075595e4819a291af5aafe86efe.e3iSbxaKaheRe38Ka34Oa3eLbxf0n6jAmljGr5XDqQLvpAe HTTP/1.1" 200 2332
200.118.11.205 - - [04/Aug/2015:00:00:27 -0500] "POST /forms/lservlet;jsessionid=ac16012b30d6362cd075595e4819a291af5aafe86efe.e3iSbxaKaheRe38Ka34Oa3eLbxf0n6jAmljGr5XDqQLvpAe HTTP/1.1" 200 10
200.118.11.205 - - [04/Aug/2015:00:00:28 -0500] "POST /forms/lservlet;jsessionid=ac16012b30d6362cd075595e4819a291af5aafe86efe.e3iSbxaKaheRe38Ka34Oa3eLbxf0n6jAmljGr5XDqQLvpAe HTTP/1.1" 200 26
200.118.11.205 - - [04/Aug/2015:00:00:28 -0500] "POST /forms/lservlet;jsessionid=ac16012b30d6362cd075595e4819a291af5aafe86efe.e3iSbxaKaheRe38Ka34Oa3eLbxf0n6jAmljGr5XDqQLvpAe HTTP/1.1" 200 4240
200.118.11.205 - - [04/Aug/2015:00:00:29 -0500] "POST /forms/lservlet;jsessionid=ac16012b30d6362cd075595e4819a291af5aafe86efe.e3iSbxaKaheRe38Ka34Oa3eLbxf0n6jAmljGr5XDqQLvpAe HTTP/1.1" 200 2
200.118.11.205 - - [04/Aug/2015:00:00:37 -0500] "POST /forms/lservlet;jsessionid=ac16012b30d6362cd075595e4819a291af5aafe86efe.e3iSbxaKaheRe38Ka34Oa3eLbxf0n6jAmljGr5XDqQLvpAe HTTP/1.1" 200 2
200.118.11.205 - - [04/Aug/2015:00:00:37 -0500] "POST /forms/lservlet;jsessionid=ac16012b30d6362cd075595e4819a291af5aafe86efe.e3iSbxaKaheRe38Ka34Oa3eLbxf0n6jAmljGr5XDqQLvpAe HTTP/1.1" 200 2409
200.118.11.205 - - [04/Aug/2015:00:00:38 -0500] "POST /forms/lservlet;jsessionid=ac16012b30d6362cd075595e4819a291af5aafe86efe.e3iSbxaKaheRe38Ka34Oa3eLbxf0n6jAmljGr5XDqQLvpAe HTTP/1.1" 200 10
200.118.11.205 - - [04/Aug/2015:00:00:39 -0500] "POST /forms/lservlet;jsessionid=ac16012b30d6362cd075595e4819a291af5aafe86efe.e3iSbxaKaheRe38Ka34Oa3eLbxf0n6jAmljGr5XDqQLvpAe HTTP/1.1" 200 26
200.118.11.205 - - [04/Aug/2015:00:00:39 -0500] "POST /forms/lservlet;jsessionid=ac16012b30d6362cd075595e4819a291af5aafe86efe.e3iSbxaKaheRe38Ka34Oa3eLbxf0n6jAmljGr5XDqQLvpAe HTTP/1.1" 200 4800
200.118.11.205 - - [04/Aug/2015:00:00:39 -0500] "POST /forms/lservlet;jsessionid=ac16012b30d6362cd075595e4819a291af5aafe86efe.e3iSbxaKaheRe38Ka34Oa3eLbxf0n6jAmljGr5XDqQLvpAe HTTP/1.1" 200 2
200.118.11.205 - - [04/Aug/2015:00:00:46 -0500] "POST /forms/lservlet;jsessionid=ac16012b30d6362cd075595e4819a291af5aafe86efe.e3iSbxaKaheRe38Ka34Oa3eLbxf0n6jAmljGr5XDqQLvpAe HTTP/1.1" 200 2
200.118.11.205 - - [04/Aug/2015:00:00:46 -0500] "POST /forms/lservlet;jsessionid=ac16012b30d6362cd075595e4819a291af5aafe86efe.e3iSbxaKaheRe38Ka34Oa3eLbxf0n6jAmljGr5XDqQLvpAe HTTP/1.1" 200 2343
200.118.11.205 - - [04/Aug/2015:00:00:46 -0500] "POST /forms/lservlet;jsessionid=ac16012b30d6362cd075595e4819a291af5aafe86efe.e3iSbxaKaheRe38Ka34Oa3eLbxf0n6jAmljGr5XDqQLvpAe HTTP/1.1" 200 10
200.118.11.205 - - [04/Aug/2015:00:00:48 -0500] "POST /forms/lservlet;jsessionid=ac16012b30d6362cd075595e4819a291af5aafe86efe.e3iSbxaKaheRe38Ka34Oa3eLbxf0n6jAmljGr5XDqQLvpAe HTTP/1.1" 200 26
200.118.11.205 - - [04/Aug/2015:00:00:48 -0500] "POST /forms/lservlet;jsessionid=ac16012b30d6362cd075595e4819a291af5aafe86efe.e3iSbxaKaheRe38Ka34Oa3eLbxf0n6jAmljGr5XDqQLvpAe HTTP/1.1" 200 582
200.118.11.205 - - [04/Aug/2015:00:00:48 -0500] "POST /forms/lservlet;jsessionid=ac16012b30d6362cd075595e4819a291af5aafe86efe.e3iSbxaKaheRe38Ka34Oa3eLbxf0n6jAmljGr5XDqQLvpAe HTTP/1.1" 200 11
200.118.11.205 - - [04/Aug/2015:00:00:54 -0500] "POST /forms/lservlet;jsessionid=ac16012b30d6362cd075595e4819a291af5aafe86efe.e3iSbxaKaheRe38Ka34Oa3eLbxf0n6jAmljGr5XDqQLvpAe HTTP/1.1" 200 2
200.118.11.205 - - [04/Aug/2015:00:00:54 -0500] "POST /forms/lservlet;jsessionid=ac16012b30d6362cd075595e4819a291af5aafe86efe.e3iSbxaKaheRe38Ka34Oa3eLbxf0n6jAmljGr5XDqQLvpAe HTTP/1.1" 200 450
200.118.11.205 - - [04/Aug/2015:00:00:54 -0500] "POST /forms/lservlet;jsessionid=ac16012b30d6362cd075595e4819a291af5aafe86efe.e3iSbxaKaheRe38Ka34Oa3eLbxf0n6jAmljGr5XDqQLvpAe HTTP/1.1" 200 11
200.118.11.205 - - [04/Aug/2015:00:00:57 -0500] "POST /forms/lservlet;jsessionid=ac16012b30d6362cd075595e4819a291af5aafe86efe.e3iSbxaKaheRe38Ka34Oa3eLbxf0n6jAmljGr5XDqQLvpAe HTTP/1.1" 200 56
200.118.11.205 - - [04/Aug/2015:00:00:58 -0500] "POST /forms/lservlet;jsessionid=ac16012b30d6362cd075595e4819a291af5aafe86efe.e3iSbxaKaheRe38Ka34Oa3eLbxf0n6jAmljGr5XDqQLvpAe HTTP/1.1" 200 26
200.118.11.205 - - [04/Aug/2015:00:00:58 -0500] "POST /forms/lservlet;jsessionid=ac16012b30d6362cd075595e4819a291af5aafe86efe.e3iSbxaKaheRe38Ka34Oa3eLbxf0n6jAmljGr5XDqQLvpAe HTTP/1.1" 200 14
200.118.11.205 - - [04/Aug/2015:00:00:59 -0500] "POST /forms/lservlet;jsessionid=ac16012b30d6362cd075595e4819a291af5aafe86efe.e3iSbxaKaheRe38Ka34Oa3eLbxf0n6jAmljGr5XDqQLvpAe HTTP/1.1" 200 3334
200.118.11.205 - - [04/Aug/2015:00:01:00 -0500] "POST /forms/lservlet;jsessionid=ac16012b30d6362cd075595e4819a291af5aafe86efe.e3iSbxaKaheRe38Ka34Oa3eLbxf0n6jAmljGr5XDqQLvpAe HTTP/1.1" 200 20
200.118.11.205 - - [04/Aug/2015:00:01:02 -0500] "POST /forms/lservlet;jsessionid=ac16012b30d6362cd075595e4819a291af5aafe86efe.e3iSbxaKaheRe38Ka34Oa3eLbxf0n6jAmljGr5XDqQLvpAe HTTP/1.1" 200 2386
68.180.229.121 - - [04/Aug/2015:00:00:50 -0500] "GET /noticias/ HTTP/1.1" 200 38780
200.118.11.205 - - [04/Aug/2015:00:01:03 -0500] "POST /forms/lservlet;jsessionid=ac16012b30d6362cd075595e4819a291af5aafe86efe.e3iSbxaKaheRe38Ka34Oa3eLbxf0n6jAmljGr5XDqQLvpAe HTTP/1.1" 200 1988
190.27.115.80 - - [04/Aug/2015:00:01:10 -0500] "POST /forms/lservlet;jsessionid=ac16012b30d65e13b057903a42a2a154ddbd1491f3c2.e3iSbxaKaheRe38Ka34Oa3eLbxf0n6jAmljGr5XDqQLvpAe HTTP/1.1" 200 2
200.118.11.205 - - [04/Aug/2015:00:01:11 -0500] "POST /forms/lservlet;jsessionid=ac16012b30d6362cd075595e4819a291af5aafe86efe.e3iSbxaKaheRe38Ka34Oa3eLbxf0n6jAmljGr5XDqQLvpAe HTTP/1.1" 200 2
200.118.11.205 - - [04/Aug/2015:00:01:12 -0500] "POST /forms/lservlet;jsessionid=ac16012b30d6362cd075595e4819a291af5aafe86efe.e3iSbxaKaheRe38Ka34Oa3eLbxf0n6jAmljGr5XDqQLvpAe HTTP/1.1" 200 1982
74.86.158.107 - - [04/Aug/2015:00:01:21 -0500] "HEAD / HTTP/1.1" 200 -
200.118.11.205 - - [04/Aug/2015:00:01:32 -0500] "POST /forms/lservlet;jsessionid=ac16012b30d6362cd075595e4819a291af5aafe86efe.e3iSbxaKaheRe38Ka34Oa3eLbxf0n6jAmljGr5XDqQLvpAe HTTP/1.1" 200 1981
200.118.11.205 - - [04/Aug/2015:00:01:33 -0500] "POST /forms/lservlet;jsessionid=ac16012b30d6362cd075595e4819a291af5aafe86efe.e3iSbxaKaheRe38Ka34Oa3eLbxf0n6jAmljGr5XDqQLvpAe HTTP/1.1" 200 26
200.118.11.205 - - [04/Aug/2015:00:01:34 -0500] "POST /forms/lservlet;jsessionid=ac16012b30d6362cd075595e4819a291af5aafe86efe.e3iSbxaKaheRe38Ka34Oa3eLbxf0n6jAmljGr5XDqQLvpAe HTTP/1.1" 200 26
188.165.15.176 - - [04/Aug/2015:00:01:38 -0500] "GET /BLA/resoluciones/RESOLUCIONES%202006/RES%202006%202351-2400/00002372.tif HTTP/1.1" 200 56002
200.118.11.205 - - [04/Aug/2015:00:02:01 -0500] "POST /forms/lservlet;jsessionid=ac16012b30d6362cd075595e4819a291af5aafe86efe.e3iSbxaKaheRe38Ka34Oa3eLbxf0n6jAmljGr5XDqQLvpAe HTTP/1.1" 200 2
200.118.11.205 - - [04/Aug/2015:00:02:01 -0500] "POST /forms/lservlet;jsessionid=ac16012b30d6362cd075595e4819a291af5aafe86efe.e3iSbxaKaheRe38Ka34Oa3eLbxf0n6jAmljGr5XDqQLvpAe HTTP/1.1" 200 2500
200.118.11.205 - - [04/Aug/2015:00:02:01 -0500] "POST /forms/lservlet;jsessionid=ac16012b30d6362cd075595e4819a291af5aafe86efe.e3iSbxaKaheRe38Ka34Oa3eLbxf0n6jAmljGr5XDqQLvpAe HTTP/1.1" 200 10
200.118.11.205 - - [04/Aug/2015:00:02:03 -0500] "POST /forms/lservlet;jsessionid=ac16012b30d6362cd075595e4819a291af5aafe86efe.e3iSbxaKaheRe38Ka34Oa3eLbxf0n6jAmljGr5XDqQLvpAe HTTP/1.1" 200 26
200.118.11.205 - - [04/Aug/2015:00:02:03 -0500] "POST /forms/lservlet;jsessionid=ac16012b30d6362cd075595e4819a291af5aafe86efe.e3iSbxaKaheRe38Ka34Oa3eLbxf0n6jAmljGr5XDqQLvpAe HTTP/1.1" 200 4382
200.118.11.205 - - [04/Aug/2015:00:02:03 -0500] "POST /forms/lservlet;jsessionid=ac16012b30d6362cd075595e4819a291af5aafe86efe.e3iSbxaKaheRe38Ka34Oa3eLbxf0n6jAmljGr5XDqQLvpAe HTTP/1.1" 200 2
200.118.11.205 - - [04/Aug/2015:00:02:09 -0500] "POST /forms/lservlet;jsessionid=ac16012b30d6362cd075595e4819a291af5aafe86efe.e3iSbxaKaheRe38Ka34Oa3eLbxf0n6jAmljGr5XDqQLvpAe HTTP/1.1" 200 2
200.118.11.205 - - [04/Aug/2015:00:02:09 -0500] "POST /forms/lservlet;jsessionid=ac16012b30d6362cd075595e4819a291af5aafe86efe.e3iSbxaKaheRe38Ka34Oa3eLbxf0n6jAmljGr5XDqQLvpAe HTTP/1.1" 200 2344
200.118.11.205 - - [04/Aug/2015:00:02:10 -0500] "POST /forms/lservlet;jsessionid=ac16012b30d6362cd075595e4819a291af5aafe86efe.e3iSbxaKaheRe38Ka34Oa3eLbxf0n6jAmljGr5XDqQLvpAe HTTP/1.1" 200 10
200.118.11.205 - - [04/Aug/2015:00:02:11 -0500] "POST /forms/lservlet;jsessionid=ac16012b30d6362cd075595e4819a291af5aafe86efe.e3iSbxaKaheRe38Ka34Oa3eLbxf0n6jAmljGr5XDqQLvpAe HTTP/1.1" 200 26
200.118.11.205 - - [04/Aug/2015:00:02:11 -0500] "POST /forms/lservlet;jsessionid=ac16012b30d6362cd075595e4819a291af5aafe86efe.e3iSbxaKaheRe38Ka34Oa3eLbxf0n6jAmljGr5XDqQLvpAe HTTP/1.1" 200 4939
200.118.11.205 - - [04/Aug/2015:00:02:11 -0500] "POST /forms/lservlet;jsessionid=ac16012b30d6362cd075595e4819a291af5aafe86efe.e3iSbxaKaheRe38Ka34Oa3eLbxf0n6jAmljGr5XDqQLvpAe HTTP/1.1" 200 2
200.118.11.205 - - [04/Aug/2015:00:02:16 -0500] "POST /forms/lservlet;jsessionid=ac16012b30d6362cd075595e4819a291af5aafe86efe.e3iSbxaKaheRe38Ka34Oa3eLbxf0n6jAmljGr5XDqQLvpAe HTTP/1.1" 200 2
200.118.11.205 - - [04/Aug/2015:00:02:16 -0500] "POST /forms/lservlet;jsessionid=ac16012b30d6362cd075595e4819a291af5aafe86efe.e3iSbxaKaheRe38Ka34Oa3eLbxf0n6jAmljGr5XDqQLvpAe HTTP/1.1" 200 2412
200.118.11.205 - - [04/Aug/2015:00:02:17 -0500] "POST /forms/lservlet;jsessionid=ac16012b30d6362cd075595e4819a291af5aafe86efe.e3iSbxaKaheRe38Ka34Oa3eLbxf0n6jAmljGr5XDqQLvpAe HTTP/1.1" 200 10
200.118.11.205 - - [04/Aug/2015:00:02:18 -0500] "POST /forms/lservlet;jsessionid=ac16012b30d6362cd075595e4819a291af5aafe86efe.e3iSbxaKaheRe38Ka34Oa3eLbxf0n6jAmljGr5XDqQLvpAe HTTP/1.1" 200 26
200.118.11.205 - - [04/Aug/2015:00:02:19 -0500] "POST /forms/lservlet;jsessionid=ac16012b30d6362cd075595e4819a291af5aafe86efe.e3iSbxaKaheRe38Ka34Oa3eLbxf0n6jAmljGr5XDqQLvpAe HTTP/1.1" 200 3986
200.118.11.205 - - [04/Aug/2015:00:02:19 -0500] "POST /forms/lservlet;jsessionid=ac16012b30d6362cd075595e4819a291af5aafe86efe.e3iSbxaKaheRe38Ka34Oa3eLbxf0n6jAmljGr5XDqQLvpAe HTTP/1.1" 200 2
200.118.11.205 - - [04/Aug/2015:00:02:26 -0500] "POST /forms/lservlet;jsessionid=ac16012b30d6362cd075595e4819a291af5aafe86efe.e3iSbxaKaheRe38Ka34Oa3eLbxf0n6jAmljGr5XDqQLvpAe HTTP/1.1" 200 2
200.118.11.205 - - [04/Aug/2015:00:02:26 -0500] "POST /forms/lservlet;jsessionid=ac16012b30d6362cd075595e4819a291af5aafe86efe.e3iSbxaKaheRe38Ka34Oa3eLbxf0n6jAmljGr5XDqQLvpAe HTTP/1.1" 200 2375
200.118.11.205 - - [04/Aug/2015:00:02:26 -0500] "POST /forms/lservlet;jsessionid=ac16012b30d6362cd075595e4819a291af5aafe86efe.e3iSbxaKaheRe38Ka34Oa3eLbxf0n6jAmljGr5XDqQLvpAe HTTP/1.1" 200 10
200.118.11.205 - - [04/Aug/2015:00:02:27 -0500] "POST /forms/lservlet;jsessionid=ac16012b30d6362cd075595e4819a291af5aafe86efe.e3iSbxaKaheRe38Ka34Oa3eLbxf0n6jAmljGr5XDqQLvpAe HTTP/1.1" 200 26
200.118.11.205 - - [04/Aug/2015:00:02:27 -0500] "POST /forms/lservlet;jsessionid=ac16012b30d6362cd075595e4819a291af5aafe86efe.e3iSbxaKaheRe38Ka34Oa3eLbxf0n6jAmljGr5XDqQLvpAe HTTP/1.1" 200 4601
200.118.11.205 - - [04/Aug/2015:00:02:28 -0500] "POST /forms/lservlet;jsessionid=ac16012b30d6362cd075595e4819a291af5aafe86efe.e3iSbxaKaheRe38Ka34Oa3eLbxf0n6jAmljGr5XDqQLvpAe HTTP/1.1" 200 2
200.118.11.205 - - [04/Aug/2015:00:02:35 -0500] "POST /forms/lservlet;jsessionid=ac16012b30d6362cd075595e4819a291af5aafe86efe.e3iSbxaKaheRe38Ka34Oa3eLbxf0n6jAmljGr5XDqQLvpAe HTTP/1.1" 200 2
200.118.11.205 - - [04/Aug/2015:00:02:36 -0500] "POST /forms/lservlet;jsessionid=ac16012b30d6362cd075595e4819a291af5aafe86efe.e3iSbxaKaheRe38Ka34Oa3eLbxf0n6jAmljGr5XDqQLvpAe HTTP/1.1" 200 2342
200.118.11.205 - - [04/Aug/2015:00:02:36 -0500] "POST /forms/lservlet;jsessionid=ac16012b30d6362cd075595e4819a291af5aafe86efe.e3iSbxaKaheRe38Ka34Oa3eLbxf0n6jAmljGr5XDqQLvpAe HTTP/1.1" 200 10
200.118.11.205 - - [04/Aug/2015:00:02:37 -0500] "POST /forms/lservlet;jsessionid=ac16012b30d6362cd075595e4819a291af5aafe86efe.e3iSbxaKaheRe38Ka34Oa3eLbxf0n6jAmljGr5XDqQLvpAe HTTP/1.1" 200 26
200.118.11.205 - - [04/Aug/2015:00:02:37 -0500] "POST /forms/lservlet;jsessionid=ac16012b30d6362cd075595e4819a291af5aafe86efe.e3iSbxaKaheRe38Ka34Oa3eLbxf0n6jAmljGr5XDqQLvpAe HTTP/1.1" 200 4836
200.118.11.205 - - [04/Aug/2015:00:02:38 -0500] "POST /forms/lservlet;jsessionid=ac16012b30d6362cd075595e4819a291af5aafe86efe.e3iSbxaKaheRe38Ka34Oa3eLbxf0n6jAmljGr5XDqQLvpAe HTTP/1.1" 200 2
200.118.11.205 - - [04/Aug/2015:00:02:43 -0500] "POST /forms/lservlet;jsessionid=ac16012b30d6362cd075595e4819a291af5aafe86efe.e3iSbxaKaheRe38Ka34Oa3eLbxf0n6jAmljGr5XDqQLvpAe HTTP/1.1" 200 2
200.118.11.205 - - [04/Aug/2015:00:02:44 -0500] "POST /forms/lservlet;jsessionid=ac16012b30d6362cd075595e4819a291af5aafe86efe.e3iSbxaKaheRe38Ka34Oa3eLbxf0n6jAmljGr5XDqQLvpAe HTTP/1.1" 200 2395
200.118.11.205 - - [04/Aug/2015:00:02:44 -0500] "POST /forms/lservlet;jsessionid=ac16012b30d6362cd075595e4819a291af5aafe86efe.e3iSbxaKaheRe38Ka34Oa3eLbxf0n6jAmljGr5XDqQLvpAe HTTP/1.1" 200 10
200.118.11.205 - - [04/Aug/2015:00:02:45 -0500] "POST /forms/lservlet;jsessionid=ac16012b30d6362cd075595e4819a291af5aafe86efe.e3iSbxaKaheRe38Ka34Oa3eLbxf0n6jAmljGr5XDqQLvpAe HTTP/1.1" 200 26
200.118.11.205 - - [04/Aug/2015:00:02:45 -0500] "POST /forms/lservlet;jsessionid=ac16012b30d6362cd075595e4819a291af5aafe86efe.e3iSbxaKaheRe38Ka34Oa3eLbxf0n6jAmljGr5XDqQLvpAe HTTP/1.1" 200 4561
200.118.11.205 - - [04/Aug/2015:00:02:46 -0500] "POST /forms/lservlet;jsessionid=ac16012b30d6362cd075595e4819a291af5aafe86efe.e3iSbxaKaheRe38Ka34Oa3eLbxf0n6jAmljGr5XDqQLvpAe HTTP/1.1" 200 2
190.27.115.80 - - [04/Aug/2015:00:03:11 -0500] "POST /forms/lservlet;jsessionid=ac16012b30d65e13b057903a42a2a154ddbd1491f3c2.e3iSbxaKaheRe38Ka34Oa3eLbxf0n6jAmljGr5XDqQLvpAe HTTP/1.1" 200 2
200.118.11.205 - - [04/Aug/2015:00:03:12 -0500] "POST /forms/lservlet;jsessionid=ac16012b30d6362cd075595e4819a291af5aafe86efe.e3iSbxaKaheRe38Ka34Oa3eLbxf0n6jAmljGr5XDqQLvpAe HTTP/1.1" 200 2
88.198.233.69 - - [04/Aug/2015:00:03:23 -0500] "GET / HTTP/1.1" 200 10190
66.249.64.29 - - [04/Aug/2015:00:03:52 -0500] "GET /noticias/ HTTP/1.1" 200 38780
66.249.64.19 - - [04/Aug/2015:00:04:06 -0500] "GET /nota-logistica/ HTTP/1.1" 200 29444
190.27.115.80 - - [04/Aug/2015:00:04:40 -0500] "POST /forms/lservlet;jsessionid=ac16012b30d65e13b057903a42a2a154ddbd1491f3c2.e3iSbxaKaheRe38Ka34Oa3eLbxf0n6jAmljGr5XDqQLvpAe HTTP/1.1" 200 134
190.27.115.80 - - [04/Aug/2015:00:04:41 -0500] "POST /forms/lservlet;jsessionid=ac16012b30d65e13b057903a42a2a154ddbd1491f3c2.e3iSbxaKaheRe38Ka34Oa3eLbxf0n6jAmljGr5XDqQLvpAe HTTP/1.1" 200 2
190.27.115.80 - - [04/Aug/2015:00:04:42 -0500] "POST /forms/lservlet;jsessionid=ac16012b30d65e13b057903a42a2a154ddbd1491f3c2.e3iSbxaKaheRe38Ka34Oa3eLbxf0n6jAmljGr5XDqQLvpAe HTTP/1.1" 200 2
190.27.115.80 - - [04/Aug/2015:00:04:42 -0500] "POST /forms/lservlet;jsessionid=ac16012b30d65e13b057903a42a2a154ddbd1491f3c2.e3iSbxaKaheRe38Ka34Oa3eLbxf0n6jAmljGr5XDqQLvpAe HTTP/1.1" 200 2459
190.27.115.80 - - [04/Aug/2015:00:04:43 -0500] "POST /forms/lservlet;jsessionid=ac16012b30d65e13b057903a42a2a154ddbd1491f3c2.e3iSbxaKaheRe38Ka34Oa3eLbxf0n6jAmljGr5XDqQLvpAe HTTP/1.1" 200 10
66.249.64.248 - - [04/Aug/2015:00:04:48 -0500] "GET /BLA/boletinlegal/jurisprudencia/analisis/CUADRO%20SENTENCIA%20C-222%20DE%202011.doc HTTP/1.1" 304 -
190.27.115.80 - - [04/Aug/2015:00:04:56 -0500] "POST /forms/lservlet;jsessionid=ac16012b30d65e13b057903a42a2a154ddbd1491f3c2.e3iSbxaKaheRe38Ka34Oa3eLbxf0n6jAmljGr5XDqQLvpAe HTTP/1.1" 200 22
190.27.115.80 - - [04/Aug/2015:00:04:56 -0500] "POST /forms/lservlet;jsessionid=ac16012b30d65e13b057903a42a2a154ddbd1491f3c2.e3iSbxaKaheRe38Ka34Oa3eLbxf0n6jAmljGr5XDqQLvpAe HTTP/1.1" 200 4957
190.27.115.80 - - [04/Aug/2015:00:04:57 -0500] "POST /forms/lservlet;jsessionid=ac16012b30d65e13b057903a42a2a154ddbd1491f3c2.e3iSbxaKaheRe38Ka34Oa3eLbxf0n6jAmljGr5XDqQLvpAe HTTP/1.1" 200 2
190.27.115.80 - - [04/Aug/2015:00:05:02 -0500] "POST /forms/lservlet;jsessionid=ac16012b30d65e13b057903a42a2a154ddbd1491f3c2.e3iSbxaKaheRe38Ka34Oa3eLbxf0n6jAmljGr5XDqQLvpAe HTTP/1.1" 200 90
188.165.15.176 - - [04/Aug/2015:00:05:04 -0500] "GET /BLA/resoluciones/RESOLUCIONES%202006/RES%202006%20351-400/00000355.tif HTTP/1.1" 200 212320
190.27.115.80 - - [04/Aug/2015:00:05:05 -0500] "POST /forms/lservlet;jsessionid=ac16012b30d65e13b057903a42a2a154ddbd1491f3c2.e3iSbxaKaheRe38Ka34Oa3eLbxf0n6jAmljGr5XDqQLvpAe HTTP/1.1" 200 7
190.27.115.80 - - [04/Aug/2015:00:05:07 -0500] "POST /forms/lservlet;jsessionid=ac16012b30d65e13b057903a42a2a154ddbd1491f3c2.e3iSbxaKaheRe38Ka34Oa3eLbxf0n6jAmljGr5XDqQLvpAe HTTP/1.1" 200 428
190.27.115.80 - - [04/Aug/2015:00:05:07 -0500] "POST /forms/lservlet;jsessionid=ac16012b30d65e13b057903a42a2a154ddbd1491f3c2.e3iSbxaKaheRe38Ka34Oa3eLbxf0n6jAmljGr5XDqQLvpAe HTTP/1.1" 200 7
190.27.115.80 - - [04/Aug/2015:00:05:07 -0500] "POST /forms/lservlet;jsessionid=ac16012b30d65e13b057903a42a2a154ddbd1491f3c2.e3iSbxaKaheRe38Ka34Oa3eLbxf0n6jAmljGr5XDqQLvpAe HTTP/1.1" 200 343
190.27.115.80 - - [04/Aug/2015:00:05:08 -0500] "POST /forms/lservlet;jsessionid=ac16012b30d65e13b057903a42a2a154ddbd1491f3c2.e3iSbxaKaheRe38Ka34Oa3eLbxf0n6jAmljGr5XDqQLvpAe HTTP/1.1" 200 346
190.27.115.80 - - [04/Aug/2015:00:05:09 -0500] "POST /forms/lservlet;jsessionid=ac16012b30d65e13b057903a42a2a154ddbd1491f3c2.e3iSbxaKaheRe38Ka34Oa3eLbxf0n6jAmljGr5XDqQLvpAe HTTP/1.1" 200 346
190.27.115.80 - - [04/Aug/2015:00:05:09 -0500] "POST /forms/lservlet;jsessionid=ac16012b30d65e13b057903a42a2a154ddbd1491f3c2.e3iSbxaKaheRe38Ka34Oa3eLbxf0n6jAmljGr5XDqQLvpAe HTTP/1.1" 200 346
190.27.115.80 - - [04/Aug/2015:00:05:09 -0500] "POST /forms/lservlet;jsessionid=ac16012b30d65e13b057903a42a2a154ddbd1491f3c2.e3iSbxaKaheRe38Ka34Oa3eLbxf0n6jAmljGr5XDqQLvpAe HTTP/1.1" 200 376
190.27.115.80 - - [04/Aug/2015:00:05:10 -0500] "POST /forms/lservlet;jsessionid=ac16012b30d65e13b057903a42a2a154ddbd1491f3c2.e3iSbxaKaheRe38Ka34Oa3eLbxf0n6jAmljGr5XDqQLvpAe HTTP/1.1" 200 394
190.27.115.80 - - [04/Aug/2015:00:05:10 -0500] "POST /forms/lservlet;jsessionid=ac16012b30d65e13b057903a42a2a154ddbd1491f3c2.e3iSbxaKaheRe38Ka34Oa3eLbxf0n6jAmljGr5XDqQLvpAe HTTP/1.1" 200 381
190.27.115.80 - - [04/Aug/2015:00:05:10 -0500] "POST /forms/lservlet;jsessionid=ac16012b30d65e13b057903a42a2a154ddbd1491f3c2.e3iSbxaKaheRe38Ka34Oa3eLbxf0n6jAmljGr5XDqQLvpAe HTTP/1.1" 200 454
190.27.115.80 - - [04/Aug/2015:00:05:11 -0500] "POST /forms/lservlet;jsessionid=ac16012b30d65e13b057903a42a2a154ddbd1491f3c2.e3iSbxaKaheRe38Ka34Oa3eLbxf0n6jAmljGr5XDqQLvpAe HTTP/1.1" 200 2
190.27.115.80 - - [04/Aug/2015:00:05:11 -0500] "POST /forms/lservlet;jsessionid=ac16012b30d65e13b057903a42a2a154ddbd1491f3c2.e3iSbxaKaheRe38Ka34Oa3eLbxf0n6jAmljGr5XDqQLvpAe HTTP/1.1" 200 401
200.118.11.205 - - [04/Aug/2015:00:05:12 -0500] "POST /forms/lservlet;jsessionid=ac16012b30d6362cd075595e4819a291af5aafe86efe.e3iSbxaKaheRe38Ka34Oa3eLbxf0n6jAmljGr5XDqQLvpAe HTTP/1.1" 200 2
190.27.115.80 - - [04/Aug/2015:00:05:12 -0500] "POST /forms/lservlet;jsessionid=ac16012b30d65e13b057903a42a2a154ddbd1491f3c2.e3iSbxaKaheRe38Ka34Oa3eLbxf0n6jAmljGr5XDqQLvpAe HTTP/1.1" 200 397
190.27.115.80 - - [04/Aug/2015:00:05:13 -0500] "POST /forms/lservlet;jsessionid=ac16012b30d65e13b057903a42a2a154ddbd1491f3c2.e3iSbxaKaheRe38Ka34Oa3eLbxf0n6jAmljGr5XDqQLvpAe HTTP/1.1" 200 438
190.27.115.80 - - [04/Aug/2015:00:05:14 -0500] "POST /forms/lservlet;jsessionid=ac16012b30d65e13b057903a42a2a154ddbd1491f3c2.e3iSbxaKaheRe38Ka34Oa3eLbxf0n6jAmljGr5XDqQLvpAe HTTP/1.1" 200 506
190.27.115.80 - - [04/Aug/2015:00:05:14 -0500] "POST /forms/lservlet;jsessionid=ac16012b30d65e13b057903a42a2a154ddbd1491f3c2.e3iSbxaKaheRe38Ka34Oa3eLbxf0n6jAmljGr5XDqQLvpAe HTTP/1.1" 200 437
190.27.115.80 - - [04/Aug/2015:00:05:16 -0500] "POST /forms/lservlet;jsessionid=ac16012b30d65e13b057903a42a2a154ddbd1491f3c2.e3iSbxaKaheRe38Ka34Oa3eLbxf0n6jAmljGr5XDqQLvpAe HTTP/1.1" 200 365
190.27.115.80 - - [04/Aug/2015:00:05:17 -0500] "POST /forms/lservlet;jsessionid=ac16012b30d65e13b057903a42a2a154ddbd1491f3c2.e3iSbxaKaheRe38Ka34Oa3eLbxf0n6jAmljGr5XDqQLvpAe HTTP/1.1" 200 373
190.27.115.80 - - [04/Aug/2015:00:05:17 -0500] "POST /forms/lservlet;jsessionid=ac16012b30d65e13b057903a42a2a154ddbd1491f3c2.e3iSbxaKaheRe38Ka34Oa3eLbxf0n6jAmljGr5XDqQLvpAe HTTP/1.1" 200 397
190.27.115.80 - - [04/Aug/2015:00:05:17 -0500] "POST /forms/lservlet;jsessionid=ac16012b30d65e13b057903a42a2a154ddbd1491f3c2.e3iSbxaKaheRe38Ka34Oa3eLbxf0n6jAmljGr5XDqQLvpAe HTTP/1.1" 200 405
190.27.115.80 - - [04/Aug/2015:00:05:18 -0500] "POST /forms/lservlet;jsessionid=ac16012b30d65e13b057903a42a2a154ddbd1491f3c2.e3iSbxaKaheRe38Ka34Oa3eLbxf0n6jAmljGr5XDqQLvpAe HTTP/1.1" 200 444
190.27.115.80 - - [04/Aug/2015:00:05:19 -0500] "POST /forms/lservlet;jsessionid=ac16012b30d65e13b057903a42a2a154ddbd1491f3c2.e3iSbxaKaheRe38Ka34Oa3eLbxf0n6jAmljGr5XDqQLvpAe HTTP/1.1" 200 466
190.27.115.80 - - [04/Aug/2015:00:05:19 -0500] "POST /forms/lservlet;jsessionid=ac16012b30d65e13b057903a42a2a154ddbd1491f3c2.e3iSbxaKaheRe38Ka34Oa3eLbxf0n6jAmljGr5XDqQLvpAe HTTP/1.1" 200 444
190.27.115.80 - - [04/Aug/2015:00:05:19 -0500] "POST /forms/lservlet;jsessionid=ac16012b30d65e13b057903a42a2a154ddbd1491f3c2.e3iSbxaKaheRe38Ka34Oa3eLbxf0n6jAmljGr5XDqQLvpAe HTTP/1.1" 200 437
190.27.115.80 - - [04/Aug/2015:00:05:19 -0500] "POST /forms/lservlet;jsessionid=ac16012b30d65e13b057903a42a2a154ddbd1491f3c2.e3iSbxaKaheRe38Ka34Oa3eLbxf0n6jAmljGr5XDqQLvpAe HTTP/1.1" 200 397
190.27.115.80 - - [04/Aug/2015:00:05:23 -0500] "POST /forms/lservlet;jsessionid=ac16012b30d65e13b057903a42a2a154ddbd1491f3c2.e3iSbxaKaheRe38Ka34Oa3eLbxf0n6jAmljGr5XDqQLvpAe HTTP/1.1" 200 168
190.27.115.80 - - [04/Aug/2015:00:05:23 -0500] "POST /forms/lservlet;jsessionid=ac16012b30d65e13b057903a42a2a154ddbd1491f3c2.e3iSbxaKaheRe38Ka34Oa3eLbxf0n6jAmljGr5XDqQLvpAe HTTP/1.1" 200 7
190.27.115.80 - - [04/Aug/2015:00:05:25 -0500] "POST /forms/lservlet;jsessionid=ac16012b30d65e13b057903a42a2a154ddbd1491f3c2.e3iSbxaKaheRe38Ka34Oa3eLbxf0n6jAmljGr5XDqQLvpAe HTTP/1.1" 200 152
190.27.115.80 - - [04/Aug/2015:00:05:26 -0500] "POST /forms/lservlet;jsessionid=ac16012b30d65e13b057903a42a2a154ddbd1491f3c2.e3iSbxaKaheRe38Ka34Oa3eLbxf0n6jAmljGr5XDqQLvpAe HTTP/1.1" 200 8
190.27.115.80 - - [04/Aug/2015:00:05:26 -0500] "POST /forms/lservlet;jsessionid=ac16012b30d65e13b057903a42a2a154ddbd1491f3c2.e3iSbxaKaheRe38Ka34Oa3eLbxf0n6jAmljGr5XDqQLvpAe HTTP/1.1" 200 2
188.165.15.176 - - [04/Aug/2015:00:05:45 -0500] "GET /galeria/galeria/fotos/6.jpg HTTP/1.1" 200 313010
188.165.15.176 - - [04/Aug/2015:00:05:46 -0500] "GET /BLA/resoluciones/RESOLUCIONES%202002/RES%202002%20751-800/2002RES763.tif HTTP/1.1" 200 82898
190.27.115.80 - - [04/Aug/2015:00:06:07 -0500] "POST /forms/lservlet;jsessionid=ac16012b30d65e13b057903a42a2a154ddbd1491f3c2.e3iSbxaKaheRe38Ka34Oa3eLbxf0n6jAmljGr5XDqQLvpAe HTTP/1.1" 200 133
188.165.15.176 - - [04/Aug/2015:00:06:12 -0500] "GET /BLA/resoluciones/RESOLUCIONES%202006/RES%202006%20%202851-2900/00002878.tif HTTP/1.1" 200 37790
74.86.158.107 - - [04/Aug/2015:00:06:21 -0500] "HEAD / HTTP/1.1" 200 -
188.165.15.176 - - [04/Aug/2015:00:06:23 -0500] "GET /BLA/resoluciones/AUTOS%202006/AUTOS%202006%20701-800/00000777.tif HTTP/1.1" 200 103256
190.27.115.80 - - [04/Aug/2015:00:06:35 -0500] "POST /forms/lservlet;jsessionid=ac16012b30d65e13b057903a42a2a154ddbd1491f3c2.e3iSbxaKaheRe38Ka34Oa3eLbxf0n6jAmljGr5XDqQLvpAe HTTP/1.1" 200 99
190.27.115.80 - - [04/Aug/2015:00:07:11 -0500] "POST /forms/lservlet;jsessionid=ac16012b30d65e13b057903a42a2a154ddbd1491f3c2.e3iSbxaKaheRe38Ka34Oa3eLbxf0n6jAmljGr5XDqQLvpAe HTTP/1.1" 200 2
66.249.64.96 - - [04/Aug/2015:00:07:27 -0500] "GET /Residuos/cosmeticos/images/page55_thumbnail.jpg HTTP/1.1" 200 5278
200.118.11.205 - - [04/Aug/2015:00:07:33 -0500] "POST /forms/lservlet;jsessionid=ac16012b30d6362cd075595e4819a291af5aafe86efe.e3iSbxaKaheRe38Ka34Oa3eLbxf0n6jAmljGr5XDqQLvpAe HTTP/1.1" 200 2
200.118.11.205 - - [04/Aug/2015:00:08:12 -0500] "POST /forms/lservlet;jsessionid=ac16012b30d6362cd075595e4819a291af5aafe86efe.e3iSbxaKaheRe38Ka34Oa3eLbxf0n6jAmljGr5XDqQLvpAe HTTP/1.1" 200 2
200.118.11.205 - - [04/Aug/2015:00:08:12 -0500] "POST /forms/lservlet;jsessionid=ac16012b30d6362cd075595e4819a291af5aafe86efe.e3iSbxaKaheRe38Ka34Oa3eLbxf0n6jAmljGr5XDqQLvpAe HTTP/1.1" 200 2374
200.118.11.205 - - [04/Aug/2015:00:08:12 -0500] "POST /forms/lservlet;jsessionid=ac16012b30d6362cd075595e4819a291af5aafe86efe.e3iSbxaKaheRe38Ka34Oa3eLbxf0n6jAmljGr5XDqQLvpAe HTTP/1.1" 200 10
200.118.11.205 - - [04/Aug/2015:00:08:14 -0500] "POST /forms/lservlet;jsessionid=ac16012b30d6362cd075595e4819a291af5aafe86efe.e3iSbxaKaheRe38Ka34Oa3eLbxf0n6jAmljGr5XDqQLvpAe HTTP/1.1" 200 26
200.118.11.205 - - [04/Aug/2015:00:08:14 -0500] "POST /forms/lservlet;jsessionid=ac16012b30d6362cd075595e4819a291af5aafe86efe.e3iSbxaKaheRe38Ka34Oa3eLbxf0n6jAmljGr5XDqQLvpAe HTTP/1.1" 200 240
200.118.11.205 - - [04/Aug/2015:00:08:14 -0500] "POST /forms/lservlet;jsessionid=ac16012b30d6362cd075595e4819a291af5aafe86efe.e3iSbxaKaheRe38Ka34Oa3eLbxf0n6jAmljGr5XDqQLvpAe HTTP/1.1" 200 11
200.118.11.205 - - [04/Aug/2015:00:08:15 -0500] "POST /forms/lservlet;jsessionid=ac16012b30d6362cd075595e4819a291af5aafe86efe.e3iSbxaKaheRe38Ka34Oa3eLbxf0n6jAmljGr5XDqQLvpAe HTTP/1.1" 200 2
200.118.11.205 - - [04/Aug/2015:00:08:15 -0500] "POST /forms/lservlet;jsessionid=ac16012b30d6362cd075595e4819a291af5aafe86efe.e3iSbxaKaheRe38Ka34Oa3eLbxf0n6jAmljGr5XDqQLvpAe HTTP/1.1" 200 3366
200.118.11.205 - - [04/Aug/2015:00:08:16 -0500] "POST /forms/lservlet;jsessionid=ac16012b30d6362cd075595e4819a291af5aafe86efe.e3iSbxaKaheRe38Ka34Oa3eLbxf0n6jAmljGr5XDqQLvpAe HTTP/1.1" 200 2
200.118.11.205 - - [04/Aug/2015:00:08:20 -0500] "POST /forms/lservlet;jsessionid=ac16012b30d6362cd075595e4819a291af5aafe86efe.e3iSbxaKaheRe38Ka34Oa3eLbxf0n6jAmljGr5XDqQLvpAe HTTP/1.1" 200 2
200.118.11.205 - - [04/Aug/2015:00:08:20 -0500] "POST /forms/lservlet;jsessionid=ac16012b30d6362cd075595e4819a291af5aafe86efe.e3iSbxaKaheRe38Ka34Oa3eLbxf0n6jAmljGr5XDqQLvpAe HTTP/1.1" 200 2374
200.118.11.205 - - [04/Aug/2015:00:08:20 -0500] "POST /forms/lservlet;jsessionid=ac16012b30d6362cd075595e4819a291af5aafe86efe.e3iSbxaKaheRe38Ka34Oa3eLbxf0n6jAmljGr5XDqQLvpAe HTTP/1.1" 200 10
190.26.210.162 - - [04/Aug/2015:00:08:09 -0500] "GET / HTTP/1.1" 200 128521
200.118.11.205 - - [04/Aug/2015:00:08:27 -0500] "POST /forms/lservlet;jsessionid=ac16012b30d6362cd075595e4819a291af5aafe86efe.e3iSbxaKaheRe38Ka34Oa3eLbxf0n6jAmljGr5XDqQLvpAe HTTP/1.1" 200 26
200.118.11.205 - - [04/Aug/2015:00:08:27 -0500] "POST /forms/lservlet;jsessionid=ac16012b30d6362cd075595e4819a291af5aafe86efe.e3iSbxaKaheRe38Ka34Oa3eLbxf0n6jAmljGr5XDqQLvpAe HTTP/1.1" 200 6733
200.118.11.205 - - [04/Aug/2015:00:08:28 -0500] "POST /forms/lservlet;jsessionid=ac16012b30d6362cd075595e4819a291af5aafe86efe.e3iSbxaKaheRe38Ka34Oa3eLbxf0n6jAmljGr5XDqQLvpAe HTTP/1.1" 200 2
200.118.11.205 - - [04/Aug/2015:00:08:32 -0500] "POST /forms/lservlet;jsessionid=ac16012b30d6362cd075595e4819a291af5aafe86efe.e3iSbxaKaheRe38Ka34Oa3eLbxf0n6jAmljGr5XDqQLvpAe HTTP/1.1" 200 2
200.118.11.205 - - [04/Aug/2015:00:08:33 -0500] "POST /forms/lservlet;jsessionid=ac16012b30d6362cd075595e4819a291af5aafe86efe.e3iSbxaKaheRe38Ka34Oa3eLbxf0n6jAmljGr5XDqQLvpAe HTTP/1.1" 200 2367
200.118.11.205 - - [04/Aug/2015:00:08:33 -0500] "POST /forms/lservlet;jsessionid=ac16012b30d6362cd075595e4819a291af5aafe86efe.e3iSbxaKaheRe38Ka34Oa3eLbxf0n6jAmljGr5XDqQLvpAe HTTP/1.1" 200 10
200.118.11.205 - - [04/Aug/2015:00:08:34 -0500] "POST /forms/lservlet;jsessionid=ac16012b30d6362cd075595e4819a291af5aafe86efe.e3iSbxaKaheRe38Ka34Oa3eLbxf0n6jAmljGr5XDqQLvpAe HTTP/1.1" 200 26
200.118.11.205 - - [04/Aug/2015:00:08:34 -0500] "POST /forms/lservlet;jsessionid=ac16012b30d6362cd075595e4819a291af5aafe86efe.e3iSbxaKaheRe38Ka34Oa3eLbxf0n6jAmljGr5XDqQLvpAe HTTP/1.1" 200 5292
200.118.11.205 - - [04/Aug/2015:00:08:35 -0500] "POST /forms/lservlet;jsessionid=ac16012b30d6362cd075595e4819a291af5aafe86efe.e3iSbxaKaheRe38Ka34Oa3eLbxf0n6jAmljGr5XDqQLvpAe HTTP/1.1" 200 2
200.118.11.205 - - [04/Aug/2015:00:08:41 -0500] "POST /forms/lservlet;jsessionid=ac16012b30d6362cd075595e4819a291af5aafe86efe.e3iSbxaKaheRe38Ka34Oa3eLbxf0n6jAmljGr5XDqQLvpAe HTTP/1.1" 200 2
200.118.11.205 - - [04/Aug/2015:00:08:41 -0500] "POST /forms/lservlet;jsessionid=ac16012b30d6362cd075595e4819a291af5aafe86efe.e3iSbxaKaheRe38Ka34Oa3eLbxf0n6jAmljGr5XDqQLvpAe HTTP/1.1" 200 2372
200.118.11.205 - - [04/Aug/2015:00:08:41 -0500] "POST /forms/lservlet;jsessionid=ac16012b30d6362cd075595e4819a291af5aafe86efe.e3iSbxaKaheRe38Ka34Oa3eLbxf0n6jAmljGr5XDqQLvpAe HTTP/1.1" 200 10
200.118.11.205 - - [04/Aug/2015:00:08:43 -0500] "POST /forms/lservlet;jsessionid=ac16012b30d6362cd075595e4819a291af5aafe86efe.e3iSbxaKaheRe38Ka34Oa3eLbxf0n6jAmljGr5XDqQLvpAe HTTP/1.1" 200 26
200.118.11.205 - - [04/Aug/2015:00:08:43 -0500] "POST /forms/lservlet;jsessionid=ac16012b30d6362cd075595e4819a291af5aafe86efe.e3iSbxaKaheRe38Ka34Oa3eLbxf0n6jAmljGr5XDqQLvpAe HTTP/1.1" 200 4492
200.118.11.205 - - [04/Aug/2015:00:08:43 -0500] "POST /forms/lservlet;jsessionid=ac16012b30d6362cd075595e4819a291af5aafe86efe.e3iSbxaKaheRe38Ka34Oa3eLbxf0n6jAmljGr5XDqQLvpAe HTTP/1.1" 200 2
200.118.11.205 - - [04/Aug/2015:00:08:50 -0500] "POST /forms/lservlet;jsessionid=ac16012b30d6362cd075595e4819a291af5aafe86efe.e3iSbxaKaheRe38Ka34Oa3eLbxf0n6jAmljGr5XDqQLvpAe HTTP/1.1" 200 2
200.118.11.205 - - [04/Aug/2015:00:08:53 -0500] "POST /forms/lservlet;jsessionid=ac16012b30d6362cd075595e4819a291af5aafe86efe.e3iSbxaKaheRe38Ka34Oa3eLbxf0n6jAmljGr5XDqQLvpAe HTTP/1.1" 200 2414
200.118.11.205 - - [04/Aug/2015:00:08:53 -0500] "POST /forms/lservlet;jsessionid=ac16012b30d6362cd075595e4819a291af5aafe86efe.e3iSbxaKaheRe38Ka34Oa3eLbxf0n6jAmljGr5XDqQLvpAe HTTP/1.1" 200 10
200.118.11.205 - - [04/Aug/2015:00:08:56 -0500] "POST /forms/lservlet;jsessionid=ac16012b30d6362cd075595e4819a291af5aafe86efe.e3iSbxaKaheRe38Ka34Oa3eLbxf0n6jAmljGr5XDqQLvpAe HTTP/1.1" 200 26
200.118.11.205 - - [04/Aug/2015:00:08:56 -0500] "POST /forms/lservlet;jsessionid=ac16012b30d6362cd075595e4819a291af5aafe86efe.e3iSbxaKaheRe38Ka34Oa3eLbxf0n6jAmljGr5XDqQLvpAe HTTP/1.1" 200 4172
200.118.11.205 - - [04/Aug/2015:00:08:56 -0500] "POST /forms/lservlet;jsessionid=ac16012b30d6362cd075595e4819a291af5aafe86efe.e3iSbxaKaheRe38Ka34Oa3eLbxf0n6jAmljGr5XDqQLvpAe HTTP/1.1" 200 2
200.118.11.205 - - [04/Aug/2015:00:09:05 -0500] "POST /forms/lservlet;jsessionid=ac16012b30d6362cd075595e4819a291af5aafe86efe.e3iSbxaKaheRe38Ka34Oa3eLbxf0n6jAmljGr5XDqQLvpAe HTTP/1.1" 200 2
200.118.11.205 - - [04/Aug/2015:00:09:05 -0500] "POST /forms/lservlet;jsessionid=ac16012b30d6362cd075595e4819a291af5aafe86efe.e3iSbxaKaheRe38Ka34Oa3eLbxf0n6jAmljGr5XDqQLvpAe HTTP/1.1" 200 2411
200.118.11.205 - - [04/Aug/2015:00:09:05 -0500] "POST /forms/lservlet;jsessionid=ac16012b30d6362cd075595e4819a291af5aafe86efe.e3iSbxaKaheRe38Ka34Oa3eLbxf0n6jAmljGr5XDqQLvpAe HTTP/1.1" 200 10
200.118.11.205 - - [04/Aug/2015:00:09:07 -0500] "POST /forms/lservlet;jsessionid=ac16012b30d6362cd075595e4819a291af5aafe86efe.e3iSbxaKaheRe38Ka34Oa3eLbxf0n6jAmljGr5XDqQLvpAe HTTP/1.1" 200 26
200.118.11.205 - - [04/Aug/2015:00:09:07 -0500] "POST /forms/lservlet;jsessionid=ac16012b30d6362cd075595e4819a291af5aafe86efe.e3iSbxaKaheRe38Ka34Oa3eLbxf0n6jAmljGr5XDqQLvpAe HTTP/1.1" 200 4103
200.118.11.205 - - [04/Aug/2015:00:09:08 -0500] "POST /forms/lservlet;jsessionid=ac16012b30d6362cd075595e4819a291af5aafe86efe.e3iSbxaKaheRe38Ka34Oa3eLbxf0n6jAmljGr5XDqQLvpAe HTTP/1.1" 200 2
190.27.115.80 - - [04/Aug/2015:00:09:11 -0500] "POST /forms/lservlet;jsessionid=ac16012b30d65e13b057903a42a2a154ddbd1491f3c2.e3iSbxaKaheRe38Ka34Oa3eLbxf0n6jAmljGr5XDqQLvpAe HTTP/1.1" 200 2
200.118.11.205 - - [04/Aug/2015:00:09:16 -0500] "POST /forms/lservlet;jsessionid=ac16012b30d6362cd075595e4819a291af5aafe86efe.e3iSbxaKaheRe38Ka34Oa3eLbxf0n6jAmljGr5XDqQLvpAe HTTP/1.1" 200 2
200.118.11.205 - - [04/Aug/2015:00:09:16 -0500] "POST /forms/lservlet;jsessionid=ac16012b30d6362cd075595e4819a291af5aafe86efe.e3iSbxaKaheRe38Ka34Oa3eLbxf0n6jAmljGr5XDqQLvpAe HTTP/1.1" 200 2387
200.118.11.205 - - [04/Aug/2015:00:09:16 -0500] "POST /forms/lservlet;jsessionid=ac16012b30d6362cd075595e4819a291af5aafe86efe.e3iSbxaKaheRe38Ka34Oa3eLbxf0n6jAmljGr5XDqQLvpAe HTTP/1.1" 200 10
200.118.11.205 - - [04/Aug/2015:00:09:18 -0500] "POST /forms/lservlet;jsessionid=ac16012b30d6362cd075595e4819a291af5aafe86efe.e3iSbxaKaheRe38Ka34Oa3eLbxf0n6jAmljGr5XDqQLvpAe HTTP/1.1" 200 26
200.118.11.205 - - [04/Aug/2015:00:09:18 -0500] "POST /forms/lservlet;jsessionid=ac16012b30d6362cd075595e4819a291af5aafe86efe.e3iSbxaKaheRe38Ka34Oa3eLbxf0n6jAmljGr5XDqQLvpAe HTTP/1.1" 200 4017
200.118.11.205 - - [04/Aug/2015:00:09:18 -0500] "POST /forms/lservlet;jsessionid=ac16012b30d6362cd075595e4819a291af5aafe86efe.e3iSbxaKaheRe38Ka34Oa3eLbxf0n6jAmljGr5XDqQLvpAe HTTP/1.1" 200 2
200.118.11.205 - - [04/Aug/2015:00:09:29 -0500] "POST /forms/lservlet;jsessionid=ac16012b30d6362cd075595e4819a291af5aafe86efe.e3iSbxaKaheRe38Ka34Oa3eLbxf0n6jAmljGr5XDqQLvpAe HTTP/1.1" 200 2
200.118.11.205 - - [04/Aug/2015:00:09:29 -0500] "POST /forms/lservlet;jsessionid=ac16012b30d6362cd075595e4819a291af5aafe86efe.e3iSbxaKaheRe38Ka34Oa3eLbxf0n6jAmljGr5XDqQLvpAe HTTP/1.1" 200 2401
200.118.11.205 - - [04/Aug/2015:00:09:31 -0500] "POST /forms/lservlet;jsessionid=ac16012b30d6362cd075595e4819a291af5aafe86efe.e3iSbxaKaheRe38Ka34Oa3eLbxf0n6jAmljGr5XDqQLvpAe HTTP/1.1" 200 10
188.165.15.176 - - [04/Aug/2015:00:09:32 -0500] "GET /BLA/resoluciones/RESOLUCIONES%202004/RES%202004%201051-1100/00001086.tif HTTP/1.1" 200 160586
200.118.11.205 - - [04/Aug/2015:00:09:32 -0500] "POST /forms/lservlet;jsessionid=ac16012b30d6362cd075595e4819a291af5aafe86efe.e3iSbxaKaheRe38Ka34Oa3eLbxf0n6jAmljGr5XDqQLvpAe HTTP/1.1" 200 26
200.118.11.205 - - [04/Aug/2015:00:09:32 -0500] "POST /forms/lservlet;jsessionid=ac16012b30d6362cd075595e4819a291af5aafe86efe.e3iSbxaKaheRe38Ka34Oa3eLbxf0n6jAmljGr5XDqQLvpAe HTTP/1.1" 200 4990
200.118.11.205 - - [04/Aug/2015:00:09:33 -0500] "POST /forms/lservlet;jsessionid=ac16012b30d6362cd075595e4819a291af5aafe86efe.e3iSbxaKaheRe38Ka34Oa3eLbxf0n6jAmljGr5XDqQLvpAe HTTP/1.1" 200 2
66.249.64.24 - - [04/Aug/2015:00:09:21 -0500] "GET /registro/ HTTP/1.1" 200 28822
66.249.64.19 - - [04/Aug/2015:00:09:35 -0500] "GET /prensa-y-documentos-de-interes/ HTTP/1.1" 200 31051
200.118.11.205 - - [04/Aug/2015:00:09:38 -0500] "POST /forms/lservlet;jsessionid=ac16012b30d6362cd075595e4819a291af5aafe86efe.e3iSbxaKaheRe38Ka34Oa3eLbxf0n6jAmljGr5XDqQLvpAe HTTP/1.1" 200 2
200.118.11.205 - - [04/Aug/2015:00:09:38 -0500] "POST /forms/lservlet;jsessionid=ac16012b30d6362cd075595e4819a291af5aafe86efe.e3iSbxaKaheRe38Ka34Oa3eLbxf0n6jAmljGr5XDqQLvpAe HTTP/1.1" 200 2374
200.118.11.205 - - [04/Aug/2015:00:09:39 -0500] "POST /forms/lservlet;jsessionid=ac16012b30d6362cd075595e4819a291af5aafe86efe.e3iSbxaKaheRe38Ka34Oa3eLbxf0n6jAmljGr5XDqQLvpAe HTTP/1.1" 200 10
200.118.11.205 - - [04/Aug/2015:00:09:40 -0500] "POST /forms/lservlet;jsessionid=ac16012b30d6362cd075595e4819a291af5aafe86efe.e3iSbxaKaheRe38Ka34Oa3eLbxf0n6jAmljGr5XDqQLvpAe HTTP/1.1" 200 26
200.118.11.205 - - [04/Aug/2015:00:09:40 -0500] "POST /forms/lservlet;jsessionid=ac16012b30d6362cd075595e4819a291af5aafe86efe.e3iSbxaKaheRe38Ka34Oa3eLbxf0n6jAmljGr5XDqQLvpAe HTTP/1.1" 200 4151
200.118.11.205 - - [04/Aug/2015:00:09:41 -0500] "POST /forms/lservlet;jsessionid=ac16012b30d6362cd075595e4819a291af5aafe86efe.e3iSbxaKaheRe38Ka34Oa3eLbxf0n6jAmljGr5XDqQLvpAe HTTP/1.1" 200 2
200.118.11.205 - - [04/Aug/2015:00:09:46 -0500] "POST /forms/lservlet;jsessionid=ac16012b30d6362cd075595e4819a291af5aafe86efe.e3iSbxaKaheRe38Ka34Oa3eLbxf0n6jAmljGr5XDqQLvpAe HTTP/1.1" 200 2
200.118.11.205 - - [04/Aug/2015:00:09:46 -0500] "POST /forms/lservlet;jsessionid=ac16012b30d6362cd075595e4819a291af5aafe86efe.e3iSbxaKaheRe38Ka34Oa3eLbxf0n6jAmljGr5XDqQLvpAe HTTP/1.1" 200 2355
200.118.11.205 - - [04/Aug/2015:00:09:46 -0500] "POST /forms/lservlet;jsessionid=ac16012b30d6362cd075595e4819a291af5aafe86efe.e3iSbxaKaheRe38Ka34Oa3eLbxf0n6jAmljGr5XDqQLvpAe HTTP/1.1" 200 10
200.118.11.205 - - [04/Aug/2015:00:09:48 -0500] "POST /forms/lservlet;jsessionid=ac16012b30d6362cd075595e4819a291af5aafe86efe.e3iSbxaKaheRe38Ka34Oa3eLbxf0n6jAmljGr5XDqQLvpAe HTTP/1.1" 200 26
200.118.11.205 - - [04/Aug/2015:00:09:48 -0500] "POST /forms/lservlet;jsessionid=ac16012b30d6362cd075595e4819a291af5aafe86efe.e3iSbxaKaheRe38Ka34Oa3eLbxf0n6jAmljGr5XDqQLvpAe HTTP/1.1" 200 4385
200.118.11.205 - - [04/Aug/2015:00:09:49 -0500] "POST /forms/lservlet;jsessionid=ac16012b30d6362cd075595e4819a291af5aafe86efe.e3iSbxaKaheRe38Ka34Oa3eLbxf0n6jAmljGr5XDqQLvpAe HTTP/1.1" 200 2
200.118.11.205 - - [04/Aug/2015:00:09:59 -0500] "POST /forms/lservlet;jsessionid=ac16012b30d6362cd075595e4819a291af5aafe86efe.e3iSbxaKaheRe38Ka34Oa3eLbxf0n6jAmljGr5XDqQLvpAe HTTP/1.1" 200 2
200.118.11.205 - - [04/Aug/2015:00:09:59 -0500] "POST /forms/lservlet;jsessionid=ac16012b30d6362cd075595e4819a291af5aafe86efe.e3iSbxaKaheRe38Ka34Oa3eLbxf0n6jAmljGr5XDqQLvpAe HTTP/1.1" 200 2362
200.118.11.205 - - [04/Aug/2015:00:10:00 -0500] "POST /forms/lservlet;jsessionid=ac16012b30d6362cd075595e4819a291af5aafe86efe.e3iSbxaKaheRe38Ka34Oa3eLbxf0n6jAmljGr5XDqQLvpAe HTTP/1.1" 200 10
200.118.11.205 - - [04/Aug/2015:00:10:01 -0500] "POST /forms/lservlet;jsessionid=ac16012b30d6362cd075595e4819a291af5aafe86efe.e3iSbxaKaheRe38Ka34Oa3eLbxf0n6jAmljGr5XDqQLvpAe HTTP/1.1" 200 26
200.118.11.205 - - [04/Aug/2015:00:10:01 -0500] "POST /forms/lservlet;jsessionid=ac16012b30d6362cd075595e4819a291af5aafe86efe.e3iSbxaKaheRe38Ka34Oa3eLbxf0n6jAmljGr5XDqQLvpAe HTTP/1.1" 200 5504
200.118.11.205 - - [04/Aug/2015:00:10:01 -0500] "POST /forms/lservlet;jsessionid=ac16012b30d6362cd075595e4819a291af5aafe86efe.e3iSbxaKaheRe38Ka34Oa3eLbxf0n6jAmljGr5XDqQLvpAe HTTP/1.1" 200 2
200.118.11.205 - - [04/Aug/2015:00:10:06 -0500] "POST /forms/lservlet;jsessionid=ac16012b30d6362cd075595e4819a291af5aafe86efe.e3iSbxaKaheRe38Ka34Oa3eLbxf0n6jAmljGr5XDqQLvpAe HTTP/1.1" 200 2
200.118.11.205 - - [04/Aug/2015:00:10:06 -0500] "POST /forms/lservlet;jsessionid=ac16012b30d6362cd075595e4819a291af5aafe86efe.e3iSbxaKaheRe38Ka34Oa3eLbxf0n6jAmljGr5XDqQLvpAe HTTP/1.1" 200 2356
66.249.64.248 - - [04/Aug/2015:00:10:07 -0500] "GET /Autoliquidacion/index.php?dir=Solicitudes+relacionadas+con+calidad+del+aire+auditiva+y+visual%2FEvaluaci%F3n+certificado+de+Intensidad+Auditiva%2F HTTP/1.1" 200 2823
200.118.11.205 - - [04/Aug/2015:00:10:07 -0500] "POST /forms/lservlet;jsessionid=ac16012b30d6362cd075595e4819a291af5aafe86efe.e3iSbxaKaheRe38Ka34Oa3eLbxf0n6jAmljGr5XDqQLvpAe HTTP/1.1" 200 10
200.118.11.205 - - [04/Aug/2015:00:10:08 -0500] "POST /forms/lservlet;jsessionid=ac16012b30d6362cd075595e4819a291af5aafe86efe.e3iSbxaKaheRe38Ka34Oa3eLbxf0n6jAmljGr5XDqQLvpAe HTTP/1.1" 200 26
200.118.11.205 - - [04/Aug/2015:00:10:08 -0500] "POST /forms/lservlet;jsessionid=ac16012b30d6362cd075595e4819a291af5aafe86efe.e3iSbxaKaheRe38Ka34Oa3eLbxf0n6jAmljGr5XDqQLvpAe HTTP/1.1" 200 4359
200.118.11.205 - - [04/Aug/2015:00:10:09 -0500] "POST /forms/lservlet;jsessionid=ac16012b30d6362cd075595e4819a291af5aafe86efe.e3iSbxaKaheRe38Ka34Oa3eLbxf0n6jAmljGr5XDqQLvpAe HTTP/1.1" 200 2
200.118.11.205 - - [04/Aug/2015:00:10:16 -0500] "POST /forms/lservlet;jsessionid=ac16012b30d6362cd075595e4819a291af5aafe86efe.e3iSbxaKaheRe38Ka34Oa3eLbxf0n6jAmljGr5XDqQLvpAe HTTP/1.1" 200 2
200.118.11.205 - - [04/Aug/2015:00:10:16 -0500] "POST /forms/lservlet;jsessionid=ac16012b30d6362cd075595e4819a291af5aafe86efe.e3iSbxaKaheRe38Ka34Oa3eLbxf0n6jAmljGr5XDqQLvpAe HTTP/1.1" 200 2400
200.118.11.205 - - [04/Aug/2015:00:10:16 -0500] "POST /forms/lservlet;jsessionid=ac16012b30d6362cd075595e4819a291af5aafe86efe.e3iSbxaKaheRe38Ka34Oa3eLbxf0n6jAmljGr5XDqQLvpAe HTTP/1.1" 200 10
200.118.11.205 - - [04/Aug/2015:00:10:17 -0500] "POST /forms/lservlet;jsessionid=ac16012b30d6362cd075595e4819a291af5aafe86efe.e3iSbxaKaheRe38Ka34Oa3eLbxf0n6jAmljGr5XDqQLvpAe HTTP/1.1" 200 26
200.118.11.205 - - [04/Aug/2015:00:10:17 -0500] "POST /forms/lservlet;jsessionid=ac16012b30d6362cd075595e4819a291af5aafe86efe.e3iSbxaKaheRe38Ka34Oa3eLbxf0n6jAmljGr5XDqQLvpAe HTTP/1.1" 200 4265
200.118.11.205 - - [04/Aug/2015:00:10:18 -0500] "POST /forms/lservlet;jsessionid=ac16012b30d6362cd075595e4819a291af5aafe86efe.e3iSbxaKaheRe38Ka34Oa3eLbxf0n6jAmljGr5XDqQLvpAe HTTP/1.1" 200 2
181.161.252.115 - - [04/Aug/2015:00:10:19 -0500] "POST /xmlrpc.php HTTP/1.1" 200 415
200.118.11.205 - - [04/Aug/2015:00:10:23 -0500] "POST /forms/lservlet;jsessionid=ac16012b30d6362cd075595e4819a291af5aafe86efe.e3iSbxaKaheRe38Ka34Oa3eLbxf0n6jAmljGr5XDqQLvpAe HTTP/1.1" 200 2
200.118.11.205 - - [04/Aug/2015:00:10:23 -0500] "POST /forms/lservlet;jsessionid=ac16012b30d6362cd075595e4819a291af5aafe86efe.e3iSbxaKaheRe38Ka34Oa3eLbxf0n6jAmljGr5XDqQLvpAe HTTP/1.1" 200 2388
200.118.11.205 - - [04/Aug/2015:00:10:24 -0500] "POST /forms/lservlet;jsessionid=ac16012b30d6362cd075595e4819a291af5aafe86efe.e3iSbxaKaheRe38Ka34Oa3eLbxf0n6jAmljGr5XDqQLvpAe HTTP/1.1" 200 10
200.118.11.205 - - [04/Aug/2015:00:10:25 -0500] "POST /forms/lservlet;jsessionid=ac16012b30d6362cd075595e4819a291af5aafe86efe.e3iSbxaKaheRe38Ka34Oa3eLbxf0n6jAmljGr5XDqQLvpAe HTTP/1.1" 200 26
200.118.11.205 - - [04/Aug/2015:00:10:25 -0500] "POST /forms/lservlet;jsessionid=ac16012b30d6362cd075595e4819a291af5aafe86efe.e3iSbxaKaheRe38Ka34Oa3eLbxf0n6jAmljGr5XDqQLvpAe HTTP/1.1" 200 582
200.118.11.205 - - [04/Aug/2015:00:10:25 -0500] "POST /forms/lservlet;jsessionid=ac16012b30d6362cd075595e4819a291af5aafe86efe.e3iSbxaKaheRe38Ka34Oa3eLbxf0n6jAmljGr5XDqQLvpAe HTTP/1.1" 200 11
200.118.11.205 - - [04/Aug/2015:00:10:30 -0500] "POST /forms/lservlet;jsessionid=ac16012b30d6362cd075595e4819a291af5aafe86efe.e3iSbxaKaheRe38Ka34Oa3eLbxf0n6jAmljGr5XDqQLvpAe HTTP/1.1" 200 2
200.118.11.205 - - [04/Aug/2015:00:10:31 -0500] "POST /forms/lservlet;jsessionid=ac16012b30d6362cd075595e4819a291af5aafe86efe.e3iSbxaKaheRe38Ka34Oa3eLbxf0n6jAmljGr5XDqQLvpAe HTTP/1.1" 200 450
200.118.11.205 - - [04/Aug/2015:00:10:31 -0500] "POST /forms/lservlet;jsessionid=ac16012b30d6362cd075595e4819a291af5aafe86efe.e3iSbxaKaheRe38Ka34Oa3eLbxf0n6jAmljGr5XDqQLvpAe HTTP/1.1" 200 11
200.118.11.205 - - [04/Aug/2015:00:10:34 -0500] "POST /forms/lservlet;jsessionid=ac16012b30d6362cd075595e4819a291af5aafe86efe.e3iSbxaKaheRe38Ka34Oa3eLbxf0n6jAmljGr5XDqQLvpAe HTTP/1.1" 200 26
200.118.11.205 - - [04/Aug/2015:00:10:34 -0500] "POST /forms/lservlet;jsessionid=ac16012b30d6362cd075595e4819a291af5aafe86efe.e3iSbxaKaheRe38Ka34Oa3eLbxf0n6jAmljGr5XDqQLvpAe HTTP/1.1" 200 4182
200.118.11.205 - - [04/Aug/2015:00:10:35 -0500] "POST /forms/lservlet;jsessionid=ac16012b30d6362cd075595e4819a291af5aafe86efe.e3iSbxaKaheRe38Ka34Oa3eLbxf0n6jAmljGr5XDqQLvpAe HTTP/1.1" 200 2
200.118.11.205 - - [04/Aug/2015:00:10:44 -0500] "POST /forms/lservlet;jsessionid=ac16012b30d6362cd075595e4819a291af5aafe86efe.e3iSbxaKaheRe38Ka34Oa3eLbxf0n6jAmljGr5XDqQLvpAe HTTP/1.1" 200 2
200.118.11.205 - - [04/Aug/2015:00:10:44 -0500] "POST /forms/lservlet;jsessionid=ac16012b30d6362cd075595e4819a291af5aafe86efe.e3iSbxaKaheRe38Ka34Oa3eLbxf0n6jAmljGr5XDqQLvpAe HTTP/1.1" 200 2378
200.118.11.205 - - [04/Aug/2015:00:10:44 -0500] "POST /forms/lservlet;jsessionid=ac16012b30d6362cd075595e4819a291af5aafe86efe.e3iSbxaKaheRe38Ka34Oa3eLbxf0n6jAmljGr5XDqQLvpAe HTTP/1.1" 200 10
200.118.11.205 - - [04/Aug/2015:00:10:45 -0500] "POST /forms/lservlet;jsessionid=ac16012b30d6362cd075595e4819a291af5aafe86efe.e3iSbxaKaheRe38Ka34Oa3eLbxf0n6jAmljGr5XDqQLvpAe HTTP/1.1" 200 26
200.118.11.205 - - [04/Aug/2015:00:10:46 -0500] "POST /forms/lservlet;jsessionid=ac16012b30d6362cd075595e4819a291af5aafe86efe.e3iSbxaKaheRe38Ka34Oa3eLbxf0n6jAmljGr5XDqQLvpAe HTTP/1.1" 200 4472
200.118.11.205 - - [04/Aug/2015:00:10:46 -0500] "POST /forms/lservlet;jsessionid=ac16012b30d6362cd075595e4819a291af5aafe86efe.e3iSbxaKaheRe38Ka34Oa3eLbxf0n6jAmljGr5XDqQLvpAe HTTP/1.1" 200 2
200.118.11.205 - - [04/Aug/2015:00:10:55 -0500] "POST /forms/lservlet;jsessionid=ac16012b30d6362cd075595e4819a291af5aafe86efe.e3iSbxaKaheRe38Ka34Oa3eLbxf0n6jAmljGr5XDqQLvpAe HTTP/1.1" 200 2
200.118.11.205 - - [04/Aug/2015:00:10:55 -0500] "POST /forms/lservlet;jsessionid=ac16012b30d6362cd075595e4819a291af5aafe86efe.e3iSbxaKaheRe38Ka34Oa3eLbxf0n6jAmljGr5XDqQLvpAe HTTP/1.1" 200 2324
200.118.11.205 - - [04/Aug/2015:00:10:55 -0500] "POST /forms/lservlet;jsessionid=ac16012b30d6362cd075595e4819a291af5aafe86efe.e3iSbxaKaheRe38Ka34Oa3eLbxf0n6jAmljGr5XDqQLvpAe HTTP/1.1" 200 10
200.118.11.205 - - [04/Aug/2015:00:10:56 -0500] "POST /forms/lservlet;jsessionid=ac16012b30d6362cd075595e4819a291af5aafe86efe.e3iSbxaKaheRe38Ka34Oa3eLbxf0n6jAmljGr5XDqQLvpAe HTTP/1.1" 200 26
200.118.11.205 - - [04/Aug/2015:00:10:56 -0500] "POST /forms/lservlet;jsessionid=ac16012b30d6362cd075595e4819a291af5aafe86efe.e3iSbxaKaheRe38Ka34Oa3eLbxf0n6jAmljGr5XDqQLvpAe HTTP/1.1" 200 4012
200.118.11.205 - - [04/Aug/2015:00:10:57 -0500] "POST /forms/lservlet;jsessionid=ac16012b30d6362cd075595e4819a291af5aafe86efe.e3iSbxaKaheRe38Ka34Oa3eLbxf0n6jAmljGr5XDqQLvpAe HTTP/1.1" 200 2
190.27.115.80 - - [04/Aug/2015:00:10:59 -0500] "POST /forms/lservlet;jsessionid=ac16012b30d65e13b057903a42a2a154ddbd1491f3c2.e3iSbxaKaheRe38Ka34Oa3eLbxf0n6jAmljGr5XDqQLvpAe HTTP/1.1" 200 90
