190.24.75.185 - - [07/Aug/2015:14:14:47 -0500] "GET /galeria/galeria/jquery.fancybox.css?v=2.1.5 HTTP/1.1" 304 -
181.50.217.131 - - [07/Aug/2015:14:14:48 -0500] "GET /galeria/nivo-slider/demo/images/Ruta-vertimientos-01.jpg HTTP/1.1" 200 130151
181.50.217.131 - - [07/Aug/2015:14:14:48 -0500] "GET /galeria/nivo-slider/demo/images/bolsas-06.jpg HTTP/1.1" 200 90982
181.50.217.131 - - [07/Aug/2015:14:14:48 -0500] "GET /galeria/nivo-slider/demo/images/Conoce-los-humedales.jpg HTTP/1.1" 200 294036
181.50.217.131 - - [07/Aug/2015:14:14:48 -0500] "GET /galeria/nivo-slider/demo/images/ecolecta-Dic2014.png HTTP/1.1" 200 288593
181.50.217.131 - - [07/Aug/2015:14:14:48 -0500] "GET /galeria/nivo-slider/demo/images/Banner-Caracol-Africano.jpg HTTP/1.1" 200 331986
181.50.217.131 - - [07/Aug/2015:14:14:48 -0500] "GET /galeria/nivo-slider/demo/scripts/jquery-1.7.1.min.js HTTP/1.1" 200 93868
181.50.217.131 - - [07/Aug/2015:14:14:48 -0500] "GET /galeria/nivo-slider/jquery.nivo.slider.pack.js HTTP/1.1" 200 11561
181.50.217.131 - - [07/Aug/2015:14:14:49 -0500] "GET /galeria/nivo-slider/demo/images/4Simple_Slider.png HTTP/1.1" 200 11722
181.50.217.131 - - [07/Aug/2015:14:14:49 -0500] "GET /galeria/nivo-slider/themes/default/loading.gif HTTP/1.1" 200 1737
181.50.217.131 - - [07/Aug/2015:14:14:50 -0500] "GET /galeria/nivo-slider/themes/default/arrows.png HTTP/1.1" 200 824
181.50.217.131 - - [07/Aug/2015:14:14:50 -0500] "GET /galeria/nivo-slider/themes/default/bullets.png HTTP/1.1" 200 1281
66.249.64.101 - - [07/Aug/2015:14:14:52 -0500] "GET /BLA/resoluciones/RESOLUCIONES%202011/0810.pdf HTTP/1.1" 304 -
186.80.28.175 - - [07/Aug/2015:14:14:54 -0500] "GET /galeria/galeria/jquery.fancybox.css?v=2.1.5 HTTP/1.1" 200 4895
186.80.28.175 - - [07/Aug/2015:14:14:54 -0500] "GET /BLA/boletinlegal/js/jquery.scrollShow.js HTTP/1.1" 200 4586
186.80.28.175 - - [07/Aug/2015:14:14:54 -0500] "GET /galeria/galeria/jquery.fancybox.js?v=2.1.5 HTTP/1.1" 200 48706
186.80.28.175 - - [07/Aug/2015:14:14:59 -0500] "GET /BLA/boletinlegal/js/jquery.scrollShow.js HTTP/1.1" 304 -
186.80.28.175 - - [07/Aug/2015:14:14:59 -0500] "GET /galeria/galeria/jquery.fancybox.js?v=2.1.5 HTTP/1.1" 304 -
186.80.28.175 - - [07/Aug/2015:14:14:59 -0500] "GET /galeria/galeria/jquery.fancybox.css?v=2.1.5 HTTP/1.1" 304 -
66.249.64.243 - - [07/Aug/2015:14:15:00 -0500] "GET /htdocs/FBBVA/Premios/mult/e_formulario_pres.DOC HTTP/1.1" 404 1019
186.80.28.175 - - [07/Aug/2015:14:15:01 -0500] "GET /galeria/galeria/jquery.fancybox.js?v=2.1.5 HTTP/1.1" 304 -
181.129.105.8 - - [07/Aug/2015:14:15:08 -0500] "GET /galeria/galeria/jquery.fancybox.css?v=2.1.5 HTTP/1.1" 200 4895
181.129.105.8 - - [07/Aug/2015:14:15:08 -0500] "GET /BLA/boletinlegal/js/jquery.scrollShow.js HTTP/1.1" 200 4586
181.129.105.8 - - [07/Aug/2015:14:15:08 -0500] "GET /galeria/galeria/jquery.fancybox.js?v=2.1.5 HTTP/1.1" 200 48706
188.165.15.183 - - [07/Aug/2015:14:15:09 -0500] "GET /BLA/resoluciones/RESOLUCIONES%202002/RES%202002%20351-400/00000383.tif HTTP/1.1" 200 57860
188.165.15.183 - - [07/Aug/2015:14:15:09 -0500] "GET /BLA/resoluciones/RESOLUCIONES%202002/RES%202002%201301-1350/20021302.tif HTTP/1.1" 200 44410
188.165.15.183 - - [07/Aug/2015:14:15:12 -0500] "GET /BLA/resoluciones/RESOLUCIONES%202006/RES%202006%20751-800/00000792.tif HTTP/1.1" 200 36980
66.249.64.106 - - [07/Aug/2015:14:15:23 -0500] "GET /phylum/Phylum_3/FAUNAURBANA.doc HTTP/1.1" 404 1018
181.50.217.131 - - [07/Aug/2015:14:15:30 -0500] "GET /BLA/boletinlegal/js/jquery.scrollShow.js HTTP/1.1" 200 4586
181.50.217.131 - - [07/Aug/2015:14:15:30 -0500] "GET /galeria/galeria/jquery.fancybox.js?v=2.1.5 HTTP/1.1" 200 48706
181.50.217.131 - - [07/Aug/2015:14:15:30 -0500] "GET /galeria/galeria/jquery.fancybox.css?v=2.1.5 HTTP/1.1" 200 4895
66.249.64.96 - - [07/Aug/2015:14:15:44 -0500] "GET /phylum/Phylum3/notibreves.doc HTTP/1.1" 404 1018
181.140.180.79 - - [07/Aug/2015:14:16:01 -0500] "GET /BLA/boletinlegal/js/jquery.scrollShow.js HTTP/1.1" 200 4586
181.140.180.79 - - [07/Aug/2015:14:16:01 -0500] "GET /galeria/galeria/jquery.fancybox.css?v=2.1.5 HTTP/1.1" 200 4895
181.140.180.79 - - [07/Aug/2015:14:16:01 -0500] "GET /galeria/galeria/jquery.fancybox.js?v=2.1.5 HTTP/1.1" 200 48706
181.140.180.79 - - [07/Aug/2015:14:16:09 -0500] "GET /galeria/galeria/jquery.fancybox.css?v=2.1.5 HTTP/1.1" 304 -
181.140.180.79 - - [07/Aug/2015:14:16:09 -0500] "GET /BLA/boletinlegal/js/jquery.scrollShow.js HTTP/1.1" 304 -
181.140.180.79 - - [07/Aug/2015:14:16:09 -0500] "GET /galeria/galeria/jquery.fancybox.js?v=2.1.5 HTTP/1.1" 304 -
188.165.15.183 - - [07/Aug/2015:14:16:14 -0500] "GET /BLA/resoluciones/RESOLUCIONES%202005/RES%202005%20251-300/00000288.tif HTTP/1.1" 200 142960
190.27.74.53 - - [07/Aug/2015:14:16:20 -0500] "GET /BLA/boletinlegal/js/jquery.scrollShow.js HTTP/1.1" 200 4586
190.27.74.53 - - [07/Aug/2015:14:16:20 -0500] "GET /galeria/galeria/jquery.fancybox.js?v=2.1.5 HTTP/1.1" 200 48706
190.27.74.53 - - [07/Aug/2015:14:16:20 -0500] "GET /galeria/galeria/jquery.fancybox.css?v=2.1.5 HTTP/1.1" 200 4895
190.27.74.53 - - [07/Aug/2015:14:16:21 -0500] "GET /galeria/carrusel/Carrusel/jquery.thumbnailScroller.css HTTP/1.1" 200 2066
190.27.74.53 - - [07/Aug/2015:14:16:21 -0500] "GET /galeria/carrusel/Carrusel/jquery-ui-1.8.13.custom.min.js HTTP/1.1" 200 10800
190.27.74.53 - - [07/Aug/2015:14:16:22 -0500] "GET /galeria/carrusel/Carrusel/jquery.thumbnailScroller.js HTTP/1.1" 200 8157
190.25.117.154 - - [07/Aug/2015:14:16:22 -0500] "GET /forest/session.jsp?a=0.88779925275594 HTTP/1.1" 200 4
188.165.15.183 - - [07/Aug/2015:14:16:24 -0500] "GET /BLA/resoluciones/RESOLUCIONES%202002/RES%202002%201601-1650/20021631.tif HTTP/1.1" 200 162024
186.113.170.70 - - [07/Aug/2015:14:16:34 -0500] "GET /forest/session.jsp?a=0.9821065338328481 HTTP/1.1" 200 4
74.86.158.107 - - [07/Aug/2015:14:17:04 -0500] "HEAD / HTTP/1.1" 200 -
186.30.122.117 - - [07/Aug/2015:14:17:23 -0500] "GET /BLA/resoluciones/AUTOS%202007/1899.pdf HTTP/1.1" 200 100710
186.30.122.117 - - [07/Aug/2015:14:17:23 -0500] "GET /favicon.ico HTTP/1.1" 200 7782
190.25.117.154 - - [07/Aug/2015:14:11:46 -0500] "GET /ForestMSG_SDA/channelAsync/template_word_18865751?X-Atmosphere-tracking-id=b5a0d752-2333-4d27-da71-d7c75d9a8f89&X-Atmosphere-Framework=1.0.5&X-Atmosphere-Transport=long-polling&tabid=0.17852739174850285&X-Cache-Date=0&Content-Type=application/xml&_=1438974825304 HTTP/1.1" 200 8193
66.249.64.106 - - [07/Aug/2015:14:18:10 -0500] "GET /m/BLA/resoluciones/AUTOS%202011/3902.pdf HTTP/1.1" 404 1018
66.249.64.248 - - [07/Aug/2015:14:18:30 -0500] "GET /ial/A42004.doc HTTP/1.1" 404 1019
186.28.45.49 - - [07/Aug/2015:14:19:18 -0500] "GET /crossdomain.xml HTTP/1.1" 404 1280
186.28.45.49 - - [07/Aug/2015:14:19:18 -0500] "GET /arcgis/services/Calidad_del_Agua_WQI/MapServer/WMSServer?HEIGHT=909&STYLES=&LAYERS=3%2C4%2C5%2C6%2C7&BBOX=%2D74%2E12484875484881%2C4%2E472786823446267%2C%2D74%2E11875733467389%2C4%2E477112683554866&VERSION=1%2E1%2E1&TRANSPARENT=TRUE&SERVICE=WMS&SRS=EPSG%3A4686&REQUEST=GetMap&FORMAT=image%2Fpng&WIDTH=1280 HTTP/1.1" 200 6701
66.249.64.96 - - [07/Aug/2015:14:19:28 -0500] "GET /stormWeb/ HTTP/1.1" 200 12126
66.249.64.101 - - [07/Aug/2015:14:19:33 -0500] "GET /BLA/resoluciones/RESOLUCIONES%202007/RES%202007%204101%20AL%204200/RESOLUCION%204106%20DE%202007.pdf HTTP/1.1" 304 -
181.50.217.131 - - [07/Aug/2015:14:19:46 -0500] "GET /BLA/boletinlegal/js/jquery.scrollShow.js HTTP/1.1" 200 4586
181.50.217.131 - - [07/Aug/2015:14:19:46 -0500] "GET /galeria/galeria/jquery.fancybox.js?v=2.1.5 HTTP/1.1" 200 48706
181.50.217.131 - - [07/Aug/2015:14:19:46 -0500] "GET /galeria/galeria/jquery.fancybox.css?v=2.1.5 HTTP/1.1" 200 4895
66.249.64.106 - - [07/Aug/2015:14:19:49 -0500] "GET /BLA/resoluciones/RESOLUCIONES%202009/1926.pdf HTTP/1.1" 200 613423
66.249.64.96 - - [07/Aug/2015:14:19:53 -0500] "GET /BLA/resoluciones/RESOLUCIONES%202003/RES%202003%20701-750/706.tif HTTP/1.1" 200 153732
66.249.64.243 - - [07/Aug/2015:14:19:53 -0500] "GET /htdocs/formas/as4.doc HTTP/1.1" 404 1019
200.106.202.186 - - [07/Aug/2015:14:19:57 -0500] "GET /galeria/galeria/jquery.fancybox.css?v=2.1.5 HTTP/1.1" 200 4895
200.106.202.186 - - [07/Aug/2015:14:19:57 -0500] "GET /BLA/boletinlegal/js/jquery.scrollShow.js HTTP/1.1" 200 4586
200.106.202.186 - - [07/Aug/2015:14:19:57 -0500] "GET /galeria/galeria/jquery.fancybox.js?v=2.1.5 HTTP/1.1" 200 48706
188.165.15.183 - - [07/Aug/2015:14:19:59 -0500] "GET /BLA/resoluciones/RESOLUCIONES%202003/RES%202003%201851--1900/20031882.tif HTTP/1.1" 200 157036
24.126.86.240 - - [07/Aug/2015:14:20:28 -0500] "GET /xmlrpc.php HTTP/1.1" 405 42
24.126.86.240 - - [07/Aug/2015:14:20:41 -0500] "GET /wp-login.php HTTP/1.1" 200 3755
181.54.232.237 - - [07/Aug/2015:14:20:55 -0500] "GET /BLA/boletinlegal/js/jquery.scrollShow.js HTTP/1.1" 200 4586
181.54.232.237 - - [07/Aug/2015:14:20:56 -0500] "GET /galeria/carrusel/Carrusel/jquery.thumbnailScroller.css HTTP/1.1" 200 2066
181.54.232.237 - - [07/Aug/2015:14:20:56 -0500] "GET /galeria/galeria/jquery.fancybox.css?v=2.1.5 HTTP/1.1" 200 4895
181.54.232.237 - - [07/Aug/2015:14:20:56 -0500] "GET /galeria/galeria/jquery.fancybox.js?v=2.1.5 HTTP/1.1" 200 48706
181.54.232.237 - - [07/Aug/2015:14:20:56 -0500] "GET /galeria/carrusel/Carrusel/jquery-ui-1.8.13.custom.min.js HTTP/1.1" 200 10800
181.54.232.237 - - [07/Aug/2015:14:20:56 -0500] "GET /galeria/carrusel/Carrusel/jquery.thumbnailScroller.js HTTP/1.1" 200 8157
181.54.232.237 - - [07/Aug/2015:14:20:58 -0500] "GET /galeria/nivo-slider/demo/demo.html HTTP/1.1" 200 5035
181.54.232.237 - - [07/Aug/2015:14:20:59 -0500] "GET /galeria/nivo-slider/themes/default/default.css HTTP/1.1" 200 1569
181.54.232.237 - - [07/Aug/2015:14:20:59 -0500] "GET /galeria/nivo-slider/themes/pascal/pascal.css HTTP/1.1" 200 2258
181.54.232.237 - - [07/Aug/2015:14:20:59 -0500] "GET /galeria/nivo-slider/themes/orman/orman.css HTTP/1.1" 200 2152
181.54.232.237 - - [07/Aug/2015:14:20:59 -0500] "GET /galeria/nivo-slider/demo/style.css HTTP/1.1" 200 2222
181.54.232.237 - - [07/Aug/2015:14:20:59 -0500] "GET /galeria/nivo-slider/nivo-slider.css HTTP/1.1" 200 1507
181.54.232.237 - - [07/Aug/2015:14:20:59 -0500] "GET /galeria/nivo-slider/demo/scripts/jquery-1.7.1.min.js HTTP/1.1" 200 93868
181.54.232.237 - - [07/Aug/2015:14:20:59 -0500] "GET /galeria/nivo-slider/jquery.nivo.slider.pack.js HTTP/1.1" 200 11561
181.54.232.237 - - [07/Aug/2015:14:20:59 -0500] "GET /galeria/nivo-slider/demo/images/rendicion-de-cuentas-7-agosto.jpg HTTP/1.1" 200 116018
181.54.232.237 - - [07/Aug/2015:14:20:59 -0500] "GET /galeria/nivo-slider/demo/images/PREDAcamp.jpg HTTP/1.1" 200 295358
181.54.232.237 - - [07/Aug/2015:14:20:59 -0500] "GET /galeria/nivo-slider/demo/images/Banner-piel-natural.jpg HTTP/1.1" 200 160762
181.54.232.237 - - [07/Aug/2015:14:20:59 -0500] "GET /galeria/nivo-slider/demo/images/Semana-PYBA.jpg HTTP/1.1" 200 147360
181.54.232.237 - - [07/Aug/2015:14:20:59 -0500] "GET /galeria/nivo-slider/demo/images/VoluntariadoPYBA.jpg HTTP/1.1" 200 40647
181.54.232.237 - - [07/Aug/2015:14:20:59 -0500] "GET /galeria/nivo-slider/demo/images/Cambio-Climatico-Paramos.jpg HTTP/1.1" 200 262430
181.54.232.237 - - [07/Aug/2015:14:20:59 -0500] "GET /galeria/nivo-slider/demo/images/banner-llantas2.jpg HTTP/1.1" 200 204644
181.54.232.237 - - [07/Aug/2015:14:20:59 -0500] "GET /galeria/nivo-slider/demo/images/9Signos.jpg HTTP/1.1" 200 81776
181.54.232.237 - - [07/Aug/2015:14:20:59 -0500] "GET /galeria/nivo-slider/demo/images/Comparendo-ambiental-Banner.jpg HTTP/1.1" 200 83731
181.54.232.237 - - [07/Aug/2015:14:21:00 -0500] "GET /galeria/nivo-slider/themes/default/loading.gif HTTP/1.1" 200 1737
181.54.232.237 - - [07/Aug/2015:14:21:00 -0500] "GET /galeria/nivo-slider/demo/images/GAE-banner.jpg HTTP/1.1" 200 97556
181.54.232.237 - - [07/Aug/2015:14:21:00 -0500] "GET /galeria/nivo-slider/demo/images/Banner-encuesta-de-percepscio.jpg HTTP/1.1" 200 201899
181.54.232.237 - - [07/Aug/2015:14:21:00 -0500] "GET /galeria/nivo-slider/demo/images/banner-Pacto-por-la-madera.jpg HTTP/1.1" 200 209966
181.54.232.237 - - [07/Aug/2015:14:21:00 -0500] "GET /galeria/nivo-slider/demo/images/acuerdo_569.jpg HTTP/1.1" 200 62670
181.54.232.237 - - [07/Aug/2015:14:21:00 -0500] "GET /galeria/nivo-slider/demo/images/Banner-Directorio.jpg HTTP/1.1" 200 182068
181.54.232.237 - - [07/Aug/2015:14:21:00 -0500] "GET /galeria/nivo-slider/demo/images/Ruta-vertimientos-01.jpg HTTP/1.1" 200 130151
181.54.232.237 - - [07/Aug/2015:14:21:00 -0500] "GET /galeria/nivo-slider/demo/images/bolsas-06.jpg HTTP/1.1" 200 90982
181.54.232.237 - - [07/Aug/2015:14:21:01 -0500] "GET /galeria/nivo-slider/demo/images/Conoce-los-humedales.jpg HTTP/1.1" 200 294036
181.54.232.237 - - [07/Aug/2015:14:21:01 -0500] "GET /galeria/nivo-slider/demo/images/ecolecta-Dic2014.png HTTP/1.1" 200 288593
181.54.232.237 - - [07/Aug/2015:14:21:01 -0500] "GET /galeria/nivo-slider/demo/images/Banner-Caracol-Africano.jpg HTTP/1.1" 200 331986
181.54.232.237 - - [07/Aug/2015:14:21:02 -0500] "GET /galeria/nivo-slider/demo/images/banner-Pacto-por-la-madera.jpg HTTP/1.1" 206 1
181.54.232.237 - - [07/Aug/2015:14:21:02 -0500] "GET /galeria/nivo-slider/demo/images/bolsas-06.jpg HTTP/1.1" 200 90982
181.54.232.237 - - [07/Aug/2015:14:21:02 -0500] "GET /galeria/nivo-slider/demo/images/banner-Pacto-por-la-madera.jpg HTTP/1.1" 206 143080
181.54.232.237 - - [07/Aug/2015:14:21:03 -0500] "GET /galeria/nivo-slider/demo/images/Banner-Caracol-Africano.jpg HTTP/1.1" 206 1
181.54.232.237 - - [07/Aug/2015:14:21:03 -0500] "GET /galeria/nivo-slider/demo/images/Banner-Caracol-Africano.jpg HTTP/1.1" 206 243200
181.54.232.237 - - [07/Aug/2015:14:21:04 -0500] "GET /galeria/nivo-slider/demo/images/4Simple_Slider.png HTTP/1.1" 200 11722
181.54.232.237 - - [07/Aug/2015:14:21:04 -0500] "GET /galeria/nivo-slider/demo/images/Banner-Directorio.jpg HTTP/1.1" 200 182068
181.54.232.237 - - [07/Aug/2015:14:21:04 -0500] "GET /galeria/nivo-slider/themes/default/arrows.png HTTP/1.1" 200 824
181.54.232.237 - - [07/Aug/2015:14:21:04 -0500] "GET /galeria/nivo-slider/themes/default/bullets.png HTTP/1.1" 200 1281
190.25.117.154 - - [07/Aug/2015:14:21:23 -0500] "GET /forest/session.jsp?a=0.8850821165833622 HTTP/1.1" 200 4
186.113.170.70 - - [07/Aug/2015:14:21:35 -0500] "GET /forest/session.jsp?a=0.3511593649163842 HTTP/1.1" 200 4
181.54.232.237 - - [07/Aug/2015:14:21:43 -0500] "GET /galeria/galeria/jquery.fancybox.css?v=2.1.5 HTTP/1.1" 304 -
181.54.232.237 - - [07/Aug/2015:14:21:43 -0500] "GET /BLA/boletinlegal/js/jquery.scrollShow.js HTTP/1.1" 304 -
181.54.232.237 - - [07/Aug/2015:14:21:43 -0500] "GET /galeria/galeria/jquery.fancybox.js?v=2.1.5 HTTP/1.1" 304 -
74.86.158.107 - - [07/Aug/2015:14:22:04 -0500] "HEAD / HTTP/1.1" 200 -
208.91.115.10 - - [07/Aug/2015:14:22:58 -0500] "GET / HTTP/1.1" 301 -
208.91.115.10 - - [07/Aug/2015:14:23:12 -0500] "GET / HTTP/1.1" 200 128694
189.217.149.72 - - [07/Aug/2015:14:23:24 -0500] "GET /galeria/galeria/jquery.fancybox.css?v=2.1.5 HTTP/1.1" 200 4895
189.217.149.72 - - [07/Aug/2015:14:23:24 -0500] "GET /BLA/boletinlegal/js/jquery.scrollShow.js HTTP/1.1" 200 4586
189.217.149.72 - - [07/Aug/2015:14:23:25 -0500] "GET /galeria/galeria/jquery.fancybox.js?v=2.1.5 HTTP/1.1" 200 48706
189.217.149.72 - - [07/Aug/2015:14:23:36 -0500] "GET /galeria/galeria/jquery.fancybox.css?v=2.1.5 HTTP/1.1" 304 -
189.217.149.72 - - [07/Aug/2015:14:23:36 -0500] "GET /galeria/galeria/jquery.fancybox.js?v=2.1.5 HTTP/1.1" 304 -
189.217.149.72 - - [07/Aug/2015:14:23:36 -0500] "GET /BLA/boletinlegal/js/jquery.scrollShow.js HTTP/1.1" 304 -
186.28.45.49 - - [07/Aug/2015:14:23:40 -0500] "GET /crossdomain.xml HTTP/1.1" 404 1280
186.28.45.49 - - [07/Aug/2015:14:23:41 -0500] "GET /arcgis/services/Calidad_del_Agua_WQI/MapServer/WMSServer?HEIGHT=909&STYLES=&LAYERS=3%2C4%2C5%2C6%2C7&BBOX=%2D74%2E13208312714097%2C4%2E468403758708083%2C%2D74%2E11685457670366%2C4%2E479218408979582&VERSION=1%2E1%2E1&TRANSPARENT=TRUE&SERVICE=WMS&SRS=EPSG%3A4686&REQUEST=GetMap&FORMAT=image%2Fpng&WIDTH=1280 HTTP/1.1" 200 9097
186.28.45.49 - - [07/Aug/2015:14:23:43 -0500] "GET /arcgis/services/Calidad_del_Agua_WQI/MapServer/WMSServer?HEIGHT=909&STYLES=&LAYERS=3%2C4%2C5%2C6%2C7&BBOX=%2D74%2E13440698598096%2C4%2E4713909242507395%2C%2D74%2E11917843554365%2C4%2E482205574522238&VERSION=1%2E1%2E1&TRANSPARENT=TRUE&SERVICE=WMS&SRS=EPSG%3A4686&REQUEST=GetMap&FORMAT=image%2Fpng&WIDTH=1280 HTTP/1.1" 200 9986
190.25.117.154 - - [07/Aug/2015:14:17:47 -0500] "GET /ForestMSG_SDA/channelAsync/template_word_18865751?X-Atmosphere-tracking-id=b5a0d752-2333-4d27-da71-d7c75d9a8f89&X-Atmosphere-Framework=1.0.5&X-Atmosphere-Transport=long-polling&tabid=0.17852739174850285&X-Cache-Date=0&Content-Type=application/xml&_=1438975186304 HTTP/1.1" 200 8193
186.94.35.68 - - [07/Aug/2015:14:23:49 -0500] "GET / HTTP/1.0" 301 -
186.28.45.49 - - [07/Aug/2015:14:23:51 -0500] "GET /crossdomain.xml HTTP/1.1" 404 1280
186.28.45.49 - - [07/Aug/2015:14:23:51 -0500] "GET /arcgis/services/Calidad_del_Agua_WQI/MapServer/WMSServer?HEIGHT=909&STYLES=&LAYERS=3%2C4%2C5%2C6%2C7&BBOX=%2D74%2E13436787991624%2C4%2E4713909242507395%2C%2D74%2E11913932947893%2C4%2E482205574522238&VERSION=1%2E1%2E1&TRANSPARENT=TRUE&SERVICE=WMS&SRS=EPSG%3A4686&REQUEST=GetMap&FORMAT=image%2Fpng&WIDTH=1280 HTTP/1.1" 200 9994
186.28.45.49 - - [07/Aug/2015:14:23:52 -0500] "GET /arcgis/services/Calidad_del_Agua_WQI/MapServer/WMSServer?HEIGHT=909&STYLES=&LAYERS=3%2C4%2C5%2C6%2C7&BBOX=%2D74%2E1287166600274%2C4%2E475438387421657%2C%2D74%2E12262523985247%2C4%2E479764247530256&VERSION=1%2E1%2E1&TRANSPARENT=TRUE&SERVICE=WMS&SRS=EPSG%3A4686&REQUEST=GetMap&FORMAT=image%2Fpng&WIDTH=1280 HTTP/1.1" 200 9176
186.28.45.49 - - [07/Aug/2015:14:23:53 -0500] "GET /arcgis/services/Calidad_del_Agua_WQI/MapServer/WMSServer?HEIGHT=909&STYLES=&LAYERS=3%2C4%2C5%2C6%2C7&BBOX=%2D74%2E13409186243956%2C4%2E471655044422386%2C%2D74%2E11886331200225%2C4%2E482469694693885&VERSION=1%2E1%2E1&TRANSPARENT=TRUE&SERVICE=WMS&SRS=EPSG%3A4686&REQUEST=GetMap&FORMAT=image%2Fpng&WIDTH=1280 HTTP/1.1" 200 9996
186.28.45.49 - - [07/Aug/2015:14:23:55 -0500] "GET /arcgis/services/Calidad_del_Agua_WQI/MapServer/WMSServer?HEIGHT=909&STYLES=&LAYERS=3%2C4%2C5%2C6%2C7&BBOX=%2D74%2E14306243043154%2C4%2E4653375754519065%2C%2D74%2E11260532955691%2C4%2E486966875994904&VERSION=1%2E1%2E1&TRANSPARENT=TRUE&SERVICE=WMS&SRS=EPSG%3A4686&REQUEST=GetMap&FORMAT=image%2Fpng&WIDTH=1280 HTTP/1.1" 200 9424
186.28.45.49 - - [07/Aug/2015:14:23:57 -0500] "GET /arcgis/services/Calidad_del_Agua_WQI/MapServer/WMSServer?HEIGHT=909&STYLES=&LAYERS=3%2C4%2C5%2C6%2C7&BBOX=%2D74%2E16107495024568%2C4%2E4527026375109475%2C%2D74%2E10016074849642%2C4%2E4959612385969425&VERSION=1%2E1%2E1&TRANSPARENT=TRUE&SERVICE=WMS&SRS=EPSG%3A4686&REQUEST=GetMap&FORMAT=image%2Fpng&WIDTH=1280 HTTP/1.1" 200 9299
186.28.45.49 - - [07/Aug/2015:14:24:00 -0500] "GET /arcgis/services/Calidad_del_Agua_WQI/MapServer/WMSServer?HEIGHT=909&STYLES=&LAYERS=3%2C4%2C5%2C6%2C7&BBOX=%2D74%2E21525527734843%2C4%2E415154742838947%2C%2D74%2E0629697729753%2C4%2E523301245553933&VERSION=1%2E1%2E1&TRANSPARENT=TRUE&SERVICE=WMS&SRS=EPSG%3A4686&REQUEST=GetMap&FORMAT=image%2Fpng&WIDTH=1280 HTTP/1.1" 200 9350
186.28.45.49 - - [07/Aug/2015:14:24:03 -0500] "GET /crossdomain.xml HTTP/1.1" 404 1280
186.28.45.49 - - [07/Aug/2015:14:24:04 -0500] "GET /arcgis/services/Calidad_del_Agua_WQI/MapServer/WMSServer?HEIGHT=909&STYLES=&LAYERS=3%2C4%2C5%2C6%2C7&BBOX=%2D74%2E30567479556998%2C4%2E352574918385609%2C%2D74%2E0011037868237%2C4%2E568867923815582&VERSION=1%2E1%2E1&TRANSPARENT=TRUE&SERVICE=WMS&SRS=EPSG%3A4686&REQUEST=GetMap&FORMAT=image%2Fpng&WIDTH=1280 HTTP/1.1" 200 10058
186.28.45.49 - - [07/Aug/2015:14:24:08 -0500] "GET /arcgis/services/Calidad_del_Agua_WQI/MapServer/WMSServer?HEIGHT=909&STYLES=&LAYERS=3%2C4%2C5%2C6%2C7&BBOX=%2D74%2E32110411668856%2C4%2E254994158120225%2C%2D74%2E01653310794228%2C4%2E4712871635501985&VERSION=1%2E1%2E1&TRANSPARENT=TRUE&SERVICE=WMS&SRS=EPSG%3A4686&REQUEST=GetMap&FORMAT=image%2Fpng&WIDTH=1280 HTTP/1.1" 200 8942
186.28.45.49 - - [07/Aug/2015:14:24:11 -0500] "GET /arcgis/services/Calidad_del_Agua_WQI/MapServer/WMSServer?HEIGHT=909&STYLES=&LAYERS=3%2C4%2C5%2C6%2C7&BBOX=%2D74%2E32866654390254%2C4%2E210929743049565%2C%2D74%2E02409553515626%2C4%2E427222748479538&VERSION=1%2E1%2E1&TRANSPARENT=TRUE&SERVICE=WMS&SRS=EPSG%3A4686&REQUEST=GetMap&FORMAT=image%2Fpng&WIDTH=1280 HTTP/1.1" 200 8517
186.28.45.49 - - [07/Aug/2015:14:24:15 -0500] "GET /crossdomain.xml HTTP/1.1" 404 1280
186.28.45.49 - - [07/Aug/2015:14:24:15 -0500] "GET /arcgis/services/Calidad_del_Agua_WQI/MapServer/WMSServer?HEIGHT=909&STYLES=&LAYERS=3%2C4%2C5%2C6%2C7&BBOX=%2D74%2E31344906727392%2C4%2E365156898558159%2C%2D74%2E00887805852764%2C4%2E5814499039881325&VERSION=1%2E1%2E1&TRANSPARENT=TRUE&SERVICE=WMS&SRS=EPSG%3A4686&REQUEST=GetMap&FORMAT=image%2Fpng&WIDTH=1280 HTTP/1.1" 200 10665
186.94.35.68 - - [07/Aug/2015:14:24:04 -0500] "GET / HTTP/1.0" 200 128680
186.28.45.49 - - [07/Aug/2015:14:24:19 -0500] "GET /arcgis/services/Calidad_del_Agua_WQI/MapServer/WMSServer?HEIGHT=909&STYLES=&LAYERS=3%2C4%2C5%2C6%2C7&BBOX=%2D74%2E28226563063414%2C4%2E399094317734268%2C%2D73%2E97769462188786%2C4%2E615387323164241&VERSION=1%2E1%2E1&TRANSPARENT=TRUE&SERVICE=WMS&SRS=EPSG%3A4686&REQUEST=GetMap&FORMAT=image%2Fpng&WIDTH=1280 HTTP/1.1" 200 11544
186.28.45.49 - - [07/Aug/2015:14:24:20 -0500] "GET /arcgis/services/Calidad_del_Agua_WQI/MapServer/WMSServer?HEIGHT=909&STYLES=&LAYERS=3%2C4%2C5%2C6%2C7&BBOX=%2D74%2E20302957914%2C4%2E450847594611078%2C%2D74%2E05074407476685%2C4%2E558994097326064&VERSION=1%2E1%2E1&TRANSPARENT=TRUE&SERVICE=WMS&SRS=EPSG%3A4686&REQUEST=GetMap&FORMAT=image%2Fpng&WIDTH=1280 HTTP/1.1" 200 10043
186.28.45.49 - - [07/Aug/2015:14:24:22 -0500] "GET /arcgis/services/Calidad_del_Agua_WQI/MapServer/WMSServer?HEIGHT=909&STYLES=&LAYERS=3%2C4%2C5%2C6%2C7&BBOX=%2D74%2E15670147335648%2C4%2E4828989343596115%2C%2D74%2E09578727160722%2C4%2E5261575354456065&VERSION=1%2E1%2E1&TRANSPARENT=TRUE&SERVICE=WMS&SRS=EPSG%3A4686&REQUEST=GetMap&FORMAT=image%2Fpng&WIDTH=1280 HTTP/1.1" 200 9428
186.28.45.49 - - [07/Aug/2015:14:24:26 -0500] "GET /crossdomain.xml HTTP/1.1" 404 1280
186.28.45.49 - - [07/Aug/2015:14:24:26 -0500] "GET /arcgis/services/Calidad_del_Agua_WQI/MapServer/WMSServer?HEIGHT=909&STYLES=&LAYERS=3%2C4%2C5%2C6%2C7&BBOX=%2D74%2E1429957779629%2C4%2E493071130159536%2C%2D74%2E11253867708827%2C4%2E514700430702534&VERSION=1%2E1%2E1&TRANSPARENT=TRUE&SERVICE=WMS&SRS=EPSG%3A4686&REQUEST=GetMap&FORMAT=image%2Fpng&WIDTH=1280 HTTP/1.1" 200 9237
186.28.45.49 - - [07/Aug/2015:14:24:33 -0500] "GET /arcgis/services/Calidad_del_Agua_WQI/MapServer/WMSServer?HEIGHT=909&STYLES=&LAYERS=3%2C4%2C5%2C6%2C7&BBOX=%2D74%2E13854561000765%2C4%2E491152774395386%2C%2D74%2E10808850913303%2C4%2E512782074938383&VERSION=1%2E1%2E1&TRANSPARENT=TRUE&SERVICE=WMS&SRS=EPSG%3A4686&REQUEST=GetMap&FORMAT=image%2Fpng&WIDTH=1280 HTTP/1.1" 200 9218
186.28.45.49 - - [07/Aug/2015:14:24:36 -0500] "GET /arcgis/services/Calidad_del_Agua_WQI/MapServer/WMSServer?HEIGHT=909&STYLES=&LAYERS=3%2C4%2C5%2C6%2C7&BBOX=%2D74%2E1305625183331%2C4%2E495947388322134%2C%2D74%2E11533396789578%2C4%2E5067620385936324&VERSION=1%2E1%2E1&TRANSPARENT=TRUE&SERVICE=WMS&SRS=EPSG%3A4686&REQUEST=GetMap&FORMAT=image%2Fpng&WIDTH=1280 HTTP/1.1" 200 9558
186.29.19.131 - - [07/Aug/2015:14:24:37 -0500] "GET /galeria/galeria/jquery.fancybox.css?v=2.1.5 HTTP/1.1" 200 4895
186.29.19.131 - - [07/Aug/2015:14:24:37 -0500] "GET /BLA/boletinlegal/js/jquery.scrollShow.js HTTP/1.1" 200 4586
186.29.19.131 - - [07/Aug/2015:14:24:37 -0500] "GET /galeria/galeria/jquery.fancybox.js?v=2.1.5 HTTP/1.1" 200 48706
186.28.45.49 - - [07/Aug/2015:14:24:43 -0500] "GET /crossdomain.xml HTTP/1.1" 404 1280
186.28.45.49 - - [07/Aug/2015:14:24:43 -0500] "GET /arcgis/services/Calidad_del_Agua_WQI/MapServer/WMSServer?HEIGHT=909&STYLES=&LAYERS=3%2C4%2C5%2C6%2C7&BBOX=%2D74%2E13643022507694%2C4%2E49847080258152%2C%2D74%2E12120167463962%2C4%2E509285452853018&VERSION=1%2E1%2E1&TRANSPARENT=TRUE&SERVICE=WMS&SRS=EPSG%3A4686&REQUEST=GetMap&FORMAT=image%2Fpng&WIDTH=1280 HTTP/1.1" 200 9421
186.28.45.49 - - [07/Aug/2015:14:24:45 -0500] "GET /arcgis/services/Calidad_del_Agua_WQI/MapServer/WMSServer?HEIGHT=909&STYLES=&LAYERS=3%2C4%2C5%2C6%2C7&BBOX=%2D74%2E13494284742076%2C4%2E498625679117719%2C%2D74%2E11971429698345%2C4%2E509440329389218&VERSION=1%2E1%2E1&TRANSPARENT=TRUE&SERVICE=WMS&SRS=EPSG%3A4686&REQUEST=GetMap&FORMAT=image%2Fpng&WIDTH=1280 HTTP/1.1" 200 9434
190.25.117.154 - - [07/Aug/2015:14:24:46 -0500] "GET /forest/skins/gdocs-jar/popup/popup.jsp?width=1100&height=500&title=Buscar%20documentos&uri=/forest/buscar.do%3Ftype%3Ddocumentos&name=undefined&_a=0.07077617873437703&a=0.23136038263328373 HTTP/1.1" 200 1300
190.25.117.154 - - [07/Aug/2015:14:24:46 -0500] "GET /forest/buscar.do?type=documentos HTTP/1.1" 200 18159
186.113.170.70 - - [07/Aug/2015:14:24:46 -0500] "GET /forest/skins/gdocs-jar/popup/popup.jsp?width=1100&height=500&title=Buscar%20documentos&uri=/forest/buscar.do%3Ftype%3Ddocumentos&name=undefined&_a=0.5139366593211889&a=0.2774945420678705 HTTP/1.1" 200 1300
190.25.117.154 - - [07/Aug/2015:14:24:46 -0500] "GET /forest/buscar.do?type=documentos HTTP/1.1" 200 85085
190.25.117.154 - - [07/Aug/2015:14:24:46 -0500] "GET /forest/json.do?query=usersByDep&coddep=20 HTTP/1.1" 200 4012
190.25.117.154 - - [07/Aug/2015:14:24:46 -0500] "GET /forest/json.do?query=versionListadas HTTP/1.1" 200 15
190.25.117.154 - - [07/Aug/2015:14:24:46 -0500] "GET /forest/json.do?query=usersByDep&coddep=20 HTTP/1.1" 200 4012
190.25.117.154 - - [07/Aug/2015:14:24:46 -0500] "GET /forest/json.do?query=procesIniciales HTTP/1.1" 200 11405
186.113.170.70 - - [07/Aug/2015:14:24:46 -0500] "GET /forest/buscar.do?type=documentos HTTP/1.1" 200 29478
190.25.117.154 - - [07/Aug/2015:14:24:46 -0500] "GET /forest/json.do?query=bpmnIniciales HTTP/1.1" 200 1334
186.28.45.49 - - [07/Aug/2015:14:24:47 -0500] "GET /arcgis/services/Calidad_del_Agua_WQI/MapServer/WMSServer?HEIGHT=909&STYLES=&LAYERS=3%2C4%2C5%2C6%2C7&BBOX=%2D74%2E13042425097069%2C4%2E501531001005838%2C%2D74%2E12433283079577%2C4%2E505856861114437&VERSION=1%2E1%2E1&TRANSPARENT=TRUE&SERVICE=WMS&SRS=EPSG%3A4686&REQUEST=GetMap&FORMAT=image%2Fpng&WIDTH=1280 HTTP/1.1" 200 9872
186.113.170.70 - - [07/Aug/2015:14:24:46 -0500] "GET /forest/buscar.do?type=documentos HTTP/1.1" 200 85087
190.25.117.154 - - [07/Aug/2015:14:24:50 -0500] "POST /forest/buscar.do? HTTP/1.1" 200 9244
190.25.117.154 - - [07/Aug/2015:14:24:50 -0500] "GET /forest/img/candado.gif HTTP/1.1" 200 406
186.113.170.70 - - [07/Aug/2015:14:24:50 -0500] "GET /forest/json.do?query=usersByDep&coddep=215 HTTP/1.1" 200 1988
186.28.45.49 - - [07/Aug/2015:14:24:50 -0500] "GET /arcgis/services/Calidad_del_Agua_WQI/MapServer/WMSServer?HEIGHT=909&STYLES=&LAYERS=3%2C4%2C5%2C6%2C7&BBOX=%2D74%2E12879907910371%2C4%2E502354294513855%2C%2D74%2E12575336901625%2C4%2E504517224568155&VERSION=1%2E1%2E1&TRANSPARENT=TRUE&SERVICE=WMS&SRS=EPSG%3A4686&REQUEST=GetMap&FORMAT=image%2Fpng&WIDTH=1280 HTTP/1.1" 200 9176
186.113.170.70 - - [07/Aug/2015:14:24:50 -0500] "GET /forest/json.do?query=versionListadas HTTP/1.1" 200 15
186.113.170.70 - - [07/Aug/2015:14:24:50 -0500] "GET /forest/json.do?query=usersByDep&coddep=215 HTTP/1.1" 200 1988
186.113.170.70 - - [07/Aug/2015:14:24:50 -0500] "GET /forest/json.do?query=procesIniciales HTTP/1.1" 200 11405
186.113.170.70 - - [07/Aug/2015:14:24:51 -0500] "GET /forest/json.do?query=bpmnIniciales HTTP/1.1" 200 1334
186.28.45.49 - - [07/Aug/2015:14:24:52 -0500] "GET /arcgis/services/Calidad_del_Agua_WQI/MapServer/WMSServer?HEIGHT=909&STYLES=&LAYERS=3%2C4%2C5%2C6%2C7&BBOX=%2D74%2E1280626359224%2C4%2E502861119708097%2C%2D74%2E12653978087867%2C4%2E503942584735247&VERSION=1%2E1%2E1&TRANSPARENT=TRUE&SERVICE=WMS&SRS=EPSG%3A4686&REQUEST=GetMap&FORMAT=image%2Fpng&WIDTH=1280 HTTP/1.1" 200 9165
186.28.45.49 - - [07/Aug/2015:14:24:54 -0500] "GET /crossdomain.xml HTTP/1.1" 404 1280
186.113.170.70 - - [07/Aug/2015:14:24:55 -0500] "POST /forest/buscar.do? HTTP/1.1" 200 7977
186.28.45.49 - - [07/Aug/2015:14:24:55 -0500] "GET /arcgis/services/Calidad_del_Agua_WQI/MapServer/WMSServer?HEIGHT=909&STYLES=&LAYERS=3%2C4%2C5%2C6%2C7&BBOX=%2D74%2E12880859694774%2C4%2E50234834586134%2C%2D74%2E12576288686027%2C4%2E5045112759156405&VERSION=1%2E1%2E1&TRANSPARENT=TRUE&SERVICE=WMS&SRS=EPSG%3A4686&REQUEST=GetMap&FORMAT=image%2Fpng&WIDTH=1280 HTTP/1.1" 200 9183
66.249.64.96 - - [07/Aug/2015:14:24:56 -0500] "GET /phylum/Phylum_3/CRRFSencifras_03.doc HTTP/1.1" 404 1018
186.28.45.49 - - [07/Aug/2015:14:24:55 -0500] "GET /arcgis/services/Calidad_del_Agua_WQI/MapServer/WMSServer?HEIGHT=909&STYLES=&LAYERS=3%2C4%2C5%2C6%2C7&BBOX=%2D74%2E13030289845939%2C4%2E501329936550846%2C%2D74%2E12421147828447%2C4%2E505655796659445&VERSION=1%2E1%2E1&TRANSPARENT=TRUE&SERVICE=WMS&SRS=EPSG%3A4686&REQUEST=GetMap&FORMAT=image%2Fpng&WIDTH=1280 HTTP/1.1" 200 9778
186.28.45.49 - - [07/Aug/2015:14:24:57 -0500] "GET /arcgis/services/Calidad_del_Agua_WQI/MapServer/WMSServer?HEIGHT=909&STYLES=&LAYERS=3%2C4%2C5%2C6%2C7&BBOX=%2D74%2E13478580299437%2C4%2E498338954066517%2C%2D74%2E11955725255706%2C4%2E509153604338016&VERSION=1%2E1%2E1&TRANSPARENT=TRUE&SERVICE=WMS&SRS=EPSG%3A4686&REQUEST=GetMap&FORMAT=image%2Fpng&WIDTH=1280 HTTP/1.1" 200 9403
66.249.64.106 - - [07/Aug/2015:14:24:58 -0500] "GET /BLA/resoluciones/RESOLUCIONES%202011/6971.pdf HTTP/1.1" 304 -
186.28.45.49 - - [07/Aug/2015:14:24:58 -0500] "GET /arcgis/services/Calidad_del_Agua_WQI/MapServer/WMSServer?HEIGHT=909&STYLES=&LAYERS=3%2C4%2C5%2C6%2C7&BBOX=%2D74%2E14270940814379%2C4%2E493318291344215%2C%2D74%2E11225230726916%2C4%2E514947591887212&VERSION=1%2E1%2E1&TRANSPARENT=TRUE&SERVICE=WMS&SRS=EPSG%3A4686&REQUEST=GetMap&FORMAT=image%2Fpng&WIDTH=1280 HTTP/1.1" 200 9178
190.25.117.154 - - [07/Aug/2015:14:24:59 -0500] "GET /forest/skins/gdocs-jar/popup/popup.jsp?width=900&height=600&title=Informaci%F3n%20de%20proceso&uri=/forest/system/process.jsp%3FnumPro%3D165001&name=undefined&_a=0.32776039093732834&a=0.5546152922324836 HTTP/1.1" 200 1311
190.25.117.154 - - [07/Aug/2015:14:24:59 -0500] "GET /forest/system/process.jsp?numPro=165001 HTTP/1.1" 200 12931
190.25.117.154 - - [07/Aug/2015:14:24:59 -0500] "GET /forest/system/process.jsp?numPro=165001 HTTP/1.1" 200 12931
186.113.170.70 - - [07/Aug/2015:14:25:00 -0500] "GET /forest/skins/gdocs-jar/popup/popup.jsp?width=850&height=380&title=Informaci%F3n%20del%20radicado&uri=/forest/system/document.jsp%3FcodDoc%3D2127038&name=undefined&_a=0.1252483979333192&a=0.2281968069728464 HTTP/1.1" 200 1315
186.28.45.49 - - [07/Aug/2015:14:25:00 -0500] "GET /arcgis/services/Calidad_del_Agua_WQI/MapServer/WMSServer?HEIGHT=909&STYLES=&LAYERS=3%2C4%2C5%2C6%2C7&BBOX=%2D74%2E15900871603372%2C4%2E483276965899611%2C%2D74%2E09809451428447%2C4%2E526535566985606&VERSION=1%2E1%2E1&TRANSPARENT=TRUE&SERVICE=WMS&SRS=EPSG%3A4686&REQUEST=GetMap&FORMAT=image%2Fpng&WIDTH=1280 HTTP/1.1" 200 9391
186.113.170.70 - - [07/Aug/2015:14:25:00 -0500] "GET /forest/system/document.jsp?codDoc=2127038 HTTP/1.1" 200 15145
186.113.170.70 - - [07/Aug/2015:14:25:01 -0500] "GET /forest/skins/gdocs-jar/img/icons/p7z.gif HTTP/1.1" 200 582
186.113.170.70 - - [07/Aug/2015:14:25:01 -0500] "GET /forest/img/icons/pdf.gif HTTP/1.1" 200 230
190.25.117.154 - - [07/Aug/2015:14:25:02 -0500] "GET /forest/documentos/165211/2008ER54566.PDF HTTP/1.1" 200 214
66.249.64.96 - - [07/Aug/2015:14:25:02 -0500] "GET /BLA/resoluciones/AUTOS%202008/0520.pdf HTTP/1.1" 304 -
66.249.64.96 - - [07/Aug/2015:14:25:02 -0500] "GET /BLA/resoluciones/RESOLUCIONES%202012/1725.pdf HTTP/1.1" 304 -
186.113.170.70 - - [07/Aug/2015:14:25:03 -0500] "GET /forest/usudocumentos.do?p7z=2127038&a=0.39374876068904996&a=0.15519190533086658 HTTP/1.1" 200 2562
186.113.170.70 - - [07/Aug/2015:14:25:03 -0500] "GET /forest/skins/gdocs-jar/img/contraido.gif HTTP/1.1" 304 -
186.28.45.49 - - [07/Aug/2015:14:25:03 -0500] "GET /arcgis/services/Calidad_del_Agua_WQI/MapServer/WMSServer?HEIGHT=909&STYLES=&LAYERS=3%2C4%2C5%2C6%2C7&BBOX=%2D74%2E16209228268045%2C4%2E498698289540343%2C%2D74%2E10117808093119%2C4%2E541956890626338&VERSION=1%2E1%2E1&TRANSPARENT=TRUE&SERVICE=WMS&SRS=EPSG%3A4686&REQUEST=GetMap&FORMAT=image%2Fpng&WIDTH=1280 HTTP/1.1" 200 9259
190.25.117.154 - - [07/Aug/2015:14:25:07 -0500] "GET /forest/skins/gdocs-jar/popup/popup.jsp?width=900&height=600&title=Informaci%F3n%20de%20proceso&uri=/forest/system/process.jsp%3FnumPro%3D2392739&name=undefined&_a=0.7302101494278759&a=0.8271726320963353 HTTP/1.1" 200 1312
190.25.117.154 - - [07/Aug/2015:14:25:07 -0500] "GET /forest/system/process.jsp?numPro=2392739 HTTP/1.1" 200 19642
190.25.117.154 - - [07/Aug/2015:14:25:07 -0500] "GET /forest/system/process.jsp?numPro=2392739 HTTP/1.1" 200 67264
186.28.45.49 - - [07/Aug/2015:14:25:07 -0500] "GET /crossdomain.xml HTTP/1.1" 404 1280
190.25.117.154 - - [07/Aug/2015:14:25:07 -0500] "GET /forest/skins/gdocs-jar/img/icons/doc.gif HTTP/1.1" 200 140
186.28.45.49 - - [07/Aug/2015:14:25:08 -0500] "GET /arcgis/services/Calidad_del_Agua_WQI/MapServer/WMSServer?HEIGHT=909&STYLES=&LAYERS=3%2C4%2C5%2C6%2C7&BBOX=%2D74%2E21755751872635%2C4%2E467003868942685%2C%2D74%2E06527201435321%2C4%2E575150371657671&VERSION=1%2E1%2E1&TRANSPARENT=TRUE&SERVICE=WMS&SRS=EPSG%3A4686&REQUEST=GetMap&FORMAT=image%2Fpng&WIDTH=1280 HTTP/1.1" 200 10706
186.28.45.49 - - [07/Aug/2015:14:25:12 -0500] "GET /arcgis/services/Calidad_del_Agua_WQI/MapServer/WMSServer?HEIGHT=909&STYLES=&LAYERS=3%2C4%2C5%2C6%2C7&BBOX=%2D74%2E22501420445691%2C4%2E495920584895382%2C%2D74%2E07272870008377%2C4%2E6040670876103675&VERSION=1%2E1%2E1&TRANSPARENT=TRUE&SERVICE=WMS&SRS=EPSG%3A4686&REQUEST=GetMap&FORMAT=image%2Fpng&WIDTH=1280 HTTP/1.1" 200 12029
190.25.117.154 - - [07/Aug/2015:14:25:16 -0500] "GET /forest/usudocumentos.do?p7z=1769261&a=0.9623368349857628&a=0.9662425413262099 HTTP/1.1" 200 2574
186.28.45.49 - - [07/Aug/2015:14:25:17 -0500] "GET /arcgis/services/Calidad_del_Agua_WQI/MapServer/WMSServer?HEIGHT=909&STYLES=&LAYERS=3%2C4%2C5%2C6%2C7&BBOX=%2D74%2E23095510858035%2C4%2E536501134494564%2C%2D74%2E0786696042072%2C4%2E64464763720955&VERSION=1%2E1%2E1&TRANSPARENT=TRUE&SERVICE=WMS&SRS=EPSG%3A4686&REQUEST=GetMap&FORMAT=image%2Fpng&WIDTH=1280 HTTP/1.1" 200 13758
186.113.170.70 - - [07/Aug/2015:14:25:05 -0500] "GET /forest/documentos/2127038/2015IE134658.p7z:claro/Concepto_Seguimiento_Fijas.docx HTTP/1.1" 200 636899
190.25.117.154 - - [07/Aug/2015:14:25:18 -0500] "GET /forest/documentos/1769261/2013EE180498.p7z:claro/Resolucion.doc HTTP/1.1" 200 284672
186.28.45.49 - - [07/Aug/2015:14:25:20 -0500] "GET /crossdomain.xml HTTP/1.1" 404 1280
190.214.44.202 - - [07/Aug/2015:14:25:21 -0500] "GET /galeria/galeria/jquery.fancybox.css?v=2.1.5 HTTP/1.1" 200 4895
190.214.44.202 - - [07/Aug/2015:14:25:21 -0500] "GET /galeria/galeria/jquery.fancybox.js?v=2.1.5 HTTP/1.1" 200 48706
186.28.45.49 - - [07/Aug/2015:14:25:20 -0500] "GET /arcgis/services/Calidad_del_Agua_WQI/MapServer/WMSServer?HEIGHT=909&STYLES=&LAYERS=3%2C4%2C5%2C6%2C7&BBOX=%2D74%2E28301326301744%2C4%2E5473383084845205%2C%2D74%2E1307277586443%2C4%2E655484811199506&VERSION=1%2E1%2E1&TRANSPARENT=TRUE&SERVICE=WMS&SRS=EPSG%3A4686&REQUEST=GetMap&FORMAT=image%2Fpng&WIDTH=1280 HTTP/1.1" 200 11540
186.28.45.49 - - [07/Aug/2015:14:25:33 -0500] "GET /crossdomain.xml HTTP/1.1" 404 1280
186.28.45.49 - - [07/Aug/2015:14:25:33 -0500] "GET /arcgis/services/Calidad_del_Agua_WQI/MapServer/WMSServer?HEIGHT=909&STYLES=&LAYERS=3%2C4%2C5%2C6%2C7&BBOX=%2D74%2E23171634335415%2C4%2E502217577206393%2C%2D74%2E07943083898101%2C4%2E6103640799213785&VERSION=1%2E1%2E1&TRANSPARENT=TRUE&SERVICE=WMS&SRS=EPSG%3A4686&REQUEST=GetMap&FORMAT=image%2Fpng&WIDTH=1280 HTTP/1.1" 200 12215
186.28.45.49 - - [07/Aug/2015:14:25:34 -0500] "GET /arcgis/services/Calidad_del_Agua_WQI/MapServer/WMSServer?HEIGHT=909&STYLES=&LAYERS=3%2C4%2C5%2C6%2C7&BBOX=%2D74%2E20884341942507%2C4%2E474605404457072%2C%2D74%2E05655791505193%2C4%2E5827519071720575&VERSION=1%2E1%2E1&TRANSPARENT=TRUE&SERVICE=WMS&SRS=EPSG%3A4686&REQUEST=GetMap&FORMAT=image%2Fpng&WIDTH=1280 HTTP/1.1" 200 11543
186.28.45.49 - - [07/Aug/2015:14:25:36 -0500] "GET /arcgis/services/Calidad_del_Agua_WQI/MapServer/WMSServer?HEIGHT=909&STYLES=&LAYERS=3%2C4%2C5%2C6%2C7&BBOX=%2D74%2E20151335189416%2C4%2E455441646043577%2C%2D74%2E04922784752102%2C4%2E563588148758563&VERSION=1%2E1%2E1&TRANSPARENT=TRUE&SERVICE=WMS&SRS=EPSG%3A4686&REQUEST=GetMap&FORMAT=image%2Fpng&WIDTH=1280 HTTP/1.1" 200 10239
186.28.45.49 - - [07/Aug/2015:14:25:41 -0500] "GET /arcgis/services/Calidad_del_Agua_WQI/MapServer/WMSServer?HEIGHT=909&STYLES=&LAYERS=3%2C4%2C5%2C6%2C7&BBOX=%2D74%2E20718053365411%2C4%2E37987857871325%2C%2D74%2E05489502928097%2C4%2E488025081428236&VERSION=1%2E1%2E1&TRANSPARENT=TRUE&SERVICE=WMS&SRS=EPSG%3A4686&REQUEST=GetMap&FORMAT=image%2Fpng&WIDTH=1280 HTTP/1.1" 200 9830
186.28.45.49 - - [07/Aug/2015:14:25:44 -0500] "GET /crossdomain.xml HTTP/1.1" 404 1280
186.28.45.49 - - [07/Aug/2015:14:25:44 -0500] "GET /arcgis/services/Calidad_del_Agua_WQI/MapServer/WMSServer?HEIGHT=909&STYLES=&LAYERS=3%2C4%2C5%2C6%2C7&BBOX=%2D74%2E20611326801759%2C4%2E347505028968167%2C%2D74%2E05382776364445%2C4%2E455651531683153&VERSION=1%2E1%2E1&TRANSPARENT=TRUE&SERVICE=WMS&SRS=EPSG%3A4686&REQUEST=GetMap&FORMAT=image%2Fpng&WIDTH=1280 HTTP/1.1" 200 9546
186.28.45.49 - - [07/Aug/2015:14:25:49 -0500] "GET /arcgis/services/Calidad_del_Agua_WQI/MapServer/WMSServer?HEIGHT=909&STYLES=&LAYERS=3%2C4%2C5%2C6%2C7&BBOX=%2D74%2E19217844969836%2C4%2E406294224726312%2C%2D74%2E03989294532522%2C4%2E514440727441298&VERSION=1%2E1%2E1&TRANSPARENT=TRUE&SERVICE=WMS&SRS=EPSG%3A4686&REQUEST=GetMap&FORMAT=image%2Fpng&WIDTH=1280 HTTP/1.1" 200 9265
186.28.45.49 - - [07/Aug/2015:14:25:51 -0500] "GET /arcgis/services/Calidad_del_Agua_WQI/MapServer/WMSServer?HEIGHT=909&STYLES=&LAYERS=3%2C4%2C5%2C6%2C7&BBOX=%2D74%2E14956230308394%2C4%2E4471257755863585%2C%2D74%2E08864810133468%2C4%2E4903843766723535&VERSION=1%2E1%2E1&TRANSPARENT=TRUE&SERVICE=WMS&SRS=EPSG%3A4686&REQUEST=GetMap&FORMAT=image%2Fpng&WIDTH=1280 HTTP/1.1" 200 9179
186.28.45.49 - - [07/Aug/2015:14:25:54 -0500] "GET /crossdomain.xml HTTP/1.1" 404 1280
186.28.45.49 - - [07/Aug/2015:14:25:55 -0500] "GET /arcgis/services/Calidad_del_Agua_WQI/MapServer/WMSServer?HEIGHT=909&STYLES=&LAYERS=3%2C4%2C5%2C6%2C7&BBOX=%2D74%2E13556797198066%2C4%2E458794106035026%2C%2D74%2E10511087110604%2C4%2E480423406578024&VERSION=1%2E1%2E1&TRANSPARENT=TRUE&SERVICE=WMS&SRS=EPSG%3A4686&REQUEST=GetMap&FORMAT=image%2Fpng&WIDTH=1280 HTTP/1.1" 200 8668
186.28.45.49 - - [07/Aug/2015:14:25:56 -0500] "GET /arcgis/services/Calidad_del_Agua_WQI/MapServer/WMSServer?HEIGHT=909&STYLES=&LAYERS=3%2C4%2C5%2C6%2C7&BBOX=%2D74%2E1378223531877%2C4%2E4609623681064035%2C%2D74%2E10736525231307%2C4%2E482591668649401&VERSION=1%2E1%2E1&TRANSPARENT=TRUE&SERVICE=WMS&SRS=EPSG%3A4686&REQUEST=GetMap&FORMAT=image%2Fpng&WIDTH=1280 HTTP/1.1" 200 9532
186.28.45.49 - - [07/Aug/2015:14:25:57 -0500] "GET /arcgis/services/Calidad_del_Agua_WQI/MapServer/WMSServer?HEIGHT=909&STYLES=&LAYERS=3%2C4%2C5%2C6%2C7&BBOX=%2D74%2E12998202917349%2C4%2E467160864026591%2C%2D74%2E11475347873618%2C4%2E47797551429809&VERSION=1%2E1%2E1&TRANSPARENT=TRUE&SERVICE=WMS&SRS=EPSG%3A4686&REQUEST=GetMap&FORMAT=image%2Fpng&WIDTH=1280 HTTP/1.1" 200 8011
186.28.45.49 - - [07/Aug/2015:14:25:59 -0500] "GET /arcgis/services/Calidad_del_Agua_WQI/MapServer/WMSServer?HEIGHT=909&STYLES=&LAYERS=3%2C4%2C5%2C6%2C7&BBOX=%2D74%2E12971856649743%2C4%2E4673336597107935%2C%2D74%2E11449001606012%2C4%2E478148309982292&VERSION=1%2E1%2E1&TRANSPARENT=TRUE&SERVICE=WMS&SRS=EPSG%3A4686&REQUEST=GetMap&FORMAT=image%2Fpng&WIDTH=1280 HTTP/1.1" 200 8030
66.249.64.19 - - [07/Aug/2015:14:26:16 -0500] "GET /wp-content/uploads/2015/07/lideres-y-organizaciones-20-07.pdf HTTP/1.1" 304 -
181.129.99.212 - - [07/Aug/2015:14:26:22 -0500] "GET /crossdomain.xml HTTP/1.1" 404 1184
181.129.99.212 - - [07/Aug/2015:14:26:22 -0500] "GET /arcgis/services/Calidad_del_Agua_WQI/MapServer/WMSServer?LAYERS=3%2C4%2C5%2C6%2C7&BBOX=%2D74%2E07539318052761%2C4%2E5981238842873315%2C%2D74%2E05255035487164%2C4%2E60936683753988&TRANSPARENT=TRUE&SERVICE=WMS&VERSION=1%2E1%2E1&SRS=EPSG%3A4686&REQUEST=GetMap&WIDTH=1920&FORMAT=image%2Fpng&HEIGHT=945&STYLES= HTTP/1.1" 200 9300
190.25.117.154 - - [07/Aug/2015:14:26:24 -0500] "GET /forest/session.jsp?a=0.43311402876861393 HTTP/1.1" 200 4
181.129.99.212 - - [07/Aug/2015:14:26:25 -0500] "GET /arcgis/services/Calidad_del_Agua_WQI/MapServer/WMSServer?LAYERS=3%2C4%2C5%2C6%2C7&BBOX=%2D74%2E07616454128366%2C4%2E598657467698457%2C%2D74%2E05332171562769%2C4%2E609900420951005&TRANSPARENT=TRUE&SERVICE=WMS&VERSION=1%2E1%2E1&SRS=EPSG%3A4686&REQUEST=GetMap&WIDTH=1920&FORMAT=image%2Fpng&HEIGHT=945&STYLES= HTTP/1.1" 200 9300
181.62.197.205 - - [07/Aug/2015:14:26:32 -0500] "GET /galeria/galeria/jquery.fancybox.css?v=2.1.5 HTTP/1.1" 200 4895
181.62.197.205 - - [07/Aug/2015:14:26:32 -0500] "GET /BLA/boletinlegal/js/jquery.scrollShow.js HTTP/1.1" 200 4586
181.62.197.205 - - [07/Aug/2015:14:26:32 -0500] "GET /galeria/galeria/jquery.fancybox.js?v=2.1.5 HTTP/1.1" 200 48706
181.129.99.212 - - [07/Aug/2015:14:26:31 -0500] "GET /arcgis/services/Calidad_del_Agua_WQI/MapServer/WMSServer?LAYERS=3%2C4%2C5%2C6%2C7&BBOX=%2D74%2E0762699654795%2C4%2E59907548462515%2C%2D74%2E05342713982353%2C4%2E610318437877698&TRANSPARENT=TRUE&SERVICE=WMS&VERSION=1%2E1%2E1&SRS=EPSG%3A4686&REQUEST=GetMap&WIDTH=1920&FORMAT=image%2Fpng&HEIGHT=945&STYLES= HTTP/1.1" 200 9300
181.129.99.212 - - [07/Aug/2015:14:26:33 -0500] "GET /crossdomain.xml HTTP/1.1" 404 1184
181.129.99.212 - - [07/Aug/2015:14:26:33 -0500] "GET /arcgis/services/Calidad_del_Agua_WQI/MapServer/WMSServer?LAYERS=3%2C4%2C5%2C6%2C7&BBOX=%2D74%2E08233759104436%2C4%2E592008485437834%2C%2D74%2E03665193973242%2C4%2E61449439194293&TRANSPARENT=TRUE&SERVICE=WMS&VERSION=1%2E1%2E1&SRS=EPSG%3A4686&REQUEST=GetMap&WIDTH=1920&FORMAT=image%2Fpng&HEIGHT=945&STYLES= HTTP/1.1" 200 9886
186.113.170.70 - - [07/Aug/2015:14:26:36 -0500] "GET /forest/session.jsp?a=0.03770805010572076 HTTP/1.1" 200 4
181.129.99.212 - - [07/Aug/2015:14:26:35 -0500] "GET /arcgis/services/Calidad_del_Agua_WQI/MapServer/WMSServer?LAYERS=3%2C4%2C5%2C6%2C7&BBOX=%2D74%2E08605963633399%2C4%2E582178163720132%2C%2D74%2E04037398502204%2C4%2E604664070225229&TRANSPARENT=TRUE&SERVICE=WMS&VERSION=1%2E1%2E1&SRS=EPSG%3A4686&REQUEST=GetMap&WIDTH=1920&FORMAT=image%2Fpng&HEIGHT=945&STYLES= HTTP/1.1" 200 9300
181.129.99.212 - - [07/Aug/2015:14:26:37 -0500] "GET /arcgis/services/Calidad_del_Agua_WQI/MapServer/WMSServer?LAYERS=3%2C4%2C5%2C6%2C7&BBOX=%2D74%2E09538728169308%2C4%2E577667832797643%2C%2D74%2E04970163038114%2C4%2E60015373930274&TRANSPARENT=TRUE&SERVICE=WMS&VERSION=1%2E1%2E1&SRS=EPSG%3A4686&REQUEST=GetMap&WIDTH=1920&FORMAT=image%2Fpng&HEIGHT=945&STYLES= HTTP/1.1" 200 10343
181.129.99.212 - - [07/Aug/2015:14:26:39 -0500] "GET /arcgis/services/Calidad_del_Agua_WQI/MapServer/WMSServer?LAYERS=3%2C4%2C5%2C6%2C7&BBOX=%2D74%2E09067594890153%2C4%2E582438652114333%2C%2D74%2E06783312324556%2C4%2E593681605366881&TRANSPARENT=TRUE&SERVICE=WMS&VERSION=1%2E1%2E1&SRS=EPSG%3A4686&REQUEST=GetMap&WIDTH=1920&FORMAT=image%2Fpng&HEIGHT=945&STYLES= HTTP/1.1" 200 9300
83.178.169.100 - - [07/Aug/2015:14:26:26 -0500] "POST /xmlrpc.php HTTP/1.1" 200 415
181.129.99.212 - - [07/Aug/2015:14:26:40 -0500] "GET /arcgis/services/Calidad_del_Agua_WQI/MapServer/WMSServer?LAYERS=3%2C4%2C5%2C6%2C7&BBOX=%2D74%2E08890854481108%2C4%2E585246748852306%2C%2D74%2E07977141454869%2C4%2E589743930153325&TRANSPARENT=TRUE&SERVICE=WMS&VERSION=1%2E1%2E1&SRS=EPSG%3A4686&REQUEST=GetMap&WIDTH=1920&FORMAT=image%2Fpng&HEIGHT=945&STYLES= HTTP/1.1" 200 9300
181.129.99.212 - - [07/Aug/2015:14:26:40 -0500] "GET /arcgis/services/Calidad_del_Agua_WQI/MapServer/WMSServer?LAYERS=3%2C4%2C5%2C6%2C7&BBOX=%2D74%2E0873262032422%2C4%2E586745809285979%2C%2D74%2E082757638111%2C4%2E588994399936489&TRANSPARENT=TRUE&SERVICE=WMS&VERSION=1%2E1%2E1&SRS=EPSG%3A4686&REQUEST=GetMap&WIDTH=1920&FORMAT=image%2Fpng&HEIGHT=945&STYLES= HTTP/1.1" 200 9300
181.62.197.205 - - [07/Aug/2015:14:26:42 -0500] "GET /galeria/galeria/jquery.fancybox.css?v=2.1.5 HTTP/1.1" 304 -
181.62.197.205 - - [07/Aug/2015:14:26:42 -0500] "GET /galeria/galeria/jquery.fancybox.js?v=2.1.5 HTTP/1.1" 304 -
181.62.197.205 - - [07/Aug/2015:14:26:42 -0500] "GET /BLA/boletinlegal/js/jquery.scrollShow.js HTTP/1.1" 304 -
181.129.99.212 - - [07/Aug/2015:14:26:43 -0500] "GET /crossdomain.xml HTTP/1.1" 404 1184
181.129.99.212 - - [07/Aug/2015:14:26:43 -0500] "GET /arcgis/services/Calidad_del_Agua_WQI/MapServer/WMSServer?LAYERS=3%2C4%2C5%2C6%2C7&BBOX=%2D74%2E08885619666894%2C4%2E585482315491883%2C%2D74%2E07971906640655%2C4%2E589979496792902&TRANSPARENT=TRUE&SERVICE=WMS&VERSION=1%2E1%2E1&SRS=EPSG%3A4686&REQUEST=GetMap&WIDTH=1920&FORMAT=image%2Fpng&HEIGHT=945&STYLES= HTTP/1.1" 200 9300
181.129.99.212 - - [07/Aug/2015:14:26:43 -0500] "GET /arcgis/services/Calidad_del_Agua_WQI/MapServer/WMSServer?LAYERS=3%2C4%2C5%2C6%2C7&BBOX=%2D74%2E09345331533221%2C4%2E581556204832263%2C%2D74%2E07061048967624%2C4%2E592799158084811&TRANSPARENT=TRUE&SERVICE=WMS&VERSION=1%2E1%2E1&SRS=EPSG%3A4686&REQUEST=GetMap&WIDTH=1920&FORMAT=image%2Fpng&HEIGHT=945&STYLES= HTTP/1.1" 200 9658
181.129.99.212 - - [07/Aug/2015:14:26:43 -0500] "GET /arcgis/services/Calidad_del_Agua_WQI/MapServer/WMSServer?LAYERS=3%2C4%2C5%2C6%2C7&BBOX=%2D74%2E10119846090619%2C4%2E57501268706623%2C%2D74%2E05551280959425%2C4%2E597498593571326&TRANSPARENT=TRUE&SERVICE=WMS&VERSION=1%2E1%2E1&SRS=EPSG%3A4686&REQUEST=GetMap&WIDTH=1920&FORMAT=image%2Fpng&HEIGHT=945&STYLES= HTTP/1.1" 200 11853
181.129.99.212 - - [07/Aug/2015:14:26:45 -0500] "GET /arcgis/services/Calidad_del_Agua_WQI/MapServer/WMSServer?LAYERS=3%2C4%2C5%2C6%2C7&BBOX=%2D74%2E11661736822397%2C4%2E562020829974396%2C%2D74%2E02524606560009%2C4%2E606992642984589&TRANSPARENT=TRUE&SERVICE=WMS&VERSION=1%2E1%2E1&SRS=EPSG%3A4686&REQUEST=GetMap&WIDTH=1920&FORMAT=image%2Fpng&HEIGHT=945&STYLES= HTTP/1.1" 200 12761
181.129.99.212 - - [07/Aug/2015:14:26:48 -0500] "GET /arcgis/services/Calidad_del_Agua_WQI/MapServer/WMSServer?LAYERS=3%2C4%2C5%2C6%2C7&BBOX=%2D74%2E11040757960421%2C4%2E5522087076130635%2C%2D74%2E01903627698033%2C4%2E597180520623256&TRANSPARENT=TRUE&SERVICE=WMS&VERSION=1%2E1%2E1&SRS=EPSG%3A4686&REQUEST=GetMap&WIDTH=1920&FORMAT=image%2Fpng&HEIGHT=945&STYLES= HTTP/1.1" 200 12948
181.129.99.212 - - [07/Aug/2015:14:26:51 -0500] "GET /arcgis/services/Calidad_del_Agua_WQI/MapServer/WMSServer?LAYERS=3%2C4%2C5%2C6%2C7&BBOX=%2D74%2E09199055141909%2C4%2E5629162821393%2C%2D74%2E04630490010715%2C4%2E585402188644396&TRANSPARENT=TRUE&SERVICE=WMS&VERSION=1%2E1%2E1&SRS=EPSG%3A4686&REQUEST=GetMap&WIDTH=1920&FORMAT=image%2Fpng&HEIGHT=945&STYLES= HTTP/1.1" 200 12728
181.129.99.212 - - [07/Aug/2015:14:26:53 -0500] "GET /crossdomain.xml HTTP/1.1" 404 1184
181.129.99.212 - - [07/Aug/2015:14:26:53 -0500] "GET /arcgis/services/Calidad_del_Agua_WQI/MapServer/WMSServer?LAYERS=3%2C4%2C5%2C6%2C7&BBOX=%2D74%2E09049149098541%2C4%2E566289168115064%2C%2D74%2E06764866532944%2C4%2E577532121367613&TRANSPARENT=TRUE&SERVICE=WMS&VERSION=1%2E1%2E1&SRS=EPSG%3A4686&REQUEST=GetMap&WIDTH=1920&FORMAT=image%2Fpng&HEIGHT=945&STYLES= HTTP/1.1" 200 13289
181.129.99.212 - - [07/Aug/2015:14:26:55 -0500] "GET /arcgis/services/Calidad_del_Agua_WQI/MapServer/WMSServer?LAYERS=3%2C4%2C5%2C6%2C7&BBOX=%2D74%2E1013543028841%2C4%2E5647752635939804%2C%2D74%2E05566865157216%2C4%2E587261170099077&TRANSPARENT=TRUE&SERVICE=WMS&VERSION=1%2E1%2E1&SRS=EPSG%3A4686&REQUEST=GetMap&WIDTH=1920&FORMAT=image%2Fpng&HEIGHT=945&STYLES= HTTP/1.1" 200 13206
66.249.64.96 - - [07/Aug/2015:14:26:56 -0500] "GET /BLA/resoluciones/AUTOS%202014/6261.pdf HTTP/1.1" 304 -
181.129.99.212 - - [07/Aug/2015:14:26:56 -0500] "GET /arcgis/services/Calidad_del_Agua_WQI/MapServer/WMSServer?LAYERS=3%2C4%2C5%2C6%2C7&BBOX=%2D74%2E11831985985567%2C4%2E554519786658852%2C%2D74%2E02694855723179%2C4%2E599491599669045&TRANSPARENT=TRUE&SERVICE=WMS&VERSION=1%2E1%2E1&SRS=EPSG%3A4686&REQUEST=GetMap&WIDTH=1920&FORMAT=image%2Fpng&HEIGHT=945&STYLES= HTTP/1.1" 200 13019
181.129.99.212 - - [07/Aug/2015:14:26:59 -0500] "GET /arcgis/services/Calidad_del_Agua_WQI/MapServer/WMSServer?LAYERS=3%2C4%2C5%2C6%2C7&BBOX=%2D74%2E13950584041922%2C4%2E577392210029956%2C%2D74%2E04813453779533%2C4%2E622364023040149&TRANSPARENT=TRUE&SERVICE=WMS&VERSION=1%2E1%2E1&SRS=EPSG%3A4686&REQUEST=GetMap&WIDTH=1920&FORMAT=image%2Fpng&HEIGHT=945&STYLES= HTTP/1.1" 200 12454
181.70.198.230 - - [07/Aug/2015:14:27:01 -0500] "GET /galeria/galeria/jquery.fancybox.css?v=2.1.5 HTTP/1.1" 200 4895
181.70.198.230 - - [07/Aug/2015:14:27:01 -0500] "GET /galeria/carrusel/Carrusel/jquery.thumbnailScroller.css HTTP/1.1" 200 2066
181.70.198.230 - - [07/Aug/2015:14:27:01 -0500] "GET /BLA/boletinlegal/js/jquery.scrollShow.js HTTP/1.1" 200 4586
181.70.198.230 - - [07/Aug/2015:14:27:01 -0500] "GET /galeria/galeria/jquery.fancybox.js?v=2.1.5 HTTP/1.1" 200 48706
181.70.198.230 - - [07/Aug/2015:14:27:02 -0500] "GET /galeria/carrusel/Carrusel/jquery-ui-1.8.13.custom.min.js HTTP/1.1" 200 10800
181.70.198.230 - - [07/Aug/2015:14:27:02 -0500] "GET /galeria/carrusel/Carrusel/jquery.thumbnailScroller.js HTTP/1.1" 200 8157
181.129.99.212 - - [07/Aug/2015:14:27:01 -0500] "GET /arcgis/services/Calidad_del_Agua_WQI/MapServer/WMSServer?LAYERS=3%2C4%2C5%2C6%2C7&BBOX=%2D74%2E15164944192693%2C4%2E5911980487291135%2C%2D74%2E06027813930305%2C4%2E636169861739306&TRANSPARENT=TRUE&SERVICE=WMS&VERSION=1%2E1%2E1&SRS=EPSG%3A4686&REQUEST=GetMap&WIDTH=1920&FORMAT=image%2Fpng&HEIGHT=945&STYLES= HTTP/1.1" 200 13506
181.129.99.212 - - [07/Aug/2015:14:27:09 -0500] "GET /crossdomain.xml HTTP/1.1" 404 1184
181.129.99.212 - - [07/Aug/2015:14:27:09 -0500] "GET /arcgis/services/Calidad_del_Agua_WQI/MapServer/WMSServer?LAYERS=3%2C4%2C5%2C6%2C7&BBOX=%2D74%2E11443010825343%2C4%2E5798989922813265%2C%2D74%2E02305880562955%2C4%2E624870805291519&TRANSPARENT=TRUE&SERVICE=WMS&VERSION=1%2E1%2E1&SRS=EPSG%3A4686&REQUEST=GetMap&WIDTH=1920&FORMAT=image%2Fpng&HEIGHT=945&STYLES= HTTP/1.1" 200 12090
