66.249.64.106 - - [09/Aug/2015:00:23:18 -0500] "GET /resoluciones/RESOLUCIONES%202008/3449.pdf HTTP/1.1" 404 1018
188.165.15.183 - - [09/Aug/2015:00:23:33 -0500] "GET /BLA/resoluciones/RESOLUCIONES%202002/RES%202002%20701-750/00000747.tif HTTP/1.1" 200 40662
66.249.64.101 - - [09/Aug/2015:00:23:34 -0500] "GET /BLA/resoluciones/RESOLUCIONES%202008/1674.pdf HTTP/1.1" 200 134689
201.234.75.11 - - [09/Aug/2015:00:23:38 -0500] "GET /galeria/nivo-slider/demo/images/luciernaga5.jpg HTTP/1.1" 304 -
66.249.64.96 - - [09/Aug/2015:00:23:55 -0500] "GET /BLA/resoluciones/RESOLUCIONES%202009/9671.pdf HTTP/1.1" 200 496987
66.249.64.101 - - [09/Aug/2015:00:24:09 -0500] "GET /BLA/resoluciones/RESOLUCIONES%202009/7894.pdf HTTP/1.1" 200 424636
181.134.80.91 - - [09/Aug/2015:00:24:15 -0500] "GET /BLA/boletinlegal/js/jquery.scrollShow.js HTTP/1.1" 200 4586
181.134.80.91 - - [09/Aug/2015:00:24:15 -0500] "GET /galeria/galeria/jquery.fancybox.js?v=2.1.5 HTTP/1.1" 200 48706
181.134.80.91 - - [09/Aug/2015:00:24:16 -0500] "GET /galeria/galeria/jquery.fancybox.css?v=2.1.5 HTTP/1.1" 200 4895
188.165.15.183 - - [09/Aug/2015:00:24:44 -0500] "GET /autoliquidacion/index.php?dir=Solicitudes+relacionadas+con+calidad+del+aire+auditiva+y+visual%2FSolicitudes+relacionadas+a+Programa+de+Autorregulaci%F3n+Ambiental%2F HTTP/1.1" 200 5211
201.234.75.11 - - [09/Aug/2015:00:25:50 -0500] "GET /galeria/nivo-slider/demo/images/Canino2.jpg HTTP/1.1" 304 -
66.249.64.101 - - [09/Aug/2015:00:26:14 -0500] "GET /BLA/resoluciones/RESOLUCIONES%202008/1714.pdf HTTP/1.1" 200 267027
190.255.40.77 - - [09/Aug/2015:00:26:31 -0500] "GET /forest/session.jsp?a=0.7143571975175291 HTTP/1.1" 200 4
66.249.64.101 - - [09/Aug/2015:00:26:40 -0500] "GET /BLA/resoluciones/RESOLUCIONES%202009/1553.pdf HTTP/1.1" 200 464720
66.249.64.96 - - [09/Aug/2015:00:26:41 -0500] "GET /Autoliquidacion/Grupo%20Forestal%20-%20Industria%20de%20la%20Madera/Instructivo%20para%20Diligenciamiento%20Formulario%20Relaci%C3%B3n%20de.pdf HTTP/1.1" 404 1018
66.249.64.248 - - [09/Aug/2015:00:26:54 -0500] "GET /manual_funciones_Listado/2.2.1.%20Subdirecci%C3%B3n%20de%20Control%20Ambiental%20al%20Sector%20P%C3%BAblico/Profesional%20Especializado%20222-25.pdf HTTP/1.1" 404 1019
66.249.64.106 - - [09/Aug/2015:00:26:54 -0500] "GET /BLA/resoluciones/RESOLUCIONES%202011/4809.pdf HTTP/1.1" 304 -
66.249.64.106 - - [09/Aug/2015:00:26:57 -0500] "GET /BLA/resoluciones/AUTOS%202009/0730.pdf HTTP/1.1" 304 -
74.86.158.107 - - [09/Aug/2015:00:27:02 -0500] "HEAD / HTTP/1.1" 200 -
66.249.64.106 - - [09/Aug/2015:00:27:35 -0500] "GET /BLA/resoluciones/RESOLUCIONES%202009/1763.pdf HTTP/1.1" 200 403384
188.165.15.183 - - [09/Aug/2015:00:27:40 -0500] "GET /BLA/resoluciones/AUTOS%202006/AUTOS%202006%201001-1100/00001043.tif HTTP/1.1" 200 39386
66.249.64.101 - - [09/Aug/2015:00:27:51 -0500] "GET /BLA/resoluciones/RESOLUCIONES%202009/1290.pdf HTTP/1.1" 200 662478
66.249.64.96 - - [09/Aug/2015:00:28:03 -0500] "GET /BLA/resoluciones/RESOLUCIONES%202009/4230.pdf HTTP/1.1" 304 -
66.249.64.19 - - [09/Aug/2015:00:28:04 -0500] "GET /nggallery/page/4 HTTP/1.1" 200 128694
66.249.64.96 - - [09/Aug/2015:00:28:47 -0500] "GET /BLA/resoluciones/RESOLUCIONES%202012/0971.pdf HTTP/1.1" 200 493374
190.156.174.214 - - [09/Aug/2015:00:28:50 -0500] "GET /BLA/resoluciones/RESOLUCIONES%202009/2026.pdf HTTP/1.1" 200 926613
181.130.107.130 - - [09/Aug/2015:00:28:52 -0500] "GET /galeria/galeria/jquery.fancybox.js?v=2.1.5 HTTP/1.1" 200 48706
181.130.107.130 - - [09/Aug/2015:00:28:52 -0500] "GET /galeria/galeria/jquery.fancybox.css?v=2.1.5 HTTP/1.1" 200 4895
181.130.107.130 - - [09/Aug/2015:00:28:52 -0500] "GET /BLA/boletinlegal/js/jquery.scrollShow.js HTTP/1.1" 200 4586
190.156.174.214 - - [09/Aug/2015:00:28:52 -0500] "GET /favicon.ico HTTP/1.1" 200 7782
188.165.15.183 - - [09/Aug/2015:00:29:19 -0500] "GET /BLA/resoluciones/RESOLUCIONES%202006/RES%202006%201251-1300/00001290.tif HTTP/1.1" 200 165008
181.130.107.130 - - [09/Aug/2015:00:29:31 -0500] "GET /galeria/galeria/jquery.fancybox.css?v=2.1.5 HTTP/1.1" 304 -
181.130.107.130 - - [09/Aug/2015:00:29:31 -0500] "GET /BLA/boletinlegal/js/jquery.scrollShow.js HTTP/1.1" 304 -
181.130.107.130 - - [09/Aug/2015:00:29:32 -0500] "GET /galeria/galeria/jquery.fancybox.js?v=2.1.5 HTTP/1.1" 304 -
188.165.15.183 - - [09/Aug/2015:00:29:35 -0500] "GET /BLA/resoluciones/RESOLUCIONES%202004/RES%202004%20901-950/00000944.tif HTTP/1.1" 200 230464
220.181.108.140 - - [09/Aug/2015:00:29:40 -0500] "GET / HTTP/1.1" 200 10190
66.249.64.96 - - [09/Aug/2015:00:31:06 -0500] "GET /BLA/resoluciones/RESOLUCIONES%202009/8215.pdf HTTP/1.1" 200 1123585
186.114.59.145 - - [09/Aug/2015:00:31:09 -0500] "GET /BLA/boletinlegal/js/jquery.scrollShow.js HTTP/1.1" 200 4586
186.114.59.145 - - [09/Aug/2015:00:31:09 -0500] "GET /galeria/galeria/jquery.fancybox.css?v=2.1.5 HTTP/1.1" 200 4895
186.114.59.145 - - [09/Aug/2015:00:31:09 -0500] "GET /galeria/galeria/jquery.fancybox.js?v=2.1.5 HTTP/1.1" 200 48706
186.114.59.145 - - [09/Aug/2015:00:31:14 -0500] "GET /BLA/boletinlegal/js/jquery.scrollShow.js HTTP/1.1" 200 4586
186.114.59.145 - - [09/Aug/2015:00:31:14 -0500] "GET /galeria/galeria/jquery.fancybox.js?v=2.1.5 HTTP/1.1" 200 48706
186.114.59.145 - - [09/Aug/2015:00:31:14 -0500] "GET /galeria/galeria/jquery.fancybox.css?v=2.1.5 HTTP/1.1" 200 4895
66.249.64.101 - - [09/Aug/2015:00:31:22 -0500] "GET /BLA/resoluciones/RESOLUCIONES%202009/2509.pdf HTTP/1.1" 200 329792
201.234.75.11 - - [09/Aug/2015:00:31:36 -0500] "GET /galeria/nivo-slider/demo/images/banner-caballos.png HTTP/1.1" 304 -
66.249.64.106 - - [09/Aug/2015:00:31:38 -0500] "GET /BLA/resoluciones/RESOLUCIONES%202008/4323.pdf HTTP/1.1" 200 327575
186.83.88.91 - - [09/Aug/2015:00:31:39 -0500] "GET /BLA/boletinlegal/js/jquery.scrollShow.js HTTP/1.1" 200 4586
186.83.88.91 - - [09/Aug/2015:00:31:39 -0500] "GET /galeria/galeria/jquery.fancybox.js?v=2.1.5 HTTP/1.1" 200 48706
186.83.88.91 - - [09/Aug/2015:00:31:41 -0500] "GET /galeria/galeria/jquery.fancybox.css?v=2.1.5 HTTP/1.1" 200 4895
66.249.64.106 - - [09/Aug/2015:00:31:47 -0500] "GET /BLA/resoluciones/RESOLUCIONES%202008/3947.pdf HTTP/1.1" 200 265889
66.249.64.106 - - [09/Aug/2015:00:31:52 -0500] "GET /BLA/resoluciones/RESOLUCIONES%202009/5357.pdf HTTP/1.1" 200 390424
207.46.13.109 - - [09/Aug/2015:00:31:54 -0500] "GET /home.html HTTP/1.1" 404 1015
77.6.107.138 - - [09/Aug/2015:00:31:54 -0500] "GET /BLA/resoluciones/RESOLUCIONES%202007/RES%202007%202101%20AL%202200/RESOLUCION%202134%20DE%202007.pdf HTTP/1.1" 200 236788
77.6.107.138 - - [09/Aug/2015:00:31:58 -0500] "GET /favicon.ico HTTP/1.1" 200 7782
74.86.158.107 - - [09/Aug/2015:00:32:02 -0500] "HEAD / HTTP/1.1" 200 -
186.83.88.91 - - [09/Aug/2015:00:32:10 -0500] "GET /galeria/galeria/jquery.fancybox.js?v=2.1.5 HTTP/1.1" 304 -
186.83.88.91 - - [09/Aug/2015:00:32:11 -0500] "GET /galeria/galeria/jquery.fancybox.css?v=2.1.5 HTTP/1.1" 304 -
186.83.88.91 - - [09/Aug/2015:00:32:21 -0500] "GET /BLA/boletinlegal/js/jquery.scrollShow.js HTTP/1.1" 304 -
66.249.64.106 - - [09/Aug/2015:00:31:54 -0500] "GET /BLA/boletinlegal/index.php HTTP/1.1" 200 51061
66.249.64.96 - - [09/Aug/2015:00:32:39 -0500] "GET /BLA/resoluciones/RESOLUCIONES%202008/3486.pdf HTTP/1.1" 200 52861
66.249.64.106 - - [09/Aug/2015:00:32:40 -0500] "GET /BLA/resoluciones/RESOLUCIONES%202009/8562.pdf HTTP/1.1" 304 -
66.249.64.96 - - [09/Aug/2015:00:32:48 -0500] "GET /galeria/galeria/fotos/Humedal-Vaca4P.jpg HTTP/1.1" 304 -
66.249.64.243 - - [09/Aug/2015:00:33:47 -0500] "GET / HTTP/1.1" 200 10190
66.249.64.101 - - [09/Aug/2015:00:34:24 -0500] "GET /BLA/resoluciones/AUTOS%202011/0770.pdf HTTP/1.1" 200 168713
66.249.64.101 - - [09/Aug/2015:00:34:25 -0500] "GET /formas/as1.pdf HTTP/1.1" 404 1018
201.234.75.11 - - [09/Aug/2015:00:34:29 -0500] "GET /videos/60sgsMayo6.flv HTTP/1.1" 304 -
66.249.64.248 - - [09/Aug/2015:00:34:39 -0500] "GET /PORTAL_SIAC/Resoluci%C3%B3n%20242%20de%202014%20(Lineamientos%20PIGA).pdf HTTP/1.1" 200 522095
54.175.69.215 - - [09/Aug/2015:00:35:15 -0500] "GET /BLA/boletinlegal/js/jquery.scrollShow.js HTTP/1.1" 200 4586
54.175.69.215 - - [09/Aug/2015:00:35:15 -0500] "GET /galeria/galeria/jquery.fancybox.css?v=2.1.5 HTTP/1.1" 200 4895
54.175.69.215 - - [09/Aug/2015:00:35:15 -0500] "GET /galeria/carrusel/Carrusel/jquery.thumbnailScroller.css HTTP/1.1" 200 2066
54.175.69.215 - - [09/Aug/2015:00:35:15 -0500] "GET /galeria/galeria/jquery.fancybox.js?v=2.1.5 HTTP/1.1" 200 48706
54.175.69.215 - - [09/Aug/2015:00:35:15 -0500] "GET /galeria/carrusel/Carrusel/jquery-ui-1.8.13.custom.min.js HTTP/1.1" 200 10800
54.175.69.215 - - [09/Aug/2015:00:35:15 -0500] "GET /galeria/carrusel/Carrusel/jquery.thumbnailScroller.js HTTP/1.1" 200 8157
54.175.69.215 - - [09/Aug/2015:00:35:19 -0500] "GET /galeria/nivo-slider/demo/demo.html HTTP/1.1" 200 5035
54.175.69.215 - - [09/Aug/2015:00:35:20 -0500] "GET /galeria/nivo-slider/themes/default/default.css HTTP/1.1" 200 1569
54.175.69.215 - - [09/Aug/2015:00:35:20 -0500] "GET /galeria/nivo-slider/themes/pascal/pascal.css HTTP/1.1" 200 2258
54.175.69.215 - - [09/Aug/2015:00:35:20 -0500] "GET /galeria/nivo-slider/themes/orman/orman.css HTTP/1.1" 200 2152
54.175.69.215 - - [09/Aug/2015:00:35:20 -0500] "GET /galeria/nivo-slider/demo/scripts/jquery-1.7.1.min.js HTTP/1.1" 200 93868
54.175.69.215 - - [09/Aug/2015:00:35:20 -0500] "GET /galeria/nivo-slider/nivo-slider.css HTTP/1.1" 200 1507
54.175.69.215 - - [09/Aug/2015:00:35:20 -0500] "GET /galeria/nivo-slider/demo/style.css HTTP/1.1" 200 2222
54.175.69.215 - - [09/Aug/2015:00:35:20 -0500] "GET /galeria/nivo-slider/jquery.nivo.slider.pack.js HTTP/1.1" 200 11561
54.175.69.215 - - [09/Aug/2015:00:35:20 -0500] "GET /galeria/nivo-slider/demo/images/rendicion-de-cuentas-7-agosto.jpg HTTP/1.1" 200 116018
54.175.69.215 - - [09/Aug/2015:00:35:20 -0500] "GET /galeria/nivo-slider/demo/images/PREDAcamp.jpg HTTP/1.1" 200 295358
54.175.69.215 - - [09/Aug/2015:00:35:20 -0500] "GET /galeria/nivo-slider/demo/images/VoluntariadoPYBA.jpg HTTP/1.1" 200 40647
54.175.69.215 - - [09/Aug/2015:00:35:20 -0500] "GET /galeria/nivo-slider/demo/images/Banner-piel-natural.jpg HTTP/1.1" 200 160762
54.175.69.215 - - [09/Aug/2015:00:35:20 -0500] "GET /galeria/nivo-slider/demo/images/Semana-PYBA.jpg HTTP/1.1" 200 147360
54.175.69.215 - - [09/Aug/2015:00:35:20 -0500] "GET /galeria/nivo-slider/demo/images/Cambio-Climatico-Paramos.jpg HTTP/1.1" 200 262430
54.175.69.215 - - [09/Aug/2015:00:35:20 -0500] "GET /galeria/nivo-slider/demo/images/banner-llantas2.jpg HTTP/1.1" 200 204644
54.175.69.215 - - [09/Aug/2015:00:35:21 -0500] "GET /galeria/nivo-slider/demo/images/9Signos.jpg HTTP/1.1" 200 81776
54.175.69.215 - - [09/Aug/2015:00:35:21 -0500] "GET /galeria/nivo-slider/demo/images/Comparendo-ambiental-Banner.jpg HTTP/1.1" 200 83731
54.175.69.215 - - [09/Aug/2015:00:35:21 -0500] "GET /galeria/nivo-slider/demo/images/GAE-banner.jpg HTTP/1.1" 200 97556
54.175.69.215 - - [09/Aug/2015:00:35:21 -0500] "GET /galeria/nivo-slider/demo/images/banner-Pacto-por-la-madera.jpg HTTP/1.1" 200 209966
54.175.69.215 - - [09/Aug/2015:00:35:21 -0500] "GET /galeria/nivo-slider/demo/images/Banner-encuesta-de-percepscio.jpg HTTP/1.1" 200 201899
54.175.69.215 - - [09/Aug/2015:00:35:21 -0500] "GET /galeria/nivo-slider/demo/images/acuerdo_569.jpg HTTP/1.1" 200 62670
54.175.69.215 - - [09/Aug/2015:00:35:21 -0500] "GET /galeria/nivo-slider/demo/images/Banner-Directorio.jpg HTTP/1.1" 200 182068
54.175.69.215 - - [09/Aug/2015:00:35:21 -0500] "GET /galeria/nivo-slider/demo/images/Ruta-vertimientos-01.jpg HTTP/1.1" 200 130151
54.175.69.215 - - [09/Aug/2015:00:35:21 -0500] "GET /galeria/nivo-slider/demo/images/bolsas-06.jpg HTTP/1.1" 200 90982
54.175.69.215 - - [09/Aug/2015:00:35:22 -0500] "GET /galeria/nivo-slider/demo/images/ecolecta-Dic2014.png HTTP/1.1" 200 288593
54.175.69.215 - - [09/Aug/2015:00:35:22 -0500] "GET /galeria/nivo-slider/demo/images/Conoce-los-humedales.jpg HTTP/1.1" 200 294036
54.175.69.215 - - [09/Aug/2015:00:35:22 -0500] "GET /galeria/nivo-slider/demo/images/Banner-Caracol-Africano.jpg HTTP/1.1" 200 331986
54.175.69.215 - - [09/Aug/2015:00:35:24 -0500] "GET /galeria/nivo-slider/demo/images/4Simple_Slider.png HTTP/1.1" 200 11722
54.175.69.215 - - [09/Aug/2015:00:35:24 -0500] "GET /galeria/nivo-slider/themes/default/loading.gif HTTP/1.1" 200 1737
54.175.69.215 - - [09/Aug/2015:00:35:32 -0500] "GET /galeria/nivo-slider/themes/default/arrows.png HTTP/1.1" 200 824
54.175.69.215 - - [09/Aug/2015:00:35:32 -0500] "GET /galeria/nivo-slider/themes/default/bullets.png HTTP/1.1" 200 1281
201.234.75.11 - - [09/Aug/2015:00:35:36 -0500] "GET /galeria/nivo-slider/demo/images/morrocoy1.jpg HTTP/1.1" 304 -
66.249.64.101 - - [09/Aug/2015:00:35:40 -0500] "GET /BLA/resoluciones/RESOLUCIONES%202008/0059.pdf HTTP/1.1" 200 894634
66.249.64.106 - - [09/Aug/2015:00:35:55 -0500] "GET /BLA/resoluciones/RESOLUCIONES%202009/6922.pdf HTTP/1.1" 200 53970
66.249.64.253 - - [09/Aug/2015:00:36:31 -0500] "GET /dama/libreria/php/decide.php?patron=03.1305020113&numm=23 HTTP/1.1" 404 1019
74.86.158.107 - - [09/Aug/2015:00:37:02 -0500] "HEAD / HTTP/1.1" 200 -
207.46.13.31 - - [09/Aug/2015:00:37:03 -0500] "GET /dama/libreria/php/decide.php?patron=04.11&inicio_1=8 HTTP/1.1" 404 1019
66.249.64.24 - - [09/Aug/2015:00:37:24 -0500] "GET /registro/ HTTP/1.1" 200 28822
66.249.64.96 - - [09/Aug/2015:00:38:13 -0500] "GET /BLA/resoluciones/RESOLUCIONES%202009/6538.pdf HTTP/1.1" 200 436595
201.185.174.59 - - [09/Aug/2015:00:38:20 -0500] "GET /portalsiaccapacitaciones/Soportes%20Capacitaciones%202014/ HTTP/1.1" 404 1255
66.249.64.101 - - [09/Aug/2015:00:38:21 -0500] "GET /BLA/resoluciones/RESOLUCIONES%202008/5320.pdf HTTP/1.1" 200 454530
201.185.174.59 - - [09/Aug/2015:00:38:23 -0500] "GET /favicon.ico HTTP/1.1" 200 7782
66.249.64.106 - - [09/Aug/2015:00:38:27 -0500] "GET /BLA/resoluciones/RESOLUCIONES%202009/5293.pdf HTTP/1.1" 200 500395
190.232.130.153 - - [09/Aug/2015:00:38:29 -0500] "GET /galeria/galeria/jquery.fancybox.css?v=2.1.5 HTTP/1.1" 200 4895
190.232.130.153 - - [09/Aug/2015:00:38:29 -0500] "GET /BLA/boletinlegal/js/jquery.scrollShow.js HTTP/1.1" 200 4586
190.232.130.153 - - [09/Aug/2015:00:38:29 -0500] "GET /galeria/galeria/jquery.fancybox.js?v=2.1.5 HTTP/1.1" 200 48706
66.249.64.253 - - [09/Aug/2015:00:38:38 -0500] "GET /formas/ver1.pdf HTTP/1.1" 404 1019
190.232.130.153 - - [09/Aug/2015:00:38:38 -0500] "GET /BLA/boletinlegal/js/jquery.scrollShow.js HTTP/1.1" 304 -
190.232.130.153 - - [09/Aug/2015:00:38:38 -0500] "GET /galeria/galeria/jquery.fancybox.css?v=2.1.5 HTTP/1.1" 304 -
190.232.130.153 - - [09/Aug/2015:00:38:38 -0500] "GET /galeria/galeria/jquery.fancybox.js?v=2.1.5 HTTP/1.1" 304 -
181.61.48.193 - - [09/Aug/2015:00:39:32 -0500] "GET /BLA/boletinlegal/js/jquery.scrollShow.js HTTP/1.1" 200 4586
181.61.48.193 - - [09/Aug/2015:00:39:33 -0500] "GET /galeria/galeria/jquery.fancybox.css?v=2.1.5 HTTP/1.1" 200 4895
181.61.48.193 - - [09/Aug/2015:00:39:33 -0500] "GET /galeria/galeria/jquery.fancybox.js?v=2.1.5 HTTP/1.1" 200 48706
181.61.48.193 - - [09/Aug/2015:00:39:39 -0500] "GET /galeria/galeria/jquery.fancybox.css?v=2.1.5 HTTP/1.1" 304 -
181.61.48.193 - - [09/Aug/2015:00:39:39 -0500] "GET /galeria/galeria/jquery.fancybox.js?v=2.1.5 HTTP/1.1" 304 -
181.61.48.193 - - [09/Aug/2015:00:39:39 -0500] "GET /BLA/boletinlegal/js/jquery.scrollShow.js HTTP/1.1" 304 -
188.165.15.183 - - [09/Aug/2015:00:39:45 -0500] "GET /BLA/resoluciones/RESOLUCIONES%202005/RES%202005%20601-650/00000612.tif HTTP/1.1" 200 226748
186.31.101.211 - - [09/Aug/2015:00:39:55 -0500] "GET /BLA/resoluciones/RESOLUCIONES%202007/RES%202007%201501%20AL%201600/RESOLUCION%201534%20DE%202007.pdf HTTP/1.1" 200 393712
186.31.101.211 - - [09/Aug/2015:00:39:55 -0500] "GET /favicon.ico HTTP/1.1" 200 7782
186.31.101.211 - - [09/Aug/2015:00:39:55 -0500] "GET /BLA/resoluciones/RESOLUCIONES%202007/RES%202007%201501%20AL%201600/RESOLUCION%201534%20DE%202007.pdf HTTP/1.1" 206 32768
186.31.101.211 - - [09/Aug/2015:00:39:56 -0500] "GET /BLA/resoluciones/RESOLUCIONES%202007/RES%202007%201501%20AL%201600/RESOLUCION%201534%20DE%202007.pdf HTTP/1.1" 206 360944
181.50.151.74 - - [09/Aug/2015:00:39:58 -0500] "GET /galeria/galeria/jquery.fancybox.css?v=2.1.5 HTTP/1.1" 200 4895
181.50.151.74 - - [09/Aug/2015:00:39:58 -0500] "GET /BLA/boletinlegal/js/jquery.scrollShow.js HTTP/1.1" 200 4586
181.50.151.74 - - [09/Aug/2015:00:39:58 -0500] "GET /galeria/galeria/jquery.fancybox.js?v=2.1.5 HTTP/1.1" 200 48706
181.50.151.74 - - [09/Aug/2015:00:40:04 -0500] "GET /galeria/galeria/jquery.fancybox.css?v=2.1.5 HTTP/1.1" 304 -
181.50.151.74 - - [09/Aug/2015:00:40:04 -0500] "GET /BLA/boletinlegal/js/jquery.scrollShow.js HTTP/1.1" 304 -
181.50.151.74 - - [09/Aug/2015:00:40:04 -0500] "GET /galeria/galeria/jquery.fancybox.js?v=2.1.5 HTTP/1.1" 304 -
66.249.64.96 - - [09/Aug/2015:00:40:18 -0500] "GET /BLA/resoluciones/RESOLUCIONES%202010/7252.pdf HTTP/1.1" 200 717817
190.255.40.77 - - [09/Aug/2015:00:40:53 -0500] "GET /forest/session.jsp?a=0.9692049671430141 HTTP/1.1" 200 4
199.30.25.22 - - [09/Aug/2015:00:41:20 -0500] "GET /videos/QueEsPREAD.flv HTTP/1.1" 200 15958405
66.249.64.101 - - [09/Aug/2015:00:41:23 -0500] "GET /BLA/resoluciones/RESOLUCIONES%202008/4201.pdf HTTP/1.1" 200 704102
66.249.64.101 - - [09/Aug/2015:00:41:38 -0500] "GET /BLA/resoluciones/RESOLUCIONES%202013/1002.pdf HTTP/1.1" 200 643053
188.165.15.183 - - [09/Aug/2015:00:41:46 -0500] "GET /BLA/resoluciones/AUTOS%202006/AUTOS%202006%203201%20-%203300/00003211.tif HTTP/1.1" 200 34964
188.165.15.183 - - [09/Aug/2015:00:41:54 -0500] "GET /BLA/resoluciones/RESOLUCIONES%202003/RES%202003%201001-1050/1029.tif HTTP/1.1" 200 219356
74.86.158.107 - - [09/Aug/2015:00:42:02 -0500] "HEAD / HTTP/1.1" 200 -
66.249.64.96 - - [09/Aug/2015:00:42:07 -0500] "GET /pev_2006/CONSECUTIVOS%20VALLAS%20ACTUALIZADO.pdf HTTP/1.1" 404 1018
66.249.64.101 - - [09/Aug/2015:00:42:20 -0500] "GET /BLA/resoluciones/RESOLUCIONES%202009/4584.pdf HTTP/1.1" 200 638465
66.249.64.96 - - [09/Aug/2015:00:42:22 -0500] "GET /BLA/resoluciones/RESOLUCIONES%202009/5939.pdf HTTP/1.1" 200 529551
181.50.145.226 - - [09/Aug/2015:00:42:23 -0500] "GET /galeria/galeria/jquery.fancybox.css?v=2.1.5 HTTP/1.1" 200 4895
181.50.145.226 - - [09/Aug/2015:00:42:23 -0500] "GET /BLA/boletinlegal/js/jquery.scrollShow.js HTTP/1.1" 200 4586
181.50.145.226 - - [09/Aug/2015:00:42:23 -0500] "GET /galeria/galeria/jquery.fancybox.js?v=2.1.5 HTTP/1.1" 200 48706
66.249.64.106 - - [09/Aug/2015:00:42:24 -0500] "GET /BLA/ HTTP/1.1" 200 538
181.50.145.226 - - [09/Aug/2015:00:42:27 -0500] "GET /galeria/galeria/jquery.fancybox.js?v=2.1.5 HTTP/1.1" 304 -
181.50.145.226 - - [09/Aug/2015:00:42:27 -0500] "GET /galeria/galeria/jquery.fancybox.css?v=2.1.5 HTTP/1.1" 304 -
181.50.145.226 - - [09/Aug/2015:00:42:27 -0500] "GET /BLA/boletinlegal/js/jquery.scrollShow.js HTTP/1.1" 304 -
66.249.64.96 - - [09/Aug/2015:00:42:29 -0500] "GET /BLA/resoluciones/RESOLUCIONES%202009/0844.pdf HTTP/1.1" 200 320613
66.249.64.29 - - [09/Aug/2015:00:42:58 -0500] "GET /wp-content/uploads/2015/06/Gustavo-Petro-Alcalde-de-Bogota2-150x150.jpg HTTP/1.1" 304 -
66.249.64.96 - - [09/Aug/2015:00:43:37 -0500] "GET /BLA/resoluciones/RESOLUCIONES%202008/1980.pdf HTTP/1.1" 200 190296
66.249.64.106 - - [09/Aug/2015:00:44:16 -0500] "GET /ince/aoe.pdf HTTP/1.1" 404 1018
66.249.64.243 - - [09/Aug/2015:00:44:22 -0500] "GET /planesacc/pdf/juridica/tramites.pdf HTTP/1.1" 404 1019
66.249.64.96 - - [09/Aug/2015:00:44:31 -0500] "GET /htdocs/formasII/rui.pdf HTTP/1.1" 404 1018
66.249.64.96 - - [09/Aug/2015:00:44:37 -0500] "GET /BLA/resoluciones/RESOLUCIONES%202008/4731.pdf HTTP/1.1" 200 553982
66.249.64.248 - - [09/Aug/2015:00:44:38 -0500] "GET /formas/flo12.pdf HTTP/1.1" 404 1019
201.234.75.11 - - [09/Aug/2015:00:44:41 -0500] "GET /galeria/nivo-slider/demo/images/Canino1.jpg HTTP/1.1" 304 -
66.249.64.248 - - [09/Aug/2015:00:44:44 -0500] "GET /formas/frie.pdf HTTP/1.1" 404 1019
66.249.64.96 - - [09/Aug/2015:00:45:16 -0500] "GET /htdocs/formas/as5.doc HTTP/1.1" 404 1018
180.76.15.142 - - [09/Aug/2015:00:45:25 -0500] "GET / HTTP/1.1" 200 128694
157.55.39.104 - - [09/Aug/2015:00:45:35 -0500] "GET /BLA/boletinlegal/js/jquery.scrollShow.js HTTP/1.1" 200 4586
180.76.15.146 - - [09/Aug/2015:00:45:22 -0500] "GET / HTTP/1.1" 200 128694
157.55.39.32 - - [09/Aug/2015:00:45:39 -0500] "GET /wp-content/uploads/2015/07/Brochure-Ingl%C3%83%C2%A9s.pdf HTTP/1.1" 404 27437
66.249.64.106 - - [09/Aug/2015:00:45:52 -0500] "GET /BLA/resoluciones/RESOLUCIONES%202003/RES%202003%20051-100/2003RES73.tif HTTP/1.1" 200 130468
190.255.40.77 - - [09/Aug/2015:00:45:53 -0500] "GET /forest/session.jsp?a=0.7373906357679516 HTTP/1.1" 200 4
200.118.48.85 - - [09/Aug/2015:00:46:40 -0500] "GET /dama/libreria/jpg/ecosistemas/aulas/aa2_1.jpg HTTP/1.1" 404 1315
74.86.158.107 - - [09/Aug/2015:00:47:02 -0500] "HEAD / HTTP/1.1" 200 -
66.249.64.101 - - [09/Aug/2015:00:47:55 -0500] "GET /BLA/resoluciones/RESOLUCIONES%202012/1114.pdf HTTP/1.1" 304 -
66.249.64.96 - - [09/Aug/2015:00:48:04 -0500] "GET /BLA/resoluciones/RESOLUCIONES%202008/1172.pdf HTTP/1.1" 200 247801
66.249.64.106 - - [09/Aug/2015:00:48:17 -0500] "GET /BLA/resoluciones/RESOLUCIONES%202009/9497.pdf HTTP/1.1" 200 437813
188.165.15.183 - - [09/Aug/2015:00:48:55 -0500] "GET /BLA/resoluciones/AUTOS%202006/AUTOS%202006%202701%20-%202800/00002759.tif HTTP/1.1" 200 220286
66.249.64.101 - - [09/Aug/2015:00:49:09 -0500] "GET /phylum/Phylum3/Typhlonectes%20natans.doc HTTP/1.1" 404 1018
94.97.49.75 - - [09/Aug/2015:00:49:34 -0500] "POST /xmlrpc.php HTTP/1.1" 200 415
66.249.64.243 - - [09/Aug/2015:00:50:11 -0500] "GET /MANUALFUNC/Ecosistemas/222-19%20Profesional%20Especializado%20-%20SEB%20_Educacion_.pdf HTTP/1.1" 404 1019
66.249.64.106 - - [09/Aug/2015:00:51:42 -0500] "GET /BLA/resoluciones/RESOLUCIONES%202009/3138.pdf HTTP/1.1" 200 478071
188.165.15.183 - - [09/Aug/2015:00:51:53 -0500] "GET /BLA/resoluciones/RESOLUCIONES%202003/RES%202003%201801-1850/20031819.tif HTTP/1.1" 200 43504
66.249.64.101 - - [09/Aug/2015:00:51:59 -0500] "GET /BLA/resoluciones/RESOLUCIONES%202008/3068.pdf HTTP/1.1" 200 418065
74.86.158.107 - - [09/Aug/2015:00:52:02 -0500] "HEAD / HTTP/1.1" 200 -
66.249.64.106 - - [09/Aug/2015:00:52:14 -0500] "GET /BLA/resoluciones/RESOLUCIONES%202009/8227.pdf HTTP/1.1" 200 504873
66.249.64.243 - - [09/Aug/2015:00:52:15 -0500] "GET /formas/frlr.pdf HTTP/1.1" 404 1019
66.249.64.106 - - [09/Aug/2015:00:52:32 -0500] "GET /BLA/resoluciones/RESOLUCIONES%202009/7789.pdf HTTP/1.1" 200 498727
66.249.64.24 - - [09/Aug/2015:00:52:53 -0500] "GET /contactenos/ HTTP/1.1" 200 30947
66.249.64.106 - - [09/Aug/2015:00:53:07 -0500] "GET /stormWeb/ HTTP/1.1" 200 12126
66.249.64.96 - - [09/Aug/2015:00:53:10 -0500] "GET /BLA/resoluciones/RESOLUCIONES%202010/2823.pdf HTTP/1.1" 304 -
66.249.64.96 - - [09/Aug/2015:00:53:12 -0500] "GET /BLA/resoluciones/RESOLUCIONES%202009/3455.pdf HTTP/1.1" 200 908367
66.249.64.106 - - [09/Aug/2015:00:53:14 -0500] "GET /BLA/resoluciones/RESOLUCIONES%202009/1440.pdf HTTP/1.1" 200 483168
66.249.64.106 - - [09/Aug/2015:00:53:16 -0500] "GET /BLA/resoluciones/RESOLUCIONES%202009/2361.pdf HTTP/1.1" 200 487054
66.249.64.29 - - [09/Aug/2015:00:53:20 -0500] "GET /wp-content/uploads/2015/06/Gustavo-Petro-Alcalde-de-Bogota_1-150x150.jpg HTTP/1.1" 304 -
66.249.64.248 - - [09/Aug/2015:00:53:27 -0500] "GET /manual_funciones_Listado/2.5.%20Direcci%C3%B3n%20de%20Gesti%C3%B3n%20Corporativa/Secretario%20Ejecutivo%20425-24.pdf HTTP/1.1" 404 1019
66.249.64.106 - - [09/Aug/2015:00:53:29 -0500] "GET /BLA/resoluciones/RESOLUCIONES%202008/3980.pdf HTTP/1.1" 200 376828
181.58.194.147 - - [09/Aug/2015:00:54:02 -0500] "GET /BLA/boletinlegal/js/jquery.scrollShow.js HTTP/1.1" 200 4586
181.58.194.147 - - [09/Aug/2015:00:54:02 -0500] "GET /galeria/galeria/jquery.fancybox.css?v=2.1.5 HTTP/1.1" 200 4895
181.58.194.147 - - [09/Aug/2015:00:54:02 -0500] "GET /galeria/galeria/jquery.fancybox.js?v=2.1.5 HTTP/1.1" 200 48706
181.58.194.147 - - [09/Aug/2015:00:54:15 -0500] "GET /galeria/galeria/jquery.fancybox.js?v=2.1.5 HTTP/1.1" 200 48706
181.58.194.147 - - [09/Aug/2015:00:54:15 -0500] "GET /BLA/boletinlegal/js/jquery.scrollShow.js HTTP/1.1" 200 4586
181.58.194.147 - - [09/Aug/2015:00:54:15 -0500] "GET /galeria/galeria/jquery.fancybox.css?v=2.1.5 HTTP/1.1" 200 4895
201.234.75.11 - - [09/Aug/2015:00:54:17 -0500] "GET /galeria/nivo-slider/demo/images/alimentarte2014.jpg HTTP/1.1" 304 -
188.165.15.183 - - [09/Aug/2015:00:54:19 -0500] "GET /BLA/resoluciones/RESOLUCIONES%202004/RES%202004%202001-2050/00002049.tif HTTP/1.1" 200 135470
190.156.59.56 - - [09/Aug/2015:00:54:19 -0500] "GET /BLA/boletinlegal/js/jquery.scrollShow.js HTTP/1.1" 200 4586
190.156.59.56 - - [09/Aug/2015:00:54:19 -0500] "GET /galeria/galeria/jquery.fancybox.js?v=2.1.5 HTTP/1.1" 200 48706
190.156.59.56 - - [09/Aug/2015:00:54:19 -0500] "GET /galeria/galeria/jquery.fancybox.css?v=2.1.5 HTTP/1.1" 200 4895
188.165.15.183 - - [09/Aug/2015:00:54:20 -0500] "GET /BLA/resoluciones/index.php?dir=RESOLUCIONES%202007/RES%202007%201%20AL%20100/&sort=date&order=asc HTTP/1.1" 200 26175
190.156.59.56 - - [09/Aug/2015:00:54:27 -0500] "GET /galeria/galeria/jquery.fancybox.css?v=2.1.5 HTTP/1.1" 200 4895
190.156.59.56 - - [09/Aug/2015:00:54:27 -0500] "GET /BLA/boletinlegal/js/jquery.scrollShow.js HTTP/1.1" 200 4586
190.156.59.56 - - [09/Aug/2015:00:54:27 -0500] "GET /galeria/galeria/jquery.fancybox.js?v=2.1.5 HTTP/1.1" 200 48706
188.165.15.183 - - [09/Aug/2015:00:54:51 -0500] "GET /BLA/resoluciones/AUTOS%202006/AUTOS%202006%202701%20-%202800/00002757.tif HTTP/1.1" 200 103378
189.236.21.7 - - [09/Aug/2015:00:54:53 -0500] "GET /BLA/boletinlegal/js/jquery.scrollShow.js HTTP/1.1" 200 4586
189.236.21.7 - - [09/Aug/2015:00:54:53 -0500] "GET /galeria/galeria/jquery.fancybox.css?v=2.1.5 HTTP/1.1" 200 4895
189.236.21.7 - - [09/Aug/2015:00:54:53 -0500] "GET /galeria/galeria/jquery.fancybox.js?v=2.1.5 HTTP/1.1" 200 48706
190.156.59.56 - - [09/Aug/2015:00:55:17 -0500] "GET /galeria/galeria/jquery.fancybox.js?v=2.1.5 HTTP/1.1" 304 -
190.156.59.56 - - [09/Aug/2015:00:55:17 -0500] "GET /galeria/galeria/jquery.fancybox.css?v=2.1.5 HTTP/1.1" 304 -
190.156.59.56 - - [09/Aug/2015:00:55:18 -0500] "GET /autoliquidacion HTTP/1.1" 301 310
190.156.59.56 - - [09/Aug/2015:00:55:18 -0500] "GET /autoliquidacion/ HTTP/1.1" 200 6375
190.156.59.56 - - [09/Aug/2015:00:55:19 -0500] "GET /autoliquidacion/dlf/styles.css HTTP/1.1" 200 3045
190.156.59.56 - - [09/Aug/2015:00:55:19 -0500] "GET /autoliquidacion/dlf/folder.png HTTP/1.1" 200 410
190.156.59.56 - - [09/Aug/2015:00:55:19 -0500] "GET /autoliquidacion/dlf/bg.gif HTTP/1.1" 200 54
190.156.59.56 - - [09/Aug/2015:00:55:20 -0500] "GET /galeria/galeria/jquery.fancybox.js?v=2.1.5 HTTP/1.1" 200 48706
190.156.59.56 - - [09/Aug/2015:00:55:20 -0500] "GET /galeria/galeria/jquery.fancybox.css?v=2.1.5 HTTP/1.1" 200 4895
190.156.59.56 - - [09/Aug/2015:00:55:20 -0500] "GET /BLA/boletinlegal/js/jquery.scrollShow.js HTTP/1.1" 200 4586
190.156.59.56 - - [09/Aug/2015:00:55:20 -0500] "GET /autoliquidacion HTTP/1.1" 301 310
190.156.59.56 - - [09/Aug/2015:00:55:21 -0500] "GET /autoliquidacion/ HTTP/1.1" 200 6375
190.156.59.56 - - [09/Aug/2015:00:55:21 -0500] "GET /autoliquidacion/dlf/styles.css HTTP/1.1" 200 3045
190.156.59.56 - - [09/Aug/2015:00:55:21 -0500] "GET /autoliquidacion/dlf/folder.png HTTP/1.1" 200 410
190.156.59.56 - - [09/Aug/2015:00:55:21 -0500] "GET /autoliquidacion/dlf/bg.gif HTTP/1.1" 200 54
189.236.21.7 - - [09/Aug/2015:00:55:32 -0500] "GET /galeria/galeria/jquery.fancybox.css?v=2.1.5 HTTP/1.1" 304 -
189.236.21.7 - - [09/Aug/2015:00:55:32 -0500] "GET /BLA/boletinlegal/js/jquery.scrollShow.js HTTP/1.1" 304 -
189.236.21.7 - - [09/Aug/2015:00:55:32 -0500] "GET /galeria/galeria/jquery.fancybox.js?v=2.1.5 HTTP/1.1" 304 -
190.156.59.56 - - [09/Aug/2015:00:55:56 -0500] "GET /autoliquidacion/index.php?dir=Solicitudes+relacionadas+con+calidad+del+aire+auditiva+y+visual%2F HTTP/1.1" 200 5748
190.156.59.56 - - [09/Aug/2015:00:55:56 -0500] "GET /autoliquidacion/dlf/dirup.png HTTP/1.1" 200 644
190.156.59.56 - - [09/Aug/2015:00:56:00 -0500] "GET /autoliquidacion/index.php?dir=Solicitudes+relacionadas+con+calidad+del+aire+auditiva+y+visual%2FRegistro+de+Elementos+de+publicidad+Exterior+Visual%2F HTTP/1.1" 200 4037
190.156.59.56 - - [09/Aug/2015:00:56:00 -0500] "GET /autoliquidacion/dlf/xls.gif HTTP/1.1" 200 636
190.156.59.56 - - [09/Aug/2015:00:56:00 -0500] "GET /autoliquidacion/dlf/html.gif HTTP/1.1" 200 632
190.156.59.56 - - [09/Aug/2015:00:56:00 -0500] "GET /autoliquidacion/dlf/pdf.gif HTTP/1.1" 200 272
190.255.40.77 - - [09/Aug/2015:00:56:08 -0500] "GET /forest/session.jsp?a=0.24574214639142156 HTTP/1.1" 200 4
190.156.59.56 - - [09/Aug/2015:00:56:13 -0500] "GET /autoliquidacion/Solicitudes%20relacionadas%20con%20calidad%20del%20aire%20auditiva%20y%20visual/Registro%20de%20Elementos%20de%20publicidad%20Exterior%20Visual/Resolucion%200877%20126PM04-PR16%20registro%20pev.pdf HTTP/1.1" 200 566340
190.156.59.56 - - [09/Aug/2015:00:56:14 -0500] "GET /autoliquidacion/Solicitudes%20relacionadas%20con%20calidad%20del%20aire%20auditiva%20y%20visual/Registro%20de%20Elementos%20de%20publicidad%20Exterior%20Visual/Resolucion%200877%20126PM04-PR16%20registro%20pev.pdf HTTP/1.1" 206 65536
190.156.59.56 - - [09/Aug/2015:00:56:15 -0500] "GET /autoliquidacion/Solicitudes%20relacionadas%20con%20calidad%20del%20aire%20auditiva%20y%20visual/Registro%20de%20Elementos%20de%20publicidad%20Exterior%20Visual/Resolucion%200877%20126PM04-PR16%20registro%20pev.pdf HTTP/1.1" 206 42052
190.255.40.77 - - [09/Aug/2015:00:56:18 -0500] "GET /forest/logout-redirect.jsp HTTP/1.1" 302 -
190.255.40.77 - - [09/Aug/2015:00:56:18 -0500] "GET /forest/login.do HTTP/1.1" 200 12815
190.156.59.56 - - [09/Aug/2015:00:56:39 -0500] "GET /autoliquidacion/Solicitudes%20relacionadas%20con%20calidad%20del%20aire%20auditiva%20y%20visual/Registro%20de%20Elementos%20de%20publicidad%20Exterior%20Visual/126pm04-pr16-f-a301%20Formato%20Solicitud%20de%20registro.xls HTTP/1.1" 200 3573248
188.165.15.183 - - [09/Aug/2015:00:56:40 -0500] "GET /BLA/resoluciones/RESOLUCIONES%202005/RES%202005%20601-650/00000624.tif HTTP/1.1" 200 101910
74.86.158.107 - - [09/Aug/2015:00:57:02 -0500] "HEAD / HTTP/1.1" 200 -
66.249.64.106 - - [09/Aug/2015:00:57:03 -0500] "GET /BLA/resoluciones/RESOLUCIONES%202009/9510.pdf HTTP/1.1" 200 304609
190.156.59.56 - - [09/Aug/2015:00:57:36 -0500] "GET /autoliquidacion/Solicitudes%20relacionadas%20con%20calidad%20del%20aire%20auditiva%20y%20visual/Registro%20de%20Elementos%20de%20publicidad%20Exterior%20Visual/126pm04-pr16-f-a20-1%20Lista%20de%20Chequeo.xls HTTP/1.1" 200 114176
188.165.15.183 - - [09/Aug/2015:00:57:43 -0500] "GET /BLA/resoluciones/RESOLUCIONES%202005/RES%202005%201401-1450/00001432.tif HTTP/1.1" 200 141486
190.156.59.56 - - [09/Aug/2015:00:58:15 -0500] "GET /autoliquidacion/Solicitudes%20relacionadas%20con%20calidad%20del%20aire%20auditiva%20y%20visual/Registro%20de%20Elementos%20de%20publicidad%20Exterior%20Visual/Aplicativo%20PEV%202015.htm HTTP/1.1" 200 327
190.156.59.56 - - [09/Aug/2015:00:58:21 -0500] "GET /galeria/galeria/jquery.fancybox.js?v=2.1.5 HTTP/1.1" 304 -
190.156.59.56 - - [09/Aug/2015:00:58:21 -0500] "GET /galeria/galeria/jquery.fancybox.css?v=2.1.5 HTTP/1.1" 304 -
66.249.64.101 - - [09/Aug/2015:00:58:24 -0500] "GET /BLA/resoluciones/RESOLUCIONES%202014/3687.pdf HTTP/1.1" 304 -
66.249.64.96 - - [09/Aug/2015:00:58:27 -0500] "GET / HTTP/1.1" 200 10190
188.165.15.183 - - [09/Aug/2015:00:58:55 -0500] "GET /BLA/resoluciones/RESOLUCIONES%202006/RES%202006%202201-2250/00002249.tif HTTP/1.1" 200 516902
66.249.64.101 - - [09/Aug/2015:00:59:21 -0500] "GET /BLA/resoluciones/RESOLUCIONES%202008/4466.pdf HTTP/1.1" 200 263078
66.249.64.96 - - [09/Aug/2015:00:59:31 -0500] "GET /BLA/resoluciones/AUTOS%202014/5732.pdf HTTP/1.1" 304 -
66.249.64.106 - - [09/Aug/2015:00:59:34 -0500] "GET /BLA/resoluciones/AUTOS%202012/1863.pdf HTTP/1.1" 200 268677
66.249.64.101 - - [09/Aug/2015:00:59:47 -0500] "GET /BLA/resoluciones/AUTOS%202012/1777.pdf HTTP/1.1" 200 394963
206.53.226.251 - - [09/Aug/2015:00:59:50 -0500] "GET /galeria/nivo-slider/demo/images/redes_sociales.jpg HTTP/1.1" 304 -
66.249.64.106 - - [09/Aug/2015:01:00:10 -0500] "GET /BLA/resoluciones/RESOLUCIONES%202009/7079.pdf HTTP/1.1" 200 1094689
201.234.75.11 - - [09/Aug/2015:01:00:12 -0500] "GET /galeria/nivo-slider/demo/images/Banner-GAE2.jpg HTTP/1.1" 304 -
181.50.84.48 - - [09/Aug/2015:01:00:19 -0500] "GET /BLA/boletinlegal/js/jquery.scrollShow.js HTTP/1.1" 200 4586
181.50.84.48 - - [09/Aug/2015:01:00:19 -0500] "GET /galeria/galeria/jquery.fancybox.js?v=2.1.5 HTTP/1.1" 200 48706
181.50.84.48 - - [09/Aug/2015:01:00:19 -0500] "GET /galeria/galeria/jquery.fancybox.css?v=2.1.5 HTTP/1.1" 200 4895
66.249.64.106 - - [09/Aug/2015:01:00:20 -0500] "GET /BLA/resoluciones/RESOLUCIONES%202007/RES%202007%202101%20AL%202200/RESOLUCION%202105%20DE%202007.pdf HTTP/1.1" 200 686990
181.50.84.48 - - [09/Aug/2015:01:00:24 -0500] "GET /galeria/galeria/jquery.fancybox.css?v=2.1.5 HTTP/1.1" 200 4895
181.50.84.48 - - [09/Aug/2015:01:00:24 -0500] "GET /galeria/galeria/jquery.fancybox.js?v=2.1.5 HTTP/1.1" 200 48706
181.50.84.48 - - [09/Aug/2015:01:00:24 -0500] "GET /BLA/boletinlegal/js/jquery.scrollShow.js HTTP/1.1" 200 4586
66.249.64.101 - - [09/Aug/2015:01:00:30 -0500] "GET /BLA/resoluciones/RESOLUCIONES%202008/0765.pdf HTTP/1.1" 200 170504
66.249.64.106 - - [09/Aug/2015:01:00:36 -0500] "GET /BLA/resoluciones/RESOLUCIONES%202009/1978.pdf HTTP/1.1" 200 622674
207.46.13.31 - - [09/Aug/2015:01:00:38 -0500] "GET /dama/libreria/xls/gs_tecnico.xls HTTP/1.1" 404 1015
66.249.64.96 - - [09/Aug/2015:01:00:51 -0500] "GET /BLA/resoluciones/RESOLUCIONES%202008/2750.pdf HTTP/1.1" 200 194554
66.249.64.248 - - [09/Aug/2015:01:01:07 -0500] "GET /formas/rs.pdf HTTP/1.1" 404 1019
66.249.64.101 - - [09/Aug/2015:01:01:12 -0500] "GET /BLA/resoluciones/RESOLUCIONES%202009/5291.pdf HTTP/1.1" 200 427382
92.85.175.130 - - [09/Aug/2015:01:01:05 -0500] "POST /xmlrpc.php HTTP/1.1" 200 415
201.234.75.11 - - [09/Aug/2015:01:01:18 -0500] "GET /galeria/nivo-slider/demo/images/guacamaya03.jpg HTTP/1.1" 304 -
74.86.158.107 - - [09/Aug/2015:01:02:02 -0500] "HEAD / HTTP/1.1" 200 -
94.156.200.95 - - [09/Aug/2015:01:02:06 -0500] "GET /robots.txt HTTP/1.1" 404 1018
66.249.64.248 - - [09/Aug/2015:01:02:08 -0500] "GET /ial/ac0103.pdf HTTP/1.1" 404 1019
66.249.64.101 - - [09/Aug/2015:01:02:18 -0500] "GET /BLA/resoluciones/RESOLUCIONES%202009/6401.pdf HTTP/1.1" 200 488143
66.249.64.96 - - [09/Aug/2015:01:02:34 -0500] "GET /BLA/resoluciones/RESOLUCIONES%202008/5204.pdf HTTP/1.1" 200 60208
88.198.233.69 - - [09/Aug/2015:01:03:10 -0500] "GET / HTTP/1.1" 200 10190
66.249.64.248 - - [09/Aug/2015:01:03:14 -0500] "GET /pread5/pread/pru5.doc HTTP/1.1" 404 1019
66.249.64.29 - - [09/Aug/2015:01:03:43 -0500] "GET /wp-content/uploads/2015/06/Gustavo-Petro-Alcalde-de-Bogota2-685x1024.jpg HTTP/1.1" 304 -
66.249.64.101 - - [09/Aug/2015:01:03:53 -0500] "GET /BLA/resoluciones/RESOLUCIONES%202008/5142.pdf HTTP/1.1" 304 -
66.249.64.96 - - [09/Aug/2015:01:03:56 -0500] "GET /BLA/circulares/6.pdf HTTP/1.1" 304 -
188.165.15.183 - - [09/Aug/2015:01:04:01 -0500] "GET /BLA/resoluciones/RESOLUCIONES%202004/RES%202004%202201-2250/00002247.tif HTTP/1.1" 200 77104
66.249.64.106 - - [09/Aug/2015:01:04:27 -0500] "GET /BLA/resoluciones/RESOLUCIONES%202009/5858.pdf HTTP/1.1" 200 49868
188.165.15.29 - - [09/Aug/2015:01:05:12 -0500] "GET /dama/libreria/php/decide.php?patron=03.14010101 HTTP/1.1" 404 1019
66.249.64.248 - - [09/Aug/2015:01:05:19 -0500] "GET /MANUALFUNC/Gestion%20Local/222-21%20Profesional%20Especializado%20-%20SGL%20_Gat_.pdf HTTP/1.1" 404 1019
186.28.197.167 - - [09/Aug/2015:01:05:41 -0500] "GET /BLA/boletinlegal/js/jquery.scrollShow.js HTTP/1.1" 200 4586
186.28.197.167 - - [09/Aug/2015:01:05:42 -0500] "GET /galeria/galeria/jquery.fancybox.css?v=2.1.5 HTTP/1.1" 200 4895
186.28.197.167 - - [09/Aug/2015:01:05:42 -0500] "GET /galeria/galeria/jquery.fancybox.js?v=2.1.5 HTTP/1.1" 200 48706
157.55.39.133 - - [09/Aug/2015:01:05:50 -0500] "GET /pga/pga.htm HTTP/1.1" 404 1019
186.28.197.167 - - [09/Aug/2015:01:05:53 -0500] "GET /galeria/galeria/jquery.fancybox.css?v=2.1.5 HTTP/1.1" 304 -
186.28.197.167 - - [09/Aug/2015:01:05:53 -0500] "GET /BLA/boletinlegal/js/jquery.scrollShow.js HTTP/1.1" 304 -
186.28.197.167 - - [09/Aug/2015:01:05:53 -0500] "GET /galeria/galeria/jquery.fancybox.js?v=2.1.5 HTTP/1.1" 304 -
66.249.64.106 - - [09/Aug/2015:01:05:55 -0500] "GET /BLA/resoluciones/RESOLUCIONES%202008/4120.pdf HTTP/1.1" 200 507750
94.156.200.95 - - [09/Aug/2015:01:05:15 -0500] "GET /BLA/boletinlegal/index.php? HTTP/1.1" 200 51062
186.28.197.167 - - [09/Aug/2015:01:05:59 -0500] "GET /galeria/galeria/jquery.fancybox.js?v=2.1.5 HTTP/1.1" 304 -
66.249.64.101 - - [09/Aug/2015:01:06:19 -0500] "GET /BLA/resoluciones/AUTOS%202012/1596.pdf HTTP/1.1" 200 419070
66.249.64.101 - - [09/Aug/2015:01:06:40 -0500] "GET /BLA/resoluciones/RESOLUCIONES%202009/8972.pdf HTTP/1.1" 200 464135
74.86.158.107 - - [09/Aug/2015:01:07:02 -0500] "HEAD / HTTP/1.1" 200 -
201.234.75.11 - - [09/Aug/2015:01:07:15 -0500] "GET /galeria/nivo-slider/demo/images/Banner-rape.jpg HTTP/1.1" 304 -
201.234.75.11 - - [09/Aug/2015:01:08:01 -0500] "GET /galeria/nivo-slider/demo/images/Semana-PYBA.jpg HTTP/1.1" 304 -
180.76.15.152 - - [09/Aug/2015:01:08:04 -0500] "GET /SIG/ECS/126PM04-PR80.pdf HTTP/1.1" 200 2172597
207.46.13.109 - - [09/Aug/2015:01:08:10 -0500] "GET /dama/libreria/php/decide.php?patron=03.120203 HTTP/1.1" 404 1019
66.249.64.101 - - [09/Aug/2015:01:08:10 -0500] "GET /BLA/resoluciones/RESOLUCIONES%202009/4825.pdf HTTP/1.1" 200 426154
66.249.64.248 - - [09/Aug/2015:01:08:16 -0500] "GET /mpp/spd.doc HTTP/1.1" 404 1019
66.249.64.96 - - [09/Aug/2015:01:08:54 -0500] "GET /BLA/resoluciones/RESOLUCIONES%202003/RES%202003%20051-100/2003RES81.tif HTTP/1.1" 200 169812
181.61.17.116 - - [09/Aug/2015:01:08:56 -0500] "GET /galeria/galeria/jquery.fancybox.css?v=2.1.5 HTTP/1.1" 200 4895
181.61.17.116 - - [09/Aug/2015:01:08:56 -0500] "GET /galeria/galeria/jquery.fancybox.js?v=2.1.5 HTTP/1.1" 200 48706
181.61.17.116 - - [09/Aug/2015:01:08:56 -0500] "GET /galeria/carrusel/Carrusel/jquery.thumbnailScroller.css HTTP/1.1" 200 2066
181.61.17.116 - - [09/Aug/2015:01:08:56 -0500] "GET /galeria/carrusel/Carrusel/jquery.thumbnailScroller.js HTTP/1.1" 200 8157
181.61.17.116 - - [09/Aug/2015:01:08:56 -0500] "GET /BLA/boletinlegal/js/jquery.scrollShow.js HTTP/1.1" 200 4586
181.61.17.116 - - [09/Aug/2015:01:08:56 -0500] "GET /galeria/carrusel/Carrusel/jquery-ui-1.8.13.custom.min.js HTTP/1.1" 200 10800
181.61.17.116 - - [09/Aug/2015:01:08:57 -0500] "GET /galeria/nivo-slider/demo/demo.html HTTP/1.1" 200 5035
181.61.17.116 - - [09/Aug/2015:01:09:05 -0500] "GET /galeria/nivo-slider/nivo-slider.css HTTP/1.1" 200 1507
181.61.17.116 - - [09/Aug/2015:01:09:05 -0500] "GET /galeria/nivo-slider/demo/style.css HTTP/1.1" 200 2222
181.61.17.116 - - [09/Aug/2015:01:09:05 -0500] "GET /galeria/nivo-slider/jquery.nivo.slider.pack.js HTTP/1.1" 200 11561
181.61.17.116 - - [09/Aug/2015:01:09:06 -0500] "GET /galeria/nivo-slider/themes/pascal/pascal.css HTTP/1.1" 200 2258
181.61.17.116 - - [09/Aug/2015:01:09:07 -0500] "GET /galeria/nivo-slider/themes/orman/orman.css HTTP/1.1" 200 2152
181.61.17.116 - - [09/Aug/2015:01:09:07 -0500] "GET /galeria/nivo-slider/demo/images/rendicion-de-cuentas-7-agosto.jpg HTTP/1.1" 200 116018
181.61.17.116 - - [09/Aug/2015:01:09:07 -0500] "GET /galeria/nivo-slider/themes/default/default.css HTTP/1.1" 200 1569
181.61.17.116 - - [09/Aug/2015:01:09:07 -0500] "GET /galeria/nivo-slider/demo/images/PREDAcamp.jpg HTTP/1.1" 200 295358
181.61.17.116 - - [09/Aug/2015:01:09:07 -0500] "GET /galeria/nivo-slider/demo/scripts/jquery-1.7.1.min.js HTTP/1.1" 200 93868
181.61.17.116 - - [09/Aug/2015:01:09:07 -0500] "GET /galeria/nivo-slider/demo/images/4Simple_Slider.png HTTP/1.1" 200 11722
181.61.17.116 - - [09/Aug/2015:01:09:07 -0500] "GET /galeria/nivo-slider/themes/default/loading.gif HTTP/1.1" 200 1737
181.61.17.116 - - [09/Aug/2015:01:09:08 -0500] "GET /galeria/nivo-slider/demo/images/Banner-piel-natural.jpg HTTP/1.1" 200 160762
181.61.17.116 - - [09/Aug/2015:01:09:10 -0500] "GET /BLA/boletinlegal/js/jquery.js HTTP/1.1" 200 57254
181.61.17.116 - - [09/Aug/2015:01:09:10 -0500] "GET /BLA/boletinlegal/js/jquery.scrollTo-min.js HTTP/1.1" 200 1150
181.61.17.116 - - [09/Aug/2015:01:09:10 -0500] "GET /BLA/boletinlegal/images/cabezote%20BLEGAL.jpg HTTP/1.1" 200 118164
181.61.17.116 - - [09/Aug/2015:01:09:10 -0500] "GET /BLA/boletinlegal/style.css HTTP/1.1" 200 9406
181.61.17.116 - - [09/Aug/2015:01:09:10 -0500] "GET /BLA/boletinlegal/styles2.css HTTP/1.1" 200 1838
181.61.17.116 - - [09/Aug/2015:01:09:10 -0500] "GET /BLA/boletinlegal/images/nuevo.gif HTTP/1.1" 200 26475
181.61.17.116 - - [09/Aug/2015:01:09:10 -0500] "GET /BLA/boletinlegal/images/historia.png HTTP/1.1" 200 52775
181.61.17.116 - - [09/Aug/2015:01:09:10 -0500] "GET /BLA/boletinlegal/images/subscribe-icon-big.png HTTP/1.1" 200 47702
181.61.17.116 - - [09/Aug/2015:01:09:11 -0500] "GET /BLA/boletinlegal/images/arr_l.jpg HTTP/1.1" 200 1979
181.61.17.116 - - [09/Aug/2015:01:09:11 -0500] "GET /BLA/boletinlegal/images/screen_1.png HTTP/1.1" 200 202547
181.61.17.116 - - [09/Aug/2015:01:09:11 -0500] "GET /BLA/boletinlegal/images/launch.jpg HTTP/1.1" 200 14577
181.61.17.116 - - [09/Aug/2015:01:09:11 -0500] "GET /BLA/boletinlegal/images/screen_2.png HTTP/1.1" 200 362502
181.61.17.116 - - [09/Aug/2015:01:09:12 -0500] "GET /BLA/boletinlegal/images/arr_r.jpg HTTP/1.1" 200 1998
181.61.17.116 - - [09/Aug/2015:01:09:12 -0500] "GET /BLA/boletinlegal/images/screen_3.png HTTP/1.1" 200 210620
181.61.17.116 - - [09/Aug/2015:01:09:12 -0500] "GET /BLA/boletinlegal/images/body_bg.jpg HTTP/1.1" 200 1601
181.61.17.116 - - [09/Aug/2015:01:09:12 -0500] "GET /BLA/boletinlegal/images/screen_5.png HTTP/1.1" 200 368876
181.61.17.116 - - [09/Aug/2015:01:09:12 -0500] "GET /BLA/boletinlegal/images/menu_lft.gif HTTP/1.1" 200 1713
181.61.17.116 - - [09/Aug/2015:01:09:12 -0500] "GET /BLA/boletinlegal/images/menu_rght.gif HTTP/1.1" 200 1627
181.61.17.116 - - [09/Aug/2015:01:09:12 -0500] "GET /BLA/boletinlegal/images/bg_top.jpg HTTP/1.1" 200 522
181.61.17.116 - - [09/Aug/2015:01:09:12 -0500] "GET /BLA/boletinlegal/images/menu_bg.jpg HTTP/1.1" 200 620
181.61.17.116 - - [09/Aug/2015:01:09:12 -0500] "GET /BLA/boletinlegal/images/hover.jpg HTTP/1.1" 200 640
181.61.17.116 - - [09/Aug/2015:01:09:12 -0500] "GET /BLA/boletinlegal/images/text.jpg HTTP/1.1" 200 568
181.61.17.116 - - [09/Aug/2015:01:09:12 -0500] "GET /BLA/boletinlegal/images/footer_bg.jpg HTTP/1.1" 200 586
181.61.17.116 - - [09/Aug/2015:01:09:13 -0500] "GET /BLA/boletinlegal/actos.php HTTP/1.1" 200 7551
181.61.17.116 - - [09/Aug/2015:01:09:13 -0500] "GET /BLA/boletinlegal/js/ajax_actos.js HTTP/1.1" 200 1322
181.61.17.116 - - [09/Aug/2015:01:09:13 -0500] "GET /BLA/boletinlegal/js/popup.js HTTP/1.1" 200 1270
181.61.17.116 - - [09/Aug/2015:01:09:13 -0500] "GET /BLA/boletinlegal/niceforms-default.css HTTP/1.1" 200 6694
181.61.17.116 - - [09/Aug/2015:01:09:13 -0500] "GET /BLA/boletinlegal/js/lib.js HTTP/1.1" 200 6474
181.61.17.116 - - [09/Aug/2015:01:09:13 -0500] "GET /BLA/boletinlegal/niceforms.js HTTP/1.1" 200 22876
181.61.17.116 - - [09/Aug/2015:01:09:13 -0500] "GET /BLA/boletinlegal/js/jquery1.js HTTP/1.1" 200 29846
181.61.17.116 - - [09/Aug/2015:01:09:13 -0500] "GET /BLA/boletinlegal/images/green-yellow-blue-pink-th.png HTTP/1.1" 200 7394
181.61.17.116 - - [09/Aug/2015:01:09:13 -0500] "GET /BLA/boletinlegal/images/abajo.png HTTP/1.1" 200 96676
181.61.17.116 - - [09/Aug/2015:01:09:13 -0500] "GET /BLA/boletinlegal/images/footer_bg_l.jpg HTTP/1.1" 200 776
181.61.17.116 - - [09/Aug/2015:01:09:13 -0500] "GET /BLA/boletinlegal/img/0.png HTTP/1.1" 200 110
181.61.17.116 - - [09/Aug/2015:01:09:13 -0500] "GET /BLA/boletinlegal/img/button-right.png HTTP/1.1" 200 57878
181.61.17.116 - - [09/Aug/2015:01:09:13 -0500] "GET /BLA/boletinlegal/img/button.png HTTP/1.1" 200 43241
181.61.17.116 - - [09/Aug/2015:01:09:13 -0500] "GET /BLA/boletinlegal/img/select-right.png HTTP/1.1" 200 44019
181.61.17.116 - - [09/Aug/2015:01:09:13 -0500] "GET /BLA/boletinlegal/img/button-left.png HTTP/1.1" 200 57071
181.61.17.116 - - [09/Aug/2015:01:09:13 -0500] "GET /BLA/boletinlegal/img/select-left.png HTTP/1.1" 200 263
181.61.17.116 - - [09/Aug/2015:01:09:13 -0500] "GET /favicon.ico HTTP/1.1" 200 7782
181.61.17.116 - - [09/Aug/2015:01:09:22 -0500] "GET /BLA/boletinlegal/consulta_actos.php?tipo=resoluciones&no=7409&usuario=&sector=&fecha=2010&resuelve= HTTP/1.1" 200 1021
181.61.17.116 - - [09/Aug/2015:01:09:22 -0500] "GET /BLA/boletinlegal/images/pdf.gif HTTP/1.1" 200 567
181.61.17.116 - - [09/Aug/2015:01:09:25 -0500] "GET /BLA/resoluciones/RESOLUCIONES%202010/7409.pdf HTTP/1.1" 200 298906
181.61.17.116 - - [09/Aug/2015:01:09:25 -0500] "GET /BLA/resoluciones/RESOLUCIONES%202010/7409.pdf HTTP/1.1" 206 32768
181.61.17.116 - - [09/Aug/2015:01:09:25 -0500] "GET /BLA/resoluciones/RESOLUCIONES%202010/7409.pdf HTTP/1.1" 206 266138
181.61.17.116 - - [09/Aug/2015:01:09:08 -0500] "GET /BLA/boletinlegal/index.php? HTTP/1.1" 200 36823
201.234.75.11 - - [09/Aug/2015:01:10:04 -0500] "GET /galeria/nivo-slider/demo/images/Semana-Ambiental.jpg HTTP/1.1" 304 -
188.165.15.183 - - [09/Aug/2015:01:10:10 -0500] "GET /BLA/resoluciones/AUTOS%202006/AUTOS%202006%20201-300/00000250.tif HTTP/1.1" 200 87800
66.249.64.96 - - [09/Aug/2015:01:09:23 -0500] "GET /BLA/boletinlegal/ HTTP/1.1" 200 51062
201.234.75.11 - - [09/Aug/2015:01:10:22 -0500] "GET /galeria/nivo-slider/demo/images/FUM01.jpg HTTP/1.1" 304 -
66.249.64.106 - - [09/Aug/2015:01:10:32 -0500] "GET /BLA/resoluciones/RESOLUCIONES%202008/3390.pdf HTTP/1.1" 200 222206
188.165.15.183 - - [09/Aug/2015:01:10:44 -0500] "GET /BLA/resoluciones/RESOLUCIONES%202002/RES%202002%20451-500/00000459.tif HTTP/1.1" 200 102140
66.249.64.106 - - [09/Aug/2015:01:11:49 -0500] "GET /BLA/resoluciones/AUTOS%202012/1620.pdf HTTP/1.1" 200 399671
188.165.15.183 - - [09/Aug/2015:01:11:51 -0500] "GET /BLA/resoluciones/RESOLUCIONES%202006/RES%202006%202601-2650/00002621.tif HTTP/1.1" 200 35638
66.249.64.106 - - [09/Aug/2015:01:11:56 -0500] "GET /BLA/resoluciones/RESOLUCIONES%202009/4340.pdf HTTP/1.1" 200 573997
188.165.15.183 - - [09/Aug/2015:01:12:00 -0500] "GET /BLA/resoluciones/AUTOS%202006/AUTOS%202006%203201%20-%203300/00003201.tif HTTP/1.1" 200 75056
74.86.158.107 - - [09/Aug/2015:01:12:02 -0500] "HEAD / HTTP/1.1" 200 -
222.124.85.40 - - [09/Aug/2015:01:12:05 -0500] "POST /xmlrpc.php HTTP/1.1" 200 415
188.165.15.183 - - [09/Aug/2015:01:12:28 -0500] "GET /BLA/resoluciones/AUTOS%202006/AUTOS%202006%201101-1200/00001126.tif HTTP/1.1" 200 57790
188.165.15.29 - - [09/Aug/2015:01:13:03 -0500] "GET /SIG/index.php?dir=Direccionamiento+Estrategico%2F HTTP/1.1" 200 3946
188.165.15.183 - - [09/Aug/2015:01:13:09 -0500] "GET /BLA/resoluciones/index.php?dir=Notificaciones/AUTOS%201985/&sort=size&order=asc HTTP/1.1" 200 2198
188.165.15.183 - - [09/Aug/2015:01:13:11 -0500] "GET /BLA/resoluciones/RESOLUCIONES%202004/RES%202004%20451-500/00000499.tif HTTP/1.1" 200 197078
190.158.29.106 - - [09/Aug/2015:01:13:12 -0500] "GET /galeria/galeria/jquery.fancybox.css?v=2.1.5 HTTP/1.1" 200 4895
190.158.29.106 - - [09/Aug/2015:01:13:12 -0500] "GET /BLA/boletinlegal/js/jquery.scrollShow.js HTTP/1.1" 200 4586
190.158.29.106 - - [09/Aug/2015:01:13:12 -0500] "GET /galeria/galeria/jquery.fancybox.js?v=2.1.5 HTTP/1.1" 200 48706
190.158.29.106 - - [09/Aug/2015:01:13:12 -0500] "GET /galeria/carrusel/Carrusel/jquery.thumbnailScroller.css HTTP/1.1" 200 2066
190.158.29.106 - - [09/Aug/2015:01:13:12 -0500] "GET /galeria/carrusel/Carrusel/jquery-ui-1.8.13.custom.min.js HTTP/1.1" 200 10800
190.158.29.106 - - [09/Aug/2015:01:13:12 -0500] "GET /galeria/carrusel/Carrusel/jquery.thumbnailScroller.js HTTP/1.1" 200 8157
190.158.29.106 - - [09/Aug/2015:01:13:16 -0500] "GET /galeria/nivo-slider/demo/demo.html HTTP/1.1" 200 5035
190.158.29.106 - - [09/Aug/2015:01:13:16 -0500] "GET /galeria/nivo-slider/themes/orman/orman.css HTTP/1.1" 200 2152
190.158.29.106 - - [09/Aug/2015:01:13:16 -0500] "GET /galeria/nivo-slider/nivo-slider.css HTTP/1.1" 200 1507
190.158.29.106 - - [09/Aug/2015:01:13:16 -0500] "GET /galeria/nivo-slider/themes/default/default.css HTTP/1.1" 200 1569
190.158.29.106 - - [09/Aug/2015:01:13:16 -0500] "GET /galeria/nivo-slider/themes/pascal/pascal.css HTTP/1.1" 200 2258
190.158.29.106 - - [09/Aug/2015:01:13:16 -0500] "GET /galeria/nivo-slider/demo/style.css HTTP/1.1" 200 2222
190.158.29.106 - - [09/Aug/2015:01:13:16 -0500] "GET /galeria/nivo-slider/demo/scripts/jquery-1.7.1.min.js HTTP/1.1" 200 93868
190.158.29.106 - - [09/Aug/2015:01:13:16 -0500] "GET /galeria/nivo-slider/jquery.nivo.slider.pack.js HTTP/1.1" 200 11561
190.158.29.106 - - [09/Aug/2015:01:13:16 -0500] "GET /galeria/nivo-slider/demo/images/Banner-piel-natural.jpg HTTP/1.1" 200 160762
190.158.29.106 - - [09/Aug/2015:01:13:16 -0500] "GET /galeria/nivo-slider/demo/images/rendicion-de-cuentas-7-agosto.jpg HTTP/1.1" 200 116018
190.158.29.106 - - [09/Aug/2015:01:13:16 -0500] "GET /galeria/nivo-slider/demo/images/PREDAcamp.jpg HTTP/1.1" 200 295358
190.158.29.106 - - [09/Aug/2015:01:13:16 -0500] "GET /galeria/nivo-slider/demo/images/Semana-PYBA.jpg HTTP/1.1" 200 147360
190.158.29.106 - - [09/Aug/2015:01:13:16 -0500] "GET /galeria/nivo-slider/demo/images/4Simple_Slider.png HTTP/1.1" 200 11722
190.158.29.106 - - [09/Aug/2015:01:13:16 -0500] "GET /galeria/nivo-slider/themes/default/loading.gif HTTP/1.1" 200 1737
190.158.29.106 - - [09/Aug/2015:01:13:17 -0500] "GET /galeria/nivo-slider/demo/images/VoluntariadoPYBA.jpg HTTP/1.1" 200 40647
190.158.29.106 - - [09/Aug/2015:01:13:17 -0500] "GET /galeria/nivo-slider/demo/images/Cambio-Climatico-Paramos.jpg HTTP/1.1" 200 262430
190.158.29.106 - - [09/Aug/2015:01:13:17 -0500] "GET /galeria/nivo-slider/demo/images/banner-llantas2.jpg HTTP/1.1" 200 204644
