186.145.0.164 - - [09/Aug/2015:11:58:40 -0500] "GET /arcgis/services/Calidad_del_Agua_WQI/MapServer/WMSServer?WIDTH=1226&HEIGHT=606&STYLES=&VERSION=1%2E1%2E1&LAYERS=3%2C4%2C5%2C6%2C7&BBOX=%2D74%2E08786252853996%2C4%2E564989545155987%2C%2D74%2E08202809015366%2C4%2E5678734518950534&TRANSPARENT=TRUE&SERVICE=WMS&FORMAT=image%2Fpng&SRS=EPSG%3A4686&REQUEST=GetMap HTTP/1.1" 200 4349
186.84.18.145 - - [09/Aug/2015:11:58:42 -0500] "GET /arcgis/services/Calidad_del_Agua_WQI/MapServer/WMSServer?HEIGHT=599&STYLES=&LAYERS=3%2C4%2C5%2C6%2C7&BBOX=%2D74%2E06480589273235%2C4%2E658195558057925%2C%2D74%2E04855417406253%2C4%2E665322043770387&VERSION=1%2E1%2E1&TRANSPARENT=TRUE&SERVICE=WMS&SRS=EPSG%3A4686&REQUEST=GetMap&FORMAT=image%2Fpng&WIDTH=1366 HTTP/1.1" 200 4602
186.145.0.164 - - [09/Aug/2015:11:58:45 -0500] "GET /arcgis/services/Calidad_del_Agua_WQI/MapServer/WMSServer?WIDTH=1226&HEIGHT=606&STYLES=&VERSION=1%2E1%2E1&LAYERS=3%2C4%2C5%2C6%2C7&BBOX=%2D74%2E08731049368603%2C4%2E563765092803366%2C%2D74%2E08147605529973%2C4%2E566648999542433&TRANSPARENT=TRUE&SERVICE=WMS&FORMAT=image%2Fpng&SRS=EPSG%3A4686&REQUEST=GetMap HTTP/1.1" 200 4349
186.84.18.145 - - [09/Aug/2015:11:58:48 -0500] "GET /arcgis/services/Calidad_del_Agua_WQI/MapServer/WMSServer?HEIGHT=599&STYLES=&LAYERS=3%2C4%2C5%2C6%2C7&BBOX=%2D74%2E06229318191019%2C4%2E660130059855667%2C%2D74%2E05579249444226%2C4%2E662980654140651&VERSION=1%2E1%2E1&TRANSPARENT=TRUE&SERVICE=WMS&SRS=EPSG%3A4686&REQUEST=GetMap&FORMAT=image%2Fpng&WIDTH=1366 HTTP/1.1" 200 4602
186.84.18.145 - - [09/Aug/2015:11:58:49 -0500] "GET /arcgis/services/Calidad_del_Agua_WQI/MapServer/WMSServer?HEIGHT=599&STYLES=&LAYERS=3%2C4%2C5%2C6%2C7&BBOX=%2D74%2E06145561163613%2C4%2E6607748937882425%2C%2D74%2E05820526790218%2C4%2E662200190930736&VERSION=1%2E1%2E1&TRANSPARENT=TRUE&SERVICE=WMS&SRS=EPSG%3A4686&REQUEST=GetMap&FORMAT=image%2Fpng&WIDTH=1366 HTTP/1.1" 200 4602
186.84.18.145 - - [09/Aug/2015:11:58:50 -0500] "GET /crossdomain.xml HTTP/1.1" 404 1280
186.84.18.145 - - [09/Aug/2015:11:58:51 -0500] "GET /arcgis/services/Calidad_del_Agua_WQI/MapServer/WMSServer?HEIGHT=599&STYLES=&LAYERS=3%2C4%2C5%2C6%2C7&BBOX=%2D74%2E06139136618897%2C4%2E6609943990660305%2C%2D74%2E059766194322%2C4%2E661707047637277&VERSION=1%2E1%2E1&TRANSPARENT=TRUE&SERVICE=WMS&SRS=EPSG%3A4686&REQUEST=GetMap&FORMAT=image%2Fpng&WIDTH=1366 HTTP/1.1" 200 4602
186.84.18.145 - - [09/Aug/2015:11:58:51 -0500] "GET /arcgis/services/Calidad_del_Agua_WQI/MapServer/WMSServer?HEIGHT=599&STYLES=&LAYERS=3%2C4%2C5%2C6%2C7&BBOX=%2D74%2E06181966917002%2C4%2E660662464255717%2C%2D74%2E05856932543607%2C4%2E66208776139821&VERSION=1%2E1%2E1&TRANSPARENT=TRUE&SERVICE=WMS&SRS=EPSG%3A4686&REQUEST=GetMap&FORMAT=image%2Fpng&WIDTH=1366 HTTP/1.1" 200 4602
186.84.18.145 - - [09/Aug/2015:11:58:52 -0500] "GET /arcgis/services/Calidad_del_Agua_WQI/MapServer/WMSServer?HEIGHT=599&STYLES=&LAYERS=3%2C4%2C5%2C6%2C7&BBOX=%2D74%2E06267151621012%2C4%2E659993835713086%2C%2D74%2E05617082874218%2C4%2E662844429998071&VERSION=1%2E1%2E1&TRANSPARENT=TRUE&SERVICE=WMS&SRS=EPSG%3A4686&REQUEST=GetMap&FORMAT=image%2Fpng&WIDTH=1366 HTTP/1.1" 200 4602
186.84.18.145 - - [09/Aug/2015:11:58:53 -0500] "GET /arcgis/services/Calidad_del_Agua_WQI/MapServer/WMSServer?HEIGHT=599&STYLES=&LAYERS=3%2C4%2C5%2C6%2C7&BBOX=%2D74%2E06522705733038%2C4%2E65795225817008%2C%2D74%2E04897533866055%2C4%2E665078743882542&VERSION=1%2E1%2E1&TRANSPARENT=TRUE&SERVICE=WMS&SRS=EPSG%3A4686&REQUEST=GetMap&FORMAT=image%2Fpng&WIDTH=1366 HTTP/1.1" 200 4602
186.84.18.145 - - [09/Aug/2015:11:58:53 -0500] "GET /arcgis/services/Calidad_del_Agua_WQI/MapServer/WMSServer?HEIGHT=599&STYLES=&LAYERS=3%2C4%2C5%2C6%2C7&BBOX=%2D74%2E06948629253081%2C4%2E6545496289317425%2C%2D74%2E03698285519117%2C4%2E668802600356666&VERSION=1%2E1%2E1&TRANSPARENT=TRUE&SERVICE=WMS&SRS=EPSG%3A4686&REQUEST=GetMap&FORMAT=image%2Fpng&WIDTH=1366 HTTP/1.1" 200 4602
186.84.18.145 - - [09/Aug/2015:11:58:54 -0500] "GET /arcgis/services/Calidad_del_Agua_WQI/MapServer/WMSServer?HEIGHT=599&STYLES=&LAYERS=3%2C4%2C5%2C6%2C7&BBOX=%2D74%2E07800476293168%2C4%2E647744370455068%2C%2D74%2E0129978882524%2C4%2E676250313304915&VERSION=1%2E1%2E1&TRANSPARENT=TRUE&SERVICE=WMS&SRS=EPSG%3A4686&REQUEST=GetMap&FORMAT=image%2Fpng&WIDTH=1366 HTTP/1.1" 200 5473
186.145.0.164 - - [09/Aug/2015:11:58:54 -0500] "GET /crossdomain.xml HTTP/1.1" 404 1280
186.145.0.164 - - [09/Aug/2015:11:58:54 -0500] "GET /arcgis/services/Calidad_del_Agua_WQI/MapServer/WMSServer?WIDTH=1226&HEIGHT=606&STYLES=&VERSION=1%2E1%2E1&LAYERS=3%2C4%2C5%2C6%2C7&BBOX=%2D74%2E08696996015308%2C4%2E5628389859851275%2C%2D74%2E08113552176678%2C4%2E565722892724194&TRANSPARENT=TRUE&SERVICE=WMS&FORMAT=image%2Fpng&SRS=EPSG%3A4686&REQUEST=GetMap HTTP/1.1" 200 4349
186.145.0.164 - - [09/Aug/2015:11:59:03 -0500] "GET /arcgis/services/Calidad_del_Agua_WQI/MapServer/WMSServer?WIDTH=1226&HEIGHT=606&STYLES=&VERSION=1%2E1%2E1&LAYERS=3%2C4%2C5%2C6%2C7&BBOX=%2D74%2E08666788340449%2C4%2E561748682457719%2C%2D74%2E08083344501819%2C4%2E564632589196786&TRANSPARENT=TRUE&SERVICE=WMS&FORMAT=image%2Fpng&SRS=EPSG%3A4686&REQUEST=GetMap HTTP/1.1" 200 4349
186.145.0.164 - - [09/Aug/2015:11:59:05 -0500] "GET /crossdomain.xml HTTP/1.1" 404 1280
186.145.0.164 - - [09/Aug/2015:11:59:05 -0500] "GET /arcgis/services/Calidad_del_Agua_WQI/MapServer/WMSServer?WIDTH=1226&HEIGHT=606&STYLES=&VERSION=1%2E1%2E1&LAYERS=3%2C4%2C5%2C6%2C7&BBOX=%2D74%2E08673938506257%2C4%2E561869821955367%2C%2D74%2E08090494667627%2C4%2E564753728694433&TRANSPARENT=TRUE&SERVICE=WMS&FORMAT=image%2Fpng&SRS=EPSG%3A4686&REQUEST=GetMap HTTP/1.1" 200 4349
186.84.18.145 - - [09/Aug/2015:11:59:06 -0500] "GET /crossdomain.xml HTTP/1.1" 404 1280
186.84.18.145 - - [09/Aug/2015:11:59:07 -0500] "GET /arcgis/services/Calidad_del_Agua_WQI/MapServer/WMSServer?HEIGHT=599&STYLES=&LAYERS=3%2C4%2C5%2C6%2C7&BBOX=%2D74%2E07124709367513%2C4%2E654823266947413%2C%2D74%2E03874365633548%2C4%2E6690762383723365&VERSION=1%2E1%2E1&TRANSPARENT=TRUE&SERVICE=WMS&SRS=EPSG%3A4686&REQUEST=GetMap&FORMAT=image%2Fpng&WIDTH=1366 HTTP/1.1" 200 4602
186.145.0.164 - - [09/Aug/2015:11:59:10 -0500] "GET /arcgis/services/Calidad_del_Agua_WQI/MapServer/WMSServer?WIDTH=1226&HEIGHT=606&STYLES=&VERSION=1%2E1%2E1&LAYERS=3%2C4%2C5%2C6%2C7&BBOX=%2D74%2E08606863296772%2C4%2E5611769643670925%2C%2D74%2E08023419458142%2C4%2E564060871106159&TRANSPARENT=TRUE&SERVICE=WMS&FORMAT=image%2Fpng&SRS=EPSG%3A4686&REQUEST=GetMap HTTP/1.1" 200 4349
190.159.55.7 - - [09/Aug/2015:11:59:12 -0500] "GET /BLA/boletinlegal/js/jquery.scrollShow.js HTTP/1.1" 200 4586
190.159.55.7 - - [09/Aug/2015:11:59:12 -0500] "GET /galeria/galeria/jquery.fancybox.css?v=2.1.5 HTTP/1.1" 200 4895
190.159.55.7 - - [09/Aug/2015:11:59:12 -0500] "GET /galeria/galeria/jquery.fancybox.js?v=2.1.5 HTTP/1.1" 200 48706
186.145.0.164 - - [09/Aug/2015:11:59:12 -0500] "GET /arcgis/services/Calidad_del_Agua_WQI/MapServer/WMSServer?WIDTH=1226&HEIGHT=606&STYLES=&VERSION=1%2E1%2E1&LAYERS=3%2C4%2C5%2C6%2C7&BBOX=%2D74%2E08518144542639%2C4%2E560483639283152%2C%2D74%2E07934700704008%2C4%2E563367546022219&TRANSPARENT=TRUE&SERVICE=WMS&FORMAT=image%2Fpng&SRS=EPSG%3A4686&REQUEST=GetMap HTTP/1.1" 200 4349
186.145.0.164 - - [09/Aug/2015:11:59:14 -0500] "GET /arcgis/services/Calidad_del_Agua_WQI/MapServer/WMSServer?WIDTH=1226&HEIGHT=606&STYLES=&VERSION=1%2E1%2E1&LAYERS=3%2C4%2C5%2C6%2C7&BBOX=%2D74%2E08436777940088%2C4%2E560057509576795%2C%2D74%2E07853334101458%2C4%2E562941416315861&TRANSPARENT=TRUE&SERVICE=WMS&FORMAT=image%2Fpng&SRS=EPSG%3A4686&REQUEST=GetMap HTTP/1.1" 200 4349
186.145.0.164 - - [09/Aug/2015:11:59:17 -0500] "GET /crossdomain.xml HTTP/1.1" 404 1280
186.145.0.164 - - [09/Aug/2015:11:59:17 -0500] "GET /arcgis/services/Calidad_del_Agua_WQI/MapServer/WMSServer?WIDTH=1226&HEIGHT=606&STYLES=&VERSION=1%2E1%2E1&LAYERS=3%2C4%2C5%2C6%2C7&BBOX=%2D74%2E083533233079%2C4%2E560434942100609%2C%2D74%2E0776987946927%2C4%2E563318848839676&TRANSPARENT=TRUE&SERVICE=WMS&FORMAT=image%2Fpng&SRS=EPSG%3A4686&REQUEST=GetMap HTTP/1.1" 200 4349
186.145.0.164 - - [09/Aug/2015:11:59:18 -0500] "GET /arcgis/services/Calidad_del_Agua_WQI/MapServer/WMSServer?WIDTH=1226&HEIGHT=606&STYLES=&VERSION=1%2E1%2E1&LAYERS=3%2C4%2C5%2C6%2C7&BBOX=%2D74%2E08170715656922%2C4%2E55958449625417%2C%2D74%2E07587271818292%2C4%2E562468402993237&TRANSPARENT=TRUE&SERVICE=WMS&FORMAT=image%2Fpng&SRS=EPSG%3A4686&REQUEST=GetMap HTTP/1.1" 200 4349
186.145.0.164 - - [09/Aug/2015:11:59:21 -0500] "GET /arcgis/services/Calidad_del_Agua_WQI/MapServer/WMSServer?WIDTH=1226&HEIGHT=606&STYLES=&VERSION=1%2E1%2E1&LAYERS=3%2C4%2C5%2C6%2C7&BBOX=%2D74%2E08315225822918%2C4%2E5596576852961785%2C%2D74%2E07731781984288%2C4%2E562541592035245&TRANSPARENT=TRUE&SERVICE=WMS&FORMAT=image%2Fpng&SRS=EPSG%3A4686&REQUEST=GetMap HTTP/1.1" 200 4349
186.145.0.164 - - [09/Aug/2015:11:59:22 -0500] "GET /arcgis/services/Calidad_del_Agua_WQI/MapServer/WMSServer?WIDTH=1226&HEIGHT=606&STYLES=&VERSION=1%2E1%2E1&LAYERS=3%2C4%2C5%2C6%2C7&BBOX=%2D74%2E08438300110124%2C4%2E5605881308704%2C%2D74%2E07854856271494%2C4%2E563472037609467&TRANSPARENT=TRUE&SERVICE=WMS&FORMAT=image%2Fpng&SRS=EPSG%3A4686&REQUEST=GetMap HTTP/1.1" 200 4349
186.84.18.145 - - [09/Aug/2015:11:59:26 -0500] "GET /crossdomain.xml HTTP/1.1" 404 1280
186.84.18.145 - - [09/Aug/2015:11:59:27 -0500] "GET /arcgis/services/Calidad_del_Agua_WQI/MapServer/WMSServer?HEIGHT=599&STYLES=&LAYERS=3%2C4%2C5%2C6%2C7&BBOX=%2D74%2E06044434070866%2C4%2E659532220277953%2C%2D74%2E05394365324072%2C4%2E662382814562937&VERSION=1%2E1%2E1&TRANSPARENT=TRUE&SERVICE=WMS&SRS=EPSG%3A4686&REQUEST=GetMap&FORMAT=image%2Fpng&WIDTH=1366 HTTP/1.1" 200 4602
186.84.18.145 - - [09/Aug/2015:11:59:27 -0500] "GET /arcgis/services/Calidad_del_Agua_WQI/MapServer/WMSServer?HEIGHT=599&STYLES=&LAYERS=3%2C4%2C5%2C6%2C7&BBOX=%2D74%2E06447752711354%2C4%2E657761901289613%2C%2D74%2E04822580844372%2C4%2E664888387002075&VERSION=1%2E1%2E1&TRANSPARENT=TRUE&SERVICE=WMS&SRS=EPSG%3A4686&REQUEST=GetMap&FORMAT=image%2Fpng&WIDTH=1366 HTTP/1.1" 200 4602
186.84.18.145 - - [09/Aug/2015:11:59:29 -0500] "GET /arcgis/services/Calidad_del_Agua_WQI/MapServer/WMSServer?HEIGHT=599&STYLES=&LAYERS=3%2C4%2C5%2C6%2C7&BBOX=%2D74%2E06373513527971%2C4%2E657255076095369%2C%2D74%2E0474834166099%2C4%2E664381561807831&VERSION=1%2E1%2E1&TRANSPARENT=TRUE&SERVICE=WMS&SRS=EPSG%3A4686&REQUEST=GetMap&FORMAT=image%2Fpng&WIDTH=1366 HTTP/1.1" 200 4602
186.145.0.164 - - [09/Aug/2015:11:59:30 -0500] "GET /crossdomain.xml HTTP/1.1" 404 1280
186.145.0.164 - - [09/Aug/2015:11:59:30 -0500] "GET /arcgis/services/Calidad_del_Agua_WQI/MapServer/WMSServer?WIDTH=1226&HEIGHT=606&STYLES=&VERSION=1%2E1%2E1&LAYERS=3%2C4%2C5%2C6%2C7&BBOX=%2D74%2E08875882989096%2C4%2E5584252008161%2C%2D74%2E07417273392522%2C4%2E565634967663766&TRANSPARENT=TRUE&SERVICE=WMS&FORMAT=image%2Fpng&SRS=EPSG%3A4686&REQUEST=GetMap HTTP/1.1" 200 4349
186.145.0.164 - - [09/Aug/2015:11:59:31 -0500] "GET /arcgis/services/Calidad_del_Agua_WQI/MapServer/WMSServer?WIDTH=1226&HEIGHT=606&STYLES=&VERSION=1%2E1%2E1&LAYERS=3%2C4%2C5%2C6%2C7&BBOX=%2D74%2E09605187787383%2C4%2E5548203173922674%2C%2D74%2E06687968594235%2C4%2E569239851087599&TRANSPARENT=TRUE&SERVICE=WMS&FORMAT=image%2Fpng&SRS=EPSG%3A4686&REQUEST=GetMap HTTP/1.1" 200 4719
186.84.18.145 - - [09/Aug/2015:11:59:32 -0500] "GET /arcgis/services/Calidad_del_Agua_WQI/MapServer/WMSServer?HEIGHT=599&STYLES=&LAYERS=3%2C4%2C5%2C6%2C7&BBOX=%2D74%2E07186099461462%2C4%2E653691833239138%2C%2D74%2E03935755727498%2C4%2E667944804664062&VERSION=1%2E1%2E1&TRANSPARENT=TRUE&SERVICE=WMS&SRS=EPSG%3A4686&REQUEST=GetMap&FORMAT=image%2Fpng&WIDTH=1366 HTTP/1.1" 200 4602
186.145.0.164 - - [09/Aug/2015:11:59:33 -0500] "GET /arcgis/services/Calidad_del_Agua_WQI/MapServer/WMSServer?WIDTH=1226&HEIGHT=606&STYLES=&VERSION=1%2E1%2E1&LAYERS=3%2C4%2C5%2C6%2C7&BBOX=%2D74%2E09747466579489%2C4%2E560119856759335%2C%2D74%2E06830247386341%2C4%2E5745393904546665&TRANSPARENT=TRUE&SERVICE=WMS&FORMAT=image%2Fpng&SRS=EPSG%3A4686&REQUEST=GetMap HTTP/1.1" 200 5805
66.249.64.29 - - [09/Aug/2015:11:59:36 -0500] "GET /wp-content/uploads/2015/07/boton-comunicados.png HTTP/1.1" 304 -
186.84.18.145 - - [09/Aug/2015:11:59:37 -0500] "GET /crossdomain.xml HTTP/1.1" 404 1280
66.249.64.101 - - [09/Aug/2015:11:59:37 -0500] "GET /BLA/resoluciones/RESOLUCIONES%202003/RES%202003%20051-100/2003RES90.tif HTTP/1.1" 200 265828
186.84.18.145 - - [09/Aug/2015:11:59:37 -0500] "GET /arcgis/services/Calidad_del_Agua_WQI/MapServer/WMSServer?HEIGHT=599&STYLES=&LAYERS=3%2C4%2C5%2C6%2C7&BBOX=%2D74%2E06739078846243%2C4%2E6568832022237014%2C%2D74%2E03488735112279%2C4%2E671136173648625&VERSION=1%2E1%2E1&TRANSPARENT=TRUE&SERVICE=WMS&SRS=EPSG%3A4686&REQUEST=GetMap&FORMAT=image%2Fpng&WIDTH=1366 HTTP/1.1" 200 4602
190.159.55.7 - - [09/Aug/2015:11:59:39 -0500] "GET /Residuos/cosmeticos/cosmeticos.html HTTP/1.1" 200 1963
190.159.55.7 - - [09/Aug/2015:11:59:39 -0500] "GET /Residuos/cosmeticos/cosmeticos.swf?pageNumber= HTTP/1.1" 200 400859
190.159.55.7 - - [09/Aug/2015:11:59:40 -0500] "GET /Residuos/cosmeticos/files/info.xml?rnd=0e48f17f-9777-468b-82cc-f25a1b910138 HTTP/1.1" 200 66725
190.159.55.7 - - [09/Aug/2015:11:59:41 -0500] "GET /Residuos/cosmeticos/files/search/searchtext.xml HTTP/1.1" 200 195649
190.159.55.7 - - [09/Aug/2015:11:59:46 -0500] "GET /Residuos/cosmeticos/images/page1_thumbnail.jpg HTTP/1.1" 200 14920
190.159.55.7 - - [09/Aug/2015:11:59:46 -0500] "GET /Residuos/cosmeticos/images/page2_thumbnail.jpg HTTP/1.1" 200 3897
190.159.55.7 - - [09/Aug/2015:11:59:46 -0500] "GET /Residuos/cosmeticos/images/page3_thumbnail.jpg HTTP/1.1" 200 3659
190.159.55.7 - - [09/Aug/2015:11:59:46 -0500] "GET /Residuos/cosmeticos/images/page4_thumbnail.jpg HTTP/1.1" 200 4230
190.159.55.7 - - [09/Aug/2015:11:59:46 -0500] "GET /Residuos/cosmeticos/images/page5_thumbnail.jpg HTTP/1.1" 200 3712
190.159.55.7 - - [09/Aug/2015:11:59:46 -0500] "GET /Residuos/cosmeticos/images/page6_thumbnail.jpg HTTP/1.1" 200 4701
190.159.55.7 - - [09/Aug/2015:11:59:46 -0500] "GET /Residuos/cosmeticos/images/page7_thumbnail.jpg HTTP/1.1" 200 4181
190.159.55.7 - - [09/Aug/2015:11:59:46 -0500] "GET /Residuos/cosmeticos/images/page8_thumbnail.jpg HTTP/1.1" 200 851
190.159.55.7 - - [09/Aug/2015:11:59:46 -0500] "GET /Residuos/cosmeticos/images/page9_thumbnail.jpg HTTP/1.1" 200 4811
190.159.55.7 - - [09/Aug/2015:11:59:46 -0500] "GET /Residuos/cosmeticos/images/page9_thumbnail.jpg HTTP/1.1" 200 4811
190.159.55.7 - - [09/Aug/2015:11:59:46 -0500] "GET /Residuos/cosmeticos/images/page10_thumbnail.jpg HTTP/1.1" 200 6705
190.159.55.7 - - [09/Aug/2015:11:59:46 -0500] "GET /Residuos/cosmeticos/images/page10_thumbnail.jpg HTTP/1.1" 200 6705
190.159.55.7 - - [09/Aug/2015:11:59:46 -0500] "GET /Residuos/cosmeticos/images/page11_thumbnail.jpg HTTP/1.1" 200 15557
190.159.55.7 - - [09/Aug/2015:11:59:46 -0500] "GET /Residuos/cosmeticos/images/page11_thumbnail.jpg HTTP/1.1" 200 15557
190.159.55.7 - - [09/Aug/2015:11:59:46 -0500] "GET /Residuos/cosmeticos/images/page1.swf HTTP/1.1" 200 740709
190.159.55.7 - - [09/Aug/2015:11:59:48 -0500] "GET /Residuos/cosmeticos/images/page12_thumbnail.jpg HTTP/1.1" 200 4669
190.159.55.7 - - [09/Aug/2015:11:59:48 -0500] "GET /Residuos/cosmeticos/images/page13_thumbnail.jpg HTTP/1.1" 200 9351
190.159.55.7 - - [09/Aug/2015:11:59:48 -0500] "GET /Residuos/cosmeticos/images/page14_thumbnail.jpg HTTP/1.1" 200 4459
190.159.55.7 - - [09/Aug/2015:11:59:48 -0500] "GET /Residuos/cosmeticos/images/page15_thumbnail.jpg HTTP/1.1" 200 5009
190.159.55.7 - - [09/Aug/2015:11:59:48 -0500] "GET /Residuos/cosmeticos/images/page16_thumbnail.jpg HTTP/1.1" 200 10259
190.159.55.7 - - [09/Aug/2015:11:59:48 -0500] "GET /Residuos/cosmeticos/images/page17_thumbnail.jpg HTTP/1.1" 200 9093
190.159.55.7 - - [09/Aug/2015:11:59:48 -0500] "GET /Residuos/cosmeticos/images/page19_thumbnail.jpg HTTP/1.1" 200 8288
190.159.55.7 - - [09/Aug/2015:11:59:48 -0500] "GET /Residuos/cosmeticos/images/page18_thumbnail.jpg HTTP/1.1" 200 6183
190.159.55.7 - - [09/Aug/2015:11:59:48 -0500] "GET /Residuos/cosmeticos/images/page20_thumbnail.jpg HTTP/1.1" 200 8789
186.84.18.145 - - [09/Aug/2015:11:59:48 -0500] "GET /crossdomain.xml HTTP/1.1" 404 1280
186.84.18.145 - - [09/Aug/2015:11:59:49 -0500] "GET /arcgis/services/Calidad_del_Agua_WQI/MapServer/WMSServer?HEIGHT=599&STYLES=&LAYERS=3%2C4%2C5%2C6%2C7&BBOX=%2D74%2E08414219394348%2C4%2E649554462325744%2C%2D74%2E0191353192642%2C4%2E678060405175591&VERSION=1%2E1%2E1&TRANSPARENT=TRUE&SERVICE=WMS&SRS=EPSG%3A4686&REQUEST=GetMap&FORMAT=image%2Fpng&WIDTH=1366 HTTP/1.1" 200 5531
190.159.55.7 - - [09/Aug/2015:11:59:49 -0500] "GET /Residuos/cosmeticos/files/search/search1.xml HTTP/1.1" 200 669
190.159.55.7 - - [09/Aug/2015:11:59:49 -0500] "GET /Residuos/cosmeticos/images/page2.swf HTTP/1.1" 200 31208
190.159.55.7 - - [09/Aug/2015:11:59:50 -0500] "GET /Residuos/cosmeticos/files/search/search2.xml HTTP/1.1" 200 8599
190.159.55.7 - - [09/Aug/2015:11:59:50 -0500] "GET /Residuos/cosmeticos/images/page3.swf HTTP/1.1" 200 24919
190.159.55.7 - - [09/Aug/2015:11:59:51 -0500] "GET /Residuos/cosmeticos/images/page4.swf HTTP/1.1" 200 24670
190.159.55.7 - - [09/Aug/2015:11:59:51 -0500] "GET /Residuos/cosmeticos/files/search/search3.xml HTTP/1.1" 200 9238
190.159.55.7 - - [09/Aug/2015:11:59:52 -0500] "GET /Residuos/cosmeticos/files/search/search4.xml HTTP/1.1" 200 9863
190.159.55.7 - - [09/Aug/2015:11:59:52 -0500] "GET /Residuos/cosmeticos/images/page5.swf HTTP/1.1" 200 21906
188.165.15.183 - - [09/Aug/2015:11:59:53 -0500] "GET /BLA/resoluciones/RESOLUCIONES%202003/RES%202003%201851--1900/20031894.tif HTTP/1.1" 200 160240
190.159.55.7 - - [09/Aug/2015:11:59:53 -0500] "GET /Residuos/cosmeticos/files/search/search5.xml HTTP/1.1" 200 9165
186.145.0.164 - - [09/Aug/2015:11:59:55 -0500] "GET /crossdomain.xml HTTP/1.1" 404 1280
186.145.0.164 - - [09/Aug/2015:11:59:55 -0500] "GET /arcgis/services/Calidad_del_Agua_WQI/MapServer/WMSServer?WIDTH=1226&HEIGHT=606&STYLES=&VERSION=1%2E1%2E1&LAYERS=3%2C4%2C5%2C6%2C7&BBOX=%2D74%2E09741076344997%2C4%2E565074250575966%2C%2D74%2E06823857151849%2C4%2E579493784271298&TRANSPARENT=TRUE&SERVICE=WMS&FORMAT=image%2Fpng&SRS=EPSG%3A4686&REQUEST=GetMap HTTP/1.1" 200 6780
190.159.55.7 - - [09/Aug/2015:11:59:57 -0500] "GET /Residuos/cosmeticos/images/page21_thumbnail.jpg HTTP/1.1" 200 3784
190.159.55.7 - - [09/Aug/2015:11:59:58 -0500] "GET /Residuos/cosmeticos/images/page22_thumbnail.jpg HTTP/1.1" 200 11034
186.145.0.164 - - [09/Aug/2015:11:59:58 -0500] "GET /arcgis/services/Calidad_del_Agua_WQI/MapServer/WMSServer?WIDTH=1226&HEIGHT=606&STYLES=&VERSION=1%2E1%2E1&LAYERS=3%2C4%2C5%2C6%2C7&BBOX=%2D74%2E0901177154671%2C4%2E568679133999799%2C%2D74%2E07553161950136%2C4%2E575888900847465&TRANSPARENT=TRUE&SERVICE=WMS&FORMAT=image%2Fpng&SRS=EPSG%3A4686&REQUEST=GetMap HTTP/1.1" 200 6467
190.159.55.7 - - [09/Aug/2015:11:59:58 -0500] "GET /Residuos/cosmeticos/images/page23_thumbnail.jpg HTTP/1.1" 200 11624
186.84.18.145 - - [09/Aug/2015:11:59:58 -0500] "GET /arcgis/services/Calidad_del_Agua_WQI/MapServer/WMSServer?HEIGHT=599&STYLES=&LAYERS=3%2C4%2C5%2C6%2C7&BBOX=%2D74%2E07086480153094%2C4%2E657263915984634%2C%2D74%2E0383613641913%2C4%2E671516887409558&VERSION=1%2E1%2E1&TRANSPARENT=TRUE&SERVICE=WMS&SRS=EPSG%3A4686&REQUEST=GetMap&FORMAT=image%2Fpng&WIDTH=1366 HTTP/1.1" 200 4602
190.159.55.7 - - [09/Aug/2015:11:59:59 -0500] "GET /Residuos/cosmeticos/images/page24_thumbnail.jpg HTTP/1.1" 200 11698
186.84.18.145 - - [09/Aug/2015:11:59:58 -0500] "GET /arcgis/services/Calidad_del_Agua_WQI/MapServer/WMSServer?HEIGHT=599&STYLES=&LAYERS=3%2C4%2C5%2C6%2C7&BBOX=%2D74%2E06424989993474%2C4%2E661118642814079%2C%2D74%2E04799818126492%2C4%2E668245128526541&VERSION=1%2E1%2E1&TRANSPARENT=TRUE&SERVICE=WMS&SRS=EPSG%3A4686&REQUEST=GetMap&FORMAT=image%2Fpng&WIDTH=1366 HTTP/1.1" 200 4602
186.145.0.164 - - [09/Aug/2015:11:59:59 -0500] "GET /arcgis/services/Calidad_del_Agua_WQI/MapServer/WMSServer?WIDTH=1226&HEIGHT=606&STYLES=&VERSION=1%2E1%2E1&LAYERS=3%2C4%2C5%2C6%2C7&BBOX=%2D74%2E08574188667738%2C4%2E570842064054099%2C%2D74%2E07990744829108%2C4%2E5737259707931655&TRANSPARENT=TRUE&SERVICE=WMS&FORMAT=image%2Fpng&SRS=EPSG%3A4686&REQUEST=GetMap HTTP/1.1" 200 5556
190.159.55.7 - - [09/Aug/2015:11:59:59 -0500] "GET /Residuos/cosmeticos/images/page25_thumbnail.jpg HTTP/1.1" 200 10968
190.159.55.7 - - [09/Aug/2015:12:00:00 -0500] "GET /Residuos/cosmeticos/images/page26_thumbnail.jpg HTTP/1.1" 200 10917
190.159.55.7 - - [09/Aug/2015:12:00:00 -0500] "GET /Residuos/cosmeticos/images/page27_thumbnail.jpg HTTP/1.1" 200 11746
190.159.55.7 - - [09/Aug/2015:12:00:01 -0500] "GET /Residuos/cosmeticos/images/page28_thumbnail.jpg HTTP/1.1" 200 7416
186.145.0.164 - - [09/Aug/2015:12:00:01 -0500] "GET /arcgis/services/Calidad_del_Agua_WQI/MapServer/WMSServer?WIDTH=1226&HEIGHT=606&STYLES=&VERSION=1%2E1%2E1&LAYERS=3%2C4%2C5%2C6%2C7&BBOX=%2D74%2E08602627462989%2C4%2E572053299804468%2C%2D74%2E08019183624359%2C4%2E5749372065435345&TRANSPARENT=TRUE&SERVICE=WMS&FORMAT=image%2Fpng&SRS=EPSG%3A4686&REQUEST=GetMap HTTP/1.1" 200 6267
190.159.55.7 - - [09/Aug/2015:12:00:01 -0500] "GET /Residuos/cosmeticos/images/page29_thumbnail.jpg HTTP/1.1" 200 9372
190.159.55.7 - - [09/Aug/2015:12:00:02 -0500] "GET /Residuos/cosmeticos/images/page30_thumbnail.jpg HTTP/1.1" 200 11104
186.84.18.145 - - [09/Aug/2015:12:00:02 -0500] "GET /crossdomain.xml HTTP/1.1" 404 1280
190.159.55.7 - - [09/Aug/2015:12:00:02 -0500] "GET /Residuos/cosmeticos/images/page31_thumbnail.jpg HTTP/1.1" 200 11049
186.145.0.164 - - [09/Aug/2015:12:00:02 -0500] "GET /arcgis/services/Calidad_del_Agua_WQI/MapServer/WMSServer?WIDTH=1226&HEIGHT=606&STYLES=&VERSION=1%2E1%2E1&LAYERS=3%2C4%2C5%2C6%2C7&BBOX=%2D74%2E08672522747914%2C4%2E5734549309484125%2C%2D74%2E08089078909283%2C4%2E576338837687479&TRANSPARENT=TRUE&SERVICE=WMS&FORMAT=image%2Fpng&SRS=EPSG%3A4686&REQUEST=GetMap HTTP/1.1" 200 6774
186.84.18.145 - - [09/Aug/2015:12:00:02 -0500] "GET /arcgis/services/Calidad_del_Agua_WQI/MapServer/WMSServer?HEIGHT=599&STYLES=&LAYERS=3%2C4%2C5%2C6%2C7&BBOX=%2D74%2E06025240544494%2C4%2E663531416273993%2C%2D74%2E05375171797701%2C4%2E666382010558977&VERSION=1%2E1%2E1&TRANSPARENT=TRUE&SERVICE=WMS&SRS=EPSG%3A4686&REQUEST=GetMap&FORMAT=image%2Fpng&WIDTH=1366 HTTP/1.1" 200 4602
190.159.55.7 - - [09/Aug/2015:12:00:03 -0500] "GET /Residuos/cosmeticos/images/page32_thumbnail.jpg HTTP/1.1" 200 9021
190.159.55.7 - - [09/Aug/2015:12:00:03 -0500] "GET /Residuos/cosmeticos/images/page33_thumbnail.jpg HTTP/1.1" 200 6948
190.159.55.7 - - [09/Aug/2015:12:00:04 -0500] "GET /Residuos/cosmeticos/images/page34_thumbnail.jpg HTTP/1.1" 200 11403
190.159.55.7 - - [09/Aug/2015:12:00:04 -0500] "GET /Residuos/cosmeticos/images/page35_thumbnail.jpg HTTP/1.1" 200 5288
190.159.55.7 - - [09/Aug/2015:12:00:05 -0500] "GET /Residuos/cosmeticos/images/page36_thumbnail.jpg HTTP/1.1" 200 7853
190.159.55.7 - - [09/Aug/2015:12:00:05 -0500] "GET /Residuos/cosmeticos/images/page37_thumbnail.jpg HTTP/1.1" 200 5207
186.145.0.164 - - [09/Aug/2015:12:00:05 -0500] "GET /arcgis/services/Calidad_del_Agua_WQI/MapServer/WMSServer?WIDTH=1226&HEIGHT=606&STYLES=&VERSION=1%2E1%2E1&LAYERS=3%2C4%2C5%2C6%2C7&BBOX=%2D74%2E08767714461918%2C4%2E57408534861335%2C%2D74%2E08184270623288%2C4%2E576969255352417&TRANSPARENT=TRUE&SERVICE=WMS&FORMAT=image%2Fpng&SRS=EPSG%3A4686&REQUEST=GetMap HTTP/1.1" 200 6564
190.159.55.7 - - [09/Aug/2015:12:00:06 -0500] "GET /Residuos/cosmeticos/images/page38_thumbnail.jpg HTTP/1.1" 200 5260
190.159.55.7 - - [09/Aug/2015:12:00:06 -0500] "GET /Residuos/cosmeticos/images/page39_thumbnail.jpg HTTP/1.1" 200 4034
190.159.55.7 - - [09/Aug/2015:12:00:07 -0500] "GET /Residuos/cosmeticos/images/page40_thumbnail.jpg HTTP/1.1" 200 3870
186.145.0.164 - - [09/Aug/2015:12:00:07 -0500] "GET /crossdomain.xml HTTP/1.1" 404 1280
190.159.55.7 - - [09/Aug/2015:12:00:07 -0500] "GET /Residuos/cosmeticos/images/page41_thumbnail.jpg HTTP/1.1" 200 12485
186.145.0.164 - - [09/Aug/2015:12:00:07 -0500] "GET /arcgis/services/Calidad_del_Agua_WQI/MapServer/WMSServer?WIDTH=1226&HEIGHT=606&STYLES=&VERSION=1%2E1%2E1&LAYERS=3%2C4%2C5%2C6%2C7&BBOX=%2D74%2E08843903808562%2C4%2E574485358927012%2C%2D74%2E08260459969932%2C4%2E5773692656660785&TRANSPARENT=TRUE&SERVICE=WMS&FORMAT=image%2Fpng&SRS=EPSG%3A4686&REQUEST=GetMap HTTP/1.1" 200 6783
188.165.15.183 - - [09/Aug/2015:12:00:08 -0500] "GET /BLA/resoluciones/RESOLUCIONES%202004/RES%202004%20951-1000/00000959.tif HTTP/1.1" 200 88614
190.159.55.7 - - [09/Aug/2015:12:00:08 -0500] "GET /Residuos/cosmeticos/images/page42_thumbnail.jpg HTTP/1.1" 200 9375
190.159.55.7 - - [09/Aug/2015:12:00:08 -0500] "GET /Residuos/cosmeticos/images/page43_thumbnail.jpg HTTP/1.1" 200 7293
190.159.55.7 - - [09/Aug/2015:12:00:09 -0500] "GET /Residuos/cosmeticos/images/page44_thumbnail.jpg HTTP/1.1" 200 6693
66.249.64.96 - - [09/Aug/2015:12:00:09 -0500] "GET /BLA/resoluciones/AUTOS%202011/5859.pdf HTTP/1.1" 200 650227
190.159.55.7 - - [09/Aug/2015:12:00:09 -0500] "GET /Residuos/cosmeticos/images/page45_thumbnail.jpg HTTP/1.1" 200 9014
190.159.55.7 - - [09/Aug/2015:12:00:10 -0500] "GET /Residuos/cosmeticos/images/page46_thumbnail.jpg HTTP/1.1" 200 9518
186.84.18.145 - - [09/Aug/2015:12:00:10 -0500] "GET /arcgis/services/Calidad_del_Agua_WQI/MapServer/WMSServer?HEIGHT=599&STYLES=&LAYERS=3%2C4%2C5%2C6%2C7&BBOX=%2D74%2E06111012059051%2C4%2E662950054849239%2C%2D74%2E05460943312258%2C4%2E665800649134224&VERSION=1%2E1%2E1&TRANSPARENT=TRUE&SERVICE=WMS&SRS=EPSG%3A4686&REQUEST=GetMap&FORMAT=image%2Fpng&WIDTH=1366 HTTP/1.1" 200 4602
188.165.15.183 - - [09/Aug/2015:12:00:10 -0500] "GET /autoliquidacion/index.php?dir=Solicitud%20de%20Licencia%20Ambiental/&sort=date&order=asc HTTP/1.1" 200 2642
190.159.55.7 - - [09/Aug/2015:12:00:10 -0500] "GET /Residuos/cosmeticos/images/page47_thumbnail.jpg HTTP/1.1" 200 7085
190.159.55.7 - - [09/Aug/2015:12:00:11 -0500] "GET /Residuos/cosmeticos/images/page48_thumbnail.jpg HTTP/1.1" 200 4628
190.159.55.7 - - [09/Aug/2015:12:00:11 -0500] "GET /Residuos/cosmeticos/images/page49_thumbnail.jpg HTTP/1.1" 200 6017
190.159.55.7 - - [09/Aug/2015:12:00:12 -0500] "GET /Residuos/cosmeticos/images/page50_thumbnail.jpg HTTP/1.1" 200 5277
186.84.18.145 - - [09/Aug/2015:12:00:12 -0500] "GET /arcgis/services/Calidad_del_Agua_WQI/MapServer/WMSServer?HEIGHT=599&STYLES=&LAYERS=3%2C4%2C5%2C6%2C7&BBOX=%2D74%2E05948494872352%2C4%2E663662703420485%2C%2D74%2E05623460498957%2C4%2E665088000562978&VERSION=1%2E1%2E1&TRANSPARENT=TRUE&SERVICE=WMS&SRS=EPSG%3A4686&REQUEST=GetMap&FORMAT=image%2Fpng&WIDTH=1366 HTTP/1.1" 200 4602
190.159.55.7 - - [09/Aug/2015:12:00:12 -0500] "GET /Residuos/cosmeticos/images/page51_thumbnail.jpg HTTP/1.1" 200 4989
190.159.55.7 - - [09/Aug/2015:12:00:13 -0500] "GET /Residuos/cosmeticos/images/page52_thumbnail.jpg HTTP/1.1" 200 5035
186.28.149.243 - - [09/Aug/2015:12:00:13 -0500] "GET /forest/buscar.do HTTP/1.1" 200 85075
190.159.55.7 - - [09/Aug/2015:12:00:13 -0500] "GET /Residuos/cosmeticos/images/page53_thumbnail.jpg HTTP/1.1" 200 5209
186.145.0.164 - - [09/Aug/2015:12:00:13 -0500] "GET /arcgis/services/Calidad_del_Agua_WQI/MapServer/WMSServer?WIDTH=1226&HEIGHT=606&STYLES=&VERSION=1%2E1%2E1&LAYERS=3%2C4%2C5%2C6%2C7&BBOX=%2D74%2E08184594822592%2C4%2E570605467648181%2C%2D74%2E07601150983962%2C4%2E573489374387248&TRANSPARENT=TRUE&SERVICE=WMS&FORMAT=image%2Fpng&SRS=EPSG%3A4686&REQUEST=GetMap HTTP/1.1" 200 6675
186.28.149.243 - - [09/Aug/2015:12:00:14 -0500] "GET /forest/json.do?query=usersByDep&coddep=20 HTTP/1.1" 200 4012
186.28.149.243 - - [09/Aug/2015:12:00:14 -0500] "GET /forest/json.do?query=versionListadas HTTP/1.1" 200 15
186.28.149.243 - - [09/Aug/2015:12:00:14 -0500] "GET /forest/json.do?query=usersByDep&coddep=20 HTTP/1.1" 200 4012
186.28.149.243 - - [09/Aug/2015:12:00:14 -0500] "GET /forest/json.do?query=procesIniciales HTTP/1.1" 200 11405
186.28.149.243 - - [09/Aug/2015:12:00:14 -0500] "GET /forest/json.do?query=bpmnIniciales HTTP/1.1" 200 1334
190.159.55.7 - - [09/Aug/2015:12:00:14 -0500] "GET /Residuos/cosmeticos/images/page54_thumbnail.jpg HTTP/1.1" 200 4882
190.159.55.7 - - [09/Aug/2015:12:00:14 -0500] "GET /Residuos/cosmeticos/images/page55_thumbnail.jpg HTTP/1.1" 200 5278
190.159.55.7 - - [09/Aug/2015:12:00:15 -0500] "GET /Residuos/cosmeticos/images/page56_thumbnail.jpg HTTP/1.1" 200 5349
186.84.18.145 - - [09/Aug/2015:12:00:15 -0500] "GET /crossdomain.xml HTTP/1.1" 404 1280
190.159.55.7 - - [09/Aug/2015:12:00:15 -0500] "GET /Residuos/cosmeticos/images/page57_thumbnail.jpg HTTP/1.1" 200 5068
186.28.149.243 - - [09/Aug/2015:12:00:15 -0500] "POST /forest/buscar.do? HTTP/1.1" 200 7045
186.84.18.145 - - [09/Aug/2015:12:00:15 -0500] "GET /arcgis/services/Calidad_del_Agua_WQI/MapServer/WMSServer?HEIGHT=599&STYLES=&LAYERS=3%2C4%2C5%2C6%2C7&BBOX=%2D74%2E0587897827581%2C4%2E664636407889504%2C%2D74%2E05553943902414%2C4%2E666061705031997&VERSION=1%2E1%2E1&TRANSPARENT=TRUE&SERVICE=WMS&SRS=EPSG%3A4686&REQUEST=GetMap&FORMAT=image%2Fpng&WIDTH=1366 HTTP/1.1" 200 4602
190.159.55.7 - - [09/Aug/2015:12:00:16 -0500] "GET /Residuos/cosmeticos/images/page58_thumbnail.jpg HTTP/1.1" 200 5323
190.159.55.7 - - [09/Aug/2015:12:00:16 -0500] "GET /Residuos/cosmeticos/images/page59_thumbnail.jpg HTTP/1.1" 200 5432
186.28.149.243 - - [09/Aug/2015:12:00:17 -0500] "GET /forest/skins/gdocs-jar/popup/popup.jsp?width=900&height=600&title=Informaci%F3n%20de%20proceso&uri=/forest/system/process.jsp%3FnumPro%3D2949443&name=undefined&_a=0.0042851814068853855&a=0.24361731205135584 HTTP/1.1" 200 1312
190.159.55.7 - - [09/Aug/2015:12:00:17 -0500] "GET /Residuos/cosmeticos/images/page60_thumbnail.jpg HTTP/1.1" 200 4770
186.28.149.243 - - [09/Aug/2015:12:00:17 -0500] "GET /forest/system/process.jsp?numPro=2949443 HTTP/1.1" 200 73770
190.159.55.7 - - [09/Aug/2015:12:00:17 -0500] "GET /Residuos/cosmeticos/images/page61_thumbnail.jpg HTTP/1.1" 200 7193
190.159.55.7 - - [09/Aug/2015:12:00:18 -0500] "GET /Residuos/cosmeticos/images/page62_thumbnail.jpg HTTP/1.1" 200 4809
190.159.55.7 - - [09/Aug/2015:12:00:18 -0500] "GET /Residuos/cosmeticos/images/page63_thumbnail.jpg HTTP/1.1" 200 5010
190.159.55.7 - - [09/Aug/2015:12:00:19 -0500] "GET /Residuos/cosmeticos/images/page64_thumbnail.jpg HTTP/1.1" 200 10436
186.145.0.164 - - [09/Aug/2015:12:00:19 -0500] "GET /crossdomain.xml HTTP/1.1" 404 1280
190.159.55.7 - - [09/Aug/2015:12:00:19 -0500] "GET /Residuos/cosmeticos/images/page65_thumbnail.jpg HTTP/1.1" 200 8888
186.145.0.164 - - [09/Aug/2015:12:00:19 -0500] "GET /arcgis/services/Calidad_del_Agua_WQI/MapServer/WMSServer?WIDTH=1226&HEIGHT=606&STYLES=&VERSION=1%2E1%2E1&LAYERS=3%2C4%2C5%2C6%2C7&BBOX=%2D74%2E08096020603847%2C4%2E571963690154457%2C%2D74%2E07512576765217%2C4%2E574847596893524&TRANSPARENT=TRUE&SERVICE=WMS&FORMAT=image%2Fpng&SRS=EPSG%3A4686&REQUEST=GetMap HTTP/1.1" 200 5591
190.159.55.7 - - [09/Aug/2015:12:00:20 -0500] "GET /Residuos/cosmeticos/images/page66_thumbnail.jpg HTTP/1.1" 200 7075
190.159.55.7 - - [09/Aug/2015:12:00:21 -0500] "GET /Residuos/cosmeticos/images/page67_thumbnail.jpg HTTP/1.1" 200 5159
186.145.0.164 - - [09/Aug/2015:12:00:21 -0500] "GET /arcgis/services/Calidad_del_Agua_WQI/MapServer/WMSServer?WIDTH=1226&HEIGHT=606&STYLES=&VERSION=1%2E1%2E1&LAYERS=3%2C4%2C5%2C6%2C7&BBOX=%2D74%2E08030872913967%2C4%2E573231488088253%2C%2D74%2E07447429075337%2C4%2E57611539482732&TRANSPARENT=TRUE&SERVICE=WMS&FORMAT=image%2Fpng&SRS=EPSG%3A4686&REQUEST=GetMap HTTP/1.1" 200 4349
190.159.55.7 - - [09/Aug/2015:12:00:21 -0500] "GET /Residuos/cosmeticos/images/page68_thumbnail.jpg HTTP/1.1" 200 4924
190.159.55.7 - - [09/Aug/2015:12:00:22 -0500] "GET /Residuos/cosmeticos/images/page69_thumbnail.jpg HTTP/1.1" 200 7250
190.159.55.7 - - [09/Aug/2015:12:00:22 -0500] "GET /Residuos/cosmeticos/images/page70_thumbnail.jpg HTTP/1.1" 200 5668
190.159.55.7 - - [09/Aug/2015:12:00:23 -0500] "GET /Residuos/cosmeticos/images/page71_thumbnail.jpg HTTP/1.1" 200 5790
190.159.55.7 - - [09/Aug/2015:12:00:23 -0500] "GET /Residuos/cosmeticos/images/page72_thumbnail.jpg HTTP/1.1" 200 5762
186.145.0.164 - - [09/Aug/2015:12:00:23 -0500] "GET /arcgis/services/Calidad_del_Agua_WQI/MapServer/WMSServer?WIDTH=1226&HEIGHT=606&STYLES=&VERSION=1%2E1%2E1&LAYERS=3%2C4%2C5%2C6%2C7&BBOX=%2D74%2E07972396399003%2C4%2E573772020750576%2C%2D74%2E07388952560373%2C4%2E576655927489643&TRANSPARENT=TRUE&SERVICE=WMS&FORMAT=image%2Fpng&SRS=EPSG%3A4686&REQUEST=GetMap HTTP/1.1" 200 4349
190.159.55.7 - - [09/Aug/2015:12:00:23 -0500] "GET /Residuos/cosmeticos/images/page73_thumbnail.jpg HTTP/1.1" 200 4810
190.159.55.7 - - [09/Aug/2015:12:00:24 -0500] "GET /Residuos/cosmeticos/images/page74_thumbnail.jpg HTTP/1.1" 200 9361
186.145.0.164 - - [09/Aug/2015:12:00:24 -0500] "GET /arcgis/services/Calidad_del_Agua_WQI/MapServer/WMSServer?WIDTH=1226&HEIGHT=606&STYLES=&VERSION=1%2E1%2E1&LAYERS=3%2C4%2C5%2C6%2C7&BBOX=%2D74%2E07888028732495%2C4%2E574365839668356%2C%2D74%2E07304584893865%2C4%2E577249746407423&TRANSPARENT=TRUE&SERVICE=WMS&FORMAT=image%2Fpng&SRS=EPSG%3A4686&REQUEST=GetMap HTTP/1.1" 200 4349
190.159.55.7 - - [09/Aug/2015:12:00:24 -0500] "GET /Residuos/cosmeticos/images/page75_thumbnail.jpg HTTP/1.1" 200 10198
190.159.55.7 - - [09/Aug/2015:12:00:25 -0500] "GET /Residuos/cosmeticos/images/page76_thumbnail.jpg HTTP/1.1" 200 4359
190.159.55.7 - - [09/Aug/2015:12:00:26 -0500] "GET /Residuos/cosmeticos/images/page77_thumbnail.jpg HTTP/1.1" 200 8917
190.159.55.7 - - [09/Aug/2015:12:00:26 -0500] "GET /Residuos/cosmeticos/images/page78_thumbnail.jpg HTTP/1.1" 200 7114
190.159.55.7 - - [09/Aug/2015:12:00:27 -0500] "GET /Residuos/cosmeticos/images/page79_thumbnail.jpg HTTP/1.1" 200 8073
186.145.0.164 - - [09/Aug/2015:12:00:27 -0500] "GET /arcgis/services/Calidad_del_Agua_WQI/MapServer/WMSServer?WIDTH=1226&HEIGHT=606&STYLES=&VERSION=1%2E1%2E1&LAYERS=3%2C4%2C5%2C6%2C7&BBOX=%2D74%2E07661719325066%2C4%2E575410603120963%2C%2D74%2E07078275486435%2C4%2E578294509860029&TRANSPARENT=TRUE&SERVICE=WMS&FORMAT=image%2Fpng&SRS=EPSG%3A4686&REQUEST=GetMap HTTP/1.1" 200 4349
190.159.55.7 - - [09/Aug/2015:12:00:27 -0500] "GET /Residuos/cosmeticos/images/page80_thumbnail.jpg HTTP/1.1" 200 6097
190.159.55.7 - - [09/Aug/2015:12:00:28 -0500] "GET /Residuos/cosmeticos/images/page81_thumbnail.jpg HTTP/1.1" 200 12356
190.159.55.7 - - [09/Aug/2015:12:00:28 -0500] "GET /Residuos/cosmeticos/images/page82_thumbnail.jpg HTTP/1.1" 200 5023
190.159.55.7 - - [09/Aug/2015:12:00:29 -0500] "GET /Residuos/cosmeticos/images/page83_thumbnail.jpg HTTP/1.1" 200 12133
186.145.0.164 - - [09/Aug/2015:12:00:29 -0500] "GET /arcgis/services/Calidad_del_Agua_WQI/MapServer/WMSServer?WIDTH=1226&HEIGHT=606&STYLES=&VERSION=1%2E1%2E1&LAYERS=3%2C4%2C5%2C6%2C7&BBOX=%2D74%2E07638000398742%2C4%2E576375758807864%2C%2D74%2E07054556560112%2C4%2E579259665546931&TRANSPARENT=TRUE&SERVICE=WMS&FORMAT=image%2Fpng&SRS=EPSG%3A4686&REQUEST=GetMap HTTP/1.1" 200 4349
190.159.55.7 - - [09/Aug/2015:12:00:29 -0500] "GET /Residuos/cosmeticos/images/page84_thumbnail.jpg HTTP/1.1" 200 4431
190.159.55.7 - - [09/Aug/2015:12:00:30 -0500] "GET /Residuos/cosmeticos/images/page85_thumbnail.jpg HTTP/1.1" 200 9028
190.159.55.7 - - [09/Aug/2015:12:00:30 -0500] "GET /Residuos/cosmeticos/images/page86_thumbnail.jpg HTTP/1.1" 200 6370
190.159.55.7 - - [09/Aug/2015:12:00:31 -0500] "GET /Residuos/cosmeticos/images/page87_thumbnail.jpg HTTP/1.1" 200 5854
190.159.55.7 - - [09/Aug/2015:12:00:31 -0500] "GET /Residuos/cosmeticos/images/page88_thumbnail.jpg HTTP/1.1" 200 3773
190.159.55.7 - - [09/Aug/2015:12:00:32 -0500] "GET /Residuos/cosmeticos/images/page89_thumbnail.jpg HTTP/1.1" 200 6212
190.159.55.7 - - [09/Aug/2015:12:00:32 -0500] "GET /Residuos/cosmeticos/images/page90_thumbnail.jpg HTTP/1.1" 200 6580
190.159.55.7 - - [09/Aug/2015:12:00:33 -0500] "GET /Residuos/cosmeticos/images/page91_thumbnail.jpg HTTP/1.1" 200 7285
190.159.55.7 - - [09/Aug/2015:12:00:33 -0500] "GET /Residuos/cosmeticos/images/page92_thumbnail.jpg HTTP/1.1" 200 6180
190.159.55.7 - - [09/Aug/2015:12:00:34 -0500] "GET /Residuos/cosmeticos/images/page93_thumbnail.jpg HTTP/1.1" 200 8070
190.159.55.7 - - [09/Aug/2015:12:00:34 -0500] "GET /Residuos/cosmeticos/images/page94_thumbnail.jpg HTTP/1.1" 200 5801
186.28.149.243 - - [09/Aug/2015:12:00:19 -0500] "GET /forest/documentos/1954006/2014ER183605.pdf HTTP/1.1" 200 6211887
190.159.55.7 - - [09/Aug/2015:12:00:35 -0500] "GET /Residuos/cosmeticos/images/page95_thumbnail.jpg HTTP/1.1" 200 7425
186.145.0.164 - - [09/Aug/2015:12:00:35 -0500] "GET /crossdomain.xml HTTP/1.1" 404 1280
186.145.0.164 - - [09/Aug/2015:12:00:35 -0500] "GET /arcgis/services/Calidad_del_Agua_WQI/MapServer/WMSServer?WIDTH=1226&HEIGHT=606&STYLES=&VERSION=1%2E1%2E1&LAYERS=3%2C4%2C5%2C6%2C7&BBOX=%2D74%2E08160577516387%2C4%2E571396267822816%2C%2D74%2E07577133677756%2C4%2E574280174561883&TRANSPARENT=TRUE&SERVICE=WMS&FORMAT=image%2Fpng&SRS=EPSG%3A4686&REQUEST=GetMap HTTP/1.1" 200 6433
190.159.55.7 - - [09/Aug/2015:12:00:35 -0500] "GET /Residuos/cosmeticos/images/page96_thumbnail.jpg HTTP/1.1" 200 5464
190.159.55.7 - - [09/Aug/2015:12:00:36 -0500] "GET /Residuos/cosmeticos/images/page97_thumbnail.jpg HTTP/1.1" 200 4829
190.159.55.7 - - [09/Aug/2015:12:00:36 -0500] "GET /Residuos/cosmeticos/images/page98_thumbnail.jpg HTTP/1.1" 200 5535
186.145.0.164 - - [09/Aug/2015:12:00:36 -0500] "GET /arcgis/services/Calidad_del_Agua_WQI/MapServer/WMSServer?WIDTH=1226&HEIGHT=606&STYLES=&VERSION=1%2E1%2E1&LAYERS=3%2C4%2C5%2C6%2C7&BBOX=%2D74%2E08226388673381%2C4%2E570681963783206%2C%2D74%2E07642944834751%2C4%2E573565870522272&TRANSPARENT=TRUE&SERVICE=WMS&FORMAT=image%2Fpng&SRS=EPSG%3A4686&REQUEST=GetMap HTTP/1.1" 200 6646
186.28.141.3 - - [09/Aug/2015:12:00:36 -0500] "GET /BLA/boletinlegal/js/jquery.scrollShow.js HTTP/1.1" 200 4586
186.28.141.3 - - [09/Aug/2015:12:00:36 -0500] "GET /galeria/galeria/jquery.fancybox.js?v=2.1.5 HTTP/1.1" 200 48706
186.28.141.3 - - [09/Aug/2015:12:00:36 -0500] "GET /galeria/galeria/jquery.fancybox.css?v=2.1.5 HTTP/1.1" 200 4895
190.159.55.7 - - [09/Aug/2015:12:00:37 -0500] "GET /Residuos/cosmeticos/images/page99_thumbnail.jpg HTTP/1.1" 200 7196
190.159.55.7 - - [09/Aug/2015:12:00:37 -0500] "GET /Residuos/cosmeticos/images/page100_thumbnail.jpg HTTP/1.1" 200 6341
190.159.55.7 - - [09/Aug/2015:12:00:38 -0500] "GET /Residuos/cosmeticos/images/page101_thumbnail.jpg HTTP/1.1" 200 8015
190.159.55.7 - - [09/Aug/2015:12:00:38 -0500] "GET /Residuos/cosmeticos/images/page102_thumbnail.jpg HTTP/1.1" 200 7884
190.159.55.7 - - [09/Aug/2015:12:00:39 -0500] "GET /Residuos/cosmeticos/images/page103_thumbnail.jpg HTTP/1.1" 200 5720
190.159.55.7 - - [09/Aug/2015:12:00:39 -0500] "GET /Residuos/cosmeticos/images/page104_thumbnail.jpg HTTP/1.1" 200 8272
190.159.55.7 - - [09/Aug/2015:12:00:40 -0500] "GET /Residuos/cosmeticos/images/page105_thumbnail.jpg HTTP/1.1" 200 6044
186.28.141.3 - - [09/Aug/2015:12:00:40 -0500] "GET /BLA/boletinlegal/js/jquery.scrollShow.js HTTP/1.1" 200 4586
186.28.141.3 - - [09/Aug/2015:12:00:40 -0500] "GET /galeria/galeria/jquery.fancybox.js?v=2.1.5 HTTP/1.1" 200 48706
186.28.141.3 - - [09/Aug/2015:12:00:40 -0500] "GET /galeria/galeria/jquery.fancybox.css?v=2.1.5 HTTP/1.1" 200 4895
190.159.55.7 - - [09/Aug/2015:12:00:40 -0500] "GET /Residuos/cosmeticos/images/page106_thumbnail.jpg HTTP/1.1" 200 1019
186.145.0.164 - - [09/Aug/2015:12:00:42 -0500] "GET /arcgis/services/Calidad_del_Agua_WQI/MapServer/WMSServer?WIDTH=1226&HEIGHT=606&STYLES=&VERSION=1%2E1%2E1&LAYERS=3%2C4%2C5%2C6%2C7&BBOX=%2D74%2E07340200623823%2C4%2E567354537569595%2C%2D74%2E06756756785192%2C4%2E570238444308662&TRANSPARENT=TRUE&SERVICE=WMS&FORMAT=image%2Fpng&SRS=EPSG%3A4686&REQUEST=GetMap HTTP/1.1" 200 5789
186.145.0.164 - - [09/Aug/2015:12:00:49 -0500] "GET /crossdomain.xml HTTP/1.1" 404 1280
186.145.0.164 - - [09/Aug/2015:12:00:49 -0500] "GET /arcgis/services/Calidad_del_Agua_WQI/MapServer/WMSServer?WIDTH=1226&HEIGHT=606&STYLES=&VERSION=1%2E1%2E1&LAYERS=3%2C4%2C5%2C6%2C7&BBOX=%2D74%2E07264529985021%2C4%2E5678905111829655%2C%2D74%2E0668108614639%2C4%2E570774417922032&TRANSPARENT=TRUE&SERVICE=WMS&FORMAT=image%2Fpng&SRS=EPSG%3A4686&REQUEST=GetMap HTTP/1.1" 200 6574
186.84.18.145 - - [09/Aug/2015:12:00:53 -0500] "GET /crossdomain.xml HTTP/1.1" 404 1280
186.145.0.164 - - [09/Aug/2015:12:00:53 -0500] "GET /arcgis/services/Calidad_del_Agua_WQI/MapServer/WMSServer?WIDTH=1226&HEIGHT=606&STYLES=&VERSION=1%2E1%2E1&LAYERS=3%2C4%2C5%2C6%2C7&BBOX=%2D74%2E07867631201991%2C4%2E568850778464094%2C%2D74%2E0728418736336%2C4%2E571734685203161&TRANSPARENT=TRUE&SERVICE=WMS&FORMAT=image%2Fpng&SRS=EPSG%3A4686&REQUEST=GetMap HTTP/1.1" 200 6107
186.84.18.145 - - [09/Aug/2015:12:00:53 -0500] "GET /arcgis/services/Calidad_del_Agua_WQI/MapServer/WMSServer?HEIGHT=599&STYLES=&LAYERS=3%2C4%2C5%2C6%2C7&BBOX=%2D74%2E06003662032516%2C4%2E663915431204745%2C%2D74%2E05353593285723%2C4%2E666766025489729&VERSION=1%2E1%2E1&TRANSPARENT=TRUE&SERVICE=WMS&SRS=EPSG%3A4686&REQUEST=GetMap&FORMAT=image%2Fpng&WIDTH=1366 HTTP/1.1" 200 4602
186.84.18.145 - - [09/Aug/2015:12:00:53 -0500] "GET /arcgis/services/Calidad_del_Agua_WQI/MapServer/WMSServer?HEIGHT=599&STYLES=&LAYERS=3%2C4%2C5%2C6%2C7&BBOX=%2D74%2E0637628562603%2C4%2E661745362767424%2C%2D74%2E04751113759048%2C4%2E668871848479886&VERSION=1%2E1%2E1&TRANSPARENT=TRUE&SERVICE=WMS&SRS=EPSG%3A4686&REQUEST=GetMap&FORMAT=image%2Fpng&WIDTH=1366 HTTP/1.1" 200 4602
186.84.18.145 - - [09/Aug/2015:12:00:55 -0500] "GET /arcgis/services/Calidad_del_Agua_WQI/MapServer/WMSServer?HEIGHT=599&STYLES=&LAYERS=3%2C4%2C5%2C6%2C7&BBOX=%2D74%2E06997324948551%2C4%2E658188068563708%2C%2D74%2E03746981214587%2C4%2E672441039988631&VERSION=1%2E1%2E1&TRANSPARENT=TRUE&SERVICE=WMS&SRS=EPSG%3A4686&REQUEST=GetMap&FORMAT=image%2Fpng&WIDTH=1366 HTTP/1.1" 200 4602
186.145.0.164 - - [09/Aug/2015:12:00:57 -0500] "GET /arcgis/services/Calidad_del_Agua_WQI/MapServer/WMSServer?WIDTH=1226&HEIGHT=606&STYLES=&VERSION=1%2E1%2E1&LAYERS=3%2C4%2C5%2C6%2C7&BBOX=%2D74%2E08189051127648%2C4%2E570103796076483%2C%2D74%2E07605607289018%2C4%2E57298770281555&TRANSPARENT=TRUE&SERVICE=WMS&FORMAT=image%2Fpng&SRS=EPSG%3A4686&REQUEST=GetMap HTTP/1.1" 200 6464
186.84.18.145 - - [09/Aug/2015:12:00:58 -0500] "GET /arcgis/services/Calidad_del_Agua_WQI/MapServer/WMSServer?HEIGHT=599&STYLES=&LAYERS=3%2C4%2C5%2C6%2C7&BBOX=%2D74%2E08377412331933%2C4%2E64862263532027%2C%2D74%2E01876724864005%2C4%2E677128578170117&VERSION=1%2E1%2E1&TRANSPARENT=TRUE&SERVICE=WMS&SRS=EPSG%3A4686&REQUEST=GetMap&FORMAT=image%2Fpng&WIDTH=1366 HTTP/1.1" 200 5545
186.145.0.164 - - [09/Aug/2015:12:01:03 -0500] "GET /crossdomain.xml HTTP/1.1" 404 1280
186.145.0.164 - - [09/Aug/2015:12:01:03 -0500] "GET /arcgis/services/Calidad_del_Agua_WQI/MapServer/WMSServer?WIDTH=1226&HEIGHT=606&STYLES=&VERSION=1%2E1%2E1&LAYERS=3%2C4%2C5%2C6%2C7&BBOX=%2D74%2E08256641970482%2C4%2E570955882765064%2C%2D74%2E07673198131852%2C4%2E573839789504131&TRANSPARENT=TRUE&SERVICE=WMS&FORMAT=image%2Fpng&SRS=EPSG%3A4686&REQUEST=GetMap HTTP/1.1" 200 6649
186.145.0.164 - - [09/Aug/2015:12:01:07 -0500] "GET /arcgis/services/Calidad_del_Agua_WQI/MapServer/WMSServer?WIDTH=1226&HEIGHT=606&STYLES=&VERSION=1%2E1%2E1&LAYERS=3%2C4%2C5%2C6%2C7&BBOX=%2D74%2E08339690505858%2C4%2E571233112841793%2C%2D74%2E07756246667228%2C4%2E57411701958086&TRANSPARENT=TRUE&SERVICE=WMS&FORMAT=image%2Fpng&SRS=EPSG%3A4686&REQUEST=GetMap HTTP/1.1" 200 6770
186.84.18.145 - - [09/Aug/2015:12:01:08 -0500] "GET /crossdomain.xml HTTP/1.1" 404 1280
186.84.18.145 - - [09/Aug/2015:12:01:09 -0500] "GET /arcgis/services/Calidad_del_Agua_WQI/MapServer/WMSServer?HEIGHT=599&STYLES=&LAYERS=3%2C4%2C5%2C6%2C7&BBOX=%2D74%2E06883110820272%2C4%2E65661762429986%2C%2D74%2E03632767086307%2C4%2E670870595724783&VERSION=1%2E1%2E1&TRANSPARENT=TRUE&SERVICE=WMS&SRS=EPSG%3A4686&REQUEST=GetMap&FORMAT=image%2Fpng&WIDTH=1366 HTTP/1.1" 200 4602
186.145.0.164 - - [09/Aug/2015:12:01:12 -0500] "GET /arcgis/services/Calidad_del_Agua_WQI/MapServer/WMSServer?WIDTH=1226&HEIGHT=606&STYLES=&VERSION=1%2E1%2E1&LAYERS=3%2C4%2C5%2C6%2C7&BBOX=%2D74%2E08558987133465%2C4%2E57284829651428%2C%2D74%2E07975543294835%2C4%2E575732203253347&TRANSPARENT=TRUE&SERVICE=WMS&FORMAT=image%2Fpng&SRS=EPSG%3A4686&REQUEST=GetMap HTTP/1.1" 200 6629
186.145.0.164 - - [09/Aug/2015:12:01:15 -0500] "GET /crossdomain.xml HTTP/1.1" 404 1280
186.145.0.164 - - [09/Aug/2015:12:01:15 -0500] "GET /arcgis/services/Calidad_del_Agua_WQI/MapServer/WMSServer?WIDTH=1226&HEIGHT=606&STYLES=&VERSION=1%2E1%2E1&LAYERS=3%2C4%2C5%2C6%2C7&BBOX=%2D74%2E08653540106299%2C4%2E573043012671412%2C%2D74%2E08070096267669%2C4%2E575926919410478&TRANSPARENT=TRUE&SERVICE=WMS&FORMAT=image%2Fpng&SRS=EPSG%3A4686&REQUEST=GetMap HTTP/1.1" 200 6639
186.145.0.164 - - [09/Aug/2015:12:01:17 -0500] "GET /arcgis/services/Calidad_del_Agua_WQI/MapServer/WMSServer?WIDTH=1226&HEIGHT=606&STYLES=&VERSION=1%2E1%2E1&LAYERS=3%2C4%2C5%2C6%2C7&BBOX=%2D74%2E08741795446109%2C4%2E573830574433145%2C%2D74%2E08158351607479%2C4%2E576714481172211&TRANSPARENT=TRUE&SERVICE=WMS&FORMAT=image%2Fpng&SRS=EPSG%3A4686&REQUEST=GetMap HTTP/1.1" 200 6772
186.145.0.164 - - [09/Aug/2015:12:01:18 -0500] "GET /arcgis/services/Calidad_del_Agua_WQI/MapServer/WMSServer?WIDTH=1226&HEIGHT=606&STYLES=&VERSION=1%2E1%2E1&LAYERS=3%2C4%2C5%2C6%2C7&BBOX=%2D74%2E08855134776493%2C4%2E574671060980653%2C%2D74%2E08271690937863%2C4%2E57755496771972&TRANSPARENT=TRUE&SERVICE=WMS&FORMAT=image%2Fpng&SRS=EPSG%3A4686&REQUEST=GetMap HTTP/1.1" 200 6805
186.28.149.243 - - [09/Aug/2015:12:01:24 -0500] "GET /forest/session.jsp?a=0.22759486897848547 HTTP/1.1" 200 4
186.145.0.164 - - [09/Aug/2015:12:01:25 -0500] "GET /arcgis/services/Calidad_del_Agua_WQI/MapServer/WMSServer?WIDTH=1226&HEIGHT=606&STYLES=&VERSION=1%2E1%2E1&LAYERS=3%2C4%2C5%2C6%2C7&BBOX=%2D74%2E0928740630677%2C4%2E580048385901501%2C%2D74%2E0870396246814%2C4%2E582932292640567&TRANSPARENT=TRUE&SERVICE=WMS&FORMAT=image%2Fpng&SRS=EPSG%3A4686&REQUEST=GetMap HTTP/1.1" 200 5438
186.145.0.164 - - [09/Aug/2015:12:01:28 -0500] "GET /crossdomain.xml HTTP/1.1" 404 1280
186.145.0.164 - - [09/Aug/2015:12:01:28 -0500] "GET /arcgis/services/Calidad_del_Agua_WQI/MapServer/WMSServer?WIDTH=1226&HEIGHT=606&STYLES=&VERSION=1%2E1%2E1&LAYERS=3%2C4%2C5%2C6%2C7&BBOX=%2D74%2E09552624901768%2C4%2E5815980037893125%2C%2D74%2E08969181063138%2C4%2E584481910528379&TRANSPARENT=TRUE&SERVICE=WMS&FORMAT=image%2Fpng&SRS=EPSG%3A4686&REQUEST=GetMap HTTP/1.1" 200 6012
186.83.109.200 - - [09/Aug/2015:12:01:30 -0500] "GET /BLA/boletinlegal/js/jquery.scrollShow.js HTTP/1.1" 200 4586
186.83.109.200 - - [09/Aug/2015:12:01:30 -0500] "GET /galeria/galeria/jquery.fancybox.css?v=2.1.5 HTTP/1.1" 200 4895
186.83.109.200 - - [09/Aug/2015:12:01:30 -0500] "GET /galeria/carrusel/Carrusel/jquery.thumbnailScroller.js HTTP/1.1" 200 8157
186.83.109.200 - - [09/Aug/2015:12:01:30 -0500] "GET /galeria/galeria/jquery.fancybox.js?v=2.1.5 HTTP/1.1" 200 48706
186.83.109.200 - - [09/Aug/2015:12:01:30 -0500] "GET /galeria/carrusel/Carrusel/jquery-ui-1.8.13.custom.min.js HTTP/1.1" 200 10800
186.83.109.200 - - [09/Aug/2015:12:01:30 -0500] "GET /galeria/carrusel/Carrusel/jquery.thumbnailScroller.css HTTP/1.1" 200 2066
186.83.109.200 - - [09/Aug/2015:12:01:32 -0500] "GET /galeria/nivo-slider/demo/demo.html HTTP/1.1" 200 5035
186.145.0.164 - - [09/Aug/2015:12:01:32 -0500] "GET /arcgis/services/Calidad_del_Agua_WQI/MapServer/WMSServer?WIDTH=1226&HEIGHT=606&STYLES=&VERSION=1%2E1%2E1&LAYERS=3%2C4%2C5%2C6%2C7&BBOX=%2D74%2E09913008726404%2C4%2E584760065481754%2C%2D74%2E09329564887774%2C4%2E587643972220821&TRANSPARENT=TRUE&SERVICE=WMS&FORMAT=image%2Fpng&SRS=EPSG%3A4686&REQUEST=GetMap HTTP/1.1" 200 6321
186.83.109.200 - - [09/Aug/2015:12:01:35 -0500] "GET /galeria/nivo-slider/themes/default/default.css HTTP/1.1" 200 1569
186.83.109.200 - - [09/Aug/2015:12:01:35 -0500] "GET /galeria/nivo-slider/themes/pascal/pascal.css HTTP/1.1" 200 2258
186.83.109.200 - - [09/Aug/2015:12:01:35 -0500] "GET /galeria/nivo-slider/themes/orman/orman.css HTTP/1.1" 200 2152
186.83.109.200 - - [09/Aug/2015:12:01:35 -0500] "GET /galeria/nivo-slider/nivo-slider.css HTTP/1.1" 200 1507
186.83.109.200 - - [09/Aug/2015:12:01:35 -0500] "GET /galeria/nivo-slider/demo/style.css HTTP/1.1" 200 2222
186.83.109.200 - - [09/Aug/2015:12:01:35 -0500] "GET /galeria/nivo-slider/demo/images/rendicion-de-cuentas-7-agosto.jpg HTTP/1.1" 200 116018
186.83.109.200 - - [09/Aug/2015:12:01:35 -0500] "GET /galeria/nivo-slider/demo/scripts/jquery-1.7.1.min.js HTTP/1.1" 200 93868
186.83.109.200 - - [09/Aug/2015:12:01:35 -0500] "GET /galeria/nivo-slider/demo/images/PREDAcamp.jpg HTTP/1.1" 200 295358
186.83.109.200 - - [09/Aug/2015:12:01:35 -0500] "GET /galeria/nivo-slider/jquery.nivo.slider.pack.js HTTP/1.1" 200 11561
186.83.109.200 - - [09/Aug/2015:12:01:35 -0500] "GET /galeria/nivo-slider/demo/images/Banner-piel-natural.jpg HTTP/1.1" 200 160762
186.83.109.200 - - [09/Aug/2015:12:01:35 -0500] "GET /galeria/nivo-slider/demo/images/4Simple_Slider.png HTTP/1.1" 200 11722
186.83.109.200 - - [09/Aug/2015:12:01:36 -0500] "GET /galeria/nivo-slider/themes/default/loading.gif HTTP/1.1" 200 1737
186.83.109.200 - - [09/Aug/2015:12:01:37 -0500] "GET /galeria/nivo-slider/demo/images/Semana-PYBA.jpg HTTP/1.1" 200 147360
186.83.109.200 - - [09/Aug/2015:12:01:38 -0500] "GET /galeria/nivo-slider/demo/images/VoluntariadoPYBA.jpg HTTP/1.1" 200 40647
186.83.109.200 - - [09/Aug/2015:12:01:38 -0500] "GET /galeria/nivo-slider/demo/images/Cambio-Climatico-Paramos.jpg HTTP/1.1" 200 262430
186.83.109.200 - - [09/Aug/2015:12:01:39 -0500] "GET /galeria/nivo-slider/demo/images/banner-llantas2.jpg HTTP/1.1" 200 204644
186.83.109.200 - - [09/Aug/2015:12:01:39 -0500] "GET /galeria/nivo-slider/demo/images/9Signos.jpg HTTP/1.1" 200 81776
186.83.109.200 - - [09/Aug/2015:12:01:39 -0500] "GET /galeria/nivo-slider/demo/images/Comparendo-ambiental-Banner.jpg HTTP/1.1" 200 83731
186.83.109.200 - - [09/Aug/2015:12:01:39 -0500] "GET /galeria/nivo-slider/demo/images/GAE-banner.jpg HTTP/1.1" 200 97556
186.83.109.200 - - [09/Aug/2015:12:01:41 -0500] "GET /galeria/nivo-slider/demo/images/acuerdo_569.jpg HTTP/1.1" 200 62670
186.83.109.200 - - [09/Aug/2015:12:01:41 -0500] "GET /galeria/nivo-slider/demo/images/banner-Pacto-por-la-madera.jpg HTTP/1.1" 200 209966
