186.145.0.164 - - [09/Aug/2015:12:34:48 -0500] "GET /crossdomain.xml HTTP/1.1" 404 1280
186.145.0.164 - - [09/Aug/2015:12:34:48 -0500] "GET /arcgis/services/Calidad_del_Agua_WQI/MapServer/WMSServer?WIDTH=1226&HEIGHT=606&STYLES=&VERSION=1%2E1%2E1&LAYERS=3%2C4%2C5%2C6%2C7&BBOX=%2D74%2E07399159906855%2C4%2E623249205245989%2C%2D74%2E04481940713707%2C4%2E63766873894132&TRANSPARENT=TRUE&SERVICE=WMS&FORMAT=image%2Fpng&SRS=EPSG%3A4686&REQUEST=GetMap HTTP/1.1" 200 6265
167.0.8.179 - - [09/Aug/2015:12:34:48 -0500] "GET /galeria/galeria/jquery.fancybox.css?v=2.1.5 HTTP/1.1" 200 4895
167.0.8.179 - - [09/Aug/2015:12:34:48 -0500] "GET /BLA/boletinlegal/js/jquery.scrollShow.js HTTP/1.1" 200 4586
167.0.8.179 - - [09/Aug/2015:12:34:48 -0500] "GET /galeria/galeria/jquery.fancybox.js?v=2.1.5 HTTP/1.1" 200 48706
186.145.0.164 - - [09/Aug/2015:12:34:49 -0500] "GET /arcgis/services/Calidad_del_Agua_WQI/MapServer/WMSServer?WIDTH=1226&HEIGHT=606&STYLES=&VERSION=1%2E1%2E1&LAYERS=3%2C4%2C5%2C6%2C7&BBOX=%2D74%2E07577585943004%2C4%2E620003586059672%2C%2D74%2E04660366749856%2C4%2E634423119755004&TRANSPARENT=TRUE&SERVICE=WMS&FORMAT=image%2Fpng&SRS=EPSG%3A4686&REQUEST=GetMap HTTP/1.1" 200 6892
186.28.149.243 - - [09/Aug/2015:12:34:38 -0500] "GET /forest/documentos/1959899/2014ER189498.pdf HTTP/1.1" 200 4999714
186.145.0.164 - - [09/Aug/2015:12:34:51 -0500] "GET /arcgis/services/Calidad_del_Agua_WQI/MapServer/WMSServer?WIDTH=1226&HEIGHT=606&STYLES=&VERSION=1%2E1%2E1&LAYERS=3%2C4%2C5%2C6%2C7&BBOX=%2D74%2E06848281144717%2C4%2E623608469483505%2C%2D74%2E05389671548143%2C4%2E630818236331171&TRANSPARENT=TRUE&SERVICE=WMS&FORMAT=image%2Fpng&SRS=EPSG%3A4686&REQUEST=GetMap HTTP/1.1" 200 6558
190.25.87.23 - - [09/Aug/2015:12:34:51 -0500] "GET /forest/usutareas.do?_a=0.900780187221244&group_system_actual=3 HTTP/1.1" 200 90744
190.25.87.23 - - [09/Aug/2015:12:34:52 -0500] "GET /forest/session.jsp?a=0.5773693646769971 HTTP/1.1" 200 4
190.25.87.23 - - [09/Aug/2015:12:34:52 -0500] "GET /forest/actions/forms.getItemList?codForm=PRESTAMO_EXPEDIENTE&id=Funcionario4&value=ALCY.PINEDO&a=0.026924479519948363 HTTP/1.1" 200 59
186.145.0.164 - - [09/Aug/2015:12:34:52 -0500] "GET /arcgis/services/Calidad_del_Agua_WQI/MapServer/WMSServer?WIDTH=1226&HEIGHT=606&STYLES=&VERSION=1%2E1%2E1&LAYERS=3%2C4%2C5%2C6%2C7&BBOX=%2D74%2E06410698265745%2C4%2E625771399537805%2C%2D74%2E05827254427115%2C4%2E628655306276872&TRANSPARENT=TRUE&SERVICE=WMS&FORMAT=image%2Fpng&SRS=EPSG%3A4686&REQUEST=GetMap HTTP/1.1" 200 4349
207.46.13.31 - - [09/Aug/2015:12:34:53 -0500] "GET /dama/libreria/php/decide.php?patron=00.01 HTTP/1.1" 404 1015
190.25.87.23 - - [09/Aug/2015:12:34:54 -0500] "GET /forest/session.jsp?a=0.30523554026149213 HTTP/1.1" 200 4
186.145.0.164 - - [09/Aug/2015:12:34:54 -0500] "GET /arcgis/services/Calidad_del_Agua_WQI/MapServer/WMSServer?WIDTH=1226&HEIGHT=606&STYLES=&VERSION=1%2E1%2E1&LAYERS=3%2C4%2C5%2C6%2C7&BBOX=%2D74%2E06463261271959%2C4%2E624594560591834%2C%2D74%2E05879817433329%2C4%2E627478467330901&TRANSPARENT=TRUE&SERVICE=WMS&FORMAT=image%2Fpng&SRS=EPSG%3A4686&REQUEST=GetMap HTTP/1.1" 200 5157
190.25.87.23 - - [09/Aug/2015:12:34:54 -0500] "POST /forest/misactividades.do?ajax=true&a=0.40026178350672126 HTTP/1.1" 200 7869
186.145.0.164 - - [09/Aug/2015:12:34:56 -0500] "GET /arcgis/services/Calidad_del_Agua_WQI/MapServer/WMSServer?WIDTH=1226&HEIGHT=606&STYLES=&VERSION=1%2E1%2E1&LAYERS=3%2C4%2C5%2C6%2C7&BBOX=%2D74%2E06533794086913%2C4%2E623685073754474%2C%2D74%2E05950350248283%2C4%2E62656898049354&TRANSPARENT=TRUE&SERVICE=WMS&FORMAT=image%2Fpng&SRS=EPSG%3A4686&REQUEST=GetMap HTTP/1.1" 200 6431
186.145.0.164 - - [09/Aug/2015:12:34:57 -0500] "GET /arcgis/services/Calidad_del_Agua_WQI/MapServer/WMSServer?WIDTH=1226&HEIGHT=606&STYLES=&VERSION=1%2E1%2E1&LAYERS=3%2C4%2C5%2C6%2C7&BBOX=%2D74%2E06636314579691%2C4%2E623495446090709%2C%2D74%2E06052870741061%2C4%2E626379352829776&TRANSPARENT=TRUE&SERVICE=WMS&FORMAT=image%2Fpng&SRS=EPSG%3A4686&REQUEST=GetMap HTTP/1.1" 200 6865
186.145.0.164 - - [09/Aug/2015:12:35:00 -0500] "GET /crossdomain.xml HTTP/1.1" 404 1280
186.145.0.164 - - [09/Aug/2015:12:35:00 -0500] "GET /arcgis/services/Calidad_del_Agua_WQI/MapServer/WMSServer?WIDTH=1226&HEIGHT=606&STYLES=&VERSION=1%2E1%2E1&LAYERS=3%2C4%2C5%2C6%2C7&BBOX=%2D74%2E06712495717466%2C4%2E623895564655295%2C%2D74%2E06129051878835%2C4%2E626779471394362&TRANSPARENT=TRUE&SERVICE=WMS&FORMAT=image%2Fpng&SRS=EPSG%3A4686&REQUEST=GetMap HTTP/1.1" 200 6774
167.61.101.208 - - [09/Aug/2015:12:35:01 -0500] "GET /galeria/galeria/jquery.fancybox.css?v=2.1.5 HTTP/1.1" 200 4895
167.61.101.208 - - [09/Aug/2015:12:35:01 -0500] "GET /BLA/boletinlegal/js/jquery.scrollShow.js HTTP/1.1" 200 4586
167.61.101.208 - - [09/Aug/2015:12:35:01 -0500] "GET /galeria/galeria/jquery.fancybox.js?v=2.1.5 HTTP/1.1" 200 48706
186.145.0.164 - - [09/Aug/2015:12:35:01 -0500] "GET /arcgis/services/Calidad_del_Agua_WQI/MapServer/WMSServer?WIDTH=1226&HEIGHT=606&STYLES=&VERSION=1%2E1%2E1&LAYERS=3%2C4%2C5%2C6%2C7&BBOX=%2D74%2E06847099138949%2C4%2E624284096708393%2C%2D74%2E06263655300319%2C4%2E627168003447459&TRANSPARENT=TRUE&SERVICE=WMS&FORMAT=image%2Fpng&SRS=EPSG%3A4686&REQUEST=GetMap HTTP/1.1" 200 6638
186.145.0.164 - - [09/Aug/2015:12:35:07 -0500] "GET /arcgis/services/Calidad_del_Agua_WQI/MapServer/WMSServer?WIDTH=1226&HEIGHT=606&STYLES=&VERSION=1%2E1%2E1&LAYERS=3%2C4%2C5%2C6%2C7&BBOX=%2D74%2E06911098760435%2C4%2E624585149441509%2C%2D74%2E06327654921805%2C4%2E627469056180575&TRANSPARENT=TRUE&SERVICE=WMS&FORMAT=image%2Fpng&SRS=EPSG%3A4686&REQUEST=GetMap HTTP/1.1" 200 6820
167.0.8.179 - - [09/Aug/2015:12:35:09 -0500] "GET /galeria/galeria/jquery.fancybox.css?v=2.1.5 HTTP/1.1" 304 -
167.0.8.179 - - [09/Aug/2015:12:35:09 -0500] "GET /BLA/boletinlegal/js/jquery.scrollShow.js HTTP/1.1" 304 -
167.0.8.179 - - [09/Aug/2015:12:35:09 -0500] "GET /galeria/galeria/jquery.fancybox.js?v=2.1.5 HTTP/1.1" 304 -
186.145.0.164 - - [09/Aug/2015:12:35:10 -0500] "GET /crossdomain.xml HTTP/1.1" 404 1280
186.145.0.164 - - [09/Aug/2015:12:35:10 -0500] "GET /arcgis/services/Calidad_del_Agua_WQI/MapServer/WMSServer?WIDTH=1226&HEIGHT=606&STYLES=&VERSION=1%2E1%2E1&LAYERS=3%2C4%2C5%2C6%2C7&BBOX=%2D74%2E06972615313997%2C4%2E625277546725449%2C%2D74%2E06389171475367%2C4%2E628161453464516&TRANSPARENT=TRUE&SERVICE=WMS&FORMAT=image%2Fpng&SRS=EPSG%3A4686&REQUEST=GetMap HTTP/1.1" 200 6471
66.249.64.24 - - [09/Aug/2015:12:34:59 -0500] "GET /intervencion-vaticano/ HTTP/1.1" 200 32058
186.145.0.164 - - [09/Aug/2015:12:35:13 -0500] "GET /arcgis/services/Calidad_del_Agua_WQI/MapServer/WMSServer?WIDTH=1226&HEIGHT=606&STYLES=&VERSION=1%2E1%2E1&LAYERS=3%2C4%2C5%2C6%2C7&BBOX=%2D74%2E06984654761057%2C4%2E626169246022112%2C%2D74%2E06401210922427%2C4%2E629053152761179&TRANSPARENT=TRUE&SERVICE=WMS&FORMAT=image%2Fpng&SRS=EPSG%3A4686&REQUEST=GetMap HTTP/1.1" 200 6308
167.61.101.208 - - [09/Aug/2015:12:35:14 -0500] "GET /BLA/boletinlegal/js/jquery.scrollShow.js HTTP/1.1" 304 -
167.61.101.208 - - [09/Aug/2015:12:35:14 -0500] "GET /galeria/galeria/jquery.fancybox.css?v=2.1.5 HTTP/1.1" 304 -
167.61.101.208 - - [09/Aug/2015:12:35:14 -0500] "GET /galeria/galeria/jquery.fancybox.js?v=2.1.5 HTTP/1.1" 304 -
186.145.0.164 - - [09/Aug/2015:12:35:15 -0500] "GET /arcgis/services/Calidad_del_Agua_WQI/MapServer/WMSServer?WIDTH=1226&HEIGHT=606&STYLES=&VERSION=1%2E1%2E1&LAYERS=3%2C4%2C5%2C6%2C7&BBOX=%2D74%2E07120678155525%2C4%2E627467560263388%2C%2D74%2E06537234316895%2C4%2E630351467002455&TRANSPARENT=TRUE&SERVICE=WMS&FORMAT=image%2Fpng&SRS=EPSG%3A4686&REQUEST=GetMap HTTP/1.1" 200 6297
186.145.0.164 - - [09/Aug/2015:12:35:17 -0500] "GET /arcgis/services/Calidad_del_Agua_WQI/MapServer/WMSServer?WIDTH=1226&HEIGHT=606&STYLES=&VERSION=1%2E1%2E1&LAYERS=3%2C4%2C5%2C6%2C7&BBOX=%2D74%2E07160613620178%2C4%2E627987203181187%2C%2D74%2E06577169781548%2C4%2E630871109920253&TRANSPARENT=TRUE&SERVICE=WMS&FORMAT=image%2Fpng&SRS=EPSG%3A4686&REQUEST=GetMap HTTP/1.1" 200 6410
186.145.0.164 - - [09/Aug/2015:12:35:19 -0500] "GET /arcgis/services/Calidad_del_Agua_WQI/MapServer/WMSServer?WIDTH=1226&HEIGHT=606&STYLES=&VERSION=1%2E1%2E1&LAYERS=3%2C4%2C5%2C6%2C7&BBOX=%2D74%2E07327737999319%2C4%2E629116076667179%2C%2D74%2E06744294160688%2C4%2E631999983406246&TRANSPARENT=TRUE&SERVICE=WMS&FORMAT=image%2Fpng&SRS=EPSG%3A4686&REQUEST=GetMap HTTP/1.1" 200 6579
186.145.0.164 - - [09/Aug/2015:12:35:23 -0500] "GET /crossdomain.xml HTTP/1.1" 404 1280
186.145.0.164 - - [09/Aug/2015:12:35:23 -0500] "GET /arcgis/services/Calidad_del_Agua_WQI/MapServer/WMSServer?WIDTH=1226&HEIGHT=606&STYLES=&VERSION=1%2E1%2E1&LAYERS=3%2C4%2C5%2C6%2C7&BBOX=%2D74%2E07565254282711%2C4%2E630375180603325%2C%2D74%2E06981810444081%2C4%2E633259087342392&TRANSPARENT=TRUE&SERVICE=WMS&FORMAT=image%2Fpng&SRS=EPSG%3A4686&REQUEST=GetMap HTTP/1.1" 200 6613
190.25.87.23 - - [09/Aug/2015:12:35:23 -0500] "GET /forest/usutareas.do?codTraEsc=18783038 HTTP/1.1" 200 114323
190.25.87.23 - - [09/Aug/2015:12:35:25 -0500] "GET /forest/session.jsp?a=0.10785157373175025 HTTP/1.1" 200 4
190.25.87.23 - - [09/Aug/2015:12:35:25 -0500] "GET /forest/actions/forms.getMappedValues?id=id_Numeracion1&value=1437506556342&codForm=ElaborarDocumento&a=0.7070860923267901 HTTP/1.1" 200 439
190.25.87.23 - - [09/Aug/2015:12:35:25 -0500] "GET /forest/skins/gdocs-jar/img/icons/doc.gif HTTP/1.1" 200 140
186.145.0.164 - - [09/Aug/2015:12:35:25 -0500] "GET /arcgis/services/Calidad_del_Agua_WQI/MapServer/WMSServer?WIDTH=1226&HEIGHT=606&STYLES=&VERSION=1%2E1%2E1&LAYERS=3%2C4%2C5%2C6%2C7&BBOX=%2D74%2E07687371220426%2C4%2E631560609671457%2C%2D74%2E07103927381796%2C4%2E6344445164105235&TRANSPARENT=TRUE&SERVICE=WMS&FORMAT=image%2Fpng&SRS=EPSG%3A4686&REQUEST=GetMap HTTP/1.1" 200 6380
186.145.0.164 - - [09/Aug/2015:12:35:26 -0500] "GET /arcgis/services/Calidad_del_Agua_WQI/MapServer/WMSServer?WIDTH=1226&HEIGHT=606&STYLES=&VERSION=1%2E1%2E1&LAYERS=3%2C4%2C5%2C6%2C7&BBOX=%2D74%2E07754465969457%2C4%2E631848960225301%2C%2D74%2E07171022130827%2C4%2E6347328669643675&TRANSPARENT=TRUE&SERVICE=WMS&FORMAT=image%2Fpng&SRS=EPSG%3A4686&REQUEST=GetMap HTTP/1.1" 200 6300
186.145.0.164 - - [09/Aug/2015:12:35:28 -0500] "GET /arcgis/services/Calidad_del_Agua_WQI/MapServer/WMSServer?WIDTH=1226&HEIGHT=606&STYLES=&VERSION=1%2E1%2E1&LAYERS=3%2C4%2C5%2C6%2C7&BBOX=%2D74%2E0778279762955%2C4%2E6323768074545875%2C%2D74%2E0719935379092%2C4%2E635260714193654&TRANSPARENT=TRUE&SERVICE=WMS&FORMAT=image%2Fpng&SRS=EPSG%3A4686&REQUEST=GetMap HTTP/1.1" 200 6227
186.84.50.252 - - [09/Aug/2015:12:35:31 -0500] "POST /forms/lservlet;jsessionid=ac16012b30d65637af4120b04daa911fbb2631d7a660.e3iSbxaKaheRe38Ka34Oa3eLbxf0n6jAmljGr5XDqQLvpAe HTTP/1.1" 200 2
186.145.0.164 - - [09/Aug/2015:12:35:32 -0500] "GET /arcgis/services/Calidad_del_Agua_WQI/MapServer/WMSServer?WIDTH=1226&HEIGHT=606&STYLES=&VERSION=1%2E1%2E1&LAYERS=3%2C4%2C5%2C6%2C7&BBOX=%2D74%2E07907788004407%2C4%2E63511165024333%2C%2D74%2E07324344165777%2C4%2E637995556982396&TRANSPARENT=TRUE&SERVICE=WMS&FORMAT=image%2Fpng&SRS=EPSG%3A4686&REQUEST=GetMap HTTP/1.1" 200 5554
186.145.0.164 - - [09/Aug/2015:12:35:38 -0500] "GET /crossdomain.xml HTTP/1.1" 404 1280
186.145.0.164 - - [09/Aug/2015:12:35:38 -0500] "GET /arcgis/services/Calidad_del_Agua_WQI/MapServer/WMSServer?WIDTH=1226&HEIGHT=606&STYLES=&VERSION=1%2E1%2E1&LAYERS=3%2C4%2C5%2C6%2C7&BBOX=%2D74%2E0795023041743%2C4%2E635553368704013%2C%2D74%2E073667865788%2C4%2E63843727544308&TRANSPARENT=TRUE&SERVICE=WMS&FORMAT=image%2Fpng&SRS=EPSG%3A4686&REQUEST=GetMap HTTP/1.1" 200 5460
188.165.15.183 - - [09/Aug/2015:12:35:39 -0500] "GET /autoliquidacion/Fauna%20Silvestre/Aplicativo%20certificacion%20de%20salvoconducto%202015.htm HTTP/1.1" 200 375
186.145.0.164 - - [09/Aug/2015:12:35:43 -0500] "GET /arcgis/services/Calidad_del_Agua_WQI/MapServer/WMSServer?WIDTH=1226&HEIGHT=606&STYLES=&VERSION=1%2E1%2E1&LAYERS=3%2C4%2C5%2C6%2C7&BBOX=%2D74%2E07950231800187%2C4%2E636535161660199%2C%2D74%2E07366787961557%2C4%2E639419068399266&TRANSPARENT=TRUE&SERVICE=WMS&FORMAT=image%2Fpng&SRS=EPSG%3A4686&REQUEST=GetMap HTTP/1.1" 200 5843
186.145.0.164 - - [09/Aug/2015:12:35:49 -0500] "GET /crossdomain.xml HTTP/1.1" 404 1280
186.85.154.219 - - [09/Aug/2015:12:35:49 -0500] "GET /galeria/galeria/jquery.fancybox.css?v=2.1.5 HTTP/1.1" 200 4895
186.85.154.219 - - [09/Aug/2015:12:35:49 -0500] "GET /BLA/boletinlegal/js/jquery.scrollShow.js HTTP/1.1" 200 4586
186.85.154.219 - - [09/Aug/2015:12:35:49 -0500] "GET /galeria/galeria/jquery.fancybox.js?v=2.1.5 HTTP/1.1" 200 48706
186.145.0.164 - - [09/Aug/2015:12:35:49 -0500] "GET /arcgis/services/Calidad_del_Agua_WQI/MapServer/WMSServer?WIDTH=1226&HEIGHT=606&STYLES=&VERSION=1%2E1%2E1&LAYERS=3%2C4%2C5%2C6%2C7&BBOX=%2D74%2E08164383747861%2C4%2E640480928070925%2C%2D74%2E07580939909231%2C4%2E643364834809992&TRANSPARENT=TRUE&SERVICE=WMS&FORMAT=image%2Fpng&SRS=EPSG%3A4686&REQUEST=GetMap HTTP/1.1" 200 4844
186.145.0.164 - - [09/Aug/2015:12:35:50 -0500] "GET /arcgis/services/Calidad_del_Agua_WQI/MapServer/WMSServer?WIDTH=1226&HEIGHT=606&STYLES=&VERSION=1%2E1%2E1&LAYERS=3%2C4%2C5%2C6%2C7&BBOX=%2D74%2E08140227870244%2C4%2E64162777096751%2C%2D74%2E07556784031614%2C4%2E644511677706577&TRANSPARENT=TRUE&SERVICE=WMS&FORMAT=image%2Fpng&SRS=EPSG%3A4686&REQUEST=GetMap HTTP/1.1" 200 4843
186.28.149.243 - - [09/Aug/2015:12:35:53 -0500] "GET /forest/buscar.do HTTP/1.1" 200 85075
186.28.149.243 - - [09/Aug/2015:12:35:53 -0500] "GET /forest/json.do?query=usersByDep&coddep=20 HTTP/1.1" 200 4012
186.28.149.243 - - [09/Aug/2015:12:35:53 -0500] "GET /forest/json.do?query=versionListadas HTTP/1.1" 200 15
186.28.149.243 - - [09/Aug/2015:12:35:53 -0500] "GET /forest/json.do?query=usersByDep&coddep=20 HTTP/1.1" 200 4012
186.28.149.243 - - [09/Aug/2015:12:35:53 -0500] "GET /forest/json.do?query=procesIniciales HTTP/1.1" 200 11405
186.28.149.243 - - [09/Aug/2015:12:35:53 -0500] "GET /forest/json.do?query=bpmnIniciales HTTP/1.1" 200 1334
186.28.149.243 - - [09/Aug/2015:12:35:55 -0500] "POST /forest/buscar.do? HTTP/1.1" 200 7065
186.28.149.243 - - [09/Aug/2015:12:35:56 -0500] "GET /forest/skins/gdocs-jar/popup/popup.jsp?width=900&height=600&title=Informaci%F3n%20de%20proceso&uri=/forest/system/process.jsp%3FnumPro%3D2957362&name=undefined&_a=0.22470259200781584&a=0.5686227192636579 HTTP/1.1" 200 1312
186.28.149.243 - - [09/Aug/2015:12:35:56 -0500] "GET /forest/system/process.jsp?numPro=2957362 HTTP/1.1" 200 18159
186.28.149.243 - - [09/Aug/2015:12:35:56 -0500] "GET /forest/system/process.jsp?numPro=2957362 HTTP/1.1" 200 73424
186.28.149.243 - - [09/Aug/2015:12:35:58 -0500] "GET /favicon.ico HTTP/1.1" 200 7782
186.145.0.164 - - [09/Aug/2015:12:36:01 -0500] "GET /crossdomain.xml HTTP/1.1" 404 1280
186.145.0.164 - - [09/Aug/2015:12:36:01 -0500] "GET /arcgis/services/Calidad_del_Agua_WQI/MapServer/WMSServer?WIDTH=1226&HEIGHT=606&STYLES=&VERSION=1%2E1%2E1&LAYERS=3%2C4%2C5%2C6%2C7&BBOX=%2D74%2E08081433362203%2C4%2E6506603008589815%2C%2D74%2E07497989523573%2C4%2E653544207598048&TRANSPARENT=TRUE&SERVICE=WMS&FORMAT=image%2Fpng&SRS=EPSG%3A4686&REQUEST=GetMap HTTP/1.1" 200 4936
186.28.149.243 - - [09/Aug/2015:12:35:58 -0500] "GET /forest/documentos/1960127/2014ER189726.pdf HTTP/1.1" 200 1829825
186.145.0.164 - - [09/Aug/2015:12:36:05 -0500] "GET /arcgis/services/Calidad_del_Agua_WQI/MapServer/WMSServer?WIDTH=1226&HEIGHT=606&STYLES=&VERSION=1%2E1%2E1&LAYERS=3%2C4%2C5%2C6%2C7&BBOX=%2D74%2E0819870932747%2C4%2E653195826431021%2C%2D74%2E0761526548884%2C4%2E656079733170087&TRANSPARENT=TRUE&SERVICE=WMS&FORMAT=image%2Fpng&SRS=EPSG%3A4686&REQUEST=GetMap HTTP/1.1" 200 4948
186.145.0.164 - - [09/Aug/2015:12:36:14 -0500] "GET /crossdomain.xml HTTP/1.1" 404 1280
186.145.0.164 - - [09/Aug/2015:12:36:14 -0500] "GET /arcgis/services/Calidad_del_Agua_WQI/MapServer/WMSServer?WIDTH=1226&HEIGHT=606&STYLES=&VERSION=1%2E1%2E1&LAYERS=3%2C4%2C5%2C6%2C7&BBOX=%2D74%2E0809755155476%2C4%2E658119688736679%2C%2D74%2E0751410771613%2C4%2E661003595475746&TRANSPARENT=TRUE&SERVICE=WMS&FORMAT=image%2Fpng&SRS=EPSG%3A4686&REQUEST=GetMap HTTP/1.1" 200 5214
186.145.0.164 - - [09/Aug/2015:12:36:17 -0500] "GET /arcgis/services/Calidad_del_Agua_WQI/MapServer/WMSServer?WIDTH=1226&HEIGHT=606&STYLES=&VERSION=1%2E1%2E1&LAYERS=3%2C4%2C5%2C6%2C7&BBOX=%2D74%2E08218658482618%2C4%2E658675620478122%2C%2D74%2E07635214643987%2C4%2E661559527217189&TRANSPARENT=TRUE&SERVICE=WMS&FORMAT=image%2Fpng&SRS=EPSG%3A4686&REQUEST=GetMap HTTP/1.1" 200 5300
186.145.0.164 - - [09/Aug/2015:12:36:20 -0500] "GET /arcgis/services/Calidad_del_Agua_WQI/MapServer/WMSServer?WIDTH=1226&HEIGHT=606&STYLES=&VERSION=1%2E1%2E1&LAYERS=3%2C4%2C5%2C6%2C7&BBOX=%2D74%2E08139898742742%2C4%2E659148539416298%2C%2D74%2E07556454904112%2C4%2E662032446155365&TRANSPARENT=TRUE&SERVICE=WMS&FORMAT=image%2Fpng&SRS=EPSG%3A4686&REQUEST=GetMap HTTP/1.1" 200 5347
186.145.0.164 - - [09/Aug/2015:12:36:22 -0500] "GET /arcgis/services/Calidad_del_Agua_WQI/MapServer/WMSServer?WIDTH=1226&HEIGHT=606&STYLES=&VERSION=1%2E1%2E1&LAYERS=3%2C4%2C5%2C6%2C7&BBOX=%2D74%2E08228146531644%2C4%2E658571798707537%2C%2D74%2E07644702693014%2C4%2E6614557054466035&TRANSPARENT=TRUE&SERVICE=WMS&FORMAT=image%2Fpng&SRS=EPSG%3A4686&REQUEST=GetMap HTTP/1.1" 200 5283
188.165.15.183 - - [09/Aug/2015:12:36:23 -0500] "GET /BLA/resoluciones/RESOLUCIONES%202002/RES%202002%201101-1150/00001133.tif HTTP/1.1" 200 38716
186.145.0.164 - - [09/Aug/2015:12:36:24 -0500] "GET /arcgis/services/Calidad_del_Agua_WQI/MapServer/WMSServer?WIDTH=1226&HEIGHT=606&STYLES=&VERSION=1%2E1%2E1&LAYERS=3%2C4%2C5%2C6%2C7&BBOX=%2D74%2E0835111655252%2C4%2E659909176365913%2C%2D74%2E0776767271389%2C4%2E6627930831049795&TRANSPARENT=TRUE&SERVICE=WMS&FORMAT=image%2Fpng&SRS=EPSG%3A4686&REQUEST=GetMap HTTP/1.1" 200 4349
186.85.154.219 - - [09/Aug/2015:12:36:28 -0500] "GET /galeria/galeria/jquery.fancybox.css?v=2.1.5 HTTP/1.1" 304 -
186.85.154.219 - - [09/Aug/2015:12:36:28 -0500] "GET /BLA/boletinlegal/js/jquery.scrollShow.js HTTP/1.1" 304 -
186.85.154.219 - - [09/Aug/2015:12:36:28 -0500] "GET /galeria/galeria/jquery.fancybox.js?v=2.1.5 HTTP/1.1" 304 -
186.28.149.243 - - [09/Aug/2015:12:36:30 -0500] "GET /forest/session.jsp?a=0.25832587643526495 HTTP/1.1" 200 4
186.145.0.164 - - [09/Aug/2015:12:36:30 -0500] "GET /crossdomain.xml HTTP/1.1" 404 1280
186.145.0.164 - - [09/Aug/2015:12:36:31 -0500] "GET /arcgis/services/Calidad_del_Agua_WQI/MapServer/WMSServer?WIDTH=1226&HEIGHT=606&STYLES=&VERSION=1%2E1%2E1&LAYERS=3%2C4%2C5%2C6%2C7&BBOX=%2D74%2E08146422275479%2C4%2E657586168246656%2C%2D74%2E07562978436849%2C4%2E660470074985723&TRANSPARENT=TRUE&SERVICE=WMS&FORMAT=image%2Fpng&SRS=EPSG%3A4686&REQUEST=GetMap HTTP/1.1" 200 5199
186.28.91.12 - - [09/Aug/2015:12:36:37 -0500] "GET /galeria/galeria/jquery.fancybox.js?v=2.1.5 HTTP/1.1" 200 48706
186.28.91.12 - - [09/Aug/2015:12:36:37 -0500] "GET /galeria/galeria/jquery.fancybox.css?v=2.1.5 HTTP/1.1" 200 4895
186.28.91.12 - - [09/Aug/2015:12:36:37 -0500] "GET /galeria/galeria/fotos/Capellania1P.jpg HTTP/1.1" 200 33952
186.28.91.12 - - [09/Aug/2015:12:36:37 -0500] "GET /galeria/galeria/fotos/Capellania2P.jpg HTTP/1.1" 200 35380
186.28.91.12 - - [09/Aug/2015:12:36:38 -0500] "GET /galeria/galeria/fotos/Capellania3P.jpg HTTP/1.1" 200 34835
186.28.91.12 - - [09/Aug/2015:12:36:38 -0500] "GET /galeria/galeria/fotos/Capellania4P.jpg HTTP/1.1" 200 37377
186.145.0.164 - - [09/Aug/2015:12:36:43 -0500] "GET /crossdomain.xml HTTP/1.1" 404 1280
186.145.0.164 - - [09/Aug/2015:12:36:43 -0500] "GET /arcgis/services/Calidad_del_Agua_WQI/MapServer/WMSServer?WIDTH=1226&HEIGHT=606&STYLES=&VERSION=1%2E1%2E1&LAYERS=3%2C4%2C5%2C6%2C7&BBOX=%2D74%2E08124652518094%2C4%2E657533945649005%2C%2D74%2E07541208679464%2C4%2E660417852388072&TRANSPARENT=TRUE&SERVICE=WMS&FORMAT=image%2Fpng&SRS=EPSG%3A4686&REQUEST=GetMap HTTP/1.1" 200 5197
181.141.200.51 - - [09/Aug/2015:12:36:46 -0500] "GET /BLA/boletinlegal/js/jquery.scrollShow.js HTTP/1.1" 200 4586
181.141.200.51 - - [09/Aug/2015:12:36:46 -0500] "GET /galeria/galeria/jquery.fancybox.css?v=2.1.5 HTTP/1.1" 200 4895
181.141.200.51 - - [09/Aug/2015:12:36:46 -0500] "GET /galeria/galeria/jquery.fancybox.js?v=2.1.5 HTTP/1.1" 200 48706
186.145.0.164 - - [09/Aug/2015:12:36:48 -0500] "GET /arcgis/services/Calidad_del_Agua_WQI/MapServer/WMSServer?WIDTH=1226&HEIGHT=606&STYLES=&VERSION=1%2E1%2E1&LAYERS=3%2C4%2C5%2C6%2C7&BBOX=%2D74%2E08358669588132%2C4%2E659045435699671%2C%2D74%2E07775225749502%2C4%2E661929342438738&TRANSPARENT=TRUE&SERVICE=WMS&FORMAT=image%2Fpng&SRS=EPSG%3A4686&REQUEST=GetMap HTTP/1.1" 200 4349
188.165.15.183 - - [09/Aug/2015:12:36:49 -0500] "GET /BLA/resoluciones/RESOLUCIONES%202002/RES%202002%201551-1600/20021582.tif HTTP/1.1" 200 95912
181.141.200.51 - - [09/Aug/2015:12:36:50 -0500] "GET /BLA/boletinlegal/js/jquery.scrollShow.js HTTP/1.1" 304 -
181.141.200.51 - - [09/Aug/2015:12:36:50 -0500] "GET /galeria/galeria/jquery.fancybox.js?v=2.1.5 HTTP/1.1" 304 -
181.141.200.51 - - [09/Aug/2015:12:36:50 -0500] "GET /galeria/galeria/jquery.fancybox.css?v=2.1.5 HTTP/1.1" 304 -
186.145.0.164 - - [09/Aug/2015:12:36:53 -0500] "GET /crossdomain.xml HTTP/1.1" 404 1280
186.145.0.164 - - [09/Aug/2015:12:36:53 -0500] "GET /arcgis/services/Calidad_del_Agua_WQI/MapServer/WMSServer?WIDTH=1226&HEIGHT=606&STYLES=&VERSION=1%2E1%2E1&LAYERS=3%2C4%2C5%2C6%2C7&BBOX=%2D74%2E08470325507402%2C4%2E660058513133398%2C%2D74%2E07886881668772%2C4%2E662942419872465&TRANSPARENT=TRUE&SERVICE=WMS&FORMAT=image%2Fpng&SRS=EPSG%3A4686&REQUEST=GetMap HTTP/1.1" 200 4349
186.145.0.164 - - [09/Aug/2015:12:36:57 -0500] "GET /arcgis/services/Calidad_del_Agua_WQI/MapServer/WMSServer?WIDTH=1226&HEIGHT=606&STYLES=&VERSION=1%2E1%2E1&LAYERS=3%2C4%2C5%2C6%2C7&BBOX=%2D74%2E08536640663492%2C4%2E661118419848309%2C%2D74%2E07953196824862%2C4%2E664002326587376&TRANSPARENT=TRUE&SERVICE=WMS&FORMAT=image%2Fpng&SRS=EPSG%3A4686&REQUEST=GetMap HTTP/1.1" 200 4349
186.145.0.164 - - [09/Aug/2015:12:37:00 -0500] "GET /arcgis/services/Calidad_del_Agua_WQI/MapServer/WMSServer?WIDTH=1226&HEIGHT=606&STYLES=&VERSION=1%2E1%2E1&LAYERS=3%2C4%2C5%2C6%2C7&BBOX=%2D74%2E08581478827186%2C4%2E66229565902903%2C%2D74%2E07998034988556%2C4%2E665179565768097&TRANSPARENT=TRUE&SERVICE=WMS&FORMAT=image%2Fpng&SRS=EPSG%3A4686&REQUEST=GetMap HTTP/1.1" 200 4349
74.86.158.107 - - [09/Aug/2015:12:37:00 -0500] "HEAD / HTTP/1.1" 200 -
200.118.214.30 - - [09/Aug/2015:12:37:02 -0500] "GET /galeria/galeria/fotos/3humedal-Burro3G.jpg HTTP/1.1" 200 74809
179.33.241.20 - - [09/Aug/2015:12:37:03 -0500] "GET /galeria/galeria/jquery.fancybox.css?v=2.1.5 HTTP/1.1" 200 4895
179.33.241.20 - - [09/Aug/2015:12:37:03 -0500] "GET /BLA/boletinlegal/js/jquery.scrollShow.js HTTP/1.1" 200 4586
179.33.241.20 - - [09/Aug/2015:12:37:03 -0500] "GET /galeria/galeria/jquery.fancybox.js?v=2.1.5 HTTP/1.1" 200 48706
186.145.0.164 - - [09/Aug/2015:12:37:03 -0500] "GET /arcgis/services/Calidad_del_Agua_WQI/MapServer/WMSServer?WIDTH=1226&HEIGHT=606&STYLES=&VERSION=1%2E1%2E1&LAYERS=3%2C4%2C5%2C6%2C7&BBOX=%2D74%2E08629345276175%2C4%2E663740149156933%2C%2D74%2E08045901437545%2C4%2E6666240558959995&TRANSPARENT=TRUE&SERVICE=WMS&FORMAT=image%2Fpng&SRS=EPSG%3A4686&REQUEST=GetMap HTTP/1.1" 200 4349
186.145.0.164 - - [09/Aug/2015:12:37:05 -0500] "GET /crossdomain.xml HTTP/1.1" 404 1280
186.145.0.164 - - [09/Aug/2015:12:37:05 -0500] "GET /arcgis/services/Calidad_del_Agua_WQI/MapServer/WMSServer?WIDTH=1226&HEIGHT=606&STYLES=&VERSION=1%2E1%2E1&LAYERS=3%2C4%2C5%2C6%2C7&BBOX=%2D74%2E08729328512808%2C4%2E664998798565585%2C%2D74%2E08145884674178%2C4%2E667882705304652&TRANSPARENT=TRUE&SERVICE=WMS&FORMAT=image%2Fpng&SRS=EPSG%3A4686&REQUEST=GetMap HTTP/1.1" 200 4349
190.26.26.209 - - [09/Aug/2015:12:37:06 -0500] "GET /galeria/galeria/jquery.fancybox.css?v=2.1.5 HTTP/1.1" 200 4895
190.26.26.209 - - [09/Aug/2015:12:37:06 -0500] "GET /BLA/boletinlegal/js/jquery.scrollShow.js HTTP/1.1" 200 4586
190.26.26.209 - - [09/Aug/2015:12:37:06 -0500] "GET /galeria/galeria/jquery.fancybox.js?v=2.1.5 HTTP/1.1" 200 48706
186.145.16.251 - - [09/Aug/2015:12:37:06 -0500] "GET /galeria/galeria/jquery.fancybox.css?v=2.1.5 HTTP/1.1" 200 4895
186.145.16.251 - - [09/Aug/2015:12:37:06 -0500] "GET /BLA/boletinlegal/js/jquery.scrollShow.js HTTP/1.1" 200 4586
186.145.16.251 - - [09/Aug/2015:12:37:06 -0500] "GET /galeria/galeria/jquery.fancybox.js?v=2.1.5 HTTP/1.1" 200 48706
186.28.149.243 - - [09/Aug/2015:12:37:10 -0500] "GET /forest/buscar.do HTTP/1.1" 200 85075
186.28.149.243 - - [09/Aug/2015:12:37:11 -0500] "GET /forest/json.do?query=usersByDep&coddep=20 HTTP/1.1" 200 4012
186.28.149.243 - - [09/Aug/2015:12:37:11 -0500] "GET /forest/json.do?query=versionListadas HTTP/1.1" 200 15
186.145.0.164 - - [09/Aug/2015:12:37:11 -0500] "GET /arcgis/services/Calidad_del_Agua_WQI/MapServer/WMSServer?WIDTH=1226&HEIGHT=606&STYLES=&VERSION=1%2E1%2E1&LAYERS=3%2C4%2C5%2C6%2C7&BBOX=%2D74%2E08772424394952%2C4%2E666041228130876%2C%2D74%2E08188980556322%2C4%2E6689251348699425&TRANSPARENT=TRUE&SERVICE=WMS&FORMAT=image%2Fpng&SRS=EPSG%3A4686&REQUEST=GetMap HTTP/1.1" 200 4349
186.28.149.243 - - [09/Aug/2015:12:37:11 -0500] "GET /forest/json.do?query=usersByDep&coddep=20 HTTP/1.1" 200 4012
186.28.149.243 - - [09/Aug/2015:12:37:11 -0500] "GET /forest/json.do?query=procesIniciales HTTP/1.1" 200 11405
186.28.149.243 - - [09/Aug/2015:12:37:12 -0500] "GET /forest/json.do?query=bpmnIniciales HTTP/1.1" 200 1334
186.145.16.251 - - [09/Aug/2015:12:37:12 -0500] "GET /BLA/boletinlegal/js/jquery.scrollShow.js HTTP/1.1" 304 -
186.145.16.251 - - [09/Aug/2015:12:37:12 -0500] "GET /galeria/galeria/jquery.fancybox.css?v=2.1.5 HTTP/1.1" 304 -
186.145.16.251 - - [09/Aug/2015:12:37:12 -0500] "GET /galeria/galeria/jquery.fancybox.js?v=2.1.5 HTTP/1.1" 304 -
186.28.149.243 - - [09/Aug/2015:12:37:13 -0500] "POST /forest/buscar.do? HTTP/1.1" 200 7087
186.145.0.164 - - [09/Aug/2015:12:37:13 -0500] "GET /arcgis/services/Calidad_del_Agua_WQI/MapServer/WMSServer?WIDTH=1226&HEIGHT=606&STYLES=&VERSION=1%2E1%2E1&LAYERS=3%2C4%2C5%2C6%2C7&BBOX=%2D74%2E08896548841908%2C4%2E666946254181344%2C%2D74%2E08313105003278%2C4%2E6698301609204105&TRANSPARENT=TRUE&SERVICE=WMS&FORMAT=image%2Fpng&SRS=EPSG%3A4686&REQUEST=GetMap HTTP/1.1" 200 4349
186.28.149.243 - - [09/Aug/2015:12:37:14 -0500] "GET /forest/skins/gdocs-jar/popup/popup.jsp?width=900&height=600&title=Informaci%F3n%20de%20proceso&uri=/forest/system/process.jsp%3FnumPro%3D2957364&name=undefined&_a=0.5946467639878392&a=0.34029384958557785 HTTP/1.1" 200 1312
186.28.149.243 - - [09/Aug/2015:12:37:14 -0500] "GET /forest/system/process.jsp?numPro=2957364 HTTP/1.1" 200 73446
186.145.0.164 - - [09/Aug/2015:12:37:16 -0500] "GET /crossdomain.xml HTTP/1.1" 404 1280
186.145.0.164 - - [09/Aug/2015:12:37:16 -0500] "GET /arcgis/services/Calidad_del_Agua_WQI/MapServer/WMSServer?WIDTH=1226&HEIGHT=606&STYLES=&VERSION=1%2E1%2E1&LAYERS=3%2C4%2C5%2C6%2C7&BBOX=%2D74%2E08888356439186%2C4%2E66762569189755%2C%2D74%2E08304912600556%2C4%2E670509598636617&TRANSPARENT=TRUE&SERVICE=WMS&FORMAT=image%2Fpng&SRS=EPSG%3A4686&REQUEST=GetMap HTTP/1.1" 200 4349
190.26.26.209 - - [09/Aug/2015:12:37:17 -0500] "GET /galeria/galeria/jquery.fancybox.css?v=2.1.5 HTTP/1.1" 304 -
190.26.26.209 - - [09/Aug/2015:12:37:17 -0500] "GET /BLA/boletinlegal/js/jquery.scrollShow.js HTTP/1.1" 304 -
190.26.26.209 - - [09/Aug/2015:12:37:17 -0500] "GET /galeria/galeria/jquery.fancybox.js?v=2.1.5 HTTP/1.1" 304 -
186.145.0.164 - - [09/Aug/2015:12:37:17 -0500] "GET /arcgis/services/Calidad_del_Agua_WQI/MapServer/WMSServer?WIDTH=1226&HEIGHT=606&STYLES=&VERSION=1%2E1%2E1&LAYERS=3%2C4%2C5%2C6%2C7&BBOX=%2D74%2E08995742064253%2C4%2E668893623437446%2C%2D74%2E08412298225623%2C4%2E671777530176513&TRANSPARENT=TRUE&SERVICE=WMS&FORMAT=image%2Fpng&SRS=EPSG%3A4686&REQUEST=GetMap HTTP/1.1" 200 4349
186.145.0.164 - - [09/Aug/2015:12:37:19 -0500] "GET /arcgis/services/Calidad_del_Agua_WQI/MapServer/WMSServer?WIDTH=1226&HEIGHT=606&STYLES=&VERSION=1%2E1%2E1&LAYERS=3%2C4%2C5%2C6%2C7&BBOX=%2D74%2E09043136084668%2C4%2E669871759693279%2C%2D74%2E08459692246038%2C4%2E672755666432345&TRANSPARENT=TRUE&SERVICE=WMS&FORMAT=image%2Fpng&SRS=EPSG%3A4686&REQUEST=GetMap HTTP/1.1" 200 4349
186.28.149.243 - - [09/Aug/2015:12:37:16 -0500] "GET /forest/documentos/1960128/2014ER189727.pdf HTTP/1.1" 200 1685052
188.165.15.183 - - [09/Aug/2015:12:37:20 -0500] "GET /BLA/resoluciones/RESOLUCIONES%202003/RES%202003%20751-800/786.tif HTTP/1.1" 200 49584
186.145.0.164 - - [09/Aug/2015:12:37:21 -0500] "GET /arcgis/services/Calidad_del_Agua_WQI/MapServer/WMSServer?WIDTH=1226&HEIGHT=606&STYLES=&VERSION=1%2E1%2E1&LAYERS=3%2C4%2C5%2C6%2C7&BBOX=%2D74%2E09110663731401%2C4%2E670418025566516%2C%2D74%2E08527219892771%2C4%2E673301932305582&TRANSPARENT=TRUE&SERVICE=WMS&FORMAT=image%2Fpng&SRS=EPSG%3A4686&REQUEST=GetMap HTTP/1.1" 200 4349
188.165.15.183 - - [09/Aug/2015:12:37:23 -0500] "GET /BLA/resoluciones/RESOLUCIONES%202003/RES%202003%201901-1950/00001902.tif HTTP/1.1" 200 133798
186.145.0.164 - - [09/Aug/2015:12:37:24 -0500] "GET /arcgis/services/Calidad_del_Agua_WQI/MapServer/WMSServer?WIDTH=1226&HEIGHT=606&STYLES=&VERSION=1%2E1%2E1&LAYERS=3%2C4%2C5%2C6%2C7&BBOX=%2D74%2E08900220295831%2C4%2E6677793155328615%2C%2D74%2E08316776457201%2C4%2E670663222271928&TRANSPARENT=TRUE&SERVICE=WMS&FORMAT=image%2Fpng&SRS=EPSG%3A4686&REQUEST=GetMap HTTP/1.1" 200 4349
186.145.0.164 - - [09/Aug/2015:12:37:26 -0500] "GET /arcgis/services/Calidad_del_Agua_WQI/MapServer/WMSServer?WIDTH=1226&HEIGHT=606&STYLES=&VERSION=1%2E1%2E1&LAYERS=3%2C4%2C5%2C6%2C7&BBOX=%2D74%2E08825540649016%2C4%2E66589319628279%2C%2D74%2E08242096810386%2C4%2E668777103021856&TRANSPARENT=TRUE&SERVICE=WMS&FORMAT=image%2Fpng&SRS=EPSG%3A4686&REQUEST=GetMap HTTP/1.1" 200 4349
200.118.214.30 - - [09/Aug/2015:12:37:26 -0500] "GET /galeria/galeria/fotos/Humedal-Santa-Mar%C3%ADa-del-Lago3G.jpg HTTP/1.1" 200 271832
188.165.15.183 - - [09/Aug/2015:12:37:26 -0500] "GET /BLA/resoluciones/RESOLUCIONES%202005/RES%202005%20701-750/00000715.tif HTTP/1.1" 200 362996
200.118.214.30 - - [09/Aug/2015:12:37:26 -0500] "GET /galeria/galeria/fotos/GuaymaralTorca4G.jpg HTTP/1.1" 200 373786
186.145.0.164 - - [09/Aug/2015:12:37:27 -0500] "GET /crossdomain.xml HTTP/1.1" 404 1280
186.145.0.164 - - [09/Aug/2015:12:37:27 -0500] "GET /arcgis/services/Calidad_del_Agua_WQI/MapServer/WMSServer?WIDTH=1226&HEIGHT=606&STYLES=&VERSION=1%2E1%2E1&LAYERS=3%2C4%2C5%2C6%2C7&BBOX=%2D74%2E08788848021106%2C4%2E664690340732711%2C%2D74%2E08205404182476%2C4%2E667574247471777&TRANSPARENT=TRUE&SERVICE=WMS&FORMAT=image%2Fpng&SRS=EPSG%3A4686&REQUEST=GetMap HTTP/1.1" 200 4349
186.145.0.164 - - [09/Aug/2015:12:37:29 -0500] "GET /arcgis/services/Calidad_del_Agua_WQI/MapServer/WMSServer?WIDTH=1226&HEIGHT=606&STYLES=&VERSION=1%2E1%2E1&LAYERS=3%2C4%2C5%2C6%2C7&BBOX=%2D74%2E08789105002894%2C4%2E664686866719642%2C%2D74%2E08205661164264%2C4%2E667570773458709&TRANSPARENT=TRUE&SERVICE=WMS&FORMAT=image%2Fpng&SRS=EPSG%3A4686&REQUEST=GetMap HTTP/1.1" 200 4349
186.84.50.252 - - [09/Aug/2015:12:37:32 -0500] "POST /forms/lservlet;jsessionid=ac16012b30d65637af4120b04daa911fbb2631d7a660.e3iSbxaKaheRe38Ka34Oa3eLbxf0n6jAmljGr5XDqQLvpAe HTTP/1.1" 200 2
186.145.0.164 - - [09/Aug/2015:12:37:41 -0500] "GET /crossdomain.xml HTTP/1.1" 404 1280
186.145.0.164 - - [09/Aug/2015:12:37:41 -0500] "GET /arcgis/services/Calidad_del_Agua_WQI/MapServer/WMSServer?WIDTH=1226&HEIGHT=606&STYLES=&VERSION=1%2E1%2E1&LAYERS=3%2C4%2C5%2C6%2C7&BBOX=%2D74%2E08080470181224%2C4%2E658283036762962%2C%2D74%2E07497026342594%2C4%2E661166943502029&TRANSPARENT=TRUE&SERVICE=WMS&FORMAT=image%2Fpng&SRS=EPSG%3A4686&REQUEST=GetMap HTTP/1.1" 200 5251
186.145.0.164 - - [09/Aug/2015:12:37:45 -0500] "GET /arcgis/services/Calidad_del_Agua_WQI/MapServer/WMSServer?WIDTH=1226&HEIGHT=606&STYLES=&VERSION=1%2E1%2E1&LAYERS=3%2C4%2C5%2C6%2C7&BBOX=%2D74%2E08004396068914%2C4%2E661535840696408%2C%2D74%2E07420952230284%2C4%2E664419747435475&TRANSPARENT=TRUE&SERVICE=WMS&FORMAT=image%2Fpng&SRS=EPSG%3A4686&REQUEST=GetMap HTTP/1.1" 200 5593
190.252.61.153 - - [09/Aug/2015:12:37:46 -0500] "GET /galeria/galeria/jquery.fancybox.css?v=2.1.5 HTTP/1.1" 200 4895
190.252.61.153 - - [09/Aug/2015:12:37:46 -0500] "GET /BLA/boletinlegal/js/jquery.scrollShow.js HTTP/1.1" 200 4586
190.252.61.153 - - [09/Aug/2015:12:37:46 -0500] "GET /galeria/galeria/jquery.fancybox.js?v=2.1.5 HTTP/1.1" 200 48706
186.145.0.164 - - [09/Aug/2015:12:37:48 -0500] "GET /arcgis/services/Calidad_del_Agua_WQI/MapServer/WMSServer?WIDTH=1226&HEIGHT=606&STYLES=&VERSION=1%2E1%2E1&LAYERS=3%2C4%2C5%2C6%2C7&BBOX=%2D74%2E0793788810812%2C4%2E663375144071996%2C%2D74%2E0735444426949%2C4%2E666259050811063&TRANSPARENT=TRUE&SERVICE=WMS&FORMAT=image%2Fpng&SRS=EPSG%3A4686&REQUEST=GetMap HTTP/1.1" 200 5538
180.76.15.148 - - [09/Aug/2015:12:37:48 -0500] "GET /SIG/Direccionamiento%20Estrategico/126PG01-PR18.pdf HTTP/1.1" 200 1725719
186.145.0.164 - - [09/Aug/2015:12:37:49 -0500] "GET /arcgis/services/Calidad_del_Agua_WQI/MapServer/WMSServer?WIDTH=1226&HEIGHT=606&STYLES=&VERSION=1%2E1%2E1&LAYERS=3%2C4%2C5%2C6%2C7&BBOX=%2D74%2E07912900788664%2C4%2E664257541425915%2C%2D74%2E07329456950033%2C4%2E6671414481649816&TRANSPARENT=TRUE&SERVICE=WMS&FORMAT=image%2Fpng&SRS=EPSG%3A4686&REQUEST=GetMap HTTP/1.1" 200 5517
186.28.149.243 - - [09/Aug/2015:12:37:50 -0500] "GET /forest/buscar.do HTTP/1.1" 200 85075
186.28.149.243 - - [09/Aug/2015:12:37:51 -0500] "GET /forest/json.do?query=usersByDep&coddep=20 HTTP/1.1" 200 4012
186.28.149.243 - - [09/Aug/2015:12:37:51 -0500] "GET /forest/json.do?query=versionListadas HTTP/1.1" 200 15
186.28.149.243 - - [09/Aug/2015:12:37:51 -0500] "GET /forest/json.do?query=usersByDep&coddep=20 HTTP/1.1" 200 4012
186.28.149.243 - - [09/Aug/2015:12:37:51 -0500] "GET /forest/json.do?query=procesIniciales HTTP/1.1" 200 11405
186.28.149.243 - - [09/Aug/2015:12:37:51 -0500] "GET /forest/json.do?query=bpmnIniciales HTTP/1.1" 200 1334
179.33.241.20 - - [09/Aug/2015:12:37:53 -0500] "GET /galeria/galeria/jquery.fancybox.js?v=2.1.5 HTTP/1.1" 304 -
179.33.241.20 - - [09/Aug/2015:12:37:53 -0500] "GET /galeria/galeria/jquery.fancybox.css?v=2.1.5 HTTP/1.1" 304 -
179.33.241.20 - - [09/Aug/2015:12:37:53 -0500] "GET /BLA/boletinlegal/js/jquery.scrollShow.js HTTP/1.1" 304 -
186.28.149.243 - - [09/Aug/2015:12:37:53 -0500] "POST /forest/buscar.do? HTTP/1.1" 200 7063
186.28.149.243 - - [09/Aug/2015:12:37:54 -0500] "GET /forest/skins/gdocs-jar/popup/popup.jsp?width=900&height=600&title=Informaci%F3n%20de%20proceso&uri=/forest/system/process.jsp%3FnumPro%3D2957370&name=undefined&_a=0.524778492981568&a=0.6068358069751412 HTTP/1.1" 200 1312
186.28.149.243 - - [09/Aug/2015:12:37:54 -0500] "GET /forest/system/process.jsp?numPro=2957370 HTTP/1.1" 200 18159
186.28.149.243 - - [09/Aug/2015:12:37:54 -0500] "GET /forest/system/process.jsp?numPro=2957370 HTTP/1.1" 200 73422
186.145.0.164 - - [09/Aug/2015:12:37:59 -0500] "GET /crossdomain.xml HTTP/1.1" 404 1280
186.145.0.164 - - [09/Aug/2015:12:37:59 -0500] "GET /arcgis/services/Calidad_del_Agua_WQI/MapServer/WMSServer?WIDTH=1226&HEIGHT=606&STYLES=&VERSION=1%2E1%2E1&LAYERS=3%2C4%2C5%2C6%2C7&BBOX=%2D74%2E07799691454343%2C4%2E673238702343728%2C%2D74%2E07216247615713%2C4%2E676122609082794&TRANSPARENT=TRUE&SERVICE=WMS&FORMAT=image%2Fpng&SRS=EPSG%3A4686&REQUEST=GetMap HTTP/1.1" 200 5331
186.28.149.243 - - [09/Aug/2015:12:37:57 -0500] "GET /forest/documentos/1960132/2014ER189731.pdf HTTP/1.1" 200 1810449
190.24.40.142 - - [09/Aug/2015:12:38:01 -0500] "GET /galeria/galeria/jquery.fancybox.css?v=2.1.5 HTTP/1.1" 200 4895
190.24.40.142 - - [09/Aug/2015:12:38:01 -0500] "GET /galeria/galeria/jquery.fancybox.js?v=2.1.5 HTTP/1.1" 200 48706
190.24.40.142 - - [09/Aug/2015:12:38:03 -0500] "GET /videos/galeria-cronicas/1V3wnplaylist.htm? HTTP/1.1" 200 4013
190.24.40.142 - - [09/Aug/2015:12:38:04 -0500] "GET /videos/galeria-cronicas/skin/blue.monday/jplayer.blue.monday.css HTTP/1.1" 200 12518
190.24.40.142 - - [09/Aug/2015:12:38:04 -0500] "GET /videos/galeria-cronicas/js/jquery.jplayer.min.js HTTP/1.1" 200 43668
190.24.40.142 - - [09/Aug/2015:12:38:04 -0500] "GET /videos/galeria-cronicas/js/jplayer.playlist.min.js HTTP/1.1" 200 8608
190.24.40.142 - - [09/Aug/2015:12:38:05 -0500] "GET /videos/galeria-cronicas/skin/blue.monday/jplayer.blue.monday.video.play.png HTTP/1.1" 200 14424
190.24.40.142 - - [09/Aug/2015:12:38:05 -0500] "GET /videos/galeria-cronicas/skin/blue.monday/jplayer.blue.monday.jpg HTTP/1.1" 200 23189
190.24.40.142 - - [09/Aug/2015:12:38:05 -0500] "GET /videos/galeria-cronicas/1videos/parche.mp4video.mp4 HTTP/1.1" 206 2
190.24.40.142 - - [09/Aug/2015:12:38:05 -0500] "GET /videos/galeria-cronicas/1videos/parche.mp4video.mp4 HTTP/1.1" 200 2821840
190.24.40.142 - - [09/Aug/2015:12:38:06 -0500] "GET /videos/galeria-cronicas/1videos/parche.mp4video.mp4 HTTP/1.1" 206 293603
186.145.0.164 - - [09/Aug/2015:12:38:06 -0500] "GET /arcgis/services/Calidad_del_Agua_WQI/MapServer/WMSServer?WIDTH=1226&HEIGHT=606&STYLES=&VERSION=1%2E1%2E1&LAYERS=3%2C4%2C5%2C6%2C7&BBOX=%2D74%2E07929164608679%2C4%2E68038520401555%2C%2D74%2E07345720770049%2C4%2E683269110754616&TRANSPARENT=TRUE&SERVICE=WMS&FORMAT=image%2Fpng&SRS=EPSG%3A4686&REQUEST=GetMap HTTP/1.1" 200 5962
186.145.0.164 - - [09/Aug/2015:12:38:08 -0500] "GET /arcgis/services/Calidad_del_Agua_WQI/MapServer/WMSServer?WIDTH=1226&HEIGHT=606&STYLES=&VERSION=1%2E1%2E1&LAYERS=3%2C4%2C5%2C6%2C7&BBOX=%2D74%2E07904626132428%2C4%2E681224940128789%2C%2D74%2E07321182293798%2C4%2E684108846867856&TRANSPARENT=TRUE&SERVICE=WMS&FORMAT=image%2Fpng&SRS=EPSG%3A4686&REQUEST=GetMap HTTP/1.1" 200 5943
186.145.0.164 - - [09/Aug/2015:12:38:09 -0500] "GET /crossdomain.xml HTTP/1.1" 404 1280
186.145.0.164 - - [09/Aug/2015:12:38:09 -0500] "GET /arcgis/services/Calidad_del_Agua_WQI/MapServer/WMSServer?WIDTH=1226&HEIGHT=606&STYLES=&VERSION=1%2E1%2E1&LAYERS=3%2C4%2C5%2C6%2C7&BBOX=%2D74%2E07858970369288%2C4%2E682034403730037%2C%2D74%2E07275526530658%2C4%2E6849183104691035&TRANSPARENT=TRUE&SERVICE=WMS&FORMAT=image%2Fpng&SRS=EPSG%3A4686&REQUEST=GetMap HTTP/1.1" 200 6005
186.145.0.164 - - [09/Aug/2015:12:38:11 -0500] "GET /arcgis/services/Calidad_del_Agua_WQI/MapServer/WMSServer?WIDTH=1226&HEIGHT=606&STYLES=&VERSION=1%2E1%2E1&LAYERS=3%2C4%2C5%2C6%2C7&BBOX=%2D74%2E07907962147985%2C4%2E682692265982801%2C%2D74%2E07324518309355%2C4%2E685576172721868&TRANSPARENT=TRUE&SERVICE=WMS&FORMAT=image%2Fpng&SRS=EPSG%3A4686&REQUEST=GetMap HTTP/1.1" 200 6019
66.249.64.96 - - [09/Aug/2015:12:38:12 -0500] "GET /BLA/resoluciones/AUTOS%202011/1852.pdf HTTP/1.1" 200 98070
186.145.0.164 - - [09/Aug/2015:12:38:27 -0500] "GET /crossdomain.xml HTTP/1.1" 404 1280
186.145.0.164 - - [09/Aug/2015:12:38:27 -0500] "GET /arcgis/services/Calidad_del_Agua_WQI/MapServer/WMSServer?WIDTH=1226&HEIGHT=606&STYLES=&VERSION=1%2E1%2E1&LAYERS=3%2C4%2C5%2C6%2C7&BBOX=%2D74%2E07732704111726%2C4%2E682588067816002%2C%2D74%2E07149260273096%2C4%2E685471974555068&TRANSPARENT=TRUE&SERVICE=WMS&FORMAT=image%2Fpng&SRS=EPSG%3A4686&REQUEST=GetMap HTTP/1.1" 200 6059
186.28.149.243 - - [09/Aug/2015:12:38:28 -0500] "GET /forest/buscar.do HTTP/1.1" 200 85075
186.28.149.243 - - [09/Aug/2015:12:38:29 -0500] "GET /forest/json.do?query=usersByDep&coddep=20 HTTP/1.1" 200 4012
186.28.149.243 - - [09/Aug/2015:12:38:29 -0500] "GET /forest/json.do?query=versionListadas HTTP/1.1" 200 15
186.28.149.243 - - [09/Aug/2015:12:38:29 -0500] "GET /forest/json.do?query=usersByDep&coddep=20 HTTP/1.1" 200 4012
186.28.149.243 - - [09/Aug/2015:12:38:29 -0500] "GET /forest/json.do?query=procesIniciales HTTP/1.1" 200 11405
186.28.149.243 - - [09/Aug/2015:12:38:29 -0500] "GET /forest/json.do?query=bpmnIniciales HTTP/1.1" 200 1334
186.28.149.243 - - [09/Aug/2015:12:38:31 -0500] "POST /forest/buscar.do? HTTP/1.1" 200 7065
186.145.0.164 - - [09/Aug/2015:12:38:32 -0500] "GET /arcgis/services/Calidad_del_Agua_WQI/MapServer/WMSServer?WIDTH=1226&HEIGHT=606&STYLES=&VERSION=1%2E1%2E1&LAYERS=3%2C4%2C5%2C6%2C7&BBOX=%2D74%2E07438923452965%2C4%2E682178983025845%2C%2D74%2E06855479614335%2C4%2E685062889764912&TRANSPARENT=TRUE&SERVICE=WMS&FORMAT=image%2Fpng&SRS=EPSG%3A4686&REQUEST=GetMap HTTP/1.1" 200 4349
186.28.149.243 - - [09/Aug/2015:12:38:33 -0500] "GET /forest/skins/gdocs-jar/popup/popup.jsp?width=900&height=600&title=Informaci%F3n%20de%20proceso&uri=/forest/system/process.jsp%3FnumPro%3D2957371&name=undefined&_a=0.23125705868005753&a=0.5494370481465012 HTTP/1.1" 200 1312
186.28.149.243 - - [09/Aug/2015:12:38:33 -0500] "GET /forest/system/process.jsp?numPro=2957371 HTTP/1.1" 200 18159
186.28.149.243 - - [09/Aug/2015:12:38:33 -0500] "GET /forest/system/process.jsp?numPro=2957371 HTTP/1.1" 200 73424
186.147.230.51 - - [09/Aug/2015:12:38:35 -0500] "GET /galeria/galeria/jquery.fancybox.js?v=2.1.5 HTTP/1.1" 200 48706
186.147.230.51 - - [09/Aug/2015:12:38:35 -0500] "GET /BLA/boletinlegal/js/jquery.scrollShow.js HTTP/1.1" 200 4586
186.147.230.51 - - [09/Aug/2015:12:38:35 -0500] "GET /galeria/galeria/jquery.fancybox.css?v=2.1.5 HTTP/1.1" 200 4895
180.76.15.158 - - [09/Aug/2015:12:38:37 -0500] "GET / HTTP/1.1" 200 10190
190.157.211.180 - - [09/Aug/2015:12:38:37 -0500] "GET /galeria/galeria/jquery.fancybox.css?v=2.1.5 HTTP/1.1" 200 4895
190.157.211.180 - - [09/Aug/2015:12:38:37 -0500] "GET /BLA/boletinlegal/js/jquery.scrollShow.js HTTP/1.1" 200 4586
190.157.211.180 - - [09/Aug/2015:12:38:37 -0500] "GET /galeria/galeria/jquery.fancybox.js?v=2.1.5 HTTP/1.1" 200 48706
186.28.149.243 - - [09/Aug/2015:12:38:34 -0500] "GET /forest/documentos/1960133/2014ER189732.pdf HTTP/1.1" 200 1838024
186.145.0.164 - - [09/Aug/2015:12:38:38 -0500] "GET /crossdomain.xml HTTP/1.1" 404 1280
186.145.0.164 - - [09/Aug/2015:12:38:38 -0500] "GET /arcgis/services/Calidad_del_Agua_WQI/MapServer/WMSServer?WIDTH=1226&HEIGHT=606&STYLES=&VERSION=1%2E1%2E1&LAYERS=3%2C4%2C5%2C6%2C7&BBOX=%2D74%2E07309498473268%2C4%2E680815890749951%2C%2D74%2E06726054634638%2C4%2E683699797489018&TRANSPARENT=TRUE&SERVICE=WMS&FORMAT=image%2Fpng&SRS=EPSG%3A4686&REQUEST=GetMap HTTP/1.1" 200 4349
186.145.0.164 - - [09/Aug/2015:12:38:41 -0500] "GET /arcgis/services/Calidad_del_Agua_WQI/MapServer/WMSServer?WIDTH=1226&HEIGHT=606&STYLES=&VERSION=1%2E1%2E1&LAYERS=3%2C4%2C5%2C6%2C7&BBOX=%2D74%2E07167618102022%2C4%2E679673210436548%2C%2D74%2E06584174263392%2C4%2E682557117175615&TRANSPARENT=TRUE&SERVICE=WMS&FORMAT=image%2Fpng&SRS=EPSG%3A4686&REQUEST=GetMap HTTP/1.1" 200 4349
186.147.230.51 - - [09/Aug/2015:12:38:44 -0500] "GET /galeria/galeria/jquery.fancybox.js?v=2.1.5 HTTP/1.1" 200 48706
186.147.230.51 - - [09/Aug/2015:12:38:44 -0500] "GET /galeria/galeria/jquery.fancybox.css?v=2.1.5 HTTP/1.1" 200 4895
186.147.230.51 - - [09/Aug/2015:12:38:44 -0500] "GET /BLA/boletinlegal/js/jquery.scrollShow.js HTTP/1.1" 200 4586
186.145.0.164 - - [09/Aug/2015:12:38:45 -0500] "GET /arcgis/services/Calidad_del_Agua_WQI/MapServer/WMSServer?WIDTH=1226&HEIGHT=606&STYLES=&VERSION=1%2E1%2E1&LAYERS=3%2C4%2C5%2C6%2C7&BBOX=%2D74%2E07081416508876%2C4%2E678539867618276%2C%2D74%2E06497972670246%2C4%2E681423774357342&TRANSPARENT=TRUE&SERVICE=WMS&FORMAT=image%2Fpng&SRS=EPSG%3A4686&REQUEST=GetMap HTTP/1.1" 200 4349
186.145.0.164 - - [09/Aug/2015:12:38:48 -0500] "GET /arcgis/services/Calidad_del_Agua_WQI/MapServer/WMSServer?WIDTH=1226&HEIGHT=606&STYLES=&VERSION=1%2E1%2E1&LAYERS=3%2C4%2C5%2C6%2C7&BBOX=%2D74%2E06913581752056%2C4%2E677789039912395%2C%2D74%2E06330137913426%2C4%2E680672946651462&TRANSPARENT=TRUE&SERVICE=WMS&FORMAT=image%2Fpng&SRS=EPSG%3A4686&REQUEST=GetMap HTTP/1.1" 200 4349
186.154.29.204 - - [09/Aug/2015:12:38:49 -0500] "GET /galeria/galeria/jquery.fancybox.css?v=2.1.5 HTTP/1.1" 200 4895
186.154.29.204 - - [09/Aug/2015:12:38:49 -0500] "GET /galeria/galeria/jquery.fancybox.js?v=2.1.5 HTTP/1.1" 200 48706
186.154.29.204 - - [09/Aug/2015:12:38:49 -0500] "GET /BLA/boletinlegal/js/jquery.scrollShow.js HTTP/1.1" 200 4586
186.145.0.164 - - [09/Aug/2015:12:38:53 -0500] "GET /crossdomain.xml HTTP/1.1" 404 1280
186.145.0.164 - - [09/Aug/2015:12:38:53 -0500] "GET /arcgis/services/Calidad_del_Agua_WQI/MapServer/WMSServer?WIDTH=1226&HEIGHT=606&STYLES=&VERSION=1%2E1%2E1&LAYERS=3%2C4%2C5%2C6%2C7&BBOX=%2D74%2E06704642031472%2C4%2E677283785835189%2C%2D74%2E06121198192842%2C4%2E680167692574256&TRANSPARENT=TRUE&SERVICE=WMS&FORMAT=image%2Fpng&SRS=EPSG%3A4686&REQUEST=GetMap HTTP/1.1" 200 4349
190.157.211.180 - - [09/Aug/2015:12:38:55 -0500] "GET /galeria/galeria/jquery.fancybox.css?v=2.1.5 HTTP/1.1" 304 -
190.157.211.180 - - [09/Aug/2015:12:38:55 -0500] "GET /BLA/boletinlegal/js/jquery.scrollShow.js HTTP/1.1" 304 -
190.157.211.180 - - [09/Aug/2015:12:38:55 -0500] "GET /galeria/galeria/jquery.fancybox.js?v=2.1.5 HTTP/1.1" 304 -
186.154.29.204 - - [09/Aug/2015:12:38:58 -0500] "GET /galeria/galeria/jquery.fancybox.js?v=2.1.5 HTTP/1.1" 304 -
186.145.0.164 - - [09/Aug/2015:12:39:00 -0500] "GET /arcgis/services/Calidad_del_Agua_WQI/MapServer/WMSServer?WIDTH=1226&HEIGHT=606&STYLES=&VERSION=1%2E1%2E1&LAYERS=3%2C4%2C5%2C6%2C7&BBOX=%2D74%2E06490054263992%2C4%2E676951418823089%2C%2D74%2E05906610425362%2C4%2E679835325562156&TRANSPARENT=TRUE&SERVICE=WMS&FORMAT=image%2Fpng&SRS=EPSG%3A4686&REQUEST=GetMap HTTP/1.1" 200 4349
186.154.29.204 - - [09/Aug/2015:12:39:01 -0500] "GET /galeria/galeria/jquery.fancybox.css?v=2.1.5 HTTP/1.1" 304 -
186.154.29.204 - - [09/Aug/2015:12:39:01 -0500] "GET /BLA/boletinlegal/js/jquery.scrollShow.js HTTP/1.1" 304 -
186.28.149.243 - - [09/Aug/2015:12:39:01 -0500] "GET /forest/buscar.do HTTP/1.1" 200 85075
186.28.149.243 - - [09/Aug/2015:12:39:01 -0500] "GET /forest/json.do?query=usersByDep&coddep=20 HTTP/1.1" 200 4012
186.28.149.243 - - [09/Aug/2015:12:39:01 -0500] "GET /forest/json.do?query=versionListadas HTTP/1.1" 200 15
186.28.149.243 - - [09/Aug/2015:12:39:01 -0500] "GET /forest/json.do?query=usersByDep&coddep=20 HTTP/1.1" 200 4012
186.28.149.243 - - [09/Aug/2015:12:39:01 -0500] "GET /forest/json.do?query=procesIniciales HTTP/1.1" 200 11405
186.28.149.243 - - [09/Aug/2015:12:39:01 -0500] "GET /forest/json.do?query=bpmnIniciales HTTP/1.1" 200 1334
186.28.149.243 - - [09/Aug/2015:12:39:03 -0500] "POST /forest/buscar.do? HTTP/1.1" 200 7065
186.28.149.243 - - [09/Aug/2015:12:39:04 -0500] "GET /forest/skins/gdocs-jar/popup/popup.jsp?width=900&height=600&title=Informaci%F3n%20de%20proceso&uri=/forest/system/process.jsp%3FnumPro%3D2957377&name=undefined&_a=0.16423960775136948&a=0.22430785093456507 HTTP/1.1" 200 1312
186.28.149.243 - - [09/Aug/2015:12:39:04 -0500] "GET /forest/system/process.jsp?numPro=2957377 HTTP/1.1" 200 18159
186.28.149.243 - - [09/Aug/2015:12:39:04 -0500] "GET /forest/system/process.jsp?numPro=2957377 HTTP/1.1" 200 73424
186.145.0.164 - - [09/Aug/2015:12:39:05 -0500] "GET /crossdomain.xml HTTP/1.1" 404 1280
186.145.0.164 - - [09/Aug/2015:12:39:05 -0500] "GET /arcgis/services/Calidad_del_Agua_WQI/MapServer/WMSServer?WIDTH=1226&HEIGHT=606&STYLES=&VERSION=1%2E1%2E1&LAYERS=3%2C4%2C5%2C6%2C7&BBOX=%2D74%2E06440100926682%2C4%2E676077911716237%2C%2D74%2E05856657088052%2C4%2E678961818455304&TRANSPARENT=TRUE&SERVICE=WMS&FORMAT=image%2Fpng&SRS=EPSG%3A4686&REQUEST=GetMap HTTP/1.1" 200 4349
180.76.15.147 - - [09/Aug/2015:12:39:06 -0500] "GET / HTTP/1.1" 200 10190
186.145.0.164 - - [09/Aug/2015:12:39:09 -0500] "GET /arcgis/services/Calidad_del_Agua_WQI/MapServer/WMSServer?WIDTH=1226&HEIGHT=606&STYLES=&VERSION=1%2E1%2E1&LAYERS=3%2C4%2C5%2C6%2C7&BBOX=%2D74%2E06436684454715%2C4%2E676571246814369%2C%2D74%2E05853240616085%2C4%2E679455153553436&TRANSPARENT=TRUE&SERVICE=WMS&FORMAT=image%2Fpng&SRS=EPSG%3A4686&REQUEST=GetMap HTTP/1.1" 200 4349
186.28.149.243 - - [09/Aug/2015:12:39:06 -0500] "GET /forest/documentos/1960135/2014ER189734.pdf HTTP/1.1" 200 1812916
191.98.53.94 - - [09/Aug/2015:12:39:11 -0500] "GET /galeria/galeria/jquery.fancybox.css?v=2.1.5 HTTP/1.1" 200 4895
191.98.53.94 - - [09/Aug/2015:12:39:11 -0500] "GET /BLA/boletinlegal/js/jquery.scrollShow.js HTTP/1.1" 200 4586
191.98.53.94 - - [09/Aug/2015:12:39:11 -0500] "GET /galeria/galeria/jquery.fancybox.js?v=2.1.5 HTTP/1.1" 200 48706
191.98.53.94 - - [09/Aug/2015:12:39:14 -0500] "GET /BLA/boletinlegal/js/jquery.scrollShow.js HTTP/1.1" 304 -
191.98.53.94 - - [09/Aug/2015:12:39:14 -0500] "GET /galeria/galeria/jquery.fancybox.js?v=2.1.5 HTTP/1.1" 304 -
191.98.53.94 - - [09/Aug/2015:12:39:14 -0500] "GET /galeria/galeria/jquery.fancybox.css?v=2.1.5 HTTP/1.1" 304 -
186.145.0.164 - - [09/Aug/2015:12:39:15 -0500] "GET /crossdomain.xml HTTP/1.1" 404 1280
186.145.0.164 - - [09/Aug/2015:12:39:15 -0500] "GET /arcgis/services/Calidad_del_Agua_WQI/MapServer/WMSServer?WIDTH=1226&HEIGHT=606&STYLES=&VERSION=1%2E1%2E1&LAYERS=3%2C4%2C5%2C6%2C7&BBOX=%2D74%2E06279629197334%2C4%2E675855170964481%2C%2D74%2E05696185358704%2C4%2E678739077703548&TRANSPARENT=TRUE&SERVICE=WMS&FORMAT=image%2Fpng&SRS=EPSG%3A4686&REQUEST=GetMap HTTP/1.1" 200 4349
66.249.64.106 - - [09/Aug/2015:12:39:20 -0500] "GET /BLA/normas/Resolucion%202064-2010.pdf HTTP/1.1" 304 -
186.145.0.164 - - [09/Aug/2015:12:39:20 -0500] "GET /arcgis/services/Calidad_del_Agua_WQI/MapServer/WMSServer?WIDTH=1226&HEIGHT=606&STYLES=&VERSION=1%2E1%2E1&LAYERS=3%2C4%2C5%2C6%2C7&BBOX=%2D74%2E06236526603291%2C4%2E674864760808828%2C%2D74%2E05653082764661%2C4%2E6777486675478945&TRANSPARENT=TRUE&SERVICE=WMS&FORMAT=image%2Fpng&SRS=EPSG%3A4686&REQUEST=GetMap HTTP/1.1" 200 4349
190.27.134.139 - - [09/Aug/2015:12:39:23 -0500] "GET /Residuos/maderas/images/page6.swf HTTP/1.1" 200 17299
190.27.134.139 - - [09/Aug/2015:12:39:24 -0500] "GET /Residuos/maderas/files/search/search6.xml HTTP/1.1" 200 12289
190.27.134.139 - - [09/Aug/2015:12:39:24 -0500] "GET /Residuos/maderas/images/page7.swf HTTP/1.1" 200 15499
188.165.15.183 - - [09/Aug/2015:12:39:25 -0500] "GET /BLA/resoluciones/index.php?dir=RESOLUCIONES%202006/RES%202006%202351-2400/&sort=date&order=desc HTTP/1.1" 200 12356
190.27.134.139 - - [09/Aug/2015:12:39:25 -0500] "GET /Residuos/maderas/files/search/search7.xml HTTP/1.1" 200 8721
188.165.15.183 - - [09/Aug/2015:12:39:26 -0500] "GET /BLA/resoluciones/RESOLUCIONES%202004/RES%202004%20801-850/00000830.tif HTTP/1.1" 200 29240
186.145.0.164 - - [09/Aug/2015:12:39:27 -0500] "GET /crossdomain.xml HTTP/1.1" 404 1280
