186.28.104.78 - - [11/Aug/2015:04:36:38 -0500] "GET /galeria/carrusel/Carrusel/jquery.thumbnailScroller.css HTTP/1.1" 200 2066
186.28.104.78 - - [11/Aug/2015:04:36:38 -0500] "GET /BLA/boletinlegal/js/jquery.scrollShow.js HTTP/1.1" 200 4586
186.28.104.78 - - [11/Aug/2015:04:36:38 -0500] "GET /galeria/galeria/jquery.fancybox.js?v=2.1.5 HTTP/1.1" 200 48706
186.28.104.78 - - [11/Aug/2015:04:36:38 -0500] "GET /galeria/carrusel/Carrusel/jquery-ui-1.8.13.custom.min.js HTTP/1.1" 200 10800
186.28.104.78 - - [11/Aug/2015:04:36:38 -0500] "GET /galeria/carrusel/Carrusel/jquery.thumbnailScroller.js HTTP/1.1" 200 8157
186.28.104.78 - - [11/Aug/2015:04:36:39 -0500] "GET /galeria/nivo-slider/demo/demo.html HTTP/1.1" 200 5019
186.28.104.78 - - [11/Aug/2015:04:36:40 -0500] "GET /galeria/nivo-slider/themes/default/default.css HTTP/1.1" 200 1569
186.28.104.78 - - [11/Aug/2015:04:36:40 -0500] "GET /galeria/nivo-slider/themes/pascal/pascal.css HTTP/1.1" 200 2258
186.28.104.78 - - [11/Aug/2015:04:36:40 -0500] "GET /galeria/nivo-slider/themes/orman/orman.css HTTP/1.1" 200 2152
186.28.104.78 - - [11/Aug/2015:04:36:40 -0500] "GET /galeria/nivo-slider/nivo-slider.css HTTP/1.1" 200 1507
186.28.104.78 - - [11/Aug/2015:04:36:40 -0500] "GET /galeria/nivo-slider/demo/style.css HTTP/1.1" 200 2222
186.28.104.78 - - [11/Aug/2015:04:36:40 -0500] "GET /galeria/nivo-slider/demo/scripts/jquery-1.7.1.min.js HTTP/1.1" 200 93868
186.28.104.78 - - [11/Aug/2015:04:36:40 -0500] "GET /galeria/nivo-slider/jquery.nivo.slider.pack.js HTTP/1.1" 200 11561
186.28.104.78 - - [11/Aug/2015:04:36:41 -0500] "GET /galeria/nivo-slider/demo/images/rendicion-de-cuentas-7-agosto.jpg HTTP/1.1" 200 149701
186.28.104.78 - - [11/Aug/2015:04:36:41 -0500] "GET /galeria/nivo-slider/demo/images/PREDAcamp.jpg HTTP/1.1" 200 295358
186.28.104.78 - - [11/Aug/2015:04:36:41 -0500] "GET /galeria/nivo-slider/demo/images/Banner-piel-natural.jpg HTTP/1.1" 200 160762
186.28.104.78 - - [11/Aug/2015:04:36:41 -0500] "GET /galeria/nivo-slider/demo/images/Semana-PYBA.jpg HTTP/1.1" 200 147360
186.28.104.78 - - [11/Aug/2015:04:36:41 -0500] "GET /galeria/nivo-slider/demo/images/4Simple_Slider.png HTTP/1.1" 200 11722
186.28.104.78 - - [11/Aug/2015:04:36:42 -0500] "GET /galeria/nivo-slider/themes/default/loading.gif HTTP/1.1" 200 1737
186.28.104.78 - - [11/Aug/2015:04:36:42 -0500] "GET /galeria/nivo-slider/demo/images/VoluntariadoPYBA.jpg HTTP/1.1" 200 40647
186.28.104.78 - - [11/Aug/2015:04:36:42 -0500] "GET /galeria/nivo-slider/demo/images/Cambio-Climatico-Paramos.jpg HTTP/1.1" 200 262430
186.28.104.78 - - [11/Aug/2015:04:36:42 -0500] "GET /galeria/nivo-slider/demo/images/banner-llantas2.jpg HTTP/1.1" 200 204644
186.28.104.78 - - [11/Aug/2015:04:36:43 -0500] "GET /galeria/nivo-slider/demo/images/9Signos.jpg HTTP/1.1" 200 81776
186.28.104.78 - - [11/Aug/2015:04:36:44 -0500] "GET /galeria/nivo-slider/demo/images/Comparendo-ambiental-Banner.jpg HTTP/1.1" 200 83731
186.28.104.78 - - [11/Aug/2015:04:36:44 -0500] "GET /galeria/nivo-slider/demo/images/GAE-banner.jpg HTTP/1.1" 200 97556
186.28.104.78 - - [11/Aug/2015:04:36:45 -0500] "GET /galeria/nivo-slider/demo/images/Banner-encuesta-de-percepscio.jpg HTTP/1.1" 200 201899
186.28.104.78 - - [11/Aug/2015:04:36:45 -0500] "GET /galeria/nivo-slider/demo/images/banner-Pacto-por-la-madera.jpg HTTP/1.1" 200 209966
186.28.104.78 - - [11/Aug/2015:04:36:46 -0500] "GET /galeria/nivo-slider/demo/images/acuerdo_569.jpg HTTP/1.1" 200 62670
201.245.192.253 - - [11/Aug/2015:04:36:46 -0500] "GET /forest/session.jsp?a=0.1581102528032775 HTTP/1.1" 200 4
186.28.104.78 - - [11/Aug/2015:04:36:47 -0500] "GET /galeria/nivo-slider/demo/images/Banner-Directorio.jpg HTTP/1.1" 200 182068
186.28.104.78 - - [11/Aug/2015:04:36:47 -0500] "GET /galeria/nivo-slider/demo/images/Ruta-vertimientos-01.jpg HTTP/1.1" 200 130151
186.28.104.78 - - [11/Aug/2015:04:36:47 -0500] "GET /galeria/nivo-slider/demo/images/bolsas-06.jpg HTTP/1.1" 200 90982
186.28.104.78 - - [11/Aug/2015:04:36:47 -0500] "GET /galeria/nivo-slider/demo/images/Conoce-los-humedales.jpg HTTP/1.1" 200 294036
186.28.104.78 - - [11/Aug/2015:04:36:47 -0500] "GET /galeria/nivo-slider/demo/images/ecolecta-Dic2014.png HTTP/1.1" 200 288593
186.28.104.78 - - [11/Aug/2015:04:36:48 -0500] "GET /galeria/nivo-slider/demo/images/Banner-Caracol-Africano.jpg HTTP/1.1" 200 331986
186.28.104.78 - - [11/Aug/2015:04:36:51 -0500] "GET /galeria/nivo-slider/themes/default/arrows.png HTTP/1.1" 200 824
186.28.104.78 - - [11/Aug/2015:04:36:51 -0500] "GET /galeria/nivo-slider/themes/default/bullets.png HTTP/1.1" 200 1281
190.84.185.167 - - [11/Aug/2015:04:37:05 -0500] "POST /forms/lservlet;jsessionid=ac16012b30d6fda8980680074abd9e82f43aaf4e94f2.e3iSbxaKaheRe38Ka34Oa3eLbxf0n6jAmljGr5XDqQLvpAe HTTP/1.1" 200 2
188.165.15.183 - - [11/Aug/2015:04:38:06 -0500] "GET /BLA/resoluciones/RESOLUCIONES%202006/RES%202006%202451-2500/00002466.tif HTTP/1.1" 200 93682
186.28.104.78 - - [11/Aug/2015:04:38:14 -0500] "GET /galeria/galeria/jquery.fancybox.css?v=2.1.5 HTTP/1.1" 304 -
186.28.104.78 - - [11/Aug/2015:04:38:14 -0500] "GET /BLA/boletinlegal/js/jquery.scrollShow.js HTTP/1.1" 304 -
186.28.104.78 - - [11/Aug/2015:04:38:14 -0500] "GET /galeria/galeria/jquery.fancybox.js?v=2.1.5 HTTP/1.1" 304 -
66.249.64.96 - - [11/Aug/2015:04:38:16 -0500] "GET /BLA/resoluciones/RESOLUCIONES%202008/0986.pdf HTTP/1.1" 304 -
66.249.64.106 - - [11/Aug/2015:04:38:17 -0500] "GET /BLA/resoluciones/AUTOS%202008/2105.pdf HTTP/1.1" 200 144739
157.55.39.31 - - [11/Aug/2015:04:38:50 -0500] "GET / HTTP/1.1" 200 10190
66.249.64.106 - - [11/Aug/2015:04:38:19 -0500] "GET /BLA/boletinlegal/index.php HTTP/1.1" 200 51062
190.84.185.167 - - [11/Aug/2015:04:39:06 -0500] "POST /forms/lservlet;jsessionid=ac16012b30d6fda8980680074abd9e82f43aaf4e94f2.e3iSbxaKaheRe38Ka34Oa3eLbxf0n6jAmljGr5XDqQLvpAe HTTP/1.1" 200 2
66.249.64.19 - - [11/Aug/2015:04:39:03 -0500] "GET /registro/ HTTP/1.1" 200 28822
74.86.158.107 - - [11/Aug/2015:04:39:31 -0500] "HEAD / HTTP/1.1" 200 -
66.249.64.101 - - [11/Aug/2015:04:39:34 -0500] "GET /BLA/resoluciones/RESOLUCIONES%202010/6439.pdf HTTP/1.1" 304 -
176.126.252.12 - - [11/Aug/2015:04:39:49 -0500] "GET / HTTP/1.1" 200 10190
201.234.75.11 - - [11/Aug/2015:04:39:56 -0500] "GET /galeria/nivo-slider/demo/images/Ecolecta-banner2.jpg HTTP/1.1" 304 -
188.165.15.183 - - [11/Aug/2015:04:39:59 -0500] "GET /BLA/resoluciones/RESOLUCIONES%202006/RES%202006%202001-2050/00002040.tif HTTP/1.1" 200 193946
66.249.64.101 - - [11/Aug/2015:04:40:58 -0500] "GET /BLA/resoluciones/RESOLUCIONES%202002/RES%202002%201201-1250/20021209.tif HTTP/1.1" 200 75910
188.165.15.183 - - [11/Aug/2015:04:41:03 -0500] "GET /BLA/resoluciones/RESOLUCIONES%202006/RES%202006%202751-2800/00002789.tif HTTP/1.1" 200 175376
190.84.185.167 - - [11/Aug/2015:04:41:06 -0500] "POST /forms/lservlet;jsessionid=ac16012b30d6fda8980680074abd9e82f43aaf4e94f2.e3iSbxaKaheRe38Ka34Oa3eLbxf0n6jAmljGr5XDqQLvpAe HTTP/1.1" 200 2
201.245.192.253 - - [11/Aug/2015:04:41:10 -0500] "GET /forest/session.jsp?a=0.50192605002218 HTTP/1.1" 200 4
66.249.64.19 - - [11/Aug/2015:04:40:59 -0500] "GET /wp-content/uploads/2015/07/cabezote-de-noticias13.jpg HTTP/1.1" 404 27437
66.249.64.96 - - [11/Aug/2015:04:41:20 -0500] "GET /BLA/circulares/7-2011.pdf HTTP/1.1" 200 1107785
201.245.192.253 - - [11/Aug/2015:04:41:46 -0500] "GET /forest/session.jsp?a=0.3948909229622265 HTTP/1.1" 200 4
188.165.15.183 - - [11/Aug/2015:04:41:54 -0500] "GET /BLA/resoluciones/index.php?dir=RESOLUCIONES+2005%2FRES+2005+401-450%2F HTTP/1.1" 200 12254
190.84.185.167 - - [11/Aug/2015:04:43:06 -0500] "POST /forms/lservlet;jsessionid=ac16012b30d6fda8980680074abd9e82f43aaf4e94f2.e3iSbxaKaheRe38Ka34Oa3eLbxf0n6jAmljGr5XDqQLvpAe HTTP/1.1" 200 2
201.234.75.11 - - [11/Aug/2015:04:43:34 -0500] "GET /galeria/nivo-slider/demo/images/bannerEcolecta2.jpg HTTP/1.1" 304 -
66.249.64.96 - - [11/Aug/2015:04:44:23 -0500] "GET /BLA/resoluciones/RESOLUCIONES%202007/RES%202007%201501%20AL%201600/RESOLUCION%201505%20DE%202007.pdf HTTP/1.1" 200 150361
74.86.158.107 - - [11/Aug/2015:04:44:31 -0500] "HEAD / HTTP/1.1" 200 -
66.249.64.19 - - [11/Aug/2015:04:44:40 -0500] "GET / HTTP/1.1" 200 129282
190.84.185.167 - - [11/Aug/2015:04:45:06 -0500] "POST /forms/lservlet;jsessionid=ac16012b30d6fda8980680074abd9e82f43aaf4e94f2.e3iSbxaKaheRe38Ka34Oa3eLbxf0n6jAmljGr5XDqQLvpAe HTTP/1.1" 200 2
201.245.192.253 - - [11/Aug/2015:04:46:10 -0500] "GET /forest/session.jsp?a=0.24656467888772682 HTTP/1.1" 200 4
188.165.15.183 - - [11/Aug/2015:04:46:25 -0500] "GET /BLA/resoluciones/RESOLUCIONES%202002/RES%202002%201551-1600/20021583.tif HTTP/1.1" 200 91802
201.234.75.11 - - [11/Aug/2015:04:46:33 -0500] "GET /galeria/nivo-slider/demo/images/GAE-banner.jpg HTTP/1.1" 304 -
201.245.192.253 - - [11/Aug/2015:04:46:46 -0500] "GET /forest/session.jsp?a=0.7237856474359781 HTTP/1.1" 200 4
190.84.185.167 - - [11/Aug/2015:04:47:06 -0500] "POST /forms/lservlet;jsessionid=ac16012b30d6fda8980680074abd9e82f43aaf4e94f2.e3iSbxaKaheRe38Ka34Oa3eLbxf0n6jAmljGr5XDqQLvpAe HTTP/1.1" 200 2
66.249.64.96 - - [11/Aug/2015:04:47:27 -0500] "GET /BLA/resoluciones/RESOLUCIONES%202009/4815.pdf HTTP/1.1" 200 683678
188.165.15.183 - - [11/Aug/2015:04:49:00 -0500] "GET /BLA/resoluciones/RESOLUCIONES%202006/RES%202006%202001-2050/00002033.tif HTTP/1.1" 200 469998
190.84.185.167 - - [11/Aug/2015:04:49:06 -0500] "POST /forms/lservlet;jsessionid=ac16012b30d6fda8980680074abd9e82f43aaf4e94f2.e3iSbxaKaheRe38Ka34Oa3eLbxf0n6jAmljGr5XDqQLvpAe HTTP/1.1" 200 2
66.249.64.248 - - [11/Aug/2015:04:49:16 -0500] "GET / HTTP/1.1" 200 10190
66.249.64.101 - - [11/Aug/2015:04:49:20 -0500] "GET /BLA/resoluciones/AUTOS%202012/2170.pdf HTTP/1.1" 304 -
74.86.158.107 - - [11/Aug/2015:04:49:31 -0500] "HEAD / HTTP/1.1" 200 -
191.157.191.91 - - [11/Aug/2015:04:50:23 -0500] "GET /galeria/galeria/jquery.fancybox.css?v=2.1.5 HTTP/1.1" 200 4895
191.157.191.91 - - [11/Aug/2015:04:50:23 -0500] "GET /BLA/boletinlegal/js/jquery.scrollShow.js HTTP/1.1" 200 4586
191.157.191.91 - - [11/Aug/2015:04:50:23 -0500] "GET /galeria/galeria/jquery.fancybox.js?v=2.1.5 HTTP/1.1" 200 48706
66.249.64.101 - - [11/Aug/2015:04:50:30 -0500] "GET /BLA/resoluciones/RESOLUCIONES%202011/4865.pdf HTTP/1.1" 200 569586
191.157.191.91 - - [11/Aug/2015:04:50:31 -0500] "GET /galeria/galeria/jquery.fancybox.css?v=2.1.5 HTTP/1.1" 304 -
191.157.191.91 - - [11/Aug/2015:04:50:31 -0500] "GET /BLA/boletinlegal/js/jquery.scrollShow.js HTTP/1.1" 304 -
191.157.191.91 - - [11/Aug/2015:04:50:31 -0500] "GET /galeria/galeria/jquery.fancybox.js?v=2.1.5 HTTP/1.1" 304 -
66.249.64.101 - - [11/Aug/2015:04:50:46 -0500] "GET /BLA/resoluciones/RESOLUCIONES%202012/0805.pdf HTTP/1.1" 304 -
190.84.185.167 - - [11/Aug/2015:04:51:06 -0500] "POST /forms/lservlet;jsessionid=ac16012b30d6fda8980680074abd9e82f43aaf4e94f2.e3iSbxaKaheRe38Ka34Oa3eLbxf0n6jAmljGr5XDqQLvpAe HTTP/1.1" 200 2
201.245.192.253 - - [11/Aug/2015:04:51:10 -0500] "GET /forest/session.jsp?a=0.7552573230912548 HTTP/1.1" 200 4
190.84.163.149 - - [11/Aug/2015:04:51:25 -0500] "GET /galeria/galeria/jquery.fancybox.css?v=2.1.5 HTTP/1.1" 200 4895
190.84.163.149 - - [11/Aug/2015:04:51:25 -0500] "GET /BLA/boletinlegal/js/jquery.scrollShow.js HTTP/1.1" 200 4586
190.84.163.149 - - [11/Aug/2015:04:51:25 -0500] "GET /galeria/galeria/jquery.fancybox.js?v=2.1.5 HTTP/1.1" 200 48706
190.84.163.149 - - [11/Aug/2015:04:51:35 -0500] "GET /galeria/galeria/jquery.fancybox.css?v=2.1.5 HTTP/1.1" 304 -
190.84.163.149 - - [11/Aug/2015:04:51:35 -0500] "GET /BLA/boletinlegal/js/jquery.scrollShow.js HTTP/1.1" 304 -
190.84.163.149 - - [11/Aug/2015:04:51:35 -0500] "GET /galeria/galeria/jquery.fancybox.js?v=2.1.5 HTTP/1.1" 304 -
188.165.15.183 - - [11/Aug/2015:04:51:37 -0500] "GET /BLA/resoluciones/RESOLUCIONES%202006/RES%202006%20551-600/00000583.tif HTTP/1.1" 200 154896
52.8.205.62 - - [11/Aug/2015:04:51:33 -0500] "GET /?author=1 HTTP/1.1" 301 -
201.245.192.253 - - [11/Aug/2015:04:51:46 -0500] "GET /forest/session.jsp?a=0.24383788175323262 HTTP/1.1" 200 4
52.8.205.62 - - [11/Aug/2015:04:51:46 -0500] "POST /wp-login.php HTTP/1.1" 200 4795
190.84.185.167 - - [11/Aug/2015:04:53:06 -0500] "POST /forms/lservlet;jsessionid=ac16012b30d6fda8980680074abd9e82f43aaf4e94f2.e3iSbxaKaheRe38Ka34Oa3eLbxf0n6jAmljGr5XDqQLvpAe HTTP/1.1" 200 2
66.249.64.101 - - [11/Aug/2015:04:53:33 -0500] "GET /BLA/resoluciones/RESOLUCIONES%202014/0964.pdf HTTP/1.1" 200 506134
180.76.15.158 - - [11/Aug/2015:04:53:52 -0500] "GET / HTTP/1.1" 302 296
188.165.15.183 - - [11/Aug/2015:04:53:57 -0500] "GET /BLA/resoluciones/RESOLUCIONES%202005/RES%202005%201451-1500/00001493.tif HTTP/1.1" 200 245880
74.86.158.107 - - [11/Aug/2015:04:54:30 -0500] "HEAD / HTTP/1.1" 200 -
66.249.64.243 - - [11/Aug/2015:04:54:46 -0500] "GET /Autoliquidacion/Solicitudes%20relacionadas%20con%20calidad%20del%20aire%20auditiva%20y%20visual/Evaluaci%C3%B3n%20de%20permisos%20de%20emisi%C3%B3n%20para%20fuentes%20fijas/lista%20de%20chequeo%20permiso%20de%20emisiones.pdf HTTP/1.1" 304 -
66.249.64.253 - - [11/Aug/2015:04:54:47 -0500] "GET /Anexos%20estudio%20Organizacional%20SDA/ANEXO%20No.%203-%20CONTRATACI%C3%93N%20%20OPS%C2%B4s%202008-2012/CONTRATOS%20SDA%202011%20POR%20DEPENDENCIA.xls HTTP/1.1" 304 -
66.249.64.96 - - [11/Aug/2015:04:54:56 -0500] "GET /BLA/resoluciones/AUTOS%202007/0902.pdf HTTP/1.1" 304 -
190.84.185.167 - - [11/Aug/2015:04:55:06 -0500] "POST /forms/lservlet;jsessionid=ac16012b30d6fda8980680074abd9e82f43aaf4e94f2.e3iSbxaKaheRe38Ka34Oa3eLbxf0n6jAmljGr5XDqQLvpAe HTTP/1.1" 200 2
180.76.15.29 - - [11/Aug/2015:04:55:10 -0500] "GET / HTTP/1.1" 302 296
201.234.75.11 - - [11/Aug/2015:04:55:11 -0500] "GET /galeria/nivo-slider/demo/images/inscripvolque1.jpg HTTP/1.1" 304 -
66.249.64.19 - - [11/Aug/2015:04:55:20 -0500] "GET /wp-content/uploads/2015/07/cabezote-de-noticias5.jpg HTTP/1.1" 404 27437
188.165.15.183 - - [11/Aug/2015:04:55:46 -0500] "GET /autoliquidacion/index.php?dir=Grupo%20Forestal%20-%20Industria%20de%20la%20Madera/&sort=date&order=asc HTTP/1.1" 200 6556
66.249.64.24 - - [11/Aug/2015:04:56:03 -0500] "GET /wp-content/uploads/2015/07/Manual_Protocolo_PDF.pdf HTTP/1.1" 304 -
201.245.192.253 - - [11/Aug/2015:04:56:11 -0500] "GET /forest/session.jsp?a=0.9772563001671746 HTTP/1.1" 200 4
66.249.64.96 - - [11/Aug/2015:04:56:37 -0500] "GET /BLA/resoluciones/RESOLUCIONES%202007/RES%202007%20201%20AL%20300/RESOLUCION%200281%20DE%202007.pdf HTTP/1.1" 200 310958
201.245.192.253 - - [11/Aug/2015:04:56:47 -0500] "GET /forest/session.jsp?a=0.20889801280231723 HTTP/1.1" 200 4
190.84.185.167 - - [11/Aug/2015:04:57:06 -0500] "POST /forms/lservlet;jsessionid=ac16012b30d6fda8980680074abd9e82f43aaf4e94f2.e3iSbxaKaheRe38Ka34Oa3eLbxf0n6jAmljGr5XDqQLvpAe HTTP/1.1" 200 2
176.221.121.6 - - [11/Aug/2015:04:57:31 -0500] "POST /xmlrpc.php HTTP/1.1" 200 415
190.84.185.167 - - [11/Aug/2015:04:59:06 -0500] "POST /forms/lservlet;jsessionid=ac16012b30d6fda8980680074abd9e82f43aaf4e94f2.e3iSbxaKaheRe38Ka34Oa3eLbxf0n6jAmljGr5XDqQLvpAe HTTP/1.1" 200 2
201.234.75.11 - - [11/Aug/2015:04:59:12 -0500] "GET /galeria/nivo-slider/demo/images/Cambio-Climatico-Paramos.jpg HTTP/1.1" 304 -
74.86.158.107 - - [11/Aug/2015:04:59:30 -0500] "HEAD / HTTP/1.1" 200 -
66.249.64.96 - - [11/Aug/2015:04:59:41 -0500] "GET /manual_funciones_Listado/index.php?dir=2.5.%20Direcci%F3n%20de%20Gesti%F3n%20Corporativa/&sort=size&order=asc HTTP/1.1" 404 1018
66.249.64.106 - - [11/Aug/2015:04:59:46 -0500] "GET /sia/ HTTP/1.1" 304 -
66.249.64.101 - - [11/Aug/2015:04:59:47 -0500] "GET /BLA/resoluciones/RESOLUCIONES%202007/RES%202007%202201%20AL%202300/RESOLUCION%202297%20DE%202007.pdf HTTP/1.1" 304 -
66.249.64.96 - - [11/Aug/2015:04:59:47 -0500] "GET /BLA/resoluciones/RESOLUCIONES%202010/0319.pdf HTTP/1.1" 304 -
66.249.64.253 - - [11/Aug/2015:05:00:03 -0500] "GET /BLA/boletinlegal/Circulares/2011/Circular%20No.%207%20del%2023%20de%20Diciembre%20de%202011.pdf HTTP/1.1" 200 1107785
188.165.15.183 - - [11/Aug/2015:05:00:24 -0500] "GET /BLA/resoluciones/index.php?dir=RESOLUCIONES%202006/RES%202006%20%202901-2950/&sort=size&order=desc HTTP/1.1" 200 12405
66.249.64.96 - - [11/Aug/2015:05:00:42 -0500] "GET /BLA/resoluciones/RESOLUCIONES%202011/6971.pdf HTTP/1.1" 304 -
190.84.185.167 - - [11/Aug/2015:05:01:06 -0500] "POST /forms/lservlet;jsessionid=ac16012b30d6fda8980680074abd9e82f43aaf4e94f2.e3iSbxaKaheRe38Ka34Oa3eLbxf0n6jAmljGr5XDqQLvpAe HTTP/1.1" 200 2
201.245.192.253 - - [11/Aug/2015:05:01:11 -0500] "GET /forest/session.jsp?a=0.8747107816439718 HTTP/1.1" 200 4
66.249.64.106 - - [11/Aug/2015:05:01:14 -0500] "GET /galeria/galeria/jquery.fancybox.js?v=2.1.5 HTTP/1.1" 200 48706
66.249.64.101 - - [11/Aug/2015:05:01:14 -0500] "GET /galeria/carrusel/Carrusel/jquery.thumbnailScroller.css HTTP/1.1" 304 -
66.249.64.96 - - [11/Aug/2015:05:01:15 -0500] "GET /galeria/carrusel/Carrusel/jquery.thumbnailScroller.js HTTP/1.1" 304 -
66.249.64.106 - - [11/Aug/2015:05:01:15 -0500] "GET /galeria/carrusel/Carrusel/jquery-ui-1.8.13.custom.min.js HTTP/1.1" 304 -
66.249.64.106 - - [11/Aug/2015:05:01:16 -0500] "GET /galeria/galeria/jquery.fancybox.css?v=2.1.5 HTTP/1.1" 304 -
66.249.64.101 - - [11/Aug/2015:05:01:16 -0500] "GET /BLA/boletinlegal/js/jquery.scrollShow.js HTTP/1.1" 304 -
201.245.192.253 - - [11/Aug/2015:05:01:47 -0500] "GET /forest/session.jsp?a=0.687473364258075 HTTP/1.1" 200 4
66.249.64.96 - - [11/Aug/2015:05:02:43 -0500] "GET /BLA/resoluciones/AUTOS%202011/4351.pdf HTTP/1.1" 200 398525
190.84.185.167 - - [11/Aug/2015:05:03:06 -0500] "POST /forms/lservlet;jsessionid=ac16012b30d6fda8980680074abd9e82f43aaf4e94f2.e3iSbxaKaheRe38Ka34Oa3eLbxf0n6jAmljGr5XDqQLvpAe HTTP/1.1" 200 2
88.198.233.69 - - [11/Aug/2015:05:03:19 -0500] "GET / HTTP/1.1" 200 10190
188.165.15.183 - - [11/Aug/2015:05:03:50 -0500] "GET /BLA/resoluciones/index.php?dir=RESOLUCIONES%202006/RES%202006%20351-400/&sort=size&order=asc HTTP/1.1" 200 12234
66.249.64.106 - - [11/Aug/2015:05:04:09 -0500] "GET /BLA/resoluciones/RESOLUCIONES%202006/RES%202006%201151-1200/00001185.tif HTTP/1.1" 200 159336
188.165.15.183 - - [11/Aug/2015:05:04:22 -0500] "GET /BLA/resoluciones/RESOLUCIONES%202003/RES%202003%202051-2100/00002092.tif HTTP/1.1" 200 218272
74.86.158.107 - - [11/Aug/2015:05:04:30 -0500] "HEAD / HTTP/1.1" 200 -
188.165.15.183 - - [11/Aug/2015:05:04:59 -0500] "GET /BLA/resoluciones/index.php?dir=RESOLUCIONES%202006/RES%202006%202701-2750/&sort=name&order=desc HTTP/1.1" 200 12366
190.84.185.167 - - [11/Aug/2015:05:05:06 -0500] "POST /forms/lservlet;jsessionid=ac16012b30d6fda8980680074abd9e82f43aaf4e94f2.e3iSbxaKaheRe38Ka34Oa3eLbxf0n6jAmljGr5XDqQLvpAe HTTP/1.1" 200 2
66.249.64.106 - - [11/Aug/2015:05:05:17 -0500] "GET /BLA/resoluciones/RESOLUCIONES%202007/RES%202007%202501%20AL%202600/RESOLUCION%202551%20DE%202007.pdf HTTP/1.1" 304 -
66.249.64.24 - - [11/Aug/2015:05:05:20 -0500] "GET /prensa-y-documentos-de-interes/ HTTP/1.1" 200 31051
211.218.71.70 - - [11/Aug/2015:05:05:39 -0500] "POST /xmlrpc.php HTTP/1.1" 200 415
66.249.64.106 - - [11/Aug/2015:05:05:47 -0500] "GET /BLA/resoluciones/RESOLUCIONES%202010/6964.pdf HTTP/1.1" 200 481735
201.245.192.253 - - [11/Aug/2015:05:06:11 -0500] "GET /forest/session.jsp?a=0.865349177062977 HTTP/1.1" 200 4
188.165.15.183 - - [11/Aug/2015:05:06:15 -0500] "GET /BLA/resoluciones/index.php?dir=AUTOS%202009/&sort=date&order=asc HTTP/1.1" 200 395126
188.165.15.183 - - [11/Aug/2015:05:06:46 -0500] "GET /BLA/resoluciones/RESOLUCIONES%202005/RES%202005%202051-2100/00002069.tif HTTP/1.1" 200 131558
201.245.192.253 - - [11/Aug/2015:05:06:47 -0500] "GET /forest/session.jsp?a=0.18053294388063956 HTTP/1.1" 200 4
190.84.185.167 - - [11/Aug/2015:05:07:06 -0500] "POST /forms/lservlet;jsessionid=ac16012b30d6fda8980680074abd9e82f43aaf4e94f2.e3iSbxaKaheRe38Ka34Oa3eLbxf0n6jAmljGr5XDqQLvpAe HTTP/1.1" 200 2
201.234.75.11 - - [11/Aug/2015:05:07:40 -0500] "GET /galeria/nivo-slider/demo/images/PactoGlobal.jpg HTTP/1.1" 304 -
66.249.64.96 - - [11/Aug/2015:05:06:48 -0500] "GET /BLA/boletinlegal/ HTTP/1.1" 200 51062
188.165.15.183 - - [11/Aug/2015:05:07:51 -0500] "GET /BLA/resoluciones/RESOLUCIONES%202004/RES%202004%202101-2150/00002114.tif HTTP/1.1" 200 65664
200.118.214.30 - - [11/Aug/2015:05:07:53 -0500] "GET /galeria/galeria/fotos/4humedal-Burro4G.jpg HTTP/1.1" 200 98452
201.234.75.11 - - [11/Aug/2015:05:08:22 -0500] "GET /galeria/nivo-slider/demo/images/Aumbari.Bosa2.jpg HTTP/1.1" 304 -
66.249.64.101 - - [11/Aug/2015:05:08:51 -0500] "GET /BLA/resoluciones/AUTOS%202012/1078.pdf HTTP/1.1" 200 248319
190.84.185.167 - - [11/Aug/2015:05:09:06 -0500] "POST /forms/lservlet;jsessionid=ac16012b30d6fda8980680074abd9e82f43aaf4e94f2.e3iSbxaKaheRe38Ka34Oa3eLbxf0n6jAmljGr5XDqQLvpAe HTTP/1.1" 200 2
201.234.75.11 - - [11/Aug/2015:05:09:14 -0500] "GET /galeria/nivo-slider/demo/images/testdrive1.jpg HTTP/1.1" 304 -
74.86.158.107 - - [11/Aug/2015:05:09:30 -0500] "HEAD / HTTP/1.1" 200 -
66.249.64.19 - - [11/Aug/2015:05:09:39 -0500] "GET /wp-content/uploads/2015/07/cabezote-de-noticias11.jpg HTTP/1.1" 404 27437
66.249.64.106 - - [11/Aug/2015:05:10:16 -0500] "GET /BLA/resoluciones/RESOLUCIONES%202014/3163.pdf HTTP/1.1" 304 -
66.249.64.29 - - [11/Aug/2015:05:10:19 -0500] "GET /nota-logistica/ HTTP/1.1" 200 29444
66.249.64.101 - - [11/Aug/2015:05:10:55 -0500] "GET /BLA/resoluciones/RESOLUCIONES%202011/4276.pdf HTTP/1.1" 304 -
188.165.15.183 - - [11/Aug/2015:05:11:01 -0500] "GET /BLA/resoluciones/AUTOS%202006/AUTOS%202006%20201-300/00000263.tif HTTP/1.1" 200 55058
190.84.185.167 - - [11/Aug/2015:05:11:06 -0500] "POST /forms/lservlet;jsessionid=ac16012b30d6fda8980680074abd9e82f43aaf4e94f2.e3iSbxaKaheRe38Ka34Oa3eLbxf0n6jAmljGr5XDqQLvpAe HTTP/1.1" 200 2
201.245.192.253 - - [11/Aug/2015:05:11:11 -0500] "GET /forest/session.jsp?a=0.08238327361899955 HTTP/1.1" 200 4
201.245.192.253 - - [11/Aug/2015:05:11:47 -0500] "GET /forest/session.jsp?a=0.5145477060472513 HTTP/1.1" 200 4
66.249.64.101 - - [11/Aug/2015:05:11:54 -0500] "GET /BLA/resoluciones/RESOLUCIONES%202007/RES%202007%202501%20AL%202600/RESOLUCION%202517%20DE%202007.pdf HTTP/1.1" 200 235989
186.155.123.127 - - [11/Aug/2015:05:12:11 -0500] "GET /galeria/carrusel/Carrusel/jquery.thumbnailScroller.css HTTP/1.1" 200 2066
186.155.123.127 - - [11/Aug/2015:05:12:11 -0500] "GET /galeria/galeria/jquery.fancybox.js?v=2.1.5 HTTP/1.1" 200 48706
186.155.123.127 - - [11/Aug/2015:05:12:11 -0500] "GET /galeria/galeria/jquery.fancybox.css?v=2.1.5 HTTP/1.1" 200 4895
186.155.123.127 - - [11/Aug/2015:05:12:11 -0500] "GET /galeria/carrusel/Carrusel/jquery.thumbnailScroller.js HTTP/1.1" 200 8157
186.155.123.127 - - [11/Aug/2015:05:12:11 -0500] "GET /BLA/boletinlegal/js/jquery.scrollShow.js HTTP/1.1" 200 4586
186.155.123.127 - - [11/Aug/2015:05:12:11 -0500] "GET /galeria/carrusel/Carrusel/jquery-ui-1.8.13.custom.min.js HTTP/1.1" 200 10800
186.155.123.127 - - [11/Aug/2015:05:12:14 -0500] "GET /galeria/nivo-slider/demo/demo.html HTTP/1.1" 200 5019
186.155.123.127 - - [11/Aug/2015:05:12:15 -0500] "GET /galeria/nivo-slider/themes/pascal/pascal.css HTTP/1.1" 200 2258
186.155.123.127 - - [11/Aug/2015:05:12:15 -0500] "GET /galeria/nivo-slider/nivo-slider.css HTTP/1.1" 200 1507
186.155.123.127 - - [11/Aug/2015:05:12:15 -0500] "GET /galeria/nivo-slider/themes/orman/orman.css HTTP/1.1" 200 2152
186.155.123.127 - - [11/Aug/2015:05:12:15 -0500] "GET /galeria/nivo-slider/themes/default/default.css HTTP/1.1" 200 1569
186.155.123.127 - - [11/Aug/2015:05:12:15 -0500] "GET /galeria/nivo-slider/demo/style.css HTTP/1.1" 200 2222
186.155.123.127 - - [11/Aug/2015:05:12:15 -0500] "GET /galeria/nivo-slider/demo/images/rendicion-de-cuentas-7-agosto.jpg HTTP/1.1" 200 149701
186.155.123.127 - - [11/Aug/2015:05:12:15 -0500] "GET /galeria/nivo-slider/demo/images/PREDAcamp.jpg HTTP/1.1" 200 295358
186.155.123.127 - - [11/Aug/2015:05:12:15 -0500] "GET /galeria/nivo-slider/demo/images/Cambio-Climatico-Paramos.jpg HTTP/1.1" 200 262430
186.155.123.127 - - [11/Aug/2015:05:12:15 -0500] "GET /galeria/nivo-slider/demo/images/Banner-piel-natural.jpg HTTP/1.1" 200 160762
186.155.123.127 - - [11/Aug/2015:05:12:15 -0500] "GET /galeria/nivo-slider/demo/images/banner-Pacto-por-la-madera.jpg HTTP/1.1" 200 209966
186.155.123.127 - - [11/Aug/2015:05:12:15 -0500] "GET /galeria/nivo-slider/demo/images/VoluntariadoPYBA.jpg HTTP/1.1" 200 40647
186.155.123.127 - - [11/Aug/2015:05:12:15 -0500] "GET /galeria/nivo-slider/demo/images/Banner-encuesta-de-percepscio.jpg HTTP/1.1" 200 201899
186.155.123.127 - - [11/Aug/2015:05:12:15 -0500] "GET /galeria/nivo-slider/demo/images/banner-llantas2.jpg HTTP/1.1" 200 204644
186.155.123.127 - - [11/Aug/2015:05:12:15 -0500] "GET /galeria/nivo-slider/demo/images/9Signos.jpg HTTP/1.1" 200 81776
186.155.123.127 - - [11/Aug/2015:05:12:15 -0500] "GET /galeria/nivo-slider/demo/images/Semana-PYBA.jpg HTTP/1.1" 200 147360
186.155.123.127 - - [11/Aug/2015:05:12:15 -0500] "GET /galeria/nivo-slider/demo/images/bolsas-06.jpg HTTP/1.1" 200 90982
186.155.123.127 - - [11/Aug/2015:05:12:15 -0500] "GET /galeria/nivo-slider/demo/images/ecolecta-Dic2014.png HTTP/1.1" 200 288593
186.155.123.127 - - [11/Aug/2015:05:12:15 -0500] "GET /galeria/nivo-slider/demo/images/Ruta-vertimientos-01.jpg HTTP/1.1" 200 130151
186.155.123.127 - - [11/Aug/2015:05:12:16 -0500] "GET /galeria/nivo-slider/demo/images/4Simple_Slider.png HTTP/1.1" 200 11722
186.155.123.127 - - [11/Aug/2015:05:12:16 -0500] "GET /galeria/nivo-slider/demo/scripts/jquery-1.7.1.min.js HTTP/1.1" 200 93868
186.155.123.127 - - [11/Aug/2015:05:12:16 -0500] "GET /galeria/nivo-slider/jquery.nivo.slider.pack.js HTTP/1.1" 200 11561
186.155.123.127 - - [11/Aug/2015:05:12:15 -0500] "GET /galeria/nivo-slider/demo/images/Comparendo-ambiental-Banner.jpg HTTP/1.1" 200 83731
186.155.123.127 - - [11/Aug/2015:05:12:17 -0500] "GET /galeria/nivo-slider/demo/images/Banner-Caracol-Africano.jpg HTTP/1.1" 200 331986
186.155.123.127 - - [11/Aug/2015:05:12:16 -0500] "GET /galeria/nivo-slider/themes/default/loading.gif HTTP/1.1" 200 1737
186.155.123.127 - - [11/Aug/2015:05:12:15 -0500] "GET /galeria/nivo-slider/demo/images/Conoce-los-humedales.jpg HTTP/1.1" 200 294036
186.155.123.127 - - [11/Aug/2015:05:12:15 -0500] "GET /galeria/nivo-slider/demo/images/acuerdo_569.jpg HTTP/1.1" 200 62670
186.155.123.127 - - [11/Aug/2015:05:12:17 -0500] "GET /galeria/nivo-slider/demo/images/Banner-Directorio.jpg HTTP/1.1" 200 182068
186.155.123.127 - - [11/Aug/2015:05:12:15 -0500] "GET /galeria/nivo-slider/demo/images/GAE-banner.jpg HTTP/1.1" 200 97556
52.8.205.62 - - [11/Aug/2015:05:12:04 -0500] "GET /?author=1 HTTP/1.1" 301 -
186.155.123.127 - - [11/Aug/2015:05:12:19 -0500] "GET /galeria/nivo-slider/themes/default/arrows.png HTTP/1.1" 200 824
186.155.123.127 - - [11/Aug/2015:05:12:19 -0500] "GET /galeria/nivo-slider/themes/default/bullets.png HTTP/1.1" 200 1281
52.8.205.62 - - [11/Aug/2015:05:12:18 -0500] "POST /wp-login.php HTTP/1.1" 200 4795
186.155.123.127 - - [11/Aug/2015:05:12:23 -0500] "GET /BLA/boletinlegal/js/jquery.scrollShow.js HTTP/1.1" 304 -
186.155.123.127 - - [11/Aug/2015:05:12:23 -0500] "GET /galeria/galeria/jquery.fancybox.js?v=2.1.5 HTTP/1.1" 304 -
186.155.123.127 - - [11/Aug/2015:05:12:23 -0500] "GET /galeria/galeria/jquery.fancybox.css?v=2.1.5 HTTP/1.1" 304 -
141.8.143.159 - - [11/Aug/2015:05:12:46 -0500] "GET /robots.txt HTTP/1.1" 404 1019
190.84.185.167 - - [11/Aug/2015:05:13:06 -0500] "POST /forms/lservlet;jsessionid=ac16012b30d6fda8980680074abd9e82f43aaf4e94f2.e3iSbxaKaheRe38Ka34Oa3eLbxf0n6jAmljGr5XDqQLvpAe HTTP/1.1" 200 2
186.28.198.105 - - [11/Aug/2015:05:14:30 -0500] "GET /BLA/boletinlegal/js/jquery.scrollShow.js HTTP/1.1" 200 4586
186.28.198.105 - - [11/Aug/2015:05:14:30 -0500] "GET /galeria/galeria/jquery.fancybox.js?v=2.1.5 HTTP/1.1" 200 48706
186.28.198.105 - - [11/Aug/2015:05:14:30 -0500] "GET /galeria/galeria/jquery.fancybox.css?v=2.1.5 HTTP/1.1" 200 4895
186.28.198.105 - - [11/Aug/2015:05:14:30 -0500] "GET /galeria/carrusel/Carrusel/jquery.thumbnailScroller.css HTTP/1.1" 200 2066
186.28.198.105 - - [11/Aug/2015:05:14:30 -0500] "GET /galeria/carrusel/Carrusel/jquery-ui-1.8.13.custom.min.js HTTP/1.1" 200 10800
186.28.198.105 - - [11/Aug/2015:05:14:30 -0500] "GET /galeria/carrusel/Carrusel/jquery.thumbnailScroller.js HTTP/1.1" 200 8157
74.86.158.107 - - [11/Aug/2015:05:14:30 -0500] "HEAD / HTTP/1.1" 200 -
186.28.198.105 - - [11/Aug/2015:05:14:31 -0500] "GET /galeria/nivo-slider/demo/demo.html HTTP/1.1" 200 5019
186.28.198.105 - - [11/Aug/2015:05:14:33 -0500] "GET /galeria/nivo-slider/themes/default/default.css HTTP/1.1" 200 1569
186.28.198.105 - - [11/Aug/2015:05:14:33 -0500] "GET /galeria/nivo-slider/themes/pascal/pascal.css HTTP/1.1" 200 2258
186.28.198.105 - - [11/Aug/2015:05:14:33 -0500] "GET /galeria/nivo-slider/themes/orman/orman.css HTTP/1.1" 200 2152
186.28.198.105 - - [11/Aug/2015:05:14:33 -0500] "GET /galeria/nivo-slider/nivo-slider.css HTTP/1.1" 200 1507
186.28.198.105 - - [11/Aug/2015:05:14:33 -0500] "GET /galeria/nivo-slider/demo/style.css HTTP/1.1" 200 2222
186.28.198.105 - - [11/Aug/2015:05:14:33 -0500] "GET /galeria/nivo-slider/demo/scripts/jquery-1.7.1.min.js HTTP/1.1" 200 93868
186.28.198.105 - - [11/Aug/2015:05:14:33 -0500] "GET /galeria/nivo-slider/jquery.nivo.slider.pack.js HTTP/1.1" 200 11561
186.28.198.105 - - [11/Aug/2015:05:14:33 -0500] "GET /galeria/nivo-slider/demo/images/rendicion-de-cuentas-7-agosto.jpg HTTP/1.1" 200 149701
186.28.198.105 - - [11/Aug/2015:05:14:33 -0500] "GET /galeria/nivo-slider/demo/images/PREDAcamp.jpg HTTP/1.1" 200 295358
186.28.198.105 - - [11/Aug/2015:05:14:33 -0500] "GET /galeria/nivo-slider/demo/images/Banner-piel-natural.jpg HTTP/1.1" 200 160762
186.28.198.105 - - [11/Aug/2015:05:14:33 -0500] "GET /galeria/nivo-slider/demo/images/Semana-PYBA.jpg HTTP/1.1" 200 147360
186.28.198.105 - - [11/Aug/2015:05:14:33 -0500] "GET /galeria/nivo-slider/demo/images/VoluntariadoPYBA.jpg HTTP/1.1" 200 40647
186.28.198.105 - - [11/Aug/2015:05:14:34 -0500] "GET /galeria/nivo-slider/demo/images/Cambio-Climatico-Paramos.jpg HTTP/1.1" 200 262430
186.28.198.105 - - [11/Aug/2015:05:14:34 -0500] "GET /galeria/nivo-slider/demo/images/banner-llantas2.jpg HTTP/1.1" 200 204644
186.28.198.105 - - [11/Aug/2015:05:14:34 -0500] "GET /galeria/nivo-slider/demo/images/9Signos.jpg HTTP/1.1" 200 81776
186.28.198.105 - - [11/Aug/2015:05:14:35 -0500] "GET /galeria/nivo-slider/demo/images/Comparendo-ambiental-Banner.jpg HTTP/1.1" 200 83731
186.28.198.105 - - [11/Aug/2015:05:14:35 -0500] "GET /galeria/nivo-slider/demo/images/GAE-banner.jpg HTTP/1.1" 200 97556
186.28.198.105 - - [11/Aug/2015:05:14:35 -0500] "GET /galeria/nivo-slider/demo/images/Banner-encuesta-de-percepscio.jpg HTTP/1.1" 200 201899
186.28.198.105 - - [11/Aug/2015:05:14:36 -0500] "GET /galeria/nivo-slider/demo/images/banner-Pacto-por-la-madera.jpg HTTP/1.1" 200 209966
186.28.198.105 - - [11/Aug/2015:05:14:36 -0500] "GET /galeria/nivo-slider/demo/images/acuerdo_569.jpg HTTP/1.1" 200 62670
186.28.198.105 - - [11/Aug/2015:05:14:36 -0500] "GET /galeria/nivo-slider/demo/images/Banner-Directorio.jpg HTTP/1.1" 200 182068
186.28.198.105 - - [11/Aug/2015:05:14:36 -0500] "GET /galeria/nivo-slider/demo/images/Ruta-vertimientos-01.jpg HTTP/1.1" 200 130151
186.28.198.105 - - [11/Aug/2015:05:14:37 -0500] "GET /galeria/nivo-slider/demo/images/bolsas-06.jpg HTTP/1.1" 200 90982
186.28.198.105 - - [11/Aug/2015:05:14:37 -0500] "GET /galeria/nivo-slider/demo/images/Conoce-los-humedales.jpg HTTP/1.1" 200 294036
186.28.198.105 - - [11/Aug/2015:05:14:37 -0500] "GET /galeria/nivo-slider/demo/images/ecolecta-Dic2014.png HTTP/1.1" 200 288593
186.28.198.105 - - [11/Aug/2015:05:14:37 -0500] "GET /galeria/nivo-slider/demo/images/Banner-Caracol-Africano.jpg HTTP/1.1" 200 331986
186.28.198.105 - - [11/Aug/2015:05:14:38 -0500] "GET /galeria/nivo-slider/demo/images/4Simple_Slider.png HTTP/1.1" 200 11722
186.28.198.105 - - [11/Aug/2015:05:14:38 -0500] "GET /galeria/nivo-slider/themes/default/loading.gif HTTP/1.1" 200 1737
186.28.198.105 - - [11/Aug/2015:05:14:39 -0500] "GET /galeria/nivo-slider/themes/default/arrows.png HTTP/1.1" 200 824
186.28.198.105 - - [11/Aug/2015:05:14:40 -0500] "GET /galeria/nivo-slider/themes/default/bullets.png HTTP/1.1" 200 1281
66.249.64.96 - - [11/Aug/2015:05:14:56 -0500] "GET /BLA/resoluciones/RESOLUCIONES%202011/5605.pdf HTTP/1.1" 200 1291587
190.84.185.167 - - [11/Aug/2015:05:15:07 -0500] "POST /forms/lservlet;jsessionid=ac16012b30d6fda8980680074abd9e82f43aaf4e94f2.e3iSbxaKaheRe38Ka34Oa3eLbxf0n6jAmljGr5XDqQLvpAe HTTP/1.1" 200 2
66.249.64.96 - - [11/Aug/2015:05:15:46 -0500] "GET /BLA/resoluciones/RESOLUCIONES%202007/RES%202007%203501%20AL%203600/RESOLUCION%203557%20DE%202007.pdf HTTP/1.1" 200 660076
66.249.64.106 - - [11/Aug/2015:05:15:49 -0500] "GET /BLA/resoluciones/AUTOS%202013/0674.pdf HTTP/1.1" 200 2453699
201.245.192.253 - - [11/Aug/2015:05:16:11 -0500] "GET /forest/session.jsp?a=0.9837240955055992 HTTP/1.1" 200 4
201.245.192.253 - - [11/Aug/2015:05:16:47 -0500] "GET /forest/session.jsp?a=0.18389701376515766 HTTP/1.1" 200 4
188.165.15.183 - - [11/Aug/2015:05:16:57 -0500] "GET /BLA/resoluciones/RESOLUCIONES%202006/RES%202006%201601-1650/00001611.tif HTTP/1.1" 200 186788
190.84.185.167 - - [11/Aug/2015:05:17:07 -0500] "POST /forms/lservlet;jsessionid=ac16012b30d6fda8980680074abd9e82f43aaf4e94f2.e3iSbxaKaheRe38Ka34Oa3eLbxf0n6jAmljGr5XDqQLvpAe HTTP/1.1" 200 2
66.249.64.96 - - [11/Aug/2015:05:17:16 -0500] "GET /BLA/resoluciones/AUTOS%202013/0673.pdf HTTP/1.1" 200 1911362
188.165.15.183 - - [11/Aug/2015:05:17:46 -0500] "GET /BLA/resoluciones/AUTOS%202006/AUTOS%202006%20101-200/00000137.tif HTTP/1.1" 200 35766
66.249.64.96 - - [11/Aug/2015:05:18:01 -0500] "GET /BLA/resoluciones/RESOLUCIONES%202007/RES%202007%203301%20AL%203400/RESOLUCION%203329%20DE%202007.pdf HTTP/1.1" 200 230664
188.165.15.183 - - [11/Aug/2015:05:18:32 -0500] "GET /BLA/resoluciones/RESOLUCIONES%202004/RES%202004%201301-1350/00001340.tif HTTP/1.1" 200 176900
141.212.122.147 - - [11/Aug/2015:05:18:40 -0500] "GET /x HTTP/1.1" 400 946
190.84.185.167 - - [11/Aug/2015:05:19:07 -0500] "POST /forms/lservlet;jsessionid=ac16012b30d6fda8980680074abd9e82f43aaf4e94f2.e3iSbxaKaheRe38Ka34Oa3eLbxf0n6jAmljGr5XDqQLvpAe HTTP/1.1" 200 2
74.86.158.107 - - [11/Aug/2015:05:19:30 -0500] "HEAD / HTTP/1.1" 200 -
217.119.114.46 - - [11/Aug/2015:05:19:39 -0500] "POST /xmlrpc.php HTTP/1.1" 200 415
66.249.64.101 - - [11/Aug/2015:05:20:46 -0500] "GET /BLA/resoluciones/AUTOS%202013/0789.pdf HTTP/1.1" 200 4204554
66.249.64.106 - - [11/Aug/2015:05:20:52 -0500] "GET /BLA/resoluciones/AUTOS%202013/3390.pdf HTTP/1.1" 200 842080
66.249.64.106 - - [11/Aug/2015:05:21:04 -0500] "GET /BLA/resoluciones/RESOLUCIONES%202013/0126.pdf HTTP/1.1" 200 4016476
190.84.185.167 - - [11/Aug/2015:05:21:07 -0500] "POST /forms/lservlet;jsessionid=ac16012b30d6fda8980680074abd9e82f43aaf4e94f2.e3iSbxaKaheRe38Ka34Oa3eLbxf0n6jAmljGr5XDqQLvpAe HTTP/1.1" 200 2
201.245.192.253 - - [11/Aug/2015:05:21:11 -0500] "GET /forest/session.jsp?a=0.359855457731143 HTTP/1.1" 200 4
66.249.64.101 - - [11/Aug/2015:05:21:41 -0500] "GET /BLA/resoluciones/AUTOS%202008/0308.pdf HTTP/1.1" 200 96625
201.245.192.253 - - [11/Aug/2015:05:21:47 -0500] "GET /forest/session.jsp?a=0.4155683342911224 HTTP/1.1" 200 4
188.165.15.183 - - [11/Aug/2015:05:22:46 -0500] "GET /BLA/resoluciones/RESOLUCIONES%202003/RES%202003%20051-100/2003RES66.tif HTTP/1.1" 200 305232
190.84.185.167 - - [11/Aug/2015:05:23:07 -0500] "POST /forms/lservlet;jsessionid=ac16012b30d6fda8980680074abd9e82f43aaf4e94f2.e3iSbxaKaheRe38Ka34Oa3eLbxf0n6jAmljGr5XDqQLvpAe HTTP/1.1" 200 2
186.113.10.143 - - [11/Aug/2015:05:24:00 -0500] "GET /galeria/nivo-slider/demo/images/dia-del-rio-bogota.jpg HTTP/1.1" 304 -
66.249.64.29 - - [11/Aug/2015:05:24:03 -0500] "GET /wp-content/uploads/2015/07/cabezote-de-noticias3.jpg HTTP/1.1" 404 27437
66.249.64.101 - - [11/Aug/2015:05:24:17 -0500] "GET /BLA/resoluciones/RESOLUCIONES%202010/7460.pdf HTTP/1.1" 200 327546
66.249.64.101 - - [11/Aug/2015:05:24:18 -0500] "GET /BLA/resoluciones/RESOLUCIONES%202006/RES%202006%201151-1200/00001195.tif HTTP/1.1" 200 131290
74.86.158.107 - - [11/Aug/2015:05:24:30 -0500] "HEAD / HTTP/1.1" 200 -
190.84.185.167 - - [11/Aug/2015:05:25:07 -0500] "POST /forms/lservlet;jsessionid=ac16012b30d6fda8980680074abd9e82f43aaf4e94f2.e3iSbxaKaheRe38Ka34Oa3eLbxf0n6jAmljGr5XDqQLvpAe HTTP/1.1" 200 2
123.125.71.111 - - [11/Aug/2015:05:25:43 -0500] "GET / HTTP/1.1" 200 10190
66.249.64.96 - - [11/Aug/2015:05:25:46 -0500] "GET /BLA/resoluciones/RESOLUCIONES%202014/2944.pdf HTTP/1.1" 200 265747
66.249.64.101 - - [11/Aug/2015:05:25:50 -0500] "GET /BLA/resoluciones/Autos%202008/0393.pdf HTTP/1.1" 200 80304
188.165.15.183 - - [11/Aug/2015:05:25:56 -0500] "GET /BLA/resoluciones/RESOLUCIONES%202004/RES%202004%202351-2401/00002374.tif HTTP/1.1" 200 136340
201.234.75.11 - - [11/Aug/2015:05:25:58 -0500] "GET /galeria/nivo-slider/demo/images/luciernaga2.jpg HTTP/1.1" 304 -
161.18.42.7 - - [11/Aug/2015:05:25:58 -0500] "GET /galeria/galeria/jquery.fancybox.css?v=2.1.5 HTTP/1.1" 200 4895
161.18.42.7 - - [11/Aug/2015:05:25:58 -0500] "GET /BLA/boletinlegal/js/jquery.scrollShow.js HTTP/1.1" 200 4586
161.18.42.7 - - [11/Aug/2015:05:25:58 -0500] "GET /galeria/galeria/jquery.fancybox.js?v=2.1.5 HTTP/1.1" 200 48706
201.245.192.253 - - [11/Aug/2015:05:26:11 -0500] "GET /forest/session.jsp?a=0.11666682851292298 HTTP/1.1" 200 4
201.245.192.253 - - [11/Aug/2015:05:26:47 -0500] "GET /forest/session.jsp?a=0.8661405982974572 HTTP/1.1" 200 4
201.234.75.11 - - [11/Aug/2015:05:26:52 -0500] "GET /galeria/nivo-slider/themes/orman/orman.css HTTP/1.1" 304 -
190.84.185.167 - - [11/Aug/2015:05:27:07 -0500] "POST /forms/lservlet;jsessionid=ac16012b30d6fda8980680074abd9e82f43aaf4e94f2.e3iSbxaKaheRe38Ka34Oa3eLbxf0n6jAmljGr5XDqQLvpAe HTTP/1.1" 200 2
66.249.64.101 - - [11/Aug/2015:05:27:11 -0500] "GET /BLA/resoluciones/RESOLUCIONES%202007/RES%202007%202401%20AL%202500/RESOLUCION%202436%20DE%202007.pdf HTTP/1.1" 200 489246
181.130.65.121 - - [11/Aug/2015:05:28:19 -0500] "GET /galeria/galeria/fotos/Humedal-Santa-Mar%C3%ADa-del-Lago3G.jpg HTTP/1.1" 200 271832
181.130.65.121 - - [11/Aug/2015:05:28:23 -0500] "GET /galeria/galeria/fotos/humedal-Burro4G.jpg HTTP/1.1" 200 436973
181.130.65.121 - - [11/Aug/2015:05:28:27 -0500] "GET /galeria/galeria/fotos/humedal-Burro2G.jpg HTTP/1.1" 200 495079
181.130.65.121 - - [11/Aug/2015:05:28:43 -0500] "GET /galeria/galeria/fotos/3humedal-Burro3G.jpg HTTP/1.1" 200 74809
186.145.248.234 - - [11/Aug/2015:05:28:52 -0500] "GET /galeria/galeria/jquery.fancybox.css?v=2.1.5 HTTP/1.1" 200 4895
186.145.248.234 - - [11/Aug/2015:05:28:52 -0500] "GET /BLA/boletinlegal/js/jquery.scrollShow.js HTTP/1.1" 200 4586
186.145.248.234 - - [11/Aug/2015:05:28:52 -0500] "GET /galeria/galeria/jquery.fancybox.js?v=2.1.5 HTTP/1.1" 200 48706
181.130.65.121 - - [11/Aug/2015:05:28:54 -0500] "GET /galeria/galeria/fotos/1humedal-Burro1G.jpg HTTP/1.1" 200 132804
190.84.185.167 - - [11/Aug/2015:05:29:07 -0500] "POST /forms/lservlet;jsessionid=ac16012b30d6fda8980680074abd9e82f43aaf4e94f2.e3iSbxaKaheRe38Ka34Oa3eLbxf0n6jAmljGr5XDqQLvpAe HTTP/1.1" 200 2
74.86.158.107 - - [11/Aug/2015:05:29:30 -0500] "HEAD / HTTP/1.1" 200 -
201.234.75.11 - - [11/Aug/2015:05:29:48 -0500] "GET /galeria/nivo-slider/demo/images/4Simple_Slider.png HTTP/1.1" 304 -
66.249.64.101 - - [11/Aug/2015:05:30:14 -0500] "GET /BLA/resoluciones/RESOLUCIONES%202014/0565.pdf HTTP/1.1" 200 302587
186.145.248.234 - - [11/Aug/2015:05:30:35 -0500] "GET /galeria/galeria/jquery.fancybox.css?v=2.1.5 HTTP/1.1" 304 -
186.145.248.234 - - [11/Aug/2015:05:30:35 -0500] "GET /BLA/boletinlegal/js/jquery.scrollShow.js HTTP/1.1" 304 -
186.145.248.234 - - [11/Aug/2015:05:30:35 -0500] "GET /galeria/galeria/jquery.fancybox.js?v=2.1.5 HTTP/1.1" 304 -
180.153.163.206 - - [11/Aug/2015:05:30:40 -0500] "GET / HTTP/1.1" 200 10190
180.153.163.206 - - [11/Aug/2015:05:30:43 -0500] "GET / HTTP/1.1" 200 10190
66.249.64.101 - - [11/Aug/2015:05:30:46 -0500] "GET /BLA/resoluciones/AUTOS%202013/0755.pdf HTTP/1.1" 200 3717519
188.165.15.183 - - [11/Aug/2015:05:30:58 -0500] "GET /BLA/resoluciones/index.php?dir=RESOLUCIONES%202002/RES%202002%201301-1350/&sort=size&order=desc HTTP/1.1" 200 12141
190.84.185.167 - - [11/Aug/2015:05:31:07 -0500] "POST /forms/lservlet;jsessionid=ac16012b30d6fda8980680074abd9e82f43aaf4e94f2.e3iSbxaKaheRe38Ka34Oa3eLbxf0n6jAmljGr5XDqQLvpAe HTTP/1.1" 200 2
201.245.192.253 - - [11/Aug/2015:05:31:11 -0500] "GET /forest/session.jsp?a=0.14370969181849502 HTTP/1.1" 200 4
201.245.192.253 - - [11/Aug/2015:05:31:47 -0500] "GET /forest/session.jsp?a=0.7265249980900688 HTTP/1.1" 200 4
52.8.205.62 - - [11/Aug/2015:05:32:30 -0500] "GET /?author=1 HTTP/1.1" 301 -
52.8.205.62 - - [11/Aug/2015:05:32:44 -0500] "POST /wp-login.php HTTP/1.1" 200 4795
220.181.108.186 - - [11/Aug/2015:05:32:57 -0500] "GET /BLA/boletinlegal/js/jquery.scrollShow.js HTTP/1.1" 200 4586
220.181.108.155 - - [11/Aug/2015:05:32:58 -0500] "GET /galeria/galeria/jquery.fancybox.js?v=2.1.5 HTTP/1.1" 200 48706
220.181.108.177 - - [11/Aug/2015:05:33:01 -0500] "GET /galeria/galeria/jquery.fancybox.css?v=2.1.5 HTTP/1.1" 200 4895
190.84.185.167 - - [11/Aug/2015:05:33:07 -0500] "POST /forms/lservlet;jsessionid=ac16012b30d6fda8980680074abd9e82f43aaf4e94f2.e3iSbxaKaheRe38Ka34Oa3eLbxf0n6jAmljGr5XDqQLvpAe HTTP/1.1" 200 2
66.249.64.106 - - [11/Aug/2015:05:33:17 -0500] "GET /BLA/resoluciones/AUTOS%202014/3301.pdf HTTP/1.1" 200 653627
188.165.15.183 - - [11/Aug/2015:05:33:58 -0500] "GET /BLA/resoluciones/RESOLUCIONES%202006/RES%202006%20%202801-2850/00002846.tif HTTP/1.1" 200 192910
180.76.15.150 - - [11/Aug/2015:05:34:06 -0500] "GET /BLA/boletinlegal/Circulares/2010/Circular%2006%20de%208%20de%20septiembre%20de%202010.pdf HTTP/1.1" 200 4657752
186.84.225.144 - - [11/Aug/2015:05:34:18 -0500] "GET /BLA/boletinlegal/js/jquery.scrollShow.js HTTP/1.1" 200 4586
186.84.225.144 - - [11/Aug/2015:05:34:18 -0500] "GET /galeria/galeria/jquery.fancybox.js?v=2.1.5 HTTP/1.1" 200 48706
186.84.225.144 - - [11/Aug/2015:05:34:18 -0500] "GET /galeria/galeria/jquery.fancybox.css?v=2.1.5 HTTP/1.1" 200 4895
186.84.225.144 - - [11/Aug/2015:05:34:24 -0500] "GET /BLA/boletinlegal/js/jquery.scrollShow.js HTTP/1.1" 304 -
186.84.225.144 - - [11/Aug/2015:05:34:24 -0500] "GET /galeria/galeria/jquery.fancybox.js?v=2.1.5 HTTP/1.1" 304 -
186.84.225.144 - - [11/Aug/2015:05:34:24 -0500] "GET /galeria/galeria/jquery.fancybox.css?v=2.1.5 HTTP/1.1" 304 -
200.26.155.142 - - [11/Aug/2015:05:34:28 -0500] "GET /galeria/nivo-slider/demo/images/bolsas-08.jpg HTTP/1.1" 304 -
74.86.158.107 - - [11/Aug/2015:05:34:30 -0500] "HEAD / HTTP/1.1" 200 -
190.84.185.167 - - [11/Aug/2015:05:35:07 -0500] "POST /forms/lservlet;jsessionid=ac16012b30d6fda8980680074abd9e82f43aaf4e94f2.e3iSbxaKaheRe38Ka34Oa3eLbxf0n6jAmljGr5XDqQLvpAe HTTP/1.1" 200 2
157.55.39.32 - - [11/Aug/2015:05:35:55 -0500] "GET / HTTP/1.1" 200 129268
201.245.192.253 - - [11/Aug/2015:05:36:11 -0500] "GET /forest/session.jsp?a=0.4613732769359602 HTTP/1.1" 200 4
66.249.64.101 - - [11/Aug/2015:05:36:16 -0500] "GET /BLA/resoluciones/RESOLUCIONES%202007/RES%202007%20701%20AL%20800/RESOLUCION%200730%20DE%202007.pdf HTTP/1.1" 200 229714
66.249.64.106 - - [11/Aug/2015:05:36:20 -0500] "GET /BLA/resoluciones/AUTOS%202013/2908.pdf HTTP/1.1" 200 390949
66.249.64.106 - - [11/Aug/2015:05:36:21 -0500] "GET /BLA/resoluciones/RESOLUCIONES%202013/0883.pdf HTTP/1.1" 200 434150
201.245.192.253 - - [11/Aug/2015:05:36:47 -0500] "GET /forest/session.jsp?a=0.36953868108599564 HTTP/1.1" 200 4
188.165.15.183 - - [11/Aug/2015:05:37:03 -0500] "GET /BLA/resoluciones/RESOLUCIONES%202006/RES%202006%20901-950/00000949.tif HTTP/1.1" 200 199948
198.208.251.21 - - [11/Aug/2015:05:37:03 -0500] "GET /galeria/carrusel/Carrusel/jquery.thumbnailScroller.css HTTP/1.1" 200 2066
198.208.251.21 - - [11/Aug/2015:05:37:03 -0500] "GET /galeria/galeria/jquery.fancybox.css?v=2.1.5 HTTP/1.1" 200 4895
198.208.251.21 - - [11/Aug/2015:05:37:03 -0500] "GET /galeria/galeria/jquery.fancybox.js?v=2.1.5 HTTP/1.1" 200 48706
198.208.251.21 - - [11/Aug/2015:05:37:03 -0500] "GET /BLA/boletinlegal/js/jquery.scrollShow.js HTTP/1.1" 200 4586
198.208.251.21 - - [11/Aug/2015:05:37:06 -0500] "GET /galeria/nivo-slider/demo/demo.html HTTP/1.1" 200 5019
198.208.251.21 - - [11/Aug/2015:05:37:06 -0500] "GET /galeria/nivo-slider/demo/images/Banner-piel-natural.jpg HTTP/1.1" 200 160762
198.208.251.21 - - [11/Aug/2015:05:37:06 -0500] "GET /galeria/nivo-slider/demo/images/rendicion-de-cuentas-7-agosto.jpg HTTP/1.1" 200 149701
190.84.185.167 - - [11/Aug/2015:05:37:07 -0500] "POST /forms/lservlet;jsessionid=ac16012b30d6fda8980680074abd9e82f43aaf4e94f2.e3iSbxaKaheRe38Ka34Oa3eLbxf0n6jAmljGr5XDqQLvpAe HTTP/1.1" 200 2
198.208.251.21 - - [11/Aug/2015:05:37:09 -0500] "GET /galeria/nivo-slider/demo/images/PREDAcamp.jpg HTTP/1.1" 304 -
198.208.251.21 - - [11/Aug/2015:05:37:09 -0500] "GET /galeria/nivo-slider/themes/default/loading.gif HTTP/1.1" 200 1737
198.208.251.21 - - [11/Aug/2015:05:37:09 -0500] "GET /galeria/nivo-slider/demo/images/4Simple_Slider.png HTTP/1.1" 200 11722
198.208.251.21 - - [11/Aug/2015:05:37:09 -0500] "GET /galeria/nivo-slider/demo/images/Semana-PYBA.jpg HTTP/1.1" 304 -
198.208.251.21 - - [11/Aug/2015:05:37:09 -0500] "GET /galeria/nivo-slider/demo/images/Cambio-Climatico-Paramos.jpg HTTP/1.1" 304 -
198.208.251.21 - - [11/Aug/2015:05:37:09 -0500] "GET /galeria/nivo-slider/demo/images/banner-llantas2.jpg HTTP/1.1" 304 -
198.208.251.21 - - [11/Aug/2015:05:37:10 -0500] "GET /galeria/nivo-slider/demo/images/Comparendo-ambiental-Banner.jpg HTTP/1.1" 304 -
198.208.251.21 - - [11/Aug/2015:05:37:10 -0500] "GET /galeria/nivo-slider/demo/images/GAE-banner.jpg HTTP/1.1" 304 -
198.208.251.21 - - [11/Aug/2015:05:37:10 -0500] "GET /galeria/nivo-slider/demo/images/Banner-encuesta-de-percepscio.jpg HTTP/1.1" 304 -
198.208.251.21 - - [11/Aug/2015:05:37:11 -0500] "GET /galeria/nivo-slider/themes/default/bullets.png HTTP/1.1" 200 1281
198.208.251.21 - - [11/Aug/2015:05:37:12 -0500] "GET /galeria/nivo-slider/themes/default/arrows.png HTTP/1.1" 200 824
198.208.251.21 - - [11/Aug/2015:05:37:12 -0500] "GET /galeria/nivo-slider/demo/images/VoluntariadoPYBA.jpg HTTP/1.1" 304 -
199.21.99.217 - - [11/Aug/2015:05:37:18 -0500] "GET /videos/ HTTP/1.1" 200 50199
198.208.251.21 - - [11/Aug/2015:05:38:20 -0500] "GET /galeria/galeria/jquery.fancybox.css?v=2.1.5 HTTP/1.1" 304 -
198.208.251.21 - - [11/Aug/2015:05:38:20 -0500] "GET /BLA/boletinlegal/js/jquery.scrollShow.js HTTP/1.1" 304 -
198.208.251.21 - - [11/Aug/2015:05:38:20 -0500] "GET /galeria/galeria/jquery.fancybox.js?v=2.1.5 HTTP/1.1" 304 -
201.234.75.11 - - [11/Aug/2015:05:38:21 -0500] "GET /galeria/nivo-slider/demo/images/PuntoLimpioSuba.jpg HTTP/1.1" 304 -
66.249.64.29 - - [11/Aug/2015:05:38:25 -0500] "GET /wp-content/uploads/2015/07/cabezote-de-noticias12.jpg HTTP/1.1" 404 27437
186.98.230.197 - - [11/Aug/2015:05:38:46 -0500] "GET /galeria/galeria/jquery.fancybox.css?v=2.1.5 HTTP/1.1" 200 4895
186.98.230.197 - - [11/Aug/2015:05:38:46 -0500] "GET /BLA/boletinlegal/js/jquery.scrollShow.js HTTP/1.1" 200 4586
186.98.230.197 - - [11/Aug/2015:05:38:46 -0500] "GET /galeria/galeria/jquery.fancybox.js?v=2.1.5 HTTP/1.1" 200 48706
190.84.185.167 - - [11/Aug/2015:05:39:07 -0500] "POST /forms/lservlet;jsessionid=ac16012b30d6fda8980680074abd9e82f43aaf4e94f2.e3iSbxaKaheRe38Ka34Oa3eLbxf0n6jAmljGr5XDqQLvpAe HTTP/1.1" 200 2
201.234.75.11 - - [11/Aug/2015:05:39:12 -0500] "GET /galeria/nivo-slider/demo/images/bannerDiaSinCarro.jpg HTTP/1.1" 304 -
66.249.64.106 - - [11/Aug/2015:05:39:25 -0500] "GET /BLA/resoluciones/AUTOS%202013/0511.pdf HTTP/1.1" 200 1629657
74.86.158.107 - - [11/Aug/2015:05:39:30 -0500] "HEAD / HTTP/1.1" 200 -
186.98.230.197 - - [11/Aug/2015:05:39:51 -0500] "GET /BLA/boletinlegal/js/jquery.scrollShow.js HTTP/1.1" 304 -
186.98.230.197 - - [11/Aug/2015:05:39:51 -0500] "GET /galeria/galeria/jquery.fancybox.css?v=2.1.5 HTTP/1.1" 304 -
186.98.230.197 - - [11/Aug/2015:05:39:51 -0500] "GET /galeria/galeria/jquery.fancybox.js?v=2.1.5 HTTP/1.1" 304 -
188.165.15.183 - - [11/Aug/2015:05:40:03 -0500] "GET /BLA/resoluciones/RESOLUCIONES%202006/RES%202006%20651-700/00000674.tif HTTP/1.1" 200 151690
190.84.185.167 - - [11/Aug/2015:05:41:07 -0500] "POST /forms/lservlet;jsessionid=ac16012b30d6fda8980680074abd9e82f43aaf4e94f2.e3iSbxaKaheRe38Ka34Oa3eLbxf0n6jAmljGr5XDqQLvpAe HTTP/1.1" 200 2
201.245.192.253 - - [11/Aug/2015:05:41:11 -0500] "GET /forest/session.jsp?a=0.21794604290837494 HTTP/1.1" 200 4
66.249.64.101 - - [11/Aug/2015:05:41:16 -0500] "GET /autoliquidacion/index.php?dir=Cobro+Clasificacion+Uso+De+Vivenda+En+Suelo+Restringido%2FCOMPATIBILIDAD+USO+DE+VIVIENDA%2F HTTP/1.1" 200 2813
66.249.64.101 - - [11/Aug/2015:05:41:26 -0500] "GET /BLA/resoluciones/AUTOS%202013/0412.pdf HTTP/1.1" 200 2239972
66.249.64.101 - - [11/Aug/2015:05:41:36 -0500] "GET /BLA/resoluciones/RESOLUCIONES%202010/4700.pdf HTTP/1.1" 200 754099
207.46.13.147 - - [11/Aug/2015:05:41:42 -0500] "GET /robots.txt HTTP/1.1" 404 1019
201.245.192.253 - - [11/Aug/2015:05:41:47 -0500] "GET /forest/session.jsp?a=0.6052609414259958 HTTP/1.1" 200 4
188.165.15.183 - - [11/Aug/2015:05:41:57 -0500] "GET /BLA/resoluciones/RESOLUCIONES%202003/RES%202003%201601-1650/20031627.tif HTTP/1.1" 200 62514
186.82.195.13 - - [11/Aug/2015:05:42:06 -0500] "GET /galeria/galeria/jquery.fancybox.js?v=2.1.5 HTTP/1.1" 304 -
186.82.195.13 - - [11/Aug/2015:05:42:06 -0500] "GET /galeria/galeria/jquery.fancybox.css?v=2.1.5 HTTP/1.1" 304 -
186.82.195.13 - - [11/Aug/2015:05:42:06 -0500] "GET /galeria/carrusel/Carrusel/jquery.thumbnailScroller.css HTTP/1.1" 200 2066
186.82.195.13 - - [11/Aug/2015:05:42:06 -0500] "GET /galeria/carrusel/Carrusel/jquery.thumbnailScroller.js HTTP/1.1" 200 8157
186.82.195.13 - - [11/Aug/2015:05:42:06 -0500] "GET /galeria/carrusel/Carrusel/jquery-ui-1.8.13.custom.min.js HTTP/1.1" 200 10800
186.82.195.13 - - [11/Aug/2015:05:42:11 -0500] "GET /galeria/nivo-slider/demo/demo.html HTTP/1.1" 200 5019
186.82.195.13 - - [11/Aug/2015:05:42:15 -0500] "GET /galeria/nivo-slider/themes/default/default.css HTTP/1.1" 200 1569
