66.249.64.106 - - [11/Aug/2015:01:01:27 -0500] "GET /BLA/resoluciones/RESOLUCIONES%202009/5001.pdf HTTP/1.1" 200 704081
190.157.153.111 - - [11/Aug/2015:01:01:27 -0500] "POST /forest/parameter?action=runReportMDX&json=true&listdep=funcionario&id_rpt=117&a=0.4319773844908923 HTTP/1.1" 200 361
190.157.153.111 - - [11/Aug/2015:01:01:29 -0500] "POST /forest/parameter?action=runReportMDX&json=true&listdep=funcionario&id_rpt=117&a=0.07315386109985411 HTTP/1.1" 200 2
190.157.153.111 - - [11/Aug/2015:01:01:29 -0500] "POST /forest/parameter?action=runReportMDX&json=true&listdep=funcionario&id_rpt=117&a=0.4377639861777425 HTTP/1.1" 200 2
190.157.153.111 - - [11/Aug/2015:01:01:30 -0500] "POST /forest/parameter?action=runReportMDX&json=true&listdep=funcionario&id_rpt=117&a=0.8834339149761945 HTTP/1.1" 200 2
190.157.153.111 - - [11/Aug/2015:01:01:33 -0500] "POST /forest/parameter?action=runReportMDX&json=true&listdep=funcionario&id_rpt=117&a=0.046272597974166274 HTTP/1.1" 200 2
190.157.153.111 - - [11/Aug/2015:01:01:33 -0500] "POST /forest/parameter?action=runReportMDX&json=true&listdep=funcionario&id_rpt=117&a=0.6811926285736263 HTTP/1.1" 200 361
190.157.153.111 - - [11/Aug/2015:01:01:36 -0500] "POST /forest/parameter?action=runReportMDX&json=true&listdep=funcionario&id_rpt=117&a=0.12649329379200935 HTTP/1.1" 200 2
190.157.153.111 - - [11/Aug/2015:01:01:37 -0500] "POST /forest/parameter?action=runReportMDX&json=true&listdep=funcionario&id_rpt=117&a=0.18674607458524406 HTTP/1.1" 200 361
190.157.153.111 - - [11/Aug/2015:01:01:40 -0500] "POST /forest/parameter?action=runReportMDX&json=true&listdep=funcionario&id_rpt=117&a=0.0515364536549896 HTTP/1.1" 200 2
190.157.153.111 - - [11/Aug/2015:01:01:42 -0500] "POST /forest/parameter?action=runReportMDX&json=true&listdep=funcionario&id_rpt=117&a=0.023707740241661668 HTTP/1.1" 200 2
201.245.192.253 - - [11/Aug/2015:01:01:45 -0500] "GET /forest/session.jsp?a=0.5767681732621677 HTTP/1.1" 200 4
66.249.64.106 - - [11/Aug/2015:01:01:49 -0500] "GET /BLA/jurisprudencia/sentencias/5283531030012000-00005-01%20[16-05-2011][1].pdf HTTP/1.1" 404 1018
66.249.64.106 - - [11/Aug/2015:01:01:52 -0500] "GET /BLA/resoluciones/AUTOS%202013/3011.pdf HTTP/1.1" 200 575301
190.157.153.111 - - [11/Aug/2015:01:01:53 -0500] "GET /forest/parameter?action=parametersReportMDX&id_rpt=145&currentTab=tab_presentacion&a=0.2771642985753715 HTTP/1.1" 200 4711
190.157.153.111 - - [11/Aug/2015:01:01:56 -0500] "POST /forest/parameter?action=runReportMDX&json=true&listdep=fun&id_rpt=145&a=0.319567889906466 HTTP/1.1" 200 591
190.157.153.111 - - [11/Aug/2015:01:01:57 -0500] "POST /forest/parameter?action=runReportMDX&json=true&listdep=fun&id_rpt=145&a=0.33617648016661406 HTTP/1.1" 200 585
190.157.153.111 - - [11/Aug/2015:01:01:57 -0500] "POST /forest/parameter?action=runReportMDX&json=true&listdep=fun&id_rpt=145&a=0.12279176851734519 HTTP/1.1" 200 585
190.157.153.111 - - [11/Aug/2015:01:01:59 -0500] "POST /forest/parameter?action=runReportMDX&json=true&listdep=fun&id_rpt=145&a=0.7152068084105849 HTTP/1.1" 200 598
190.157.153.111 - - [11/Aug/2015:01:01:59 -0500] "POST /forest/parameter?action=runReportMDX&json=true&listdep=fun&id_rpt=145&a=0.29017962282523513 HTTP/1.1" 200 359
190.157.153.111 - - [11/Aug/2015:01:02:01 -0500] "POST /forest/parameter?action=runReportMDX&json=true&listdep=fun&id_rpt=145&a=0.5294107047375292 HTTP/1.1" 200 359
66.249.64.106 - - [11/Aug/2015:01:02:02 -0500] "GET /BLA/resoluciones/Notificaciones/RESOLUCIONES%202014/3460.doc HTTP/1.1" 200 165888
66.249.64.101 - - [11/Aug/2015:01:02:15 -0500] "GET /BLA/resoluciones/RESOLUCIONES%202009/6761.pdf HTTP/1.1" 200 654654
66.249.64.96 - - [11/Aug/2015:01:02:24 -0500] "GET /BLA/resoluciones/RESOLUCIONES%202008/4854.pdf HTTP/1.1" 200 283375
66.249.64.101 - - [11/Aug/2015:01:02:36 -0500] "GET /BLA/resoluciones/AUTOS%202013/2833.pdf HTTP/1.1" 200 275379
66.249.64.96 - - [11/Aug/2015:01:02:38 -0500] "GET /pread/new/7c.pdf HTTP/1.1" 404 1018
66.249.64.101 - - [11/Aug/2015:01:02:40 -0500] "GET /BLA/resoluciones/RESOLUCIONES%202009/3969.pdf HTTP/1.1" 200 519593
66.249.64.96 - - [11/Aug/2015:01:02:56 -0500] "GET /BLA/resoluciones/RESOLUCIONES%202008/2556.pdf HTTP/1.1" 200 97222
190.157.153.111 - - [11/Aug/2015:01:02:59 -0500] "GET /forest/skins/gdocs-jar/popup/popup.jsp?width=1100&height=500&title=Buscar%20procesos&uri=/forest/buscar.do%3Ftype%3Dprocesos&name=undefined&_a=0.40727444807998836&a=0.2659219519700855 HTTP/1.1" 200 1296
190.157.153.111 - - [11/Aug/2015:01:02:59 -0500] "GET /forest/buscar.do?type=procesos HTTP/1.1" 200 18159
190.157.153.111 - - [11/Aug/2015:01:02:59 -0500] "GET /forest/buscar.do?type=procesos HTTP/1.1" 200 85061
190.157.153.111 - - [11/Aug/2015:01:03:00 -0500] "GET /forest/json.do?query=usersByDep&coddep=2013 HTTP/1.1" 200 8446
190.157.153.111 - - [11/Aug/2015:01:03:00 -0500] "GET /forest/json.do?query=versionListadas HTTP/1.1" 200 15
190.157.153.111 - - [11/Aug/2015:01:03:00 -0500] "GET /forest/json.do?query=usersByDep&coddep=2013 HTTP/1.1" 200 8446
190.157.153.111 - - [11/Aug/2015:01:03:00 -0500] "GET /forest/json.do?query=procesIniciales HTTP/1.1" 200 11405
190.157.153.111 - - [11/Aug/2015:01:03:00 -0500] "GET /forest/json.do?query=bpmnIniciales HTTP/1.1" 200 1334
190.157.153.111 - - [11/Aug/2015:01:03:06 -0500] "POST /forest/buscar.do? HTTP/1.1" 200 5380
88.198.233.69 - - [11/Aug/2015:01:03:15 -0500] "GET / HTTP/1.1" 200 10190
190.84.185.167 - - [11/Aug/2015:01:03:16 -0500] "POST /forms/lservlet;jsessionid=ac16012b30d6fda8980680074abd9e82f43aaf4e94f2.e3iSbxaKaheRe38Ka34Oa3eLbxf0n6jAmljGr5XDqQLvpAe HTTP/1.1" 200 2
190.157.153.111 - - [11/Aug/2015:01:03:17 -0500] "GET /forest/usutareas.do?group_system_actual=3&codAct=879&numPro=3184276&codPro=90&fecTra=2015-08-04%2016:33:32.0&codInst=3230679&codTraEsc=18850820 HTTP/1.1" 200 98101
190.157.153.111 - - [11/Aug/2015:01:03:17 -0500] "GET /forest/session.jsp?a=0.33328026277013123 HTTP/1.1" 200 4
190.157.153.111 - - [11/Aug/2015:01:03:17 -0500] "GET /forest/actions/forms.getItemList?codForm=PRESTAMO_EXPEDIENTE&id=Funcionario4&value=EDWARD.GUEVARA&a=0.8749944628216326 HTTP/1.1" 200 65
66.249.64.101 - - [11/Aug/2015:01:03:18 -0500] "GET /BLA/resoluciones/Notificaciones/AUTOS%202014/1252.doc HTTP/1.1" 200 226816
190.157.153.111 - - [11/Aug/2015:01:03:19 -0500] "GET /forest/skins/gdocs-jar/popup/escritorio/reasignar.jsp?codTraEsc=18850820&a=0.06655890797264874 HTTP/1.1" 200 3744
190.157.153.111 - - [11/Aug/2015:01:03:22 -0500] "GET /forest/skins/gdocs-jar/popup/buscarfuncionarios.jsp?a=0.29657217650674284 HTTP/1.1" 200 30416
66.249.64.106 - - [11/Aug/2015:01:03:32 -0500] "GET /BLA/resoluciones/RESOLUCIONES%202009/1140.pdf HTTP/1.1" 200 32067
66.249.64.96 - - [11/Aug/2015:01:03:33 -0500] "GET /BLA/resoluciones/RESOLUCIONES%202008/2284.pdf HTTP/1.1" 200 361852
66.249.64.101 - - [11/Aug/2015:01:03:42 -0500] "GET /BLA/resoluciones/AUTOS%202012/1690.pdf HTTP/1.1" 304 -
66.249.64.24 - - [11/Aug/2015:01:03:45 -0500] "GET /en-construccion/ HTTP/1.1" 200 28982
66.249.64.253 - - [11/Aug/2015:01:03:59 -0500] "GET /Autoliquidacion/Solicitudes%20relacionadas%20con%20ocupaci%C3%B3n%20de%20cauce/Aplicativo%20SCASP%20Actualizado%202014+.xlsx HTTP/1.1" 404 1019
66.249.64.106 - - [11/Aug/2015:01:04:01 -0500] "GET /BLA/resoluciones/RESOLUCIONES%202009/0277.pdf HTTP/1.1" 200 44533
66.249.64.106 - - [11/Aug/2015:01:04:04 -0500] "GET /BLA/resoluciones/RESOLUCIONES%202009/7719.pdf HTTP/1.1" 200 492303
66.249.64.106 - - [11/Aug/2015:01:04:10 -0500] "GET /resoluciones/RESOLUCIONES%202009/0466.pdf HTTP/1.1" 404 1018
157.55.39.111 - - [11/Aug/2015:01:04:20 -0500] "GET /BLA/boletinlegal/js/jquery.scrollShow.js HTTP/1.1" 200 4586
190.157.153.111 - - [11/Aug/2015:00:58:20 -0500] "GET /ForestMSG_SDA/channelAsync/template_word_18883704?X-Atmosphere-tracking-id=6fe343a1-33f6-aa4f-d63d-eb109bd0140b&X-Atmosphere-Framework=1.0.5&X-Atmosphere-Transport=long-polling&tabid=0.42725451686419547&X-Cache-Date=0&Content-Type=application/xml&_=1439272869075 HTTP/1.1" 200 8193
74.86.158.107 - - [11/Aug/2015:01:04:31 -0500] "HEAD / HTTP/1.1" 200 -
149.254.224.241 - - [11/Aug/2015:01:04:34 -0500] "GET /galeria/galeria/jquery.fancybox.css?v=2.1.5 HTTP/1.1" 200 4895
149.254.224.241 - - [11/Aug/2015:01:04:34 -0500] "GET /BLA/boletinlegal/js/jquery.scrollShow.js HTTP/1.1" 200 4586
149.254.224.241 - - [11/Aug/2015:01:04:34 -0500] "GET /galeria/galeria/jquery.fancybox.js?v=2.1.5 HTTP/1.1" 200 48706
66.249.64.96 - - [11/Aug/2015:01:04:36 -0500] "GET /BLA/resoluciones/AUTOS%202014/0888.pdf HTTP/1.1" 304 -
66.249.64.106 - - [11/Aug/2015:01:04:38 -0500] "GET /BLA/resoluciones/RESOLUCIONES%202009/2839.pdf HTTP/1.1" 200 186723
66.249.64.101 - - [11/Aug/2015:01:04:39 -0500] "GET /BLA/resoluciones/RESOLUCIONES%202009/7837.pdf HTTP/1.1" 200 112726
190.157.153.111 - - [11/Aug/2015:01:04:39 -0500] "GET /forest/xmlresponse.do?lista=funcionarioByName&xmlret=1&codCargo=&codDep=2013&partNomFun=ana&a=0.9611129064578563 HTTP/1.1" 200 1528
190.157.153.111 - - [11/Aug/2015:01:04:41 -0500] "GET /forest/xmlresponse.do?lista=funcionarioByName&xmlret=1&codCargo=&codDep=2013&partNomFun=ana%20&a=0.7926697568036616 HTTP/1.1" 200 1535
190.157.153.111 - - [11/Aug/2015:01:04:42 -0500] "GET /forest/xmlresponse.do?lista=funcionarioByName&xmlret=1&codCargo=&codDep=2013&partNomFun=ana%20mer&a=0.18706441624090075 HTTP/1.1" 200 189
190.157.153.111 - - [11/Aug/2015:01:04:42 -0500] "GET /forest/xmlresponse.do?lista=funcionarioByName&xmlret=1&codCargo=&codDep=2013&partNomFun=ana%20merced&a=0.49323227745480835 HTTP/1.1" 200 189
190.157.153.111 - - [11/Aug/2015:01:04:50 -0500] "GET /forest/xmlresponse.do?lista=funcionarioByName&xmlret=1&codCargo=&codDep=2013&partNomFun=ana%20merced&a=0.394125436199829 HTTP/1.1" 200 189
149.254.224.241 - - [11/Aug/2015:01:04:52 -0500] "GET /BLA/boletinlegal/js/jquery.scrollShow.js HTTP/1.1" 304 -
149.254.224.241 - - [11/Aug/2015:01:04:52 -0500] "GET /galeria/galeria/jquery.fancybox.js?v=2.1.5 HTTP/1.1" 304 -
149.254.224.241 - - [11/Aug/2015:01:04:52 -0500] "GET /galeria/galeria/jquery.fancybox.css?v=2.1.5 HTTP/1.1" 304 -
190.157.153.111 - - [11/Aug/2015:01:04:52 -0500] "GET /forest/xmlresponse.do?lista=funcionarioByName&xmlret=1&codCargo=&codDep=2013&partNomFun=ana%20merced&a=0.6663737795315683 HTTP/1.1" 200 189
66.249.64.96 - - [11/Aug/2015:01:05:02 -0500] "GET /resoluciones/RESOLUCIONES%202009/9360.pdf HTTP/1.1" 404 1018
190.157.153.111 - - [11/Aug/2015:01:05:06 -0500] "GET /forest/xmlresponse.do?lista=funcionarioByName&xmlret=1&codCargo=&codDep=2013&partNomFun=ana%20merced&a=0.4783815529663116 HTTP/1.1" 200 189
66.249.64.101 - - [11/Aug/2015:01:05:06 -0500] "GET /BLA/resoluciones/RESOLUCIONES%202008/1784.pdf HTTP/1.1" 200 350302
190.84.185.167 - - [11/Aug/2015:01:05:16 -0500] "POST /forms/lservlet;jsessionid=ac16012b30d6fda8980680074abd9e82f43aaf4e94f2.e3iSbxaKaheRe38Ka34Oa3eLbxf0n6jAmljGr5XDqQLvpAe HTTP/1.1" 200 2
66.249.64.243 - - [11/Aug/2015:01:05:17 -0500] "GET /Autoliquidacion/Solicitudes%20relacionadas%20con%20ocupaci%C3%B3n%20de%20cauce/Solicitud-permiso-ocupacion-cauce.pdf HTTP/1.1" 404 1019
66.249.64.96 - - [11/Aug/2015:01:05:30 -0500] "GET /autoliquidacion/Solicitud%20de%20expedici%C3%B3n%20de%20certificados%20de%20estado%20de%20conservaci%C3%B3n%20ambiental%20(CECA)/FORMULARIO%20DE%20SOLICITUD%20DE%20CECA.pdf HTTP/1.1" 304 -
66.249.64.106 - - [11/Aug/2015:01:05:31 -0500] "GET /BLA/resoluciones/AUTOS%202014/3589.pdf HTTP/1.1" 304 -
66.249.64.96 - - [11/Aug/2015:01:05:36 -0500] "GET /BLA/resoluciones/RESOLUCIONES%202009/9341.pdf HTTP/1.1" 200 493449
66.249.64.106 - - [11/Aug/2015:01:05:50 -0500] "GET /BLA/resoluciones/RESOLUCIONES%202011/5977.pdf HTTP/1.1" 200 289299
201.245.192.253 - - [11/Aug/2015:01:06:08 -0500] "GET /forest/session.jsp?a=0.9487068221515244 HTTP/1.1" 200 4
190.157.153.111 - - [11/Aug/2015:01:06:11 -0500] "GET /forest/xmlresponse.do?lista=funcionarioByName&xmlret=1&codCargo=&codDep=2013&partNomFun=ana%20merced&a=0.7109026415273547 HTTP/1.1" 200 189
66.249.64.106 - - [11/Aug/2015:01:06:21 -0500] "GET /BLA/resoluciones/RESOLUCIONES%202009/2801.pdf HTTP/1.1" 200 432271
157.55.39.85 - - [11/Aug/2015:01:06:29 -0500] "GET /dama/libreria/php/2006/restauracion/33_publi/protoc/protocolo%20tratamientos%2019%20al%2027.pdf HTTP/1.1" 404 1015
66.249.64.96 - - [11/Aug/2015:01:06:39 -0500] "GET /BLA/resoluciones/RESOLUCIONES%202009/7287.pdf HTTP/1.1" 200 278245
201.245.192.253 - - [11/Aug/2015:01:06:45 -0500] "GET /forest/session.jsp?a=0.6363038819264099 HTTP/1.1" 200 4
66.249.64.106 - - [11/Aug/2015:01:06:58 -0500] "GET /resoluciones/RESOLUCIONES%202010/2029.pdf HTTP/1.1" 404 1018
66.249.64.101 - - [11/Aug/2015:01:07:04 -0500] "GET /BLA/resoluciones/RESOLUCIONES%202008/3258.pdf HTTP/1.1" 200 212572
66.249.64.96 - - [11/Aug/2015:01:07:13 -0500] "GET /BLA/resoluciones/RESOLUCIONES%202008/0949.pdf HTTP/1.1" 200 375950
66.249.64.101 - - [11/Aug/2015:01:07:14 -0500] "GET /BLA/resoluciones/AUTOS%202012/1627.pdf HTTP/1.1" 200 390130
66.249.64.96 - - [11/Aug/2015:01:07:15 -0500] "GET /BLA/resoluciones/RESOLUCIONES%202009/0386.pdf HTTP/1.1" 200 351722
66.249.64.101 - - [11/Aug/2015:01:07:23 -0500] "GET /BLA/circulares/6.pdf HTTP/1.1" 200 4657752
66.249.64.96 - - [11/Aug/2015:01:07:29 -0500] "GET /formas/as2.pdf HTTP/1.1" 404 1018
188.165.15.183 - - [11/Aug/2015:01:07:38 -0500] "GET /BLA/resoluciones/RESOLUCIONES%202006/RES%202006%20801-850/00000818.tif HTTP/1.1" 200 77972
190.157.153.111 - - [11/Aug/2015:01:07:43 -0500] "GET /forest/xmlresponse.do?lista=funcionarioByName&xmlret=1&codCargo=&codDep=2013&partNomFun=ana%20merced&a=0.5506063904613256 HTTP/1.1" 200 189
188.165.15.183 - - [11/Aug/2015:01:07:46 -0500] "GET /BLA/resoluciones/RESOLUCIONES%202006/RES%202006%20151-200/00000173.tif HTTP/1.1" 200 260118
190.157.153.111 - - [11/Aug/2015:01:07:49 -0500] "GET /forest/index2.jsp?_a=0.463750223396346 HTTP/1.1" 200 291255
190.157.153.111 - - [11/Aug/2015:01:07:51 -0500] "GET /forest/session.jsp?a=0.5288419027347118 HTTP/1.1" 200 4
190.157.153.111 - - [11/Aug/2015:01:07:54 -0500] "GET /forest/usutareas.do?group_system_actual=3&codTraEsc=18883704&_a=0.580929746056025 HTTP/1.1" 200 119258
190.157.153.111 - - [11/Aug/2015:01:07:56 -0500] "GET /forest/session.jsp?a=0.8380398880690336 HTTP/1.1" 200 4
190.157.153.111 - - [11/Aug/2015:01:07:59 -0500] "GET /forest/skins/gdocs-jar/popup/escritorio/subirborrador.jsp?form=Correspondencia_Elaborar_Borrador&codTpl=641&codBorr=&a=0.8759268389549106 HTTP/1.1" 200 23286
190.157.153.111 - - [11/Aug/2015:01:07:59 -0500] "GET /forest/json.do?query=borradoresByTpls&codInst=3234937&codTare=692&firma=0&a=0.9875063635408878 HTTP/1.1" 200 2
190.157.153.111 - - [11/Aug/2015:01:07:59 -0500] "GET /forest/json.do?query=plantillasByTarea&codTare=692&codInst=3234937&firma=0&a=0.9209931562654674 HTTP/1.1" 200 904
190.157.153.111 - - [11/Aug/2015:01:07:59 -0500] "GET /forest/json.do?query=terceroById&numTer=899999061-9%20SDA&a=0.7212033658288419 HTTP/1.1" 200 672
190.157.153.111 - - [11/Aug/2015:01:08:00 -0500] "GET /forest/json.do?query=ultimoBorradorByTpl&codTpl=621&codInst=3234937&a=0.33443892281502485 HTTP/1.1" 200 2
190.157.153.111 - - [11/Aug/2015:01:08:00 -0500] "GET /forest/json.do?query=ultimoBorradorByTpl&codTpl=1201&codInst=3234937&a=0.9150552812498063 HTTP/1.1" 200 2
190.157.153.111 - - [11/Aug/2015:01:08:00 -0500] "GET /forest/json.do?query=ultimoBorradorByTpl&codTpl=641&codInst=3234937&a=0.5214117199648172 HTTP/1.1" 200 2
190.157.153.111 - - [11/Aug/2015:01:08:00 -0500] "GET /forest/json.do?query=ultimoBorradorByTpl&codTpl=901&codInst=3234937&a=0.23944684374146163 HTTP/1.1" 200 2
190.157.153.111 - - [11/Aug/2015:01:08:00 -0500] "GET /forest/json.do?query=ultimoBorradorByTpl&codTpl=501&codInst=3234937&a=0.2632003619801253 HTTP/1.1" 200 2
190.157.153.111 - - [11/Aug/2015:01:08:00 -0500] "GET /forest/json.do?query=ultimoBorradorByTpl&codTpl=1301&codInst=3234937&a=0.5411879494786263 HTTP/1.1" 200 2
188.165.15.183 - - [11/Aug/2015:01:08:03 -0500] "GET /BLA/resoluciones/RESOLUCIONES%202004/RES%202004%201351-1400/00001366.tif HTTP/1.1" 200 92004
66.249.64.243 - - [11/Aug/2015:01:08:05 -0500] "GET /dama/libreria/pdf/varios2006/IGA2004.pdf HTTP/1.1" 404 1019
66.249.64.106 - - [11/Aug/2015:01:08:35 -0500] "GET /BLA/resoluciones/RESOLUCIONES%202011/3471.pdf HTTP/1.1" 200 535192
66.249.64.106 - - [11/Aug/2015:01:08:37 -0500] "GET /BLA/resoluciones/RESOLUCIONES%202008/0186.pdf HTTP/1.1" 200 295009
190.157.153.111 - - [11/Aug/2015:01:08:47 -0500] "POST /forest/usutareas.do?group_system_actual=3 HTTP/1.1" 200 199
190.157.153.111 - - [11/Aug/2015:01:07:55 -0500] "GET /ForestMSG_SDA/channelAsync/template_word_18883704?X-Atmosphere-tracking-id=1305cc8f-04ad-889d-a2bf-4da73488d7cd&X-Atmosphere-Framework=1.0.5&X-Atmosphere-Transport=long-polling&tabid=0.9429409310687333&X-Cache-Date=0&Content-Type=application/xml&_=1439273444347 HTTP/1.1" 200 8193
190.157.153.111 - - [11/Aug/2015:01:08:49 -0500] "GET /forest/usutareas.do?group_system_actual=3&a=0.6104105955455452 HTTP/1.1" 200 121014
190.157.153.111 - - [11/Aug/2015:01:08:50 -0500] "GET /forest/session.jsp?a=0.13916003913618624 HTTP/1.1" 200 4
190.157.153.111 - - [11/Aug/2015:01:09:01 -0500] "GET /forest/usudocumentos.do?_a=0.8056420471984893&group_system_actual=3 HTTP/1.1" 200 37637
190.157.153.111 - - [11/Aug/2015:01:09:05 -0500] "GET /forest/session.jsp?a=0.42583588953129947 HTTP/1.1" 200 4
190.157.153.111 - - [11/Aug/2015:01:09:08 -0500] "GET /forest/skins/gdocs-jar/popup/escritorio/asociardoc.jsp?numpro=3188312&a=0.8582915901206434 HTTP/1.1" 200 4987
66.249.64.106 - - [11/Aug/2015:01:09:12 -0500] "GET /Residuos/impresion/files/guia_impresion-lit.pdf HTTP/1.1" 304 -
66.249.64.243 - - [11/Aug/2015:01:09:13 -0500] "GET /Anexos%20estudio%20Organizacional%20SDA/index.php?dir=ANEXO%20No.%201-%20NORMAS%20LEGALES%20DE%20ESTRUCTURA%20Y%20PLANTA/RESE%D1A%20HIST%D3RICA%20SDA-NORMAS/Ley%2099%20de%201993%20-%20Crea%20MimAmbiente_files/&sort=size&order=asc HTTP/1.1" 200 11485
180.76.15.142 - - [11/Aug/2015:01:09:20 -0500] "GET / HTTP/1.1" 200 10190
190.157.153.111 - - [11/Aug/2015:01:09:20 -0500] "GET /forest/json.do?query=documento&numrad=2014IE150063&a=0.8400490710046142 HTTP/1.1" 200 759
74.86.158.107 - - [11/Aug/2015:01:09:31 -0500] "HEAD / HTTP/1.1" 200 -
66.249.64.101 - - [11/Aug/2015:01:09:38 -0500] "GET /BLA/resoluciones/RESOLUCIONES%202009/3034.pdf HTTP/1.1" 200 425678
190.157.153.111 - - [11/Aug/2015:01:09:44 -0500] "GET /forest/json.do?query=documento&numrad=2009ER14349&a=0.1954402404371649 HTTP/1.1" 200 4477
190.157.153.111 - - [11/Aug/2015:01:09:44 -0500] "GET /forest/skins/gdocs-jar/img/icons/PDF.gif HTTP/1.1" 404 185
188.165.15.183 - - [11/Aug/2015:01:09:51 -0500] "GET /BLA/resoluciones/AUTOS%202006/AUTOS%202006%203201%20-%203300/00003205.tif HTTP/1.1" 200 32748
190.157.153.111 - - [11/Aug/2015:01:10:11 -0500] "GET /forest/json.do?query=documento&numrad=2013EE009545&a=0.9164251312613487 HTTP/1.1" 200 795
180.76.15.19 - - [11/Aug/2015:01:10:18 -0500] "GET / HTTP/1.1" 200 10190
190.157.153.111 - - [11/Aug/2015:01:10:22 -0500] "GET /forest/json.do?query=documento&numrad=2009ER29571&a=0.9684926888439804 HTTP/1.1" 200 1255
190.157.153.111 - - [11/Aug/2015:01:10:22 -0500] "GET /forest/skins/gdocs-jar/img/icons/PDF.gif HTTP/1.1" 404 185
190.157.153.111 - - [11/Aug/2015:01:10:45 -0500] "GET /forest/json.do?query=documento&numrad=2014IE183896&a=0.13764808303676546 HTTP/1.1" 200 405
190.157.153.111 - - [11/Aug/2015:01:10:51 -0500] "POST /forest/usudocumentos.do?group_system_actual=3 HTTP/1.1" 200 240
190.157.153.111 - - [11/Aug/2015:01:10:56 -0500] "GET /forest/usutareas.do?_a=0.8626291868276894&group_system_actual=3 HTTP/1.1" 200 135036
190.157.153.111 - - [11/Aug/2015:01:08:50 -0500] "GET /ForestMSG_SDA/channelAsync/template_word_18883704?X-Atmosphere-tracking-id=bd90ddbc-e2ee-d344-9da6-5b73e8c91586&X-Atmosphere-Framework=1.0.5&X-Atmosphere-Transport=long-polling&tabid=0.14003982744179666&X-Cache-Date=0&Content-Type=application/xml&_=1439273499039 HTTP/1.1" 200 8193
190.157.153.111 - - [11/Aug/2015:01:10:57 -0500] "GET /forest/session.jsp?a=0.7572869646828622 HTTP/1.1" 200 4
190.157.153.111 - - [11/Aug/2015:01:10:53 -0500] "GET /forest/usudocumentos.do?group_system_actual=3&a=0.8124773488380015 HTTP/1.1" 200 14612
190.157.153.111 - - [11/Aug/2015:01:11:03 -0500] "POST /forest/usutareas.do? HTTP/1.1" 200 76
190.157.153.111 - - [11/Aug/2015:01:11:07 -0500] "GET /forest/usutareas.do?group_system_actual=3&a=0.9938074820674956 HTTP/1.1" 200 19599
190.157.153.111 - - [11/Aug/2015:01:11:08 -0500] "GET /forest/session.jsp?a=0.4914526075590402 HTTP/1.1" 200 4
201.245.192.253 - - [11/Aug/2015:01:11:08 -0500] "GET /forest/session.jsp?a=0.2225965093884914 HTTP/1.1" 200 4
66.249.64.96 - - [11/Aug/2015:01:10:27 -0500] "GET /BLA/boletinlegal/index.php HTTP/1.1" 200 51062
66.249.64.106 - - [11/Aug/2015:01:11:12 -0500] "GET /BLA/resoluciones/RESOLUCIONES%202008/1015.pdf HTTP/1.1" 200 211895
66.249.64.106 - - [11/Aug/2015:01:11:25 -0500] "GET /formas/manual.pdf HTTP/1.1" 404 1018
66.249.64.106 - - [11/Aug/2015:01:11:31 -0500] "GET /BLA/resoluciones/RESOLUCIONES%202008/4669.pdf HTTP/1.1" 200 480977
201.245.192.253 - - [11/Aug/2015:01:11:45 -0500] "GET /forest/session.jsp?a=0.4903228866625793 HTTP/1.1" 200 4
188.165.15.183 - - [11/Aug/2015:01:11:50 -0500] "GET /BLA/resoluciones/RESOLUCIONES%202006/RES%202006%20351-400/00000361.tif HTTP/1.1" 200 471536
189.189.75.53 - - [11/Aug/2015:01:12:19 -0500] "GET /galeria/galeria/jquery.fancybox.css?v=2.1.5 HTTP/1.1" 200 4895
189.189.75.53 - - [11/Aug/2015:01:12:19 -0500] "GET /BLA/boletinlegal/js/jquery.scrollShow.js HTTP/1.1" 200 4586
189.189.75.53 - - [11/Aug/2015:01:12:19 -0500] "GET /galeria/galeria/jquery.fancybox.js?v=2.1.5 HTTP/1.1" 200 48706
189.189.75.53 - - [11/Aug/2015:01:12:35 -0500] "GET /galeria/galeria/jquery.fancybox.css?v=2.1.5 HTTP/1.1" 304 -
189.189.75.53 - - [11/Aug/2015:01:12:35 -0500] "GET /BLA/boletinlegal/js/jquery.scrollShow.js HTTP/1.1" 304 -
189.189.75.53 - - [11/Aug/2015:01:12:36 -0500] "GET /galeria/galeria/jquery.fancybox.js?v=2.1.5 HTTP/1.1" 304 -
188.165.15.183 - - [11/Aug/2015:01:13:10 -0500] "GET /BLA/resoluciones/AUTOS%202006/AUTOS%202006%20501-600/00000563.tif HTTP/1.1" 200 131952
66.249.64.248 - - [11/Aug/2015:01:13:29 -0500] "GET / HTTP/1.1" 200 10190
188.165.15.183 - - [11/Aug/2015:01:14:27 -0500] "GET /BLA/resoluciones/RESOLUCIONES%202005/RES%202005%20301-351/00000304.tif HTTP/1.1" 200 273212
74.86.158.107 - - [11/Aug/2015:01:14:31 -0500] "HEAD / HTTP/1.1" 200 -
66.249.64.106 - - [11/Aug/2015:01:14:42 -0500] "GET /BLA/resoluciones/RESOLUCIONES%202012/1758.pdf HTTP/1.1" 200 420892
66.249.64.96 - - [11/Aug/2015:01:14:42 -0500] "GET /BLA/resoluciones/AUTOS%202009/2439.pdf HTTP/1.1" 200 101646
66.249.64.106 - - [11/Aug/2015:01:15:53 -0500] "GET /BLA/resoluciones/RESOLUCIONES%202009/7857.pdf HTTP/1.1" 200 752226
190.157.153.111 - - [11/Aug/2015:01:16:08 -0500] "GET /forest/session.jsp?a=0.7628996293060482 HTTP/1.1" 200 4
201.245.192.253 - - [11/Aug/2015:01:16:08 -0500] "GET /forest/session.jsp?a=0.98541473081912 HTTP/1.1" 200 4
118.98.104.21 - - [11/Aug/2015:01:16:35 -0500] "-" 408 -
201.245.192.253 - - [11/Aug/2015:01:16:45 -0500] "GET /forest/session.jsp?a=0.815686405636305 HTTP/1.1" 200 4
66.249.64.24 - - [11/Aug/2015:01:16:34 -0500] "GET / HTTP/1.1" 200 129269
190.84.185.167 - - [11/Aug/2015:01:16:51 -0500] "POST /forms/lservlet;jsessionid=ac16012b30d6fda8980680074abd9e82f43aaf4e94f2.e3iSbxaKaheRe38Ka34Oa3eLbxf0n6jAmljGr5XDqQLvpAe HTTP/1.1" 200 2
190.157.153.111 - - [11/Aug/2015:01:10:57 -0500] "GET /ForestMSG_SDA/channelAsync/template_word_18883704?X-Atmosphere-tracking-id=0d5cf025-5192-3acd-6887-e42f02f3f531&X-Atmosphere-Framework=1.0.5&X-Atmosphere-Transport=long-polling&tabid=0.15070344717241824&X-Cache-Date=0&Content-Type=application/xml&_=1439273625984 HTTP/1.1" 200 8193
188.165.15.183 - - [11/Aug/2015:01:17:56 -0500] "GET /BLA/resoluciones/AUTOS%202006/AUTOS%202006%201101-1200/00001118.tif HTTP/1.1" 200 56158
188.165.15.183 - - [11/Aug/2015:01:18:51 -0500] "GET /BLA/resoluciones/RESOLUCIONES%202006/RES%202006%202101-2150/00002145.tif HTTP/1.1" 200 172300
190.84.185.167 - - [11/Aug/2015:01:18:51 -0500] "POST /forms/lservlet;jsessionid=ac16012b30d6fda8980680074abd9e82f43aaf4e94f2.e3iSbxaKaheRe38Ka34Oa3eLbxf0n6jAmljGr5XDqQLvpAe HTTP/1.1" 200 2
74.86.158.107 - - [11/Aug/2015:01:19:31 -0500] "HEAD / HTTP/1.1" 200 -
66.249.64.106 - - [11/Aug/2015:01:19:31 -0500] "GET /BLA/resoluciones/RESOLUCIONES%202008/4595.pdf HTTP/1.1" 200 465959
66.249.64.96 - - [11/Aug/2015:01:19:37 -0500] "GET /portalsiaccapacitaciones/Soportes%20Capacitaciones%20A%C3%B1o%202013/0040.%20Presentaci%C3%B3n%20SDM%20-%20TNM%20-%20MOVILIDAD%20SOSTENIBLE%2019-09-13.pdf HTTP/1.1" 404 1018
66.249.64.101 - - [11/Aug/2015:01:19:47 -0500] "GET /BLA/resoluciones/RESOLUCIONES%202009/4237.pdf HTTP/1.1" 200 593928
66.249.64.101 - - [11/Aug/2015:01:19:53 -0500] "GET /BLA/resoluciones/RESOLUCIONES%202003/RES%202003%202151-2189/20032168.tif HTTP/1.1" 200 220554
190.157.153.111 - - [11/Aug/2015:01:20:02 -0500] "GET /forest/index2.jsp?_a=0.10818952810950577 HTTP/1.1" 200 291036
190.157.153.111 - - [11/Aug/2015:01:20:03 -0500] "GET /forest/session.jsp?a=0.7774407560937107 HTTP/1.1" 200 4
190.157.153.111 - - [11/Aug/2015:01:20:06 -0500] "GET /forest/forms/showform.jsp?codPro=95&codForm=Inicio_Correspondencias&a=0.3676242793444544 HTTP/1.1" 200 17961
190.157.153.111 - - [11/Aug/2015:01:20:10 -0500] "GET /forest/actions/forms.getList?codForm=Inicio_Correspondencias&id=funcionarioasignado&text=A HTTP/1.1" 200 1247
190.157.153.111 - - [11/Aug/2015:01:20:10 -0500] "GET /forest/actions/forms.getList?codForm=Inicio_Correspondencias&id=funcionarioasignado&text=AN HTTP/1.1" 200 1241
190.157.153.111 - - [11/Aug/2015:01:20:10 -0500] "GET /forest/actions/forms.getList?codForm=Inicio_Correspondencias&id=funcionarioasignado&text=ANA HTTP/1.1" 200 1204
190.157.153.111 - - [11/Aug/2015:01:20:10 -0500] "GET /forest/actions/forms.getList?codForm=Inicio_Correspondencias&id=funcionarioasignado&text=ANA%20 HTTP/1.1" 200 1204
190.157.153.111 - - [11/Aug/2015:01:20:11 -0500] "GET /forest/actions/forms.getList?codForm=Inicio_Correspondencias&id=funcionarioasignado&text=ANA%20M HTTP/1.1" 200 1215
190.157.153.111 - - [11/Aug/2015:01:20:11 -0500] "GET /forest/actions/forms.getList?codForm=Inicio_Correspondencias&id=funcionarioasignado&text=ANA%20ME HTTP/1.1" 200 184
190.157.153.111 - - [11/Aug/2015:01:20:12 -0500] "GET /forest/actions/forms.getList?codForm=Inicio_Correspondencias&id=funcionarioasignado&text=ANA%20MER HTTP/1.1" 200 65
66.249.64.106 - - [11/Aug/2015:01:20:12 -0500] "GET /BLA/resoluciones/RESOLUCIONES%202010/0523.pdf HTTP/1.1" 304 -
190.157.153.111 - - [11/Aug/2015:01:20:12 -0500] "GET /forest/actions/forms.getList?codForm=Inicio_Correspondencias&id=funcionarioasignado&text=ANA%20MERC HTTP/1.1" 200 65
190.157.153.111 - - [11/Aug/2015:01:20:12 -0500] "GET /forest/actions/forms.getList?codForm=Inicio_Correspondencias&id=funcionarioasignado&text=ANA%20MERCE HTTP/1.1" 200 65
190.157.153.111 - - [11/Aug/2015:01:20:12 -0500] "GET /forest/actions/forms.getList?codForm=Inicio_Correspondencias&id=funcionarioasignado&text=ANA%20MERCED HTTP/1.1" 200 65
190.157.153.111 - - [11/Aug/2015:01:20:13 -0500] "GET /forest/actions/forms.getList?codForm=Inicio_Correspondencias&id=funcionarioasignado&text=ANA%20MERCEDE HTTP/1.1" 200 65
66.249.64.101 - - [11/Aug/2015:01:20:16 -0500] "GET /BLA/resoluciones/RESOLUCIONES%202007/RES%202007%203201%20AL%203300/RESOLUCION%203284%20DE%202007.pdf HTTP/1.1" 304 -
190.157.153.111 - - [11/Aug/2015:01:20:29 -0500] "GET /forest/actions/forms.getList?codForm=Inicio_Correspondencias&id=codigoFuncionario&text=E HTTP/1.1" 200 1247
190.157.153.111 - - [11/Aug/2015:01:20:29 -0500] "GET /forest/actions/forms.getList?codForm=Inicio_Correspondencias&id=codigoFuncionario&text=ED HTTP/1.1" 200 1283
190.157.153.111 - - [11/Aug/2015:01:20:29 -0500] "GET /forest/actions/forms.getList?codForm=Inicio_Correspondencias&id=codigoFuncionario&text=EDW HTTP/1.1" 200 440
190.157.153.111 - - [11/Aug/2015:01:20:30 -0500] "GET /forest/actions/forms.getList?codForm=Inicio_Correspondencias&id=codigoFuncionario&text=EDWA HTTP/1.1" 200 67
190.157.153.111 - - [11/Aug/2015:01:20:30 -0500] "GET /forest/actions/forms.getList?codForm=Inicio_Correspondencias&id=codigoFuncionario&text=EDWAR HTTP/1.1" 200 67
190.157.153.111 - - [11/Aug/2015:01:20:30 -0500] "GET /forest/actions/forms.getList?codForm=Inicio_Correspondencias&id=codigoFuncionario&text=EDWARD HTTP/1.1" 200 67
190.156.67.49 - - [11/Aug/2015:01:20:36 -0500] "GET /BLA/resoluciones/RESOLUCIONES%202009/4937.pdf HTTP/1.1" 200 535891
190.157.153.111 - - [11/Aug/2015:01:20:44 -0500] "POST /forest/actions/forms.saveForm?codPro=95 HTTP/1.1" 200 81
190.84.185.167 - - [11/Aug/2015:01:20:51 -0500] "POST /forms/lservlet;jsessionid=ac16012b30d6fda8980680074abd9e82f43aaf4e94f2.e3iSbxaKaheRe38Ka34Oa3eLbxf0n6jAmljGr5XDqQLvpAe HTTP/1.1" 200 2
66.249.64.106 - - [11/Aug/2015:01:21:05 -0500] "GET /BLA/resoluciones/RESOLUCIONES%202014/2872.pdf HTTP/1.1" 304 -
190.157.153.111 - - [11/Aug/2015:01:21:06 -0500] "GET /forest/index2.jsp?group_system_actual=3&a=0.3077600870747119 HTTP/1.1" 200 291255
190.157.153.111 - - [11/Aug/2015:01:21:08 -0500] "GET /forest/session.jsp?a=0.41422024788334966 HTTP/1.1" 200 4
201.245.192.253 - - [11/Aug/2015:01:21:08 -0500] "GET /forest/session.jsp?a=0.8827927345275511 HTTP/1.1" 200 4
190.157.153.111 - - [11/Aug/2015:01:21:10 -0500] "GET /forest/usutareas.do?group_system_actual=3&codTraEsc=18883712&_a=0.131261452664596 HTTP/1.1" 200 119259
190.157.153.111 - - [11/Aug/2015:01:21:12 -0500] "GET /forest/session.jsp?a=0.6344480281695724 HTTP/1.1" 200 4
190.157.153.111 - - [11/Aug/2015:01:21:14 -0500] "GET /forest/actions/sgc.getPlantillaByInst?codForm=641&codInst=3234938 HTTP/1.1" 200 97846
201.245.192.253 - - [11/Aug/2015:01:21:45 -0500] "GET /forest/session.jsp?a=0.536818970542942 HTTP/1.1" 200 4
207.46.13.28 - - [11/Aug/2015:01:21:49 -0500] "GET /dama/libreria/php/decide.php?patron=01.0210&ofix=3 HTTP/1.1" 404 1019
180.76.15.142 - - [11/Aug/2015:01:21:51 -0500] "GET / HTTP/1.1" 200 129282
188.165.15.183 - - [11/Aug/2015:01:21:52 -0500] "GET /BLA/resoluciones/AUTOS%202006/AUTOS%202006%20201-300/00000273.tif HTTP/1.1" 200 51822
180.76.15.32 - - [11/Aug/2015:01:21:48 -0500] "GET / HTTP/1.1" 200 129282
190.156.67.49 - - [11/Aug/2015:01:22:29 -0500] "GET /BLA/boletinlegal/js/jquery.scrollShow.js HTTP/1.1" 200 4586
190.156.67.49 - - [11/Aug/2015:01:22:29 -0500] "GET /galeria/galeria/jquery.fancybox.js?v=2.1.5 HTTP/1.1" 200 48706
190.156.67.49 - - [11/Aug/2015:01:22:29 -0500] "GET /galeria/galeria/jquery.fancybox.css?v=2.1.5 HTTP/1.1" 200 4895
66.249.64.29 - - [11/Aug/2015:01:22:31 -0500] "GET /wp-content/gallery/bogota/dynamic/Bogot%C3%A14.jpg-nggid03113-ngg0dyn-240x160x100-00f0w010c011r110f110r010t010.jpg HTTP/1.1" 404 27437
66.249.64.96 - - [11/Aug/2015:01:22:40 -0500] "GET /BLA/resoluciones/AUTOS%202014/6620.pdf HTTP/1.1" 200 468295
190.157.153.111 - - [11/Aug/2015:01:22:44 -0500] "GET /forest/skins/gdocs-jar/popup/escritorio/subirborrador.jsp?form=Correspondencia_Elaborar_Borrador&codTpl=641&codBorr=&a=0.08547250600531697 HTTP/1.1" 200 23286
190.157.153.111 - - [11/Aug/2015:01:22:45 -0500] "GET /forest/json.do?query=borradoresByTpls&codInst=3234938&codTare=692&firma=0&a=0.09908258100040257 HTTP/1.1" 200 2
190.157.153.111 - - [11/Aug/2015:01:22:45 -0500] "GET /forest/json.do?query=plantillasByTarea&codTare=692&codInst=3234938&firma=0&a=0.35149524360895157 HTTP/1.1" 200 904
190.157.153.111 - - [11/Aug/2015:01:22:45 -0500] "GET /forest/json.do?query=terceroById&numTer=899999061-9%20SDA&a=0.3235543589107692 HTTP/1.1" 200 672
190.157.153.111 - - [11/Aug/2015:01:22:45 -0500] "GET /forest/json.do?query=ultimoBorradorByTpl&codTpl=621&codInst=3234938&a=0.6556602171622217 HTTP/1.1" 200 2
190.157.153.111 - - [11/Aug/2015:01:22:45 -0500] "GET /forest/json.do?query=ultimoBorradorByTpl&codTpl=1201&codInst=3234938&a=0.5469844478648156 HTTP/1.1" 200 2
190.157.153.111 - - [11/Aug/2015:01:22:45 -0500] "GET /forest/json.do?query=ultimoBorradorByTpl&codTpl=641&codInst=3234938&a=0.26244392711669207 HTTP/1.1" 200 2
190.157.153.111 - - [11/Aug/2015:01:22:45 -0500] "GET /forest/json.do?query=ultimoBorradorByTpl&codTpl=901&codInst=3234938&a=0.8700026588048786 HTTP/1.1" 200 2
190.157.153.111 - - [11/Aug/2015:01:22:45 -0500] "GET /forest/json.do?query=ultimoBorradorByTpl&codTpl=501&codInst=3234938&a=0.08415420143865049 HTTP/1.1" 200 2
190.157.153.111 - - [11/Aug/2015:01:22:45 -0500] "GET /forest/json.do?query=ultimoBorradorByTpl&codTpl=1301&codInst=3234938&a=0.5039190610405058 HTTP/1.1" 200 2
190.84.185.167 - - [11/Aug/2015:01:22:51 -0500] "POST /forms/lservlet;jsessionid=ac16012b30d6fda8980680074abd9e82f43aaf4e94f2.e3iSbxaKaheRe38Ka34Oa3eLbxf0n6jAmljGr5XDqQLvpAe HTTP/1.1" 200 2
188.165.15.183 - - [11/Aug/2015:01:23:11 -0500] "GET /BLA/resoluciones/RESOLUCIONES%202006/RES%202006%20251-300/00000278.tif HTTP/1.1" 200 129016
190.157.153.111 - - [11/Aug/2015:01:23:18 -0500] "POST /forest/usutareas.do?group_system_actual=3 HTTP/1.1" 200 199
190.157.153.111 - - [11/Aug/2015:01:23:20 -0500] "GET /forest/usutareas.do?group_system_actual=3&a=0.45284526119939983 HTTP/1.1" 200 121014
190.157.153.111 - - [11/Aug/2015:01:21:12 -0500] "GET /ForestMSG_SDA/channelAsync/template_word_18883712?X-Atmosphere-tracking-id=033fc06a-aa70-110f-9d56-23a59a2f2400&X-Atmosphere-Framework=1.0.5&X-Atmosphere-Transport=long-polling&tabid=0.4734212539624423&X-Cache-Date=0&Content-Type=application/xml&_=1439274240804 HTTP/1.1" 200 8193
190.157.153.111 - - [11/Aug/2015:01:23:21 -0500] "GET /forest/session.jsp?a=0.4020940123591572 HTTP/1.1" 200 4
190.157.153.111 - - [11/Aug/2015:01:23:41 -0500] "GET /forest/usudocumentos.do?_a=0.8228277410380542&group_system_actual=3 HTTP/1.1" 200 37637
190.157.153.111 - - [11/Aug/2015:01:23:46 -0500] "GET /forest/session.jsp?a=0.6956426750402898 HTTP/1.1" 200 4
190.157.153.111 - - [11/Aug/2015:01:24:02 -0500] "GET /forest/skins/gdocs-jar/popup/escritorio/asociardoc.jsp?numpro=3188313&a=0.390326714143157 HTTP/1.1" 200 4987
190.157.153.111 - - [11/Aug/2015:01:24:13 -0500] "GET /forest/json.do?query=documento&numrad=2010ER68785&a=0.6578105406370014 HTTP/1.1" 200 1509
190.157.153.111 - - [11/Aug/2015:01:24:14 -0500] "GET /forest/skins/gdocs-jar/img/icons/PDF.gif HTTP/1.1" 404 185
74.86.158.107 - - [11/Aug/2015:01:24:31 -0500] "HEAD / HTTP/1.1" 200 -
190.84.185.167 - - [11/Aug/2015:01:24:51 -0500] "POST /forms/lservlet;jsessionid=ac16012b30d6fda8980680074abd9e82f43aaf4e94f2.e3iSbxaKaheRe38Ka34Oa3eLbxf0n6jAmljGr5XDqQLvpAe HTTP/1.1" 200 2
202.179.189.229 - - [11/Aug/2015:01:24:40 -0500] "POST /xmlrpc.php HTTP/1.1" 200 415
190.157.153.111 - - [11/Aug/2015:01:25:04 -0500] "GET /forest/json.do?query=documento&numrad=2011ER100851&a=0.3567155348137021 HTTP/1.1" 200 861
190.157.153.111 - - [11/Aug/2015:01:25:27 -0500] "GET /forest/json.do?query=documento&numrad=2011ER103897&a=0.5669384552165866 HTTP/1.1" 200 427
66.249.64.106 - - [11/Aug/2015:01:25:41 -0500] "GET /BLA/resoluciones/RESOLUCIONES%202013/2070.pdf HTTP/1.1" 304 -
66.249.64.106 - - [11/Aug/2015:01:25:44 -0500] "GET /BLA/resoluciones/AUTOS%202014/1807.pdf HTTP/1.1" 200 412661
190.157.153.111 - - [11/Aug/2015:01:25:52 -0500] "GET /forest/json.do?query=documento&numrad=2014IE183898&a=0.756765796104446 HTTP/1.1" 200 402
201.245.192.253 - - [11/Aug/2015:01:26:08 -0500] "GET /forest/session.jsp?a=0.5711492134733431 HTTP/1.1" 200 4
190.157.153.111 - - [11/Aug/2015:01:26:19 -0500] "GET /forest/json.do?query=documento&numrad=2013IE038887&a=0.5323470388539135 HTTP/1.1" 200 753
188.165.15.183 - - [11/Aug/2015:01:26:23 -0500] "GET /BLA/resoluciones/RESOLUCIONES%202002/RES%202002%20801-850/00000802.tif HTTP/1.1" 200 85264
190.157.153.111 - - [11/Aug/2015:01:26:41 -0500] "POST /forest/usudocumentos.do?group_system_actual=3 HTTP/1.1" 200 227
201.245.192.253 - - [11/Aug/2015:01:26:45 -0500] "GET /forest/session.jsp?a=0.15122887329050327 HTTP/1.1" 200 4
190.157.153.111 - - [11/Aug/2015:01:26:44 -0500] "GET /forest/usudocumentos.do?group_system_actual=3&a=0.1789304194971919 HTTP/1.1" 200 126692
190.157.153.111 - - [11/Aug/2015:01:26:49 -0500] "GET /forest/session.jsp?a=0.33313740720041096 HTTP/1.1" 200 4
190.84.185.167 - - [11/Aug/2015:01:26:51 -0500] "POST /forms/lservlet;jsessionid=ac16012b30d6fda8980680074abd9e82f43aaf4e94f2.e3iSbxaKaheRe38Ka34Oa3eLbxf0n6jAmljGr5XDqQLvpAe HTTP/1.1" 200 2
190.157.153.111 - - [11/Aug/2015:01:23:21 -0500] "GET /ForestMSG_SDA/channelAsync/template_word_18883712?X-Atmosphere-tracking-id=58750a5b-6d70-a8f9-cf19-013a9be6e12a&X-Atmosphere-Framework=1.0.5&X-Atmosphere-Transport=long-polling&tabid=0.14317142870277166&X-Cache-Date=0&Content-Type=application/xml&_=1439274370315 HTTP/1.1" 200 8193
190.157.153.111 - - [11/Aug/2015:01:26:54 -0500] "GET /forest/usutareas.do?_a=0.5489853131584823&group_system_actual=3 HTTP/1.1" 200 131708
190.157.153.111 - - [11/Aug/2015:01:26:55 -0500] "GET /forest/session.jsp?a=0.20245291432365775 HTTP/1.1" 200 4
190.157.153.111 - - [11/Aug/2015:01:27:03 -0500] "POST /forest/usutareas.do? HTTP/1.1" 200 76
190.157.153.111 - - [11/Aug/2015:01:27:05 -0500] "GET /forest/usutareas.do?group_system_actual=3&a=0.03071549185551703 HTTP/1.1" 200 19599
190.157.153.111 - - [11/Aug/2015:01:27:06 -0500] "GET /forest/session.jsp?a=0.8717262046411633 HTTP/1.1" 200 4
190.157.153.111 - - [11/Aug/2015:01:27:09 -0500] "GET /forest/skins/gdocs-jar/popup/popup.jsp?width=1100&height=500&title=Buscar%20procesos&uri=/forest/buscar.do%3Ftype%3Dprocesos&name=undefined&_a=0.10324719198979437&a=0.6744636965449899 HTTP/1.1" 200 1296
190.157.153.111 - - [11/Aug/2015:01:27:09 -0500] "GET /forest/buscar.do?type=procesos HTTP/1.1" 200 85061
190.157.153.111 - - [11/Aug/2015:01:27:10 -0500] "GET /forest/json.do?query=usersByDep&coddep=2013 HTTP/1.1" 200 8446
190.157.153.111 - - [11/Aug/2015:01:27:10 -0500] "GET /forest/json.do?query=versionListadas HTTP/1.1" 200 15
190.157.153.111 - - [11/Aug/2015:01:27:10 -0500] "GET /forest/json.do?query=usersByDep&coddep=2013 HTTP/1.1" 200 8446
190.157.153.111 - - [11/Aug/2015:01:27:10 -0500] "GET /forest/json.do?query=procesIniciales HTTP/1.1" 200 11405
190.157.153.111 - - [11/Aug/2015:01:27:10 -0500] "GET /forest/json.do?query=bpmnIniciales HTTP/1.1" 200 1334
190.157.153.111 - - [11/Aug/2015:01:27:40 -0500] "POST /forest/buscar.do? HTTP/1.1" 200 5372
190.157.153.111 - - [11/Aug/2015:01:27:44 -0500] "GET /forest/usutareas.do?group_system_actual=3&codAct=1479&numPro=2940808&codPro=134&fecTra=2015-07-01%2008:33:56.564&codInst=2973447&codTraEsc=18524345 HTTP/1.1" 200 123703
190.157.153.111 - - [11/Aug/2015:01:27:44 -0500] "GET /forest/session.jsp?a=0.7684169539716095 HTTP/1.1" 200 4
190.157.153.111 - - [11/Aug/2015:01:27:44 -0500] "GET /forest/actions/forms.getMappedValues?id=id_Numeracion325&value=1414094349784&codForm=ImpresionDocumentos&a=0.2993723244871944 HTTP/1.1" 200 127
190.157.153.111 - - [11/Aug/2015:01:27:54 -0500] "POST /forest/usutareas.do? HTTP/1.1" 200 123
190.157.153.111 - - [11/Aug/2015:01:27:57 -0500] "GET /forest/usutareas.do?group_system_actual=3&a=0.7115520583465695 HTTP/1.1" 200 19599
190.157.153.111 - - [11/Aug/2015:01:27:57 -0500] "GET /forest/session.jsp?a=0.10265144775621593 HTTP/1.1" 200 4
188.165.15.183 - - [11/Aug/2015:01:27:59 -0500] "GET /BLA/resoluciones/index.php?dir=RESOLUCIONES%202015/&sort=size&order=desc HTTP/1.1" 200 14984
190.157.153.111 - - [11/Aug/2015:01:28:21 -0500] "GET /forest/skins/gdocs-jar/popup/popup.jsp?width=1100&height=500&title=Buscar%20procesos&uri=/forest/buscar.do%3Ftype%3Dprocesos&name=undefined&_a=0.7572850752621889&a=0.7585502434521914 HTTP/1.1" 200 1296
190.157.153.111 - - [11/Aug/2015:01:28:21 -0500] "GET /forest/buscar.do?type=procesos HTTP/1.1" 200 18159
190.157.153.111 - - [11/Aug/2015:01:28:21 -0500] "GET /forest/buscar.do?type=procesos HTTP/1.1" 200 85061
190.157.153.111 - - [11/Aug/2015:01:28:22 -0500] "GET /forest/json.do?query=usersByDep&coddep=2013 HTTP/1.1" 200 8446
190.157.153.111 - - [11/Aug/2015:01:28:22 -0500] "GET /forest/json.do?query=versionListadas HTTP/1.1" 200 15
190.157.153.111 - - [11/Aug/2015:01:28:22 -0500] "GET /forest/json.do?query=usersByDep&coddep=2013 HTTP/1.1" 200 8446
190.157.153.111 - - [11/Aug/2015:01:28:22 -0500] "GET /forest/json.do?query=procesIniciales HTTP/1.1" 200 11405
190.157.153.111 - - [11/Aug/2015:01:28:22 -0500] "GET /forest/json.do?query=bpmnIniciales HTTP/1.1" 200 1334
190.157.153.111 - - [11/Aug/2015:01:28:31 -0500] "POST /forest/buscar.do? HTTP/1.1" 200 5367
190.157.153.111 - - [11/Aug/2015:01:28:33 -0500] "GET /forest/usutareas.do?group_system_actual=3&codAct=879&numPro=3184190&codPro=90&fecTra=2015-08-04%2016:03:37.0&codInst=3230566&codTraEsc=18850074 HTTP/1.1" 200 97954
190.157.153.111 - - [11/Aug/2015:01:28:34 -0500] "GET /forest/session.jsp?a=0.8604115510825068 HTTP/1.1" 200 4
190.157.153.111 - - [11/Aug/2015:01:28:34 -0500] "GET /forest/actions/forms.getItemList?codForm=PRESTAMO_EXPEDIENTE&id=Funcionario4&value=EDWARD.GUEVARA&a=0.023033407283946872 HTTP/1.1" 200 65
190.157.153.111 - - [11/Aug/2015:01:28:36 -0500] "GET /forest/skins/gdocs-jar/popup/escritorio/reasignar.jsp?codTraEsc=18850074&a=0.38671169709414244 HTTP/1.1" 200 3744
66.249.64.253 - - [11/Aug/2015:01:28:42 -0500] "GET /BLA/boletinlegal/styles2.css HTTP/1.1" 200 1838
66.249.64.243 - - [11/Aug/2015:01:28:47 -0500] "GET /BLA/boletinlegal/jurisprudencia/analisis/CUADRO%20ANALISIS%20SENTENCIA%20T-411%20DE%201992.doc HTTP/1.1" 200 41984
190.84.185.167 - - [11/Aug/2015:01:28:51 -0500] "POST /forms/lservlet;jsessionid=ac16012b30d6fda8980680074abd9e82f43aaf4e94f2.e3iSbxaKaheRe38Ka34Oa3eLbxf0n6jAmljGr5XDqQLvpAe HTTP/1.1" 200 2
93.78.4.182 - - [11/Aug/2015:01:29:07 -0500] "GET / HTTP/1.1" 200 10190
95.56.120.36 - - [11/Aug/2015:01:29:11 -0500] "GET /robots.txt HTTP/1.1" 404 1015
95.56.120.36 - - [11/Aug/2015:01:29:12 -0500] "GET /wp-login.php HTTP/1.1" 404 1015
95.56.120.36 - - [11/Aug/2015:01:29:12 -0500] "GET /wp-login/ HTTP/1.1" 404 1015
95.56.120.36 - - [11/Aug/2015:01:29:13 -0500] "GET /wordpress/wp-login.php HTTP/1.1" 404 1015
95.56.120.36 - - [11/Aug/2015:01:29:14 -0500] "GET /wp-admin/wp-login.php HTTP/1.1" 404 1015
95.56.120.36 - - [11/Aug/2015:01:29:14 -0500] "GET /section/wp-login.php HTTP/1.1" 404 1015
95.56.120.36 - - [11/Aug/2015:01:29:15 -0500] "GET /cms/wp-login.php HTTP/1.1" 404 1015
95.56.120.36 - - [11/Aug/2015:01:29:16 -0500] "GET /site/wp-login.php HTTP/1.1" 404 1015
95.56.120.36 - - [11/Aug/2015:01:29:16 -0500] "GET /blog/wp-login.php HTTP/1.1" 404 1015
95.56.120.36 - - [11/Aug/2015:01:29:17 -0500] "GET /admin/wp-login.php HTTP/1.1" 404 1015
95.56.120.36 - - [11/Aug/2015:01:29:18 -0500] "GET /wp/wp-login.php HTTP/1.1" 404 1015
83.239.81.158 - - [11/Aug/2015:01:29:24 -0500] "GET /robots.txt HTTP/1.1" 404 1019
83.239.81.158 - - [11/Aug/2015:01:29:25 -0500] "GET /wp-login.php HTTP/1.1" 404 1019
83.239.81.158 - - [11/Aug/2015:01:29:25 -0500] "GET /wp-login/ HTTP/1.1" 404 1019
83.239.81.158 - - [11/Aug/2015:01:29:25 -0500] "GET /wordpress/wp-login.php HTTP/1.1" 404 1019
83.239.81.158 - - [11/Aug/2015:01:29:26 -0500] "GET /wp-admin/wp-login.php HTTP/1.1" 404 1019
83.239.81.158 - - [11/Aug/2015:01:29:26 -0500] "GET /section/wp-login.php HTTP/1.1" 404 1019
83.239.81.158 - - [11/Aug/2015:01:29:27 -0500] "GET /cms/wp-login.php HTTP/1.1" 404 1019
66.249.64.101 - - [11/Aug/2015:01:29:27 -0500] "GET /BLA/resoluciones/RESOLUCIONES%202009/7119.pdf HTTP/1.1" 200 496473
83.239.81.158 - - [11/Aug/2015:01:29:27 -0500] "GET /site/wp-login.php HTTP/1.1" 404 1019
83.239.81.158 - - [11/Aug/2015:01:29:28 -0500] "GET /blog/wp-login.php HTTP/1.1" 404 1019
190.157.153.111 - - [11/Aug/2015:01:29:28 -0500] "POST /forest/usutareas.do?group_system_actual=3 HTTP/1.1" 200 156
83.239.81.158 - - [11/Aug/2015:01:29:28 -0500] "GET /admin/wp-login.php HTTP/1.1" 404 1019
83.239.81.158 - - [11/Aug/2015:01:29:29 -0500] "GET /wp/wp-login.php HTTP/1.1" 404 1019
190.157.153.111 - - [11/Aug/2015:01:29:30 -0500] "GET /forest/usutareas.do?group_system_actual=3&a=0.2702866948675364 HTTP/1.1" 200 19599
190.157.153.111 - - [11/Aug/2015:01:29:30 -0500] "GET /forest/session.jsp?a=0.2635423014871776 HTTP/1.1" 200 4
74.86.158.107 - - [11/Aug/2015:01:29:31 -0500] "HEAD / HTTP/1.1" 200 -
188.165.15.183 - - [11/Aug/2015:01:30:14 -0500] "GET /BLA/resoluciones/RESOLUCIONES%202005/RES%202005%201851-1900/00001851.tif HTTP/1.1" 200 143624
66.249.64.101 - - [11/Aug/2015:01:30:41 -0500] "GET /BLA/resoluciones/AUTOS%202010/0531.pdf HTTP/1.1" 304 -
190.84.185.167 - - [11/Aug/2015:01:30:52 -0500] "POST /forms/lservlet;jsessionid=ac16012b30d6fda8980680074abd9e82f43aaf4e94f2.e3iSbxaKaheRe38Ka34Oa3eLbxf0n6jAmljGr5XDqQLvpAe HTTP/1.1" 200 2
66.249.64.29 - - [11/Aug/2015:01:30:45 -0500] "GET /conferencistas/ HTTP/1.1" 200 51153
188.165.15.183 - - [11/Aug/2015:01:31:08 -0500] "GET /BLA/resoluciones/RESOLUCIONES%202003/RES%202003%20451-500/497.tif HTTP/1.1" 200 117884
201.245.192.253 - - [11/Aug/2015:01:31:08 -0500] "GET /forest/session.jsp?a=0.7100399377452478 HTTP/1.1" 200 4
66.249.64.106 - - [11/Aug/2015:01:31:36 -0500] "GET /autoliquidacion/TR%C3%81MITES%20VERTIMIENTOS/PERMISOS%20DE%20VERTIMIENTOS/ANEXO%20%205.%20%20MATRIZ%20PAR%C3%81METRSO%20ACTIVDADES%20PRODUCTIVAS.xls HTTP/1.1" 304 -
188.165.15.183 - - [11/Aug/2015:01:31:37 -0500] "GET /autoliquidacion/index.php?dir=TR%C1MITES+AGUAS+SUBTERR%C1NEAS%2F126PM04-PR91-CONCESI%D2N+DE+AGUAS+SUBTERRANEAS%2F HTTP/1.1" 200 2916
201.245.192.253 - - [11/Aug/2015:01:31:45 -0500] "GET /forest/session.jsp?a=0.34685531243179013 HTTP/1.1" 200 4
66.249.64.96 - - [11/Aug/2015:01:31:51 -0500] "GET /BLA/resoluciones/AUTOS%202013/0953.pdf HTTP/1.1" 200 485939
190.84.185.167 - - [11/Aug/2015:01:32:52 -0500] "POST /forms/lservlet;jsessionid=ac16012b30d6fda8980680074abd9e82f43aaf4e94f2.e3iSbxaKaheRe38Ka34Oa3eLbxf0n6jAmljGr5XDqQLvpAe HTTP/1.1" 200 2
190.157.153.111 - - [11/Aug/2015:01:26:55 -0500] "GET /ForestMSG_SDA/channelAsync/template_word_18883712?X-Atmosphere-tracking-id=eedbc5ed-1b8c-549c-0a9c-4e4f42dd3e81&X-Atmosphere-Framework=1.0.5&X-Atmosphere-Transport=long-polling&tabid=0.9346573965158314&X-Cache-Date=0&Content-Type=application/xml&_=1439274584283 HTTP/1.1" 200 8193
74.86.158.107 - - [11/Aug/2015:01:34:31 -0500] "HEAD / HTTP/1.1" 200 -
190.84.185.167 - - [11/Aug/2015:01:34:52 -0500] "POST /forms/lservlet;jsessionid=ac16012b30d6fda8980680074abd9e82f43aaf4e94f2.e3iSbxaKaheRe38Ka34Oa3eLbxf0n6jAmljGr5XDqQLvpAe HTTP/1.1" 200 2
66.249.64.101 - - [11/Aug/2015:01:34:53 -0500] "GET /BLA/resoluciones/AUTOS%202013/0196.pdf HTTP/1.1" 200 3055501
181.61.9.19 - - [11/Aug/2015:01:35:36 -0500] "GET /galeria/galeria/jquery.fancybox.css?v=2.1.5 HTTP/1.1" 200 4895
201.245.192.253 - - [11/Aug/2015:01:36:09 -0500] "GET /forest/session.jsp?a=0.34172765260557236 HTTP/1.1" 200 4
66.249.64.96 - - [11/Aug/2015:01:36:11 -0500] "GET /BLA/resoluciones/RESOLUCIONES%202013/1138.pdf HTTP/1.1" 304 -
66.249.64.96 - - [11/Aug/2015:01:36:11 -0500] "GET /BLA/resoluciones/RESOLUCIONES%202012/0288.pdf HTTP/1.1" 304 -
201.245.192.253 - - [11/Aug/2015:01:36:45 -0500] "GET /forest/session.jsp?a=0.143939692564926 HTTP/1.1" 200 4
186.155.145.11 - - [11/Aug/2015:01:36:46 -0500] "GET /BLA/circulares/6.pdf HTTP/1.1" 200 4657752
186.155.145.11 - - [11/Aug/2015:01:36:46 -0500] "GET /favicon.ico HTTP/1.1" 200 7782
186.155.145.11 - - [11/Aug/2015:01:36:47 -0500] "GET /BLA/circulares/6.pdf HTTP/1.1" 206 32768
186.155.145.11 - - [11/Aug/2015:01:36:48 -0500] "GET /BLA/circulares/6.pdf HTTP/1.1" 206 4624984
190.84.185.167 - - [11/Aug/2015:01:36:52 -0500] "POST /forms/lservlet;jsessionid=ac16012b30d6fda8980680074abd9e82f43aaf4e94f2.e3iSbxaKaheRe38Ka34Oa3eLbxf0n6jAmljGr5XDqQLvpAe HTTP/1.1" 200 2
66.249.64.96 - - [11/Aug/2015:01:37:19 -0500] "GET /BLA/resoluciones/RESOLUCIONES%202007/RES%202007%201401%20AL%201500/RESOLUCION%201410%20DE%202007.pdf HTTP/1.1" 304 -
66.249.64.96 - - [11/Aug/2015:01:37:57 -0500] "GET /BLA/resoluciones/RESOLUCIONES%202007/RES%202007%202001%20AL%202100/RESOLUCION%202013%20DE%202007.pdf HTTP/1.1" 200 819253
188.165.15.183 - - [11/Aug/2015:01:38:32 -0500] "GET /BLA/resoluciones/RESOLUCIONES%202004/RES%202004%201701-1750/00001720.tif HTTP/1.1" 200 211288
188.165.15.183 - - [11/Aug/2015:01:38:41 -0500] "GET /BLA/resoluciones/RESOLUCIONES%202004/RES%202004%201451-1500/00001482.tif HTTP/1.1" 200 114518
190.84.185.167 - - [11/Aug/2015:01:38:52 -0500] "POST /forms/lservlet;jsessionid=ac16012b30d6fda8980680074abd9e82f43aaf4e94f2.e3iSbxaKaheRe38Ka34Oa3eLbxf0n6jAmljGr5XDqQLvpAe HTTP/1.1" 200 2
74.86.158.107 - - [11/Aug/2015:01:39:31 -0500] "HEAD / HTTP/1.1" 200 -
188.165.15.183 - - [11/Aug/2015:01:39:46 -0500] "GET /BLA/resoluciones/AUTOS%202006/AUTOS%202006%202401%20-%202500/00002441.tif HTTP/1.1" 200 57140
190.84.185.167 - - [11/Aug/2015:01:40:52 -0500] "POST /forms/lservlet;jsessionid=ac16012b30d6fda8980680074abd9e82f43aaf4e94f2.e3iSbxaKaheRe38Ka34Oa3eLbxf0n6jAmljGr5XDqQLvpAe HTTP/1.1" 200 2
66.249.64.106 - - [11/Aug/2015:01:41:01 -0500] "GET /BLA/resoluciones/AUTOS%202013/0441.pdf HTTP/1.1" 200 2049761
201.245.192.253 - - [11/Aug/2015:01:41:09 -0500] "GET /forest/session.jsp?a=0.17922710153080468 HTTP/1.1" 200 4
180.76.15.134 - - [11/Aug/2015:01:41:30 -0500] "GET /wp-content/themes/patti/css/extend-composer.css?ver=4.2.2 HTTP/1.1" 200 22872
66.249.64.96 - - [11/Aug/2015:01:41:42 -0500] "GET /BLA/resoluciones/AUTOS%202013/0494.pdf HTTP/1.1" 304 -
66.249.64.101 - - [11/Aug/2015:01:41:44 -0500] "GET /BLA/resoluciones/RESOLUCIONES%202007/RES%202007%20301%20AL%20400/RESOLUCION%200342%20DE%202007.pdf HTTP/1.1" 304 -
201.245.192.253 - - [11/Aug/2015:01:41:45 -0500] "GET /forest/session.jsp?a=0.2894168699464911 HTTP/1.1" 200 4
66.249.64.96 - - [11/Aug/2015:01:41:50 -0500] "GET /BLA/resoluciones/AUTOS%202013/0174.pdf HTTP/1.1" 304 -
