154.20.147.64 - - [11/Aug/2015:00:24:19 -0500] "GET /galeria/nivo-slider/demo/images/Banner-Caracol-Africano.jpg HTTP/1.1" 200 331986
154.20.147.64 - - [11/Aug/2015:00:24:19 -0500] "GET /galeria/nivo-slider/demo/images/4Simple_Slider.png HTTP/1.1" 200 11722
154.20.147.64 - - [11/Aug/2015:00:24:19 -0500] "GET /galeria/nivo-slider/themes/default/loading.gif HTTP/1.1" 200 1737
154.20.147.64 - - [11/Aug/2015:00:24:21 -0500] "GET /galeria/nivo-slider/themes/default/arrows.png HTTP/1.1" 200 824
154.20.147.64 - - [11/Aug/2015:00:24:21 -0500] "GET /galeria/nivo-slider/themes/default/bullets.png HTTP/1.1" 200 1281
74.86.158.107 - - [11/Aug/2015:00:24:31 -0500] "HEAD / HTTP/1.1" 200 -
190.24.80.136 - - [11/Aug/2015:00:24:36 -0500] "GET /POT-2013/Cartografia/15_Sistema%20de%20Movilidad%20_Secciones%20Viales_Circuitos_movilida.pdf HTTP/1.1" 200 4830571
190.24.80.136 - - [11/Aug/2015:00:24:36 -0500] "GET /favicon.ico HTTP/1.1" 200 7782
190.24.80.136 - - [11/Aug/2015:00:24:37 -0500] "GET /POT-2013/Cartografia/15_Sistema%20de%20Movilidad%20_Secciones%20Viales_Circuitos_movilida.pdf HTTP/1.1" 206 32768
190.24.80.136 - - [11/Aug/2015:00:24:37 -0500] "GET /POT-2013/Cartografia/15_Sistema%20de%20Movilidad%20_Secciones%20Viales_Circuitos_movilida.pdf HTTP/1.1" 206 4797803
186.29.87.153 - - [11/Aug/2015:00:25:12 -0500] "GET /galeria/galeria/jquery.fancybox.css?v=2.1.5 HTTP/1.1" 304 -
186.29.87.153 - - [11/Aug/2015:00:25:12 -0500] "GET /BLA/boletinlegal/js/jquery.scrollShow.js HTTP/1.1" 304 -
186.29.87.153 - - [11/Aug/2015:00:25:12 -0500] "GET /galeria/galeria/jquery.fancybox.js?v=2.1.5 HTTP/1.1" 304 -
190.84.185.167 - - [11/Aug/2015:00:25:14 -0500] "POST /forms/lservlet;jsessionid=ac16012b30d6fda8980680074abd9e82f43aaf4e94f2.e3iSbxaKaheRe38Ka34Oa3eLbxf0n6jAmljGr5XDqQLvpAe HTTP/1.1" 200 2
190.27.19.217 - - [11/Aug/2015:00:25:59 -0500] "GET /galeria/galeria/jquery.fancybox.css?v=2.1.5 HTTP/1.1" 200 4895
190.27.19.217 - - [11/Aug/2015:00:25:59 -0500] "GET /BLA/boletinlegal/js/jquery.scrollShow.js HTTP/1.1" 200 4586
190.27.19.217 - - [11/Aug/2015:00:25:59 -0500] "GET /galeria/galeria/jquery.fancybox.js?v=2.1.5 HTTP/1.1" 200 48706
186.31.36.255 - - [11/Aug/2015:00:26:05 -0500] "GET /BLA/resoluciones/RESOLUCIONES%202007/RES%202007%203301%20AL%203400/RESOLUCION%203386%20DE%202007.pdf HTTP/1.1" 200 1096241
201.245.192.253 - - [11/Aug/2015:00:26:08 -0500] "GET /forest/session.jsp?a=0.8158454641757934 HTTP/1.1" 200 4
181.138.255.71 - - [11/Aug/2015:00:26:16 -0500] "GET /galeria/galeria/jquery.fancybox.css?v=2.1.5 HTTP/1.1" 200 4895
181.138.255.71 - - [11/Aug/2015:00:26:16 -0500] "GET /BLA/boletinlegal/js/jquery.scrollShow.js HTTP/1.1" 200 4586
181.138.255.71 - - [11/Aug/2015:00:26:16 -0500] "GET /galeria/galeria/jquery.fancybox.js?v=2.1.5 HTTP/1.1" 200 48706
190.27.19.217 - - [11/Aug/2015:00:26:20 -0500] "GET /galeria/galeria/jquery.fancybox.css?v=2.1.5 HTTP/1.1" 304 -
190.27.19.217 - - [11/Aug/2015:00:26:20 -0500] "GET /galeria/galeria/jquery.fancybox.js?v=2.1.5 HTTP/1.1" 304 -
190.27.19.217 - - [11/Aug/2015:00:26:20 -0500] "GET /BLA/boletinlegal/js/jquery.scrollShow.js HTTP/1.1" 304 -
186.31.36.255 - - [11/Aug/2015:00:26:22 -0500] "GET /BLA/resoluciones/RESOLUCIONES%202012/1585.pdf HTTP/1.1" 200 3208530
186.31.36.255 - - [11/Aug/2015:00:26:22 -0500] "GET /BLA/resoluciones/RESOLUCIONES%202012/1542.pdf HTTP/1.1" 200 3320515
186.31.36.255 - - [11/Aug/2015:00:26:24 -0500] "GET /BLA/resoluciones/RESOLUCIONES%202012/1542.pdf HTTP/1.1" 206 32768
186.31.36.255 - - [11/Aug/2015:00:26:24 -0500] "GET /BLA/resoluciones/RESOLUCIONES%202012/1585.pdf HTTP/1.1" 206 32768
186.31.36.255 - - [11/Aug/2015:00:26:26 -0500] "GET /BLA/resoluciones/RESOLUCIONES%202012/1542.pdf HTTP/1.1" 206 3287747
186.31.36.255 - - [11/Aug/2015:00:26:26 -0500] "GET /BLA/resoluciones/RESOLUCIONES%202012/1585.pdf HTTP/1.1" 206 3175762
190.27.19.217 - - [11/Aug/2015:00:26:32 -0500] "GET /galeria/galeria/jquery.fancybox.css?v=2.1.5 HTTP/1.1" 304 -
190.27.19.217 - - [11/Aug/2015:00:26:32 -0500] "GET /BLA/boletinlegal/js/jquery.scrollShow.js HTTP/1.1" 304 -
190.27.19.217 - - [11/Aug/2015:00:26:33 -0500] "GET /galeria/galeria/jquery.fancybox.js?v=2.1.5 HTTP/1.1" 304 -
201.245.192.253 - - [11/Aug/2015:00:26:44 -0500] "GET /forest/session.jsp?a=0.31208818326440135 HTTP/1.1" 200 4
190.84.185.167 - - [11/Aug/2015:00:27:14 -0500] "POST /forms/lservlet;jsessionid=ac16012b30d6fda8980680074abd9e82f43aaf4e94f2.e3iSbxaKaheRe38Ka34Oa3eLbxf0n6jAmljGr5XDqQLvpAe HTTP/1.1" 200 2
152.61.128.66 - - [11/Aug/2015:00:27:32 -0500] "HEAD / HTTP/1.1" 200 -
152.61.128.66 - - [11/Aug/2015:00:27:32 -0500] "GET /arcgis/services/Calidad_del_Agua_WQI/MapServer/WMSServer?SERVICE=WMS&REQUEST=GetCapabilities HTTP/1.1" 200 32135
152.61.128.66 - - [11/Aug/2015:00:27:33 -0500] "GET /arcgis/services/Calidad_del_Agua_WQI/MapServer/WMSServer?SERVICE=WMS&REQUEST=GetCapabilities HTTP/1.0" 200 32135
152.61.128.66 - - [11/Aug/2015:00:27:34 -0500] "GET /arcgis/services/Calidad_del_Agua_WQI/MapServer/WMSServer?SERVICE=WMS&REQUEST=GetCapabilities HTTP/1.0" 200 32135
152.61.128.66 - - [11/Aug/2015:00:27:35 -0500] "GET /arcgis/services/Calidad_del_Agua_WQI/MapServer/WMSServer?SERVICE=WMS&REQUEST=GetCapabilities HTTP/1.0" 200 32135
152.61.128.66 - - [11/Aug/2015:00:27:36 -0500] "GET /arcgis/services/Calidad_del_Agua_WQI/MapServer/WMSServer?VERSION=1.1.1&REQUEST=GetMap&LAYERS=0&SRS=EPSG:4326&BBOX=-74.473395,3.674381,-73.963300,4.920569&WIDTH=250&HEIGHT=250&FORMAT=image/bmp&STYLES=& HTTP/1.1" 200 188054
66.249.64.101 - - [11/Aug/2015:00:27:42 -0500] "GET /BLA/resoluciones/RESOLUCIONES%202011/0233.pdf HTTP/1.1" 304 -
100.43.90.9 - - [11/Aug/2015:00:27:53 -0500] "GET /robots.txt HTTP/1.1" 404 1019
190.29.242.0 - - [11/Aug/2015:00:28:27 -0500] "GET /galeria/galeria/jquery.fancybox.css?v=2.1.5 HTTP/1.1" 200 4895
190.29.242.0 - - [11/Aug/2015:00:28:27 -0500] "GET /BLA/boletinlegal/js/jquery.scrollShow.js HTTP/1.1" 200 4586
190.29.242.0 - - [11/Aug/2015:00:28:27 -0500] "GET /galeria/galeria/jquery.fancybox.js?v=2.1.5 HTTP/1.1" 200 48706
190.29.242.0 - - [11/Aug/2015:00:28:33 -0500] "GET /galeria/galeria/jquery.fancybox.js?v=2.1.5 HTTP/1.1" 304 -
190.29.242.0 - - [11/Aug/2015:00:28:33 -0500] "GET /BLA/boletinlegal/js/jquery.scrollShow.js HTTP/1.1" 304 -
190.29.242.0 - - [11/Aug/2015:00:28:33 -0500] "GET /galeria/galeria/jquery.fancybox.css?v=2.1.5 HTTP/1.1" 304 -
66.249.64.101 - - [11/Aug/2015:00:28:38 -0500] "GET /BLA/resoluciones/AUTOS%202010/0531.pdf HTTP/1.1" 304 -
66.249.64.106 - - [11/Aug/2015:00:28:38 -0500] "GET /BLA/resoluciones/RESOLUCIONES%202010/4356.pdf HTTP/1.1" 304 -
66.249.64.106 - - [11/Aug/2015:00:28:39 -0500] "GET /sia/ HTTP/1.1" 304 -
190.157.153.111 - - [11/Aug/2015:00:28:50 -0500] "GET /forest/session.jsp?a=0.8161429748870432 HTTP/1.1" 200 4
66.249.64.96 - - [11/Aug/2015:00:28:55 -0500] "GET /BLA/resoluciones/RESOLUCIONES%202009/2101.pdf HTTP/1.1" 200 427340
190.84.185.167 - - [11/Aug/2015:00:29:14 -0500] "POST /forms/lservlet;jsessionid=ac16012b30d6fda8980680074abd9e82f43aaf4e94f2.e3iSbxaKaheRe38Ka34Oa3eLbxf0n6jAmljGr5XDqQLvpAe HTTP/1.1" 200 2
188.165.15.183 - - [11/Aug/2015:00:29:20 -0500] "GET /BLA/resoluciones/RESOLUCIONES%202004/RES%202004%202351-2401/00002354.tif HTTP/1.1" 200 200122
188.165.15.183 - - [11/Aug/2015:00:29:26 -0500] "GET /BLA/resoluciones/RESOLUCIONES%202006/RES%202006%202451-2500/00002486.tif HTTP/1.1" 200 236462
74.86.158.107 - - [11/Aug/2015:00:29:31 -0500] "HEAD / HTTP/1.1" 200 -
220.181.108.141 - - [11/Aug/2015:00:29:35 -0500] "GET / HTTP/1.1" 200 10190
190.42.17.102 - - [11/Aug/2015:00:29:41 -0500] "GET /BLA/boletinlegal/js/jquery.scrollShow.js HTTP/1.1" 200 4586
190.42.17.102 - - [11/Aug/2015:00:29:42 -0500] "GET /galeria/galeria/jquery.fancybox.js?v=2.1.5 HTTP/1.1" 200 48706
190.42.17.102 - - [11/Aug/2015:00:29:43 -0500] "GET /galeria/galeria/jquery.fancybox.css?v=2.1.5 HTTP/1.1" 200 4895
181.129.119.180 - - [11/Aug/2015:00:30:03 -0500] "GET /galeria/galeria/jquery.fancybox.css?v=2.1.5 HTTP/1.1" 200 4895
181.129.119.180 - - [11/Aug/2015:00:30:03 -0500] "GET /BLA/boletinlegal/js/jquery.scrollShow.js HTTP/1.1" 200 4586
181.129.119.180 - - [11/Aug/2015:00:30:03 -0500] "GET /galeria/galeria/jquery.fancybox.js?v=2.1.5 HTTP/1.1" 200 48706
181.129.119.180 - - [11/Aug/2015:00:30:11 -0500] "GET /galeria/galeria/jquery.fancybox.css?v=2.1.5 HTTP/1.1" 304 -
181.129.119.180 - - [11/Aug/2015:00:30:11 -0500] "GET /BLA/boletinlegal/js/jquery.scrollShow.js HTTP/1.1" 304 -
181.129.119.180 - - [11/Aug/2015:00:30:11 -0500] "GET /galeria/galeria/jquery.fancybox.js?v=2.1.5 HTTP/1.1" 304 -
180.76.15.157 - - [11/Aug/2015:00:30:34 -0500] "GET /StormSDA/storm/version.jar HTTP/1.1" 200 65042
186.154.45.190 - - [11/Aug/2015:00:30:44 -0500] "GET /galeria/galeria/jquery.fancybox.css?v=2.1.5 HTTP/1.1" 304 -
186.154.45.190 - - [11/Aug/2015:00:30:44 -0500] "GET /BLA/boletinlegal/js/jquery.scrollShow.js HTTP/1.1" 304 -
186.154.45.190 - - [11/Aug/2015:00:30:45 -0500] "GET /galeria/galeria/jquery.fancybox.js?v=2.1.5 HTTP/1.1" 304 -
190.66.112.109 - - [11/Aug/2015:00:30:46 -0500] "GET /galeria/galeria/jquery.fancybox.css?v=2.1.5 HTTP/1.1" 200 4895
190.66.112.109 - - [11/Aug/2015:00:30:46 -0500] "GET /BLA/boletinlegal/js/jquery.scrollShow.js HTTP/1.1" 200 4586
190.66.112.109 - - [11/Aug/2015:00:30:46 -0500] "GET /galeria/galeria/jquery.fancybox.js?v=2.1.5 HTTP/1.1" 200 48706
190.66.112.109 - - [11/Aug/2015:00:30:48 -0500] "GET /galeria/carrusel/Carrusel/jquery.thumbnailScroller.css HTTP/1.1" 200 2066
190.66.112.109 - - [11/Aug/2015:00:30:48 -0500] "GET /galeria/carrusel/Carrusel/jquery-ui-1.8.13.custom.min.js HTTP/1.1" 200 10800
190.66.112.109 - - [11/Aug/2015:00:30:48 -0500] "GET /galeria/carrusel/Carrusel/jquery.thumbnailScroller.js HTTP/1.1" 200 8157
190.66.112.109 - - [11/Aug/2015:00:30:55 -0500] "GET /galeria/nivo-slider/demo/demo.html HTTP/1.1" 200 5019
190.66.112.109 - - [11/Aug/2015:00:30:57 -0500] "GET /galeria/nivo-slider/themes/default/default.css HTTP/1.1" 200 1569
190.66.112.109 - - [11/Aug/2015:00:30:58 -0500] "GET /galeria/nivo-slider/themes/pascal/pascal.css HTTP/1.1" 200 2258
190.66.112.109 - - [11/Aug/2015:00:30:58 -0500] "GET /galeria/nivo-slider/themes/orman/orman.css HTTP/1.1" 200 2152
190.66.112.109 - - [11/Aug/2015:00:30:59 -0500] "GET /galeria/nivo-slider/nivo-slider.css HTTP/1.1" 200 1507
190.66.112.109 - - [11/Aug/2015:00:30:59 -0500] "GET /galeria/nivo-slider/demo/style.css HTTP/1.1" 200 2222
190.66.112.109 - - [11/Aug/2015:00:31:00 -0500] "GET /galeria/nivo-slider/demo/scripts/jquery-1.7.1.min.js HTTP/1.1" 200 93868
190.66.112.109 - - [11/Aug/2015:00:31:00 -0500] "GET /galeria/nivo-slider/jquery.nivo.slider.pack.js HTTP/1.1" 200 11561
190.66.112.109 - - [11/Aug/2015:00:31:03 -0500] "GET /galeria/nivo-slider/demo/images/rendicion-de-cuentas-7-agosto.jpg HTTP/1.1" 200 149701
190.66.112.109 - - [11/Aug/2015:00:31:08 -0500] "GET /galeria/nivo-slider/demo/images/4Simple_Slider.png HTTP/1.1" 200 11722
190.66.112.109 - - [11/Aug/2015:00:31:08 -0500] "GET /galeria/nivo-slider/themes/default/loading.gif HTTP/1.1" 200 1737
201.245.192.253 - - [11/Aug/2015:00:31:08 -0500] "GET /forest/session.jsp?a=0.5683443690040231 HTTP/1.1" 200 4
190.66.112.109 - - [11/Aug/2015:00:31:08 -0500] "GET /galeria/nivo-slider/demo/images/Banner-piel-natural.jpg HTTP/1.1" 200 160762
190.66.112.109 - - [11/Aug/2015:00:31:08 -0500] "GET /galeria/nivo-slider/demo/images/PREDAcamp.jpg HTTP/1.1" 200 295358
190.84.185.167 - - [11/Aug/2015:00:31:14 -0500] "POST /forms/lservlet;jsessionid=ac16012b30d6fda8980680074abd9e82f43aaf4e94f2.e3iSbxaKaheRe38Ka34Oa3eLbxf0n6jAmljGr5XDqQLvpAe HTTP/1.1" 200 2
190.66.112.109 - - [11/Aug/2015:00:31:20 -0500] "GET /galeria/nivo-slider/demo/images/Semana-PYBA.jpg HTTP/1.1" 200 147360
190.66.112.109 - - [11/Aug/2015:00:31:23 -0500] "GET /galeria/nivo-slider/demo/images/VoluntariadoPYBA.jpg HTTP/1.1" 200 40647
190.66.112.109 - - [11/Aug/2015:00:31:36 -0500] "GET /galeria/nivo-slider/demo/images/Cambio-Climatico-Paramos.jpg HTTP/1.1" 200 262430
190.66.112.109 - - [11/Aug/2015:00:31:39 -0500] "GET /galeria/nivo-slider/demo/images/banner-llantas2.jpg HTTP/1.1" 200 204644
190.66.112.109 - - [11/Aug/2015:00:31:41 -0500] "GET /galeria/nivo-slider/demo/images/9Signos.jpg HTTP/1.1" 200 81776
201.245.192.253 - - [11/Aug/2015:00:31:44 -0500] "GET /forest/session.jsp?a=0.3656970578515245 HTTP/1.1" 200 4
200.118.45.56 - - [11/Aug/2015:00:31:49 -0500] "GET /BLA/boletinlegal/js/jquery.scrollShow.js HTTP/1.1" 200 4586
200.118.45.56 - - [11/Aug/2015:00:31:49 -0500] "GET /galeria/galeria/jquery.fancybox.css?v=2.1.5 HTTP/1.1" 200 4895
200.118.45.56 - - [11/Aug/2015:00:31:49 -0500] "GET /galeria/carrusel/Carrusel/jquery.thumbnailScroller.css HTTP/1.1" 200 2066
200.118.45.56 - - [11/Aug/2015:00:31:49 -0500] "GET /galeria/galeria/jquery.fancybox.js?v=2.1.5 HTTP/1.1" 200 48706
200.118.45.56 - - [11/Aug/2015:00:31:49 -0500] "GET /galeria/carrusel/Carrusel/jquery-ui-1.8.13.custom.min.js HTTP/1.1" 200 10800
200.118.45.56 - - [11/Aug/2015:00:31:49 -0500] "GET /galeria/carrusel/Carrusel/jquery.thumbnailScroller.js HTTP/1.1" 200 8157
200.118.45.56 - - [11/Aug/2015:00:31:52 -0500] "GET /galeria/nivo-slider/demo/demo.html HTTP/1.1" 200 5019
200.118.45.56 - - [11/Aug/2015:00:31:57 -0500] "GET /galeria/nivo-slider/themes/default/default.css HTTP/1.1" 200 1569
200.118.45.56 - - [11/Aug/2015:00:31:57 -0500] "GET /galeria/nivo-slider/themes/pascal/pascal.css HTTP/1.1" 200 2258
200.118.45.56 - - [11/Aug/2015:00:31:57 -0500] "GET /galeria/nivo-slider/themes/orman/orman.css HTTP/1.1" 200 2152
200.118.45.56 - - [11/Aug/2015:00:31:57 -0500] "GET /galeria/nivo-slider/nivo-slider.css HTTP/1.1" 200 1507
200.118.45.56 - - [11/Aug/2015:00:31:57 -0500] "GET /galeria/nivo-slider/demo/style.css HTTP/1.1" 200 2222
200.118.45.56 - - [11/Aug/2015:00:31:57 -0500] "GET /galeria/nivo-slider/demo/images/rendicion-de-cuentas-7-agosto.jpg HTTP/1.1" 200 149701
200.118.45.56 - - [11/Aug/2015:00:31:57 -0500] "GET /galeria/nivo-slider/demo/scripts/jquery-1.7.1.min.js HTTP/1.1" 200 93868
200.118.45.56 - - [11/Aug/2015:00:31:57 -0500] "GET /galeria/nivo-slider/jquery.nivo.slider.pack.js HTTP/1.1" 200 11561
200.118.45.56 - - [11/Aug/2015:00:31:58 -0500] "GET /galeria/nivo-slider/demo/images/PREDAcamp.jpg HTTP/1.1" 200 295358
200.118.45.56 - - [11/Aug/2015:00:31:58 -0500] "GET /galeria/nivo-slider/demo/images/Banner-piel-natural.jpg HTTP/1.1" 200 160762
200.118.45.56 - - [11/Aug/2015:00:31:58 -0500] "GET /galeria/nivo-slider/demo/images/Semana-PYBA.jpg HTTP/1.1" 200 147360
200.118.45.56 - - [11/Aug/2015:00:31:59 -0500] "GET /galeria/nivo-slider/demo/images/VoluntariadoPYBA.jpg HTTP/1.1" 200 40647
200.118.45.56 - - [11/Aug/2015:00:32:00 -0500] "GET /galeria/nivo-slider/demo/images/4Simple_Slider.png HTTP/1.1" 200 11722
200.118.45.56 - - [11/Aug/2015:00:32:00 -0500] "GET /galeria/nivo-slider/themes/default/loading.gif HTTP/1.1" 200 1737
200.118.45.56 - - [11/Aug/2015:00:32:00 -0500] "GET /galeria/nivo-slider/demo/images/Cambio-Climatico-Paramos.jpg HTTP/1.1" 200 262430
200.118.45.56 - - [11/Aug/2015:00:32:00 -0500] "GET /galeria/nivo-slider/demo/images/Comparendo-ambiental-Banner.jpg HTTP/1.1" 200 83731
200.118.45.56 - - [11/Aug/2015:00:32:00 -0500] "GET /galeria/nivo-slider/demo/images/9Signos.jpg HTTP/1.1" 200 81776
200.118.45.56 - - [11/Aug/2015:00:32:00 -0500] "GET /galeria/nivo-slider/demo/images/GAE-banner.jpg HTTP/1.1" 200 97556
200.118.45.56 - - [11/Aug/2015:00:32:00 -0500] "GET /galeria/nivo-slider/demo/images/banner-llantas2.jpg HTTP/1.1" 200 204644
188.165.15.183 - - [11/Aug/2015:00:32:01 -0500] "GET /BLA/resoluciones/RESOLUCIONES%202004/RES%202004%202001-2050/00002043.tif HTTP/1.1" 200 151878
200.118.45.56 - - [11/Aug/2015:00:32:02 -0500] "GET /galeria/nivo-slider/demo/images/Banner-encuesta-de-percepscio.jpg HTTP/1.1" 200 201899
200.118.45.56 - - [11/Aug/2015:00:32:03 -0500] "GET /galeria/nivo-slider/demo/images/banner-Pacto-por-la-madera.jpg HTTP/1.1" 200 209966
200.118.45.56 - - [11/Aug/2015:00:32:03 -0500] "GET /galeria/nivo-slider/demo/images/acuerdo_569.jpg HTTP/1.1" 200 62670
200.118.45.56 - - [11/Aug/2015:00:32:03 -0500] "GET /galeria/nivo-slider/demo/images/Banner-Directorio.jpg HTTP/1.1" 200 182068
200.118.45.56 - - [11/Aug/2015:00:32:03 -0500] "GET /galeria/nivo-slider/demo/images/Ruta-vertimientos-01.jpg HTTP/1.1" 200 130151
200.118.45.56 - - [11/Aug/2015:00:32:03 -0500] "GET /galeria/nivo-slider/demo/images/bolsas-06.jpg HTTP/1.1" 200 90982
200.118.45.56 - - [11/Aug/2015:00:32:04 -0500] "GET /galeria/nivo-slider/demo/images/Conoce-los-humedales.jpg HTTP/1.1" 200 294036
200.118.45.56 - - [11/Aug/2015:00:32:04 -0500] "GET /galeria/nivo-slider/demo/images/ecolecta-Dic2014.png HTTP/1.1" 200 288593
200.118.45.56 - - [11/Aug/2015:00:32:05 -0500] "GET /galeria/nivo-slider/demo/images/Banner-Caracol-Africano.jpg HTTP/1.1" 200 331986
190.66.112.109 - - [11/Aug/2015:00:32:05 -0500] "GET /galeria/nivo-slider/demo/images/Comparendo-ambiental-Banner.jpg HTTP/1.1" 200 83731
190.66.112.109 - - [11/Aug/2015:00:32:06 -0500] "GET /galeria/nivo-slider/demo/images/GAE-banner.jpg HTTP/1.1" 200 97556
190.66.112.109 - - [11/Aug/2015:00:32:06 -0500] "GET /galeria/nivo-slider/demo/images/Banner-encuesta-de-percepscio.jpg HTTP/1.1" 200 201899
190.66.112.109 - - [11/Aug/2015:00:32:06 -0500] "GET /galeria/nivo-slider/demo/images/banner-Pacto-por-la-madera.jpg HTTP/1.1" 200 209966
190.66.112.109 - - [11/Aug/2015:00:32:07 -0500] "GET /galeria/nivo-slider/demo/images/acuerdo_569.jpg HTTP/1.1" 200 62670
200.118.45.56 - - [11/Aug/2015:00:32:07 -0500] "GET /galeria/nivo-slider/themes/default/bullets.png HTTP/1.1" 200 1281
190.66.112.109 - - [11/Aug/2015:00:32:19 -0500] "GET /galeria/nivo-slider/demo/images/Banner-Directorio.jpg HTTP/1.1" 200 182068
190.66.112.109 - - [11/Aug/2015:00:32:23 -0500] "GET /galeria/nivo-slider/demo/images/Ruta-vertimientos-01.jpg HTTP/1.1" 200 130151
190.66.112.109 - - [11/Aug/2015:00:32:27 -0500] "GET /galeria/nivo-slider/demo/images/bolsas-06.jpg HTTP/1.1" 200 90982
190.66.112.109 - - [11/Aug/2015:00:32:28 -0500] "GET /galeria/nivo-slider/demo/images/Conoce-los-humedales.jpg HTTP/1.1" 200 294036
190.66.112.109 - - [11/Aug/2015:00:32:35 -0500] "GET /galeria/nivo-slider/demo/images/ecolecta-Dic2014.png HTTP/1.1" 200 288593
190.66.112.109 - - [11/Aug/2015:00:32:36 -0500] "GET /galeria/nivo-slider/demo/images/Banner-Caracol-Africano.jpg HTTP/1.1" 200 331986
66.249.64.106 - - [11/Aug/2015:00:32:42 -0500] "GET /BLA/resoluciones/RESOLUCIONES%202009/6312.pdf HTTP/1.1" 304 -
66.249.64.96 - - [11/Aug/2015:00:32:43 -0500] "GET /autoliquidacion/TR%C3%81MITES%20VERTIMIENTOS/PERMISOS%20DE%20VERTIMIENTOS/ANEXO3.%20LISTA%20DE%20CHEQUEO%20PERMISO%20VERT.%20ALCANTARILLADO%20-%20F.xls HTTP/1.1" 304 -
188.165.15.183 - - [11/Aug/2015:00:32:54 -0500] "GET /BLA/resoluciones/RESOLUCIONES%202004/RES%202004%201551-1600/00001578.tif HTTP/1.1" 200 223978
190.66.112.109 - - [11/Aug/2015:00:32:56 -0500] "GET /galeria/nivo-slider/themes/default/arrows.png HTTP/1.1" 200 824
190.66.112.109 - - [11/Aug/2015:00:32:57 -0500] "GET /galeria/nivo-slider/themes/default/bullets.png HTTP/1.1" 200 1281
190.84.185.167 - - [11/Aug/2015:00:33:15 -0500] "POST /forms/lservlet;jsessionid=ac16012b30d6fda8980680074abd9e82f43aaf4e94f2.e3iSbxaKaheRe38Ka34Oa3eLbxf0n6jAmljGr5XDqQLvpAe HTTP/1.1" 200 2
186.28.185.48 - - [11/Aug/2015:00:33:40 -0500] "GET /BLA/resoluciones/RESOLUCIONES%202010/6810.pdf HTTP/1.1" 200 1502426
186.28.185.48 - - [11/Aug/2015:00:33:43 -0500] "GET /BLA/resoluciones/RESOLUCIONES%202010/6810.pdf HTTP/1.1" 200 1502426
66.249.64.106 - - [11/Aug/2015:00:33:45 -0500] "GET /BLA/resoluciones/RESOLUCIONES%202004/RES%202004%201551-1600/00001586.tif HTTP/1.1" 200 46124
66.249.64.96 - - [11/Aug/2015:00:33:56 -0500] "GET /BLA/resoluciones/RESOLUCIONES%202010/0411.pdf HTTP/1.1" 200 500957
181.133.68.61 - - [11/Aug/2015:00:33:59 -0500] "GET /BLA/boletinlegal/js/jquery.scrollShow.js HTTP/1.1" 200 4586
181.133.68.61 - - [11/Aug/2015:00:33:59 -0500] "GET /galeria/galeria/jquery.fancybox.css?v=2.1.5 HTTP/1.1" 200 4895
181.133.68.61 - - [11/Aug/2015:00:33:59 -0500] "GET /galeria/galeria/jquery.fancybox.js?v=2.1.5 HTTP/1.1" 200 48706
188.165.15.183 - - [11/Aug/2015:00:34:07 -0500] "GET /BLA/resoluciones/RESOLUCIONES%202006/RES%202006%20701-750/00000705.tif HTTP/1.1" 200 187976
181.133.68.61 - - [11/Aug/2015:00:34:14 -0500] "GET /galeria/galeria/jquery.fancybox.css?v=2.1.5 HTTP/1.1" 304 -
181.133.68.61 - - [11/Aug/2015:00:34:14 -0500] "GET /BLA/boletinlegal/js/jquery.scrollShow.js HTTP/1.1" 304 -
181.133.68.61 - - [11/Aug/2015:00:34:14 -0500] "GET /galeria/galeria/jquery.fancybox.js?v=2.1.5 HTTP/1.1" 304 -
74.86.158.107 - - [11/Aug/2015:00:34:31 -0500] "HEAD / HTTP/1.1" 200 -
181.138.255.71 - - [11/Aug/2015:00:35:01 -0500] "GET /galeria/galeria/jquery.fancybox.css?v=2.1.5 HTTP/1.1" 304 -
181.138.255.71 - - [11/Aug/2015:00:35:01 -0500] "GET /BLA/boletinlegal/js/jquery.scrollShow.js HTTP/1.1" 304 -
181.138.255.71 - - [11/Aug/2015:00:35:02 -0500] "GET /galeria/galeria/jquery.fancybox.js?v=2.1.5 HTTP/1.1" 304 -
188.165.15.183 - - [11/Aug/2015:00:35:07 -0500] "GET /BLA/resoluciones/RESOLUCIONES%202002/RES%202002%20801-850/00000822.tif HTTP/1.1" 200 429548
190.84.185.167 - - [11/Aug/2015:00:35:15 -0500] "POST /forms/lservlet;jsessionid=ac16012b30d6fda8980680074abd9e82f43aaf4e94f2.e3iSbxaKaheRe38Ka34Oa3eLbxf0n6jAmljGr5XDqQLvpAe HTTP/1.1" 200 2
201.245.192.253 - - [11/Aug/2015:00:36:08 -0500] "GET /forest/session.jsp?a=0.8710630850575468 HTTP/1.1" 200 4
66.249.64.29 - - [11/Aug/2015:00:36:16 -0500] "GET /wp-content/themes/patti/css/superfish.css?ver=4.2.2 HTTP/1.1" 200 1153
66.249.64.24 - - [11/Aug/2015:00:36:17 -0500] "GET /wp-content/themes/patti/css/prettyPhoto.css?ver=4.2.2 HTTP/1.1" 200 20154
66.249.64.29 - - [11/Aug/2015:00:36:17 -0500] "GET /wp-content/plugins/easy-logo-slider/css/jcarouselresponsive.css?ver=4.2.2 HTTP/1.1" 200 2010
66.249.64.29 - - [11/Aug/2015:00:36:18 -0500] "GET /wp-content/plugins/revslider/rs-plugin/css/settings.css?rev=4.6.0&ver=4.2.2 HTTP/1.1" 200 52798
66.249.64.29 - - [11/Aug/2015:00:36:18 -0500] "GET /wp-content/themes/patti/css/owl.carousel.css?ver=4.2.2 HTTP/1.1" 200 5931
190.254.138.122 - - [11/Aug/2015:00:36:19 -0500] "GET /BLA/boletinlegal/js/jquery.scrollShow.js HTTP/1.1" 200 4586
190.254.138.122 - - [11/Aug/2015:00:36:19 -0500] "GET /galeria/galeria/jquery.fancybox.js?v=2.1.5 HTTP/1.1" 200 48706
66.249.64.24 - - [11/Aug/2015:00:36:19 -0500] "GET /wp-content/themes/patti/css/audioplayer.css?ver=4.2.2 HTTP/1.1" 200 8884
66.249.64.19 - - [11/Aug/2015:00:36:20 -0500] "GET /wp-content/plugins/content-views-query-and-display-post-page/assets/bootstrap/css/bootstrap.min.css?ver=3.3.0 HTTP/1.1" 200 50487
66.249.64.19 - - [11/Aug/2015:00:36:20 -0500] "GET /wp-content/plugins/content-views-query-and-display-post-page/public/assets/css/public.css?ver=1.6.3.1 HTTP/1.1" 200 5199
190.254.138.122 - - [11/Aug/2015:00:36:20 -0500] "GET /galeria/galeria/jquery.fancybox.css?v=2.1.5 HTTP/1.1" 200 4895
66.249.64.24 - - [11/Aug/2015:00:36:21 -0500] "GET /wp-content/plugins/gallery-video/style/style2-os.css?ver=4.2.2 HTTP/1.1" 200 1814
190.254.138.122 - - [11/Aug/2015:00:36:29 -0500] "GET /galeria/galeria/jquery.fancybox.css?v=2.1.5 HTTP/1.1" 304 -
190.254.138.122 - - [11/Aug/2015:00:36:29 -0500] "GET /BLA/boletinlegal/js/jquery.scrollShow.js HTTP/1.1" 304 -
190.254.138.122 - - [11/Aug/2015:00:36:30 -0500] "GET /galeria/galeria/jquery.fancybox.js?v=2.1.5 HTTP/1.1" 304 -
201.245.192.253 - - [11/Aug/2015:00:36:44 -0500] "GET /forest/session.jsp?a=0.17870572406659446 HTTP/1.1" 200 4
190.66.112.109 - - [11/Aug/2015:00:36:46 -0500] "GET /galeria/galeria/jquery.fancybox.css?v=2.1.5 HTTP/1.1" 304 -
190.66.112.109 - - [11/Aug/2015:00:36:46 -0500] "GET /BLA/boletinlegal/js/jquery.scrollShow.js HTTP/1.1" 304 -
190.66.112.109 - - [11/Aug/2015:00:36:46 -0500] "GET /galeria/galeria/jquery.fancybox.js?v=2.1.5 HTTP/1.1" 304 -
190.84.185.167 - - [11/Aug/2015:00:37:15 -0500] "POST /forms/lservlet;jsessionid=ac16012b30d6fda8980680074abd9e82f43aaf4e94f2.e3iSbxaKaheRe38Ka34Oa3eLbxf0n6jAmljGr5XDqQLvpAe HTTP/1.1" 200 2
188.165.15.183 - - [11/Aug/2015:00:37:42 -0500] "GET /BLA/resoluciones/RESOLUCIONES%202003/RES%202003%20801-850/835.tif HTTP/1.1" 200 215204
66.249.64.96 - - [11/Aug/2015:00:37:42 -0500] "GET /BLA/resoluciones/RESOLUCIONES%202009/3957.pdf HTTP/1.1" 304 -
66.249.64.106 - - [11/Aug/2015:00:37:45 -0500] "GET /BLA/resoluciones/RESOLUCIONES%202014/3163.pdf HTTP/1.1" 304 -
188.165.15.183 - - [11/Aug/2015:00:37:48 -0500] "GET /BLA/resoluciones/RESOLUCIONES%202002/RES%202002%201801-1850/20021801.tif HTTP/1.1" 200 79800
188.165.15.183 - - [11/Aug/2015:00:38:21 -0500] "GET /BLA/resoluciones/RESOLUCIONES%202005/RES%202005%20851-900/00000895.tif HTTP/1.1" 200 238112
66.249.64.101 - - [11/Aug/2015:00:38:27 -0500] "GET /BLA/resoluciones/RESOLUCIONES%202009/3816.pdf HTTP/1.1" 200 677877
100.43.90.12 - - [11/Aug/2015:00:38:57 -0500] "GET /videos/ambiente-ciudad/programas/ HTTP/1.1" 200 6518
66.249.64.106 - - [11/Aug/2015:00:38:57 -0500] "GET /BLA/resoluciones/RESOLUCIONES%202011/3275.pdf HTTP/1.1" 200 791162
66.249.64.106 - - [11/Aug/2015:00:39:14 -0500] "GET /BLA/resoluciones/RESOLUCIONES%202013/0800.pdf HTTP/1.1" 304 -
190.84.185.167 - - [11/Aug/2015:00:39:15 -0500] "POST /forms/lservlet;jsessionid=ac16012b30d6fda8980680074abd9e82f43aaf4e94f2.e3iSbxaKaheRe38Ka34Oa3eLbxf0n6jAmljGr5XDqQLvpAe HTTP/1.1" 200 2
66.249.64.29 - - [11/Aug/2015:00:39:14 -0500] "GET /prensa-y-documentos-de-interes/ HTTP/1.1" 200 31051
74.86.158.107 - - [11/Aug/2015:00:39:31 -0500] "HEAD / HTTP/1.1" 200 -
190.184.182.132 - - [11/Aug/2015:00:39:42 -0500] "GET /galeria/galeria/jquery.fancybox.css?v=2.1.5 HTTP/1.1" 200 4895
190.184.182.132 - - [11/Aug/2015:00:39:42 -0500] "GET /BLA/boletinlegal/js/jquery.scrollShow.js HTTP/1.1" 200 4586
190.184.182.132 - - [11/Aug/2015:00:39:42 -0500] "GET /galeria/galeria/jquery.fancybox.js?v=2.1.5 HTTP/1.1" 200 48706
190.184.182.132 - - [11/Aug/2015:00:40:03 -0500] "GET /BLA/boletinlegal/js/jquery.scrollShow.js HTTP/1.1" 304 -
190.184.182.132 - - [11/Aug/2015:00:40:03 -0500] "GET /galeria/galeria/jquery.fancybox.css?v=2.1.5 HTTP/1.1" 304 -
190.184.182.132 - - [11/Aug/2015:00:40:03 -0500] "GET /galeria/galeria/jquery.fancybox.js?v=2.1.5 HTTP/1.1" 304 -
188.165.15.183 - - [11/Aug/2015:00:41:05 -0500] "GET /BLA/resoluciones/index.php?dir=RESOLUCIONES%202005/RES%202005%20%201651-1700/&sort=name&order=desc HTTP/1.1" 200 12422
201.245.192.253 - - [11/Aug/2015:00:41:08 -0500] "GET /forest/session.jsp?a=0.10440571335223581 HTTP/1.1" 200 4
190.84.185.167 - - [11/Aug/2015:00:41:15 -0500] "POST /forms/lservlet;jsessionid=ac16012b30d6fda8980680074abd9e82f43aaf4e94f2.e3iSbxaKaheRe38Ka34Oa3eLbxf0n6jAmljGr5XDqQLvpAe HTTP/1.1" 200 2
201.245.192.253 - - [11/Aug/2015:00:41:44 -0500] "GET /forest/session.jsp?a=0.7674768912263 HTTP/1.1" 200 4
186.28.185.48 - - [11/Aug/2015:00:41:50 -0500] "GET /BLA/resoluciones/RESOLUCIONES%202010/6810.pdf HTTP/1.1" 200 1502426
186.28.185.48 - - [11/Aug/2015:00:41:51 -0500] "GET /BLA/resoluciones/RESOLUCIONES%202010/6810.pdf HTTP/1.1" 200 1502426
188.165.15.183 - - [11/Aug/2015:00:42:39 -0500] "GET /BLA/resoluciones/RESOLUCIONES%202003/RES%202003%20201-250/2003RES248.tif HTTP/1.1" 200 195744
66.249.64.106 - - [11/Aug/2015:00:43:12 -0500] "GET /BLA/resoluciones/Notificaciones/AUTOS%202014/4048.doc HTTP/1.1" 304 -
190.84.185.167 - - [11/Aug/2015:00:43:15 -0500] "POST /forms/lservlet;jsessionid=ac16012b30d6fda8980680074abd9e82f43aaf4e94f2.e3iSbxaKaheRe38Ka34Oa3eLbxf0n6jAmljGr5XDqQLvpAe HTTP/1.1" 200 2
66.249.64.101 - - [11/Aug/2015:00:43:15 -0500] "GET /BLA/resoluciones/AUTOS%202013/0219.pdf HTTP/1.1" 304 -
66.249.64.96 - - [11/Aug/2015:00:43:56 -0500] "GET /BLA/resoluciones/RESOLUCIONES%202013/1135.pdf HTTP/1.1" 304 -
74.86.158.107 - - [11/Aug/2015:00:44:31 -0500] "HEAD / HTTP/1.1" 200 -
66.249.64.96 - - [11/Aug/2015:00:44:41 -0500] "GET /BLA/resoluciones/RESOLUCIONES%202007/RES%202007%201001%20AL%201100/RESOLUCION%201013%20DE%202007.pdf HTTP/1.1" 304 -
190.84.185.167 - - [11/Aug/2015:00:45:15 -0500] "POST /forms/lservlet;jsessionid=ac16012b30d6fda8980680074abd9e82f43aaf4e94f2.e3iSbxaKaheRe38Ka34Oa3eLbxf0n6jAmljGr5XDqQLvpAe HTTP/1.1" 200 2
66.249.64.106 - - [11/Aug/2015:00:45:27 -0500] "GET /BLA/resoluciones/RESOLUCIONES%202011/0810.pdf HTTP/1.1" 304 -
186.28.185.48 - - [11/Aug/2015:00:45:57 -0500] "GET /BLA/boletinlegal/js/jquery.scrollShow.js HTTP/1.1" 200 4586
186.28.185.48 - - [11/Aug/2015:00:45:57 -0500] "GET /galeria/galeria/jquery.fancybox.css?v=2.1.5 HTTP/1.1" 200 4895
186.28.185.48 - - [11/Aug/2015:00:45:57 -0500] "GET /galeria/galeria/jquery.fancybox.js?v=2.1.5 HTTP/1.1" 200 48706
201.245.192.253 - - [11/Aug/2015:00:46:08 -0500] "GET /forest/session.jsp?a=0.711229745852494 HTTP/1.1" 200 4
186.28.185.48 - - [11/Aug/2015:00:46:11 -0500] "GET /galeria/galeria/jquery.fancybox.css?v=2.1.5 HTTP/1.1" 200 4895
186.28.185.48 - - [11/Aug/2015:00:46:11 -0500] "GET /BLA/boletinlegal/js/jquery.scrollShow.js HTTP/1.1" 200 4586
186.28.185.48 - - [11/Aug/2015:00:46:11 -0500] "GET /galeria/galeria/jquery.fancybox.js?v=2.1.5 HTTP/1.1" 200 48706
66.249.64.29 - - [11/Aug/2015:00:46:14 -0500] "GET /wp-content/gallery/bogota/dynamic/Bogot%C3%A13.jpg-nggid03112-ngg0dyn-240x160x100-00f0w010c011r110f110r010t010.jpg HTTP/1.1" 404 27437
201.245.192.253 - - [11/Aug/2015:00:46:44 -0500] "GET /forest/session.jsp?a=0.3992936191435621 HTTP/1.1" 200 4
190.84.185.167 - - [11/Aug/2015:00:47:16 -0500] "POST /forms/lservlet;jsessionid=ac16012b30d6fda8980680074abd9e82f43aaf4e94f2.e3iSbxaKaheRe38Ka34Oa3eLbxf0n6jAmljGr5XDqQLvpAe HTTP/1.1" 200 2
66.249.64.101 - - [11/Aug/2015:00:47:51 -0500] "GET /BLA/resoluciones/RESOLUCIONES%202011/4260.pdf HTTP/1.1" 200 452253
66.249.64.106 - - [11/Aug/2015:00:48:12 -0500] "GET /BLA/resoluciones/RESOLUCIONES%202014/1941.pdf HTTP/1.1" 304 -
66.249.64.96 - - [11/Aug/2015:00:48:12 -0500] "GET /BLA/resoluciones/RESOLUCIONES%202007/RES%202007%202901%20AL%203000/RESOLUCION%202906%20DE%202007.pdf HTTP/1.1" 304 -
190.84.185.167 - - [11/Aug/2015:00:49:16 -0500] "POST /forms/lservlet;jsessionid=ac16012b30d6fda8980680074abd9e82f43aaf4e94f2.e3iSbxaKaheRe38Ka34Oa3eLbxf0n6jAmljGr5XDqQLvpAe HTTP/1.1" 200 2
66.249.64.24 - - [11/Aug/2015:00:49:14 -0500] "GET /registro/ HTTP/1.1" 200 28822
74.86.158.107 - - [11/Aug/2015:00:49:31 -0500] "HEAD / HTTP/1.1" 200 -
151.80.41.169 - - [11/Aug/2015:00:49:40 -0500] "GET /robots.txt HTTP/1.0" 404 1015
151.80.41.169 - - [11/Aug/2015:00:49:42 -0500] "GET /Autoliquidacion/Grupo%20Forestal%20-%20Silvicultura/Solicitud%20y%20lista%20de%20chequeo%20Evaluaci%C3%B3n%20Silvicultural.xlsx HTTP/1.0" 200 100649
151.80.41.169 - - [11/Aug/2015:00:49:43 -0500] "GET /robots.txt HTTP/1.0" 404 1019
151.80.41.169 - - [11/Aug/2015:00:49:45 -0500] "GET /pga/pga.htm HTTP/1.0" 404 1019
66.249.64.106 - - [11/Aug/2015:00:50:08 -0500] "GET /BLA/resoluciones/AUTOS%202013/0354.pdf HTTP/1.1" 304 -
66.249.64.101 - - [11/Aug/2015:00:50:14 -0500] "GET /BLA/resoluciones/AUTOS%202010/0105.pdf HTTP/1.1" 200 366492
188.165.15.183 - - [11/Aug/2015:00:50:47 -0500] "GET /BLA/resoluciones/RESOLUCIONES%202002/RES%202002%201101-1150/00001117.tif HTTP/1.1" 200 41982
201.245.192.253 - - [11/Aug/2015:00:51:08 -0500] "GET /forest/session.jsp?a=0.8765293233064608 HTTP/1.1" 200 4
190.84.185.167 - - [11/Aug/2015:00:51:16 -0500] "POST /forms/lservlet;jsessionid=ac16012b30d6fda8980680074abd9e82f43aaf4e94f2.e3iSbxaKaheRe38Ka34Oa3eLbxf0n6jAmljGr5XDqQLvpAe HTTP/1.1" 200 2
188.165.15.183 - - [11/Aug/2015:00:51:27 -0500] "GET /BLA/resoluciones/RESOLUCIONES%202005/RES%202005%201351-1400/00001395.tif HTTP/1.1" 200 111254
188.165.15.183 - - [11/Aug/2015:00:51:28 -0500] "GET /BLA/resoluciones/RESOLUCIONES%202002/RES%202002%20451-500/00000457.tif HTTP/1.1" 200 124484
188.165.15.183 - - [11/Aug/2015:00:51:40 -0500] "GET /BLA/resoluciones/RESOLUCIONES%202002/RES%202002%20801-850/00000817.tif HTTP/1.1" 200 428280
201.245.192.253 - - [11/Aug/2015:00:51:44 -0500] "GET /forest/session.jsp?a=0.8359546440285303 HTTP/1.1" 200 4
188.165.15.183 - - [11/Aug/2015:00:52:15 -0500] "GET /BLA/resoluciones/RESOLUCIONES%202005/RES%202005%202751-2800/00002785.tif HTTP/1.1" 200 40602
188.165.15.183 - - [11/Aug/2015:00:52:18 -0500] "GET /BLA/resoluciones/index.php?dir=RESOLUCIONES%202004/RES%202004%20351-400/&sort=date&order=asc HTTP/1.1" 200 12050
66.249.64.248 - - [11/Aug/2015:00:53:10 -0500] "GET /cyber/pml/pml1/pml3.htm HTTP/1.1" 404 1019
190.84.185.167 - - [11/Aug/2015:00:53:16 -0500] "POST /forms/lservlet;jsessionid=ac16012b30d6fda8980680074abd9e82f43aaf4e94f2.e3iSbxaKaheRe38Ka34Oa3eLbxf0n6jAmljGr5XDqQLvpAe HTTP/1.1" 200 2
66.249.64.106 - - [11/Aug/2015:00:53:42 -0500] "GET /BLA/resoluciones/AUTOS%202012/2185.pdf HTTP/1.1" 304 -
74.86.158.107 - - [11/Aug/2015:00:54:31 -0500] "HEAD / HTTP/1.1" 200 -
181.64.192.193 - - [11/Aug/2015:00:54:37 -0500] "GET /galeria/galeria/jquery.fancybox.css?v=2.1.5 HTTP/1.1" 200 4895
181.64.192.193 - - [11/Aug/2015:00:54:38 -0500] "GET /BLA/boletinlegal/js/jquery.scrollShow.js HTTP/1.1" 200 4586
181.64.192.193 - - [11/Aug/2015:00:54:38 -0500] "GET /galeria/galeria/jquery.fancybox.js?v=2.1.5 HTTP/1.1" 200 48706
181.64.192.193 - - [11/Aug/2015:00:54:49 -0500] "GET /BLA/boletinlegal/js/jquery.scrollShow.js HTTP/1.1" 304 -
181.64.192.193 - - [11/Aug/2015:00:54:49 -0500] "GET /galeria/galeria/jquery.fancybox.css?v=2.1.5 HTTP/1.1" 304 -
181.64.192.193 - - [11/Aug/2015:00:54:49 -0500] "GET /galeria/galeria/jquery.fancybox.js?v=2.1.5 HTTP/1.1" 304 -
157.55.39.183 - - [11/Aug/2015:00:55:00 -0500] "GET /robots.txt HTTP/1.1" 404 1018
157.55.39.183 - - [11/Aug/2015:00:55:09 -0500] "GET /BLA/boletinlegal/js/jquery.scrollShow.js HTTP/1.1" 200 4586
190.84.185.167 - - [11/Aug/2015:00:55:16 -0500] "POST /forms/lservlet;jsessionid=ac16012b30d6fda8980680074abd9e82f43aaf4e94f2.e3iSbxaKaheRe38Ka34Oa3eLbxf0n6jAmljGr5XDqQLvpAe HTTP/1.1" 200 2
190.157.153.111 - - [11/Aug/2015:00:55:30 -0500] "GET /forest/session.jsp?a=0.04282375192269683 HTTP/1.1" 200 4
190.157.153.111 - - [11/Aug/2015:00:55:31 -0500] "GET /forest/index2.jsp?_a=0.1999362709466368 HTTP/1.1" 200 291484
190.157.153.111 - - [11/Aug/2015:00:55:33 -0500] "GET /forest/session.jsp?a=0.765339566161856 HTTP/1.1" 200 4
190.157.153.111 - - [11/Aug/2015:00:55:36 -0500] "GET /forest/forms/showform.jsp?codPro=95&codForm=Inicio_Correspondencias&a=0.0063466778956353664 HTTP/1.1" 200 17961
181.54.43.2 - - [11/Aug/2015:00:55:57 -0500] "GET /BLA/boletinlegal/js/jquery.scrollShow.js HTTP/1.1" 200 4586
181.54.43.2 - - [11/Aug/2015:00:55:57 -0500] "GET /galeria/galeria/jquery.fancybox.css?v=2.1.5 HTTP/1.1" 200 4895
181.54.43.2 - - [11/Aug/2015:00:55:57 -0500] "GET /galeria/galeria/jquery.fancybox.js?v=2.1.5 HTTP/1.1" 200 48706
181.54.43.2 - - [11/Aug/2015:00:56:04 -0500] "GET /galeria/galeria/jquery.fancybox.css?v=2.1.5 HTTP/1.1" 304 -
181.54.43.2 - - [11/Aug/2015:00:56:04 -0500] "GET /galeria/galeria/jquery.fancybox.js?v=2.1.5 HTTP/1.1" 304 -
181.54.43.2 - - [11/Aug/2015:00:56:04 -0500] "GET /BLA/boletinlegal/js/jquery.scrollShow.js HTTP/1.1" 304 -
201.245.192.253 - - [11/Aug/2015:00:56:08 -0500] "GET /forest/session.jsp?a=0.030125754435956997 HTTP/1.1" 200 4
190.157.153.111 - - [11/Aug/2015:00:56:13 -0500] "GET /forest/skins/gdocs-jar/popup/popup.jsp?width=1100&height=500&title=Buscar%20procesos&uri=/forest/buscar.do%3Ftype%3Dprocesos&name=undefined&_a=0.38369458611123264&a=0.7927260885480791 HTTP/1.1" 200 1296
190.157.153.111 - - [11/Aug/2015:00:56:13 -0500] "GET /forest/buscar.do?type=procesos HTTP/1.1" 200 85061
190.157.153.111 - - [11/Aug/2015:00:56:14 -0500] "GET /forest/json.do?query=usersByDep&coddep=2013 HTTP/1.1" 200 8446
190.157.153.111 - - [11/Aug/2015:00:56:14 -0500] "GET /forest/json.do?query=versionListadas HTTP/1.1" 200 15
190.157.153.111 - - [11/Aug/2015:00:56:14 -0500] "GET /forest/json.do?query=usersByDep&coddep=2013 HTTP/1.1" 200 8446
190.157.153.111 - - [11/Aug/2015:00:56:14 -0500] "GET /forest/json.do?query=procesIniciales HTTP/1.1" 200 11405
190.157.153.111 - - [11/Aug/2015:00:56:14 -0500] "GET /forest/json.do?query=bpmnIniciales HTTP/1.1" 200 1334
190.157.153.111 - - [11/Aug/2015:00:56:23 -0500] "POST /forest/buscar.do? HTTP/1.1" 200 5375
190.157.153.111 - - [11/Aug/2015:00:56:26 -0500] "GET /forest/usutareas.do?group_system_actual=3&codAct=1479&numPro=2940827&codPro=134&fecTra=2015-07-01%2008:35:50.727&codInst=2973466&codTraEsc=18524358 HTTP/1.1" 200 124445
190.157.153.111 - - [11/Aug/2015:00:56:26 -0500] "GET /forest/session.jsp?a=0.07953655743040144 HTTP/1.1" 200 4
190.157.153.111 - - [11/Aug/2015:00:56:27 -0500] "GET /forest/actions/forms.getMappedValues?id=id_Numeracion325&value=1414095346594&codForm=ImpresionDocumentos&a=0.006074485601857305 HTTP/1.1" 200 127
201.245.192.253 - - [11/Aug/2015:00:56:45 -0500] "GET /forest/session.jsp?a=0.11842904328230652 HTTP/1.1" 200 4
190.157.153.111 - - [11/Aug/2015:00:56:48 -0500] "POST /forest/usutareas.do? HTTP/1.1" 200 123
66.249.64.101 - - [11/Aug/2015:00:56:49 -0500] "GET /BLA/resoluciones/RESOLUCIONES%202006/RES%202006%202651-2700/00002678.tif HTTP/1.1" 200 325400
190.157.153.111 - - [11/Aug/2015:00:56:50 -0500] "GET /forest/usutareas.do?group_system_actual=3&a=0.5180410041939467 HTTP/1.1" 200 19599
190.157.153.111 - - [11/Aug/2015:00:56:51 -0500] "GET /forest/session.jsp?a=0.6397242590319365 HTTP/1.1" 200 4
66.249.64.101 - - [11/Aug/2015:00:56:51 -0500] "GET /BLA/resoluciones/RESOLUCIONES%202009/7428.pdf HTTP/1.1" 200 493307
186.28.185.48 - - [11/Aug/2015:00:56:53 -0500] "GET /BLA/resoluciones/RESOLUCIONES%202010/7449.pdf HTTP/1.1" 200 507837
186.28.185.48 - - [11/Aug/2015:00:56:55 -0500] "GET /BLA/resoluciones/RESOLUCIONES%202010/7449.pdf HTTP/1.1" 200 507837
190.157.153.111 - - [11/Aug/2015:00:56:56 -0500] "GET /forest/index2.jsp?_a=0.13996371324174106 HTTP/1.1" 200 291035
190.157.153.111 - - [11/Aug/2015:00:56:57 -0500] "GET /forest/session.jsp?a=0.3344092657789588 HTTP/1.1" 200 4
190.157.153.111 - - [11/Aug/2015:00:57:02 -0500] "GET /forest/forms/showform.jsp?codPro=95&codForm=Inicio_Correspondencias&a=0.33909302414394915 HTTP/1.1" 200 17961
190.157.153.111 - - [11/Aug/2015:00:57:08 -0500] "GET /forest/actions/forms.getList?codForm=Inicio_Correspondencias&id=funcionarioasignado&text=A HTTP/1.1" 200 1247
190.157.153.111 - - [11/Aug/2015:00:57:08 -0500] "GET /forest/actions/forms.getList?codForm=Inicio_Correspondencias&id=funcionarioasignado&text=AN HTTP/1.1" 200 1241
190.157.153.111 - - [11/Aug/2015:00:57:08 -0500] "GET /forest/actions/forms.getList?codForm=Inicio_Correspondencias&id=funcionarioasignado&text=ANA HTTP/1.1" 200 1204
190.157.153.111 - - [11/Aug/2015:00:57:08 -0500] "GET /forest/actions/forms.getList?codForm=Inicio_Correspondencias&id=funcionarioasignado&text=ANA%20 HTTP/1.1" 200 1204
190.157.153.111 - - [11/Aug/2015:00:57:09 -0500] "GET /forest/actions/forms.getList?codForm=Inicio_Correspondencias&id=funcionarioasignado&text=ANA%20M HTTP/1.1" 200 1215
190.157.153.111 - - [11/Aug/2015:00:57:09 -0500] "GET /forest/actions/forms.getList?codForm=Inicio_Correspondencias&id=funcionarioasignado&text=ANA%20ME HTTP/1.1" 200 184
190.157.153.111 - - [11/Aug/2015:00:57:09 -0500] "GET /forest/actions/forms.getList?codForm=Inicio_Correspondencias&id=funcionarioasignado&text=ANA%20MER HTTP/1.1" 200 65
190.157.153.111 - - [11/Aug/2015:00:57:09 -0500] "GET /forest/actions/forms.getList?codForm=Inicio_Correspondencias&id=funcionarioasignado&text=ANA%20MERC HTTP/1.1" 200 65
190.157.153.111 - - [11/Aug/2015:00:57:10 -0500] "GET /forest/actions/forms.getList?codForm=Inicio_Correspondencias&id=funcionarioasignado&text=ANA%20MERCE HTTP/1.1" 200 65
190.157.153.111 - - [11/Aug/2015:00:57:10 -0500] "GET /forest/actions/forms.getList?codForm=Inicio_Correspondencias&id=funcionarioasignado&text=ANA%20MERCED HTTP/1.1" 200 65
190.157.153.111 - - [11/Aug/2015:00:57:10 -0500] "GET /forest/actions/forms.getList?codForm=Inicio_Correspondencias&id=funcionarioasignado&text=ANA%20MERCEDE HTTP/1.1" 200 65
190.84.185.167 - - [11/Aug/2015:00:57:16 -0500] "POST /forms/lservlet;jsessionid=ac16012b30d6fda8980680074abd9e82f43aaf4e94f2.e3iSbxaKaheRe38Ka34Oa3eLbxf0n6jAmljGr5XDqQLvpAe HTTP/1.1" 200 2
190.144.149.38 - - [11/Aug/2015:00:57:20 -0500] "GET /videos/ambiente-ciudad/playlist.htm? HTTP/1.1" 200 4429
190.144.149.38 - - [11/Aug/2015:00:57:21 -0500] "GET /videos/ambiente-ciudad/skin/blue.monday/jplayer.blue.monday.css HTTP/1.1" 200 12518
190.144.149.38 - - [11/Aug/2015:00:57:21 -0500] "GET /videos/ambiente-ciudad/js/jquery.jplayer.min.js HTTP/1.1" 200 43764
190.144.149.38 - - [11/Aug/2015:00:57:23 -0500] "GET /videos/ambiente-ciudad/js/jplayer.playlist.min.js HTTP/1.1" 200 8608
190.144.149.38 - - [11/Aug/2015:00:57:23 -0500] "GET /videos/ambiente-ciudad/skin/blue.monday/jplayer.blue.monday.jpg HTTP/1.1" 200 23189
190.144.149.38 - - [11/Aug/2015:00:57:23 -0500] "GET /videos/ambiente-ciudad/skin/blue.monday/jplayer.blue.monday.video.play.png HTTP/1.1" 200 17692
190.144.149.38 - - [11/Aug/2015:00:57:24 -0500] "GET /videos/ambiente-ciudad/programas/Enero16-2014.mp3 HTTP/1.1" 206 6263434
190.157.153.111 - - [11/Aug/2015:00:57:28 -0500] "GET /forest/actions/forms.getList?codForm=Inicio_Correspondencias&id=codigoFuncionario&text=E HTTP/1.1" 200 1247
190.157.153.111 - - [11/Aug/2015:00:57:28 -0500] "GET /forest/actions/forms.getList?codForm=Inicio_Correspondencias&id=codigoFuncionario&text=ED HTTP/1.1" 200 1283
190.157.153.111 - - [11/Aug/2015:00:57:28 -0500] "GET /forest/actions/forms.getList?codForm=Inicio_Correspondencias&id=codigoFuncionario&text=EDW HTTP/1.1" 200 440
190.157.153.111 - - [11/Aug/2015:00:57:28 -0500] "GET /forest/actions/forms.getList?codForm=Inicio_Correspondencias&id=codigoFuncionario&text=EDWA HTTP/1.1" 200 67
190.157.153.111 - - [11/Aug/2015:00:57:29 -0500] "GET /forest/actions/forms.getList?codForm=Inicio_Correspondencias&id=codigoFuncionario&text=EDWAR HTTP/1.1" 200 67
190.157.153.111 - - [11/Aug/2015:00:57:29 -0500] "GET /forest/actions/forms.getList?codForm=Inicio_Correspondencias&id=codigoFuncionario&text=EDWARD HTTP/1.1" 200 67
66.249.64.101 - - [11/Aug/2015:00:57:34 -0500] "GET /BLA/resoluciones/RESOLUCIONES%202007/RES%202007%202101%20AL%202200/RESOLUCION%202162%20DE%202007.pdf HTTP/1.1" 200 525289
190.151.210.224 - - [11/Aug/2015:00:57:44 -0500] "GET /BLA/resoluciones/AUTOS%202014/1797.pdf HTTP/1.1" 200 318440
190.151.210.224 - - [11/Aug/2015:00:57:45 -0500] "GET /favicon.ico HTTP/1.1" 200 7782
186.104.181.177 - - [11/Aug/2015:00:57:48 -0500] "GET /BLA/boletinlegal/js/jquery.scrollShow.js HTTP/1.1" 200 4586
186.104.181.177 - - [11/Aug/2015:00:57:48 -0500] "GET /galeria/galeria/jquery.fancybox.js?v=2.1.5 HTTP/1.1" 200 48706
186.104.181.177 - - [11/Aug/2015:00:57:48 -0500] "GET /galeria/galeria/jquery.fancybox.css?v=2.1.5 HTTP/1.1" 200 4895
186.104.181.177 - - [11/Aug/2015:00:57:48 -0500] "GET /galeria/carrusel/Carrusel/jquery.thumbnailScroller.css HTTP/1.1" 200 2066
186.104.181.177 - - [11/Aug/2015:00:57:49 -0500] "GET /galeria/carrusel/Carrusel/jquery-ui-1.8.13.custom.min.js HTTP/1.1" 200 10800
186.104.181.177 - - [11/Aug/2015:00:57:49 -0500] "GET /galeria/carrusel/Carrusel/jquery.thumbnailScroller.js HTTP/1.1" 200 8157
66.249.64.96 - - [11/Aug/2015:00:57:51 -0500] "GET /BLA/resoluciones/Notificaciones/AUTOS%202014/0088.doc HTTP/1.1" 200 230400
190.144.149.38 - - [11/Aug/2015:00:57:52 -0500] "GET /videos/galeria-cronicas/1V3wnplaylist.htm? HTTP/1.1" 200 4013
190.144.149.38 - - [11/Aug/2015:00:57:52 -0500] "GET /videos/galeria-cronicas/skin/blue.monday/jplayer.blue.monday.css HTTP/1.1" 200 12518
190.144.149.38 - - [11/Aug/2015:00:57:52 -0500] "GET /videos/galeria-cronicas/js/jquery.jplayer.min.js HTTP/1.1" 200 43668
190.144.149.38 - - [11/Aug/2015:00:57:52 -0500] "GET /videos/galeria-cronicas/js/jplayer.playlist.min.js HTTP/1.1" 200 8608
188.165.15.183 - - [11/Aug/2015:00:57:52 -0500] "GET /BLA/resoluciones/RESOLUCIONES%202004/RES%202004%202351-2401/00002356.tif HTTP/1.1" 200 95250
190.157.153.111 - - [11/Aug/2015:00:57:54 -0500] "POST /forest/actions/forms.saveForm?codPro=95 HTTP/1.1" 200 81
190.144.149.38 - - [11/Aug/2015:00:57:55 -0500] "GET /videos/galeria-cronicas/skin/blue.monday/jplayer.blue.monday.video.play.png HTTP/1.1" 200 14424
190.144.149.38 - - [11/Aug/2015:00:57:55 -0500] "GET /videos/galeria-cronicas/skin/blue.monday/jplayer.blue.monday.jpg HTTP/1.1" 200 23189
190.144.149.38 - - [11/Aug/2015:00:57:55 -0500] "GET /videos/galeria-cronicas/1videos/parche.mp4video.mp4 HTTP/1.1" 206 2821840
190.144.149.38 - - [11/Aug/2015:00:57:56 -0500] "GET /videos/galeria-cronicas/1videos/parche.mp4video.mp4 HTTP/1.1" 206 31459
190.144.149.38 - - [11/Aug/2015:00:57:56 -0500] "GET /videos/galeria-cronicas/1videos/parche.mp4video.mp4 HTTP/1.1" 206 2748681
190.144.149.38 - - [11/Aug/2015:00:57:58 -0500] "GET /videos/galeria-cronicas/skin/blue.monday/jplayer.blue.monday.seeking.gif HTTP/1.1" 200 3284
190.144.149.38 - - [11/Aug/2015:00:58:13 -0500] "GET /videos/galeria-cronicas/1videos/parche.mp4video.mp4 HTTP/1.1" 206 720
190.157.153.111 - - [11/Aug/2015:00:58:13 -0500] "GET /forest/index2.jsp?group_system_actual=3&a=0.7190183212514967 HTTP/1.1" 200 291284
190.157.153.111 - - [11/Aug/2015:00:58:15 -0500] "GET /forest/session.jsp?a=0.9951690265443176 HTTP/1.1" 200 4
190.157.153.111 - - [11/Aug/2015:00:58:19 -0500] "GET /forest/usutareas.do?group_system_actual=3&codTraEsc=18883704&_a=0.5462326676469377 HTTP/1.1" 200 119259
190.157.153.111 - - [11/Aug/2015:00:58:20 -0500] "GET /forest/session.jsp?a=0.7874901576433331 HTTP/1.1" 200 4
190.157.153.111 - - [11/Aug/2015:00:58:27 -0500] "GET /forest/actions/sgc.getPlantillaByInst?codForm=641&codInst=3234937 HTTP/1.1" 200 97846
66.249.64.101 - - [11/Aug/2015:00:58:34 -0500] "GET /BLA/resoluciones/RESOLUCIONES%202007/RES%202007%203801%20AL%203900/RESOLUCION%203870%20DE%202007.pdf HTTP/1.1" 200 308289
66.249.64.248 - - [11/Aug/2015:00:58:40 -0500] "GET /robots.txt HTTP/1.1" 404 1019
66.249.64.243 - - [11/Aug/2015:00:58:40 -0500] "GET /formasII/as3.pdf HTTP/1.1" 404 1019
66.249.64.96 - - [11/Aug/2015:00:58:41 -0500] "GET /BLA/resoluciones/RESOLUCIONES%202009/4230.pdf HTTP/1.1" 304 -
66.249.64.248 - - [11/Aug/2015:00:58:42 -0500] "GET /Anexos%20estudio%20Organizacional%20SDA/ANEXO%20No.%203-%20CONTRATACI%C3%93N%20%20OPS%C2%B4s%202008-2012/CONTRATOS%20SDA%202011%20POR%20DEPENDENCIA.xls HTTP/1.1" 304 -
66.249.64.101 - - [11/Aug/2015:00:58:47 -0500] "GET /BLA/resoluciones/RESOLUCIONES%202009/3530.pdf HTTP/1.1" 200 2617246
188.165.15.183 - - [11/Aug/2015:00:58:54 -0500] "GET /BLA/resoluciones/RESOLUCIONES%202006/RES%202006%202051-2100/00002080.tif HTTP/1.1" 200 750246
188.165.15.183 - - [11/Aug/2015:00:59:10 -0500] "GET /BLA/resoluciones/index.php?dir=RESOLUCIONES+2007%2FRES+2007+2801+AL+2900%2F HTTP/1.1" 200 26859
190.84.185.167 - - [11/Aug/2015:00:59:16 -0500] "POST /forms/lservlet;jsessionid=ac16012b30d6fda8980680074abd9e82f43aaf4e94f2.e3iSbxaKaheRe38Ka34Oa3eLbxf0n6jAmljGr5XDqQLvpAe HTTP/1.1" 200 2
74.86.158.107 - - [11/Aug/2015:00:59:31 -0500] "HEAD / HTTP/1.1" 200 -
66.249.64.96 - - [11/Aug/2015:00:58:51 -0500] "GET /BLA/boletinlegal/index.php HTTP/1.1" 200 51062
66.249.64.106 - - [11/Aug/2015:00:59:34 -0500] "GET /BLA/resoluciones/RESOLUCIONES%202009/8758.pdf HTTP/1.1" 200 381136
66.249.64.96 - - [11/Aug/2015:00:59:34 -0500] "GET /BLA/Directivas/2011/1.pdf HTTP/1.1" 200 971292
66.249.64.19 - - [11/Aug/2015:00:59:36 -0500] "GET /que-hacer-en-bogota/ HTTP/1.1" 200 42620
186.115.36.220 - - [11/Aug/2015:01:00:06 -0500] "GET /galeria/galeria/fotos/mirador4G.jpg HTTP/1.1" 200 159827
66.249.64.96 - - [11/Aug/2015:01:00:14 -0500] "GET /BLA/resoluciones/RESOLUCIONES%202009/5352.pdf HTTP/1.1" 200 405057
180.76.15.157 - - [11/Aug/2015:01:00:34 -0500] "GET /StormSDA/storm/OpenRemote.jar HTTP/1.1" 200 11535
66.249.64.106 - - [11/Aug/2015:01:00:41 -0500] "GET /BLA/resoluciones/AUTOS%202012/0808.pdf HTTP/1.1" 200 740257
186.28.185.48 - - [11/Aug/2015:01:00:48 -0500] "GET /BLA/resoluciones/RESOLUCIONES%202013/0484.pdf HTTP/1.1" 200 985614
186.28.185.48 - - [11/Aug/2015:01:00:50 -0500] "GET /BLA/resoluciones/RESOLUCIONES%202013/0484.pdf HTTP/1.1" 206 981694
66.249.64.96 - - [11/Aug/2015:01:00:52 -0500] "GET /BLA/resoluciones/RESOLUCIONES%202009/5137.pdf HTTP/1.1" 200 770779
66.249.64.101 - - [11/Aug/2015:01:00:56 -0500] "GET /resoluciones/RESOLUCIONES%202009/3864.pdf HTTP/1.1" 404 1018
201.245.192.253 - - [11/Aug/2015:01:01:08 -0500] "GET /forest/session.jsp?a=0.03629853553576956 HTTP/1.1" 200 4
190.157.153.111 - - [11/Aug/2015:01:01:12 -0500] "GET /forest/reportes.do?group_system_actual=5&_a=0.20635826070792973 HTTP/1.1" 302 -
190.157.153.111 - - [11/Aug/2015:01:01:12 -0500] "GET /forest/reportes.do?menu=1&group_system_actual=5 HTTP/1.1" 200 32500
190.157.153.111 - - [11/Aug/2015:01:01:14 -0500] "GET /forest/session.jsp?a=0.7331036478281021 HTTP/1.1" 200 4
190.157.153.111 - - [11/Aug/2015:01:01:14 -0500] "GET /forest/parameter?action=listRpts&a=0.32966138888150454 HTTP/1.1" 200 95063
190.84.185.167 - - [11/Aug/2015:01:01:16 -0500] "POST /forms/lservlet;jsessionid=ac16012b30d6fda8980680074abd9e82f43aaf4e94f2.e3iSbxaKaheRe38Ka34Oa3eLbxf0n6jAmljGr5XDqQLvpAe HTTP/1.1" 200 2
190.157.153.111 - - [11/Aug/2015:01:01:20 -0500] "GET /forest/parameter?action=parametersReportMDX&id_rpt=117&currentTab=tab_presentacion&a=0.7622048684861511 HTTP/1.1" 200 6434
190.157.153.111 - - [11/Aug/2015:01:01:20 -0500] "GET /forestReports/webcontent/birt/admin/img/dtree/plus.gif HTTP/1.1" 200 88
190.157.153.111 - - [11/Aug/2015:01:01:20 -0500] "GET /forestReports/webcontent/birt/admin/img/popup/close.gif HTTP/1.1" 200 571
190.157.153.111 - - [11/Aug/2015:01:01:20 -0500] "GET /forestReports/webcontent/birt/admin/img/popup/okey.gif HTTP/1.1" 200 203
190.157.153.111 - - [11/Aug/2015:01:01:20 -0500] "GET /forestReports/webcontent/birt/admin/img/popup/cancel.gif HTTP/1.1" 200 77
190.157.153.111 - - [11/Aug/2015:01:01:26 -0500] "POST /forest/parameter?action=runReportMDX&json=true&listdep=funcionario&id_rpt=117&a=0.7816191229503602 HTTP/1.1" 200 632
