177.252.142.105 - - [16/Aug/2015:05:56:51 -0500] "GET /galeria/nivo-slider/themes/default/default.css HTTP/1.1" 200 1569
177.252.142.105 - - [16/Aug/2015:05:56:51 -0500] "GET /galeria/nivo-slider/themes/orman/orman.css HTTP/1.1" 200 2152
177.252.142.105 - - [16/Aug/2015:05:56:51 -0500] "GET /galeria/nivo-slider/demo/style.css HTTP/1.1" 200 2222
177.252.142.105 - - [16/Aug/2015:05:56:51 -0500] "GET /galeria/nivo-slider/demo/scripts/jquery-1.7.1.min.js HTTP/1.1" 200 93868
177.252.142.105 - - [16/Aug/2015:05:56:51 -0500] "GET /galeria/nivo-slider/jquery.nivo.slider.pack.js HTTP/1.1" 200 11561
177.252.142.105 - - [16/Aug/2015:05:56:51 -0500] "GET /galeria/nivo-slider/demo/images/Semana-PYBA.jpg HTTP/1.1" 200 147360
177.252.142.105 - - [16/Aug/2015:05:56:51 -0500] "GET /galeria/nivo-slider/demo/images/VoluntariadoPYBA.jpg HTTP/1.1" 200 40647
177.252.142.105 - - [16/Aug/2015:05:56:51 -0500] "GET /galeria/nivo-slider/demo/images/Banner-TL.jpg HTTP/1.1" 200 158976
177.252.142.105 - - [16/Aug/2015:05:56:51 -0500] "GET /galeria/nivo-slider/demo/images/banner-llantas2.jpg HTTP/1.1" 200 204644
177.252.142.105 - - [16/Aug/2015:05:56:51 -0500] "GET /galeria/nivo-slider/demo/images/GAE-banner.jpg HTTP/1.1" 200 97556
177.252.142.105 - - [16/Aug/2015:05:56:51 -0500] "GET /galeria/nivo-slider/demo/images/Banner-encuesta-de-percepscio.jpg HTTP/1.1" 200 201899
177.252.142.105 - - [16/Aug/2015:05:56:51 -0500] "GET /galeria/nivo-slider/demo/images/Banner-Directorio.jpg HTTP/1.1" 200 182068
177.252.142.105 - - [16/Aug/2015:05:56:51 -0500] "GET /galeria/nivo-slider/demo/images/Ruta-vertimientos-01.jpg HTTP/1.1" 200 130151
177.252.142.105 - - [16/Aug/2015:05:56:52 -0500] "GET /galeria/nivo-slider/demo/images/ecolecta-Dic2014.png HTTP/1.1" 200 288593
177.252.142.105 - - [16/Aug/2015:05:56:51 -0500] "GET /galeria/nivo-slider/demo/images/PREDAcamp.jpg HTTP/1.1" 200 295358
177.252.142.105 - - [16/Aug/2015:05:56:52 -0500] "GET /galeria/nivo-slider/demo/images/Banner-piel-natural.jpg HTTP/1.1" 200 160762
177.252.142.105 - - [16/Aug/2015:05:56:52 -0500] "GET /galeria/nivo-slider/demo/images/Banner-Caracol-Africano.jpg HTTP/1.1" 200 331986
177.252.142.105 - - [16/Aug/2015:05:56:51 -0500] "GET /galeria/nivo-slider/demo/images/Cambio-Climatico-Paramos.jpg HTTP/1.1" 200 262430
177.252.142.105 - - [16/Aug/2015:05:56:52 -0500] "GET /galeria/nivo-slider/demo/images/Seguridad.jpg HTTP/1.1" 200 449828
177.252.142.105 - - [16/Aug/2015:05:56:51 -0500] "GET /galeria/nivo-slider/demo/images/bolsas-06.jpg HTTP/1.1" 200 90982
177.252.142.105 - - [16/Aug/2015:05:56:53 -0500] "GET /galeria/nivo-slider/demo/images/Conoce-los-humedales.jpg HTTP/1.1" 200 294036
177.252.142.105 - - [16/Aug/2015:05:56:51 -0500] "GET /galeria/nivo-slider/demo/images/9Signos.jpg HTTP/1.1" 200 81776
177.252.142.105 - - [16/Aug/2015:05:56:54 -0500] "GET /galeria/nivo-slider/demo/images/Comparendo-ambiental-Banner.jpg HTTP/1.1" 200 83731
177.252.142.105 - - [16/Aug/2015:05:56:52 -0500] "GET /galeria/nivo-slider/demo/images/4Simple_Slider.png HTTP/1.1" 200 11722
177.252.142.105 - - [16/Aug/2015:05:56:54 -0500] "GET /galeria/nivo-slider/themes/default/loading.gif HTTP/1.1" 200 1737
177.252.142.105 - - [16/Aug/2015:05:56:51 -0500] "GET /galeria/nivo-slider/demo/images/banner-Pacto-por-la-madera.jpg HTTP/1.1" 200 209966
177.252.142.105 - - [16/Aug/2015:05:56:55 -0500] "GET /galeria/nivo-slider/demo/images/acuerdo_569.jpg HTTP/1.1" 200 62670
177.252.142.105 - - [16/Aug/2015:05:56:59 -0500] "GET /galeria/nivo-slider/themes/default/arrows.png HTTP/1.1" 200 824
177.252.142.105 - - [16/Aug/2015:05:56:59 -0500] "GET /galeria/nivo-slider/themes/default/bullets.png HTTP/1.1" 200 1281
66.249.75.36 - - [16/Aug/2015:05:57:04 -0500] "GET /BLA/resoluciones/RESOLUCIONES%202008/4899.pdf HTTP/1.1" 304 -
66.249.75.44 - - [16/Aug/2015:05:57:04 -0500] "GET /BLA/resoluciones/AUTOS%202011/1418.pdf HTTP/1.1" 200 98037
66.249.75.44 - - [16/Aug/2015:05:57:09 -0500] "GET /BLA/resoluciones/RESOLUCIONES%202013/0594.pdf HTTP/1.1" 304 -
66.249.75.28 - - [16/Aug/2015:05:57:36 -0500] "GET /BLA/resoluciones/RESOLUCIONES%202007/RES%202007%20101%20AL%20200/RESOLUCION%200127%20%20DE%202007.pdf HTTP/1.1" 304 -
177.252.142.105 - - [16/Aug/2015:05:57:49 -0500] "GET /BLA/boletinlegal/js/jquery.scrollShow.js HTTP/1.1" 304 -
177.252.142.105 - - [16/Aug/2015:05:57:49 -0500] "GET /galeria/galeria/jquery.fancybox.js?v=2.1.5 HTTP/1.1" 304 -
177.252.142.105 - - [16/Aug/2015:05:57:49 -0500] "GET /galeria/galeria/jquery.fancybox.css?v=2.1.5 HTTP/1.1" 304 -
201.245.192.253 - - [16/Aug/2015:05:58:19 -0500] "GET /forest/session.jsp?a=0.8106637909467038 HTTP/1.1" 200 4
151.80.31.129 - - [16/Aug/2015:05:59:23 -0500] "GET /BLA/resoluciones/index.php?dir=RESOLUCIONES+2003%2FRES+2003+1651-1700%2F HTTP/1.1" 200 12148
127.0.0.1 - - [16/Aug/2015:05:59:27 -0500] "POST /wp-cron.php?doing_wp_cron=1439722766.9866020679473876953125 HTTP/1.0" 200 -
157.55.39.193 - - [16/Aug/2015:05:59:26 -0500] "GET / HTTP/1.1" 200 129352
177.252.142.105 - - [16/Aug/2015:05:59:31 -0500] "GET /galeria/nivo-slider/demo/demo.html HTTP/1.1" 200 5379
157.55.39.193 - - [16/Aug/2015:05:59:36 -0500] "GET /wp-content/plugins/gallery-video/style/style2-os.css?ver=4.2.2 HTTP/1.1" 200 1814
157.55.39.193 - - [16/Aug/2015:05:59:36 -0500] "GET /wp-content/plugins/gallery-video/style/lightbox.css?ver=4.2.2 HTTP/1.1" 200 2821
157.55.39.193 - - [16/Aug/2015:05:59:37 -0500] "GET /wp-content/plugins/gallery-video/style/videogallery-all.css?ver=4.2.2 HTTP/1.1" 200 -
157.55.39.193 - - [16/Aug/2015:05:59:37 -0500] "GET /wp-content/plugins/revslider/rs-plugin/css/settings.css?rev=4.6.0&ver=4.2.2 HTTP/1.1" 200 52798
157.55.39.193 - - [16/Aug/2015:05:59:37 -0500] "GET /wp-content/themes/patti/framework/fonts/font-awesome/css/font-awesome.css?ver=4.2.2 HTTP/1.1" 200 21954
157.55.39.193 - - [16/Aug/2015:05:59:37 -0500] "GET /wp-content/uploads/js_composer/custom.css?ver=4.3.4 HTTP/1.1" 200 -
157.55.39.193 - - [16/Aug/2015:05:59:38 -0500] "GET /wp-content/plugins/js_composer/assets/lib/prettyphoto/css/prettyPhoto.css?ver=4.3.4 HTTP/1.1" 200 19888
157.55.39.193 - - [16/Aug/2015:05:59:38 -0500] "GET /wp-includes/js/jquery/jquery.js?ver=1.11.2 HTTP/1.1" 200 95952
157.55.39.193 - - [16/Aug/2015:05:59:38 -0500] "GET /wp-content/plugins/gallery-video/js/video_gallery-all.js?ver=4.2.2 HTTP/1.1" 200 1895
157.55.39.193 - - [16/Aug/2015:05:59:38 -0500] "GET /wp-content/plugins/revslider/rs-plugin/js/jquery.themepunch.tools.min.js?rev=4.6.0&ver=4.2.2 HTTP/1.1" 200 94880
157.55.39.193 - - [16/Aug/2015:05:59:38 -0500] "GET /wp-content/plugins/revslider/rs-plugin/js/jquery.themepunch.revolution.min.js?rev=4.6.0&ver=4.2.2 HTTP/1.1" 200 111127
157.55.39.193 - - [16/Aug/2015:05:59:39 -0500] "GET /wp-content/plugins/easy-logo-slider/js/jcarousel.responsive.js?ver=4.2.2 HTTP/1.1" 200 2331
157.55.39.193 - - [16/Aug/2015:05:59:39 -0500] "GET /wp-content/plugins/wp_logooos_plugin/js/logos.js HTTP/1.1" 200 30152
157.55.39.193 - - [16/Aug/2015:05:59:39 -0500] "GET /wp-content/plugins/content-views-query-and-display-post-page/assets/bootstrap/js/bootstrap.min.js?ver=3.3.0 HTTP/1.1" 200 29165
157.55.39.193 - - [16/Aug/2015:05:59:39 -0500] "GET /wp-content/plugins/content-views-query-and-display-post-page/public/assets/js/public.js?ver=1.6.3.1 HTTP/1.1" 200 6156
157.55.39.193 - - [16/Aug/2015:05:59:39 -0500] "GET /wp-content/themes/patti/js/jquery.lazyload.js?ver=1.9.3 HTTP/1.1" 200 4451
157.55.39.193 - - [16/Aug/2015:05:59:39 -0500] "GET /wp-content/themes/patti/js/scripts-bottom.js?ver=4.2.2 HTTP/1.1" 200 28292
157.55.39.193 - - [16/Aug/2015:05:59:40 -0500] "GET /wp-content/themes/patti/js/jquery.isotope.min.js?ver=1.0 HTTP/1.1" 200 16033
157.55.39.193 - - [16/Aug/2015:05:59:40 -0500] "GET /wp-content/themes/patti/js/custom/custom-isotope-blog.js?ver=1.0 HTTP/1.1" 200 3289
157.55.39.193 - - [16/Aug/2015:05:59:40 -0500] "GET /wp-includes/js/jquery/ui/widget.min.js?ver=1.11.4 HTTP/1.1" 200 6908
157.55.39.193 - - [16/Aug/2015:05:59:40 -0500] "GET /wp-content/plugins/js_composer/assets/lib/jquery-ui-tabs-rotate/jquery-ui-tabs-rotate.js?ver=4.3.4 HTTP/1.1" 200 1784
157.55.39.193 - - [16/Aug/2015:05:59:40 -0500] "GET /wp-content/plugins/js_composer/assets/lib/nivoslider/jquery.nivo.slider.pack.js?ver=4.3.4 HTTP/1.1" 200 12201
152.61.128.66 - - [16/Aug/2015:05:59:41 -0500] "HEAD / HTTP/1.1" 200 -
152.61.128.66 - - [16/Aug/2015:05:59:41 -0500] "GET /arcgis/services/Calidad_del_Agua_WQI/MapServer/WMSServer?request=GetCapabilities&service=WMS HTTP/1.1" 200 32135
152.61.128.66 - - [16/Aug/2015:05:59:42 -0500] "GET /arcgis/services/Calidad_del_Agua_WQI/MapServer/WMSServer?request=GetCapabilities&service=WMS HTTP/1.0" 200 32135
152.61.128.66 - - [16/Aug/2015:05:59:43 -0500] "GET /arcgis/services/Calidad_del_Agua_WQI/MapServer/WMSServer?request=GetCapabilities&service=WMS HTTP/1.0" 200 32135
152.61.128.66 - - [16/Aug/2015:05:59:44 -0500] "GET /arcgis/services/Calidad_del_Agua_WQI/MapServer/WMSServer?request=GetCapabilities&service=WMS HTTP/1.0" 200 32135
152.61.128.66 - - [16/Aug/2015:05:59:45 -0500] "GET /arcgis/services/Calidad_del_Agua_WQI/MapServer/WMSServer?VERSION=1.1.1&REQUEST=GetMap&LAYERS=0&SRS=EPSG:4326&BBOX=-74.473395,3.674381,-73.963300,4.920569&WIDTH=250&HEIGHT=250&FORMAT=image/bmp&STYLES=& HTTP/1.1" 200 188054
157.55.39.33 - - [16/Aug/2015:05:59:58 -0500] "GET /wp-content/plugins/gallery-video/style/css/font-awesome.css?ver=4.2.2 HTTP/1.1" 200 31213
157.55.39.33 - - [16/Aug/2015:05:59:59 -0500] "GET /wp-content/plugins/wp_logooos_plugin/css/logos.css?ver=4.2.2 HTTP/1.1" 200 13034
157.55.39.33 - - [16/Aug/2015:05:59:59 -0500] "GET /wp-content/plugins/easy-logo-slider/css/jcarouselresponsive.css?ver=4.2.2 HTTP/1.1" 200 2010
157.55.39.33 - - [16/Aug/2015:05:59:59 -0500] "GET /wp-includes/js/jquery/jquery-migrate.min.js?ver=1.2.1 HTTP/1.1" 200 7199
157.55.39.33 - - [16/Aug/2015:05:59:59 -0500] "GET /wp-content/themes/patti/js/jquery.queryloader2.js?ver=1.0 HTTP/1.1" 200 36527
157.55.39.33 - - [16/Aug/2015:05:59:59 -0500] "GET /wp-content/themes/patti/js/scripts-top.js?ver=4.2.2 HTTP/1.1" 200 30885
157.55.39.33 - - [16/Aug/2015:06:00:00 -0500] "GET /wp-content/themes/patti/js/custom/custom-loader.js?ver=1.0 HTTP/1.1" 200 839
157.55.39.33 - - [16/Aug/2015:06:00:00 -0500] "GET /wp-content/themes/patti/js/jquery.nav.js?ver=2.2.0 HTTP/1.1" 200 2827
157.55.39.33 - - [16/Aug/2015:06:00:00 -0500] "GET /wp-content/plugins/easy-logo-slider/js/jquery.jcarousel.min.js?ver=4.2.2 HTTP/1.1" 200 17494
157.55.39.33 - - [16/Aug/2015:06:00:00 -0500] "GET /wp-content/plugins/gallery-video/Front_end/js/youtube.lib.js HTTP/1.1" 200 717
157.55.39.33 - - [16/Aug/2015:06:00:00 -0500] "GET /wp-content/themes/patti/js/hoverIntent.js?ver=r7 HTTP/1.1" 200 1116
157.55.39.33 - - [16/Aug/2015:06:00:00 -0500] "GET /wp-content/themes/patti/js/custom/custom-isotope-portfolio.js?ver=1.0 HTTP/1.1" 200 5591
157.55.39.33 - - [16/Aug/2015:06:00:01 -0500] "GET /wp-content/themes/patti/js/retina.min.js?ver=4.2.2 HTTP/1.1" 200 2993
157.55.39.33 - - [16/Aug/2015:06:00:01 -0500] "GET /wp-content/themes/patti/js/custom/custom.js?ver=1.0 HTTP/1.1" 200 13920
151.80.31.129 - - [16/Aug/2015:06:00:10 -0500] "GET /BLA/resoluciones/index.php?dir=Notificaciones/REGISTROS%202014/&sort=size&order=desc HTTP/1.1" 200 13023
66.249.75.28 - - [16/Aug/2015:06:00:14 -0500] "GET /BLA/resoluciones/RESOLUCIONES%202011/2565.pdf HTTP/1.1" 200 169888
66.249.75.44 - - [16/Aug/2015:06:00:22 -0500] "GET /BLA/resoluciones/RESOLUCIONES%202010/6708.pdf HTTP/1.1" 304 -
151.80.31.129 - - [16/Aug/2015:06:00:40 -0500] "GET /BLA/resoluciones/RESOLUCIONES%202004/RES%202004%201051-1100/00001090.tif HTTP/1.1" 200 204398
66.249.75.44 - - [16/Aug/2015:06:01:02 -0500] "GET /BLA/resoluciones/AUTOS%202011/3773.pdf HTTP/1.1" 200 237299
74.86.158.107 - - [16/Aug/2015:06:01:18 -0500] "HEAD / HTTP/1.1" 200 -
151.80.31.129 - - [16/Aug/2015:06:01:24 -0500] "GET /BLA/resoluciones/AUTOS%202006/AUTOS%202006%202201%20-%202300/00002243.tif HTTP/1.1" 200 53386
201.245.192.253 - - [16/Aug/2015:06:01:41 -0500] "GET /forest/session.jsp?a=0.5881388423718219 HTTP/1.1" 200 4
31.185.198.153 - - [16/Aug/2015:06:01:41 -0500] "POST /xmlrpc.php HTTP/1.1" 200 415
152.61.128.66 - - [16/Aug/2015:06:02:08 -0500] "HEAD / HTTP/1.1" 200 -
152.61.128.66 - - [16/Aug/2015:06:02:08 -0500] "GET /arcgis/services/Calidad_del_Agua_WQI/MapServer/WMSServer?SERVICE=WMS&REQUEST=GetCapabilities HTTP/1.1" 200 32135
152.61.128.66 - - [16/Aug/2015:06:02:08 -0500] "GET /arcgis/services/Calidad_del_Agua_WQI/MapServer/WMSServer?SERVICE=WMS&REQUEST=GetCapabilities HTTP/1.0" 200 32135
152.61.128.66 - - [16/Aug/2015:06:02:10 -0500] "GET /arcgis/services/Calidad_del_Agua_WQI/MapServer/WMSServer?SERVICE=WMS&REQUEST=GetCapabilities HTTP/1.0" 200 32135
152.61.128.66 - - [16/Aug/2015:06:02:11 -0500] "GET /arcgis/services/Calidad_del_Agua_WQI/MapServer/WMSServer?SERVICE=WMS&REQUEST=GetCapabilities HTTP/1.0" 200 32135
152.61.128.66 - - [16/Aug/2015:06:02:12 -0500] "GET /arcgis/services/Calidad_del_Agua_WQI/MapServer/WMSServer?VERSION=1.1.1&REQUEST=GetMap&LAYERS=0&SRS=EPSG:4326&BBOX=-74.473395,3.674381,-73.963300,4.920569&WIDTH=250&HEIGHT=250&FORMAT=image/bmp&STYLES=& HTTP/1.1" 200 188054
66.249.75.28 - - [16/Aug/2015:06:03:14 -0500] "GET /BLA/resoluciones/AUTOS%202014/1623.pdf HTTP/1.1" 304 -
201.245.192.253 - - [16/Aug/2015:06:03:19 -0500] "GET /forest/session.jsp?a=0.25749755255817985 HTTP/1.1" 200 4
151.80.31.129 - - [16/Aug/2015:06:03:29 -0500] "GET /BLA/resoluciones/RESOLUCIONES%202004/RES%202004%20501-550/00000528.tif HTTP/1.1" 200 105786
151.80.31.129 - - [16/Aug/2015:06:03:34 -0500] "GET /BLA/resoluciones/RESOLUCIONES%202004/RES%202004%201201-1250/00001202.tif HTTP/1.1" 200 164170
66.249.75.28 - - [16/Aug/2015:06:03:40 -0500] "GET /BLA/resoluciones/AUTOS%202008/2154.pdf HTTP/1.1" 200 288606
151.80.31.129 - - [16/Aug/2015:06:04:55 -0500] "GET /BLA/resoluciones/index.php?dir=RESOLUCIONES%202014/&sort=size&order=desc HTTP/1.1" 200 212722
66.249.75.28 - - [16/Aug/2015:06:05:38 -0500] "GET /BLA/resoluciones/RESOLUCIONES%202011/5769.pdf HTTP/1.1" 200 1600396
66.249.75.44 - - [16/Aug/2015:06:06:13 -0500] "GET /BLA/resoluciones/AUTOS%202014/0828.pdf HTTP/1.1" 304 -
66.249.75.36 - - [16/Aug/2015:06:06:14 -0500] "GET /BLA/resoluciones/AUTOS%202013/0359.pdf HTTP/1.1" 304 -
74.86.158.107 - - [16/Aug/2015:06:06:18 -0500] "HEAD / HTTP/1.1" 200 -
151.80.31.129 - - [16/Aug/2015:06:06:27 -0500] "GET /BLA/resoluciones/AUTOS%202006/AUTOS%202006%201701%20-%201800/00001717.tif HTTP/1.1" 200 56658
201.245.192.253 - - [16/Aug/2015:06:06:41 -0500] "GET /forest/session.jsp?a=0.7158093669576707 HTTP/1.1" 200 4
151.80.31.129 - - [16/Aug/2015:06:07:35 -0500] "GET /BLA/resoluciones/RESOLUCIONES%202005/RES%202005%201401-1450/00001406.tif HTTP/1.1" 200 379984
201.245.192.253 - - [16/Aug/2015:06:08:19 -0500] "GET /forest/session.jsp?a=0.6616062842294835 HTTP/1.1" 200 4
66.249.75.44 - - [16/Aug/2015:06:09:14 -0500] "GET /BLA/resoluciones/AUTOS%202012/0829.pdf HTTP/1.1" 200 242664
66.249.75.28 - - [16/Aug/2015:06:09:18 -0500] "GET /BLA/resoluciones/AUTOS%202014/4187.pdf HTTP/1.1" 304 -
66.249.75.28 - - [16/Aug/2015:06:09:28 -0500] "GET /BLA/resoluciones/AUTOS%202013/0672.pdf HTTP/1.1" 200 2578694
66.249.75.36 - - [16/Aug/2015:06:09:47 -0500] "GET /BLA/boletinlegal/Directivas/2015/015.php.2015.pdf HTTP/1.1" 200 379
66.249.69.40 - - [16/Aug/2015:06:10:07 -0500] "GET /Autoliquidacion/index.php?dir=&sort=name&order=asc HTTP/1.1" 200 6375
66.249.75.36 - - [16/Aug/2015:06:10:21 -0500] "GET /BLA/resoluciones/AUTOS%202011/4284.pdf HTTP/1.1" 200 247365
177.252.142.105 - - [16/Aug/2015:06:10:24 -0500] "GET /BLA/boletinlegal/js/jquery.scrollShow.js HTTP/1.1" 200 4586
177.252.142.105 - - [16/Aug/2015:06:10:24 -0500] "GET /galeria/galeria/jquery.fancybox.js?v=2.1.5 HTTP/1.1" 200 48706
177.252.142.105 - - [16/Aug/2015:06:10:24 -0500] "GET /galeria/galeria/jquery.fancybox.css?v=2.1.5 HTTP/1.1" 200 4895
74.86.158.107 - - [16/Aug/2015:06:11:18 -0500] "HEAD / HTTP/1.1" 200 -
201.245.192.253 - - [16/Aug/2015:06:11:41 -0500] "GET /forest/session.jsp?a=0.5154700403130128 HTTP/1.1" 200 4
220.181.108.146 - - [16/Aug/2015:06:12:08 -0500] "GET /galeria/galeria/jquery.fancybox.js?v=2.1.5 HTTP/1.1" 200 48706
220.181.108.178 - - [16/Aug/2015:06:12:10 -0500] "GET /galeria/galeria/jquery.fancybox.css?v=2.1.5 HTTP/1.1" 200 4895
220.181.108.156 - - [16/Aug/2015:06:12:11 -0500] "GET /galeria/carrusel/Carrusel/jquery.thumbnailScroller.css HTTP/1.1" 200 2066
66.249.75.28 - - [16/Aug/2015:06:12:24 -0500] "GET /BLA/resoluciones/RESOLUCIONES%202012/1475.pdf HTTP/1.1" 304 -
66.249.75.44 - - [16/Aug/2015:06:12:25 -0500] "GET /BLA/resoluciones/AUTOS%202011/2404.pdf HTTP/1.1" 304 -
151.80.31.129 - - [16/Aug/2015:06:12:49 -0500] "GET /BLA/resoluciones/RESOLUCIONES%202006/RES%202006%202001-2050/00002047.tif HTTP/1.1" 200 384148
151.80.31.129 - - [16/Aug/2015:06:12:57 -0500] "GET /BLA/resoluciones/RESOLUCIONES%202006/RES%202006%20151-200/00000178.tif HTTP/1.1" 200 169550
201.245.192.253 - - [16/Aug/2015:06:13:19 -0500] "GET /forest/session.jsp?a=0.9514531791492129 HTTP/1.1" 200 4
220.181.108.145 - - [16/Aug/2015:06:14:22 -0500] "GET /galeria/galeria/jquery.fancybox.js?v=2.1.5 HTTP/1.1" 200 48706
123.125.71.114 - - [16/Aug/2015:06:14:25 -0500] "GET /galeria/galeria/jquery.fancybox.css?v=2.1.5 HTTP/1.1" 200 4895
123.125.71.45 - - [16/Aug/2015:06:14:26 -0500] "GET /galeria/carrusel/Carrusel/jquery.thumbnailScroller.css HTTP/1.1" 200 2066
123.125.71.40 - - [16/Aug/2015:06:14:27 -0500] "GET /galeria/carrusel/Carrusel/jquery.thumbnailScroller.js HTTP/1.1" 200 8157
66.249.75.28 - - [16/Aug/2015:06:14:56 -0500] "GET /BLA/resoluciones/RESOLUCIONES%202011/5320.pdf HTTP/1.1" 200 657646
151.80.31.129 - - [16/Aug/2015:06:15:05 -0500] "GET /BLA/resoluciones/RESOLUCIONES%202002/RES%202002%201451-1500/20021486.tif HTTP/1.1" 200 44446
151.80.31.129 - - [16/Aug/2015:06:15:07 -0500] "GET /BLA/resoluciones/AUTOS%202006/AUTOS%202006%20501-600/00000525.tif HTTP/1.1" 200 40128
66.249.75.36 - - [16/Aug/2015:06:15:24 -0500] "GET /BLA/resoluciones/RESOLUCIONES%202007/RES%202007%202501%20AL%202600/RESOLUCION%202542%20DE%202007.pdf HTTP/1.1" 304 -
66.249.75.28 - - [16/Aug/2015:06:15:24 -0500] "GET /BLA/resoluciones/RESOLUCIONES%202007/RES%202007%201101%20AL%201200/RESOLUCION%201183%20DE%202007.pdf HTTP/1.1" 200 191406
200.1.126.10 - - [16/Aug/2015:06:15:39 -0500] "GET /galeria/nivo-slider/demo/images/acuerdo_569.jpg HTTP/1.1" 304 -
151.80.31.129 - - [16/Aug/2015:06:16:09 -0500] "GET /BLA/resoluciones/RESOLUCIONES%202002/RES%202002%20901-950/00000920.tif HTTP/1.1" 200 117934
66.249.75.36 - - [16/Aug/2015:06:16:12 -0500] "GET /BLA/boletinlegal/Circulares/2015/2015.php.2015.pdf HTTP/1.1" 200 379
74.86.158.107 - - [16/Aug/2015:06:16:18 -0500] "HEAD / HTTP/1.1" 200 -
201.245.192.253 - - [16/Aug/2015:06:16:41 -0500] "GET /forest/session.jsp?a=0.2041114197888344 HTTP/1.1" 200 4
180.76.15.16 - - [16/Aug/2015:06:17:00 -0500] "GET /BLA/boletinlegal/Directivas/2015/Directiva%20No.%2001%20del%2014%20de%20Enero%20de%202015.pdf HTTP/1.1" 200 1416322
123.125.71.69 - - [16/Aug/2015:06:17:16 -0500] "GET / HTTP/1.1" 200 10190
151.80.31.129 - - [16/Aug/2015:06:17:30 -0500] "GET /BLA/resoluciones/AUTOS%202006/AUTOS%202006%201201-1300/00001278.tif HTTP/1.1" 200 131560
201.245.192.253 - - [16/Aug/2015:06:18:19 -0500] "GET /forest/session.jsp?a=0.23583884540863453 HTTP/1.1" 200 4
66.249.75.28 - - [16/Aug/2015:06:18:33 -0500] "GET /Autoliquidacion/TR%C3%81MITES%20AGUAS%20SUPERFICIALES/FORMULARIO%20NACIONAL%20SOLICITUD%20-Concesion%20Aguas%20Superficiales.pdf HTTP/1.1" 304 -
151.80.31.129 - - [16/Aug/2015:06:18:38 -0500] "GET /BLA/resoluciones/AUTOS%202006/AUTOS%202006%202301%20-%202400/00002311.tif HTTP/1.1" 200 68914
151.80.31.129 - - [16/Aug/2015:06:19:09 -0500] "GET /BLA/resoluciones/index.php?dir=RESOLUCIONES%202005/RES%202005%201451-1500/&sort=name&order=desc HTTP/1.1" 200 12367
127.0.0.1 - - [16/Aug/2015:06:19:15 -0500] "POST /wp-cron.php?doing_wp_cron=1439723955.1314890384674072265625 HTTP/1.0" 200 -
176.10.104.240 - - [16/Aug/2015:06:19:14 -0500] "GET / HTTP/1.1" 301 -
77.109.141.138 - - [16/Aug/2015:06:19:17 -0500] "GET / HTTP/1.1" 200 129338
151.80.31.129 - - [16/Aug/2015:06:19:22 -0500] "GET /BLA/resoluciones/RESOLUCIONES%202004/RES%202004%202051-2100/00002089.tif HTTP/1.1" 200 147168
66.249.75.44 - - [16/Aug/2015:06:19:40 -0500] "GET /BLA/resoluciones/AUTOS%202011/7482.pdf HTTP/1.1" 200 146053
66.249.75.44 - - [16/Aug/2015:06:20:00 -0500] "GET /BLA/resoluciones/RESOLUCIONES%202004/RES%202004%20751-800/00000784.tif HTTP/1.1" 200 127636
66.249.83.156 - - [16/Aug/2015:06:20:18 -0500] "GET /sig/MECI/DOCUMENTOS/Informe%20de%20Gestion/INFORME%20DE%20GESTION%202008%202010VersionFinal.pdf HTTP/1.1" 404 1018
66.249.69.48 - - [16/Aug/2015:06:20:51 -0500] "GET /galeria/juegos/ear/EARI.swf HTTP/1.1" 200 526915
66.249.69.48 - - [16/Aug/2015:06:21:11 -0500] "GET /galeria/juegos/ear/SkinUnderPlaySeekStop.swf HTTP/1.1" 404 1019
74.86.158.107 - - [16/Aug/2015:06:21:18 -0500] "HEAD / HTTP/1.1" 200 -
201.245.192.253 - - [16/Aug/2015:06:21:41 -0500] "GET /forest/session.jsp?a=0.18348071381764963 HTTP/1.1" 200 4
66.249.75.36 - - [16/Aug/2015:06:21:44 -0500] "GET /BLA/resoluciones/AUTOS%202013/3508.pdf HTTP/1.1" 304 -
66.249.69.48 - - [16/Aug/2015:06:21:44 -0500] "GET /BLA/boletinlegal/jurisprudencia/analisis/analisis%20C-595-2010.doc HTTP/1.1" 304 -
151.80.31.129 - - [16/Aug/2015:06:22:06 -0500] "GET /BLA/resoluciones/RESOLUCIONES%202004/RES%202004%20951-1000/00000984.tif HTTP/1.1" 200 51732
66.249.75.44 - - [16/Aug/2015:06:22:31 -0500] "GET /BLA/resoluciones/RESOLUCIONES%202011/2389.pdf HTTP/1.1" 200 276879
83.149.126.98 - - [16/Aug/2015:06:22:47 -0500] "GET /robots.txt HTTP/1.0" 200 35
83.149.126.98 - - [16/Aug/2015:06:22:49 -0500] "GET / HTTP/1.0" 301 -
83.149.126.98 - - [16/Aug/2015:06:22:51 -0500] "GET /robots.txt HTTP/1.0" 200 35
83.149.126.98 - - [16/Aug/2015:06:22:53 -0500] "GET / HTTP/1.0" 200 129352
201.245.192.253 - - [16/Aug/2015:06:23:19 -0500] "GET /forest/session.jsp?a=0.9171020465633855 HTTP/1.1" 200 4
151.80.31.129 - - [16/Aug/2015:06:23:19 -0500] "GET /BLA/resoluciones/index.php?dir=RESOLUCIONES%202006/RES%202006%20651-700/&sort=size&order=asc HTTP/1.1" 200 12252
66.249.75.105 - - [16/Aug/2015:06:23:25 -0500] "GET /ngg_tag-sitemap.xml HTTP/1.1" 200 615
66.249.75.36 - - [16/Aug/2015:06:23:29 -0500] "GET /BLA/resoluciones/RESOLUCIONES%202003/RES%202003%20951-1000/959.tif HTTP/1.1" 200 132244
68.180.230.190 - - [16/Aug/2015:06:22:45 -0500] "GET /BLA/boletinlegal/index.php HTTP/1.1" 200 54862
68.180.230.190 - - [16/Aug/2015:06:24:11 -0500] "GET /BLA/boletinlegal/Circulares/2015/2015.2015.php2015.pdf HTTP/1.1" 200 379
66.249.75.36 - - [16/Aug/2015:06:24:15 -0500] "GET /BLA/resoluciones/RESOLUCIONES%202011/5397.pdf HTTP/1.1" 200 447808
190.145.92.19 - - [16/Aug/2015:06:24:37 -0500] "GET /galeria/galeria/jquery.fancybox.css?v=2.1.5 HTTP/1.1" 200 4895
190.145.92.19 - - [16/Aug/2015:06:24:37 -0500] "GET /galeria/galeria/jquery.fancybox.js?v=2.1.5 HTTP/1.1" 200 48706
190.145.92.19 - - [16/Aug/2015:06:24:38 -0500] "GET /galeria/juegos/rompecabezas/ HTTP/1.1" 200 1108
190.145.92.19 - - [16/Aug/2015:06:24:39 -0500] "GET /galeria/juegos/rompecabezas/animales.swf HTTP/1.1" 200 352988
66.249.75.28 - - [16/Aug/2015:06:24:53 -0500] "GET /BLA/resoluciones/Notificaciones/REGISTROS%202014/01474.doc HTTP/1.1" 304 -
66.249.75.44 - - [16/Aug/2015:06:24:54 -0500] "GET /BLA/resoluciones/RESOLUCIONES%202008/4235.pdf HTTP/1.1" 200 311534
68.180.230.190 - - [16/Aug/2015:06:24:55 -0500] "GET /BLA/boletinlegal/Circulares/.php/2015.php.pdf HTTP/1.1" 404 1018
66.249.75.44 - - [16/Aug/2015:06:24:59 -0500] "GET /POT-2013/Cartografia/32_Altura%20para%20c%C3%A1lculo%20de%20edificabilidad%20predominante%20y%20aisl.pdf HTTP/1.1" 200 3984236
68.180.230.190 - - [16/Aug/2015:06:25:06 -0500] "GET /BLA/boletinlegal/Directivas/asdf/asdfasdf.pdf HTTP/1.1" 404 1018
220.181.108.141 - - [16/Aug/2015:06:25:12 -0500] "GET / HTTP/1.1" 200 10190
68.180.230.190 - - [16/Aug/2015:06:25:23 -0500] "GET /BLA/boletinlegal/Circulares/2015/2015.php...........................................pdf HTTP/1.1" 404 1018
68.180.230.190 - - [16/Aug/2015:06:25:28 -0500] "GET /BLA/boletinlegal/Circulares/2015/2015.pdf HTTP/1.1" 200 379
68.180.230.190 - - [16/Aug/2015:06:25:38 -0500] "GET /BLA/boletinlegal/Directivas/2015/015.php.2015.pdf HTTP/1.1" 200 379
68.180.230.190 - - [16/Aug/2015:06:25:42 -0500] "GET /BLA/boletinlegal/Directivas/2015/015.php?2015.pdf HTTP/1.1" 404 1018
68.180.230.190 - - [16/Aug/2015:06:25:56 -0500] "GET /BLA/boletinlegal/Circulares/2015/2015.php;.2015.pdf HTTP/1.1" 200 379
68.180.230.190 - - [16/Aug/2015:06:26:06 -0500] "GET /BLA/boletinlegal/Circulares/.php/2015.2015.file.php.pdf HTTP/1.1" 404 1018
74.86.158.107 - - [16/Aug/2015:06:26:18 -0500] "HEAD / HTTP/1.1" 200 -
201.245.192.253 - - [16/Aug/2015:06:26:41 -0500] "GET /forest/session.jsp?a=0.926546556762848 HTTP/1.1" 200 4
68.180.230.190 - - [16/Aug/2015:06:26:45 -0500] "GET /BLA/boletinlegal/Circulares/2015/2015.php.2015.pdf HTTP/1.1" 200 379
190.145.92.19 - - [16/Aug/2015:06:27:01 -0500] "GET /galeria/galeria/jquery.fancybox.js?v=2.1.5 HTTP/1.1" 304 -
190.145.92.19 - - [16/Aug/2015:06:27:01 -0500] "GET /galeria/galeria/jquery.fancybox.css?v=2.1.5 HTTP/1.1" 304 -
190.145.92.19 - - [16/Aug/2015:06:27:06 -0500] "GET /galeria/galeria/jquery.fancybox.js?v=2.1.5 HTTP/1.1" 304 -
190.145.92.19 - - [16/Aug/2015:06:27:06 -0500] "GET /galeria/galeria/jquery.fancybox.css?v=2.1.5 HTTP/1.1" 304 -
190.145.92.19 - - [16/Aug/2015:06:27:06 -0500] "GET /galeria/juegos/ear/ HTTP/1.1" 200 1093
190.145.92.19 - - [16/Aug/2015:06:27:06 -0500] "GET /galeria/juegos/ear/EARI.swf HTTP/1.1" 200 526915
190.145.92.19 - - [16/Aug/2015:06:27:07 -0500] "GET /galeria/juegos/ear/SkinUnderPlaySeekStop.swf HTTP/1.1" 404 1300
190.145.92.19 - - [16/Aug/2015:06:27:07 -0500] "GET /galeria/juegos/ear/objects/Smacking-DJ_Dinky-10082_hifi.mp3 HTTP/1.1" 200 27712
190.145.92.19 - - [16/Aug/2015:06:27:07 -0500] "GET /galeria/juegos/ear/cab_ear.flv HTTP/1.1" 200 2172365
66.249.75.36 - - [16/Aug/2015:06:27:14 -0500] "GET /BLA/resoluciones/RESOLUCIONES%202011/2544.pdf HTTP/1.1" 200 720463
190.145.92.19 - - [16/Aug/2015:06:27:44 -0500] "GET /galeria/juegos/ear/texturesExport/BuildingsDerelict0002_L.jpg HTTP/1.1" 200 7529
190.145.92.19 - - [16/Aug/2015:06:27:44 -0500] "GET /galeria/juegos/ear/objects/calle.dae HTTP/1.1" 200 138135
190.145.92.19 - - [16/Aug/2015:06:27:44 -0500] "GET /galeria/juegos/ear/texturesExport/BuildingsDerelict0005_1_L.jpg HTTP/1.1" 200 8832
190.145.92.19 - - [16/Aug/2015:06:27:44 -0500] "GET /galeria/juegos/ear/texturesExport/BuildingsDerelict0036_L.jpg HTTP/1.1" 200 8986
190.145.92.19 - - [16/Aug/2015:06:27:44 -0500] "GET /galeria/juegos/ear/texturesExport/BuildingsTallHouse0020_M.jpg HTTP/1.1" 200 8451
190.145.92.19 - - [16/Aug/2015:06:27:44 -0500] "GET /galeria/juegos/ear/texturesExport/TilesPlain0109_7_thumbhuge.jpg HTTP/1.1" 200 21493
190.145.92.19 - - [16/Aug/2015:06:27:58 -0500] "GET /galeria/juegos/ear/objects/Acidic_C-Suspende-10275_hifi.mp3 HTTP/1.1" 200 110886
66.249.75.28 - - [16/Aug/2015:06:28:03 -0500] "GET /BLA/resoluciones/RESOLUCIONES%202012/1854.pdf HTTP/1.1" 304 -
66.249.75.44 - - [16/Aug/2015:06:28:06 -0500] "GET /BLA/resoluciones/AUTOS%202013/0944.pdf HTTP/1.1" 304 -
201.245.192.253 - - [16/Aug/2015:06:28:19 -0500] "GET /forest/session.jsp?a=0.06166603063117937 HTTP/1.1" 200 4
66.249.75.36 - - [16/Aug/2015:06:28:30 -0500] "GET /BLA/resoluciones/RESOLUCIONES%202008/0566.pdf HTTP/1.1" 304 -
66.249.75.28 - - [16/Aug/2015:06:28:43 -0500] "GET /BLA/resoluciones/AUTOS%202007/1919.pdf HTTP/1.1" 200 90400
66.249.75.28 - - [16/Aug/2015:06:28:58 -0500] "GET /Autoliquidacion/Solicitud%20de%20Licencia%20Ambiental/Solicitud%20de%20licencia%20ambiental.....pdf HTTP/1.1" 304 -
66.249.75.44 - - [16/Aug/2015:06:28:59 -0500] "GET /BLA/resoluciones/AUTOS%202009/1723.pdf HTTP/1.1" 200 124491
151.80.31.129 - - [16/Aug/2015:06:28:59 -0500] "GET /BLA/resoluciones/AUTOS%202006/AUTOS%202006%20801-900/00000819.tif HTTP/1.1" 200 132870
186.28.66.233 - - [16/Aug/2015:06:29:16 -0500] "GET /galeria/galeria/jquery.fancybox.js?v=2.1.5 HTTP/1.1" 200 48706
186.28.66.233 - - [16/Aug/2015:06:29:16 -0500] "GET /galeria/galeria/jquery.fancybox.css?v=2.1.5 HTTP/1.1" 200 4895
186.28.66.233 - - [16/Aug/2015:06:29:16 -0500] "GET /BLA/boletinlegal/js/jquery.scrollShow.js HTTP/1.1" 200 4586
186.113.10.143 - - [16/Aug/2015:06:29:19 -0500] "GET /galeria/nivo-slider/demo/images/Seguridad.jpg HTTP/1.1" 304 -
190.145.92.19 - - [16/Aug/2015:06:29:26 -0500] "GET /galeria/galeria/jquery.fancybox.js?v=2.1.5 HTTP/1.1" 304 -
190.145.92.19 - - [16/Aug/2015:06:29:26 -0500] "GET /galeria/galeria/jquery.fancybox.css?v=2.1.5 HTTP/1.1" 304 -
186.28.66.233 - - [16/Aug/2015:06:29:28 -0500] "GET /galeria/galeria/jquery.fancybox.js?v=2.1.5 HTTP/1.1" 304 -
186.28.66.233 - - [16/Aug/2015:06:29:28 -0500] "GET /galeria/galeria/jquery.fancybox.css?v=2.1.5 HTTP/1.1" 304 -
186.28.66.233 - - [16/Aug/2015:06:29:28 -0500] "GET /BLA/boletinlegal/js/jquery.scrollShow.js HTTP/1.1" 304 -
190.145.92.19 - - [16/Aug/2015:06:29:28 -0500] "GET /galeria/galeria/jquery.fancybox.css?v=2.1.5 HTTP/1.1" 304 -
190.145.92.19 - - [16/Aug/2015:06:29:28 -0500] "GET /galeria/galeria/jquery.fancybox.js?v=2.1.5 HTTP/1.1" 304 -
190.145.92.19 - - [16/Aug/2015:06:29:47 -0500] "GET /galeria/juegos/rompecabezas/image1.jpg HTTP/1.1" 404 1326
190.145.92.19 - - [16/Aug/2015:06:29:47 -0500] "GET /galeria/juegos/rompecabezas/image1.bmp HTTP/1.1" 404 1326
190.145.92.19 - - [16/Aug/2015:06:29:47 -0500] "GET /galeria/juegos/rompecabezas/image1.gif HTTP/1.1" 404 1326
190.145.92.19 - - [16/Aug/2015:06:29:47 -0500] "GET /galeria/juegos/rompecabezas/image1.png HTTP/1.1" 404 1326
190.145.92.19 - - [16/Aug/2015:06:29:47 -0500] "GET /galeria/juegos/rompecabezas/image1.swf HTTP/1.1" 404 1326
190.145.92.19 - - [16/Aug/2015:06:29:47 -0500] "GET /galeria/juegos/rompecabezas/image1.JPG HTTP/1.1" 404 1326
190.145.92.19 - - [16/Aug/2015:06:29:47 -0500] "GET /galeria/juegos/rompecabezas/image1.BMP HTTP/1.1" 404 1326
190.145.92.19 - - [16/Aug/2015:06:29:47 -0500] "GET /galeria/juegos/rompecabezas/image1.GIF HTTP/1.1" 404 1326
190.145.92.19 - - [16/Aug/2015:06:29:47 -0500] "GET /galeria/juegos/rompecabezas/image1.PNG HTTP/1.1" 404 1326
190.145.92.19 - - [16/Aug/2015:06:29:47 -0500] "GET /galeria/juegos/rompecabezas/image1.SWF HTTP/1.1" 404 1326
190.145.92.19 - - [16/Aug/2015:06:29:56 -0500] "GET /galeria/galeria/jquery.fancybox.js?v=2.1.5 HTTP/1.1" 304 -
190.145.92.19 - - [16/Aug/2015:06:29:56 -0500] "GET /galeria/galeria/jquery.fancybox.css?v=2.1.5 HTTP/1.1" 304 -
68.180.230.190 - - [16/Aug/2015:06:30:18 -0500] "GET /BLA/boletinlegal/Circulares/.php/2015.php.php.pdf HTTP/1.1" 404 1018
66.249.75.28 - - [16/Aug/2015:06:31:13 -0500] "GET /BLA/resoluciones/AUTOS%202013/1640.pdf HTTP/1.1" 304 -
66.249.75.44 - - [16/Aug/2015:06:31:16 -0500] "GET /BLA/resoluciones/RESOLUCIONES%202013/0372.pdf HTTP/1.1" 304 -
74.86.158.107 - - [16/Aug/2015:06:31:18 -0500] "HEAD / HTTP/1.1" 200 -
201.245.192.253 - - [16/Aug/2015:06:31:41 -0500] "GET /forest/session.jsp?a=0.3975955910600508 HTTP/1.1" 200 4
66.249.75.44 - - [16/Aug/2015:06:31:54 -0500] "GET /BLA/resoluciones/RESOLUCIONES%202013/0062.pdf HTTP/1.1" 304 -
180.76.15.142 - - [16/Aug/2015:06:32:00 -0500] "GET /SIG/Gestion%20Recursos%20Financieros/126PA02-PR24%20ELABORACION%20ESTADOS%20FINANCIEROS.pdf HTTP/1.1" 200 266770
68.180.230.190 - - [16/Aug/2015:06:32:12 -0500] "GET /BLA/boletinlegal/Directivas/sd1f/asdfasd1f.pdf HTTP/1.1" 404 1018
151.80.31.129 - - [16/Aug/2015:06:32:40 -0500] "GET /BLA/resoluciones/RESOLUCIONES%202005/RES%202005%20901-950/00000912.tif HTTP/1.1" 200 145908
151.80.31.129 - - [16/Aug/2015:06:32:53 -0500] "GET /BLA/resoluciones/index.php?dir=AUTOS%202006/AUTOS%202006%201701%20-%201800/&sort=name&order=desc HTTP/1.1" 200 22246
66.249.75.44 - - [16/Aug/2015:06:32:57 -0500] "GET /BLA/resoluciones/RESOLUCIONES%202011/3477.pdf HTTP/1.1" 200 534308
151.80.31.129 - - [16/Aug/2015:06:33:11 -0500] "GET /BLA/resoluciones/RESOLUCIONES%202005/RES%202005%20901-950/00000950.tif HTTP/1.1" 200 136774
201.245.192.253 - - [16/Aug/2015:06:33:19 -0500] "GET /forest/session.jsp?a=0.3892515637274413 HTTP/1.1" 200 4
66.249.75.44 - - [16/Aug/2015:06:33:33 -0500] "GET /BLA/resoluciones/AUTOS%202009/2857.pdf HTTP/1.1" 200 93641
66.249.75.44 - - [16/Aug/2015:06:34:13 -0500] "GET /BLA/resoluciones/RESOLUCIONES%202011/5572.pdf HTTP/1.1" 304 -
66.249.75.36 - - [16/Aug/2015:06:34:16 -0500] "GET /BLA/resoluciones/AUTOS%202013/0321.pdf HTTP/1.1" 304 -
68.180.230.190 - - [16/Aug/2015:06:34:20 -0500] "GET /BLA/boletinlegal/Directivas/.php/2015_cosa.php.pdf HTTP/1.1" 404 1018
157.55.39.25 - - [16/Aug/2015:06:34:58 -0500] "GET /robots.txt HTTP/1.1" 404 1015
151.80.31.129 - - [16/Aug/2015:06:35:03 -0500] "GET /BLA/resoluciones/RESOLUCIONES%202006/RES%202006%20%202951-3000/00002983.tif HTTP/1.1" 200 36826
157.55.39.25 - - [16/Aug/2015:06:35:28 -0500] "GET /dama/libreria/pdf/ressol02.pdf HTTP/1.1" 404 1015
151.80.31.129 - - [16/Aug/2015:06:35:57 -0500] "GET /BLA/resoluciones/AUTOS%202006/AUTOS%202006%20601-700/00000606.tif HTTP/1.1" 200 176508
74.86.158.107 - - [16/Aug/2015:06:36:18 -0500] "HEAD / HTTP/1.1" 200 -
66.249.75.28 - - [16/Aug/2015:06:36:21 -0500] "GET /BLA/resoluciones/Autos%202008/2154.pdf HTTP/1.1" 200 288606
201.245.192.253 - - [16/Aug/2015:06:36:41 -0500] "GET /forest/session.jsp?a=0.6748885404538411 HTTP/1.1" 200 4
66.249.75.28 - - [16/Aug/2015:06:37:05 -0500] "GET /BLA/resoluciones/AUTOS%202013/0684.pdf HTTP/1.1" 200 767162
66.249.75.28 - - [16/Aug/2015:06:37:23 -0500] "GET /BLA/resoluciones/RESOLUCIONES%202011/3759.pdf HTTP/1.1" 304 -
66.249.75.44 - - [16/Aug/2015:06:37:24 -0500] "GET /BLA/resoluciones/RESOLUCIONES%202007/RES%202007%204001%20AL%204100/RESOLUCION%204081%20DE%202007.pdf HTTP/1.1" 304 -
201.245.192.253 - - [16/Aug/2015:06:37:27 -0500] "GET /galeria/nivo-slider/demo/demo.html HTTP/1.1" 304 -
201.245.192.253 - - [16/Aug/2015:06:37:28 -0500] "GET /galeria/nivo-slider/demo/images/rendicion-de-cuentas-7-agosto.jpg HTTP/1.1" 304 -
201.245.192.253 - - [16/Aug/2015:06:37:28 -0500] "GET /galeria/nivo-slider/demo/images/Seguridad.jpg HTTP/1.1" 304 -
201.245.192.253 - - [16/Aug/2015:06:37:28 -0500] "GET /galeria/nivo-slider/demo/images/Banner-TL.jpg HTTP/1.1" 304 -
201.245.192.253 - - [16/Aug/2015:06:37:28 -0500] "GET /galeria/nivo-slider/demo/images/9Signos.jpg HTTP/1.1" 304 -
151.80.31.129 - - [16/Aug/2015:06:38:03 -0500] "GET /BLA/resoluciones/AUTOS%202006/AUTOS%202006%202701%20-%202800/00002727.tif HTTP/1.1" 200 203892
66.249.75.44 - - [16/Aug/2015:06:38:09 -0500] "GET /BLA/resoluciones/RESOLUCIONES%202008/3748.pdf HTTP/1.1" 200 378141
66.249.75.44 - - [16/Aug/2015:06:38:17 -0500] "GET /BLA/resoluciones/RESOLUCIONES%202008/3356.pdf HTTP/1.1" 200 325710
201.245.192.253 - - [16/Aug/2015:06:38:19 -0500] "GET /forest/session.jsp?a=0.9689230983009957 HTTP/1.1" 200 4
66.249.75.28 - - [16/Aug/2015:06:38:46 -0500] "GET /smbc/infconsolidado.pdf HTTP/1.1" 404 1018
66.249.75.36 - - [16/Aug/2015:06:38:53 -0500] "GET /BLA/boletinlegal/Circulares/2015/2015.2015.php2015.pdf HTTP/1.1" 200 379
66.249.75.28 - - [16/Aug/2015:06:39:07 -0500] "GET /BLA/resoluciones/RESOLUCIONES%202009/5017.pdf HTTP/1.1" 200 650283
66.249.75.36 - - [16/Aug/2015:06:39:10 -0500] "GET /jun/programa.pdf HTTP/1.1" 404 1018
66.249.75.28 - - [16/Aug/2015:06:39:22 -0500] "GET /BLA/resoluciones/AUTOS%202009/0499.pdf HTTP/1.1" 200 185717
66.249.75.36 - - [16/Aug/2015:06:39:27 -0500] "GET /BLA/resoluciones/RESOLUCIONES%202008/2516.pdf HTTP/1.1" 200 730544
66.249.83.159 - - [16/Aug/2015:06:40:20 -0500] "GET /sig/MECI/DOCUMENTOS/Informe%20de%20Gestion/INFORME%20DE%20GESTION%202008%202010VersionFinal.pdf HTTP/1.1" 404 1018
66.249.75.36 - - [16/Aug/2015:06:40:23 -0500] "GET /BLA/resoluciones/AUTOS%202014/6261.pdf HTTP/1.1" 304 -
66.249.75.36 - - [16/Aug/2015:06:40:26 -0500] "GET /BLA/resoluciones/RESOLUCIONES%202008/5043.pdf HTTP/1.1" 200 307998
66.249.75.28 - - [16/Aug/2015:06:40:28 -0500] "GET /BLA/resoluciones/RESOLUCIONES%202009/4619.pdf HTTP/1.1" 200 645263
66.249.75.36 - - [16/Aug/2015:06:40:35 -0500] "GET /resoluciones/RESOLUCIONES%202008/1859.pdf HTTP/1.1" 404 1018
151.80.31.129 - - [16/Aug/2015:06:40:40 -0500] "GET /BLA/resoluciones/RESOLUCIONES%202002/RES%202002%20351-400/00000400.tif HTTP/1.1" 200 59620
66.249.83.159 - - [16/Aug/2015:06:40:59 -0500] "GET /sig/MECI/DOCUMENTOS/Informe%20de%20Gestion/INFORME%20DE%20GESTION%202008%202010VersionFinal.pdf HTTP/1.1" 404 1018
66.249.75.44 - - [16/Aug/2015:06:41:03 -0500] "GET /BLA/resoluciones/RESOLUCIONES%202009/3763.pdf HTTP/1.1" 200 53856
151.80.31.129 - - [16/Aug/2015:06:41:05 -0500] "GET /BLA/resoluciones/RESOLUCIONES%202003/RES%202003%20501-550/534.tif HTTP/1.1" 200 155152
74.86.158.107 - - [16/Aug/2015:06:41:18 -0500] "HEAD / HTTP/1.1" 200 -
201.245.192.253 - - [16/Aug/2015:06:41:41 -0500] "GET /forest/session.jsp?a=0.8855721051902866 HTTP/1.1" 200 4
66.249.75.36 - - [16/Aug/2015:06:42:04 -0500] "GET /BLA/resoluciones/RESOLUCIONES%202011/4308.pdf HTTP/1.1" 200 165747
66.249.75.44 - - [16/Aug/2015:06:42:25 -0500] "GET /BLA/resoluciones/RESOLUCIONES%202009/0331.pdf HTTP/1.1" 200 254012
66.249.75.28 - - [16/Aug/2015:06:42:38 -0500] "GET /BLA/resoluciones/RESOLUCIONES%202009/4779.pdf HTTP/1.1" 200 375594
66.249.75.28 - - [16/Aug/2015:06:42:52 -0500] "GET /BLA/resoluciones/AUTOS%202009/1912.pdf HTTP/1.1" 200 81420
66.249.75.36 - - [16/Aug/2015:06:43:04 -0500] "GET /BLA/resoluciones/AUTOS%202013/0623.pdf HTTP/1.1" 200 2708838
66.249.75.36 - - [16/Aug/2015:06:43:08 -0500] "GET /BLA/resoluciones/AUTOS%202013/1785.pdf HTTP/1.1" 200 433552
201.245.192.253 - - [16/Aug/2015:06:43:19 -0500] "GET /forest/session.jsp?a=0.2229840111563579 HTTP/1.1" 200 4
66.249.75.44 - - [16/Aug/2015:06:43:31 -0500] "GET /BLA/resoluciones/RESOLUCIONES%202012/0725.pdf HTTP/1.1" 200 376644
66.249.75.28 - - [16/Aug/2015:06:43:34 -0500] "GET /BLA/resoluciones/RESOLUCIONES%202012/1714.pdf HTTP/1.1" 304 -
66.249.75.36 - - [16/Aug/2015:06:43:35 -0500] "GET /BLA/resoluciones/RESOLUCIONES%202011/3944.pdf HTTP/1.1" 304 -
66.249.75.44 - - [16/Aug/2015:06:43:38 -0500] "GET /BLA/resoluciones/AUTOS%202010/0414.pdf HTTP/1.1" 304 -
66.249.75.44 - - [16/Aug/2015:06:44:11 -0500] "GET /BLA/resoluciones/RESOLUCIONES%202012/1114.pdf HTTP/1.1" 304 -
151.80.31.129 - - [16/Aug/2015:06:44:11 -0500] "GET /BLA/resoluciones/AUTOS%202006/AUTOS%202006%20601-700/00000628.tif HTTP/1.1" 200 59586
66.249.75.28 - - [16/Aug/2015:06:44:18 -0500] "GET /BLA/resoluciones/RESOLUCIONES%202008/3896.pdf HTTP/1.1" 200 220885
151.80.31.129 - - [16/Aug/2015:06:44:18 -0500] "GET /BLA/resoluciones/AUTOS%202006/AUTOS%202006%201801-%201900/00001807.tif HTTP/1.1" 200 159368
66.249.75.28 - - [16/Aug/2015:06:44:39 -0500] "GET /BLA/resoluciones/AUTOS%202007/3104.pdf HTTP/1.1" 200 281754
66.249.75.28 - - [16/Aug/2015:06:44:50 -0500] "GET /BLA/resoluciones/RESOLUCIONES%202009/4490.pdf HTTP/1.1" 200 506487
66.249.69.40 - - [16/Aug/2015:06:44:52 -0500] "GET /POT-2013/Cartografia/10_EEP_Urbana.pdf HTTP/1.1" 200 5413968
66.249.75.44 - - [16/Aug/2015:06:44:58 -0500] "GET /BLA/resoluciones/RESOLUCIONES%202008/5335.pdf HTTP/1.1" 200 179412
66.249.75.28 - - [16/Aug/2015:06:45:00 -0500] "GET /BLA/resoluciones/AUTOS%202013/0671.pdf HTTP/1.1" 200 2611931
151.80.31.129 - - [16/Aug/2015:06:45:20 -0500] "GET /BLA/resoluciones/RESOLUCIONES%202002/RES%202002%20551-600/00000554.tif HTTP/1.1" 200 121404
66.249.75.44 - - [16/Aug/2015:06:45:24 -0500] "GET /BLA/boletinlegal/Circulares/2015/2015.pdf HTTP/1.1" 200 379
66.249.75.36 - - [16/Aug/2015:06:45:26 -0500] "GET /resoluciones/RESOLUCIONES%202007/RES%202007%201801%20AL%201900/RESOLUCION%201848%20DE%202007.pdf HTTP/1.1" 404 1018
66.249.75.44 - - [16/Aug/2015:06:45:28 -0500] "GET /BLA/resoluciones/AUTOS%202013/0846.pdf HTTP/1.1" 200 2735815
66.249.75.36 - - [16/Aug/2015:06:45:44 -0500] "GET /BLA/resoluciones/AUTOS%202013/0526.pdf HTTP/1.1" 200 2828862
66.249.75.28 - - [16/Aug/2015:06:45:49 -0500] "GET /BLA/resoluciones/RESOLUCIONES%202007/RES%202007%202101%20AL%202200/RESOLUCION%202148%20DE%202007.pdf HTTP/1.1" 200 181076
66.249.75.28 - - [16/Aug/2015:06:45:56 -0500] "GET /resoluciones/RESOLUCIONES%202009/2869.pdf HTTP/1.1" 404 1018
66.249.69.108 - - [16/Aug/2015:06:46:07 -0500] "GET /dama/libreria/pdf/reportesredaire/anuales/2001.pdf HTTP/1.1" 404 1015
66.249.75.28 - - [16/Aug/2015:06:46:12 -0500] "GET /BLA/resoluciones/RESOLUCIONES%202009/8449.pdf HTTP/1.1" 200 521182
74.86.158.107 - - [16/Aug/2015:06:46:18 -0500] "HEAD / HTTP/1.1" 200 -
66.249.75.36 - - [16/Aug/2015:06:46:22 -0500] "GET /BLA/resoluciones/RESOLUCIONES%202009/2560.pdf HTTP/1.1" 200 396923
151.80.31.129 - - [16/Aug/2015:06:46:25 -0500] "GET /BLA/resoluciones/RESOLUCIONES%202002/RES%202002%20301-350/00000317.tif HTTP/1.1" 200 184916
201.245.192.253 - - [16/Aug/2015:06:46:41 -0500] "GET /forest/session.jsp?a=0.681398480697337 HTTP/1.1" 200 4
66.249.75.44 - - [16/Aug/2015:06:46:43 -0500] "GET /BLA/resoluciones/RESOLUCIONES%202010/3348.pdf HTTP/1.1" 304 -
66.249.75.44 - - [16/Aug/2015:06:46:46 -0500] "GET /BLA/resoluciones/AUTOS%202014/0563.pdf HTTP/1.1" 200 1023692
66.249.75.28 - - [16/Aug/2015:06:47:16 -0500] "GET /BLA/resoluciones/AUTOS%202008/0520.pdf HTTP/1.1" 304 -
66.249.75.36 - - [16/Aug/2015:06:47:36 -0500] "GET /BLA/resoluciones/AUTOS%202009/2003.pdf HTTP/1.1" 200 101201
66.249.75.36 - - [16/Aug/2015:06:47:41 -0500] "GET /BLA/resoluciones/RESOLUCIONES%202004/RES%202004%20751-800/00000760.tif HTTP/1.1" 200 182952
66.249.75.36 - - [16/Aug/2015:06:47:52 -0500] "GET /BLA/resoluciones/AUTOS%202012/2253.pdf HTTP/1.1" 200 153396
151.80.31.129 - - [16/Aug/2015:06:48:16 -0500] "GET /BLA/resoluciones/RESOLUCIONES%202003/RES%202003%201251-1300/20031282.tif HTTP/1.1" 200 126662
201.245.192.253 - - [16/Aug/2015:06:48:19 -0500] "GET /forest/session.jsp?a=0.801199084007727 HTTP/1.1" 200 4
66.249.75.36 - - [16/Aug/2015:06:48:42 -0500] "GET /BLA/resoluciones/AUTOS%202013/3571.pdf HTTP/1.1" 200 395773
151.80.31.129 - - [16/Aug/2015:06:48:58 -0500] "GET /BLA/resoluciones/RESOLUCIONES%202003/RES%202003%20701-750/718.tif HTTP/1.1" 200 632928
133.130.54.151 - - [16/Aug/2015:06:49:21 -0500] "GET /POT-2013/Cartografia/Anexo01_Sistema_Hidrico.pdf HTTP/1.1" 200 5860035
66.249.75.28 - - [16/Aug/2015:06:49:54 -0500] "GET /BLA/resoluciones/RESOLUCIONES%202011/3836.pdf HTTP/1.1" 304 -
74.86.158.107 - - [16/Aug/2015:06:51:18 -0500] "HEAD / HTTP/1.1" 200 -
151.80.31.129 - - [16/Aug/2015:06:51:38 -0500] "GET /BLA/resoluciones/index.php?dir=RESOLUCIONES%202003/RES%202003%20301-350/&sort=size&order=asc HTTP/1.1" 200 11308
66.249.75.28 - - [16/Aug/2015:06:51:38 -0500] "GET /BLA/resoluciones/RESOLUCIONES%202003/RES%202003%20951-1000/981.tif HTTP/1.1" 200 121884
201.245.192.253 - - [16/Aug/2015:06:51:41 -0500] "GET /forest/session.jsp?a=0.4503731891731866 HTTP/1.1" 200 4
66.249.75.44 - - [16/Aug/2015:06:52:15 -0500] "GET /BLA/resoluciones/AUTOS%202009/3021.pdf HTTP/1.1" 200 185766
66.249.69.56 - - [16/Aug/2015:06:52:50 -0500] "GET /phpold/AjaxPhpCode/PDFs/Ajax_Chat_and_JSON.pdf HTTP/1.1" 404 1019
66.249.75.28 - - [16/Aug/2015:06:53:04 -0500] "GET /BLA/resoluciones/RESOLUCIONES%202014/2883.pdf HTTP/1.1" 304 -
66.249.75.28 - - [16/Aug/2015:06:53:04 -0500] "GET /BLA/resoluciones/RESOLUCIONES%202013/0938.pdf HTTP/1.1" 304 -
201.245.192.253 - - [16/Aug/2015:06:53:19 -0500] "GET /forest/session.jsp?a=0.1536916526444948 HTTP/1.1" 200 4
201.234.75.11 - - [16/Aug/2015:06:53:35 -0500] "GET /galeria/nivo-slider/themes/orman/orman.css HTTP/1.1" 304 -
151.80.31.129 - - [16/Aug/2015:06:54:43 -0500] "GET /BLA/resoluciones/AUTOS%202006/AUTOS%202006%202301%20-%202400/00002400.tif HTTP/1.1" 200 81828
151.80.31.129 - - [16/Aug/2015:06:54:44 -0500] "GET /BLA/resoluciones/AUTOS%202006/AUTOS%202006%20801-900/00000884.tif HTTP/1.1" 200 37324
201.245.192.253 - - [16/Aug/2015:06:54:58 -0500] "GET /BLA/boletinlegal/js/jquery.scrollShow.js HTTP/1.1" 200 4586
201.245.192.253 - - [16/Aug/2015:06:54:58 -0500] "GET /galeria/galeria/jquery.fancybox.js?v=2.1.5 HTTP/1.1" 200 48706
201.245.192.253 - - [16/Aug/2015:06:54:58 -0500] "GET /galeria/galeria/jquery.fancybox.css?v=2.1.5 HTTP/1.1" 200 4895
201.245.192.253 - - [16/Aug/2015:06:54:58 -0500] "GET /galeria/carrusel/Carrusel/jquery.thumbnailScroller.css HTTP/1.1" 200 2066
201.245.192.253 - - [16/Aug/2015:06:54:58 -0500] "GET /galeria/carrusel/Carrusel/jquery-ui-1.8.13.custom.min.js HTTP/1.1" 200 10800
201.245.192.253 - - [16/Aug/2015:06:54:58 -0500] "GET /galeria/carrusel/Carrusel/jquery.thumbnailScroller.js HTTP/1.1" 200 8157
201.245.192.253 - - [16/Aug/2015:06:55:09 -0500] "GET /galeria/nivo-slider/demo/demo.html HTTP/1.1" 200 5379
201.245.192.253 - - [16/Aug/2015:06:55:10 -0500] "GET /galeria/nivo-slider/themes/default/default.css HTTP/1.1" 200 1569
201.245.192.253 - - [16/Aug/2015:06:55:10 -0500] "GET /galeria/nivo-slider/themes/pascal/pascal.css HTTP/1.1" 200 2258
201.245.192.253 - - [16/Aug/2015:06:55:10 -0500] "GET /galeria/nivo-slider/themes/orman/orman.css HTTP/1.1" 200 2152
201.245.192.253 - - [16/Aug/2015:06:55:10 -0500] "GET /galeria/nivo-slider/nivo-slider.css HTTP/1.1" 200 1507
201.245.192.253 - - [16/Aug/2015:06:55:10 -0500] "GET /galeria/nivo-slider/demo/style.css HTTP/1.1" 200 2222
201.245.192.253 - - [16/Aug/2015:06:55:10 -0500] "GET /galeria/nivo-slider/demo/images/rendicion-de-cuentas-7-agosto.jpg HTTP/1.1" 200 149701
201.245.192.253 - - [16/Aug/2015:06:55:10 -0500] "GET /galeria/nivo-slider/demo/images/PREDAcamp.jpg HTTP/1.1" 200 295358
201.245.192.253 - - [16/Aug/2015:06:55:10 -0500] "GET /galeria/nivo-slider/demo/images/Banner-piel-natural.jpg HTTP/1.1" 200 160762
201.245.192.253 - - [16/Aug/2015:06:55:10 -0500] "GET /galeria/nivo-slider/demo/images/Semana-PYBA.jpg HTTP/1.1" 200 147360
201.245.192.253 - - [16/Aug/2015:06:55:12 -0500] "GET /galeria/nivo-slider/demo/images/VoluntariadoPYBA.jpg HTTP/1.1" 200 40647
201.245.192.253 - - [16/Aug/2015:06:55:13 -0500] "GET /galeria/nivo-slider/demo/images/Cambio-Climatico-Paramos.jpg HTTP/1.1" 200 262430
201.245.192.253 - - [16/Aug/2015:06:55:16 -0500] "GET /galeria/nivo-slider/demo/images/Seguridad.jpg HTTP/1.1" 200 449828
201.245.192.253 - - [16/Aug/2015:06:55:16 -0500] "GET /galeria/nivo-slider/demo/images/Banner-TL.jpg HTTP/1.1" 200 158976
201.245.192.253 - - [16/Aug/2015:06:55:29 -0500] "GET /galeria/nivo-slider/demo/images/banner-llantas2.jpg HTTP/1.1" 200 204644
151.80.31.129 - - [16/Aug/2015:06:55:30 -0500] "GET /BLA/resoluciones/index.php?dir=RESOLUCIONES%202003/RES%202003%20301-350/&sort=size&order=desc HTTP/1.1" 200 11307
66.249.75.28 - - [16/Aug/2015:06:56:13 -0500] "GET /BLA/resoluciones/RESOLUCIONES%202007/RES%202007%204301%20AL%204352/RESOLUCION%204303%20DE%202007.pdf HTTP/1.1" 304 -
66.249.75.36 - - [16/Aug/2015:06:56:16 -0500] "GET /BLA/resoluciones/RESOLUCIONES%202011/2406.pdf HTTP/1.1" 200 468364
74.86.158.107 - - [16/Aug/2015:06:56:18 -0500] "HEAD / HTTP/1.1" 200 -
201.245.192.253 - - [16/Aug/2015:06:56:41 -0500] "GET /forest/session.jsp?a=0.3352790562225033 HTTP/1.1" 200 4
151.80.31.129 - - [16/Aug/2015:06:56:42 -0500] "GET /BLA/resoluciones/RESOLUCIONES%202005/RES%202005%201351-1400/00001379.tif HTTP/1.1" 200 156198
66.249.75.36 - - [16/Aug/2015:06:56:50 -0500] "GET /BLA/resoluciones/AUTOS%202009/2077.pdf HTTP/1.1" 200 98985
127.0.0.1 - - [16/Aug/2015:06:57:10 -0500] "POST /wp-cron.php?doing_wp_cron=1439726230.6772859096527099609375 HTTP/1.0" 200 -
207.46.13.2 - - [16/Aug/2015:06:57:10 -0500] "GET /robots.txt HTTP/1.1" 200 35
180.76.15.137 - - [16/Aug/2015:06:57:43 -0500] "GET /StormSDA/nsjars/nsjars.jnlp HTTP/1.1" 200 1004
201.245.192.253 - - [16/Aug/2015:06:58:19 -0500] "GET /forest/session.jsp?a=0.8920246837059939 HTTP/1.1" 200 4
66.249.75.44 - - [16/Aug/2015:06:59:23 -0500] "GET /BLA/resoluciones/AUTOS%202013/3599.pdf HTTP/1.1" 304 -
66.249.75.36 - - [16/Aug/2015:06:59:24 -0500] "GET /BLA/resoluciones/RESOLUCIONES%202009/7670.pdf HTTP/1.1" 304 -
190.27.5.45 - - [16/Aug/2015:07:00:11 -0500] "GET /crossdomain.xml HTTP/1.1" 404 1202
190.27.5.45 - - [16/Aug/2015:07:00:11 -0500] "GET /arcgis/services/Calidad_del_Agua_WQI/MapServer/WMSServer?HEIGHT=696&STYLES=&LAYERS=3%2C4%2C5%2C6%2C7&BBOX=%2D74%2E08276397641815%2C4%2E728451527155526%2C%2D74%2E05026053907851%2C4%2E745012575756105&FORMAT=image%2Fpng&TRANSPARENT=TRUE&SERVICE=WMS&SRS=EPSG%3A4686&REQUEST=GetMap&WIDTH=1366&VERSION=1%2E1%2E1 HTTP/1.1" 200 5330
190.27.5.45 - - [16/Aug/2015:07:00:13 -0500] "GET /arcgis/services/Calidad_del_Agua_WQI/MapServer/WMSServer?HEIGHT=696&STYLES=&LAYERS=3%2C4%2C5%2C6%2C7&BBOX=%2D74%2E1009430585027%2C4%2E7225980530811835%2C%2D74%2E03593618382341%2C4%2E755720150282341&FORMAT=image%2Fpng&TRANSPARENT=TRUE&SERVICE=WMS&SRS=EPSG%3A4686&REQUEST=GetMap&WIDTH=1366&VERSION=1%2E1%2E1 HTTP/1.1" 200 6590
190.27.5.45 - - [16/Aug/2015:07:00:20 -0500] "GET /arcgis/services/Calidad_del_Agua_WQI/MapServer/WMSServer?HEIGHT=696&STYLES=&LAYERS=3%2C4%2C5%2C6%2C7&BBOX=%2D74%2E1009430585027%2C4%2E7225980530811835%2C%2D74%2E03593618382341%2C4%2E755720150282341&FORMAT=image%2Fpng&TRANSPARENT=TRUE&SERVICE=WMS&SRS=EPSG%3A4686&REQUEST=GetMap&WIDTH=1366&VERSION=1%2E1%2E1 HTTP/1.1" 200 6590
190.27.5.45 - - [16/Aug/2015:07:00:22 -0500] "GET /crossdomain.xml HTTP/1.1" 404 1202
190.27.5.45 - - [16/Aug/2015:07:00:23 -0500] "GET /arcgis/services/Calidad_del_Agua_WQI/MapServer/WMSServer?HEIGHT=696&STYLES=&LAYERS=3%2C4%2C5%2C6%2C7&BBOX=%2D74%2E13097837744742%2C4%2E689921103150116%2C%2D73%2E96846119074921%2C4%2E772726346153009&FORMAT=image%2Fpng&TRANSPARENT=TRUE&SERVICE=WMS&SRS=EPSG%3A4686&REQUEST=GetMap&WIDTH=1366&VERSION=1%2E1%2E1 HTTP/1.1" 200 8170
