201.245.192.253 - - [16/Aug/2015:04:11:40 -0500] "GET /forest/session.jsp?a=0.5887804026965194 HTTP/1.1" 200 4
151.80.31.129 - - [16/Aug/2015:04:12:23 -0500] "GET /BLA/resoluciones/index.php?dir=RESOLUCIONES%202005/RES%202005%20601-650/&sort=name&order=desc HTTP/1.1" 200 12245
66.249.69.48 - - [16/Aug/2015:04:12:30 -0500] "GET /Autoliquidacion/index.php?dir=TR%C1MITES%20VERTIMIENTOS/&sort=size&order=asc HTTP/1.1" 200 2471
151.80.31.129 - - [16/Aug/2015:04:13:09 -0500] "GET /BLA/resoluciones/AUTOS%202006/AUTOS%202006%202201%20-%202300/00002266.tif HTTP/1.1" 200 72750
151.80.31.129 - - [16/Aug/2015:04:13:15 -0500] "GET /BLA/resoluciones/AUTOS%202006/AUTOS%202006%20201-300/00000224.tif HTTP/1.1" 200 48886
201.245.192.253 - - [16/Aug/2015:04:13:18 -0500] "GET /forest/session.jsp?a=0.1201697448575142 HTTP/1.1" 200 4
66.249.75.44 - - [16/Aug/2015:04:13:24 -0500] "GET /BLA/resoluciones/RESOLUCIONES%202011/0466.pdf HTTP/1.1" 304 -
66.249.75.44 - - [16/Aug/2015:04:13:26 -0500] "GET /BLA/resoluciones/RESOLUCIONES%202011/1049.pdf HTTP/1.1" 304 -
66.249.69.56 - - [16/Aug/2015:04:13:47 -0500] "GET /Autoliquidacion/index.php?dir=TR%C1MITES%20VERTIMIENTOS/&sort=date&order=asc HTTP/1.1" 200 2471
66.249.75.28 - - [16/Aug/2015:04:13:55 -0500] "GET /BLA/resoluciones/AUTOS%202011/1511.pdf HTTP/1.1" 200 265651
66.249.75.44 - - [16/Aug/2015:04:13:56 -0500] "GET /BLA/resoluciones/AUTOS%202007/2872.pdf HTTP/1.1" 304 -
151.80.31.129 - - [16/Aug/2015:04:13:57 -0500] "GET /BLA/resoluciones/AUTOS%202006/AUTOS%202006%203301%20-%203418/00003359.tif HTTP/1.1" 200 57248
151.80.31.129 - - [16/Aug/2015:04:15:08 -0500] "GET /BLA/resoluciones/RESOLUCIONES%202005/RES%202005%20601-650/00000625.tif HTTP/1.1" 200 147916
151.80.31.129 - - [16/Aug/2015:04:15:16 -0500] "GET /BLA/resoluciones/index.php?dir=RESOLUCIONES+2003%2FRES+2003+1901-1950%2F HTTP/1.1" 200 12158
151.80.31.129 - - [16/Aug/2015:04:15:28 -0500] "GET /BLA/resoluciones/RESOLUCIONES%202005/RES%202005%201351-1400/00001375.tif HTTP/1.1" 200 161824
151.80.31.129 - - [16/Aug/2015:04:15:29 -0500] "GET /BLA/resoluciones/RESOLUCIONES%202006/RES%202006%20%202901-2950/00002902.tif HTTP/1.1" 200 66940
151.80.31.129 - - [16/Aug/2015:04:15:47 -0500] "GET /BLA/resoluciones/AUTOS%202006/AUTOS%202006%20401-500/00000459.tif HTTP/1.1" 200 38924
74.86.158.107 - - [16/Aug/2015:04:16:18 -0500] "HEAD / HTTP/1.1" 200 -
66.249.69.56 - - [16/Aug/2015:04:16:19 -0500] "GET /Autoliquidacion/index.php?dir=TR%C1MITES%20VERTIMIENTOS/&sort=date&order=desc HTTP/1.1" 200 2470
66.249.69.56 - - [16/Aug/2015:04:16:19 -0500] "GET /Autoliquidacion/index.php?dir=TR%C1MITES%20VERTIMIENTOS/&sort=size&order=desc HTTP/1.1" 200 2470
151.80.31.129 - - [16/Aug/2015:04:16:20 -0500] "GET /BLA/resoluciones/AUTOS%202006/AUTOS%202006%201701%20-%201800/00001711.tif HTTP/1.1" 200 87408
66.249.75.28 - - [16/Aug/2015:04:16:23 -0500] "GET /BLA/resoluciones/RESOLUCIONES%202007/RES%202007%201401%20AL%201500/RESOLUCION%201479%20DE%202007.pdf HTTP/1.1" 304 -
66.249.75.44 - - [16/Aug/2015:04:16:24 -0500] "GET /BLA/resoluciones/RESOLUCIONES%202007/RES%202007%202801%20AL%202900/RESOLUCION%202844%20DE%202007.pdf HTTP/1.1" 304 -
201.245.192.253 - - [16/Aug/2015:04:16:40 -0500] "GET /forest/session.jsp?a=0.6165143474168634 HTTP/1.1" 200 4
151.80.31.129 - - [16/Aug/2015:04:16:50 -0500] "GET /BLA/resoluciones/RESOLUCIONES%202005/RES%202005%202551-2600/00002575.tif HTTP/1.1" 200 192074
151.80.31.129 - - [16/Aug/2015:04:17:56 -0500] "GET /BLA/resoluciones/index.php?dir=Notificaciones/REGISTROS%202014/&sort=date&order=desc HTTP/1.1" 200 13023
201.245.192.253 - - [16/Aug/2015:04:18:18 -0500] "GET /forest/session.jsp?a=0.037989509243430475 HTTP/1.1" 200 4
66.249.75.28 - - [16/Aug/2015:04:18:37 -0500] "GET /BLA/resoluciones/AUTOS%202011/0236.pdf HTTP/1.1" 200 154873
151.80.31.129 - - [16/Aug/2015:04:19:16 -0500] "GET /BLA/resoluciones/AUTOS%202006/AUTOS%202006%202601%20-%202700/00002684.tif HTTP/1.1" 200 53254
66.249.75.44 - - [16/Aug/2015:04:19:34 -0500] "GET /BLA/resoluciones/RESOLUCIONES%202007/RES%202007%204001%20AL%204100/RESOLUCION%204066%20DE%202007.pdf HTTP/1.1" 304 -
66.249.75.28 - - [16/Aug/2015:04:19:37 -0500] "GET /BLA/resoluciones/AUTOS%202012/3024.pdf HTTP/1.1" 304 -
66.249.75.36 - - [16/Aug/2015:04:20:06 -0500] "GET /BLA/resoluciones/RESOLUCIONES%202010/5249.pdf HTTP/1.1" 200 802928
151.80.31.129 - - [16/Aug/2015:04:20:58 -0500] "GET /BLA/resoluciones/RESOLUCIONES%202002/RES%202002%201951-1971/20021961.tif HTTP/1.1" 200 230042
170.51.70.216 - - [16/Aug/2015:04:21:02 -0500] "GET /BLA/boletinlegal/js/jquery.scrollShow.js HTTP/1.1" 200 4586
170.51.70.216 - - [16/Aug/2015:04:21:02 -0500] "GET /galeria/galeria/jquery.fancybox.js?v=2.1.5 HTTP/1.1" 200 48706
170.51.70.216 - - [16/Aug/2015:04:21:03 -0500] "GET /galeria/galeria/jquery.fancybox.css?v=2.1.5 HTTP/1.1" 200 4895
170.51.70.216 - - [16/Aug/2015:04:21:03 -0500] "GET /galeria/carrusel/Carrusel/jquery.thumbnailScroller.css HTTP/1.1" 200 2066
170.51.70.216 - - [16/Aug/2015:04:21:04 -0500] "GET /galeria/carrusel/Carrusel/jquery-ui-1.8.13.custom.min.js HTTP/1.1" 200 10800
170.51.70.216 - - [16/Aug/2015:04:21:05 -0500] "GET /galeria/carrusel/Carrusel/jquery.thumbnailScroller.js HTTP/1.1" 200 8157
74.86.158.107 - - [16/Aug/2015:04:21:18 -0500] "HEAD / HTTP/1.1" 200 -
201.245.192.253 - - [16/Aug/2015:04:21:40 -0500] "GET /forest/session.jsp?a=0.9115778054767418 HTTP/1.1" 200 4
151.80.31.129 - - [16/Aug/2015:04:21:56 -0500] "GET /BLA/resoluciones/AUTOS%202006/AUTOS%202006%203301%20-%203418/00003407.tif HTTP/1.1" 200 56104
151.80.31.129 - - [16/Aug/2015:04:22:08 -0500] "GET /BLA/resoluciones/RESOLUCIONES%202002/RES%202002%20251-300/00000273.tif HTTP/1.1" 200 72218
66.249.75.44 - - [16/Aug/2015:04:22:44 -0500] "GET /autoliquidacion/Solicitudes%20relacionadas%20con%20ocupaci%C3%B3n%20de%20cauce/LISTA%20DE%20CHEQUEO%20PERMISO-OCUPACI%C3%93N-CAUCE.pdf HTTP/1.1" 404 1018
66.249.75.36 - - [16/Aug/2015:04:22:45 -0500] "GET /BLA/resoluciones/RESOLUCIONES%202007/RES%202007%201726%20AL%201800/RESOLUCION%201792%20DE%202007.pdf HTTP/1.1" 304 -
66.249.75.44 - - [16/Aug/2015:04:22:45 -0500] "GET /BLA/resoluciones/RESOLUCIONES%202010/5593.pdf HTTP/1.1" 304 -
151.80.31.129 - - [16/Aug/2015:04:23:01 -0500] "GET /BLA/resoluciones/AUTOS%202006/AUTOS%202006%20301-400/00000394.tif HTTP/1.1" 200 105814
151.80.31.129 - - [16/Aug/2015:04:23:04 -0500] "GET /BLA/resoluciones/RESOLUCIONES%202002/RES%202002%201201-1250/20021219.tif HTTP/1.1" 200 41928
66.249.75.36 - - [16/Aug/2015:04:23:13 -0500] "GET /StormSDA/ HTTP/1.1" 200 4408
201.245.192.253 - - [16/Aug/2015:04:23:18 -0500] "GET /forest/session.jsp?a=0.6187437899120828 HTTP/1.1" 200 4
151.80.31.129 - - [16/Aug/2015:04:23:29 -0500] "GET /BLA/resoluciones/AUTOS%202006/AUTOS%202006%201301-1400/00001356.tif HTTP/1.1" 200 84858
66.249.75.28 - - [16/Aug/2015:04:23:30 -0500] "GET /BLA/resoluciones/RESOLUCIONES%202008/1921.pdf HTTP/1.1" 304 -
66.249.75.28 - - [16/Aug/2015:04:23:42 -0500] "GET /BLA/resoluciones/RESOLUCIONES%202004/RES%202004%20751-800/00000797.tif HTTP/1.1" 200 258722
66.249.75.44 - - [16/Aug/2015:04:25:54 -0500] "GET /BLA/resoluciones/RESOLUCIONES%202007/RES%202007%203801%20AL%203900/RESOLUCION%203865%20DE%202007.pdf HTTP/1.1" 304 -
66.249.75.44 - - [16/Aug/2015:04:25:55 -0500] "GET /POT-2013/Cartografia/32_Altura%20para%20c%C3%A1lculo%20de%20edificabilidad%20predominante%20y%20aisl.pdf HTTP/1.1" 200 3984236
151.80.31.129 - - [16/Aug/2015:04:26:15 -0500] "GET /BLA/resoluciones/AUTOS%202006/AUTOS%202006%201301-1400/00001306.tif HTTP/1.1" 200 36322
74.86.158.107 - - [16/Aug/2015:04:26:18 -0500] "HEAD / HTTP/1.1" 200 -
201.245.192.253 - - [16/Aug/2015:04:26:40 -0500] "GET /forest/session.jsp?a=0.5941894647906599 HTTP/1.1" 200 4
151.80.31.129 - - [16/Aug/2015:04:26:52 -0500] "GET /BLA/resoluciones/RESOLUCIONES%202004/RES%202004%20201-250/00000221.tif HTTP/1.1" 200 130806
151.80.31.129 - - [16/Aug/2015:04:27:46 -0500] "GET /BLA/resoluciones/RESOLUCIONES%202004/RES%202004%20701-750/00000715.tif HTTP/1.1" 200 128154
66.249.75.28 - - [16/Aug/2015:04:27:56 -0500] "GET /BLA/resoluciones/RESOLUCIONES%202007/RES%202007%201001%20AL%201100/RESOLUCION%201032%20DE%202007.pdf HTTP/1.1" 200 223151
201.245.192.253 - - [16/Aug/2015:04:28:18 -0500] "GET /forest/session.jsp?a=0.670611813930099 HTTP/1.1" 200 4
151.80.31.129 - - [16/Aug/2015:04:28:25 -0500] "GET /BLA/resoluciones/RESOLUCIONES%202000/2000%2050-99.tif HTTP/1.1" 200 4413665
66.249.75.28 - - [16/Aug/2015:04:29:04 -0500] "GET /BLA/resoluciones/AUTOS%202013/2855.pdf HTTP/1.1" 304 -
151.80.31.129 - - [16/Aug/2015:04:29:06 -0500] "GET /BLA/resoluciones/AUTOS%202006/AUTOS%202006%202201%20-%202300/00002278.tif HTTP/1.1" 200 74776
66.249.75.28 - - [16/Aug/2015:04:29:07 -0500] "GET /BLA/resoluciones/RESOLUCIONES%202011/5013.pdf HTTP/1.1" 304 -
66.249.75.28 - - [16/Aug/2015:04:30:23 -0500] "GET /galeria/bibloteca/mycontentflow.css HTTP/1.1" 200 3110
66.249.75.28 - - [16/Aug/2015:04:30:23 -0500] "GET /galeria/bibloteca/contentflow.css HTTP/1.1" 200 3201
66.249.75.44 - - [16/Aug/2015:04:30:25 -0500] "GET /galeria/bibloteca/ContentFlowAddOn_white.css HTTP/1.1" 200 3355
81.231.66.243 - - [16/Aug/2015:04:30:27 -0500] "GET /webdav/x32.php HTTP/1.1" 404 1018
74.86.158.107 - - [16/Aug/2015:04:31:18 -0500] "HEAD / HTTP/1.1" 200 -
201.245.192.253 - - [16/Aug/2015:04:31:40 -0500] "GET /forest/session.jsp?a=0.905032103158579 HTTP/1.1" 200 4
66.249.75.44 - - [16/Aug/2015:04:32:14 -0500] "GET /BLA/resoluciones/RESOLUCIONES%202009/2790.pdf HTTP/1.1" 304 -
66.249.75.28 - - [16/Aug/2015:04:32:17 -0500] "GET /BLA/resoluciones/RESOLUCIONES%202013/0804.pdf HTTP/1.1" 304 -
66.249.75.44 - - [16/Aug/2015:04:32:35 -0500] "GET /BLA/resoluciones/AUTOS%202011/2088.pdf HTTP/1.1" 200 228035
151.80.31.129 - - [16/Aug/2015:04:32:45 -0500] "GET /BLA/resoluciones/AUTOS%202006/AUTOS%202006%202001%20-%202100/00002025.tif HTTP/1.1" 200 60186
201.245.192.253 - - [16/Aug/2015:04:33:18 -0500] "GET /forest/session.jsp?a=0.8618561366242578 HTTP/1.1" 200 4
151.80.31.129 - - [16/Aug/2015:04:33:32 -0500] "GET /BLA/resoluciones/index.php?dir=AUTOS%202012/&sort=size&order=desc HTTP/1.1" 200 255443
66.249.75.28 - - [16/Aug/2015:04:33:54 -0500] "GET /BLA/resoluciones/RESOLUCIONES%202014/0166.pdf HTTP/1.1" 200 530170
151.80.31.129 - - [16/Aug/2015:04:33:59 -0500] "GET /BLA/resoluciones/AUTOS%202006/AUTOS%202006%202101%20-%202200/00002200.tif HTTP/1.1" 200 52902
127.0.0.1 - - [16/Aug/2015:04:35:25 -0500] "POST /wp-cron.php?doing_wp_cron=1439717725.0713460445404052734375 HTTP/1.0" 200 -
66.249.75.105 - - [16/Aug/2015:04:35:24 -0500] "GET /conferencistas/ HTTP/1.1" 200 55391
66.249.75.28 - - [16/Aug/2015:04:35:26 -0500] "GET /BLA/resoluciones/AUTOS%202013/2047.pdf HTTP/1.1" 304 -
66.249.75.44 - - [16/Aug/2015:04:35:27 -0500] "GET /BLA/resoluciones/RESOLUCIONES%202008/1780.pdf HTTP/1.1" 304 -
151.80.31.129 - - [16/Aug/2015:04:35:45 -0500] "GET /BLA/resoluciones/RESOLUCIONES%202005/RES%202005%202601-2650/00002626.tif HTTP/1.1" 200 244998
151.80.31.129 - - [16/Aug/2015:04:36:16 -0500] "GET /BLA/resoluciones/RESOLUCIONES%202006/RES%202006%20901-950/00000913.tif HTTP/1.1" 200 214140
74.86.158.107 - - [16/Aug/2015:04:36:18 -0500] "HEAD / HTTP/1.1" 200 -
151.80.31.129 - - [16/Aug/2015:04:36:31 -0500] "GET /BLA/resoluciones/AUTOS%202006/AUTOS%202006%202001%20-%202100/00002063.tif HTTP/1.1" 200 55920
201.245.192.253 - - [16/Aug/2015:04:36:40 -0500] "GET /forest/session.jsp?a=0.3782450749585561 HTTP/1.1" 200 4
151.80.31.129 - - [16/Aug/2015:04:37:10 -0500] "GET /BLA/resoluciones/AUTOS%202006/AUTOS%202006%202501%20-%202600/00002543.tif HTTP/1.1" 200 52042
66.249.75.44 - - [16/Aug/2015:04:37:11 -0500] "GET /BLA/resoluciones/AUTOS%202011/2375.pdf HTTP/1.1" 200 250719
199.195.118.53 - - [16/Aug/2015:04:37:47 -0500] "GET / HTTP/1.1" 200 10190
201.245.192.253 - - [16/Aug/2015:04:38:18 -0500] "GET /forest/session.jsp?a=0.20193041583579618 HTTP/1.1" 200 4
66.249.75.44 - - [16/Aug/2015:04:38:25 -0500] "GET /BLA/resoluciones/RESOLUCIONES%202010/6306.pdf HTTP/1.1" 200 8721922
151.80.31.129 - - [16/Aug/2015:04:39:27 -0500] "GET /BLA/resoluciones/RESOLUCIONES%202005/RES%202005%201-50/00000047.tif HTTP/1.1" 200 136356
74.86.158.107 - - [16/Aug/2015:04:41:18 -0500] "HEAD / HTTP/1.1" 200 -
66.249.75.36 - - [16/Aug/2015:04:41:34 -0500] "GET /BLA/resoluciones/AUTOS%202013/0586.pdf HTTP/1.1" 304 -
66.249.75.28 - - [16/Aug/2015:04:41:37 -0500] "GET /BLA/resoluciones/AUTOS%202012/1672.pdf HTTP/1.1" 304 -
201.245.192.253 - - [16/Aug/2015:04:41:40 -0500] "GET /forest/session.jsp?a=0.7318332683911888 HTTP/1.1" 200 4
66.249.75.44 - - [16/Aug/2015:04:41:54 -0500] "GET /BLA/resoluciones/AUTOS%202011/2735.pdf HTTP/1.1" 200 315005
201.245.192.253 - - [16/Aug/2015:04:43:18 -0500] "GET /forest/session.jsp?a=0.3871000761998673 HTTP/1.1" 200 4
157.55.39.193 - - [16/Aug/2015:04:43:48 -0500] "GET /robots.txt HTTP/1.1" 404 1018
207.46.13.141 - - [16/Aug/2015:04:43:48 -0500] "GET /robots.txt HTTP/1.1" 404 1018
207.46.13.141 - - [16/Aug/2015:04:43:51 -0500] "GET /galeria/carrusel/Carrusel/jquery.thumbnailScroller.js HTTP/1.1" 200 8157
157.55.39.193 - - [16/Aug/2015:04:43:56 -0500] "GET /galeria/carrusel/Carrusel/jquery.thumbnailScroller.css HTTP/1.1" 200 2066
157.55.39.193 - - [16/Aug/2015:04:43:56 -0500] "GET /galeria/carrusel/Carrusel/jquery-ui- HTTP/1.1" 404 1018
66.249.75.28 - - [16/Aug/2015:04:44:43 -0500] "GET /BLA/resoluciones/RESOLUCIONES%202012/0195.pdf HTTP/1.1" 304 -
66.249.75.1 - - [16/Aug/2015:04:44:46 -0500] "GET / HTTP/1.1" 200 129352
66.249.75.28 - - [16/Aug/2015:04:45:18 -0500] "GET /BLA/resoluciones/RESOLUCIONES%202010/7870.pdf HTTP/1.1" 304 -
66.249.75.28 - - [16/Aug/2015:04:45:27 -0500] "GET /videos/galeria-fotografica/index18.html? HTTP/1.1" 200 1957
66.249.75.28 - - [16/Aug/2015:04:45:49 -0500] "GET /BLA/resoluciones/RESOLUCIONES%202008/4877.pdf HTTP/1.1" 304 -
74.86.158.107 - - [16/Aug/2015:04:46:18 -0500] "HEAD / HTTP/1.1" 200 -
66.249.75.44 - - [16/Aug/2015:04:46:30 -0500] "GET /BLA/resoluciones/AUTOS%202011/5778.pdf HTTP/1.1" 200 199839
201.245.192.253 - - [16/Aug/2015:04:46:40 -0500] "GET /forest/session.jsp?a=0.14521155523446816 HTTP/1.1" 200 4
151.80.31.129 - - [16/Aug/2015:04:47:12 -0500] "GET /autoliquidacion/index.php?dir=TR%C1MITES+ACEITES-RESIDUOS-ESTACIONES%2FREGISTRO+COMO+ACOPIADOR+PRIMARIO%2F HTTP/1.1" 200 3288
184.161.105.177 - - [16/Aug/2015:04:47:20 -0500] "GET /BLA/boletinlegal/js/jquery.scrollShow.js HTTP/1.1" 200 4586
184.161.105.177 - - [16/Aug/2015:04:47:20 -0500] "GET /galeria/galeria/jquery.fancybox.css?v=2.1.5 HTTP/1.1" 200 4895
184.161.105.177 - - [16/Aug/2015:04:47:20 -0500] "GET /galeria/galeria/jquery.fancybox.js?v=2.1.5 HTTP/1.1" 200 48706
66.249.75.44 - - [16/Aug/2015:04:47:54 -0500] "GET /BLA/resoluciones/RESOLUCIONES%202009/7798.pdf HTTP/1.1" 304 -
66.249.75.44 - - [16/Aug/2015:04:47:54 -0500] "GET /autoliquidacion/TR%C3%81MITES%20ACEITES-RESIDUOS-ESTACIONES/REG.%20GENERADOR/126PM04-PR75-F-A3-V2.0%20oficio%20Solicitud%20inscripci%C3%B3n.doc HTTP/1.1" 304 -
151.80.31.129 - - [16/Aug/2015:04:48:04 -0500] "GET /BLA/resoluciones/RESOLUCIONES%202003/RES%202003%20901-950/925.tif HTTP/1.1" 200 67948
201.245.192.253 - - [16/Aug/2015:04:48:18 -0500] "GET /forest/session.jsp?a=0.36876009438553603 HTTP/1.1" 200 4
66.249.75.28 - - [16/Aug/2015:04:48:34 -0500] "GET /BLA/resoluciones/RESOLUCIONES%202007/RES%202007%201101%20AL%201200/RESOLUCION%201162%20DE%202007.pdf HTTP/1.1" 304 -
151.80.31.129 - - [16/Aug/2015:04:49:33 -0500] "GET /BLA/resoluciones/AUTOS%202006/AUTOS%202006%201701%20-%201800/00001772.tif HTTP/1.1" 200 132926
66.249.75.28 - - [16/Aug/2015:04:50:53 -0500] "GET /BLA/resoluciones/RESOLUCIONES%202009/6486.pdf HTTP/1.1" 200 655403
66.249.75.44 - - [16/Aug/2015:04:51:12 -0500] "GET /BLA/resoluciones/AUTOS%202011/1539.pdf HTTP/1.1" 200 152973
74.86.158.107 - - [16/Aug/2015:04:51:18 -0500] "HEAD / HTTP/1.1" 200 -
201.245.192.253 - - [16/Aug/2015:04:51:40 -0500] "GET /forest/session.jsp?a=0.5803230420034089 HTTP/1.1" 200 4
66.249.75.28 - - [16/Aug/2015:04:52:30 -0500] "GET /BLA/resoluciones/RESOLUCIONES%202004/RES%202004%20751-800/00000777.tif HTTP/1.1" 200 147016
201.245.192.253 - - [16/Aug/2015:04:53:18 -0500] "GET /forest/session.jsp?a=0.28033048418547213 HTTP/1.1" 200 4
66.249.75.28 - - [16/Aug/2015:04:54:03 -0500] "GET /BLA/resoluciones/AUTOS%202007/1067.pdf HTTP/1.1" 304 -
66.249.75.28 - - [16/Aug/2015:04:54:04 -0500] "GET /BLA/resoluciones/RESOLUCIONES%202009/0914.pdf HTTP/1.1" 304 -
66.249.69.40 - - [16/Aug/2015:04:54:20 -0500] "GET /Autoliquidacion/index.php?dir=Cobro%20Clasificacion%20Uso%20De%20Vivenda%20En%20Suelo%20Restringido/&sort=date&order=asc HTTP/1.1" 200 2782
77.7.241.137 - - [16/Aug/2015:04:54:40 -0500] "GET /robots.txt HTTP/1.0" 404 1015
151.80.31.129 - - [16/Aug/2015:04:54:40 -0500] "GET /BLA/resoluciones/AUTOS%202006/AUTOS%202006%202501%20-%202600/00002549.tif HTTP/1.1" 200 51734
77.7.241.137 - - [16/Aug/2015:04:54:43 -0500] "GET /Autoliquidacion/Grupo%20Forestal%20-%20Silvicultura/Solicitud%20y%20lista%20de%20chequeo%20Evaluaci%C3%B3n%20Silvicultural.xlsx HTTP/1.1" 200 100649
77.7.241.137 - - [16/Aug/2015:04:54:45 -0500] "GET /robots.txt HTTP/1.0" 404 1019
77.7.241.137 - - [16/Aug/2015:04:54:47 -0500] "GET /SIG/index.php?dir=Control%20y%20mejora/Control%20y%20mejora/&sort=date&order=asc HTTP/1.1" 200 2843
77.7.241.137 - - [16/Aug/2015:04:54:50 -0500] "GET /SIG/index.php?dir=Control%20y%20mejora/Control%20y%20mejora/&sort=name&order=desc HTTP/1.1" 200 2842
77.7.241.137 - - [16/Aug/2015:04:54:51 -0500] "GET /SIG/index.php?dir=Control%20y%20mejora/Control%20y%20mejora/&sort=size&order=asc HTTP/1.1" 200 2843
66.249.75.44 - - [16/Aug/2015:04:55:48 -0500] "GET /BLA/resoluciones/AUTOS%202011/4139.pdf HTTP/1.1" 200 215909
151.80.31.129 - - [16/Aug/2015:04:56:00 -0500] "GET /BLA/resoluciones/AUTOS%202006/AUTOS%202006%202601%20-%202700/00002646.tif HTTP/1.1" 200 48802
74.86.158.107 - - [16/Aug/2015:04:56:18 -0500] "HEAD / HTTP/1.1" 200 -
66.249.75.36 - - [16/Aug/2015:04:56:27 -0500] "GET /BLA/resoluciones/RESOLUCIONES%202004/RES%202004%20201-250/00000214.tif HTTP/1.1" 200 55924
180.76.15.147 - - [16/Aug/2015:04:56:39 -0500] "GET /SIG/Direccionamiento%20Estrategico/126PG01-PR08.pdf HTTP/1.1" 200 1903064
201.245.192.253 - - [16/Aug/2015:04:56:40 -0500] "GET /forest/session.jsp?a=0.37883881527053553 HTTP/1.1" 200 4
66.249.75.36 - - [16/Aug/2015:04:57:13 -0500] "GET /BLA/resoluciones/RESOLUCIONES%202009/7129.pdf HTTP/1.1" 200 105371
66.249.75.44 - - [16/Aug/2015:04:57:14 -0500] "GET /BLA/resoluciones/RESOLUCIONES%202009/0286.pdf HTTP/1.1" 200 1653569
66.249.75.36 - - [16/Aug/2015:04:57:46 -0500] "GET /BLA/resoluciones/AUTOS%202012/1781.pdf HTTP/1.1" 304 -
151.80.31.129 - - [16/Aug/2015:04:58:02 -0500] "GET /BLA/resoluciones/AUTOS%202006/AUTOS%202006%202901%20-%203000/00002921.tif HTTP/1.1" 200 210840
201.245.192.253 - - [16/Aug/2015:04:58:18 -0500] "GET /forest/session.jsp?a=0.13743456257574593 HTTP/1.1" 200 4
151.80.31.129 - - [16/Aug/2015:05:00:21 -0500] "GET /BLA/resoluciones/RESOLUCIONES%202005/00001099.tif HTTP/1.1" 200 362358
66.249.75.28 - - [16/Aug/2015:05:00:24 -0500] "GET /BLA/resoluciones/RESOLUCIONES%202009/1013.pdf HTTP/1.1" 200 210994
66.249.75.44 - - [16/Aug/2015:05:00:25 -0500] "GET /BLA/resoluciones/RESOLUCIONES%202009/4842.pdf HTTP/1.1" 200 386994
66.249.75.44 - - [16/Aug/2015:05:00:28 -0500] "GET /BLA/directivas/2009/0.pdf HTTP/1.1" 200 1636862
66.249.75.36 - - [16/Aug/2015:05:00:31 -0500] "GET /BLA/resoluciones/AUTOS%202011/4457.pdf HTTP/1.1" 200 238857
66.249.75.44 - - [16/Aug/2015:05:00:32 -0500] "GET /BLA/resoluciones/AUTOS%202013/0089.pdf HTTP/1.1" 304 -
151.80.31.129 - - [16/Aug/2015:05:00:32 -0500] "GET /BLA/resoluciones/RESOLUCIONES%202002/RES%202002%20601-650/00000635.tif HTTP/1.1" 200 165278
74.86.158.107 - - [16/Aug/2015:05:01:18 -0500] "HEAD / HTTP/1.1" 200 -
66.249.75.28 - - [16/Aug/2015:05:01:37 -0500] "GET /galeria/nivo-slider/themes/pascal/pascal.css HTTP/1.1" 200 2258
201.245.192.253 - - [16/Aug/2015:05:01:40 -0500] "GET /forest/session.jsp?a=0.31140886061585416 HTTP/1.1" 200 4
151.80.31.129 - - [16/Aug/2015:05:01:44 -0500] "GET /BLA/resoluciones/RESOLUCIONES%202004/RES%202004%20651-700/00000652.tif HTTP/1.1" 200 164276
66.249.75.28 - - [16/Aug/2015:05:01:50 -0500] "GET /BLA/boletinlegal/js/jquery.scrollShow.js HTTP/1.1" 200 4586
66.249.75.28 - - [16/Aug/2015:05:01:50 -0500] "GET /galeria/galeria/jquery.fancybox.css?v=2.1.5 HTTP/1.1" 200 4895
66.249.75.28 - - [16/Aug/2015:05:01:51 -0500] "GET /galeria/carrusel/Carrusel/jquery.thumbnailScroller.css HTTP/1.1" 200 2066
66.249.75.44 - - [16/Aug/2015:05:01:51 -0500] "GET /galeria/galeria/jquery.fancybox.js?v=2.1.5 HTTP/1.1" 200 48706
66.249.75.36 - - [16/Aug/2015:05:01:52 -0500] "GET /galeria/carrusel/Carrusel/jquery.thumbnailScroller.js HTTP/1.1" 200 8157
66.249.75.28 - - [16/Aug/2015:05:01:53 -0500] "GET /galeria/carrusel/Carrusel/jquery-ui-1.8.13.custom.min.js HTTP/1.1" 200 10800
151.80.31.129 - - [16/Aug/2015:05:02:11 -0500] "GET /BLA/resoluciones/AUTOS%202006/AUTOS%202006%201601%20-%201700/00001686.tif HTTP/1.1" 200 76026
151.80.31.129 - - [16/Aug/2015:05:02:29 -0500] "GET /BLA/resoluciones/RESOLUCIONES%202005/RES%202005%20451-500/00000480.tif HTTP/1.1" 200 129252
201.245.192.253 - - [16/Aug/2015:05:03:18 -0500] "GET /forest/session.jsp?a=0.26185123529288235 HTTP/1.1" 200 4
66.249.75.44 - - [16/Aug/2015:05:03:34 -0500] "GET /BLA/resoluciones/AUTOS%202011/3810.pdf HTTP/1.1" 200 271375
66.249.75.36 - - [16/Aug/2015:05:03:35 -0500] "GET /BLA/resoluciones/RESOLUCIONES%202013/0231.pdf HTTP/1.1" 304 -
151.80.31.129 - - [16/Aug/2015:05:04:03 -0500] "GET /BLA/resoluciones/index.php?dir=RESOLUCIONES%202003/RES%202003%20201-250/&sort=name&order=desc HTTP/1.1" 200 12347
88.198.233.69 - - [16/Aug/2015:05:04:03 -0500] "GET / HTTP/1.1" 200 10190
151.80.31.129 - - [16/Aug/2015:05:04:14 -0500] "GET /BLA/resoluciones/index.php?dir=AUTOS%202014/&sort=date&order=desc HTTP/1.1" 200 466640
151.80.31.129 - - [16/Aug/2015:05:04:45 -0500] "GET /BLA/resoluciones/RESOLUCIONES%202005/RES%202005%20%201651-1700/00001694.tif HTTP/1.1" 200 181366
66.249.75.28 - - [16/Aug/2015:05:04:53 -0500] "GET /BLA/resoluciones/RESOLUCIONES%202008/0724.pdf HTTP/1.1" 200 72242
66.249.75.36 - - [16/Aug/2015:05:04:56 -0500] "GET /Autoliquidacion/dlf/styles.css HTTP/1.1" 200 3045
66.249.75.44 - - [16/Aug/2015:05:05:07 -0500] "GET /BLA/resoluciones/AUTOS%202011/4128.pdf HTTP/1.1" 200 267289
127.0.0.1 - - [16/Aug/2015:05:05:29 -0500] "POST /wp-cron.php?doing_wp_cron=1439719529.9019160270690917968750 HTTP/1.0" 200 -
31.223.145.206 - - [16/Aug/2015:05:05:29 -0500] "POST /xmlrpc.php HTTP/1.1" 200 415
151.80.31.129 - - [16/Aug/2015:05:05:55 -0500] "GET /autoliquidacion/index.php?dir=Solicitud%20de%20Licencia%20Ambiental/&sort=name&order=desc HTTP/1.1" 200 2641
74.86.158.107 - - [16/Aug/2015:05:06:18 -0500] "HEAD / HTTP/1.1" 200 -
151.80.31.129 - - [16/Aug/2015:05:06:30 -0500] "GET /BLA/resoluciones/RESOLUCIONES%202005/RES%202005%201251-1300/00001257.tif HTTP/1.1" 200 130424
151.80.31.129 - - [16/Aug/2015:05:06:38 -0500] "GET /BLA/resoluciones/AUTOS%202006/AUTOS%202006%202501%20-%202600/00002575.tif HTTP/1.1" 200 279924
201.245.192.253 - - [16/Aug/2015:05:06:40 -0500] "GET /forest/session.jsp?a=0.04983251453824433 HTTP/1.1" 200 4
66.249.75.28 - - [16/Aug/2015:05:06:44 -0500] "GET /BLA/resoluciones/RESOLUCIONES%202010/5676.pdf HTTP/1.1" 304 -
66.249.75.28 - - [16/Aug/2015:05:06:45 -0500] "GET /BLA/resoluciones/RESOLUCIONES%202011/1454.pdf HTTP/1.1" 200 521924
190.182.100.24 - - [16/Aug/2015:05:07:49 -0500] "GET /BLA/boletinlegal/js/jquery.scrollShow.js HTTP/1.1" 200 4586
190.182.100.24 - - [16/Aug/2015:05:07:49 -0500] "GET /galeria/galeria/jquery.fancybox.js?v=2.1.5 HTTP/1.1" 200 48706
190.182.100.24 - - [16/Aug/2015:05:07:49 -0500] "GET /galeria/galeria/jquery.fancybox.css?v=2.1.5 HTTP/1.1" 200 4895
190.182.100.24 - - [16/Aug/2015:05:08:02 -0500] "GET /BLA/boletinlegal/js/jquery.scrollShow.js HTTP/1.1" 304 -
190.182.100.24 - - [16/Aug/2015:05:08:02 -0500] "GET /galeria/galeria/jquery.fancybox.js?v=2.1.5 HTTP/1.1" 304 -
190.182.100.24 - - [16/Aug/2015:05:08:02 -0500] "GET /galeria/galeria/jquery.fancybox.css?v=2.1.5 HTTP/1.1" 304 -
201.245.192.253 - - [16/Aug/2015:05:08:18 -0500] "GET /forest/session.jsp?a=0.46909374293076644 HTTP/1.1" 200 4
66.249.75.36 - - [16/Aug/2015:05:09:50 -0500] "GET /BLA/resoluciones/RESOLUCIONES%202011/5707.pdf HTTP/1.1" 200 706527
66.249.75.28 - - [16/Aug/2015:05:09:53 -0500] "GET /BLA/resoluciones/RESOLUCIONES%202013/0817.pdf HTTP/1.1" 304 -
66.249.75.44 - - [16/Aug/2015:05:09:57 -0500] "GET /BLA/resoluciones/RESOLUCIONES%202008/0717.pdf HTTP/1.1" 304 -
66.249.75.28 - - [16/Aug/2015:05:09:58 -0500] "GET /BLA/resoluciones/AUTOS%202011/4827.pdf HTTP/1.1" 304 -
66.249.75.44 - - [16/Aug/2015:05:09:59 -0500] "GET /desprendiblespago/controlador HTTP/1.1" 200 2321
66.249.75.36 - - [16/Aug/2015:05:10:00 -0500] "GET /BLA/resoluciones/AUTOS%202014/3387.pdf HTTP/1.1" 304 -
74.86.158.107 - - [16/Aug/2015:05:11:18 -0500] "HEAD / HTTP/1.1" 200 -
201.245.192.253 - - [16/Aug/2015:05:11:40 -0500] "GET /forest/session.jsp?a=0.6568122848952797 HTTP/1.1" 200 4
151.80.31.129 - - [16/Aug/2015:05:11:50 -0500] "GET /BLA/resoluciones/RESOLUCIONES%202005/RES%202005%202601-2650/00002638.tif HTTP/1.1" 200 96780
66.249.75.44 - - [16/Aug/2015:05:13:04 -0500] "GET /BLA/resoluciones/RESOLUCIONES%202009/8508.pdf HTTP/1.1" 304 -
201.245.192.253 - - [16/Aug/2015:05:13:18 -0500] "GET /forest/session.jsp?a=0.17535378587853656 HTTP/1.1" 200 4
151.80.31.129 - - [16/Aug/2015:05:13:41 -0500] "GET /BLA/resoluciones/RESOLUCIONES%202005/RES%202005%20551-600/00000552.tif HTTP/1.1" 200 112940
151.80.31.129 - - [16/Aug/2015:05:13:47 -0500] "GET /BLA/resoluciones/RESOLUCIONES%202004/RES%202004%20151-200/00000174.tif HTTP/1.1" 200 93838
66.249.75.36 - - [16/Aug/2015:05:14:25 -0500] "GET /BLA/resoluciones/RESOLUCIONES%202011/5640.pdf HTTP/1.1" 200 672214
151.80.31.129 - - [16/Aug/2015:05:15:19 -0500] "GET /BLA/resoluciones/RESOLUCIONES%202005/RES%202005%201901-1950/00001924.tif HTTP/1.1" 200 133844
191.65.59.78 - - [16/Aug/2015:05:16:03 -0500] "GET /BLA/resoluciones/AUTOS%202011/4219.pdf HTTP/1.1" 200 265969
151.80.31.129 - - [16/Aug/2015:05:16:11 -0500] "GET /BLA/resoluciones/RESOLUCIONES%202002/RES%202002%201651-1700/20021700.tif HTTP/1.1" 200 135622
180.76.15.136 - - [16/Aug/2015:05:16:14 -0500] "GET /StormSDA/userFiles/user_files/97/ HTTP/1.1" 200 813
66.249.75.44 - - [16/Aug/2015:05:16:14 -0500] "GET /BLA/resoluciones/RESOLUCIONES%202007/RES%202007%202401%20AL%202500/RESOLUCION%202481%20DE%202007.pdf HTTP/1.1" 200 359231
66.249.75.28 - - [16/Aug/2015:05:16:15 -0500] "GET /BLA/resoluciones/AUTOS%202014/0988.pdf HTTP/1.1" 304 -
74.86.158.107 - - [16/Aug/2015:05:16:18 -0500] "HEAD / HTTP/1.1" 200 -
201.245.192.253 - - [16/Aug/2015:05:16:41 -0500] "GET /forest/session.jsp?a=0.07129996126482319 HTTP/1.1" 200 4
181.234.153.79 - - [16/Aug/2015:05:17:05 -0500] "GET /galeria/galeria/jquery.fancybox.css?v=2.1.5 HTTP/1.1" 200 4895
181.234.153.79 - - [16/Aug/2015:05:17:05 -0500] "GET /BLA/boletinlegal/js/jquery.scrollShow.js HTTP/1.1" 200 4586
181.234.153.79 - - [16/Aug/2015:05:17:05 -0500] "GET /galeria/galeria/jquery.fancybox.js?v=2.1.5 HTTP/1.1" 200 48706
151.80.31.129 - - [16/Aug/2015:05:17:35 -0500] "GET /BLA/resoluciones/index.php?dir=RESOLUCIONES%202003/RES%202003%201301-1350/&sort=name&order=desc HTTP/1.1" 200 12155
151.80.31.129 - - [16/Aug/2015:05:17:46 -0500] "GET /BLA/resoluciones/index.php?dir=RESOLUCIONES%202003/RES%202003%201701-1750/&sort=date&order=desc HTTP/1.1" 200 12146
186.109.106.122 - - [16/Aug/2015:05:17:56 -0500] "GET /wp-content/uploads/2015/07/eldorado.jpg HTTP/1.1" 200 38121
201.245.192.253 - - [16/Aug/2015:05:18:18 -0500] "GET /forest/session.jsp?a=0.1362050765746592 HTTP/1.1" 200 4
151.80.31.129 - - [16/Aug/2015:05:19:03 -0500] "GET /BLA/resoluciones/RESOLUCIONES%202006/RES%202006%20551-600/00000554.tif HTTP/1.1" 200 265028
66.249.75.28 - - [16/Aug/2015:05:19:08 -0500] "GET /BLA/resoluciones/RESOLUCIONES%202011/3911.pdf HTTP/1.1" 200 544900
151.80.31.129 - - [16/Aug/2015:05:19:13 -0500] "GET /BLA/resoluciones/RESOLUCIONES%202004/RES%202004%201301-1350/00001345.tif HTTP/1.1" 200 239788
66.249.75.36 - - [16/Aug/2015:05:19:13 -0500] "GET /BLA/resoluciones/RESOLUCIONES%202007/RES%202007%204101%20AL%204200/RESOLUCION%204185%20DE%202007.pdf HTTP/1.1" 304 -
66.249.75.44 - - [16/Aug/2015:05:19:13 -0500] "GET /BLA/resoluciones/RESOLUCIONES%202010/0312.pdf HTTP/1.1" 200 221471
66.249.75.36 - - [16/Aug/2015:05:19:55 -0500] "GET /BLA/resoluciones/RESOLUCIONES%202009/0114.pdf HTTP/1.1" 304 -
151.80.31.129 - - [16/Aug/2015:05:20:08 -0500] "GET /BLA/resoluciones/RESOLUCIONES%202005/RES%202005%20%201651-1700/00001672.tif HTTP/1.1" 200 106872
151.80.31.129 - - [16/Aug/2015:05:20:23 -0500] "GET /BLA/resoluciones/RESOLUCIONES%202003/RES%202003%20701-750/722.tif HTTP/1.1" 200 388316
66.249.75.44 - - [16/Aug/2015:05:21:18 -0500] "GET /BLA/resoluciones/RESOLUCIONES%202004/RES%202004%20751-800/00000755.tif HTTP/1.1" 200 185288
74.86.158.107 - - [16/Aug/2015:05:21:18 -0500] "HEAD / HTTP/1.1" 200 -
201.245.192.253 - - [16/Aug/2015:05:21:41 -0500] "GET /forest/session.jsp?a=0.9021100803971698 HTTP/1.1" 200 4
151.80.31.129 - - [16/Aug/2015:05:21:51 -0500] "GET /BLA/resoluciones/RESOLUCIONES%202002/RES%202002%201401-1450/20021443.tif HTTP/1.1" 200 118704
66.249.75.44 - - [16/Aug/2015:05:22:23 -0500] "GET /BLA/resoluciones/RESOLUCIONES%202009/2050.pdf HTTP/1.1" 200 671696
84.115.26.222 - - [16/Aug/2015:05:22:38 -0500] "POST /webdav/x32.php HTTP/1.1" 404 1018
84.115.26.222 - - [16/Aug/2015:05:22:38 -0500] "POST /webdav/x32.php HTTP/1.1" 404 1018
201.245.192.253 - - [16/Aug/2015:05:23:18 -0500] "GET /forest/session.jsp?a=0.4837975047433183 HTTP/1.1" 200 4
151.80.31.129 - - [16/Aug/2015:05:23:26 -0500] "GET /BLA/resoluciones/RESOLUCIONES%202006/RES%202006%202401-2450/00002435.tif HTTP/1.1" 200 205660
66.249.75.36 - - [16/Aug/2015:05:23:44 -0500] "GET /BLA/resoluciones/RESOLUCIONES%202011/4761.pdf HTTP/1.1" 200 714946
66.249.75.44 - - [16/Aug/2015:05:25:15 -0500] "GET /BLA/resoluciones/RESOLUCIONES%202004/RES%202004%20201-250/00000241.tif HTTP/1.1" 200 137332
66.249.75.36 - - [16/Aug/2015:05:25:24 -0500] "GET /BLA/resoluciones/AUTOS%202014/1779.pdf HTTP/1.1" 304 -
66.249.75.28 - - [16/Aug/2015:05:25:29 -0500] "GET /BLA/resoluciones/AUTOS%202011/5917.pdf HTTP/1.1" 304 -
151.80.31.129 - - [16/Aug/2015:05:25:42 -0500] "GET /BLA/resoluciones/RESOLUCIONES%202004/RES%202004%201101-1150/00001120.tif HTTP/1.1" 200 217700
177.252.142.105 - - [16/Aug/2015:05:25:45 -0500] "GET /BLA/boletinlegal/js/jquery.scrollShow.js HTTP/1.1" 200 4586
177.252.142.105 - - [16/Aug/2015:05:25:45 -0500] "GET /galeria/galeria/jquery.fancybox.js?v=2.1.5 HTTP/1.1" 200 48706
177.252.142.105 - - [16/Aug/2015:05:25:45 -0500] "GET /galeria/galeria/jquery.fancybox.css?v=2.1.5 HTTP/1.1" 200 4895
151.80.31.129 - - [16/Aug/2015:05:26:00 -0500] "GET /BLA/resoluciones/RESOLUCIONES%202002/RES%202002%20801-850/00000829.tif HTTP/1.1" 200 83578
74.86.158.107 - - [16/Aug/2015:05:26:18 -0500] "HEAD / HTTP/1.1" 200 -
201.245.192.253 - - [16/Aug/2015:05:26:41 -0500] "GET /forest/session.jsp?a=0.19444407491207605 HTTP/1.1" 200 4
201.245.192.253 - - [16/Aug/2015:05:28:18 -0500] "GET /forest/session.jsp?a=0.25696475339934444 HTTP/1.1" 200 4
66.249.75.28 - - [16/Aug/2015:05:28:27 -0500] "GET /BLA/resoluciones/AUTOS%202011/4671.pdf HTTP/1.1" 200 268585
66.249.75.36 - - [16/Aug/2015:05:28:34 -0500] "GET /BLA/resoluciones/RESOLUCIONES%202007/RES%202007%201501%20AL%201600/RESOLUCION%201596%20DE%202007.pdf HTTP/1.1" 304 -
66.249.75.44 - - [16/Aug/2015:05:28:38 -0500] "GET /BLA/resoluciones/AUTOS%202013/0339.pdf HTTP/1.1" 304 -
103.253.166.8 - - [16/Aug/2015:05:28:45 -0500] "GET /ecodirectorio/files/res/flags/es.png HTTP/1.1" 304 -
188.165.15.192 - - [16/Aug/2015:05:29:05 -0500] "GET /SIG/index.php?dir=Educaci%C3%B3n%20Ambiental/&sort=name&order=desc HTTP/1.1" 200 4716
66.249.75.28 - - [16/Aug/2015:05:29:14 -0500] "GET /BLA/resoluciones/AUTOS%202014/2221.pdf HTTP/1.1" 304 -
190.158.36.140 - - [16/Aug/2015:05:29:55 -0500] "GET / HTTP/1.1" 200 10190
190.158.36.140 - - [16/Aug/2015:05:29:55 -0500] "GET /css/bootstrap.min.css HTTP/1.1" 200 105939
190.158.36.140 - - [16/Aug/2015:05:29:55 -0500] "GET /css/style.css HTTP/1.1" 200 3610
190.158.36.140 - - [16/Aug/2015:05:29:55 -0500] "GET /js/jquery.js HTTP/1.1" 200 97120
190.158.36.140 - - [16/Aug/2015:05:29:55 -0500] "GET /js/bootstrap.min.js HTTP/1.1" 200 28538
190.158.36.140 - - [16/Aug/2015:05:29:55 -0500] "GET /images/SDA.jpg HTTP/1.1" 200 48976
190.158.36.140 - - [16/Aug/2015:05:29:55 -0500] "GET /images/INTRANET.jpg HTTP/1.1" 200 37297
190.158.36.140 - - [16/Aug/2015:05:29:55 -0500] "GET /images/LINEA.jpg HTTP/1.1" 200 33035
190.158.36.140 - - [16/Aug/2015:05:29:55 -0500] "GET /images/INTERNET.jpg HTTP/1.1" 200 34880
190.158.36.140 - - [16/Aug/2015:05:29:55 -0500] "GET /images/NINOS.jpg HTTP/1.1" 200 44828
190.158.36.140 - - [16/Aug/2015:05:29:55 -0500] "GET /images/FOREST.jpg HTTP/1.1" 200 33277
190.158.36.140 - - [16/Aug/2015:05:29:55 -0500] "GET /images/RMCAB.jpg HTTP/1.1" 200 49926
190.158.36.140 - - [16/Aug/2015:05:29:56 -0500] "GET /images/BLA.jpg HTTP/1.1" 200 34672
190.158.36.140 - - [16/Aug/2015:05:29:56 -0500] "GET /images/SDQS.jpg HTTP/1.1" 200 47976
190.158.36.140 - - [16/Aug/2015:05:29:56 -0500] "GET /images/CORREO.jpg HTTP/1.1" 200 39337
190.158.36.140 - - [16/Aug/2015:05:29:56 -0500] "GET /images/FORMATOS.jpg HTTP/1.1" 200 41585
190.158.36.140 - - [16/Aug/2015:05:29:56 -0500] "GET /images/CATALOGO.jpg HTTP/1.1" 200 35661
190.158.36.140 - - [16/Aug/2015:05:29:57 -0500] "GET /favicon.ico HTTP/1.1" 200 7782
190.158.36.140 - - [16/Aug/2015:05:30:25 -0500] "GET /galeria/galeria/jquery.fancybox.css?v=2.1.5 HTTP/1.1" 200 4895
190.158.36.140 - - [16/Aug/2015:05:30:25 -0500] "GET /galeria/carrusel/Carrusel/jquery.thumbnailScroller.css HTTP/1.1" 200 2066
190.158.36.140 - - [16/Aug/2015:05:30:25 -0500] "GET /BLA/boletinlegal/js/jquery.scrollShow.js HTTP/1.1" 200 4586
190.158.36.140 - - [16/Aug/2015:05:30:25 -0500] "GET /galeria/galeria/jquery.fancybox.js?v=2.1.5 HTTP/1.1" 200 48706
190.158.36.140 - - [16/Aug/2015:05:30:25 -0500] "GET /galeria/carrusel/Carrusel/jquery-ui-1.8.13.custom.min.js HTTP/1.1" 200 10800
190.158.36.140 - - [16/Aug/2015:05:30:25 -0500] "GET /galeria/carrusel/Carrusel/jquery.thumbnailScroller.js HTTP/1.1" 200 8157
190.158.36.140 - - [16/Aug/2015:05:30:26 -0500] "GET /galeria/nivo-slider/demo/demo.html HTTP/1.1" 200 5379
151.80.31.129 - - [16/Aug/2015:05:30:27 -0500] "GET /BLA/resoluciones/RESOLUCIONES%202004/RES%202004%201051-1100/00001098.tif HTTP/1.1" 200 129980
190.158.36.140 - - [16/Aug/2015:05:30:29 -0500] "GET /galeria/nivo-slider/themes/default/default.css HTTP/1.1" 200 1569
190.158.36.140 - - [16/Aug/2015:05:30:29 -0500] "GET /galeria/nivo-slider/themes/pascal/pascal.css HTTP/1.1" 200 2258
190.158.36.140 - - [16/Aug/2015:05:30:29 -0500] "GET /galeria/nivo-slider/themes/orman/orman.css HTTP/1.1" 200 2152
190.158.36.140 - - [16/Aug/2015:05:30:29 -0500] "GET /galeria/nivo-slider/nivo-slider.css HTTP/1.1" 200 1507
190.158.36.140 - - [16/Aug/2015:05:30:29 -0500] "GET /galeria/nivo-slider/demo/style.css HTTP/1.1" 200 2222
190.158.36.140 - - [16/Aug/2015:05:30:29 -0500] "GET /galeria/nivo-slider/demo/images/rendicion-de-cuentas-7-agosto.jpg HTTP/1.1" 200 149701
190.158.36.140 - - [16/Aug/2015:05:30:29 -0500] "GET /galeria/nivo-slider/demo/scripts/jquery-1.7.1.min.js HTTP/1.1" 200 93868
190.158.36.140 - - [16/Aug/2015:05:30:29 -0500] "GET /galeria/nivo-slider/jquery.nivo.slider.pack.js HTTP/1.1" 200 11561
190.158.36.140 - - [16/Aug/2015:05:30:29 -0500] "GET /galeria/nivo-slider/demo/images/PREDAcamp.jpg HTTP/1.1" 200 295358
190.158.36.140 - - [16/Aug/2015:05:30:29 -0500] "GET /galeria/nivo-slider/demo/images/Semana-PYBA.jpg HTTP/1.1" 200 147360
190.158.36.140 - - [16/Aug/2015:05:30:29 -0500] "GET /galeria/nivo-slider/demo/images/Banner-piel-natural.jpg HTTP/1.1" 200 160762
190.158.36.140 - - [16/Aug/2015:05:30:29 -0500] "GET /galeria/nivo-slider/demo/images/VoluntariadoPYBA.jpg HTTP/1.1" 200 40647
190.158.36.140 - - [16/Aug/2015:05:30:30 -0500] "GET /galeria/nivo-slider/demo/images/Cambio-Climatico-Paramos.jpg HTTP/1.1" 200 262430
190.158.36.140 - - [16/Aug/2015:05:30:30 -0500] "GET /galeria/nivo-slider/demo/images/4Simple_Slider.png HTTP/1.1" 200 11722
190.158.36.140 - - [16/Aug/2015:05:30:30 -0500] "GET /galeria/nivo-slider/themes/default/loading.gif HTTP/1.1" 200 1737
190.158.36.140 - - [16/Aug/2015:05:30:30 -0500] "GET /galeria/nivo-slider/demo/images/Seguridad.jpg HTTP/1.1" 200 449828
190.158.36.140 - - [16/Aug/2015:05:30:30 -0500] "GET /galeria/nivo-slider/demo/images/Banner-TL.jpg HTTP/1.1" 200 158976
190.158.36.140 - - [16/Aug/2015:05:30:30 -0500] "GET /galeria/nivo-slider/demo/images/banner-llantas2.jpg HTTP/1.1" 200 204644
190.158.36.140 - - [16/Aug/2015:05:30:31 -0500] "GET /galeria/nivo-slider/demo/images/9Signos.jpg HTTP/1.1" 200 81776
190.158.36.140 - - [16/Aug/2015:05:30:31 -0500] "GET /galeria/nivo-slider/demo/images/Comparendo-ambiental-Banner.jpg HTTP/1.1" 200 83731
190.158.36.140 - - [16/Aug/2015:05:30:31 -0500] "GET /galeria/nivo-slider/demo/images/GAE-banner.jpg HTTP/1.1" 200 97556
190.158.36.140 - - [16/Aug/2015:05:30:31 -0500] "GET /galeria/nivo-slider/demo/images/Banner-encuesta-de-percepscio.jpg HTTP/1.1" 200 201899
190.158.36.140 - - [16/Aug/2015:05:30:31 -0500] "GET /galeria/nivo-slider/demo/images/banner-Pacto-por-la-madera.jpg HTTP/1.1" 200 209966
190.158.36.140 - - [16/Aug/2015:05:30:31 -0500] "GET /galeria/nivo-slider/demo/images/acuerdo_569.jpg HTTP/1.1" 200 62670
190.158.36.140 - - [16/Aug/2015:05:30:32 -0500] "GET /galeria/nivo-slider/demo/images/Banner-Directorio.jpg HTTP/1.1" 200 182068
190.158.36.140 - - [16/Aug/2015:05:30:32 -0500] "GET /galeria/nivo-slider/demo/images/Ruta-vertimientos-01.jpg HTTP/1.1" 200 130151
190.158.36.140 - - [16/Aug/2015:05:30:32 -0500] "GET /galeria/nivo-slider/demo/images/bolsas-06.jpg HTTP/1.1" 200 90982
190.158.36.140 - - [16/Aug/2015:05:30:33 -0500] "GET /galeria/nivo-slider/demo/images/Conoce-los-humedales.jpg HTTP/1.1" 200 294036
190.158.36.140 - - [16/Aug/2015:05:30:33 -0500] "GET /galeria/nivo-slider/demo/images/ecolecta-Dic2014.png HTTP/1.1" 200 288593
190.158.36.140 - - [16/Aug/2015:05:30:33 -0500] "GET /galeria/nivo-slider/demo/images/Banner-Caracol-Africano.jpg HTTP/1.1" 200 331986
190.158.36.140 - - [16/Aug/2015:05:30:35 -0500] "GET /galeria/nivo-slider/themes/default/arrows.png HTTP/1.1" 200 824
190.158.36.140 - - [16/Aug/2015:05:30:35 -0500] "GET /galeria/nivo-slider/themes/default/bullets.png HTTP/1.1" 200 1281
151.80.31.129 - - [16/Aug/2015:05:31:11 -0500] "GET /BLA/resoluciones/RESOLUCIONES%202005/RES%202005%201751-1800/00001777.tif HTTP/1.1" 200 133182
74.86.158.107 - - [16/Aug/2015:05:31:18 -0500] "HEAD / HTTP/1.1" 200 -
201.245.192.253 - - [16/Aug/2015:05:31:41 -0500] "GET /forest/session.jsp?a=0.04999449707298831 HTTP/1.1" 200 4
66.249.75.36 - - [16/Aug/2015:05:31:43 -0500] "GET /BLA/resoluciones/RESOLUCIONES%202011/5028.pdf HTTP/1.1" 304 -
127.0.0.1 - - [16/Aug/2015:05:31:43 -0500] "POST /wp-cron.php?doing_wp_cron=1439721103.7262799739837646484375 HTTP/1.0" 200 -
116.86.20.9 - - [16/Aug/2015:05:31:43 -0500] "POST /xmlrpc.php HTTP/1.1" 200 415
66.249.75.36 - - [16/Aug/2015:05:31:47 -0500] "GET /BLA/resoluciones/index.php?dir=RESOLUCIONES%202003/RES%202003%20951-1000/&sort=size&order=desc HTTP/1.1" 200 11178
151.80.31.129 - - [16/Aug/2015:05:31:56 -0500] "GET /BLA/resoluciones/RESOLUCIONES%202005/RES%202005%20251-300/00000258.tif HTTP/1.1" 200 122344
151.80.31.129 - - [16/Aug/2015:05:32:03 -0500] "GET /BLA/resoluciones/AUTOS%202006/AUTOS%202006%20601-700/00000639.tif HTTP/1.1" 200 58754
66.249.75.28 - - [16/Aug/2015:05:32:16 -0500] "GET /BLA/resoluciones/RESOLUCIONES%202010/0319.pdf HTTP/1.1" 304 -
66.249.75.36 - - [16/Aug/2015:05:33:03 -0500] "GET /BLA/resoluciones/AUTOS%202011/3792.pdf HTTP/1.1" 200 286921
201.245.192.253 - - [16/Aug/2015:05:33:18 -0500] "GET /forest/session.jsp?a=0.8844665024352237 HTTP/1.1" 200 4
200.26.155.142 - - [16/Aug/2015:05:33:53 -0500] "GET /galeria/nivo-slider/demo/images/bolsas-08.jpg HTTP/1.1" 304 -
207.46.13.32 - - [16/Aug/2015:05:33:54 -0500] "GET /BLA/resoluciones/AUTOS%202011/6217.pdf HTTP/1.1" 200 300841
66.249.75.28 - - [16/Aug/2015:05:34:54 -0500] "GET /BLA/resoluciones/RESOLUCIONES%202010/2803.pdf HTTP/1.1" 200 541315
66.249.75.36 - - [16/Aug/2015:05:34:55 -0500] "GET /BLA/resoluciones/AUTOS%202013/0941.pdf HTTP/1.1" 304 -
66.249.75.36 - - [16/Aug/2015:05:35:57 -0500] "GET /BLA/resoluciones/AUTOS%202012/0121.pdf HTTP/1.1" 200 664408
66.249.75.44 - - [16/Aug/2015:05:36:18 -0500] "GET /BLA/resoluciones/RESOLUCIONES%202010/7639.pdf HTTP/1.1" 304 -
74.86.158.107 - - [16/Aug/2015:05:36:18 -0500] "HEAD / HTTP/1.1" 200 -
201.245.192.253 - - [16/Aug/2015:05:36:41 -0500] "GET /forest/session.jsp?a=0.6584468315804114 HTTP/1.1" 200 4
66.249.75.36 - - [16/Aug/2015:05:37:46 -0500] "GET /BLA/resoluciones/AUTOS%202009/0648.pdf HTTP/1.1" 200 90737
66.249.75.44 - - [16/Aug/2015:05:38:04 -0500] "GET /BLA/resoluciones/RESOLUCIONES%202007/RES%202007%201801%20AL%201900/RESOLUCION%201843%20DE%202007.pdf HTTP/1.1" 304 -
201.245.192.253 - - [16/Aug/2015:05:38:18 -0500] "GET /forest/session.jsp?a=0.15467424441970223 HTTP/1.1" 200 4
66.249.75.44 - - [16/Aug/2015:05:38:22 -0500] "GET /BLA/resoluciones/AUTOS%202012/3004.pdf HTTP/1.1" 200 701184
151.80.31.129 - - [16/Aug/2015:05:39:30 -0500] "GET /BLA/resoluciones/AUTOS%202006/AUTOS%202006%201301-1400/00001390.tif HTTP/1.1" 200 78422
151.80.31.129 - - [16/Aug/2015:05:39:58 -0500] "GET /BLA/resoluciones/RESOLUCIONES%202005/RES%202005%20151-200/00000157.tif HTTP/1.1" 200 45340
66.249.75.44 - - [16/Aug/2015:05:41:13 -0500] "GET /BLA/resoluciones/RESOLUCIONES%202009/1854.pdf HTTP/1.1" 200 469687
66.249.69.40 - - [16/Aug/2015:05:41:14 -0500] "GET /POT-2013/expediente/EXPEDIENTE%20DISTRITAL%20VIGENCIA%202011octubre%20final.pdf HTTP/1.1" 304 -
74.86.158.107 - - [16/Aug/2015:05:41:18 -0500] "HEAD / HTTP/1.1" 200 -
201.245.192.253 - - [16/Aug/2015:05:41:41 -0500] "GET /forest/session.jsp?a=0.6171590943337332 HTTP/1.1" 200 4
66.249.75.28 - - [16/Aug/2015:05:42:25 -0500] "GET /BLA/resoluciones/RESOLUCIONES%202011/4772.pdf HTTP/1.1" 200 660142
180.76.15.153 - - [16/Aug/2015:05:43:09 -0500] "GET / HTTP/1.1" 200 10190
180.76.15.15 - - [16/Aug/2015:05:43:10 -0500] "GET /BLA/boletinlegal/Circulares/2011/Circular%20No.%204%20del%2012%20de%20Agosto%20de%202011.pdf HTTP/1.1" 200 601047
201.245.192.253 - - [16/Aug/2015:05:43:19 -0500] "GET /forest/session.jsp?a=0.4513870592107485 HTTP/1.1" 200 4
157.55.39.220 - - [16/Aug/2015:05:43:58 -0500] "GET /BLA/resoluciones/AUTOS%202014/1064.pdf HTTP/1.1" 200 608937
151.80.31.129 - - [16/Aug/2015:05:44:01 -0500] "GET /BLA/resoluciones/index.php?dir=RESOLUCIONES%202002/RES%202002%20101-150/&sort=name&order=desc HTTP/1.1" 200 12338
180.76.15.147 - - [16/Aug/2015:05:44:04 -0500] "GET / HTTP/1.1" 200 10190
157.55.39.220 - - [16/Aug/2015:05:44:06 -0500] "GET /galeria/nivo-slider/demo/images/Cambio-Climatico-Paramos.jpg HTTP/1.1" 200 262430
66.249.69.48 - - [16/Aug/2015:05:44:24 -0500] "GET / HTTP/1.1" 200 10190
66.249.75.28 - - [16/Aug/2015:05:44:24 -0500] "GET /BLA/resoluciones/AUTOS%202011/6967.pdf HTTP/1.1" 304 -
66.249.75.36 - - [16/Aug/2015:05:44:47 -0500] "GET /BLA/resoluciones/RESOLUCIONES%202009/3088.pdf HTTP/1.1" 304 -
151.80.31.129 - - [16/Aug/2015:05:44:49 -0500] "GET /BLA/resoluciones/index.php?dir=AUTOS%202008/&sort=date&order=asc HTTP/1.1" 200 569644
157.55.39.193 - - [16/Aug/2015:05:45:01 -0500] "GET /galeria/carrusel/Carrusel/jquery-ui-1.8.13.custom.min.js HTTP/1.1" 200 10800
127.0.0.1 - - [16/Aug/2015:05:45:28 -0500] "POST /wp-cron.php?doing_wp_cron=1439721928.9521300792694091796875 HTTP/1.0" 200 -
178.59.60.226 - - [16/Aug/2015:05:45:28 -0500] "POST /xmlrpc.php HTTP/1.1" 200 415
151.80.31.129 - - [16/Aug/2015:05:45:47 -0500] "GET /BLA/resoluciones/RESOLUCIONES%202005/RES%202005%201-50/RES%202005%20101-150/00000147.tif HTTP/1.1" 200 126492
74.86.158.107 - - [16/Aug/2015:05:46:18 -0500] "HEAD / HTTP/1.1" 200 -
201.245.192.253 - - [16/Aug/2015:05:46:41 -0500] "GET /forest/session.jsp?a=0.9200077644923588 HTTP/1.1" 200 4
151.80.31.129 - - [16/Aug/2015:05:46:54 -0500] "GET /BLA/resoluciones/RESOLUCIONES%202004/RES%202004%201501-1550/00001511.tif HTTP/1.1" 200 117524
66.249.75.44 - - [16/Aug/2015:05:47:00 -0500] "GET /BLA/resoluciones/RESOLUCIONES%202011/3352.pdf HTTP/1.1" 200 456295
177.252.142.105 - - [16/Aug/2015:05:47:08 -0500] "GET /galeria/galeria/jquery.fancybox.js?v=2.1.5 HTTP/1.1" 200 48706
157.55.39.219 - - [16/Aug/2015:05:47:32 -0500] "GET /galeria/nivo-slider/demo/images/VoluntariadoPYBA.jpg HTTP/1.1" 200 40647
66.249.75.36 - - [16/Aug/2015:05:47:33 -0500] "GET /BLA/resoluciones/RESOLUCIONES%202013/2765.pdf HTTP/1.1" 304 -
157.55.39.219 - - [16/Aug/2015:05:47:34 -0500] "GET /galeria/nivo-slider/demo/images/ecolecta-Dic2014.png HTTP/1.1" 200 288593
157.55.39.219 - - [16/Aug/2015:05:47:39 -0500] "GET /galeria/nivo-slider/demo/images/Semana-PYBA.jpg HTTP/1.1" 200 147360
201.245.192.253 - - [16/Aug/2015:05:48:19 -0500] "GET /forest/session.jsp?a=0.8506828005759355 HTTP/1.1" 200 4
66.249.75.36 - - [16/Aug/2015:05:49:38 -0500] "GET /BLA/resoluciones/AUTOS%202013/2506.pdf HTTP/1.1" 200 2420834
151.80.31.129 - - [16/Aug/2015:05:49:55 -0500] "GET /BLA/resoluciones/RESOLUCIONES%202006/RES%202006%20801-850/00000828.tif HTTP/1.1" 200 44572
66.249.75.44 - - [16/Aug/2015:05:50:05 -0500] "GET /BLA/resoluciones/RESOLUCIONES%202004/RES%202004%20751-800/00000753.tif HTTP/1.1" 200 190526
151.80.31.129 - - [16/Aug/2015:05:50:39 -0500] "GET /BLA/resoluciones/RESOLUCIONES%202002/RES%202002%20901-950/00000930.tif HTTP/1.1" 200 105258
66.249.75.44 - - [16/Aug/2015:05:50:44 -0500] "GET /BLA/resoluciones/Notificaciones/AUTOS%202014/4048.doc HTTP/1.1" 304 -
66.249.75.28 - - [16/Aug/2015:05:50:46 -0500] "GET /BLA/resoluciones/RESOLUCIONES%202007/RES%202007%203001%20AL%203100/RESOLUCION%203099%20DE%202007.pdf HTTP/1.1" 304 -
151.80.31.129 - - [16/Aug/2015:05:50:53 -0500] "GET /BLA/resoluciones/RESOLUCIONES%202005/RES%202005%201551-1600/00001583.tif HTTP/1.1" 200 55610
66.249.75.36 - - [16/Aug/2015:05:51:16 -0500] "GET /BLA/resoluciones/AUTOS%202013/0478.pdf HTTP/1.1" 304 -
74.86.158.107 - - [16/Aug/2015:05:51:18 -0500] "HEAD / HTTP/1.1" 200 -
151.80.31.129 - - [16/Aug/2015:05:51:21 -0500] "GET /BLA/resoluciones/AUTOS%202006/AUTOS%202006%202201%20-%202300/00002217.tif HTTP/1.1" 200 98376
201.245.192.253 - - [16/Aug/2015:05:51:41 -0500] "GET /forest/session.jsp?a=0.9302090326595791 HTTP/1.1" 200 4
66.249.75.28 - - [16/Aug/2015:05:51:44 -0500] "GET /BLA/resoluciones/RESOLUCIONES%202011/4362.pdf HTTP/1.1" 200 603882
199.195.118.53 - - [16/Aug/2015:05:51:45 -0500] "GET / HTTP/1.1" 200 10190
66.249.75.28 - - [16/Aug/2015:05:52:21 -0500] "GET /BLA/resoluciones/AUTOS%202012/2595.pdf HTTP/1.1" 200 1956666
151.80.31.129 - - [16/Aug/2015:05:53:00 -0500] "GET /BLA/resoluciones/RESOLUCIONES%202004/RES%202004%201151-1200/00001189.tif HTTP/1.1" 200 194706
201.245.192.253 - - [16/Aug/2015:05:53:19 -0500] "GET /forest/session.jsp?a=0.20045920740363954 HTTP/1.1" 200 4
151.80.31.129 - - [16/Aug/2015:05:53:19 -0500] "GET /BLA/resoluciones/RESOLUCIONES%202005/RES%202005%202551-2600/00002591.tif HTTP/1.1" 200 235220
66.249.75.44 - - [16/Aug/2015:05:54:03 -0500] "GET /BLA/resoluciones/RESOLUCIONES%202003/RES%202003%20951-1000/990.tif HTTP/1.1" 200 276380
66.249.75.44 - - [16/Aug/2015:05:54:20 -0500] "GET /BLA/resoluciones/RESOLUCIONES%202008/0366.pdf HTTP/1.1" 200 343859
66.249.75.44 - - [16/Aug/2015:05:54:24 -0500] "GET /BLA/resoluciones/RESOLUCIONES%202007/RES%202007%201201%20AL%201300/RESOLUCION%201255%20DE%202007.pdf HTTP/1.1" 304 -
66.249.75.36 - - [16/Aug/2015:05:54:47 -0500] "GET /BLA/resoluciones/RESOLUCIONES%202008/3096.pdf HTTP/1.1" 304 -
186.30.76.42 - - [16/Aug/2015:05:55:02 -0500] "GET /galeria/galeria/jquery.fancybox.js?v=2.1.5 HTTP/1.1" 200 48706
186.30.76.42 - - [16/Aug/2015:05:55:02 -0500] "GET /galeria/galeria/jquery.fancybox.css?v=2.1.5 HTTP/1.1" 200 4895
186.30.76.42 - - [16/Aug/2015:05:55:02 -0500] "GET /BLA/boletinlegal/js/jquery.scrollShow.js HTTP/1.1" 200 4586
186.30.76.42 - - [16/Aug/2015:05:55:06 -0500] "GET /BLA/boletinlegal/js/jquery.scrollShow.js HTTP/1.1" 304 -
186.30.76.42 - - [16/Aug/2015:05:55:07 -0500] "GET /galeria/galeria/jquery.fancybox.js?v=2.1.5 HTTP/1.1" 304 -
186.30.76.42 - - [16/Aug/2015:05:55:07 -0500] "GET /galeria/galeria/jquery.fancybox.css?v=2.1.5 HTTP/1.1" 304 -
74.86.158.107 - - [16/Aug/2015:05:56:18 -0500] "HEAD / HTTP/1.1" 200 -
66.249.75.44 - - [16/Aug/2015:05:56:19 -0500] "GET /BLA/resoluciones/AUTOS%202011/5045.pdf HTTP/1.1" 200 648251
151.80.31.129 - - [16/Aug/2015:05:56:37 -0500] "GET /BLA/resoluciones/AUTOS%202006/AUTOS%202006%202101%20-%202200/00002166.tif HTTP/1.1" 200 56278
201.245.192.253 - - [16/Aug/2015:05:56:41 -0500] "GET /forest/session.jsp?a=0.25246858155150487 HTTP/1.1" 200 4
177.252.142.105 - - [16/Aug/2015:05:56:46 -0500] "GET /galeria/carrusel/Carrusel/jquery.thumbnailScroller.css HTTP/1.1" 200 2066
177.252.142.105 - - [16/Aug/2015:05:56:46 -0500] "GET /galeria/carrusel/Carrusel/jquery-ui-1.8.13.custom.min.js HTTP/1.1" 200 10800
177.252.142.105 - - [16/Aug/2015:05:56:46 -0500] "GET /galeria/carrusel/Carrusel/jquery.thumbnailScroller.js HTTP/1.1" 200 8157
177.252.142.105 - - [16/Aug/2015:05:56:49 -0500] "GET /galeria/nivo-slider/demo/demo.html HTTP/1.1" 200 5379
177.252.142.105 - - [16/Aug/2015:05:56:51 -0500] "GET /galeria/nivo-slider/demo/images/rendicion-de-cuentas-7-agosto.jpg HTTP/1.1" 200 149701
177.252.142.105 - - [16/Aug/2015:05:56:51 -0500] "GET /galeria/nivo-slider/themes/pascal/pascal.css HTTP/1.1" 200 2258
177.252.142.105 - - [16/Aug/2015:05:56:51 -0500] "GET /galeria/nivo-slider/nivo-slider.css HTTP/1.1" 200 1507
