!C99Shell v. 1.0 pre-release build #13!

Software: Apache. PHP/5.5.15 

uname -a: Windows NT SVR-DMZ 6.1 build 7600 (Windows Server 2008 R2 Enterprise Edition) i586 

SYSTEM 

Safe-mode: OFF (not secure)

E:\nuevo\apache\logs\   drwxrwxrwx
Free 9.41 GB of 239.26 GB (3.93%)
Detected drives: [ a ] [ c ] [ d ] [ e ] [ f ]
Home    Back    Forward    UPDIR    Refresh    Search    Buffer    Encoder    Tools    Proc.    FTP brute    Sec.    SQL    PHP-code    Update    Feedback    Self remove    Logout    


Viewing file:     access.2015.08.17.log (6.86 MB)      -rw-rw-rw-
Select action/file-type:
(+) | (+) | (+) | Code (+) | Session (+) | (+) | SDB (+) | (+) | (+) | (+) | (+) | (+) |
181.129.65.224 - - [17/Aug/2015:00:00:47 -0500] "POST /forms/lservlet;jsessionid=ac16012b30d6c23f45d1542244d7ba45bbc6bc4c6bf8.e3iSbxaKaheRe38Ka34Oa3eLbxf0n6jAmljGr5XDqQLvpAe HTTP/1.1" 200 2
151.80.31.129 - - [17/Aug/2015:00:00:54 -0500] "GET /BLA/resoluciones/RESOLUCIONES%202003/RES%202003%20501-550/541.tif HTTP/1.1" 200 112944
151.80.31.129 - - [17/Aug/2015:00:00:57 -0500] "GET /BLA/resoluciones/AUTOS%202006/AUTOS%202006%202701%20-%202800/00002735.tif HTTP/1.1" 200 49168
151.80.31.129 - - [17/Aug/2015:00:01:18 -0500] "GET /BLA/resoluciones/AUTOS%202006/AUTOS%202006%202601%20-%202700/00002678.tif HTTP/1.1" 200 54912
66.249.65.220 - - [17/Aug/2015:00:01:42 -0500] "GET /BLA/resoluciones/AUTOS%202011/0224.pdf HTTP/1.1" 200 137839
66.249.65.213 - - [17/Aug/2015:00:01:47 -0500] "GET /BLA/resoluciones/AUTOS%202013/0945.pdf HTTP/1.1" 304 -
201.245.192.253 - - [17/Aug/2015:00:01:50 -0500] "GET /forest/session.jsp?a=0.16867062017456158 HTTP/1.1" 200 4
66.249.65.227 - - [17/Aug/2015:00:01:57 -0500] "GET /BLA/resoluciones/AUTOS%202009/2031.pdf HTTP/1.1" 200 99876
190.157.119.199 - - [17/Aug/2015:00:02:18 -0500] "GET /BLA/resoluciones/RESOLUCIONES%202007/RES%202007%201401%20AL%201500/RESOLUCION%201448%20DE%202007.pdf HTTP/1.1" 200 700461
186.155.159.170 - - [17/Aug/2015:00:02:26 -0500] "GET /BLA/boletinlegal/js/jquery.scrollShow.js HTTP/1.1" 200 4586
186.155.159.170 - - [17/Aug/2015:00:02:26 -0500] "GET /galeria/galeria/jquery.fancybox.css?v=2.1.5 HTTP/1.1" 200 4895
186.155.159.170 - - [17/Aug/2015:00:02:26 -0500] "GET /galeria/galeria/jquery.fancybox.js?v=2.1.5 HTTP/1.1" 200 48706
186.155.159.170 - - [17/Aug/2015:00:02:26 -0500] "GET /galeria/carrusel/Carrusel/jquery.thumbnailScroller.css HTTP/1.1" 200 2066
186.155.159.170 - - [17/Aug/2015:00:02:26 -0500] "GET /galeria/carrusel/Carrusel/jquery-ui-1.8.13.custom.min.js HTTP/1.1" 200 10800
186.155.159.170 - - [17/Aug/2015:00:02:27 -0500] "GET /galeria/carrusel/Carrusel/jquery.thumbnailScroller.js HTTP/1.1" 200 8157
186.155.159.170 - - [17/Aug/2015:00:02:30 -0500] "GET /galeria/nivo-slider/demo/demo.html HTTP/1.1" 200 5383
186.155.159.170 - - [17/Aug/2015:00:02:31 -0500] "GET /galeria/nivo-slider/themes/pascal/pascal.css HTTP/1.1" 200 2258
186.155.159.170 - - [17/Aug/2015:00:02:31 -0500] "GET /galeria/nivo-slider/themes/default/default.css HTTP/1.1" 200 1569
186.155.159.170 - - [17/Aug/2015:00:02:31 -0500] "GET /galeria/nivo-slider/nivo-slider.css HTTP/1.1" 200 1507
186.155.159.170 - - [17/Aug/2015:00:02:31 -0500] "GET /galeria/nivo-slider/demo/images/rendicion-de-cuentas-7-agosto.jpg HTTP/1.1" 200 149701
186.155.159.170 - - [17/Aug/2015:00:02:31 -0500] "GET /galeria/nivo-slider/themes/orman/orman.css HTTP/1.1" 200 2152
186.155.159.170 - - [17/Aug/2015:00:02:31 -0500] "GET /galeria/nivo-slider/demo/images/Banner-ecolecta2015.jpg HTTP/1.1" 200 219133
186.155.159.170 - - [17/Aug/2015:00:02:31 -0500] "GET /galeria/nivo-slider/demo/images/PREDAcamp.jpg HTTP/1.1" 200 295358
186.155.159.170 - - [17/Aug/2015:00:02:31 -0500] "GET /galeria/nivo-slider/demo/style.css HTTP/1.1" 200 2222
186.155.159.170 - - [17/Aug/2015:00:02:31 -0500] "GET /galeria/nivo-slider/demo/scripts/jquery-1.7.1.min.js HTTP/1.1" 200 93868
186.155.159.170 - - [17/Aug/2015:00:02:31 -0500] "GET /galeria/nivo-slider/jquery.nivo.slider.pack.js HTTP/1.1" 200 11561
186.155.159.170 - - [17/Aug/2015:00:02:31 -0500] "GET /galeria/nivo-slider/demo/images/VoluntariadoPYBA.jpg HTTP/1.1" 200 40647
186.155.159.170 - - [17/Aug/2015:00:02:31 -0500] "GET /galeria/nivo-slider/demo/images/Semana-PYBA.jpg HTTP/1.1" 200 147360
186.155.159.170 - - [17/Aug/2015:00:02:31 -0500] "GET /galeria/nivo-slider/demo/images/4Simple_Slider.png HTTP/1.1" 200 11722
186.155.159.170 - - [17/Aug/2015:00:02:31 -0500] "GET /galeria/nivo-slider/themes/default/loading.gif HTTP/1.1" 200 1737
186.155.159.170 - - [17/Aug/2015:00:02:31 -0500] "GET /galeria/nivo-slider/demo/images/Cambio-Climatico-Cerros.jpg HTTP/1.1" 200 273652
186.155.159.170 - - [17/Aug/2015:00:02:32 -0500] "GET /galeria/nivo-slider/demo/images/respeto.jpg HTTP/1.1" 200 101469
186.155.159.170 - - [17/Aug/2015:00:02:32 -0500] "GET /galeria/nivo-slider/demo/images/Banner-TL.jpg HTTP/1.1" 200 158976
186.155.159.170 - - [17/Aug/2015:00:02:32 -0500] "GET /galeria/nivo-slider/demo/images/banner-llantas2.jpg HTTP/1.1" 200 204644
186.155.159.170 - - [17/Aug/2015:00:02:32 -0500] "GET /galeria/nivo-slider/demo/images/9Signos.jpg HTTP/1.1" 200 81776
186.155.159.170 - - [17/Aug/2015:00:02:32 -0500] "GET /galeria/nivo-slider/demo/images/Comparendo-ambiental-Banner.jpg HTTP/1.1" 200 83731
186.155.159.170 - - [17/Aug/2015:00:02:32 -0500] "GET /galeria/nivo-slider/demo/images/GAE-banner.jpg HTTP/1.1" 200 97556
186.155.159.170 - - [17/Aug/2015:00:02:33 -0500] "GET /galeria/nivo-slider/demo/images/Banner-Directorio.jpg HTTP/1.1" 200 182068
186.155.159.170 - - [17/Aug/2015:00:02:33 -0500] "GET /galeria/nivo-slider/demo/images/acuerdo_569.jpg HTTP/1.1" 200 62670
186.155.159.170 - - [17/Aug/2015:00:02:33 -0500] "GET /galeria/nivo-slider/demo/images/banner-Pacto-por-la-madera.jpg HTTP/1.1" 200 209966
186.155.159.170 - - [17/Aug/2015:00:02:33 -0500] "GET /galeria/nivo-slider/demo/images/Banner-encuesta-de-percepscio.jpg HTTP/1.1" 200 201899
186.155.159.170 - - [17/Aug/2015:00:02:33 -0500] "GET /galeria/nivo-slider/demo/images/Ruta-vertimientos-01.jpg HTTP/1.1" 200 130151
186.155.159.170 - - [17/Aug/2015:00:02:33 -0500] "GET /galeria/nivo-slider/demo/images/bolsas-06.jpg HTTP/1.1" 200 90982
186.155.159.170 - - [17/Aug/2015:00:02:33 -0500] "GET /galeria/nivo-slider/demo/images/Banner-Caracol-Africano.jpg HTTP/1.1" 200 331986
186.155.159.170 - - [17/Aug/2015:00:02:34 -0500] "GET /galeria/nivo-slider/demo/images/ecolecta-Dic2014.png HTTP/1.1" 200 288593
186.155.159.170 - - [17/Aug/2015:00:02:34 -0500] "GET /galeria/nivo-slider/demo/images/Conoce-los-humedales.jpg HTTP/1.1" 200 294036
186.155.159.170 - - [17/Aug/2015:00:02:37 -0500] "GET /galeria/nivo-slider/themes/default/arrows.png HTTP/1.1" 200 824
186.155.159.170 - - [17/Aug/2015:00:02:37 -0500] "GET /galeria/nivo-slider/themes/default/bullets.png HTTP/1.1" 200 1281
181.129.65.224 - - [17/Aug/2015:00:02:47 -0500] "POST /forms/lservlet;jsessionid=ac16012b30d6c23f45d1542244d7ba45bbc6bc4c6bf8.e3iSbxaKaheRe38Ka34Oa3eLbxf0n6jAmljGr5XDqQLvpAe HTTP/1.1" 200 2
201.245.192.253 - - [17/Aug/2015:00:03:26 -0500] "GET /forest/session.jsp?a=0.6041280488702298 HTTP/1.1" 200 4
74.86.158.107 - - [17/Aug/2015:00:03:42 -0500] "HEAD / HTTP/1.1" 200 -
88.198.233.69 - - [17/Aug/2015:00:04:01 -0500] "GET / HTTP/1.1" 200 10190
151.80.31.129 - - [17/Aug/2015:00:04:12 -0500] "GET /BLA/resoluciones/RESOLUCIONES%202006/RES%202006%20501-550/00000505.tif HTTP/1.1" 200 205690
190.96.185.187 - - [17/Aug/2015:00:04:35 -0500] "GET /BLA/resoluciones/AUTOS%202010/5246.pdf HTTP/1.1" 200 248769
190.96.185.187 - - [17/Aug/2015:00:04:39 -0500] "GET /BLA/resoluciones/AUTOS%202010/5246.pdf HTTP/1.1" 200 248769
66.249.65.220 - - [17/Aug/2015:00:04:41 -0500] "GET /BLA/resoluciones/RESOLUCIONES%202008/0701.pdf HTTP/1.1" 304 -
66.249.65.227 - - [17/Aug/2015:00:04:42 -0500] "GET /BLA/resoluciones/AUTOS%202014/1552.pdf HTTP/1.1" 304 -
181.129.65.224 - - [17/Aug/2015:00:04:48 -0500] "POST /forms/lservlet;jsessionid=ac16012b30d6c23f45d1542244d7ba45bbc6bc4c6bf8.e3iSbxaKaheRe38Ka34Oa3eLbxf0n6jAmljGr5XDqQLvpAe HTTP/1.1" 200 2
201.234.75.11 - - [17/Aug/2015:00:04:55 -0500] "GET /StormSDA/stormWeb/presentacion.html HTTP/1.1" 304 -
66.249.65.213 - - [17/Aug/2015:00:05:05 -0500] "GET /BLA/resoluciones/AUTOS%202010/5421.pdf HTTP/1.1" 304 -
190.96.185.187 - - [17/Aug/2015:00:05:29 -0500] "GET /BLA/resoluciones/AUTOS%202010/5246.pdf HTTP/1.1" 206 1
190.96.185.187 - - [17/Aug/2015:00:05:30 -0500] "GET /BLA/resoluciones/AUTOS%202010/5246.pdf HTTP/1.1" 200 248769
190.96.185.187 - - [17/Aug/2015:00:05:33 -0500] "GET /BLA/resoluciones/AUTOS%202010/5246.pdf HTTP/1.1" 206 1
190.96.185.187 - - [17/Aug/2015:00:05:34 -0500] "GET /BLA/resoluciones/AUTOS%202010/5246.pdf HTTP/1.1" 200 248769
151.80.31.129 - - [17/Aug/2015:00:05:55 -0500] "GET /BLA/resoluciones/AUTOS%202006/AUTOS%202006%201401%20-%201500/00001437.tif HTTP/1.1" 200 56400
75.102.8.33 - - [17/Aug/2015:00:06:02 -0500] "GET /blog/wp-admin/ HTTP/1.1" 404 1018
181.129.65.224 - - [17/Aug/2015:00:06:48 -0500] "POST /forms/lservlet;jsessionid=ac16012b30d6c23f45d1542244d7ba45bbc6bc4c6bf8.e3iSbxaKaheRe38Ka34Oa3eLbxf0n6jAmljGr5XDqQLvpAe HTTP/1.1" 200 2
201.245.192.253 - - [17/Aug/2015:00:06:50 -0500] "GET /forest/session.jsp?a=0.7216689635171164 HTTP/1.1" 200 4
66.249.65.227 - - [17/Aug/2015:00:07:51 -0500] "GET /BLA/resoluciones/RESOLUCIONES%202007/RES%202007%203901%20AL%204000/RESOLUCION%203990%20DE%202007.pdf HTTP/1.1" 304 -
66.249.65.213 - - [17/Aug/2015:00:07:52 -0500] "GET /BLA/resoluciones/AUTOS%202008/2404.pdf HTTP/1.1" 304 -
45.51.216.125 - - [17/Aug/2015:00:08:05 -0500] "GET /webdav/x32.php?host=192.168.0.2&time=120&port=80 HTTP/1.1" 404 1018
190.84.191.99 - - [17/Aug/2015:00:08:22 -0500] "GET /galeria/galeria/jquery.fancybox.js?v=2.1.5 HTTP/1.1" 200 48706
190.84.191.99 - - [17/Aug/2015:00:08:22 -0500] "GET /galeria/galeria/jquery.fancybox.css?v=2.1.5 HTTP/1.1" 200 4895
190.84.191.99 - - [17/Aug/2015:00:08:22 -0500] "GET /BLA/boletinlegal/js/jquery.scrollShow.js HTTP/1.1" 200 4586
66.249.65.220 - - [17/Aug/2015:00:08:24 -0500] "GET /BLA/resoluciones/RESOLUCIONES%202003/RES%202003%20951-1000/996.tif HTTP/1.1" 200 108476
201.245.192.253 - - [17/Aug/2015:00:08:26 -0500] "GET /forest/session.jsp?a=0.9918261008208751 HTTP/1.1" 200 4
127.0.0.1 - - [17/Aug/2015:00:08:27 -0500] "POST /wp-cron.php?doing_wp_cron=1439788107.4863669872283935546875 HTTP/1.0" 200 -
190.26.210.162 - - [17/Aug/2015:00:08:26 -0500] "GET / HTTP/1.1" 200 129702
190.84.191.99 - - [17/Aug/2015:00:08:40 -0500] "GET /galeria/galeria/jquery.fancybox.js?v=2.1.5 HTTP/1.1" 304 -
190.84.191.99 - - [17/Aug/2015:00:08:40 -0500] "GET /BLA/boletinlegal/js/jquery.scrollShow.js HTTP/1.1" 304 -
190.84.191.99 - - [17/Aug/2015:00:08:40 -0500] "GET /galeria/galeria/jquery.fancybox.css?v=2.1.5 HTTP/1.1" 304 -
74.86.158.107 - - [17/Aug/2015:00:08:42 -0500] "HEAD / HTTP/1.1" 200 -
181.129.65.224 - - [17/Aug/2015:00:08:48 -0500] "POST /forms/lservlet;jsessionid=ac16012b30d6c23f45d1542244d7ba45bbc6bc4c6bf8.e3iSbxaKaheRe38Ka34Oa3eLbxf0n6jAmljGr5XDqQLvpAe HTTP/1.1" 200 2
151.80.31.129 - - [17/Aug/2015:00:09:27 -0500] "GET /BLA/resoluciones/RESOLUCIONES%202003/RES%202003%201201-1250/2003RES1216.tif HTTP/1.1" 200 176580
151.80.31.129 - - [17/Aug/2015:00:09:37 -0500] "GET /BLA/resoluciones/index.php?dir=RESOLUCIONES+2005%2FRES+2005+1951-2000%2F HTTP/1.1" 200 12359
181.129.65.224 - - [17/Aug/2015:00:10:48 -0500] "POST /forms/lservlet;jsessionid=ac16012b30d6c23f45d1542244d7ba45bbc6bc4c6bf8.e3iSbxaKaheRe38Ka34Oa3eLbxf0n6jAmljGr5XDqQLvpAe HTTP/1.1" 200 2
66.249.65.220 - - [17/Aug/2015:00:11:02 -0500] "GET /BLA/resoluciones/AUTOS%202014/1705.pdf HTTP/1.1" 304 -
151.80.31.129 - - [17/Aug/2015:00:11:44 -0500] "GET /BLA/resoluciones/AUTOS%202006/AUTOS%202006%203301%20-%203418/00003328.tif HTTP/1.1" 200 59434
201.245.192.253 - - [17/Aug/2015:00:11:50 -0500] "GET /forest/session.jsp?a=0.2112283652881578 HTTP/1.1" 200 4
66.249.65.227 - - [17/Aug/2015:00:12:00 -0500] "GET /BLA/resoluciones/RESOLUCIONES%202007/RES%202007%202001%20AL%202100/RESOLUCION%202013%20DE%202007.pdf HTTP/1.1" 304 -
66.249.65.213 - - [17/Aug/2015:00:12:04 -0500] "GET /BLA/resoluciones/RESOLUCIONES%202008/0009.pdf HTTP/1.1" 304 -
151.80.31.129 - - [17/Aug/2015:00:12:11 -0500] "GET /BLA/resoluciones/RESOLUCIONES%202006/RES%202006%202251-2300/00002281.tif HTTP/1.1" 200 208686
181.129.65.224 - - [17/Aug/2015:00:12:48 -0500] "POST /forms/lservlet;jsessionid=ac16012b30d6c23f45d1542244d7ba45bbc6bc4c6bf8.e3iSbxaKaheRe38Ka34Oa3eLbxf0n6jAmljGr5XDqQLvpAe HTTP/1.1" 200 2
152.61.193.99 - - [17/Aug/2015:00:13:11 -0500] "HEAD / HTTP/1.1" 200 -
152.61.193.99 - - [17/Aug/2015:00:13:11 -0500] "GET /arcgis/services/Calidad_del_Agua_WQI/MapServer/WMSServer?request=GetCapabilities&service=WMS HTTP/1.1" 200 32135
152.61.193.99 - - [17/Aug/2015:00:13:12 -0500] "GET /arcgis/services/Calidad_del_Agua_WQI/MapServer/WMSServer?request=GetCapabilities&service=WMS HTTP/1.1" 200 32135
152.61.193.99 - - [17/Aug/2015:00:13:12 -0500] "GET /arcgis/services/Calidad_del_Agua_WQI/MapServer/WMSServer?request=GetCapabilities&service=WMS HTTP/1.1" 200 32135
152.61.193.99 - - [17/Aug/2015:00:13:13 -0500] "GET /arcgis/services/Calidad_del_Agua_WQI/MapServer/WMSServer?request=GetCapabilities&service=WMS HTTP/1.1" 200 32135
152.61.193.99 - - [17/Aug/2015:00:13:14 -0500] "GET /arcgis/services/Calidad_del_Agua_WQI/MapServer/WMSServer?VERSION=1.1.1&REQUEST=GetMap&LAYERS=0&SRS=EPSG:4326&BBOX=-74.473395,3.674381,-73.963300,4.920569&WIDTH=250&HEIGHT=250&FORMAT=image/bmp&STYLES=& HTTP/1.1" 200 188054
201.245.192.253 - - [17/Aug/2015:00:13:26 -0500] "GET /forest/session.jsp?a=0.99000725982179 HTTP/1.1" 200 4
74.86.158.107 - - [17/Aug/2015:00:13:41 -0500] "HEAD / HTTP/1.1" 200 -
152.61.128.66 - - [17/Aug/2015:00:13:49 -0500] "HEAD / HTTP/1.1" 200 -
152.61.128.66 - - [17/Aug/2015:00:13:49 -0500] "GET /arcgis/services/Calidad_del_Agua_WQI/MapServer/WMSServer?request=GetCapabilities&service=WMS HTTP/1.1" 200 32135
152.61.128.66 - - [17/Aug/2015:00:13:50 -0500] "GET /arcgis/services/Calidad_del_Agua_WQI/MapServer/WMSServer?request=GetCapabilities&service=WMS HTTP/1.0" 200 32135
152.61.128.66 - - [17/Aug/2015:00:13:51 -0500] "GET /arcgis/services/Calidad_del_Agua_WQI/MapServer/WMSServer?request=GetCapabilities&service=WMS HTTP/1.0" 200 32135
152.61.128.66 - - [17/Aug/2015:00:13:52 -0500] "GET /arcgis/services/Calidad_del_Agua_WQI/MapServer/WMSServer?request=GetCapabilities&service=WMS HTTP/1.0" 200 32135
152.61.128.66 - - [17/Aug/2015:00:13:53 -0500] "GET /arcgis/services/Calidad_del_Agua_WQI/MapServer/WMSServer?VERSION=1.1.1&REQUEST=GetMap&LAYERS=0&SRS=EPSG:4326&BBOX=-74.473395,3.674381,-73.963300,4.920569&WIDTH=250&HEIGHT=250&FORMAT=image/bmp&STYLES=& HTTP/1.1" 200 188054
66.249.65.227 - - [17/Aug/2015:00:14:01 -0500] "GET /BLA/resoluciones/RESOLUCIONES%202010/4844.pdf HTTP/1.1" 200 752635
75.102.8.33 - - [17/Aug/2015:00:14:11 -0500] "GET /wp/wp-admin/ HTTP/1.1" 404 1018
181.129.65.224 - - [17/Aug/2015:00:14:48 -0500] "POST /forms/lservlet;jsessionid=ac16012b30d6c23f45d1542244d7ba45bbc6bc4c6bf8.e3iSbxaKaheRe38Ka34Oa3eLbxf0n6jAmljGr5XDqQLvpAe HTTP/1.1" 200 2
152.61.193.99 - - [17/Aug/2015:00:15:20 -0500] "HEAD / HTTP/1.1" 200 -
152.61.193.99 - - [17/Aug/2015:00:15:21 -0500] "GET /arcgis/services/Calidad_del_Agua_WQI/MapServer/WMSServer?SERVICE=WMS&REQUEST=GetCapabilities HTTP/1.1" 200 32135
152.61.193.99 - - [17/Aug/2015:00:15:21 -0500] "GET /arcgis/services/Calidad_del_Agua_WQI/MapServer/WMSServer?SERVICE=WMS&REQUEST=GetCapabilities HTTP/1.1" 200 32135
152.61.193.99 - - [17/Aug/2015:00:15:22 -0500] "GET /arcgis/services/Calidad_del_Agua_WQI/MapServer/WMSServer?SERVICE=WMS&REQUEST=GetCapabilities HTTP/1.1" 200 32135
152.61.193.99 - - [17/Aug/2015:00:15:23 -0500] "GET /arcgis/services/Calidad_del_Agua_WQI/MapServer/WMSServer?SERVICE=WMS&REQUEST=GetCapabilities HTTP/1.1" 200 32135
152.61.193.99 - - [17/Aug/2015:00:15:24 -0500] "GET /arcgis/services/Calidad_del_Agua_WQI/MapServer/WMSServer?VERSION=1.1.1&REQUEST=GetMap&LAYERS=0&SRS=EPSG:4326&BBOX=-74.473395,3.674381,-73.963300,4.920569&WIDTH=250&HEIGHT=250&FORMAT=image/bmp&STYLES=& HTTP/1.1" 200 188054
152.61.128.66 - - [17/Aug/2015:00:15:44 -0500] "HEAD / HTTP/1.1" 200 -
152.61.128.66 - - [17/Aug/2015:00:15:44 -0500] "GET /arcgis/services/Calidad_del_Agua_WQI/MapServer/WMSServer?SERVICE=WMS&REQUEST=GetCapabilities HTTP/1.1" 200 32135
152.61.128.66 - - [17/Aug/2015:00:15:45 -0500] "GET /arcgis/services/Calidad_del_Agua_WQI/MapServer/WMSServer?SERVICE=WMS&REQUEST=GetCapabilities HTTP/1.0" 200 32135
152.61.128.66 - - [17/Aug/2015:00:15:46 -0500] "GET /arcgis/services/Calidad_del_Agua_WQI/MapServer/WMSServer?SERVICE=WMS&REQUEST=GetCapabilities HTTP/1.0" 200 32135
152.61.128.66 - - [17/Aug/2015:00:15:47 -0500] "GET /arcgis/services/Calidad_del_Agua_WQI/MapServer/WMSServer?SERVICE=WMS&REQUEST=GetCapabilities HTTP/1.0" 200 32135
152.61.128.66 - - [17/Aug/2015:00:15:48 -0500] "GET /arcgis/services/Calidad_del_Agua_WQI/MapServer/WMSServer?VERSION=1.1.1&REQUEST=GetMap&LAYERS=0&SRS=EPSG:4326&BBOX=-74.473395,3.674381,-73.963300,4.920569&WIDTH=250&HEIGHT=250&FORMAT=image/bmp&STYLES=& HTTP/1.1" 200 188054
151.80.31.129 - - [17/Aug/2015:00:16:08 -0500] "GET /BLA/resoluciones/index.php?dir=RESOLUCIONES%202006/RES%202006%201701-1751/&sort=size&order=desc HTTP/1.1" 200 12368
186.154.84.145 - - [17/Aug/2015:00:16:39 -0500] "GET /galeria/galeria/jquery.fancybox.css?v=2.1.5 HTTP/1.1" 200 4895
186.154.84.145 - - [17/Aug/2015:00:16:39 -0500] "GET /BLA/boletinlegal/js/jquery.scrollShow.js HTTP/1.1" 200 4586
186.154.84.145 - - [17/Aug/2015:00:16:39 -0500] "GET /galeria/galeria/jquery.fancybox.js?v=2.1.5 HTTP/1.1" 200 48706
181.129.65.224 - - [17/Aug/2015:00:16:49 -0500] "POST /forms/lservlet;jsessionid=ac16012b30d6c23f45d1542244d7ba45bbc6bc4c6bf8.e3iSbxaKaheRe38Ka34Oa3eLbxf0n6jAmljGr5XDqQLvpAe HTTP/1.1" 200 2
201.245.192.253 - - [17/Aug/2015:00:16:50 -0500] "GET /forest/session.jsp?a=0.1531880060210331 HTTP/1.1" 200 4
66.249.73.232 - - [17/Aug/2015:00:16:50 -0500] "GET /ngg_tag/bogota/ HTTP/1.1" 200 37331
186.154.84.145 - - [17/Aug/2015:00:16:46 -0500] "GET /videos/CRRFFS.mp4 HTTP/1.1" 200 286784363
186.154.84.145 - - [17/Aug/2015:00:17:05 -0500] "GET /galeria/galeria/jquery.fancybox.css?v=2.1.5 HTTP/1.1" 304 -
186.154.84.145 - - [17/Aug/2015:00:17:05 -0500] "GET /BLA/boletinlegal/js/jquery.scrollShow.js HTTP/1.1" 304 -
186.154.84.145 - - [17/Aug/2015:00:17:05 -0500] "GET /galeria/galeria/jquery.fancybox.js?v=2.1.5 HTTP/1.1" 304 -
66.249.65.213 - - [17/Aug/2015:00:17:11 -0500] "GET /BLA/resoluciones/RESOLUCIONES%202007/RES%202007%203801%20AL%203900/RESOLUCION%203868%20DE%202007.pdf HTTP/1.1" 304 -
66.249.65.220 - - [17/Aug/2015:00:17:11 -0500] "GET /BLA/resoluciones/RESOLUCIONES%202012/1298.pdf HTTP/1.1" 304 -
151.80.31.129 - - [17/Aug/2015:00:17:27 -0500] "GET /BLA/resoluciones/RESOLUCIONES%202003/RES%202003%201351-1400/20031372.tif HTTP/1.1" 200 165758
201.245.192.253 - - [17/Aug/2015:00:18:26 -0500] "GET /forest/session.jsp?a=0.07655069031014117 HTTP/1.1" 200 4
74.86.158.107 - - [17/Aug/2015:00:18:41 -0500] "HEAD / HTTP/1.1" 200 -
181.129.65.224 - - [17/Aug/2015:00:18:49 -0500] "POST /forms/lservlet;jsessionid=ac16012b30d6c23f45d1542244d7ba45bbc6bc4c6bf8.e3iSbxaKaheRe38Ka34Oa3eLbxf0n6jAmljGr5XDqQLvpAe HTTP/1.1" 200 2
151.80.31.129 - - [17/Aug/2015:00:19:03 -0500] "GET /BLA/resoluciones/RESOLUCIONES%202005/RES%202005%201851-1900/INDEX.DAT HTTP/1.1" 200 2000
66.249.65.220 - - [17/Aug/2015:00:20:21 -0500] "GET /BLA/resoluciones/AUTOS%202013/3455.pdf HTTP/1.1" 304 -
66.249.65.220 - - [17/Aug/2015:00:20:22 -0500] "GET /BLA/resoluciones/RESOLUCIONES%202007/RES%202007%203301%20AL%203400/RESOLUCION%203374%20DE%202007.pdf HTTP/1.1" 304 -
201.216.61.243 - - [17/Aug/2015:00:20:32 -0500] "GET /forest/session.jsp?a=0.4133158475160599 HTTP/1.1" 200 4
201.216.61.243 - - [17/Aug/2015:00:20:39 -0500] "GET /forest/img/jquery/ui-bg_glass_75_d0e5f5_1x400.png HTTP/1.1" 200 50253
201.216.61.243 - - [17/Aug/2015:00:20:39 -0500] "GET /forest/skins/gdocs-jar/popup/popup.jsp?width=1100&height=500&title=Buscar%20documentos&uri=/forest/buscar.do%3Ftype%3Ddocumentos&name=undefined&_a=0.1856141823809594&a=0.6243345099501312 HTTP/1.1" 200 1300
201.216.61.243 - - [17/Aug/2015:00:20:39 -0500] "GET /forest/buscar.do?type=documentos HTTP/1.1" 200 85088
201.216.61.243 - - [17/Aug/2015:00:20:39 -0500] "GET /forest/css/escritorio.css?version=1506.301731 HTTP/1.1" 304 -
201.216.61.243 - - [17/Aug/2015:00:20:39 -0500] "GET /forest/skins/gdocs-jar/css/tree.css?version=1506.301731 HTTP/1.1" 200 223
201.216.61.243 - - [17/Aug/2015:00:20:39 -0500] "GET /forest/js/load_func.js?version=1506.301731 HTTP/1.1" 200 919
201.216.61.243 - - [17/Aug/2015:00:20:39 -0500] "GET /forest/css/autocomplete.css?version=1506.301731 HTTP/1.1" 200 1662
201.216.61.243 - - [17/Aug/2015:00:20:39 -0500] "GET /forest/1ibre/jscalendar/calendar-win2k-1.css HTTP/1.1" 200 5986
201.216.61.243 - - [17/Aug/2015:00:20:39 -0500] "GET /forest/buscar.do?type=documentos HTTP/1.1" 200 85088
201.216.61.243 - - [17/Aug/2015:00:20:40 -0500] "GET /forest/js/dialog.js?version=1506.301731 HTTP/1.1" 304 -
201.216.61.243 - - [17/Aug/2015:00:20:40 -0500] "GET /forest/js/sarissa.js?version=1506.301731 HTTP/1.1" 304 -
201.216.61.243 - - [17/Aug/2015:00:20:40 -0500] "GET /forest/js/escritorio/escritorio.js?version=1506.301731 HTTP/1.1" 304 -
201.216.61.243 - - [17/Aug/2015:00:20:40 -0500] "GET /forest/js/internJS.js?version=1506.301731 HTTP/1.1" 304 -
201.216.61.243 - - [17/Aug/2015:00:20:41 -0500] "GET /forest/js/autocompletar2.js?version=1506.301731 HTTP/1.1" 304 -
201.216.61.243 - - [17/Aug/2015:00:20:41 -0500] "GET /forest/1ibre/protoaculous.js?version=1506.301731 HTTP/1.1" 304 -
201.216.61.243 - - [17/Aug/2015:00:20:41 -0500] "GET /forest/1ibre/jscalendar/calendar.js?version=1506.301731 HTTP/1.1" 304 -
201.216.61.243 - - [17/Aug/2015:00:20:41 -0500] "GET /forest/1ibre/jscalendar/lang/calendar-es.js?version=1506.301731 HTTP/1.1" 304 -
201.216.61.243 - - [17/Aug/2015:00:20:41 -0500] "GET /forest/1ibre/jscalendar/calendar-setup.js?version=1506.301731 HTTP/1.1" 304 -
201.216.61.243 - - [17/Aug/2015:00:20:42 -0500] "GET /forest/1ibre/1ibre.js?version=1506.301731 HTTP/1.1" 304 -
201.216.61.243 - - [17/Aug/2015:00:20:42 -0500] "GET /forest/js/xml_utilities.js?version=1506.301731 HTTP/1.1" 304 -
201.216.61.243 - - [17/Aug/2015:00:20:42 -0500] "GET /forest/skins/gdocs-jar/img/top-search-icon.gif HTTP/1.1" 200 607
201.216.61.243 - - [17/Aug/2015:00:20:42 -0500] "GET /forest/skins/gdocs-jar/img/user_search.gif HTTP/1.1" 200 1491
201.216.61.243 - - [17/Aug/2015:00:20:42 -0500] "GET /forest/skins/gdocs-jar/img/select.gif HTTP/1.1" 200 335
151.80.31.129 - - [17/Aug/2015:00:20:43 -0500] "GET /BLA/resoluciones/RESOLUCIONES%202003/RES%202003%201451-1500/20031496.tif HTTP/1.1" 200 162660
201.216.61.243 - - [17/Aug/2015:00:20:43 -0500] "GET /forest/1ibre/1ibre.css HTTP/1.1" 304 -
201.216.61.243 - - [17/Aug/2015:00:20:43 -0500] "GET /forest/1ibre/images/spacer.gif HTTP/1.1" 200 43
201.216.61.243 - - [17/Aug/2015:00:20:43 -0500] "GET /forest/1ibre/images/minus.gif HTTP/1.1" 200 80
201.216.61.243 - - [17/Aug/2015:00:20:43 -0500] "GET /forest/skins/gdocs-jar/img/dependencia-tree.gif HTTP/1.1" 200 1039
201.216.61.243 - - [17/Aug/2015:00:20:43 -0500] "GET /forest/json.do?query=versionListadas HTTP/1.1" 200 15
201.216.61.243 - - [17/Aug/2015:00:20:43 -0500] "GET /forest/json.do?query=usersByDep&coddep=7101 HTTP/1.1" 200 1293
201.216.61.243 - - [17/Aug/2015:00:20:44 -0500] "GET /forest/json.do?query=procesIniciales HTTP/1.1" 200 11565
201.216.61.243 - - [17/Aug/2015:00:20:46 -0500] "GET /forest/1ibre/images/plus.gif HTTP/1.1" 200 88
201.216.61.243 - - [17/Aug/2015:00:20:46 -0500] "GET /forest/1ibre/jscalendar/img.gif HTTP/1.1" 200 223
201.216.61.243 - - [17/Aug/2015:00:20:49 -0500] "GET /forest/json.do?query=usersByDep&coddep=7101 HTTP/1.1" 200 1293
201.216.61.243 - - [17/Aug/2015:00:20:49 -0500] "GET /forest/json.do?query=bpmnIniciales HTTP/1.1" 200 1483
181.129.65.224 - - [17/Aug/2015:00:20:49 -0500] "POST /forms/lservlet;jsessionid=ac16012b30d6c23f45d1542244d7ba45bbc6bc4c6bf8.e3iSbxaKaheRe38Ka34Oa3eLbxf0n6jAmljGr5XDqQLvpAe HTTP/1.1" 200 2
66.249.65.220 - - [17/Aug/2015:00:21:02 -0500] "GET /BLA/resoluciones/RESOLUCIONES%202010/2258.pdf HTTP/1.1" 200 687537
151.80.31.129 - - [17/Aug/2015:00:21:49 -0500] "GET /BLA/resoluciones/index.php?dir=RESOLUCIONES%202003/RES%202003%202001-2051/&sort=name&order=desc HTTP/1.1" 200 12158
201.245.192.253 - - [17/Aug/2015:00:21:50 -0500] "GET /forest/session.jsp?a=0.35366417356647706 HTTP/1.1" 200 4
75.102.8.33 - - [17/Aug/2015:00:22:08 -0500] "GET /old/wp-admin/ HTTP/1.1" 404 1018
181.132.151.38 - - [17/Aug/2015:00:22:22 -0500] "GET /BLA/boletinlegal/js/jquery.scrollShow.js HTTP/1.1" 200 4586
181.132.151.38 - - [17/Aug/2015:00:22:22 -0500] "GET /galeria/galeria/jquery.fancybox.css?v=2.1.5 HTTP/1.1" 200 4895
181.132.151.38 - - [17/Aug/2015:00:22:22 -0500] "GET /galeria/galeria/jquery.fancybox.js?v=2.1.5 HTTP/1.1" 200 48706
123.125.71.70 - - [17/Aug/2015:00:22:35 -0500] "GET / HTTP/1.1" 200 10190
181.132.151.38 - - [17/Aug/2015:00:22:36 -0500] "GET /galeria/galeria/jquery.fancybox.css?v=2.1.5 HTTP/1.1" 304 -
181.132.151.38 - - [17/Aug/2015:00:22:36 -0500] "GET /galeria/galeria/jquery.fancybox.js?v=2.1.5 HTTP/1.1" 304 -
181.132.151.38 - - [17/Aug/2015:00:22:36 -0500] "GET /BLA/boletinlegal/js/jquery.scrollShow.js HTTP/1.1" 304 -
77.248.252.113 - - [17/Aug/2015:00:22:47 -0500] "GET /robots.txt HTTP/1.0" 404 1019
77.248.252.113 - - [17/Aug/2015:00:22:48 -0500] "GET /StormSDA/stormWeb/img/?C=D;O=A HTTP/1.0" 200 2925
181.129.65.224 - - [17/Aug/2015:00:22:49 -0500] "POST /forms/lservlet;jsessionid=ac16012b30d6c23f45d1542244d7ba45bbc6bc4c6bf8.e3iSbxaKaheRe38Ka34Oa3eLbxf0n6jAmljGr5XDqQLvpAe HTTP/1.1" 200 2
77.248.252.113 - - [17/Aug/2015:00:22:50 -0500] "GET /StormSDA/stormWeb/img/?C=M;O=A HTTP/1.0" 200 2925
77.248.252.113 - - [17/Aug/2015:00:22:52 -0500] "GET /StormSDA/stormWeb/img/?C=N;O=A HTTP/1.0" 200 2925
77.248.252.113 - - [17/Aug/2015:00:22:54 -0500] "GET /StormSDA/stormWeb/img/?C=S;O=A HTTP/1.0" 200 2925
77.248.252.113 - - [17/Aug/2015:00:22:56 -0500] "GET /galeria/juegos/?C=D;O=D HTTP/1.0" 200 2031
77.248.252.113 - - [17/Aug/2015:00:22:58 -0500] "GET /galeria/juegos/?C=M;O=D HTTP/1.0" 200 2031
77.248.252.113 - - [17/Aug/2015:00:23:00 -0500] "GET /galeria/juegos/?C=N;O=A HTTP/1.0" 200 2031
77.248.252.113 - - [17/Aug/2015:00:23:03 -0500] "GET /galeria/juegos/?C=S;O=D HTTP/1.0" 200 2031
201.234.75.11 - - [17/Aug/2015:00:23:03 -0500] "GET /galeria/nivo-slider/demo/images/enciclica-papal.jpg HTTP/1.1" 304 -
77.248.252.113 - - [17/Aug/2015:00:23:04 -0500] "GET /galeria/juegos/objects/?C=M;O=D HTTP/1.0" 200 782
77.248.252.113 - - [17/Aug/2015:00:23:06 -0500] "GET /galeria/juegos/objects/?C=N;O=D HTTP/1.0" 200 782
77.248.252.113 - - [17/Aug/2015:00:23:08 -0500] "GET /galeria/juegos/s/?C=M;O=D HTTP/1.0" 200 770
77.248.252.113 - - [17/Aug/2015:00:23:10 -0500] "GET /galeria/juegos/s/?C=S;O=D HTTP/1.0" 200 770
77.248.252.113 - - [17/Aug/2015:00:23:13 -0500] "GET /galeria/juegos/texturesExport/?C=D;O=D HTTP/1.0" 200 796
77.248.252.113 - - [17/Aug/2015:00:23:15 -0500] "GET /galeria/juegos/texturesExport/?C=M;O=D HTTP/1.0" 200 796
201.245.192.253 - - [17/Aug/2015:00:23:26 -0500] "GET /forest/session.jsp?a=0.9498436894853869 HTTP/1.1" 200 4
66.249.65.220 - - [17/Aug/2015:00:23:31 -0500] "GET /BLA/resoluciones/RESOLUCIONES%202011/4521.pdf HTTP/1.1" 304 -
66.249.65.213 - - [17/Aug/2015:00:23:35 -0500] "GET /BLA/resoluciones/RESOLUCIONES%202009/1171.pdf HTTP/1.1" 304 -
74.86.158.107 - - [17/Aug/2015:00:23:41 -0500] "HEAD / HTTP/1.1" 200 -
186.81.100.8 - - [17/Aug/2015:00:23:45 -0500] "GET /BLA/boletinlegal/js/jquery.scrollShow.js HTTP/1.1" 200 4586
186.81.100.8 - - [17/Aug/2015:00:23:45 -0500] "GET /galeria/galeria/jquery.fancybox.js?v=2.1.5 HTTP/1.1" 200 48706
186.81.100.8 - - [17/Aug/2015:00:23:45 -0500] "GET /galeria/galeria/jquery.fancybox.css?v=2.1.5 HTTP/1.1" 200 4895
66.249.65.213 - - [17/Aug/2015:00:23:58 -0500] "GET /BLA/resoluciones/RESOLUCIONES%202009/9810.pdf HTTP/1.1" 304 -
200.13.241.82 - - [17/Aug/2015:00:24:41 -0500] "GET /galeria/galeria/jquery.fancybox.css?v=2.1.5 HTTP/1.1" 200 4895
200.13.241.82 - - [17/Aug/2015:00:24:41 -0500] "GET /galeria/galeria/jquery.fancybox.js?v=2.1.5 HTTP/1.1" 200 48706
200.13.241.82 - - [17/Aug/2015:00:24:41 -0500] "GET /BLA/boletinlegal/js/jquery.scrollShow.js HTTP/1.1" 200 4586
181.129.65.224 - - [17/Aug/2015:00:24:49 -0500] "POST /forms/lservlet;jsessionid=ac16012b30d6c23f45d1542244d7ba45bbc6bc4c6bf8.e3iSbxaKaheRe38Ka34Oa3eLbxf0n6jAmljGr5XDqQLvpAe HTTP/1.1" 200 2
151.80.31.129 - - [17/Aug/2015:00:24:53 -0500] "GET /BLA/resoluciones/RESOLUCIONES%202006/RES%202006%201051-1100/00001097.tif HTTP/1.1" 200 150476
201.216.61.243 - - [17/Aug/2015:00:25:33 -0500] "GET /forest/session.jsp?a=0.6959637985564768 HTTP/1.1" 200 4
66.249.65.45 - - [17/Aug/2015:00:26:18 -0500] "GET /even/cleon.htm HTTP/1.1" 404 1019
157.55.39.209 - - [17/Aug/2015:00:26:24 -0500] "GET /BLA/resoluciones/AUTOS%202014/6300.pdf HTTP/1.1" 200 129996
66.249.65.227 - - [17/Aug/2015:00:26:31 -0500] "GET /BLA/resoluciones/RESOLUCIONES%202010/1196.pdf HTTP/1.1" 304 -
181.129.65.224 - - [17/Aug/2015:00:26:49 -0500] "POST /forms/lservlet;jsessionid=ac16012b30d6c23f45d1542244d7ba45bbc6bc4c6bf8.e3iSbxaKaheRe38Ka34Oa3eLbxf0n6jAmljGr5XDqQLvpAe HTTP/1.1" 200 2
201.245.192.253 - - [17/Aug/2015:00:26:50 -0500] "GET /forest/session.jsp?a=0.22063109484929422 HTTP/1.1" 200 4
190.5.196.237 - - [17/Aug/2015:00:27:10 -0500] "GET /galeria/galeria/jquery.fancybox.css?v=2.1.5 HTTP/1.1" 200 4895
190.5.196.237 - - [17/Aug/2015:00:27:10 -0500] "GET /BLA/boletinlegal/js/jquery.scrollShow.js HTTP/1.1" 200 4586
190.5.196.237 - - [17/Aug/2015:00:27:10 -0500] "GET /galeria/galeria/jquery.fancybox.js?v=2.1.5 HTTP/1.1" 200 48706
151.80.31.129 - - [17/Aug/2015:00:27:22 -0500] "GET /BLA/resoluciones/RESOLUCIONES%202006/RES%202006%202151-2200/00002197.tif HTTP/1.1" 200 218400
190.5.196.237 - - [17/Aug/2015:00:27:24 -0500] "GET /galeria/galeria/jquery.fancybox.css?v=2.1.5 HTTP/1.1" 304 -
190.5.196.237 - - [17/Aug/2015:00:27:24 -0500] "GET /BLA/boletinlegal/js/jquery.scrollShow.js HTTP/1.1" 304 -
190.5.196.237 - - [17/Aug/2015:00:27:24 -0500] "GET /galeria/galeria/jquery.fancybox.js?v=2.1.5 HTTP/1.1" 304 -
199.58.86.206 - - [17/Aug/2015:00:27:36 -0500] "GET /robots.txt HTTP/1.0" 404 1019
199.58.86.206 - - [17/Aug/2015:00:27:38 -0500] "GET / HTTP/1.0" 200 10190
190.1.128.223 - - [17/Aug/2015:00:28:07 -0500] "GET /BLA/resoluciones/AUTOS%202014/0694.pdf HTTP/1.1" 200 380622
190.1.128.223 - - [17/Aug/2015:00:28:07 -0500] "GET /favicon.ico HTTP/1.1" 200 7782
190.1.128.223 - - [17/Aug/2015:00:28:07 -0500] "GET /BLA/resoluciones/AUTOS%202014/0694.pdf HTTP/1.1" 206 32768
190.1.128.223 - - [17/Aug/2015:00:28:07 -0500] "GET /BLA/resoluciones/AUTOS%202014/0694.pdf HTTP/1.1" 206 32768
190.1.128.223 - - [17/Aug/2015:00:28:08 -0500] "GET /BLA/resoluciones/AUTOS%202014/0694.pdf HTTP/1.1" 206 32768
190.1.128.223 - - [17/Aug/2015:00:28:08 -0500] "GET /BLA/resoluciones/AUTOS%202014/0694.pdf HTTP/1.1" 206 32768
190.1.128.223 - - [17/Aug/2015:00:28:08 -0500] "GET /BLA/resoluciones/AUTOS%202014/0694.pdf HTTP/1.1" 206 32768
190.1.128.223 - - [17/Aug/2015:00:28:08 -0500] "GET /BLA/resoluciones/AUTOS%202014/0694.pdf HTTP/1.1" 206 32768
190.1.128.223 - - [17/Aug/2015:00:28:08 -0500] "GET /BLA/resoluciones/AUTOS%202014/0694.pdf HTTP/1.1" 206 32768
190.1.128.223 - - [17/Aug/2015:00:28:08 -0500] "GET /BLA/resoluciones/AUTOS%202014/0694.pdf HTTP/1.1" 206 32768
190.1.128.223 - - [17/Aug/2015:00:28:08 -0500] "GET /BLA/resoluciones/AUTOS%202014/0694.pdf HTTP/1.1" 206 32768
190.1.128.223 - - [17/Aug/2015:00:28:09 -0500] "GET /BLA/resoluciones/AUTOS%202014/0694.pdf HTTP/1.1" 206 32768
190.1.128.223 - - [17/Aug/2015:00:28:09 -0500] "GET /BLA/resoluciones/AUTOS%202014/0694.pdf HTTP/1.1" 206 52942
186.43.158.111 - - [17/Aug/2015:00:28:21 -0500] "GET /galeria/galeria/jquery.fancybox.js?v=2.1.5 HTTP/1.1" 200 48706
186.43.158.111 - - [17/Aug/2015:00:28:21 -0500] "GET /galeria/galeria/jquery.fancybox.css?v=2.1.5 HTTP/1.1" 200 4895
186.43.158.111 - - [17/Aug/2015:00:28:21 -0500] "GET /BLA/boletinlegal/js/jquery.scrollShow.js HTTP/1.1" 200 4586
201.245.192.253 - - [17/Aug/2015:00:28:26 -0500] "GET /forest/session.jsp?a=0.7326598678390741 HTTP/1.1" 200 4
186.43.158.111 - - [17/Aug/2015:00:28:32 -0500] "GET /BLA/boletinlegal/js/jquery.scrollShow.js HTTP/1.1" 304 -
186.43.158.111 - - [17/Aug/2015:00:28:32 -0500] "GET /galeria/galeria/jquery.fancybox.js?v=2.1.5 HTTP/1.1" 304 -
186.43.158.111 - - [17/Aug/2015:00:28:32 -0500] "GET /galeria/galeria/jquery.fancybox.css?v=2.1.5 HTTP/1.1" 304 -
74.86.158.107 - - [17/Aug/2015:00:28:41 -0500] "HEAD / HTTP/1.1" 200 -
181.129.65.224 - - [17/Aug/2015:00:28:50 -0500] "POST /forms/lservlet;jsessionid=ac16012b30d6c23f45d1542244d7ba45bbc6bc4c6bf8.e3iSbxaKaheRe38Ka34Oa3eLbxf0n6jAmljGr5XDqQLvpAe HTTP/1.1" 200 2
186.147.106.14 - - [17/Aug/2015:00:29:07 -0500] "GET /galeria/galeria/jquery.fancybox.css?v=2.1.5 HTTP/1.1" 200 4895
186.147.106.14 - - [17/Aug/2015:00:29:07 -0500] "GET /galeria/galeria/jquery.fancybox.js?v=2.1.5 HTTP/1.1" 200 48706
186.147.106.14 - - [17/Aug/2015:00:29:07 -0500] "GET /BLA/boletinlegal/js/jquery.scrollShow.js HTTP/1.1" 200 4586
186.81.100.8 - - [17/Aug/2015:00:29:08 -0500] "GET /BLA/boletinlegal/js/jquery.scrollShow.js HTTP/1.1" 304 -
186.81.100.8 - - [17/Aug/2015:00:29:08 -0500] "GET /galeria/galeria/jquery.fancybox.js?v=2.1.5 HTTP/1.1" 304 -
186.81.100.8 - - [17/Aug/2015:00:29:08 -0500] "GET /galeria/galeria/jquery.fancybox.css?v=2.1.5 HTTP/1.1" 304 -
186.147.106.14 - - [17/Aug/2015:00:29:09 -0500] "GET /BLA/boletinlegal/js/jquery.scrollShow.js HTTP/1.1" 200 4586
186.147.106.14 - - [17/Aug/2015:00:29:09 -0500] "GET /galeria/galeria/jquery.fancybox.js?v=2.1.5 HTTP/1.1" 200 48706
186.147.106.14 - - [17/Aug/2015:00:29:10 -0500] "GET /galeria/galeria/jquery.fancybox.css?v=2.1.5 HTTP/1.1" 200 4895
180.76.15.152 - - [17/Aug/2015:00:29:24 -0500] "GET /BLA/boletinlegal/jurisprudencia/analisis/analisis%20sentencia%20C%20401%20de%202010.doc HTTP/1.1" 200 34816
66.249.65.213 - - [17/Aug/2015:00:29:32 -0500] "GET /BLA/resoluciones/AUTOS%202013/1951.pdf HTTP/1.1" 304 -
66.249.65.220 - - [17/Aug/2015:00:29:36 -0500] "GET /BLA/resoluciones/RESOLUCIONES%202011/0466.pdf HTTP/1.1" 304 -
66.249.65.220 - - [17/Aug/2015:00:29:37 -0500] "GET /BLA/resoluciones/AUTOS%202011/5353.pdf HTTP/1.1" 304 -
186.147.106.14 - - [17/Aug/2015:00:29:39 -0500] "GET /BLA/boletinlegal/js/jquery.scrollShow.js HTTP/1.1" 200 4586
186.147.106.14 - - [17/Aug/2015:00:29:39 -0500] "GET /galeria/galeria/jquery.fancybox.js?v=2.1.5 HTTP/1.1" 200 48706
186.147.106.14 - - [17/Aug/2015:00:29:39 -0500] "GET /galeria/galeria/jquery.fancybox.css?v=2.1.5 HTTP/1.1" 200 4895
186.81.100.8 - - [17/Aug/2015:00:29:39 -0500] "GET /BLA/boletinlegal/js/jquery.scrollShow.js HTTP/1.1" 304 -
186.81.100.8 - - [17/Aug/2015:00:29:39 -0500] "GET /galeria/galeria/jquery.fancybox.css?v=2.1.5 HTTP/1.1" 304 -
186.81.100.8 - - [17/Aug/2015:00:29:39 -0500] "GET /galeria/galeria/jquery.fancybox.js?v=2.1.5 HTTP/1.1" 304 -
180.76.15.140 - - [17/Aug/2015:00:29:50 -0500] "GET /StormSDA/nsjars/?C=D;O=A HTTP/1.1" 200 5598
66.249.65.213 - - [17/Aug/2015:00:29:59 -0500] "GET /BLA/resoluciones/RESOLUCIONES%202009/3844.pdf HTTP/1.1" 304 -
190.26.210.162 - - [17/Aug/2015:00:30:08 -0500] "GET / HTTP/1.1" 304 -
201.216.61.243 - - [17/Aug/2015:00:30:36 -0500] "GET /forest/session.jsp?a=0.2110078539699316 HTTP/1.1" 200 4
66.249.65.220 - - [17/Aug/2015:00:30:46 -0500] "GET /BLA/resoluciones/RESOLUCIONES%202012/1317.pdf HTTP/1.1" 304 -
181.129.65.224 - - [17/Aug/2015:00:30:50 -0500] "POST /forms/lservlet;jsessionid=ac16012b30d6c23f45d1542244d7ba45bbc6bc4c6bf8.e3iSbxaKaheRe38Ka34Oa3eLbxf0n6jAmljGr5XDqQLvpAe HTTP/1.1" 200 2
151.80.31.129 - - [17/Aug/2015:00:30:58 -0500] "GET /BLA/resoluciones/RESOLUCIONES%202005/RES%202005%201251-1300/00001300.tif HTTP/1.1" 200 53978
100.3.225.39 - - [17/Aug/2015:00:31:14 -0500] "GET /BLA/resoluciones/RESOLUCIONES%202009/3049.pdf HTTP/1.1" 200 498877
100.3.225.39 - - [17/Aug/2015:00:31:15 -0500] "GET /favicon.ico HTTP/1.1" 200 7782
201.245.192.253 - - [17/Aug/2015:00:31:50 -0500] "GET /forest/session.jsp?a=0.529130087982467 HTTP/1.1" 200 4
151.80.31.129 - - [17/Aug/2015:00:32:11 -0500] "GET /BLA/resoluciones/RESOLUCIONES%202006/RES%202006%201401-1450/00001404.tif HTTP/1.1" 200 173864
207.46.13.137 - - [17/Aug/2015:00:32:26 -0500] "GET /galeria/galeria/fotos/18.jpg HTTP/1.1" 200 279741
190.26.210.162 - - [17/Aug/2015:00:32:38 -0500] "GET /BLA/boletinlegal/js/jquery.scrollShow.js HTTP/1.1" 304 -
190.26.210.162 - - [17/Aug/2015:00:32:38 -0500] "GET /galeria/galeria/jquery.fancybox.js?v=2.1.5 HTTP/1.1" 200 48706
190.26.210.162 - - [17/Aug/2015:00:32:38 -0500] "GET /galeria/galeria/jquery.fancybox.css?v=2.1.5 HTTP/1.1" 200 4895
190.26.210.162 - - [17/Aug/2015:00:32:41 -0500] "GET /BLA/boletinlegal/js/jquery.scrollTo-min.js HTTP/1.1" 304 -
66.249.65.220 - - [17/Aug/2015:00:32:41 -0500] "GET /BLA/resoluciones/RESOLUCIONES%202010/5593.pdf HTTP/1.1" 304 -
66.249.65.220 - - [17/Aug/2015:00:32:45 -0500] "GET /BLA/resoluciones/RESOLUCIONES%202007/RES%202007%201001%20AL%201100/RESOLUCION%201052%20DE%202007.pdf HTTP/1.1" 304 -
190.26.210.162 - - [17/Aug/2015:00:32:46 -0500] "GET /galeria/nivo-slider/demo/demo.html HTTP/1.1" 304 -
190.26.210.162 - - [17/Aug/2015:00:32:46 -0500] "GET /galeria/carrusel/Carrusel/jquery.thumbnailScroller.css HTTP/1.1" 304 -
190.26.210.162 - - [17/Aug/2015:00:32:46 -0500] "GET /galeria/carrusel/Carrusel/jquery-ui- HTTP/1.1" 404 1018
190.26.210.162 - - [17/Aug/2015:00:32:47 -0500] "GET /galeria/carrusel/Carrusel/jquery.thumbnailScroller.js HTTP/1.1" 304 -
181.129.65.224 - - [17/Aug/2015:00:32:50 -0500] "POST /forms/lservlet;jsessionid=ac16012b30d6c23f45d1542244d7ba45bbc6bc4c6bf8.e3iSbxaKaheRe38Ka34Oa3eLbxf0n6jAmljGr5XDqQLvpAe HTTP/1.1" 200 2
220.181.108.183 - - [17/Aug/2015:00:32:56 -0500] "GET / HTTP/1.1" 200 10190
186.81.100.8 - - [17/Aug/2015:00:33:03 -0500] "GET /videos/ArchivoSDA.flv HTTP/1.1" 200 31205279
66.249.65.220 - - [17/Aug/2015:00:33:07 -0500] "GET /BLA/resoluciones/RESOLUCIONES%202009/6843.pdf HTTP/1.1" 200 364426
190.26.237.38 - - [17/Aug/2015:00:33:17 -0500] "GET /crossdomain.xml HTTP/1.1" 404 1280
190.26.237.38 - - [17/Aug/2015:00:33:17 -0500] "GET /arcgis/services/Calidad_del_Agua_WQI/MapServer/WMSServer?HEIGHT=935&STYLES=&LAYERS=3%2C4%2C5%2C6%2C7&BBOX=%2D74%2E08385426724851%2C4%2E612665111365833%2C%2D74%2E07409371820259%2C4%2E6171147034467355&VERSION=1%2E1%2E1&TRANSPARENT=TRUE&SERVICE=WMS&SRS=EPSG%3A4686&REQUEST=GetMap&FORMAT=image%2Fpng&WIDTH=2051 HTTP/1.1" 200 9782
190.26.237.38 - - [17/Aug/2015:00:33:18 -0500] "GET /arcgis/services/Calidad_del_Agua_WQI/MapServer/WMSServer?HEIGHT=935&STYLES=&LAYERS=3%2C4%2C5%2C6%2C7&BBOX=%2D74%2E08832360885576%2C4%2E6083057008570485%2C%2D74%2E06392223624097%2C4%2E619429681059305&VERSION=1%2E1%2E1&TRANSPARENT=TRUE&SERVICE=WMS&SRS=EPSG%3A4686&REQUEST=GetMap&FORMAT=image%2Fpng&WIDTH=2051 HTTP/1.1" 200 9782
190.26.237.38 - - [17/Aug/2015:00:33:20 -0500] "GET /arcgis/services/Calidad_del_Agua_WQI/MapServer/WMSServer?HEIGHT=935&STYLES=&LAYERS=3%2C4%2C5%2C6%2C7&BBOX=%2D74%2E08385426724851%2C4%2E612665111365831%2C%2D74%2E07409371820259%2C4%2E617114703446734&VERSION=1%2E1%2E1&TRANSPARENT=TRUE&SERVICE=WMS&SRS=EPSG%3A4686&REQUEST=GetMap&FORMAT=image%2Fpng&WIDTH=2051 HTTP/1.1" 200 9782
190.26.237.38 - - [17/Aug/2015:00:33:21 -0500] "GET /arcgis/services/Calidad_del_Agua_WQI/MapServer/WMSServer?HEIGHT=935&STYLES=&LAYERS=3%2C4%2C5%2C6%2C7&BBOX=%2D74%2E09339328847479%2C4%2E607598644019165%2C%2D74%2E06899191586%2C4%2E618722624221422&VERSION=1%2E1%2E1&TRANSPARENT=TRUE&SERVICE=WMS&SRS=EPSG%3A4686&REQUEST=GetMap&FORMAT=image%2Fpng&WIDTH=2051 HTTP/1.1" 200 9782
190.26.237.38 - - [17/Aug/2015:00:33:23 -0500] "GET /arcgis/services/Calidad_del_Agua_WQI/MapServer/WMSServer?HEIGHT=935&STYLES=&LAYERS=3%2C4%2C5%2C6%2C7&BBOX=%2D74%2E0901524426111%2C4%2E607775627628922%2C%2D74%2E06575106999631%2C4%2E618899607831179&VERSION=1%2E1%2E1&TRANSPARENT=TRUE&SERVICE=WMS&SRS=EPSG%3A4686&REQUEST=GetMap&FORMAT=image%2Fpng&WIDTH=2051 HTTP/1.1" 200 9782
201.245.192.253 - - [17/Aug/2015:00:33:26 -0500] "GET /forest/session.jsp?a=0.10706283099688296 HTTP/1.1" 200 4
190.26.210.162 - - [17/Aug/2015:00:32:46 -0500] "GET /BLA/boletinlegal/index.php? HTTP/1.1" 200 54862
181.54.64.134 - - [17/Aug/2015:00:33:40 -0500] "GET /galeria/galeria/jquery.fancybox.css?v=2.1.5 HTTP/1.1" 200 4895
181.54.64.134 - - [17/Aug/2015:00:33:40 -0500] "GET /galeria/carrusel/Carrusel/jquery.thumbnailScroller.css HTTP/1.1" 200 2066
181.54.64.134 - - [17/Aug/2015:00:33:40 -0500] "GET /galeria/galeria/jquery.fancybox.js?v=2.1.5 HTTP/1.1" 200 48706
181.54.64.134 - - [17/Aug/2015:00:33:40 -0500] "GET /BLA/boletinlegal/js/jquery.scrollShow.js HTTP/1.1" 200 4586
181.54.64.134 - - [17/Aug/2015:00:33:40 -0500] "GET /galeria/carrusel/Carrusel/jquery-ui-1.8.13.custom.min.js HTTP/1.1" 200 10800
181.54.64.134 - - [17/Aug/2015:00:33:40 -0500] "GET /galeria/carrusel/Carrusel/jquery.thumbnailScroller.js HTTP/1.1" 200 8157
181.54.64.134 - - [17/Aug/2015:00:33:41 -0500] "GET /galeria/nivo-slider/demo/demo.html HTTP/1.1" 200 5383
181.54.64.134 - - [17/Aug/2015:00:33:41 -0500] "GET /galeria/nivo-slider/themes/default/default.css HTTP/1.1" 200 1569
181.54.64.134 - - [17/Aug/2015:00:33:41 -0500] "GET /galeria/nivo-slider/demo/style.css HTTP/1.1" 200 2222
181.54.64.134 - - [17/Aug/2015:00:33:41 -0500] "GET /galeria/nivo-slider/nivo-slider.css HTTP/1.1" 200 1507
181.54.64.134 - - [17/Aug/2015:00:33:41 -0500] "GET /galeria/nivo-slider/themes/orman/orman.css HTTP/1.1" 200 2152
181.54.64.134 - - [17/Aug/2015:00:33:41 -0500] "GET /galeria/nivo-slider/themes/pascal/pascal.css HTTP/1.1" 200 2258
181.54.64.134 - - [17/Aug/2015:00:33:41 -0500] "GET /galeria/nivo-slider/demo/images/rendicion-de-cuentas-7-agosto.jpg HTTP/1.1" 200 149701
181.54.64.134 - - [17/Aug/2015:00:33:41 -0500] "GET /galeria/nivo-slider/demo/scripts/jquery-1.7.1.min.js HTTP/1.1" 200 93868
181.54.64.134 - - [17/Aug/2015:00:33:41 -0500] "GET /galeria/nivo-slider/demo/images/Banner-ecolecta2015.jpg HTTP/1.1" 200 219133
181.54.64.134 - - [17/Aug/2015:00:33:41 -0500] "GET /galeria/nivo-slider/jquery.nivo.slider.pack.js HTTP/1.1" 200 11561
181.54.64.134 - - [17/Aug/2015:00:33:41 -0500] "GET /galeria/nivo-slider/demo/images/PREDAcamp.jpg HTTP/1.1" 200 295358
74.86.158.107 - - [17/Aug/2015:00:33:41 -0500] "HEAD / HTTP/1.1" 200 -
181.54.64.134 - - [17/Aug/2015:00:33:42 -0500] "GET /galeria/nivo-slider/demo/images/4Simple_Slider.png HTTP/1.1" 200 11722
181.54.64.134 - - [17/Aug/2015:00:33:42 -0500] "GET /galeria/nivo-slider/themes/default/loading.gif HTTP/1.1" 200 1737
181.54.64.134 - - [17/Aug/2015:00:33:43 -0500] "GET /galeria/nivo-slider/demo/images/Semana-PYBA.jpg HTTP/1.1" 200 147360
181.54.64.134 - - [17/Aug/2015:00:33:43 -0500] "GET /galeria/nivo-slider/demo/images/VoluntariadoPYBA.jpg HTTP/1.1" 200 40647
181.54.64.134 - - [17/Aug/2015:00:33:43 -0500] "GET /galeria/nivo-slider/demo/images/Cambio-Climatico-Cerros.jpg HTTP/1.1" 200 273652
181.54.64.134 - - [17/Aug/2015:00:33:43 -0500] "GET /galeria/nivo-slider/demo/images/respeto.jpg HTTP/1.1" 200 101469
181.54.64.134 - - [17/Aug/2015:00:33:43 -0500] "GET /galeria/nivo-slider/demo/images/Banner-TL.jpg HTTP/1.1" 200 158976
181.54.64.134 - - [17/Aug/2015:00:33:43 -0500] "GET /galeria/nivo-slider/demo/images/banner-llantas2.jpg HTTP/1.1" 200 204644
181.54.64.134 - - [17/Aug/2015:00:33:44 -0500] "GET /galeria/nivo-slider/demo/images/9Signos.jpg HTTP/1.1" 200 81776
181.54.64.134 - - [17/Aug/2015:00:33:44 -0500] "GET /galeria/nivo-slider/demo/images/Comparendo-ambiental-Banner.jpg HTTP/1.1" 200 83731
181.54.64.134 - - [17/Aug/2015:00:33:44 -0500] "GET /galeria/nivo-slider/demo/images/GAE-banner.jpg HTTP/1.1" 200 97556
181.54.64.134 - - [17/Aug/2015:00:33:44 -0500] "GET /galeria/nivo-slider/demo/images/Banner-encuesta-de-percepscio.jpg HTTP/1.1" 200 201899
181.54.64.134 - - [17/Aug/2015:00:33:44 -0500] "GET /galeria/nivo-slider/demo/images/banner-Pacto-por-la-madera.jpg HTTP/1.1" 200 209966
181.54.64.134 - - [17/Aug/2015:00:33:44 -0500] "GET /galeria/nivo-slider/demo/images/acuerdo_569.jpg HTTP/1.1" 200 62670
181.54.64.134 - - [17/Aug/2015:00:33:44 -0500] "GET /galeria/nivo-slider/demo/images/Banner-Directorio.jpg HTTP/1.1" 200 182068
181.54.64.134 - - [17/Aug/2015:00:33:44 -0500] "GET /galeria/nivo-slider/demo/images/Ruta-vertimientos-01.jpg HTTP/1.1" 200 130151
181.54.64.134 - - [17/Aug/2015:00:33:45 -0500] "GET /galeria/nivo-slider/demo/images/bolsas-06.jpg HTTP/1.1" 200 90982
181.54.64.134 - - [17/Aug/2015:00:33:45 -0500] "GET /galeria/nivo-slider/demo/images/Conoce-los-humedales.jpg HTTP/1.1" 200 294036
181.54.64.134 - - [17/Aug/2015:00:33:45 -0500] "GET /galeria/nivo-slider/demo/images/ecolecta-Dic2014.png HTTP/1.1" 200 288593
181.54.64.134 - - [17/Aug/2015:00:33:45 -0500] "GET /galeria/nivo-slider/demo/images/Banner-Caracol-Africano.jpg HTTP/1.1" 200 331986
181.54.64.134 - - [17/Aug/2015:00:33:46 -0500] "GET /galeria/nivo-slider/themes/default/arrows.png HTTP/1.1" 200 824
181.54.64.134 - - [17/Aug/2015:00:33:46 -0500] "GET /galeria/nivo-slider/themes/default/bullets.png HTTP/1.1" 200 1281
45.51.216.125 - - [17/Aug/2015:00:34:13 -0500] "GET /webdav/x32.php?host=198.168.0.2&time=120&port=80 HTTP/1.1" 404 1018
200.13.241.82 - - [17/Aug/2015:00:34:30 -0500] "GET /galeria/galeria/jquery.fancybox.css?v=2.1.5 HTTP/1.1" 304 -
200.13.241.82 - - [17/Aug/2015:00:34:30 -0500] "GET /galeria/galeria/jquery.fancybox.js?v=2.1.5 HTTP/1.1" 304 -
200.13.241.82 - - [17/Aug/2015:00:34:30 -0500] "GET /BLA/boletinlegal/js/jquery.scrollShow.js HTTP/1.1" 304 -
157.55.39.111 - - [17/Aug/2015:00:34:50 -0500] "GET /robots.txt HTTP/1.1" 404 1019
181.129.65.224 - - [17/Aug/2015:00:34:50 -0500] "POST /forms/lservlet;jsessionid=ac16012b30d6c23f45d1542244d7ba45bbc6bc4c6bf8.e3iSbxaKaheRe38Ka34Oa3eLbxf0n6jAmljGr5XDqQLvpAe HTTP/1.1" 200 2
201.216.61.243 - - [17/Aug/2015:00:35:37 -0500] "GET /forest/session.jsp?a=0.49505631905049086 HTTP/1.1" 200 4
66.249.65.213 - - [17/Aug/2015:00:35:51 -0500] "GET /BLA/resoluciones/RESOLUCIONES%202007/RES%202007%204201%20AL%204300/RESOLUCION%204252%20DE%202007.pdf HTTP/1.1" 304 -
151.80.31.129 - - [17/Aug/2015:00:36:50 -0500] "GET /BLA/resoluciones/AUTOS%202006/AUTOS%202006%20201-300/INDEX.DAT HTTP/1.1" 200 4000
201.245.192.253 - - [17/Aug/2015:00:36:50 -0500] "GET /forest/session.jsp?a=0.8343318478909278 HTTP/1.1" 200 4
181.129.65.224 - - [17/Aug/2015:00:36:50 -0500] "POST /forms/lservlet;jsessionid=ac16012b30d6c23f45d1542244d7ba45bbc6bc4c6bf8.e3iSbxaKaheRe38Ka34Oa3eLbxf0n6jAmljGr5XDqQLvpAe HTTP/1.1" 200 2
186.80.101.115 - - [17/Aug/2015:00:36:55 -0500] "GET /BLA/resoluciones/RESOLUCIONES%202008/5178.pdf HTTP/1.1" 200 419951
186.80.101.115 - - [17/Aug/2015:00:37:00 -0500] "GET /favicon.ico HTTP/1.1" 200 7782
66.249.65.220 - - [17/Aug/2015:00:37:12 -0500] "GET /BLA/resoluciones/RESOLUCIONES%202003/RES%202003%20951-1000/965.tif HTTP/1.1" 200 176824
151.80.31.129 - - [17/Aug/2015:00:37:12 -0500] "GET /BLA/resoluciones/RESOLUCIONES%202006/RES%202006%202001-2050/00002031.tif HTTP/1.1" 200 314914
66.249.65.220 - - [17/Aug/2015:00:37:20 -0500] "GET /BLA/resoluciones/AUTOS%202009/2023.pdf HTTP/1.1" 200 101430
181.250.236.251 - - [17/Aug/2015:00:38:05 -0500] "GET /galeria/galeria/jquery.fancybox.css?v=2.1.5 HTTP/1.1" 200 4895
181.250.236.251 - - [17/Aug/2015:00:38:05 -0500] "GET /BLA/boletinlegal/js/jquery.scrollShow.js HTTP/1.1" 200 4586
181.250.236.251 - - [17/Aug/2015:00:38:05 -0500] "GET /galeria/galeria/jquery.fancybox.js?v=2.1.5 HTTP/1.1" 200 48706
181.250.236.251 - - [17/Aug/2015:00:38:17 -0500] "GET /galeria/galeria/jquery.fancybox.css?v=2.1.5 HTTP/1.1" 304 -
181.250.236.251 - - [17/Aug/2015:00:38:17 -0500] "GET /galeria/galeria/jquery.fancybox.js?v=2.1.5 HTTP/1.1" 304 -
181.250.236.251 - - [17/Aug/2015:00:38:17 -0500] "GET /BLA/boletinlegal/js/jquery.scrollShow.js HTTP/1.1" 304 -
151.80.31.129 - - [17/Aug/2015:00:38:24 -0500] "GET /BLA/resoluciones/RESOLUCIONES%202006/RES%202006%201551-1600/00001555.tif HTTP/1.1" 200 199878
201.245.192.253 - - [17/Aug/2015:00:38:26 -0500] "GET /forest/session.jsp?a=0.49870502633315983 HTTP/1.1" 200 4
74.86.158.107 - - [17/Aug/2015:00:38:41 -0500] "HEAD / HTTP/1.1" 200 -
66.249.73.128 - - [17/Aug/2015:00:38:49 -0500] "GET /wp-content/uploads/2015/07/tercer-comunicado2.pdf HTTP/1.1" 304 -
66.249.65.213 - - [17/Aug/2015:00:38:50 -0500] "GET /BLA/resoluciones/RESOLUCIONES%202007/RES%202007%202301%20AL%202400/RESOLUCION%202362%20DE%202007.pdf HTTP/1.1" 304 -
181.129.65.224 - - [17/Aug/2015:00:38:51 -0500] "POST /forms/lservlet;jsessionid=ac16012b30d6c23f45d1542244d7ba45bbc6bc4c6bf8.e3iSbxaKaheRe38Ka34Oa3eLbxf0n6jAmljGr5XDqQLvpAe HTTP/1.1" 200 2
66.249.65.227 - - [17/Aug/2015:00:38:53 -0500] "GET /BLA/resoluciones/RESOLUCIONES%202014/3773.pdf HTTP/1.1" 200 451470
151.80.31.129 - - [17/Aug/2015:00:38:57 -0500] "GET /BLA/resoluciones/RESOLUCIONES%202003/RES%202003%201201-1250/2003RES1235.tif HTTP/1.1" 200 212980
127.0.0.1 - - [17/Aug/2015:00:39:13 -0500] "POST /wp-cron.php?doing_wp_cron=1439789953.9534111022949218750000 HTTP/1.0" 200 -
66.249.73.240 - - [17/Aug/2015:00:39:13 -0500] "GET /category-sitemap.xml HTTP/1.1" 404 27444
151.80.31.129 - - [17/Aug/2015:00:40:20 -0500] "GET /BLA/resoluciones/AUTOS%202006/AUTOS%202006%202501%20-%202600/00002556.tif HTTP/1.1" 200 57062
151.80.31.129 - - [17/Aug/2015:00:40:35 -0500] "GET /BLA/resoluciones/AUTOS%202006/AUTOS%202006%202101%20-%202200/00002167.tif HTTP/1.1" 200 56448
181.129.65.224 - - [17/Aug/2015:00:40:51 -0500] "POST /forms/lservlet;jsessionid=ac16012b30d6c23f45d1542244d7ba45bbc6bc4c6bf8.e3iSbxaKaheRe38Ka34Oa3eLbxf0n6jAmljGr5XDqQLvpAe HTTP/1.1" 200 2
