186.119.199.137 - - [17/Aug/2015:06:01:27 -0500] "GET /galeria/nivo-slider/demo/images/Conoce-los-humedales.jpg HTTP/1.1" 200 294036
186.119.199.137 - - [17/Aug/2015:06:01:27 -0500] "GET /galeria/nivo-slider/demo/images/ecolecta-Dic2014.png HTTP/1.1" 200 288593
186.119.199.137 - - [17/Aug/2015:06:01:27 -0500] "GET /galeria/nivo-slider/demo/images/Banner-Caracol-Africano.jpg HTTP/1.1" 200 331986
66.249.65.227 - - [17/Aug/2015:06:01:36 -0500] "GET /BLA/resoluciones/RESOLUCIONES%202009/0058.pdf HTTP/1.1" 200 118751
201.245.192.253 - - [17/Aug/2015:06:01:57 -0500] "GET /forest/session.jsp?a=0.35497270565797345 HTTP/1.1" 200 4
66.249.65.220 - - [17/Aug/2015:06:02:01 -0500] "GET /BLA/resoluciones/AUTOS%202013/1874.pdf HTTP/1.1" 304 -
66.249.65.227 - - [17/Aug/2015:06:02:05 -0500] "GET /BLA/resoluciones/RESOLUCIONES%202007/RES%202007%203001%20AL%203100/RESOLUCION%203090%20DE%202007.pdf HTTP/1.1" 304 -
152.61.128.66 - - [17/Aug/2015:06:02:07 -0500] "HEAD / HTTP/1.1" 200 -
152.61.128.66 - - [17/Aug/2015:06:02:07 -0500] "GET /arcgis/services/Calidad_del_Agua_WQI/MapServer/WMSServer?SERVICE=WMS&REQUEST=GetCapabilities HTTP/1.1" 200 32135
152.61.128.66 - - [17/Aug/2015:06:02:08 -0500] "GET /arcgis/services/Calidad_del_Agua_WQI/MapServer/WMSServer?SERVICE=WMS&REQUEST=GetCapabilities HTTP/1.0" 200 32135
152.61.128.66 - - [17/Aug/2015:06:02:08 -0500] "GET /arcgis/services/Calidad_del_Agua_WQI/MapServer/WMSServer?SERVICE=WMS&REQUEST=GetCapabilities HTTP/1.0" 200 32135
152.61.128.66 - - [17/Aug/2015:06:02:09 -0500] "GET /arcgis/services/Calidad_del_Agua_WQI/MapServer/WMSServer?SERVICE=WMS&REQUEST=GetCapabilities HTTP/1.0" 200 32135
152.61.128.66 - - [17/Aug/2015:06:02:10 -0500] "GET /arcgis/services/Calidad_del_Agua_WQI/MapServer/WMSServer?VERSION=1.1.1&REQUEST=GetMap&LAYERS=0&SRS=EPSG:4326&BBOX=-74.473395,3.674381,-73.963300,4.920569&WIDTH=250&HEIGHT=250&FORMAT=image/bmp&STYLES=& HTTP/1.1" 200 188054
190.26.165.154 - - [17/Aug/2015:06:02:32 -0500] "GET /galeria/galeria/jquery.fancybox.css?v=2.1.5 HTTP/1.1" 200 4895
190.26.165.154 - - [17/Aug/2015:06:02:32 -0500] "GET /BLA/boletinlegal/js/jquery.scrollShow.js HTTP/1.1" 200 4586
190.26.165.154 - - [17/Aug/2015:06:02:32 -0500] "GET /galeria/galeria/jquery.fancybox.js?v=2.1.5 HTTP/1.1" 200 48706
186.30.182.140 - - [17/Aug/2015:05:56:34 -0500] "GET /ForestMSG_SDA/channelAsync/template_word_14980471?X-Atmosphere-tracking-id=ff8c3d70-4c6e-fc2b-3180-8a60c2de9575&X-Atmosphere-Framework=1.0.5&X-Atmosphere-Transport=long-polling&tabid=0.557786361547187&X-Cache-Date=0&Content-Type=application/xml&_=1439809085315 HTTP/1.1" 200 8193
186.30.182.140 - - [17/Aug/2015:06:02:45 -0500] "GET /forest/session.jsp?a=0.21495565818622708 HTTP/1.1" 200 4
190.26.165.154 - - [17/Aug/2015:06:02:50 -0500] "GET /galeria/galeria/jquery.fancybox.css?v=2.1.5 HTTP/1.1" 304 -
190.26.165.154 - - [17/Aug/2015:06:02:50 -0500] "GET /BLA/boletinlegal/js/jquery.scrollShow.js HTTP/1.1" 304 -
190.26.165.154 - - [17/Aug/2015:06:02:50 -0500] "GET /galeria/galeria/jquery.fancybox.js?v=2.1.5 HTTP/1.1" 304 -
201.245.192.253 - - [17/Aug/2015:06:03:29 -0500] "GET /forest/session.jsp?a=0.7477609337409115 HTTP/1.1" 200 4
66.249.65.220 - - [17/Aug/2015:06:03:31 -0500] "GET /BLA/resoluciones/RESOLUCIONES%202002/RES%202002%20301-350/00000333.tif HTTP/1.1" 200 41530
88.6.118.24 - - [17/Aug/2015:06:03:42 -0500] "GET /BLA/boletinlegal/js/jquery.scrollShow.js HTTP/1.1" 200 4586
88.6.118.24 - - [17/Aug/2015:06:03:42 -0500] "GET /galeria/galeria/jquery.fancybox.js?v=2.1.5 HTTP/1.1" 200 48706
88.6.118.24 - - [17/Aug/2015:06:03:42 -0500] "GET /galeria/galeria/jquery.fancybox.css?v=2.1.5 HTTP/1.1" 200 4895
88.6.118.24 - - [17/Aug/2015:06:03:49 -0500] "GET /galeria/galeria/jquery.fancybox.css?v=2.1.5 HTTP/1.1" 200 4895
88.6.118.24 - - [17/Aug/2015:06:03:50 -0500] "GET /galeria/galeria/jquery.fancybox.js?v=2.1.5 HTTP/1.1" 200 48706
88.6.118.24 - - [17/Aug/2015:06:03:50 -0500] "GET /BLA/boletinlegal/js/jquery.scrollShow.js HTTP/1.1" 200 4586
88.198.233.69 - - [17/Aug/2015:06:04:00 -0500] "GET / HTTP/1.1" 200 10190
151.80.31.129 - - [17/Aug/2015:06:04:04 -0500] "GET /BLA/resoluciones/AUTOS%202006/AUTOS%202006%20501-600/00000544.tif HTTP/1.1" 200 36948
74.86.158.107 - - [17/Aug/2015:06:04:10 -0500] "HEAD / HTTP/1.1" 200 -
151.80.31.129 - - [17/Aug/2015:06:04:37 -0500] "GET /BLA/resoluciones/AUTOS%202006/AUTOS%202006%202501%20-%202600/00002568.tif HTTP/1.1" 200 144850
151.80.31.129 - - [17/Aug/2015:06:04:42 -0500] "GET /BLA/resoluciones/RESOLUCIONES%202004/RES%202004%201101-1150/00001117.tif HTTP/1.1" 200 131396
151.80.31.129 - - [17/Aug/2015:06:04:42 -0500] "GET /BLA/resoluciones/RESOLUCIONES%202005/RES%202005%201351-1400/00001357.tif HTTP/1.1" 200 38342
127.0.0.1 - - [17/Aug/2015:06:05:18 -0500] "POST /wp-cron.php?doing_wp_cron=1439809518.8897750377655029296875 HTTP/1.0" 200 -
66.249.73.240 - - [17/Aug/2015:06:05:18 -0500] "GET /la-cumbre-en-breve/ HTTP/1.1" 200 31227
66.249.65.213 - - [17/Aug/2015:06:05:25 -0500] "GET /BLA/resoluciones/RESOLUCIONES%202007/RES%202007%203401%20AL%203500/RESOLUCION%203417%20DE%202007.pdf HTTP/1.1" 200 479565
151.80.31.129 - - [17/Aug/2015:06:05:58 -0500] "GET /BLA/resoluciones/RESOLUCIONES%202006/RES%202006%20651-700/00000695.tif HTTP/1.1" 200 115984
66.249.65.213 - - [17/Aug/2015:06:06:08 -0500] "GET /BLA/resoluciones/RESOLUCIONES%202007/RES%202007%203201%20AL%203300/RESOLUCION%203283%20DE%202007.pdf HTTP/1.1" 200 378959
164.161.64.52 - - [17/Aug/2015:06:06:55 -0500] "GET /BLA/boletinlegal/js/jquery.scrollShow.js HTTP/1.1" 200 4586
164.161.64.52 - - [17/Aug/2015:06:06:56 -0500] "GET /galeria/galeria/jquery.fancybox.css?v=2.1.5 HTTP/1.1" 200 4895
164.161.64.52 - - [17/Aug/2015:06:06:56 -0500] "GET /galeria/galeria/jquery.fancybox.js?v=2.1.5 HTTP/1.1" 200 48706
201.245.192.253 - - [17/Aug/2015:06:06:57 -0500] "GET /forest/session.jsp?a=0.8984730733721135 HTTP/1.1" 200 4
186.30.182.140 - - [17/Aug/2015:06:07:47 -0500] "GET /forest/session.jsp?a=0.7759637825656682 HTTP/1.1" 200 4
151.80.31.129 - - [17/Aug/2015:06:07:51 -0500] "GET /BLA/resoluciones/RESOLUCIONES%202006/RES%202006%201001-1050/00001020.tif HTTP/1.1" 200 76926
66.249.65.48 - - [17/Aug/2015:06:08:10 -0500] "GET /Autoliquidacion/index.php?dir=Grupo%20Forestal%20-%20Industria%20de%20la%20Madera/&sort=date&order=asc HTTP/1.1" 200 6556
66.249.65.227 - - [17/Aug/2015:06:08:11 -0500] "GET /BLA/resoluciones/Notificaciones/AUTOS%202014/4048.doc HTTP/1.1" 304 -
66.249.65.220 - - [17/Aug/2015:06:08:15 -0500] "GET /BLA/resoluciones/AUTOS%202013/0970.pdf HTTP/1.1" 304 -
164.161.64.52 - - [17/Aug/2015:06:08:17 -0500] "GET /galeria/galeria/jquery.fancybox.js?v=2.1.5 HTTP/1.1" 304 -
164.161.64.52 - - [17/Aug/2015:06:08:17 -0500] "GET /galeria/galeria/jquery.fancybox.css?v=2.1.5 HTTP/1.1" 304 -
164.161.64.52 - - [17/Aug/2015:06:08:17 -0500] "GET /BLA/boletinlegal/js/jquery.scrollShow.js HTTP/1.1" 304 -
201.245.192.253 - - [17/Aug/2015:06:08:29 -0500] "GET /forest/session.jsp?a=0.7785487377167751 HTTP/1.1" 200 4
164.161.64.52 - - [17/Aug/2015:06:07:13 -0500] "GET /videos/CRRFFS.mp4 HTTP/1.1" 200 286784363
186.30.182.140 - - [17/Aug/2015:06:02:45 -0500] "GET /ForestMSG_SDA/channelAsync/template_word_14980471?X-Atmosphere-tracking-id=ff8c3d70-4c6e-fc2b-3180-8a60c2de9575&X-Atmosphere-Framework=1.0.5&X-Atmosphere-Transport=long-polling&tabid=0.557786361547187&X-Cache-Date=0&Content-Type=application/xml&_=1439809452591 HTTP/1.1" 200 8193
66.249.65.227 - - [17/Aug/2015:06:08:48 -0500] "GET /BLA/resoluciones/RESOLUCIONES%202008/1180.pdf HTTP/1.1" 200 55089
74.86.158.107 - - [17/Aug/2015:06:09:10 -0500] "HEAD / HTTP/1.1" 200 -
151.80.31.129 - - [17/Aug/2015:06:09:25 -0500] "GET /BLA/resoluciones/RESOLUCIONES%202005/RES%202005%202101-2150/00002123.tif HTTP/1.1" 200 98320
203.133.171.43 - - [17/Aug/2015:06:09:40 -0500] "GET / HTTP/1.1" 200 10190
186.83.156.22 - - [17/Aug/2015:06:09:44 -0500] "GET /catalogoisis/ HTTP/1.1" 200 8575
186.83.156.22 - - [17/Aug/2015:06:09:45 -0500] "GET /catalogoisis/Css/Busqueda.css HTTP/1.1" 200 1995
186.83.156.22 - - [17/Aug/2015:06:09:45 -0500] "GET /catalogoisis/Js/AceptarLimpiar.js HTTP/1.1" 200 331
186.83.156.22 - - [17/Aug/2015:06:09:45 -0500] "GET /catalogoisis/Js/Cookies.js HTTP/1.1" 200 1369
186.83.156.22 - - [17/Aug/2015:06:09:45 -0500] "GET /catalogoisis/Js/CriterioCombinada.js HTTP/1.1" 200 1843
186.83.156.22 - - [17/Aug/2015:06:09:45 -0500] "GET /catalogoisis/Js/LimpiarCombinada.js HTTP/1.1" 200 207
186.83.156.22 - - [17/Aug/2015:06:09:45 -0500] "GET /catalogoisis/Js/Go.js HTTP/1.1" 200 364
186.83.156.22 - - [17/Aug/2015:06:09:45 -0500] "GET /catalogoisis/Js/Remote.js HTTP/1.1" 200 436
186.83.156.22 - - [17/Aug/2015:06:09:45 -0500] "GET /catalogoisis/Js/Numero.js HTTP/1.1" 200 398
186.83.156.22 - - [17/Aug/2015:06:09:45 -0500] "GET /catalogoisis/Js/Enter.js HTTP/1.1" 200 1208
186.83.156.22 - - [17/Aug/2015:06:09:45 -0500] "GET /catalogoisis/imagenes/br1c3.gif HTTP/1.1" 200 302
186.83.156.22 - - [17/Aug/2015:06:09:45 -0500] "GET /catalogoisis/imagenes/Turnbo1.gif HTTP/1.1" 200 227
186.83.156.22 - - [17/Aug/2015:06:09:45 -0500] "GET /catalogoisis/imagenes/aceptar1.gif HTTP/1.1" 200 604
186.83.156.22 - - [17/Aug/2015:06:09:45 -0500] "GET /catalogoisis/imagenes/limpiar1.gif HTTP/1.1" 200 606
186.83.156.22 - - [17/Aug/2015:06:09:45 -0500] "GET /catalogoisis/imagenes/br1c1.gif HTTP/1.1" 200 172
186.83.156.22 - - [17/Aug/2015:06:09:45 -0500] "GET /catalogoisis/imagenes/Header.gif HTTP/1.1" 200 14509
186.83.156.22 - - [17/Aug/2015:06:09:45 -0500] "GET /catalogoisis/imagenes/br2c2.gif HTTP/1.1" 200 302
186.83.156.22 - - [17/Aug/2015:06:09:45 -0500] "GET /catalogoisis/imagenes/br1c2.gif HTTP/1.1" 200 297
186.83.156.22 - - [17/Aug/2015:06:09:45 -0500] "GET /catalogoisis/imagenes/br2c1.gif HTTP/1.1" 200 297
186.83.156.22 - - [17/Aug/2015:06:09:45 -0500] "GET /catalogoisis/imagenes/br3c3.gif HTTP/1.1" 200 186
186.83.156.22 - - [17/Aug/2015:06:09:45 -0500] "GET /catalogoisis/imagenes/br2c3.gif HTTP/1.1" 200 416
186.83.156.22 - - [17/Aug/2015:06:09:45 -0500] "GET /catalogoisis/imagenes/br3c1.gif HTTP/1.1" 200 177
186.83.156.22 - - [17/Aug/2015:06:09:45 -0500] "GET /catalogoisis/imagenes/br3c2.gif HTTP/1.1" 200 285
186.83.156.22 - - [17/Aug/2015:06:09:45 -0500] "GET /favicon.ico HTTP/1.1" 200 7782
151.80.31.129 - - [17/Aug/2015:06:09:49 -0500] "GET /BLA/resoluciones/RESOLUCIONES%202005/RES%202005%202501-2550/00002546.tif HTTP/1.1" 200 148912
66.249.65.48 - - [17/Aug/2015:06:09:56 -0500] "GET /cyber/ecour/eco.htm HTTP/1.1" 404 1019
151.80.31.129 - - [17/Aug/2015:06:10:32 -0500] "GET /BLA/resoluciones/RESOLUCIONES%202004/RES%202004%20851-900/00000858.tif HTTP/1.1" 200 98558
66.249.65.227 - - [17/Aug/2015:06:10:45 -0500] "GET /BLA/resoluciones/RESOLUCIONES%202009/4927.pdf HTTP/1.1" 200 542795
190.29.149.157 - - [17/Aug/2015:06:10:55 -0500] "GET /BLA/boletinlegal/js/jquery.scrollShow.js HTTP/1.1" 200 4586
190.29.149.157 - - [17/Aug/2015:06:10:55 -0500] "GET /galeria/galeria/jquery.fancybox.js?v=2.1.5 HTTP/1.1" 200 48706
190.29.149.157 - - [17/Aug/2015:06:10:55 -0500] "GET /galeria/galeria/jquery.fancybox.css?v=2.1.5 HTTP/1.1" 200 4895
66.249.73.128 - - [17/Aug/2015:06:10:58 -0500] "GET /wp-content/plugins/gallery-video/style/css/font-awesome.css?ver=4.2.2 HTTP/1.1" 200 31213
66.249.73.232 - - [17/Aug/2015:06:10:59 -0500] "GET /wp-content/plugins/contact-form-7/includes/css/styles.css?ver=4.1.2 HTTP/1.1" 200 1103
66.249.73.240 - - [17/Aug/2015:06:10:59 -0500] "GET /wp-content/themes/patti/framework/fonts/font-awesome/css/font-awesome.css?ver=4.2.2 HTTP/1.1" 200 21954
151.80.31.129 - - [17/Aug/2015:06:11:02 -0500] "GET /BLA/resoluciones/RESOLUCIONES%202002/RES%202002%20351-400/00000361.tif HTTP/1.1" 200 64758
151.80.31.129 - - [17/Aug/2015:06:11:05 -0500] "GET /BLA/resoluciones/RESOLUCIONES%202005/RES%202005%20451-500/00000482.tif HTTP/1.1" 200 106750
190.29.149.157 - - [17/Aug/2015:06:11:06 -0500] "GET /BLA/boletinlegal/js/jquery.scrollShow.js HTTP/1.1" 304 -
190.29.149.157 - - [17/Aug/2015:06:11:06 -0500] "GET /galeria/galeria/jquery.fancybox.js?v=2.1.5 HTTP/1.1" 304 -
190.29.149.157 - - [17/Aug/2015:06:11:06 -0500] "GET /galeria/galeria/jquery.fancybox.css?v=2.1.5 HTTP/1.1" 304 -
66.249.65.227 - - [17/Aug/2015:06:11:20 -0500] "GET /BLA/resoluciones/RESOLUCIONES%202010/6576.pdf HTTP/1.1" 200 361900
66.249.65.45 - - [17/Aug/2015:06:11:21 -0500] "GET /POT-2013/Cartografia/36_Est_Funcional_servicios_Est_Socioeconomica_Espacial%20Area%20.pdf HTTP/1.1" 304 -
66.249.65.227 - - [17/Aug/2015:06:11:21 -0500] "GET /BLA/resoluciones/AUTOS%202007/1498.pdf HTTP/1.1" 304 -
201.245.192.253 - - [17/Aug/2015:06:11:57 -0500] "GET /forest/session.jsp?a=0.3991332727414252 HTTP/1.1" 200 4
201.245.192.253 - - [17/Aug/2015:06:13:29 -0500] "GET /forest/session.jsp?a=0.48582190687266413 HTTP/1.1" 200 4
74.86.158.107 - - [17/Aug/2015:06:14:10 -0500] "HEAD / HTTP/1.1" 200 -
151.80.31.129 - - [17/Aug/2015:06:14:20 -0500] "GET /BLA/resoluciones/RESOLUCIONES%202005/RES%202005%20551-600/00000555.tif HTTP/1.1" 200 140634
66.249.65.213 - - [17/Aug/2015:06:14:30 -0500] "GET /BLA/resoluciones/AUTOS%202008/0100.pdf HTTP/1.1" 304 -
186.80.41.200 - - [17/Aug/2015:06:14:45 -0500] "GET /BLA/resoluciones/RESOLUCIONES%202011/3947.pdf HTTP/1.1" 200 343731
186.30.182.140 - - [17/Aug/2015:06:08:47 -0500] "GET /ForestMSG_SDA/channelAsync/template_word_14980471?X-Atmosphere-tracking-id=ff8c3d70-4c6e-fc2b-3180-8a60c2de9575&X-Atmosphere-Framework=1.0.5&X-Atmosphere-Transport=long-polling&tabid=0.557786361547187&X-Cache-Date=0&Content-Type=application/xml&_=1439809818196 HTTP/1.1" 200 8193
66.249.65.220 - - [17/Aug/2015:06:15:18 -0500] "GET /BLA/resoluciones/RESOLUCIONES%202009/5704.pdf HTTP/1.1" 200 660555
151.80.31.129 - - [17/Aug/2015:06:15:27 -0500] "GET /BLA/resoluciones/RESOLUCIONES%202002/RES%202002%201751-1800/20021769.tif HTTP/1.1" 200 89448
151.80.31.129 - - [17/Aug/2015:06:15:44 -0500] "GET /BLA/resoluciones/RESOLUCIONES%202002/RES%202002%20401-450/00000425.tif HTTP/1.1" 200 58782
207.46.13.43 - - [17/Aug/2015:06:15:57 -0500] "GET /robots.txt HTTP/1.1" 404 1018
151.80.31.129 - - [17/Aug/2015:06:16:00 -0500] "GET /BLA/resoluciones/index.php?dir=Notificaciones/AUTOS%202015/&sort=date&order=desc HTTP/1.1" 200 5296
207.46.13.43 - - [17/Aug/2015:06:16:01 -0500] "GET /galeria/galeria/fotos/5.jpg HTTP/1.1" 200 199009
46.148.18.122 - - [17/Aug/2015:06:16:04 -0500] "GET / HTTP/1.1" 200 10190
46.148.18.122 - - [17/Aug/2015:06:16:05 -0500] "GET /tmUnblock.cgi HTTP/1.1" 404 1018
46.148.18.122 - - [17/Aug/2015:06:16:06 -0500] "GET /hndUnblock.cgi HTTP/1.1" 404 1018
123.125.71.72 - - [17/Aug/2015:06:16:30 -0500] "GET / HTTP/1.1" 200 10190
201.245.192.253 - - [17/Aug/2015:06:16:57 -0500] "GET /forest/session.jsp?a=0.3321230959244045 HTTP/1.1" 200 4
66.249.65.227 - - [17/Aug/2015:06:17:41 -0500] "GET /BLA/resoluciones/RESOLUCIONES%202010/6289.pdf HTTP/1.1" 304 -
66.249.65.227 - - [17/Aug/2015:06:17:44 -0500] "GET /BLA/resoluciones/AUTOS%202014/5595.pdf HTTP/1.1" 304 -
66.249.65.220 - - [17/Aug/2015:06:17:44 -0500] "GET /silvicultura/11.pdf HTTP/1.1" 404 1018
201.245.192.253 - - [17/Aug/2015:06:18:29 -0500] "GET /forest/session.jsp?a=0.7988804006693342 HTTP/1.1" 200 4
190.84.88.26 - - [17/Aug/2015:06:18:58 -0500] "GET /galeria/galeria/jquery.fancybox.css?v=2.1.5 HTTP/1.1" 200 4895
190.84.88.26 - - [17/Aug/2015:06:18:58 -0500] "GET /galeria/galeria/jquery.fancybox.js?v=2.1.5 HTTP/1.1" 200 48706
190.84.88.26 - - [17/Aug/2015:06:18:58 -0500] "GET /BLA/boletinlegal/js/jquery.scrollShow.js HTTP/1.1" 200 4586
151.80.31.129 - - [17/Aug/2015:06:19:04 -0500] "GET /BLA/resoluciones/RESOLUCIONES%202005/RES%202005%201951-2000/00001980.tif HTTP/1.1" 200 83220
151.80.31.129 - - [17/Aug/2015:06:19:08 -0500] "GET /BLA/resoluciones/RESOLUCIONES%202003/RES%202003%201101-1150/1150.tif HTTP/1.1" 200 403760
74.86.158.107 - - [17/Aug/2015:06:19:10 -0500] "HEAD / HTTP/1.1" 200 -
190.84.88.26 - - [17/Aug/2015:06:19:21 -0500] "GET /BLA/boletinlegal/js/jquery.scrollShow.js HTTP/1.1" 304 -
190.84.88.26 - - [17/Aug/2015:06:19:21 -0500] "GET /galeria/galeria/jquery.fancybox.js?v=2.1.5 HTTP/1.1" 304 -
190.84.88.26 - - [17/Aug/2015:06:19:21 -0500] "GET /galeria/galeria/jquery.fancybox.css?v=2.1.5 HTTP/1.1" 304 -
66.249.65.213 - - [17/Aug/2015:06:19:55 -0500] "GET /BLA/resoluciones/AUTOS%202009/0550.pdf HTTP/1.1" 200 127582
66.249.65.213 - - [17/Aug/2015:06:19:57 -0500] "GET /BLA/resoluciones/RESOLUCIONES%202009/9326.pdf HTTP/1.1" 304 -
66.249.65.220 - - [17/Aug/2015:06:20:41 -0500] "GET /BLA/resoluciones/RESOLUCIONES%202007/RES%202007%202301%20AL%202400/RESOLUCION%202362%20DE%202007.pdf HTTP/1.1" 304 -
66.249.65.220 - - [17/Aug/2015:06:20:43 -0500] "GET /BLA/resoluciones/RESOLUCIONES%202011/4971.pdf HTTP/1.1" 304 -
186.30.182.140 - - [17/Aug/2015:06:14:48 -0500] "GET /ForestMSG_SDA/channelAsync/template_word_14980471?X-Atmosphere-tracking-id=ff8c3d70-4c6e-fc2b-3180-8a60c2de9575&X-Atmosphere-Framework=1.0.5&X-Atmosphere-Transport=long-polling&tabid=0.557786361547187&X-Cache-Date=0&Content-Type=application/xml&_=1439810179206 HTTP/1.1" 200 8193
151.80.31.129 - - [17/Aug/2015:06:20:53 -0500] "GET /BLA/resoluciones/RESOLUCIONES%202005/RES%202005%201301-1350/00001331.tif HTTP/1.1" 200 45246
151.80.31.129 - - [17/Aug/2015:06:21:06 -0500] "GET /BLA/resoluciones/RESOLUCIONES%202004/RES%202004%201251-1300/00001270.tif HTTP/1.1" 200 100772
201.245.192.253 - - [17/Aug/2015:06:21:57 -0500] "GET /forest/session.jsp?a=0.32134306850811123 HTTP/1.1" 200 4
151.80.31.129 - - [17/Aug/2015:06:22:32 -0500] "GET /BLA/resoluciones/RESOLUCIONES%202004/RES%202004%201101-1150/00001139.tif HTTP/1.1" 200 187556
151.80.31.129 - - [17/Aug/2015:06:22:56 -0500] "GET /BLA/resoluciones/AUTOS%202006/AUTOS%202006%20301-400/00000305.tif HTTP/1.1" 200 53934
66.249.65.227 - - [17/Aug/2015:06:23:07 -0500] "GET /galeria/galeria/fotos/boa11G.jpg HTTP/1.1" 304 -
151.80.31.129 - - [17/Aug/2015:06:23:25 -0500] "GET /BLA/resoluciones/RESOLUCIONES%202006/RES%202006%202201-2250/00002231.tif HTTP/1.1" 200 242600
201.245.192.253 - - [17/Aug/2015:06:23:29 -0500] "GET /forest/session.jsp?a=0.0016015307086097996 HTTP/1.1" 200 4
66.249.65.227 - - [17/Aug/2015:06:23:35 -0500] "GET /BLA/resoluciones/RESOLUCIONES%202002/RES%202002%20301-350/00000308.tif HTTP/1.1" 200 27540
66.249.65.213 - - [17/Aug/2015:06:23:48 -0500] "GET /BLA/resoluciones/RESOLUCIONES%202009/8495.pdf HTTP/1.1" 304 -
66.249.65.227 - - [17/Aug/2015:06:23:49 -0500] "GET /BLA/resoluciones/RESOLUCIONES%202010/2266.pdf HTTP/1.1" 200 446452
74.86.158.107 - - [17/Aug/2015:06:24:10 -0500] "HEAD / HTTP/1.1" 200 -
66.249.65.220 - - [17/Aug/2015:06:24:28 -0500] "GET /BLA/resoluciones/RESOLUCIONES%202009/9210.pdf HTTP/1.1" 200 491043
66.249.65.227 - - [17/Aug/2015:06:24:30 -0500] "GET /BLA/resoluciones/RESOLUCIONES%202014/0586.pdf HTTP/1.1" 304 -
151.80.31.129 - - [17/Aug/2015:06:24:33 -0500] "GET /BLA/resoluciones/RESOLUCIONES%202003/RES%202003%20751-800/798.tif HTTP/1.1" 200 902636
151.80.31.129 - - [17/Aug/2015:06:25:40 -0500] "GET /BLA/resoluciones/RESOLUCIONES%202006/RES%202006%201801-1850/00001821.tif HTTP/1.1" 200 38866
127.0.0.1 - - [17/Aug/2015:06:26:09 -0500] "POST /wp-cron.php?doing_wp_cron=1439810769.4815719127655029296875 HTTP/1.0" 200 -
66.249.73.128 - - [17/Aug/2015:06:26:08 -0500] "GET /para-saber/ HTTP/1.1" 200 36010
151.80.31.129 - - [17/Aug/2015:06:26:48 -0500] "GET /BLA/resoluciones/AUTOS%202006/AUTOS%202006%203101%20-%203200/00003178.tif HTTP/1.1" 200 52064
186.30.182.140 - - [17/Aug/2015:06:20:49 -0500] "GET /ForestMSG_SDA/channelAsync/template_word_14980471?X-Atmosphere-tracking-id=ff8c3d70-4c6e-fc2b-3180-8a60c2de9575&X-Atmosphere-Framework=1.0.5&X-Atmosphere-Transport=long-polling&tabid=0.557786361547187&X-Cache-Date=0&Content-Type=application/xml&_=1439810540262 HTTP/1.1" 200 8193
201.245.192.253 - - [17/Aug/2015:06:26:57 -0500] "GET /forest/session.jsp?a=0.08232899095806745 HTTP/1.1" 200 4
66.249.65.227 - - [17/Aug/2015:06:26:58 -0500] "GET /BLA/resoluciones/AUTOS%202013/0190.pdf HTTP/1.1" 200 3325531
66.249.65.227 - - [17/Aug/2015:06:27:05 -0500] "GET /BLA/resoluciones/AUTOS%202009/2844.pdf HTTP/1.1" 200 99190
151.80.31.129 - - [17/Aug/2015:06:27:17 -0500] "GET /BLA/resoluciones/RESOLUCIONES%202002/RES%202002%20951-1000/00000970.tif HTTP/1.1" 200 51052
66.249.65.227 - - [17/Aug/2015:06:27:32 -0500] "GET /BLA/resoluciones/AUTOS%202013/0753.pdf HTTP/1.1" 200 1541993
66.249.65.213 - - [17/Aug/2015:06:28:28 -0500] "GET /galeria/galeria/fotos/micos6G.jpg HTTP/1.1" 304 -
201.245.192.253 - - [17/Aug/2015:06:28:29 -0500] "GET /forest/session.jsp?a=0.6625647850161172 HTTP/1.1" 200 4
66.249.65.227 - - [17/Aug/2015:06:29:05 -0500] "GET /BLA/resoluciones/AUTOS%202013/1942.pdf HTTP/1.1" 200 1937036
74.86.158.107 - - [17/Aug/2015:06:29:10 -0500] "HEAD / HTTP/1.1" 200 -
207.46.13.141 - - [17/Aug/2015:06:29:15 -0500] "GET /galeria/galeria/fotos/15.jpg HTTP/1.1" 200 218669
66.249.65.220 - - [17/Aug/2015:06:30:09 -0500] "GET /BLA/resoluciones/RESOLUCIONES%202007/RES%202007%203901%20AL%204000/RESOLUCION%203939%20DE%202007.pdf HTTP/1.1" 304 -
66.249.65.220 - - [17/Aug/2015:06:30:09 -0500] "GET /BLA/resoluciones/AUTOS%202013/0415.pdf HTTP/1.1" 200 1931835
66.249.65.213 - - [17/Aug/2015:06:30:12 -0500] "GET /BLA/resoluciones/RESOLUCIONES%202011/3863.pdf HTTP/1.1" 304 -
151.80.31.129 - - [17/Aug/2015:06:30:21 -0500] "GET /BLA/resoluciones/RESOLUCIONES%202006/RES%202006%201101-1150/00001127.tif HTTP/1.1" 200 138952
151.80.31.129 - - [17/Aug/2015:06:31:42 -0500] "GET /BLA/resoluciones/index.php?dir=AUTOS%202006/AUTOS%202006%202501%20-%202600/&sort=date&order=asc HTTP/1.1" 200 22209
201.245.192.253 - - [17/Aug/2015:06:31:57 -0500] "GET /forest/session.jsp?a=0.3008790070209464 HTTP/1.1" 200 4
186.30.182.140 - - [17/Aug/2015:06:26:49 -0500] "GET /ForestMSG_SDA/channelAsync/template_word_14980471?X-Atmosphere-tracking-id=ff8c3d70-4c6e-fc2b-3180-8a60c2de9575&X-Atmosphere-Framework=1.0.5&X-Atmosphere-Transport=long-polling&tabid=0.557786361547187&X-Cache-Date=0&Content-Type=application/xml&_=1439810901225 HTTP/1.1" 200 8193
66.249.65.213 - - [17/Aug/2015:06:33:09 -0500] "GET /BLA/resoluciones/AUTOS%202013/0494.pdf HTTP/1.1" 304 -
66.249.65.227 - - [17/Aug/2015:06:33:12 -0500] "GET /BLA/resoluciones/AUTOS%202012/0822.pdf HTTP/1.1" 304 -
66.249.65.227 - - [17/Aug/2015:06:33:28 -0500] "GET /galeria/galeria/fotos/mico1G.jpg HTTP/1.1" 304 -
201.245.192.253 - - [17/Aug/2015:06:33:29 -0500] "GET /forest/session.jsp?a=0.8228044864164177 HTTP/1.1" 200 4
66.249.65.220 - - [17/Aug/2015:06:33:38 -0500] "GET /portalsiaccapacitaciones/Soportes%20Capacitaciones%20A%C3%B1o%202013/0024.%20Articulacion%20Eficiencia%20Energetica%20-%20Cambio%20Climatico%204%20de%20Julio.pdf HTTP/1.1" 404 1018
180.76.15.33 - - [17/Aug/2015:06:33:43 -0500] "GET / HTTP/1.1" 200 10190
74.86.158.107 - - [17/Aug/2015:06:34:10 -0500] "HEAD / HTTP/1.1" 200 -
180.76.15.23 - - [17/Aug/2015:06:34:13 -0500] "GET / HTTP/1.1" 200 10190
151.80.31.129 - - [17/Aug/2015:06:34:27 -0500] "GET /BLA/resoluciones/RESOLUCIONES%202005/RES%202005%202051-2100/00002066.tif HTTP/1.1" 200 86254
190.29.86.186 - - [17/Aug/2015:06:35:40 -0500] "GET /BLA/boletinlegal/js/jquery.scrollShow.js HTTP/1.1" 200 4586
190.29.86.186 - - [17/Aug/2015:06:35:40 -0500] "GET /galeria/galeria/jquery.fancybox.css?v=2.1.5 HTTP/1.1" 200 4895
190.29.86.186 - - [17/Aug/2015:06:35:40 -0500] "GET /galeria/galeria/jquery.fancybox.js?v=2.1.5 HTTP/1.1" 200 48706
190.29.86.186 - - [17/Aug/2015:06:35:50 -0500] "GET /galeria/galeria/jquery.fancybox.css?v=2.1.5 HTTP/1.1" 304 -
190.29.86.186 - - [17/Aug/2015:06:35:50 -0500] "GET /galeria/galeria/jquery.fancybox.js?v=2.1.5 HTTP/1.1" 304 -
190.29.86.186 - - [17/Aug/2015:06:35:50 -0500] "GET /BLA/boletinlegal/js/jquery.scrollShow.js HTTP/1.1" 304 -
190.29.86.186 - - [17/Aug/2015:06:35:51 -0500] "GET /BLA/boletinlegal/js/jquery.scrollShow.js HTTP/1.1" 200 4586
190.29.86.186 - - [17/Aug/2015:06:35:51 -0500] "GET /galeria/galeria/jquery.fancybox.js?v=2.1.5 HTTP/1.1" 200 48706
66.249.65.227 - - [17/Aug/2015:06:36:08 -0500] "GET /BLA/resoluciones/RESOLUCIONES%202014/0966.pdf HTTP/1.1" 304 -
201.245.192.253 - - [17/Aug/2015:06:36:57 -0500] "GET /forest/session.jsp?a=0.161348601038238 HTTP/1.1" 200 4
151.80.31.129 - - [17/Aug/2015:06:37:18 -0500] "GET /BLA/resoluciones/RESOLUCIONES%202006/RES%202006%201051-1100/00001099.tif HTTP/1.1" 200 91896
151.80.31.129 - - [17/Aug/2015:06:37:36 -0500] "GET /BLA/resoluciones/AUTOS%202006/AUTOS%202006%201701%20-%201800/00001730.tif HTTP/1.1" 200 129960
66.249.65.220 - - [17/Aug/2015:06:37:43 -0500] "GET /BLA/boletinlegal/js/jquery.scrollShow.js HTTP/1.1" 200 4586
66.249.65.227 - - [17/Aug/2015:06:37:43 -0500] "GET /galeria/galeria/jquery.fancybox.js?v=2.1.5 HTTP/1.1" 200 48706
66.249.65.227 - - [17/Aug/2015:06:37:44 -0500] "GET /galeria/galeria/jquery.fancybox.css?v=2.1.5 HTTP/1.1" 200 4895
186.28.63.121 - - [17/Aug/2015:06:37:55 -0500] "GET /galeria/galeria/jquery.fancybox.js?v=2.1.5 HTTP/1.1" 200 48706
186.28.63.121 - - [17/Aug/2015:06:37:55 -0500] "GET /BLA/boletinlegal/js/jquery.scrollShow.js HTTP/1.1" 200 4586
186.28.63.121 - - [17/Aug/2015:06:37:55 -0500] "GET /galeria/galeria/jquery.fancybox.css?v=2.1.5 HTTP/1.1" 200 4895
186.28.63.121 - - [17/Aug/2015:06:38:03 -0500] "GET /BLA/boletinlegal/js/jquery.scrollShow.js HTTP/1.1" 200 4586
186.28.63.121 - - [17/Aug/2015:06:38:03 -0500] "GET /galeria/galeria/jquery.fancybox.js?v=2.1.5 HTTP/1.1" 200 48706
186.28.63.121 - - [17/Aug/2015:06:38:03 -0500] "GET /galeria/galeria/jquery.fancybox.css?v=2.1.5 HTTP/1.1" 200 4895
66.249.65.227 - - [17/Aug/2015:06:38:15 -0500] "GET /BLA/resoluciones/AUTOS%202011/6447.pdf HTTP/1.1" 200 242755
151.80.31.129 - - [17/Aug/2015:06:38:27 -0500] "GET /BLA/resoluciones/RESOLUCIONES%202004/RES%202004%202201-2250/00002216.tif HTTP/1.1" 200 95932
201.245.192.253 - - [17/Aug/2015:06:38:29 -0500] "GET /forest/session.jsp?a=0.5968238560903827 HTTP/1.1" 200 4
66.249.65.213 - - [17/Aug/2015:06:38:43 -0500] "GET /galeria/galeria/fotos/boa8G.jpg HTTP/1.1" 304 -
186.30.182.140 - - [17/Aug/2015:06:32:51 -0500] "GET /ForestMSG_SDA/channelAsync/template_word_14980471?X-Atmosphere-tracking-id=ff8c3d70-4c6e-fc2b-3180-8a60c2de9575&X-Atmosphere-Framework=1.0.5&X-Atmosphere-Transport=long-polling&tabid=0.557786361547187&X-Cache-Date=0&Content-Type=application/xml&_=1439811262340 HTTP/1.1" 200 8193
151.80.31.129 - - [17/Aug/2015:06:38:59 -0500] "GET /BLA/resoluciones/AUTOS%202006/AUTOS%202006%202001%20-%202100/00002096.tif HTTP/1.1" 200 55464
74.86.158.107 - - [17/Aug/2015:06:39:10 -0500] "HEAD / HTTP/1.1" 200 -
66.249.65.227 - - [17/Aug/2015:06:39:19 -0500] "GET /BLA/resoluciones/AUTOS%202007/1531.pdf HTTP/1.1" 200 93974
64.35.47.18 - - [17/Aug/2015:06:41:28 -0500] "GET /galeria/galeria/jquery.fancybox.css?v=2.1.5 HTTP/1.1" 304 -
64.35.47.18 - - [17/Aug/2015:06:41:28 -0500] "GET /BLA/boletinlegal/js/jquery.scrollShow.js HTTP/1.1" 304 -
64.35.47.18 - - [17/Aug/2015:06:41:28 -0500] "GET /galeria/galeria/jquery.fancybox.js?v=2.1.5 HTTP/1.1" 304 -
151.80.31.129 - - [17/Aug/2015:06:41:50 -0500] "GET /BLA/resoluciones/AUTOS%202006/AUTOS%202006%202201%20-%202300/00002249.tif HTTP/1.1" 200 72044
201.245.192.253 - - [17/Aug/2015:06:41:57 -0500] "GET /forest/session.jsp?a=0.6065321201822917 HTTP/1.1" 200 4
180.76.15.33 - - [17/Aug/2015:06:42:13 -0500] "GET /BLA/boletinlegal/Directivas/2014/Directiva%20No.%202%20del%205%20de%20Mayo%20de%202014.pdf HTTP/1.1" 200 591315
66.249.65.227 - - [17/Aug/2015:06:42:29 -0500] "GET /BLA/resoluciones/RESOLUCIONES%202010/0242.pdf HTTP/1.1" 304 -
66.249.65.213 - - [17/Aug/2015:06:42:30 -0500] "GET /BLA/resoluciones/RESOLUCIONES%202010/7447.pdf HTTP/1.1" 304 -
66.249.65.227 - - [17/Aug/2015:06:42:31 -0500] "GET /BLA/resoluciones/AUTOS%202011/1501.pdf HTTP/1.1" 304 -
66.249.65.213 - - [17/Aug/2015:06:42:34 -0500] "GET /BLA/resoluciones/RESOLUCIONES%202007/RES%202007%203601%20AL%203700/RESOLUCION%203672%20DE%202007.pdf HTTP/1.1" 200 336713
66.249.73.240 - - [17/Aug/2015:06:42:50 -0500] "GET /wp-content/uploads/2015/07/BFran.pdf HTTP/1.1" 304 -
66.249.65.220 - - [17/Aug/2015:06:43:26 -0500] "GET /BLA/resoluciones/RESOLUCIONES%202002/RES%202002%20301-350/00000336.tif HTTP/1.1" 200 41434
201.245.192.253 - - [17/Aug/2015:06:43:29 -0500] "GET /forest/session.jsp?a=0.5880084514390641 HTTP/1.1" 200 4
177.252.135.192 - - [17/Aug/2015:06:43:32 -0500] "GET /galeria/galeria/jquery.fancybox.css?v=2.1.5 HTTP/1.1" 200 4895
177.252.135.192 - - [17/Aug/2015:06:43:32 -0500] "GET /BLA/boletinlegal/js/jquery.scrollShow.js HTTP/1.1" 200 4586
177.252.135.192 - - [17/Aug/2015:06:43:32 -0500] "GET /galeria/galeria/jquery.fancybox.js?v=2.1.5 HTTP/1.1" 200 48706
177.252.135.192 - - [17/Aug/2015:06:43:48 -0500] "GET /galeria/galeria/jquery.fancybox.js?v=2.1.5 HTTP/1.1" 304 -
177.252.135.192 - - [17/Aug/2015:06:43:48 -0500] "GET /BLA/boletinlegal/js/jquery.scrollShow.js HTTP/1.1" 304 -
177.252.135.192 - - [17/Aug/2015:06:43:48 -0500] "GET /galeria/galeria/jquery.fancybox.css?v=2.1.5 HTTP/1.1" 304 -
151.80.31.129 - - [17/Aug/2015:06:43:50 -0500] "GET /BLA/resoluciones/index.php?dir=RESOLUCIONES%202007/RES%202007%202901%20AL%203000/&sort=size&order=asc HTTP/1.1" 200 26859
151.80.31.129 - - [17/Aug/2015:06:43:54 -0500] "GET /BLA/resoluciones/RESOLUCIONES%202002/RES%202002%201051-1100/00001053.tif HTTP/1.1" 200 100486
66.249.65.227 - - [17/Aug/2015:06:43:59 -0500] "GET /galeria/galeria/fotos/micos7G.jpg HTTP/1.1" 304 -
74.86.158.107 - - [17/Aug/2015:06:44:10 -0500] "HEAD / HTTP/1.1" 200 -
127.0.0.1 - - [17/Aug/2015:06:44:36 -0500] "POST /wp-cron.php?doing_wp_cron=1439811876.8193171024322509765625 HTTP/1.0" 200 -
37.0.52.60 - - [17/Aug/2015:06:44:36 -0500] "POST /xmlrpc.php HTTP/1.1" 200 415
201.234.75.11 - - [17/Aug/2015:06:44:50 -0500] "GET /StormSDA/stormWeb/presentacion.html HTTP/1.1" 304 -
186.30.182.140 - - [17/Aug/2015:06:38:51 -0500] "GET /ForestMSG_SDA/channelAsync/template_word_14980471?X-Atmosphere-tracking-id=ff8c3d70-4c6e-fc2b-3180-8a60c2de9575&X-Atmosphere-Framework=1.0.5&X-Atmosphere-Transport=long-polling&tabid=0.557786361547187&X-Cache-Date=0&Content-Type=application/xml&_=1439811623197 HTTP/1.1" 200 8193
66.249.65.213 - - [17/Aug/2015:06:45:28 -0500] "GET /BLA/resoluciones/RESOLUCIONES%202009/5896.pdf HTTP/1.1" 304 -
66.249.65.48 - - [17/Aug/2015:06:45:29 -0500] "GET /Anexos%20estudio%20Organizacional%20SDA/ANEXO%20No.%203-%20CONTRATACI%C3%93N%20%20OPS%C2%B4s%202008-2012/CONTRATOS%20SDA%202011%20POR%20DEPENDENCIA.xls HTTP/1.1" 304 -
66.249.65.220 - - [17/Aug/2015:06:45:34 -0500] "GET /BLA/resoluciones/RESOLUCIONES%202010/1612.pdf HTTP/1.1" 200 444532
151.80.31.129 - - [17/Aug/2015:06:46:16 -0500] "GET /BLA/resoluciones/AUTOS%202006/AUTOS%202006%202901%20-%203000/00002916.tif HTTP/1.1" 200 90262
186.84.23.185 - - [17/Aug/2015:06:46:48 -0500] "GET /galeria/galeria/jquery.fancybox.css?v=2.1.5 HTTP/1.1" 200 4895
186.84.23.185 - - [17/Aug/2015:06:46:48 -0500] "GET /BLA/boletinlegal/js/jquery.scrollShow.js HTTP/1.1" 200 4586
186.84.23.185 - - [17/Aug/2015:06:46:48 -0500] "GET /galeria/galeria/jquery.fancybox.js?v=2.1.5 HTTP/1.1" 200 48706
201.245.192.253 - - [17/Aug/2015:06:46:57 -0500] "GET /forest/session.jsp?a=0.5289159685401815 HTTP/1.1" 200 4
186.84.23.185 - - [17/Aug/2015:06:47:04 -0500] "GET /galeria/galeria/jquery.fancybox.css?v=2.1.5 HTTP/1.1" 304 -
186.84.23.185 - - [17/Aug/2015:06:47:04 -0500] "GET /BLA/boletinlegal/js/jquery.scrollShow.js HTTP/1.1" 304 -
186.84.23.185 - - [17/Aug/2015:06:47:04 -0500] "GET /galeria/galeria/jquery.fancybox.js?v=2.1.5 HTTP/1.1" 304 -
103.249.240.196 - - [17/Aug/2015:06:47:08 -0500] "POST /xmlrpc.php HTTP/1.1" 200 415
151.80.31.129 - - [17/Aug/2015:06:47:14 -0500] "GET /BLA/resoluciones/RESOLUCIONES%202005/RES%202005%20601-650/00000629.tif HTTP/1.1" 200 233480
66.249.65.227 - - [17/Aug/2015:06:47:22 -0500] "GET /BLA/resoluciones/RESOLUCIONES%202009/1964.pdf HTTP/1.1" 200 488860
151.80.31.129 - - [17/Aug/2015:06:47:46 -0500] "GET /BLA/resoluciones/index.php?dir=RESOLUCIONES%202007/RES%202007%20201%20AL%20300/&sort=name&order=desc HTTP/1.1" 200 27109
68.180.230.228 - - [17/Aug/2015:06:48:29 -0500] "GET /dama/libreria/php/decide.php?patron=03.1305020113&numm=31 HTTP/1.1" 404 1019
201.245.192.253 - - [17/Aug/2015:06:48:29 -0500] "GET /forest/session.jsp?a=0.005471781296392697 HTTP/1.1" 200 4
66.249.65.51 - - [17/Aug/2015:06:48:39 -0500] "GET / HTTP/1.1" 200 10190
74.86.158.107 - - [17/Aug/2015:06:49:10 -0500] "HEAD / HTTP/1.1" 200 -
66.249.65.220 - - [17/Aug/2015:06:49:15 -0500] "GET /galeria/galeria/fotos/boa10G.jpg HTTP/1.1" 304 -
186.30.182.140 - - [17/Aug/2015:06:44:52 -0500] "GET /ForestMSG_SDA/channelAsync/template_word_14980471?X-Atmosphere-tracking-id=ff8c3d70-4c6e-fc2b-3180-8a60c2de9575&X-Atmosphere-Framework=1.0.5&X-Atmosphere-Transport=long-polling&tabid=0.557786361547187&X-Cache-Date=0&Content-Type=application/xml&_=1439811984227 HTTP/1.1" 200 8193
186.30.182.140 - - [17/Aug/2015:06:51:13 -0500] "GET /forest/session.jsp?a=0.531395852798596 HTTP/1.1" 200 4
151.80.31.129 - - [17/Aug/2015:06:51:16 -0500] "GET /BLA/resoluciones/AUTOS%202006/AUTOS%202006%201201-1300/00001222.tif HTTP/1.1" 200 42346
186.30.182.140 - - [17/Aug/2015:06:51:17 -0500] "GET /forest/skins/gdocs-jar/popup/popup.jsp?width=1100&height=500&title=Buscar%20documentos&uri=/forest/buscar.do%3Ftype%3Ddocumentos&name=undefined&_a=0.12702230410650373&a=0.21150941331870854 HTTP/1.1" 200 1300
186.30.182.140 - - [17/Aug/2015:06:51:17 -0500] "GET /forest/buscar.do?type=documentos HTTP/1.1" 200 85088
186.30.182.140 - - [17/Aug/2015:06:51:18 -0500] "GET /forest/buscar.do?type=documentos HTTP/1.1" 200 85088
186.30.182.140 - - [17/Aug/2015:06:51:21 -0500] "GET /forest/json.do?query=usersByDep&coddep=2013 HTTP/1.1" 200 8381
186.30.182.140 - - [17/Aug/2015:06:51:21 -0500] "GET /forest/json.do?query=versionListadas HTTP/1.1" 200 15
186.30.182.140 - - [17/Aug/2015:06:51:21 -0500] "GET /forest/json.do?query=usersByDep&coddep=2013 HTTP/1.1" 200 8381
186.30.182.140 - - [17/Aug/2015:06:51:21 -0500] "GET /forest/json.do?query=procesIniciales HTTP/1.1" 200 11565
186.30.182.140 - - [17/Aug/2015:06:51:21 -0500] "GET /forest/json.do?query=bpmnIniciales HTTP/1.1" 200 1483
186.30.182.140 - - [17/Aug/2015:06:51:32 -0500] "POST /forest/buscar.do? HTTP/1.1" 200 7183
186.30.182.140 - - [17/Aug/2015:06:51:42 -0500] "GET /forest/skins/gdocs-jar/popup/popup.jsp?width=900&height=600&title=Informaci%F3n%20de%20proceso&uri=/forest/system/process.jsp%3FnumPro%3D2827151&name=undefined&_a=0.41736006550490856&a=0.03010929632000625 HTTP/1.1" 200 1312
186.30.182.140 - - [17/Aug/2015:06:51:42 -0500] "GET /forest/system/process.jsp?numPro=2827151 HTTP/1.1" 200 18159
151.80.31.129 - - [17/Aug/2015:06:51:42 -0500] "GET /BLA/resoluciones/RESOLUCIONES%202004/RES%202004%2051-100/00000061.tif HTTP/1.1" 200 144834
186.30.182.140 - - [17/Aug/2015:06:51:42 -0500] "GET /forest/system/process.jsp?numPro=2827151 HTTP/1.1" 200 25316
186.30.182.140 - - [17/Aug/2015:06:51:44 -0500] "GET /forest/skins/gdocs-jar/img/contraido.gif HTTP/1.1" 200 195
66.249.65.213 - - [17/Aug/2015:06:51:48 -0500] "GET /BLA/resoluciones/AUTOS%202010/5364.pdf HTTP/1.1" 304 -
181.50.116.233 - - [17/Aug/2015:06:51:49 -0500] "GET /galeria/galeria/jquery.fancybox.css?v=2.1.5 HTTP/1.1" 200 4895
181.50.116.233 - - [17/Aug/2015:06:51:49 -0500] "GET /BLA/boletinlegal/js/jquery.scrollShow.js HTTP/1.1" 200 4586
181.50.116.233 - - [17/Aug/2015:06:51:49 -0500] "GET /galeria/galeria/jquery.fancybox.js?v=2.1.5 HTTP/1.1" 200 48706
66.249.65.48 - - [17/Aug/2015:06:51:49 -0500] "GET /Autoliquidacion/index.php?dir=Solicitudes%20relacionadas%20con%20calidad%20del%20aire%20auditiva%20y%20visual/Evaluaci%F3n%20para%20Certificaci%F3n%20en%20materia%20de%20Revisi%F3n%20de%20Gases/&sort=size&order=asc HTTP/1.1" 200 3904
181.50.116.233 - - [17/Aug/2015:06:51:52 -0500] "GET /BLA/boletinlegal/js/jquery.scrollShow.js HTTP/1.1" 304 -
181.50.116.233 - - [17/Aug/2015:06:51:52 -0500] "GET /galeria/galeria/jquery.fancybox.js?v=2.1.5 HTTP/1.1" 304 -
181.50.116.233 - - [17/Aug/2015:06:51:52 -0500] "GET /galeria/galeria/jquery.fancybox.css?v=2.1.5 HTTP/1.1" 304 -
186.30.182.140 - - [17/Aug/2015:06:51:48 -0500] "GET /forest/documentos/1854211/2014IE83835.pdf HTTP/1.1" 200 1272313
201.245.192.253 - - [17/Aug/2015:06:51:57 -0500] "GET /forest/session.jsp?a=0.42662069690869264 HTTP/1.1" 200 4
66.249.65.227 - - [17/Aug/2015:06:52:00 -0500] "GET /BLA/resoluciones/RESOLUCIONES%202013/0047.pdf HTTP/1.1" 200 530217
151.80.31.129 - - [17/Aug/2015:06:52:14 -0500] "GET /BLA/resoluciones/index.php?dir=RESOLUCIONES%202006/RES%202006%20%203001-3054/&sort=size&order=asc HTTP/1.1" 200 13210
127.0.0.1 - - [17/Aug/2015:06:52:25 -0500] "POST /wp-cron.php?doing_wp_cron=1439812345.4909400939941406250000 HTTP/1.0" 200 -
157.55.39.66 - - [17/Aug/2015:06:52:24 -0500] "GET / HTTP/1.1" 200 129352
186.112.75.205 - - [17/Aug/2015:06:52:42 -0500] "GET /BLA/resoluciones/RESOLUCIONES%202007/RES%202007%20501%20AL%20600/RESOLUCION%200581%20DE%202007.pdf HTTP/1.1" 200 467272
68.180.229.121 - - [17/Aug/2015:06:53:15 -0500] "GET /xmlrpc.php?rsd HTTP/1.1" 200 793
151.80.31.129 - - [17/Aug/2015:06:53:26 -0500] "GET /BLA/resoluciones/AUTOS%202006/AUTOS%202006%20401-500/00000462.tif HTTP/1.1" 200 48296
66.249.65.213 - - [17/Aug/2015:06:53:27 -0500] "GET /BLA/resoluciones/RESOLUCIONES%202007/RES%202007%20501%20AL%20600/RESOLUCION%200547%20DE%202007.pdf HTTP/1.1" 200 496937
201.245.192.253 - - [17/Aug/2015:06:53:29 -0500] "GET /forest/session.jsp?a=0.24954296641749252 HTTP/1.1" 200 4
74.86.158.107 - - [17/Aug/2015:06:54:10 -0500] "HEAD / HTTP/1.1" 200 -
201.234.75.11 - - [17/Aug/2015:06:54:15 -0500] "GET /galeria/nivo-slider/demo/images/coplima.jpg HTTP/1.1" 304 -
151.80.31.129 - - [17/Aug/2015:06:54:20 -0500] "GET /BLA/resoluciones/index.php?dir=RESOLUCIONES%202004/RES%202004%201601-1650/&sort=size&order=desc HTTP/1.1" 200 12358
66.249.65.213 - - [17/Aug/2015:06:54:31 -0500] "GET /galeria/mapa2/3MapaBogot%C3%A1.jpg HTTP/1.1" 304 -
66.249.65.213 - - [17/Aug/2015:06:54:59 -0500] "GET /BLA/resoluciones/RESOLUCIONES%202010/3342.pdf HTTP/1.1" 304 -
66.249.65.213 - - [17/Aug/2015:06:54:59 -0500] "GET /BLA/resoluciones/RESOLUCIONES%202009/4705.pdf HTTP/1.1" 304 -
181.61.0.150 - - [17/Aug/2015:06:55:04 -0500] "GET /BLA/boletinlegal/js/jquery.scrollShow.js HTTP/1.1" 200 4586
181.61.0.150 - - [17/Aug/2015:06:55:04 -0500] "GET /galeria/galeria/jquery.fancybox.js?v=2.1.5 HTTP/1.1" 200 48706
181.61.0.150 - - [17/Aug/2015:06:55:04 -0500] "GET /galeria/galeria/jquery.fancybox.css?v=2.1.5 HTTP/1.1" 200 4895
181.61.0.150 - - [17/Aug/2015:06:55:04 -0500] "GET /galeria/carrusel/Carrusel/jquery.thumbnailScroller.css HTTP/1.1" 200 2066
181.61.0.150 - - [17/Aug/2015:06:55:04 -0500] "GET /galeria/carrusel/Carrusel/jquery-ui-1.8.13.custom.min.js HTTP/1.1" 200 10800
181.61.0.150 - - [17/Aug/2015:06:55:05 -0500] "GET /galeria/carrusel/Carrusel/jquery.thumbnailScroller.js HTTP/1.1" 200 8157
181.61.0.150 - - [17/Aug/2015:06:55:06 -0500] "GET /galeria/nivo-slider/demo/demo.html HTTP/1.1" 200 5383
151.80.31.129 - - [17/Aug/2015:06:55:08 -0500] "GET /BLA/resoluciones/RESOLUCIONES%202003/RES%202003%201951-2000/00001988.tif HTTP/1.1" 200 58960
181.61.0.150 - - [17/Aug/2015:06:55:15 -0500] "GET /galeria/nivo-slider/themes/default/default.css HTTP/1.1" 200 1569
181.61.0.150 - - [17/Aug/2015:06:55:15 -0500] "GET /galeria/nivo-slider/themes/pascal/pascal.css HTTP/1.1" 200 2258
181.61.0.150 - - [17/Aug/2015:06:55:15 -0500] "GET /galeria/nivo-slider/nivo-slider.css HTTP/1.1" 200 1507
181.61.0.150 - - [17/Aug/2015:06:55:15 -0500] "GET /galeria/nivo-slider/demo/scripts/jquery-1.7.1.min.js HTTP/1.1" 200 93868
181.61.0.150 - - [17/Aug/2015:06:55:15 -0500] "GET /galeria/nivo-slider/jquery.nivo.slider.pack.js HTTP/1.1" 200 11561
181.61.0.150 - - [17/Aug/2015:06:55:15 -0500] "GET /galeria/nivo-slider/demo/images/rendicion-de-cuentas-7-agosto.jpg HTTP/1.1" 200 149701
181.61.0.150 - - [17/Aug/2015:06:55:15 -0500] "GET /galeria/nivo-slider/demo/images/Banner-ecolecta2015.jpg HTTP/1.1" 200 219133
181.61.0.150 - - [17/Aug/2015:06:55:16 -0500] "GET /galeria/nivo-slider/demo/images/PREDAcamp.jpg HTTP/1.1" 200 295358
181.61.0.150 - - [17/Aug/2015:06:55:16 -0500] "GET /galeria/nivo-slider/demo/images/Semana-PYBA.jpg HTTP/1.1" 200 147360
181.61.0.150 - - [17/Aug/2015:06:55:16 -0500] "GET /galeria/nivo-slider/demo/style.css HTTP/1.1" 200 2222
181.61.0.150 - - [17/Aug/2015:06:55:16 -0500] "GET /galeria/nivo-slider/themes/orman/orman.css HTTP/1.1" 200 2152
181.61.0.150 - - [17/Aug/2015:06:55:16 -0500] "GET /galeria/nivo-slider/demo/images/VoluntariadoPYBA.jpg HTTP/1.1" 200 40647
181.61.0.150 - - [17/Aug/2015:06:55:16 -0500] "GET /galeria/nivo-slider/demo/images/Cambio-Climatico-Cerros.jpg HTTP/1.1" 200 273652
181.61.0.150 - - [17/Aug/2015:06:55:16 -0500] "GET /galeria/nivo-slider/demo/images/respeto.jpg HTTP/1.1" 200 101469
181.61.0.150 - - [17/Aug/2015:06:55:16 -0500] "GET /galeria/nivo-slider/demo/images/Banner-TL.jpg HTTP/1.1" 200 158976
181.61.0.150 - - [17/Aug/2015:06:55:16 -0500] "GET /galeria/nivo-slider/demo/images/4Simple_Slider.png HTTP/1.1" 200 11722
181.61.0.150 - - [17/Aug/2015:06:55:16 -0500] "GET /galeria/nivo-slider/themes/default/loading.gif HTTP/1.1" 200 1737
181.61.0.150 - - [17/Aug/2015:06:55:16 -0500] "GET /galeria/nivo-slider/demo/images/banner-llantas2.jpg HTTP/1.1" 200 204644
181.61.0.150 - - [17/Aug/2015:06:55:16 -0500] "GET /galeria/nivo-slider/demo/images/9Signos.jpg HTTP/1.1" 200 81776
181.61.0.150 - - [17/Aug/2015:06:55:16 -0500] "GET /galeria/nivo-slider/demo/images/Comparendo-ambiental-Banner.jpg HTTP/1.1" 200 83731
181.61.0.150 - - [17/Aug/2015:06:55:16 -0500] "GET /galeria/nivo-slider/demo/images/GAE-banner.jpg HTTP/1.1" 200 97556
181.61.0.150 - - [17/Aug/2015:06:55:17 -0500] "GET /galeria/nivo-slider/demo/images/Banner-encuesta-de-percepscio.jpg HTTP/1.1" 200 201899
181.61.0.150 - - [17/Aug/2015:06:55:17 -0500] "GET /galeria/nivo-slider/demo/images/banner-Pacto-por-la-madera.jpg HTTP/1.1" 200 209966
181.61.0.150 - - [17/Aug/2015:06:55:17 -0500] "GET /galeria/nivo-slider/demo/images/acuerdo_569.jpg HTTP/1.1" 200 62670
181.61.0.150 - - [17/Aug/2015:06:55:18 -0500] "GET /galeria/nivo-slider/demo/images/Ruta-vertimientos-01.jpg HTTP/1.1" 200 130151
181.61.0.150 - - [17/Aug/2015:06:55:18 -0500] "GET /galeria/nivo-slider/demo/images/Banner-Directorio.jpg HTTP/1.1" 200 182068
181.61.0.150 - - [17/Aug/2015:06:55:18 -0500] "GET /galeria/nivo-slider/demo/images/bolsas-06.jpg HTTP/1.1" 200 90982
181.61.0.150 - - [17/Aug/2015:06:55:18 -0500] "GET /galeria/nivo-slider/demo/images/Conoce-los-humedales.jpg HTTP/1.1" 200 294036
181.61.0.150 - - [17/Aug/2015:06:55:18 -0500] "GET /galeria/nivo-slider/demo/images/ecolecta-Dic2014.png HTTP/1.1" 200 288593
181.61.0.150 - - [17/Aug/2015:06:55:18 -0500] "GET /galeria/nivo-slider/demo/images/Banner-Caracol-Africano.jpg HTTP/1.1" 200 331986
181.61.0.150 - - [17/Aug/2015:06:55:22 -0500] "GET /galeria/nivo-slider/themes/default/arrows.png HTTP/1.1" 200 824
181.61.0.150 - - [17/Aug/2015:06:55:22 -0500] "GET /galeria/nivo-slider/themes/default/bullets.png HTTP/1.1" 200 1281
181.61.0.150 - - [17/Aug/2015:06:55:35 -0500] "GET /BLA/boletinlegal/js/jquery.scrollShow.js HTTP/1.1" 200 4586
181.61.0.150 - - [17/Aug/2015:06:55:35 -0500] "GET /galeria/galeria/jquery.fancybox.css?v=2.1.5 HTTP/1.1" 200 4895
181.61.0.150 - - [17/Aug/2015:06:55:35 -0500] "GET /galeria/galeria/jquery.fancybox.js?v=2.1.5 HTTP/1.1" 200 48706
186.30.182.140 - - [17/Aug/2015:06:56:13 -0500] "GET /forest/session.jsp?a=0.9186362870968878 HTTP/1.1" 200 4
66.249.65.227 - - [17/Aug/2015:06:56:32 -0500] "GET /BLA/resoluciones/AUTOS%202014/2187.pdf HTTP/1.1" 200 1625556
186.30.182.140 - - [17/Aug/2015:06:50:53 -0500] "GET /ForestMSG_SDA/channelAsync/template_word_14980471?X-Atmosphere-tracking-id=ff8c3d70-4c6e-fc2b-3180-8a60c2de9575&X-Atmosphere-Framework=1.0.5&X-Atmosphere-Transport=long-polling&tabid=0.557786361547187&X-Cache-Date=0&Content-Type=application/xml&_=1439812345214 HTTP/1.1" 200 8193
201.245.192.253 - - [17/Aug/2015:06:56:57 -0500] "GET /forest/session.jsp?a=0.8880597310532121 HTTP/1.1" 200 4
180.76.15.137 - - [17/Aug/2015:06:57:13 -0500] "GET /BLA/boletinlegal/Circulares/2012/Circular%20No.%2015%20del%2022%20de%20octubre%20de%202012.pdf HTTP/1.1" 200 486506
186.30.182.140 - - [17/Aug/2015:06:58:08 -0500] "GET /forest/skins/gdocs-jar/popup/escritorio/subirborrador.jsp?form=Correspondencia_Elaborar_Documento_Electronico&codTpl=641&codBorr=&a=0.814823481021449 HTTP/1.1" 200 23286
66.249.65.213 - - [17/Aug/2015:06:58:08 -0500] "GET /BLA/resoluciones/RESOLUCIONES%202007/RES%202007%201201%20AL%201300/RESOLUCION%201208%20DE%202007.pdf HTTP/1.1" 304 -
186.30.182.140 - - [17/Aug/2015:06:58:08 -0500] "GET /forest/json.do?query=borradoresByTpls&codInst=2645739&codTare=694&firma=0&a=0.44534504343755543 HTTP/1.1" 200 2
186.30.182.140 - - [17/Aug/2015:06:58:08 -0500] "GET /forest/json.do?query=plantillasByTarea&codTare=694&codInst=2645739&firma=0&a=0.7587800025939941 HTTP/1.1" 200 904
186.30.182.140 - - [17/Aug/2015:06:58:08 -0500] "GET /forest/json.do?query=terceroById&numTer=899999061-9%20USME&a=0.8142048818990588 HTTP/1.1" 200 680
186.30.182.140 - - [17/Aug/2015:06:58:09 -0500] "GET /forest/img/lapiz.gif HTTP/1.1" 304 -
186.30.182.140 - - [17/Aug/2015:06:58:09 -0500] "GET /forest/img/historial.gif HTTP/1.1" 304 -
186.30.182.140 - - [17/Aug/2015:06:58:09 -0500] "GET /forest/img/adduser.gif HTTP/1.1" 304 -
186.30.182.140 - - [17/Aug/2015:06:58:09 -0500] "GET /forest/json.do?query=ultimoBorradorByTpl&codTpl=621&codInst=2645739&a=0.12162397569045424 HTTP/1.1" 200 2
186.30.182.140 - - [17/Aug/2015:06:58:09 -0500] "GET /forest/json.do?query=ultimoBorradorByTpl&codTpl=1201&codInst=2645739&a=0.8982607859652489 HTTP/1.1" 200 2
186.30.182.140 - - [17/Aug/2015:06:58:09 -0500] "GET /forest/json.do?query=ultimoBorradorByTpl&codTpl=641&codInst=2645739&a=0.5601896848529577 HTTP/1.1" 200 2
186.30.182.140 - - [17/Aug/2015:06:58:09 -0500] "GET /forest/json.do?query=ultimoBorradorByTpl&codTpl=901&codInst=2645739&a=0.3045015085954219 HTTP/1.1" 200 2
186.30.182.140 - - [17/Aug/2015:06:58:09 -0500] "GET /forest/json.do?query=ultimoBorradorByTpl&codTpl=501&codInst=2645739&a=0.09323558118194342 HTTP/1.1" 200 2
186.30.182.140 - - [17/Aug/2015:06:58:09 -0500] "GET /forest/json.do?query=ultimoBorradorByTpl&codTpl=1301&codInst=2645739&a=0.04233318311162293 HTTP/1.1" 200 2
186.30.182.140 - - [17/Aug/2015:06:58:09 -0500] "GET /forest/skins/gdocs-jar/img/icons/docx.gif HTTP/1.1" 304 -
66.249.73.232 - - [17/Aug/2015:06:58:11 -0500] "GET /wp-content/uploads/2015/07/Manual_Protocolo_PDF.pdf HTTP/1.1" 304 -
201.245.192.253 - - [17/Aug/2015:06:58:29 -0500] "GET /forest/session.jsp?a=0.12349854369799007 HTTP/1.1" 200 4
186.30.182.140 - - [17/Aug/2015:06:58:39 -0500] "POST /forest/usutareas.do?group_system_actual=3 HTTP/1.1" 200 190
74.86.158.107 - - [17/Aug/2015:06:59:10 -0500] "HEAD / HTTP/1.1" 200 -
186.30.182.140 - - [17/Aug/2015:06:59:32 -0500] "GET /forest/usutareas.do?group_system_actual=3&a=0.19734894880093634 HTTP/1.1" 200 129585
186.30.182.140 - - [17/Aug/2015:06:56:54 -0500] "GET /ForestMSG_SDA/channelAsync/template_word_14980471?X-Atmosphere-tracking-id=ff8c3d70-4c6e-fc2b-3180-8a60c2de9575&X-Atmosphere-Framework=1.0.5&X-Atmosphere-Transport=long-polling&tabid=0.557786361547187&X-Cache-Date=0&Content-Type=application/xml&_=1439812706202 HTTP/1.1" 200 8193
186.30.182.140 - - [17/Aug/2015:06:59:34 -0500] "GET /forest/session.jsp?a=0.5168664040975273 HTTP/1.1" 200 4
186.30.182.140 - - [17/Aug/2015:06:59:38 -0500] "GET /forest/actions/forms.getList?codForm=Correspondencia_Elaborar_Documento_Electronico&id=funcionariodestino&text=c HTTP/1.1" 200 1231
186.30.182.140 - - [17/Aug/2015:06:59:38 -0500] "GET /forest/actions/forms.getList?codForm=Correspondencia_Elaborar_Documento_Electronico&id=funcionariodestino&text=ca HTTP/1.1" 200 1263
186.30.182.140 - - [17/Aug/2015:06:59:39 -0500] "GET /forest/actions/forms.getList?codForm=Correspondencia_Elaborar_Documento_Electronico&id=funcionariodestino&text=car HTTP/1.1" 200 1277
186.30.182.140 - - [17/Aug/2015:06:59:39 -0500] "GET /forest/actions/forms.getList?codForm=Correspondencia_Elaborar_Documento_Electronico&id=funcionariodestino&text=carm HTTP/1.1" 200 825
186.30.182.140 - - [17/Aug/2015:06:59:39 -0500] "GET /forest/actions/forms.getList?codForm=Correspondencia_Elaborar_Documento_Electronico&id=funcionariodestino&text=carme HTTP/1.1" 200 757
186.30.182.140 - - [17/Aug/2015:06:59:39 -0500] "GET /forest/actions/forms.getList?codForm=Correspondencia_Elaborar_Documento_Electronico&id=funcionariodestino&text=carmen HTTP/1.1" 200 757
186.30.182.140 - - [17/Aug/2015:06:59:39 -0500] "GET /forest/actions/forms.getList?codForm=Correspondencia_Elaborar_Documento_Electronico&id=funcionariodestino&text=carmen%20 HTTP/1.1" 200 626
186.30.182.140 - - [17/Aug/2015:06:59:39 -0500] "GET /forest/actions/forms.getList?codForm=Correspondencia_Elaborar_Documento_Electronico&id=funcionariodestino&text=carmen%20r HTTP/1.1" 200 127
186.30.182.140 - - [17/Aug/2015:06:59:40 -0500] "GET /forest/actions/forms.getList?codForm=Correspondencia_Elaborar_Documento_Electronico&id=funcionariodestino&text=carmen%20ro HTTP/1.1" 200 127
186.30.182.140 - - [17/Aug/2015:06:59:40 -0500] "GET /forest/actions/forms.getList?codForm=Correspondencia_Elaborar_Documento_Electronico&id=funcionariodestino&text=carmen%20roc HTTP/1.1" 200 67
186.30.182.140 - - [17/Aug/2015:06:59:40 -0500] "GET /forest/actions/forms.getList?codForm=Correspondencia_Elaborar_Documento_Electronico&id=funcionariodestino&text=carmen%20roci HTTP/1.1" 200 67
186.30.182.140 - - [17/Aug/2015:06:59:40 -0500] "GET /forest/actions/forms.getList?codForm=Correspondencia_Elaborar_Documento_Electronico&id=funcionariodestino&text=carmen%20rocio HTTP/1.1" 200 67
186.30.182.140 - - [17/Aug/2015:06:59:40 -0500] "GET /forest/actions/forms.getList?codForm=Correspondencia_Elaborar_Documento_Electronico&id=funcionariodestino&text=carmen%20rocio%20 HTTP/1.1" 200 67
