66.249.64.106 - - [23/Aug/2015:05:57:57 -0500] "GET /BLA/resoluciones/RESOLUCIONES%202010/5436.pdf HTTP/1.1" 200 525138
66.249.64.101 - - [23/Aug/2015:05:58:17 -0500] "GET /BLA/resoluciones/RESOLUCIONES%202010/1416.pdf HTTP/1.1" 200 522919
66.249.64.96 - - [23/Aug/2015:05:58:17 -0500] "GET /autoliquidacion/TR%C3%81MITES%20VERTIMIENTOS/PERMISOS%20DE%20VERTIMIENTOS/ANEXO3.%20LISTA%20DE%20CHEQUEO%20PERMISO%20VERT.%20ALCANTARILLADO%20-%20F.xls HTTP/1.1" 304 -
66.249.64.106 - - [23/Aug/2015:05:58:37 -0500] "GET /BLA/resoluciones/RESOLUCIONES%202010/2543.pdf HTTP/1.1" 304 -
66.249.64.101 - - [23/Aug/2015:05:58:57 -0500] "GET /BLA/resoluciones/AUTOS%202013/0146.pdf HTTP/1.1" 304 -
151.80.31.130 - - [23/Aug/2015:05:59:47 -0500] "GET /BLA/resoluciones/RESOLUCIONES%202003/RES%202003%20451-500/457.tif HTTP/1.1" 200 213988
151.80.31.130 - - [23/Aug/2015:06:00:42 -0500] "GET /BLA/resoluciones/AUTOS%202006/AUTOS%202006%20401-500/00000417.tif HTTP/1.1" 200 91074
74.86.158.107 - - [23/Aug/2015:06:00:42 -0500] "HEAD / HTTP/1.1" 200 -
66.249.64.101 - - [23/Aug/2015:06:01:21 -0500] "GET /BLA/resoluciones/RESOLUCIONES%202010/2538.pdf HTTP/1.1" 200 490624
66.249.64.106 - - [23/Aug/2015:06:01:26 -0500] "GET /BLA/resoluciones/RESOLUCIONES%202014/0649.pdf HTTP/1.1" 304 -
66.249.64.106 - - [23/Aug/2015:06:01:27 -0500] "GET /BLA/resoluciones/RESOLUCIONES%202010/6988.pdf HTTP/1.1" 200 121604
190.242.83.76 - - [23/Aug/2015:06:01:35 -0500] "GET /BLA/boletinlegal/js/jquery.scrollShow.js HTTP/1.1" 200 4586
190.242.83.76 - - [23/Aug/2015:06:01:35 -0500] "GET /galeria/galeria/jquery.fancybox.js?v=2.1.5 HTTP/1.1" 200 48706
190.242.83.76 - - [23/Aug/2015:06:01:35 -0500] "GET /galeria/galeria/jquery.fancybox.css?v=2.1.5 HTTP/1.1" 200 4895
190.242.83.76 - - [23/Aug/2015:06:01:50 -0500] "GET /BLA/boletinlegal/js/jquery.scrollShow.js HTTP/1.1" 304 -
190.242.83.76 - - [23/Aug/2015:06:01:50 -0500] "GET /galeria/galeria/jquery.fancybox.js?v=2.1.5 HTTP/1.1" 304 -
190.242.83.76 - - [23/Aug/2015:06:01:50 -0500] "GET /galeria/galeria/jquery.fancybox.css?v=2.1.5 HTTP/1.1" 304 -
66.249.64.106 - - [23/Aug/2015:06:02:21 -0500] "GET /BLA/resoluciones/RESOLUCIONES%202009/9813.pdf HTTP/1.1" 304 -
207.46.13.31 - - [23/Aug/2015:06:02:41 -0500] "GET /StormSDA/userFiles/user_files/1/?C=M;O=D HTTP/1.1" 200 1691
151.80.31.130 - - [23/Aug/2015:06:02:49 -0500] "GET /BLA/resoluciones/RESOLUCIONES%202003/RES%202003%201501-1550/20031528.tif HTTP/1.1" 200 58360
201.234.75.11 - - [23/Aug/2015:06:04:04 -0500] "GET /galeria/nivo-slider/demo/images/2Ecoyoga.jpg HTTP/1.1" 304 -
151.80.31.130 - - [23/Aug/2015:06:04:15 -0500] "GET /autoliquidacion/Solicitudes%20relacionadas%20con%20ocupaci%C3%B3n%20de%20cauce/Aplicativo%20Eval%202015%20-%20SCASP.htm HTTP/1.1" 200 364
151.80.31.130 - - [23/Aug/2015:06:04:15 -0500] "GET /BLA/resoluciones/RESOLUCIONES%202005/RES%202005%203151-3180/00003156.tif HTTP/1.1" 200 140876
66.249.64.106 - - [23/Aug/2015:06:04:26 -0500] "GET /BLA/resoluciones/AUTOS%202014/1057.pdf HTTP/1.1" 304 -
66.249.64.106 - - [23/Aug/2015:06:04:27 -0500] "GET /BLA/resoluciones/RESOLUCIONES%202012/0406.pdf HTTP/1.1" 304 -
66.249.64.101 - - [23/Aug/2015:06:04:31 -0500] "GET /BLA/resoluciones/RESOLUCIONES%202010/0518.pdf HTTP/1.1" 200 687426
66.249.64.96 - - [23/Aug/2015:06:04:42 -0500] "GET /BLA/resoluciones/RESOLUCIONES%202010/2532.pdf HTTP/1.1" 200 497795
180.76.15.18 - - [23/Aug/2015:06:05:16 -0500] "GET /POT-2013/Cartografia/01_Clasificacion_Rural_V1_2013.pdf HTTP/1.1" 200 2522282
74.86.158.107 - - [23/Aug/2015:06:05:42 -0500] "HEAD / HTTP/1.1" 200 -
201.227.226.144 - - [23/Aug/2015:06:06:05 -0500] "GET /BLA/boletinlegal/js/jquery.scrollShow.js HTTP/1.1" 200 4586
201.227.226.144 - - [23/Aug/2015:06:06:05 -0500] "GET /galeria/galeria/jquery.fancybox.js?v=2.1.5 HTTP/1.1" 200 48706
201.227.226.144 - - [23/Aug/2015:06:06:05 -0500] "GET /galeria/galeria/jquery.fancybox.css?v=2.1.5 HTTP/1.1" 200 4895
151.80.31.130 - - [23/Aug/2015:06:06:09 -0500] "GET /BLA/resoluciones/AUTOS%202006/AUTOS%202006%202601%20-%202700/00002622.tif HTTP/1.1" 200 47706
151.80.31.130 - - [23/Aug/2015:06:07:02 -0500] "GET /BLA/resoluciones/RESOLUCIONES%202006/RES%202006%20701-750/00000723.tif HTTP/1.1" 200 334762
66.249.64.96 - - [23/Aug/2015:06:07:07 -0500] "GET /BLA/resoluciones/AUTOS%202014/2891.pdf HTTP/1.1" 304 -
66.249.64.96 - - [23/Aug/2015:06:07:36 -0500] "GET /BLA/resoluciones/RESOLUCIONES%202010/6627.pdf HTTP/1.1" 200 1092530
66.249.64.106 - - [23/Aug/2015:06:07:38 -0500] "GET /BLA/resoluciones/AUTOS%202010/5321.pdf HTTP/1.1" 304 -
151.80.31.130 - - [23/Aug/2015:06:08:01 -0500] "GET /BLA/resoluciones/AUTOS%202006/AUTOS%202006%201701%20-%201800/00001725.tif HTTP/1.1" 200 143482
66.249.64.101 - - [23/Aug/2015:06:08:02 -0500] "GET /BLA/resoluciones/RESOLUCIONES%202007/RES%202007%202101%20AL%202200/RESOLUCION%202176%20DE%202007.pdf HTTP/1.1" 304 -
66.249.64.96 - - [23/Aug/2015:06:08:07 -0500] "GET /BLA/resoluciones/RESOLUCIONES%202010/4301.pdf HTTP/1.1" 200 495685
66.249.64.101 - - [23/Aug/2015:06:08:29 -0500] "GET /BLA/resoluciones/RESOLUCIONES%202010/7252.pdf HTTP/1.1" 304 -
151.80.31.130 - - [23/Aug/2015:06:08:31 -0500] "GET /BLA/resoluciones/RESOLUCIONES%202004/RES%202004%20451-500/00000477.tif HTTP/1.1" 200 209702
66.249.64.96 - - [23/Aug/2015:06:08:31 -0500] "GET /BLA/resoluciones/RESOLUCIONES%202007/RES%202007%203401%20AL%203500/RESOLUCION%203424%20DE%202007.pdf HTTP/1.1" 304 -
157.55.39.208 - - [23/Aug/2015:06:09:00 -0500] "GET /BLA/resoluciones/RESOLUCIONES%202009/?C=D;O=A HTTP/1.1" 200 737655
157.55.39.208 - - [23/Aug/2015:06:09:04 -0500] "GET /BLA/resoluciones/RESOLUCIONES%202009/?C=D;O=D HTTP/1.1" 200 737447
157.55.39.208 - - [23/Aug/2015:06:09:08 -0500] "GET /BLA/resoluciones/RESOLUCIONES%202009/?C=M;O=A HTTP/1.1" 200 737656
157.55.39.172 - - [23/Aug/2015:06:09:15 -0500] "GET /sig/index.php?dir=Gesti\xc3\xb3n%20Jur\xc3\xaddica/&sort=date&order=asc HTTP/1.1" 200 4711
157.55.39.208 - - [23/Aug/2015:06:09:14 -0500] "GET /BLA/resoluciones/index.php?dir=RESOLUCIONES%202010/&sort=date&order=asc HTTP/1.1" 200 738527
157.55.39.208 - - [23/Aug/2015:06:09:19 -0500] "GET /BLA/resoluciones/RESOLUCIONES%202009/?C=S;O=D HTTP/1.1" 200 593332
157.55.39.208 - - [23/Aug/2015:06:09:22 -0500] "GET /BLA/resoluciones/RESOLUCIONES%202010/?C=D;O=A HTTP/1.1" 200 737656
157.55.39.208 - - [23/Aug/2015:06:09:27 -0500] "GET /BLA/resoluciones/Autos%202008/?C=M;O=D HTTP/1.1" 200 737642
157.55.39.208 - - [23/Aug/2015:06:09:31 -0500] "GET /BLA/resoluciones/RESOLUCIONES%202010/?C=D;O=D HTTP/1.1" 200 737656
157.55.39.208 - - [23/Aug/2015:06:09:35 -0500] "GET /BLA/resoluciones/AUTOS%202011/?C=N;O=A HTTP/1.1" 200 717560
157.55.39.208 - - [23/Aug/2015:06:09:38 -0500] "GET /BLA/resoluciones/RESOLUCIONES%202010/?C=M;O=D HTTP/1.1" 200 593332
157.55.39.208 - - [23/Aug/2015:06:09:42 -0500] "GET /BLA/resoluciones/RESOLUCIONES%202010/?C=N;O=A HTTP/1.1" 200 737656
157.55.39.208 - - [23/Aug/2015:06:09:46 -0500] "GET /BLA/resoluciones/RESOLUCIONES%202012/?C=D;O=A HTTP/1.1" 200 165810
157.55.39.208 - - [23/Aug/2015:06:09:47 -0500] "GET /BLA/resoluciones/RESOLUCIONES%202012/?C=D;O=D HTTP/1.1" 200 165810
157.55.39.208 - - [23/Aug/2015:06:09:49 -0500] "GET /BLA/resoluciones/RESOLUCIONES%202012/?C=M;O=A HTTP/1.1" 200 165810
157.55.39.208 - - [23/Aug/2015:06:09:50 -0500] "GET /BLA/resoluciones/AUTOS%202011/?C=M;O=A HTTP/1.1" 200 717560
93.144.226.236 - - [23/Aug/2015:06:09:56 -0500] "GET /webdav/x32.php?host=90.164.32.146&time=60&port=80 HTTP/1.1" 404 1018
157.55.39.208 - - [23/Aug/2015:06:09:55 -0500] "GET /BLA/resoluciones/AUTOS%202009/?C=N;O=A HTTP/1.1" 200 511202
157.55.39.208 - - [23/Aug/2015:06:09:59 -0500] "GET /BLA/resoluciones/Resoluciones%202011/?C=D;O=A HTTP/1.1" 200 753481
186.84.43.193 - - [23/Aug/2015:06:10:21 -0500] "GET /BLA/boletinlegal/js/jquery.scrollShow.js HTTP/1.1" 200 4586
186.84.43.193 - - [23/Aug/2015:06:10:21 -0500] "GET /galeria/galeria/jquery.fancybox.css?v=2.1.5 HTTP/1.1" 200 4895
186.84.43.193 - - [23/Aug/2015:06:10:21 -0500] "GET /galeria/galeria/jquery.fancybox.js?v=2.1.5 HTTP/1.1" 200 48706
74.86.158.107 - - [23/Aug/2015:06:10:43 -0500] "HEAD / HTTP/1.1" 200 -
66.249.64.106 - - [23/Aug/2015:06:10:46 -0500] "GET /BLA/resoluciones/RESOLUCIONES%202012/0195.pdf HTTP/1.1" 304 -
66.249.64.96 - - [23/Aug/2015:06:10:50 -0500] "GET /BLA/resoluciones/AUTOS%202013/3453.pdf HTTP/1.1" 200 378319
186.84.43.193 - - [23/Aug/2015:06:10:58 -0500] "GET /BLA/boletinlegal/js/jquery.scrollShow.js HTTP/1.1" 304 -
186.84.43.193 - - [23/Aug/2015:06:10:58 -0500] "GET /galeria/galeria/jquery.fancybox.css?v=2.1.5 HTTP/1.1" 304 -
186.84.43.193 - - [23/Aug/2015:06:10:58 -0500] "GET /galeria/galeria/jquery.fancybox.js?v=2.1.5 HTTP/1.1" 304 -
66.249.64.96 - - [23/Aug/2015:06:11:06 -0500] "GET /BLA/resoluciones/RESOLUCIONES%202010/6261.pdf HTTP/1.1" 304 -
66.249.64.101 - - [23/Aug/2015:06:11:27 -0500] "GET /BLA/resoluciones/AUTOS%202008/0520.pdf HTTP/1.1" 304 -
66.249.64.106 - - [23/Aug/2015:06:11:31 -0500] "GET /BLA/resoluciones/RESOLUCIONES%202010/1208.pdf HTTP/1.1" 200 129880
157.55.39.146 - - [23/Aug/2015:06:11:34 -0500] "GET /sig/ECS/126PM04-PR33.pdf HTTP/1.1" 200 4036222
157.55.39.146 - - [23/Aug/2015:06:11:35 -0500] "GET /Anexos%20estudio%20Organizacional%20SDA/index.php?dir=ANEXO%20No.%201-%20NORMAS%20LEGALES%20DE%20ESTRUCTURA%20Y%20PLANTA/RESE\xc3\x83\xc2\x83\xc3\x82\xc2\x91A%20HIST\xc3\x83\xc2\x83\xc3\x82\xc2\x93RICA%20SDA-NORMAS/&sort=date&order=asc HTTP/1.1" 200 6342
157.55.39.146 - - [23/Aug/2015:06:11:35 -0500] "GET /sig/index.php?dir=Educaci\xc3\x83\xc2\xb3n%20Ambiental/&sort=name&order=asc HTTP/1.1" 200 4723
157.55.39.146 - - [23/Aug/2015:06:11:35 -0500] "GET /sig/ECS/126PM04-PR24.pdf HTTP/1.1" 200 2400156
157.55.39.146 - - [23/Aug/2015:06:11:36 -0500] "GET /SIG/Gestion%20Recursos%20Financieros/126PA02-PR07%20TRAMITE%20Y%20PAGO%20PASIVOS%20EXIGIBLES.pdf HTTP/1.1" 200 302703
157.55.39.146 - - [23/Aug/2015:06:11:38 -0500] "GET /videos/galeria-cronicas/cronicas/NuestraGente20.theora.ogv HTTP/1.1" 200 8438520
157.55.39.147 - - [23/Aug/2015:06:11:44 -0500] "GET /SIG/index.php?dir=Direccionamiento%20Estrategico/&sort=date&order=desc HTTP/1.1" 200 3945
66.249.64.106 - - [23/Aug/2015:06:11:46 -0500] "GET /BLA/resoluciones/AUTOS%202012/2456.pdf HTTP/1.1" 304 -
66.249.64.101 - - [23/Aug/2015:06:11:51 -0500] "GET /galeria/galeria/fotos/loro3G.jpg HTTP/1.1" 304 -
152.61.128.66 - - [23/Aug/2015:06:11:51 -0500] "HEAD / HTTP/1.1" 200 -
152.61.128.66 - - [23/Aug/2015:06:11:51 -0500] "GET /arcgis/services/Calidad_del_Agua_WQI/MapServer/WMSServer?request=GetCapabilities&service=WMS HTTP/1.1" 200 32135
152.61.128.66 - - [23/Aug/2015:06:11:52 -0500] "GET /arcgis/services/Calidad_del_Agua_WQI/MapServer/WMSServer?request=GetCapabilities&service=WMS HTTP/1.0" 200 32135
152.61.128.66 - - [23/Aug/2015:06:11:53 -0500] "GET /arcgis/services/Calidad_del_Agua_WQI/MapServer/WMSServer?request=GetCapabilities&service=WMS HTTP/1.0" 200 32135
152.61.128.66 - - [23/Aug/2015:06:11:54 -0500] "GET /arcgis/services/Calidad_del_Agua_WQI/MapServer/WMSServer?request=GetCapabilities&service=WMS HTTP/1.0" 200 32135
152.61.128.66 - - [23/Aug/2015:06:11:56 -0500] "GET /arcgis/services/Calidad_del_Agua_WQI/MapServer/WMSServer?VERSION=1.1.1&REQUEST=GetMap&LAYERS=0&SRS=EPSG:4326&BBOX=-74.473395,3.674381,-73.963300,4.920569&WIDTH=250&HEIGHT=250&FORMAT=image/bmp&STYLES=& HTTP/1.1" 200 188054
151.80.31.130 - - [23/Aug/2015:06:12:14 -0500] "GET /BLA/resoluciones/RESOLUCIONES%202006/RES%202006%201351-1400/00001370.tif HTTP/1.1" 200 315110
152.61.128.66 - - [23/Aug/2015:06:12:48 -0500] "HEAD / HTTP/1.1" 200 -
152.61.128.66 - - [23/Aug/2015:06:12:48 -0500] "GET /arcgis/services/Calidad_del_Agua_WQI/MapServer/WMSServer?SERVICE=WMS&REQUEST=GetCapabilities HTTP/1.1" 200 32135
152.61.128.66 - - [23/Aug/2015:06:12:49 -0500] "GET /arcgis/services/Calidad_del_Agua_WQI/MapServer/WMSServer?SERVICE=WMS&REQUEST=GetCapabilities HTTP/1.0" 200 32135
152.61.128.66 - - [23/Aug/2015:06:12:50 -0500] "GET /arcgis/services/Calidad_del_Agua_WQI/MapServer/WMSServer?SERVICE=WMS&REQUEST=GetCapabilities HTTP/1.0" 200 32135
152.61.128.66 - - [23/Aug/2015:06:12:51 -0500] "GET /arcgis/services/Calidad_del_Agua_WQI/MapServer/WMSServer?SERVICE=WMS&REQUEST=GetCapabilities HTTP/1.0" 200 32135
152.61.128.66 - - [23/Aug/2015:06:12:52 -0500] "GET /arcgis/services/Calidad_del_Agua_WQI/MapServer/WMSServer?VERSION=1.1.1&REQUEST=GetMap&LAYERS=0&SRS=EPSG:4326&BBOX=-74.473395,3.674381,-73.963300,4.920569&WIDTH=250&HEIGHT=250&FORMAT=image/bmp&STYLES=& HTTP/1.1" 200 188054
66.249.64.96 - - [23/Aug/2015:06:13:20 -0500] "GET /BLA/resoluciones/RESOLUCIONES%202006/RES%202006%201701-1751/00001739.tif HTTP/1.1" 200 133916
151.80.31.130 - - [23/Aug/2015:06:13:42 -0500] "GET /BLA/resoluciones/RESOLUCIONES%202004/RES%202004%201551-1600/00001565.tif HTTP/1.1" 200 169042
66.249.64.101 - - [23/Aug/2015:06:13:56 -0500] "GET /BLA/resoluciones/RESOLUCIONES%202010/2675.pdf HTTP/1.1" 200 377042
66.249.64.101 - - [23/Aug/2015:06:13:57 -0500] "GET /BLA/resoluciones/RESOLUCIONES%202010/3284.pdf HTTP/1.1" 200 494299
66.249.64.106 - - [23/Aug/2015:06:14:16 -0500] "GET /BLA/resoluciones/RESOLUCIONES%202010/4867.pdf HTTP/1.1" 200 751623
66.249.64.96 - - [23/Aug/2015:06:14:38 -0500] "GET /BLA/resoluciones/RESOLUCIONES%202014/0588.pdf HTTP/1.1" 304 -
151.80.31.130 - - [23/Aug/2015:06:14:49 -0500] "GET /BLA/resoluciones/index.php?dir=AUTOS%202010/&sort=date&order=desc HTTP/1.1" 200 249987
66.249.64.96 - - [23/Aug/2015:06:14:53 -0500] "GET /BLA/resoluciones/RESOLUCIONES%202007/RES%202007%202501%20AL%202600/RESOLUCION%202551%20DE%202007.pdf HTTP/1.1" 200 687086
66.249.64.101 - - [23/Aug/2015:06:14:58 -0500] "GET /BLA/resoluciones/RESOLUCIONES%202010/0319.pdf HTTP/1.1" 304 -
151.80.31.130 - - [23/Aug/2015:06:15:20 -0500] "GET /BLA/resoluciones/RESOLUCIONES%202003/RES%202003%20001-050/2003RES6.tif HTTP/1.1" 200 76024
151.80.31.130 - - [23/Aug/2015:06:15:31 -0500] "GET /BLA/resoluciones/AUTOS%202006/AUTOS%202006%201301-1400/00001359.tif HTTP/1.1" 200 98862
74.86.158.107 - - [23/Aug/2015:06:15:42 -0500] "HEAD / HTTP/1.1" 200 -
66.249.64.253 - - [23/Aug/2015:06:15:44 -0500] "GET /ecodirectorio/files/res/thumbnails/thumb_36.png HTTP/1.1" 200 27727
66.249.64.106 - - [23/Aug/2015:06:16:56 -0500] "GET /BLA/resoluciones/RESOLUCIONES%202008/5693.pdf HTTP/1.1" 304 -
66.249.64.106 - - [23/Aug/2015:06:17:00 -0500] "GET /BLA/boletinlegal/jurisprudencia/analisis/G__Jurisp.%20Junio%202014_Sent%20Tutela%20Drumond.docx HTTP/1.1" 200 25380
66.249.64.96 - - [23/Aug/2015:06:17:00 -0500] "GET /BLA/resoluciones/RESOLUCIONES%202012/1557.pdf HTTP/1.1" 304 -
186.28.173.185 - - [23/Aug/2015:06:17:23 -0500] "GET /BLA/boletinlegal/js/jquery.scrollShow.js HTTP/1.1" 200 4586
186.28.173.185 - - [23/Aug/2015:06:17:23 -0500] "GET /galeria/galeria/jquery.fancybox.js?v=2.1.5 HTTP/1.1" 200 48706
186.28.173.185 - - [23/Aug/2015:06:17:23 -0500] "GET /galeria/galeria/jquery.fancybox.css?v=2.1.5 HTTP/1.1" 200 4895
186.28.173.185 - - [23/Aug/2015:06:17:30 -0500] "GET /BLA/boletinlegal/js/jquery.scrollShow.js HTTP/1.1" 200 4586
186.28.173.185 - - [23/Aug/2015:06:17:30 -0500] "GET /galeria/galeria/jquery.fancybox.css?v=2.1.5 HTTP/1.1" 200 4895
186.28.173.185 - - [23/Aug/2015:06:17:30 -0500] "GET /galeria/galeria/jquery.fancybox.js?v=2.1.5 HTTP/1.1" 200 48706
66.249.64.96 - - [23/Aug/2015:06:17:37 -0500] "GET /BLA/resoluciones/RESOLUCIONES%202007/RES%202007%202401%20AL%202500/RESOLUCION%202401%20DE%202007.pdf HTTP/1.1" 304 -
186.28.173.185 - - [23/Aug/2015:06:17:55 -0500] "GET /BLA/boletinlegal/style.css HTTP/1.1" 200 9406
186.28.173.185 - - [23/Aug/2015:06:17:55 -0500] "GET /BLA/boletinlegal/styles2.css HTTP/1.1" 200 1838
186.28.173.185 - - [23/Aug/2015:06:17:55 -0500] "GET /BLA/boletinlegal/js/jquery.js HTTP/1.1" 200 57254
186.28.173.185 - - [23/Aug/2015:06:17:55 -0500] "GET /BLA/boletinlegal/js/jquery.scrollTo-min.js HTTP/1.1" 200 1150
186.28.173.185 - - [23/Aug/2015:06:17:55 -0500] "GET /BLA/boletinlegal/images/cabezote%20BLEGAL.jpg HTTP/1.1" 200 118164
186.28.173.185 - - [23/Aug/2015:06:17:55 -0500] "GET /BLA/boletinlegal/images/nuevo.gif HTTP/1.1" 200 26475
186.28.173.185 - - [23/Aug/2015:06:17:55 -0500] "GET /BLA/boletinlegal/images/historia.png HTTP/1.1" 200 52775
186.28.173.185 - - [23/Aug/2015:06:17:55 -0500] "GET /BLA/boletinlegal/images/subscribe-icon-big.png HTTP/1.1" 200 47702
186.28.173.185 - - [23/Aug/2015:06:17:55 -0500] "GET /BLA/boletinlegal/images/arr_l.jpg HTTP/1.1" 200 1979
186.28.173.185 - - [23/Aug/2015:06:17:55 -0500] "GET /BLA/boletinlegal/images/screen_1.png HTTP/1.1" 200 202547
186.28.173.185 - - [23/Aug/2015:06:17:56 -0500] "GET /BLA/boletinlegal/images/launch.jpg HTTP/1.1" 200 14577
186.28.173.185 - - [23/Aug/2015:06:17:56 -0500] "GET /BLA/boletinlegal/images/screen_2.png HTTP/1.1" 200 362502
186.28.173.185 - - [23/Aug/2015:06:17:56 -0500] "GET /BLA/boletinlegal/images/screen_3.png HTTP/1.1" 200 210620
186.28.173.185 - - [23/Aug/2015:06:17:56 -0500] "GET /BLA/boletinlegal/images/screen_5.png HTTP/1.1" 200 368876
186.28.173.185 - - [23/Aug/2015:06:17:56 -0500] "GET /BLA/boletinlegal/images/arr_r.jpg HTTP/1.1" 200 1998
186.28.173.185 - - [23/Aug/2015:06:17:56 -0500] "GET /BLA/boletinlegal/images/body_bg.jpg HTTP/1.1" 200 1601
186.28.173.185 - - [23/Aug/2015:06:17:56 -0500] "GET /BLA/boletinlegal/images/menu_lft.gif HTTP/1.1" 200 1713
186.28.173.185 - - [23/Aug/2015:06:17:56 -0500] "GET /BLA/boletinlegal/images/menu_rght.gif HTTP/1.1" 200 1627
186.28.173.185 - - [23/Aug/2015:06:17:56 -0500] "GET /BLA/boletinlegal/images/bg_top.jpg HTTP/1.1" 200 522
186.28.173.185 - - [23/Aug/2015:06:17:57 -0500] "GET /BLA/boletinlegal/images/menu_bg.jpg HTTP/1.1" 200 620
186.28.173.185 - - [23/Aug/2015:06:17:57 -0500] "GET /BLA/boletinlegal/images/hover.jpg HTTP/1.1" 200 640
186.28.173.185 - - [23/Aug/2015:06:17:57 -0500] "GET /BLA/boletinlegal/images/text.jpg HTTP/1.1" 200 568
186.28.173.185 - - [23/Aug/2015:06:17:57 -0500] "GET /BLA/boletinlegal/images/footer_bg.jpg HTTP/1.1" 200 586
186.28.173.185 - - [23/Aug/2015:06:17:59 -0500] "GET /favicon.ico HTTP/1.1" 200 7782
186.28.173.185 - - [23/Aug/2015:06:17:59 -0500] "GET /BLA/boletinlegal/actos.php HTTP/1.1" 200 7551
186.28.173.185 - - [23/Aug/2015:06:17:59 -0500] "GET /BLA/boletinlegal/js/ajax_actos.js HTTP/1.1" 200 1322
186.28.173.185 - - [23/Aug/2015:06:17:59 -0500] "GET /BLA/boletinlegal/niceforms.js HTTP/1.1" 200 22876
186.28.173.185 - - [23/Aug/2015:06:17:59 -0500] "GET /BLA/boletinlegal/niceforms-default.css HTTP/1.1" 200 6694
186.28.173.185 - - [23/Aug/2015:06:17:59 -0500] "GET /BLA/boletinlegal/js/lib.js HTTP/1.1" 200 6474
186.28.173.185 - - [23/Aug/2015:06:17:59 -0500] "GET /BLA/boletinlegal/js/popup.js HTTP/1.1" 200 1270
186.28.173.185 - - [23/Aug/2015:06:17:59 -0500] "GET /BLA/boletinlegal/js/jquery1.js HTTP/1.1" 200 29846
186.28.173.185 - - [23/Aug/2015:06:17:59 -0500] "GET /BLA/boletinlegal/images/abajo.png HTTP/1.1" 200 96676
186.28.173.185 - - [23/Aug/2015:06:17:59 -0500] "GET /BLA/boletinlegal/images/green-yellow-blue-pink-th.png HTTP/1.1" 200 7394
186.28.173.185 - - [23/Aug/2015:06:18:00 -0500] "GET /BLA/boletinlegal/images/footer_bg_l.jpg HTTP/1.1" 200 776
186.28.173.185 - - [23/Aug/2015:06:18:00 -0500] "GET /BLA/boletinlegal/img/0.png HTTP/1.1" 200 110
186.28.173.185 - - [23/Aug/2015:06:18:00 -0500] "GET /BLA/boletinlegal/img/select-left.png HTTP/1.1" 200 263
186.28.173.185 - - [23/Aug/2015:06:18:00 -0500] "GET /BLA/boletinlegal/img/button-left.png HTTP/1.1" 200 57071
186.28.173.185 - - [23/Aug/2015:06:18:00 -0500] "GET /BLA/boletinlegal/img/select-right.png HTTP/1.1" 200 44019
186.28.173.185 - - [23/Aug/2015:06:18:00 -0500] "GET /BLA/boletinlegal/img/button-right.png HTTP/1.1" 200 57878
186.28.173.185 - - [23/Aug/2015:06:18:00 -0500] "GET /BLA/boletinlegal/img/button.png HTTP/1.1" 200 43241
123.125.71.106 - - [23/Aug/2015:06:18:13 -0500] "GET / HTTP/1.1" 200 10190
186.28.173.185 - - [23/Aug/2015:06:17:54 -0500] "GET /BLA/boletinlegal/ HTTP/1.1" 200 28618
186.28.173.185 - - [23/Aug/2015:06:18:22 -0500] "GET /BLA/boletinlegal/consulta_actos.php?tipo=resoluciones&no=&usuario=&sector=RESIDUOS&fecha=2015&resuelve=medida HTTP/1.1" 200 623
186.28.173.185 - - [23/Aug/2015:06:18:27 -0500] "GET /BLA/boletinlegal/consulta_actos.php?tipo=resoluciones&no=&usuario=&sector=RESIDUOS&fecha=2015&resuelve=medida HTTP/1.1" 200 623
186.28.173.185 - - [23/Aug/2015:06:18:44 -0500] "GET /BLA/boletinlegal/consulta_actos.php?tipo=resoluciones&no=&usuario=&sector=RESIDUOS&fecha=2015&resuelve=preventiva HTTP/1.1" 200 623
186.28.173.185 - - [23/Aug/2015:06:18:46 -0500] "GET /BLA/boletinlegal/consulta_actos.php?tipo=resoluciones&no=&usuario=&sector=RESIDUOS&fecha=2015&resuelve=preventiva HTTP/1.1" 200 623
151.80.31.130 - - [23/Aug/2015:06:18:48 -0500] "GET /BLA/resoluciones/RESOLUCIONES%202004/RES%202004%201201-1250/00001237.tif HTTP/1.1" 200 288604
186.28.173.185 - - [23/Aug/2015:06:19:06 -0500] "GET /BLA/boletinlegal/consulta_actos.php?tipo=autos&no=&usuario=&sector=RESIDUOS&fecha=2015&resuelve=preventiva HTTP/1.1" 200 623
186.28.173.185 - - [23/Aug/2015:06:19:14 -0500] "GET /BLA/boletinlegal/consulta_actos.php?tipo=autos&no=&usuario=&sector=RESIDUOS&fecha=2015&resuelve=medida HTTP/1.1" 200 623
186.28.173.185 - - [23/Aug/2015:06:19:15 -0500] "GET /BLA/boletinlegal/consulta_actos.php?tipo=autos&no=&usuario=&sector=RESIDUOS&fecha=2015&resuelve=medida HTTP/1.1" 200 623
186.28.173.185 - - [23/Aug/2015:06:19:24 -0500] "GET /BLA/boletinlegal/consulta_actos.php?tipo=autos&no=&usuario=&sector=RESIDUOS&fecha=2014&resuelve=medida HTTP/1.1" 200 623
207.46.13.31 - - [23/Aug/2015:06:19:27 -0500] "GET /portalsiaccapacitaciones/Soportes%20Capacitaciones%202013/0032.%20PRESENTACI%C3%93N%20FUENTES%20FIJAS%20-%2015%20de%20Agosto.pdf HTTP/1.1" 404 1015
186.28.173.185 - - [23/Aug/2015:06:19:35 -0500] "GET /BLA/boletinlegal/consulta_actos.php?tipo=autos&no=&usuario=&sector=MINERIA&fecha=2014&resuelve=medida HTTP/1.1" 200 623
186.28.173.185 - - [23/Aug/2015:06:19:37 -0500] "GET /BLA/boletinlegal/consulta_actos.php?tipo=autos&no=&usuario=&sector=MINERIA&fecha=2014&resuelve=medida HTTP/1.1" 200 623
186.28.173.185 - - [23/Aug/2015:06:19:45 -0500] "GET /BLA/boletinlegal/consulta_actos.php?tipo=autos&no=&usuario=&sector=MINERIA&fecha=2013&resuelve=medida HTTP/1.1" 200 623
186.28.173.185 - - [23/Aug/2015:06:19:53 -0500] "GET /BLA/boletinlegal/consulta_actos.php?tipo=autos&no=&usuario=&sector=VERTIMIENTOS&fecha=2013&resuelve=medida HTTP/1.1" 200 623
66.249.64.101 - - [23/Aug/2015:06:20:06 -0500] "GET /BLA/resoluciones/RESOLUCIONES%202012/0335.pdf HTTP/1.1" 304 -
66.249.64.101 - - [23/Aug/2015:06:20:07 -0500] "GET /BLA/resoluciones/RESOLUCIONES%202012/0205.pdf HTTP/1.1" 304 -
66.249.64.101 - - [23/Aug/2015:06:20:11 -0500] "GET /BLA/resoluciones/RESOLUCIONES%202010/0872.pdf HTTP/1.1" 304 -
186.28.173.185 - - [23/Aug/2015:06:20:12 -0500] "GET /BLA/boletinlegal/consulta_actos.php?tipo=autos&no=&usuario=&sector=AIRE&fecha=2013&resuelve=medida HTTP/1.1" 200 623
180.76.15.141 - - [23/Aug/2015:06:20:16 -0500] "GET /SIG/Gestion%20Recursos%20Financieros/126PA02-PR07%20TRAMITE%20Y%20PAGO%20PASIVOS%20EXIGIBLES.pdf HTTP/1.1" 200 302703
151.80.31.130 - - [23/Aug/2015:06:20:17 -0500] "GET /autoliquidacion/index.php?dir=Solicitudes%20relacionadas%20con%20calidad%20del%20aire%20auditiva%20y%20visual/&sort=size&order=asc HTTP/1.1" 200 5748
66.249.64.101 - - [23/Aug/2015:06:20:30 -0500] "GET /BLA/resoluciones/RESOLUCIONES%202010/1775.pdf HTTP/1.1" 200 566858
186.85.137.52 - - [23/Aug/2015:06:20:33 -0500] "GET /galeria/galeria/jquery.fancybox.css?v=2.1.5 HTTP/1.1" 200 4895
186.85.137.52 - - [23/Aug/2015:06:20:33 -0500] "GET /galeria/carrusel/Carrusel/jquery.thumbnailScroller.css HTTP/1.1" 200 2066
186.85.137.52 - - [23/Aug/2015:06:20:33 -0500] "GET /BLA/boletinlegal/js/jquery.scrollShow.js HTTP/1.1" 200 4586
186.85.137.52 - - [23/Aug/2015:06:20:33 -0500] "GET /galeria/galeria/jquery.fancybox.js?v=2.1.5 HTTP/1.1" 200 48706
186.85.137.52 - - [23/Aug/2015:06:20:33 -0500] "GET /galeria/carrusel/Carrusel/jquery-ui-1.8.13.custom.min.js HTTP/1.1" 200 10800
186.85.137.52 - - [23/Aug/2015:06:20:33 -0500] "GET /galeria/carrusel/Carrusel/jquery.thumbnailScroller.js HTTP/1.1" 200 8157
186.85.137.52 - - [23/Aug/2015:06:20:36 -0500] "GET /galeria/nivo-slider/demo/demo.html HTTP/1.1" 200 5195
186.85.137.52 - - [23/Aug/2015:06:20:37 -0500] "GET /galeria/nivo-slider/themes/default/default.css HTTP/1.1" 200 1569
186.85.137.52 - - [23/Aug/2015:06:20:37 -0500] "GET /galeria/nivo-slider/nivo-slider.css HTTP/1.1" 200 1507
186.85.137.52 - - [23/Aug/2015:06:20:37 -0500] "GET /galeria/nivo-slider/demo/images/rendicion-de-cuentas-7-agosto.jpg HTTP/1.1" 200 149701
186.85.137.52 - - [23/Aug/2015:06:20:37 -0500] "GET /galeria/nivo-slider/demo/style.css HTTP/1.1" 200 2222
186.85.137.52 - - [23/Aug/2015:06:20:37 -0500] "GET /galeria/nivo-slider/themes/orman/orman.css HTTP/1.1" 200 2152
186.85.137.52 - - [23/Aug/2015:06:20:37 -0500] "GET /galeria/nivo-slider/themes/pascal/pascal.css HTTP/1.1" 200 2258
186.85.137.52 - - [23/Aug/2015:06:20:37 -0500] "GET /galeria/nivo-slider/demo/scripts/jquery-1.7.1.min.js HTTP/1.1" 200 93868
186.85.137.52 - - [23/Aug/2015:06:20:37 -0500] "GET /galeria/nivo-slider/demo/images/Semana-PYBA.jpg HTTP/1.1" 200 103786
186.85.137.52 - - [23/Aug/2015:06:20:37 -0500] "GET /galeria/nivo-slider/jquery.nivo.slider.pack.js HTTP/1.1" 200 11561
186.85.137.52 - - [23/Aug/2015:06:20:37 -0500] "GET /galeria/nivo-slider/demo/images/VoluntariadoPYBA.jpg HTTP/1.1" 200 40647
186.85.137.52 - - [23/Aug/2015:06:20:37 -0500] "GET /galeria/nivo-slider/demo/images/Banner-ecolecta2015.jpg HTTP/1.1" 200 219133
186.85.137.52 - - [23/Aug/2015:06:20:37 -0500] "GET /galeria/nivo-slider/demo/images/Cambio-Climatico-Cerros.jpg HTTP/1.1" 200 273652
186.85.137.52 - - [23/Aug/2015:06:20:37 -0500] "GET /galeria/nivo-slider/demo/images/Banner-TL.jpg HTTP/1.1" 200 158976
186.85.137.52 - - [23/Aug/2015:06:20:37 -0500] "GET /galeria/nivo-slider/demo/images/banner-llantas2.jpg HTTP/1.1" 200 204644
186.85.137.52 - - [23/Aug/2015:06:20:37 -0500] "GET /galeria/nivo-slider/demo/images/9Signos.jpg HTTP/1.1" 200 81776
186.85.137.52 - - [23/Aug/2015:06:20:37 -0500] "GET /galeria/nivo-slider/demo/images/Comparendo-ambiental-Banner.jpg HTTP/1.1" 200 83731
186.85.137.52 - - [23/Aug/2015:06:20:37 -0500] "GET /galeria/nivo-slider/demo/images/PREDAcamp.jpg HTTP/1.1" 200 295358
186.85.137.52 - - [23/Aug/2015:06:20:37 -0500] "GET /galeria/nivo-slider/demo/images/GAE-banner.jpg HTTP/1.1" 200 97556
186.85.137.52 - - [23/Aug/2015:06:20:37 -0500] "GET /galeria/nivo-slider/demo/images/Banner-encuesta-de-percepscio.jpg HTTP/1.1" 200 201899
186.85.137.52 - - [23/Aug/2015:06:20:37 -0500] "GET /galeria/nivo-slider/demo/images/acuerdo_569.jpg HTTP/1.1" 200 62670
186.85.137.52 - - [23/Aug/2015:06:20:37 -0500] "GET /galeria/nivo-slider/demo/images/banner-Pacto-por-la-madera.jpg HTTP/1.1" 200 209966
186.85.137.52 - - [23/Aug/2015:06:20:37 -0500] "GET /galeria/nivo-slider/demo/images/4Simple_Slider.png HTTP/1.1" 200 11722
186.85.137.52 - - [23/Aug/2015:06:20:38 -0500] "GET /galeria/nivo-slider/themes/default/loading.gif HTTP/1.1" 200 1737
186.85.137.52 - - [23/Aug/2015:06:20:38 -0500] "GET /galeria/nivo-slider/demo/images/Banner-Directorio.jpg HTTP/1.1" 200 182068
186.85.137.52 - - [23/Aug/2015:06:20:38 -0500] "GET /galeria/nivo-slider/demo/images/Ruta-vertimientos-01.jpg HTTP/1.1" 200 130151
186.85.137.52 - - [23/Aug/2015:06:20:39 -0500] "GET /galeria/nivo-slider/demo/images/bolsas-06.jpg HTTP/1.1" 200 90982
186.85.137.52 - - [23/Aug/2015:06:20:39 -0500] "GET /galeria/nivo-slider/demo/images/Conoce-los-humedales.jpg HTTP/1.1" 200 294036
186.85.137.52 - - [23/Aug/2015:06:20:39 -0500] "GET /galeria/nivo-slider/demo/images/ecolecta-Dic2014.png HTTP/1.1" 200 288593
186.85.137.52 - - [23/Aug/2015:06:20:39 -0500] "GET /galeria/nivo-slider/demo/images/Banner-Caracol-Africano.jpg HTTP/1.1" 200 331986
74.86.158.107 - - [23/Aug/2015:06:20:42 -0500] "HEAD / HTTP/1.1" 200 -
186.28.173.185 - - [23/Aug/2015:06:20:47 -0500] "GET /BLA/boletinlegal/consulta_actos.php?tipo=autos&no=&usuario=&sector=AIRE&fecha=2013&resuelve=medida HTTP/1.1" 200 623
66.249.64.96 - - [23/Aug/2015:06:20:51 -0500] "GET /BLA/resoluciones/RESOLUCIONES%202010/5979.pdf HTTP/1.1" 200 494333
186.85.137.52 - - [23/Aug/2015:06:20:54 -0500] "GET /galeria/nivo-slider/themes/default/arrows.png HTTP/1.1" 200 824
186.85.137.52 - - [23/Aug/2015:06:20:54 -0500] "GET /galeria/nivo-slider/themes/default/bullets.png HTTP/1.1" 200 1281
186.28.173.185 - - [23/Aug/2015:06:20:57 -0500] "GET /BLA/boletinlegal/consulta_actos.php?tipo=resoluciones&no=&usuario=&sector=AIRE&fecha=2013&resuelve=medida HTTP/1.1" 200 623
157.55.39.208 - - [23/Aug/2015:06:20:55 -0500] "GET /BLA/resoluciones/AUTOS%202007/?C=S;O=D HTTP/1.1" 200 737642
157.55.39.208 - - [23/Aug/2015:06:20:59 -0500] "GET /BLA/resoluciones/ HTTP/1.1" 200 7728
157.55.39.208 - - [23/Aug/2015:06:20:59 -0500] "GET /bla/resoluciones/RESOLUCIONES%202009/?C=N;O=D HTTP/1.1" 200 737447
186.28.173.185 - - [23/Aug/2015:06:21:05 -0500] "GET /BLA/boletinlegal/consulta_actos.php?tipo=resoluciones&no=&usuario=&sector=RESIDUOS&fecha=2013&resuelve=medida HTTP/1.1" 200 623
157.55.39.208 - - [23/Aug/2015:06:21:03 -0500] "GET /bla/resoluciones/RESOLUCIONES%202011/?C=S;O=D HTTP/1.1" 200 737445
186.28.173.185 - - [23/Aug/2015:06:21:10 -0500] "GET /BLA/boletinlegal/consulta_actos.php?tipo=resoluciones&no=&usuario=&sector=RESIDUOS&fecha=2012&resuelve=medida HTTP/1.1" 200 623
157.55.39.208 - - [23/Aug/2015:06:21:06 -0500] "GET /bla/resoluciones/resoluciones%202009/?C=N;O=D HTTP/1.1" 200 737447
66.249.64.106 - - [23/Aug/2015:06:21:11 -0500] "GET /BLA/resoluciones/RESOLUCIONES%202008/3869.pdf HTTP/1.1" 304 -
157.55.39.208 - - [23/Aug/2015:06:21:10 -0500] "GET /bla/resoluciones/resoluciones%202010/?C=S;O=A HTTP/1.1" 200 593332
157.55.39.208 - - [23/Aug/2015:06:21:14 -0500] "GET /BLA/resoluciones/Resoluciones%202011/?C=S;O=A HTTP/1.1" 200 737655
186.28.173.185 - - [23/Aug/2015:06:21:19 -0500] "GET /BLA/boletinlegal/consulta_actos.php?tipo=resoluciones&no=&usuario=&sector=RESIDUOS&fecha=2012&resuelve=preventiva HTTP/1.1" 200 623
186.28.173.185 - - [23/Aug/2015:06:21:20 -0500] "GET /BLA/boletinlegal/consulta_actos.php?tipo=resoluciones&no=&usuario=&sector=RESIDUOS&fecha=2012&resuelve=preventiva HTTP/1.1" 200 623
157.55.39.208 - - [23/Aug/2015:06:21:17 -0500] "GET /BLA/resoluciones/Autos%202008/?C=S;O=A HTTP/1.1" 200 737642
157.55.39.208 - - [23/Aug/2015:06:21:21 -0500] "GET /BLA/resoluciones/index.php?dir=AUTOS%202009/&sort=date&order=asc HTTP/1.1" 200 395126
66.249.64.106 - - [23/Aug/2015:06:21:41 -0500] "GET /BLA/resoluciones/RESOLUCIONES%202010/6982.pdf HTTP/1.1" 200 701066
151.80.31.130 - - [23/Aug/2015:06:22:12 -0500] "GET /BLA/resoluciones/AUTOS%202006/AUTOS%202006%202801%20-%202900/00002809.tif HTTP/1.1" 200 102836
186.113.10.143 - - [23/Aug/2015:06:22:57 -0500] "GET /galeria/nivo-slider/demo/images/Banner-ecolecta2015.jpg HTTP/1.1" 304 -
66.249.64.106 - - [23/Aug/2015:06:23:06 -0500] "GET /BLA/resoluciones/AUTOS%202014/2122.pdf HTTP/1.1" 304 -
66.249.64.248 - - [23/Aug/2015:06:23:09 -0500] "GET /ecodirectorio/files/res/navbtn/stop.swf HTTP/1.1" 200 2489
66.249.64.106 - - [23/Aug/2015:06:23:10 -0500] "GET /BLA/resoluciones/AUTOS%202011/2433.pdf HTTP/1.1" 304 -
190.26.116.100 - - [23/Aug/2015:06:23:13 -0500] "GET /galeria/galeria/jquery.fancybox.css?v=2.1.5 HTTP/1.1" 200 4895
190.26.116.100 - - [23/Aug/2015:06:23:13 -0500] "GET /BLA/boletinlegal/js/jquery.scrollShow.js HTTP/1.1" 200 4586
190.26.116.100 - - [23/Aug/2015:06:23:13 -0500] "GET /galeria/galeria/jquery.fancybox.js?v=2.1.5 HTTP/1.1" 200 48706
190.26.116.100 - - [23/Aug/2015:06:23:20 -0500] "GET /galeria/galeria/jquery.fancybox.css?v=2.1.5 HTTP/1.1" 304 -
190.26.116.100 - - [23/Aug/2015:06:23:20 -0500] "GET /BLA/boletinlegal/js/jquery.scrollShow.js HTTP/1.1" 304 -
190.26.116.100 - - [23/Aug/2015:06:23:21 -0500] "GET /galeria/galeria/jquery.fancybox.js?v=2.1.5 HTTP/1.1" 304 -
66.249.64.96 - - [23/Aug/2015:06:23:27 -0500] "GET /BLA/resoluciones/RESOLUCIONES%202010/0238.pdf HTTP/1.1" 304 -
66.249.64.106 - - [23/Aug/2015:06:23:47 -0500] "GET /BLA/resoluciones/AUTOS%202008/0238.pdf HTTP/1.1" 304 -
66.249.64.101 - - [23/Aug/2015:06:24:07 -0500] "GET /BLA/resoluciones/RESOLUCIONES%202010/1050.pdf HTTP/1.1" 200 95811
151.80.31.130 - - [23/Aug/2015:06:24:53 -0500] "GET /BLA/resoluciones/index.php?dir=Notificaciones%2FAUTOS+2013%2F HTTP/1.1" 200 34257
66.249.64.101 - - [23/Aug/2015:06:25:03 -0500] "GET /BLA/resoluciones/RESOLUCIONES%202010/3577.pdf HTTP/1.1" 200 575463
186.85.137.52 - - [23/Aug/2015:06:25:08 -0500] "GET /galeria/galeria/jquery.fancybox.css?v=2.1.5 HTTP/1.1" 304 -
186.85.137.52 - - [23/Aug/2015:06:25:08 -0500] "GET /BLA/boletinlegal/js/jquery.scrollShow.js HTTP/1.1" 304 -
186.85.137.52 - - [23/Aug/2015:06:25:08 -0500] "GET /galeria/galeria/jquery.fancybox.js?v=2.1.5 HTTP/1.1" 304 -
207.46.13.31 - - [23/Aug/2015:06:25:38 -0500] "GET /StormSDA/userFiles%20-%20Copy%2019-07-2012/user_files/97/?C=M;O=A HTTP/1.1" 200 877
157.55.39.208 - - [23/Aug/2015:06:25:35 -0500] "GET /BLA/resoluciones/Autos%202008/?C=M;O=A HTTP/1.1" 200 737642
157.55.39.208 - - [23/Aug/2015:06:25:39 -0500] "GET /BLA/resoluciones/index.php?dir=AUTOS%202010/&sort=date&order=asc HTTP/1.1" 200 249988
74.86.158.107 - - [23/Aug/2015:06:25:42 -0500] "HEAD / HTTP/1.1" 200 -
186.87.205.67 - - [23/Aug/2015:06:25:47 -0500] "GET /BLA/resoluciones/AUTOS%202014/5669.pdf HTTP/1.1" 200 211505
157.55.39.208 - - [23/Aug/2015:06:25:41 -0500] "GET /bla/resoluciones/RESOLUCIONES%202009/?C=D;O=D HTTP/1.1" 200 753483
66.249.64.106 - - [23/Aug/2015:06:26:22 -0500] "GET /BLA/resoluciones/RESOLUCIONES%202011/0604.pdf HTTP/1.1" 304 -
93.188.164.210 - - [23/Aug/2015:06:26:22 -0500] "GET / HTTP/1.1" 200 10190
66.249.64.101 - - [23/Aug/2015:06:26:26 -0500] "GET /BLA/resoluciones/index.php?dir=RESOLUCIONES%202007/RES%202007%202301%20AL%202400/&sort=name&order=desc HTTP/1.1" 200 26610
66.249.64.101 - - [23/Aug/2015:06:26:27 -0500] "GET /BLA/resoluciones/AUTOS%202013/0733.pdf HTTP/1.1" 200 1084921
181.60.48.182 - - [23/Aug/2015:06:26:40 -0500] "GET /galeria/galeria/jquery.fancybox.css?v=2.1.5 HTTP/1.1" 200 4895
181.60.48.182 - - [23/Aug/2015:06:26:40 -0500] "GET /BLA/boletinlegal/js/jquery.scrollShow.js HTTP/1.1" 200 4586
181.60.48.182 - - [23/Aug/2015:06:26:40 -0500] "GET /galeria/galeria/jquery.fancybox.js?v=2.1.5 HTTP/1.1" 200 48706
66.249.64.96 - - [23/Aug/2015:06:27:26 -0500] "GET /BLA/resoluciones/RESOLUCIONES%202002/RES%202002%201101-1150/00001102.tif HTTP/1.1" 200 156302
181.60.48.182 - - [23/Aug/2015:06:27:45 -0500] "GET /galeria/galeria/jquery.fancybox.css?v=2.1.5 HTTP/1.1" 304 -
181.60.48.182 - - [23/Aug/2015:06:27:45 -0500] "GET /BLA/boletinlegal/js/jquery.scrollShow.js HTTP/1.1" 304 -
181.60.48.182 - - [23/Aug/2015:06:27:45 -0500] "GET /galeria/galeria/jquery.fancybox.js?v=2.1.5 HTTP/1.1" 304 -
207.46.13.31 - - [23/Aug/2015:06:27:50 -0500] "GET /robots.txt HTTP/1.1" 404 1019
207.46.13.31 - - [23/Aug/2015:06:27:51 -0500] "GET /robots.txt HTTP/1.1" 404 1019
66.249.64.96 - - [23/Aug/2015:06:28:28 -0500] "GET /BLA/resoluciones/RESOLUCIONES%202010/2831.pdf HTTP/1.1" 200 459521
66.249.64.101 - - [23/Aug/2015:06:29:27 -0500] "GET /BLA/resoluciones/AUTOS%202007/2216.pdf HTTP/1.1" 200 80130
66.249.64.96 - - [23/Aug/2015:06:29:32 -0500] "GET /Autoliquidacion/TR%C3%81MITES%20AGUAS%20SUPERFICIALES/FORMULARIO%20NACIONAL%20SOLICITUD%20-Concesion%20Aguas%20Superficiales.pdf HTTP/1.1" 304 -
190.27.40.163 - - [23/Aug/2015:06:29:47 -0500] "GET /BLA/boletinlegal/js/jquery.scrollShow.js HTTP/1.1" 200 4586
190.27.40.163 - - [23/Aug/2015:06:29:47 -0500] "GET /galeria/galeria/jquery.fancybox.js?v=2.1.5 HTTP/1.1" 200 48706
190.27.40.163 - - [23/Aug/2015:06:29:47 -0500] "GET /galeria/galeria/jquery.fancybox.css?v=2.1.5 HTTP/1.1" 200 4895
151.80.31.130 - - [23/Aug/2015:06:29:54 -0500] "GET /autoliquidacion/index.php?dir=Solicitudes%20relacionadas%20con%20ocupaci%C3%83%C2%83%C3%82%C2%B3n%20de%20cauce/&sort=size&order=desc HTTP/1.1" 200 6691
190.27.40.163 - - [23/Aug/2015:06:30:04 -0500] "GET /galeria/galeria/jquery.fancybox.css?v=2.1.5 HTTP/1.1" 304 -
190.27.40.163 - - [23/Aug/2015:06:30:04 -0500] "GET /BLA/boletinlegal/js/jquery.scrollShow.js HTTP/1.1" 304 -
190.27.40.163 - - [23/Aug/2015:06:30:04 -0500] "GET /galeria/galeria/jquery.fancybox.js?v=2.1.5 HTTP/1.1" 304 -
66.249.64.106 - - [23/Aug/2015:06:30:21 -0500] "GET /BLA/resoluciones/RESOLUCIONES%202010/4485.pdf HTTP/1.1" 304 -
121.214.106.28 - - [23/Aug/2015:06:30:23 -0500] "GET /galeria/galeria/jquery.fancybox.js?v=2.1.5 HTTP/1.1" 200 48706
121.214.106.28 - - [23/Aug/2015:06:30:23 -0500] "GET /BLA/boletinlegal/js/jquery.scrollShow.js HTTP/1.1" 200 4586
121.214.106.28 - - [23/Aug/2015:06:30:23 -0500] "GET /galeria/galeria/jquery.fancybox.css?v=2.1.5 HTTP/1.1" 200 4895
121.214.106.28 - - [23/Aug/2015:06:30:23 -0500] "GET /galeria/carrusel/Carrusel/jquery.thumbnailScroller.css HTTP/1.1" 200 2066
121.214.106.28 - - [23/Aug/2015:06:30:24 -0500] "GET /galeria/carrusel/Carrusel/jquery-ui-1.8.13.custom.min.js HTTP/1.1" 200 10800
121.214.106.28 - - [23/Aug/2015:06:30:24 -0500] "GET /galeria/carrusel/Carrusel/jquery.thumbnailScroller.js HTTP/1.1" 200 8157
121.214.106.28 - - [23/Aug/2015:06:30:39 -0500] "GET /galeria/nivo-slider/demo/demo.html HTTP/1.1" 200 5195
121.214.106.28 - - [23/Aug/2015:06:30:40 -0500] "GET /galeria/nivo-slider/themes/default/default.css HTTP/1.1" 200 1569
121.214.106.28 - - [23/Aug/2015:06:30:40 -0500] "GET /galeria/nivo-slider/themes/pascal/pascal.css HTTP/1.1" 200 2258
121.214.106.28 - - [23/Aug/2015:06:30:40 -0500] "GET /galeria/nivo-slider/themes/orman/orman.css HTTP/1.1" 200 2152
121.214.106.28 - - [23/Aug/2015:06:30:40 -0500] "GET /galeria/nivo-slider/demo/style.css HTTP/1.1" 200 2222
121.214.106.28 - - [23/Aug/2015:06:30:40 -0500] "GET /galeria/nivo-slider/nivo-slider.css HTTP/1.1" 200 1507
121.214.106.28 - - [23/Aug/2015:06:30:40 -0500] "GET /galeria/nivo-slider/demo/scripts/jquery-1.7.1.min.js HTTP/1.1" 200 93868
121.214.106.28 - - [23/Aug/2015:06:30:40 -0500] "GET /galeria/nivo-slider/jquery.nivo.slider.pack.js HTTP/1.1" 200 11561
121.214.106.28 - - [23/Aug/2015:06:30:41 -0500] "GET /galeria/nivo-slider/demo/images/4Simple_Slider.png HTTP/1.1" 200 11722
121.214.106.28 - - [23/Aug/2015:06:30:41 -0500] "GET /galeria/nivo-slider/themes/default/loading.gif HTTP/1.1" 200 1737
121.214.106.28 - - [23/Aug/2015:06:30:41 -0500] "GET /galeria/nivo-slider/demo/images/rendicion-de-cuentas-7-agosto.jpg HTTP/1.1" 200 149701
121.214.106.28 - - [23/Aug/2015:06:30:41 -0500] "GET /galeria/nivo-slider/demo/images/Banner-ecolecta2015.jpg HTTP/1.1" 200 219133
121.214.106.28 - - [23/Aug/2015:06:30:42 -0500] "GET /galeria/nivo-slider/demo/images/PREDAcamp.jpg HTTP/1.1" 200 295358
121.214.106.28 - - [23/Aug/2015:06:30:42 -0500] "GET /galeria/nivo-slider/demo/images/Semana-PYBA.jpg HTTP/1.1" 200 103786
121.214.106.28 - - [23/Aug/2015:06:30:42 -0500] "GET /galeria/nivo-slider/demo/images/VoluntariadoPYBA.jpg HTTP/1.1" 200 40647
74.86.158.107 - - [23/Aug/2015:06:30:42 -0500] "HEAD / HTTP/1.1" 200 -
121.214.106.28 - - [23/Aug/2015:06:30:44 -0500] "GET /galeria/nivo-slider/demo/images/Cambio-Climatico-Cerros.jpg HTTP/1.1" 200 273652
121.214.106.28 - - [23/Aug/2015:06:30:44 -0500] "GET /galeria/nivo-slider/demo/images/Banner-TL.jpg HTTP/1.1" 200 158976
121.214.106.28 - - [23/Aug/2015:06:30:44 -0500] "GET /galeria/nivo-slider/demo/images/banner-llantas2.jpg HTTP/1.1" 200 204644
121.214.106.28 - - [23/Aug/2015:06:30:44 -0500] "GET /galeria/nivo-slider/demo/images/9Signos.jpg HTTP/1.1" 200 81776
121.214.106.28 - - [23/Aug/2015:06:30:45 -0500] "GET /galeria/nivo-slider/demo/images/Comparendo-ambiental-Banner.jpg HTTP/1.1" 200 83731
121.214.106.28 - - [23/Aug/2015:06:30:45 -0500] "GET /galeria/nivo-slider/demo/images/GAE-banner.jpg HTTP/1.1" 200 97556
121.214.106.28 - - [23/Aug/2015:06:30:45 -0500] "GET /galeria/nivo-slider/demo/images/Banner-encuesta-de-percepscio.jpg HTTP/1.1" 200 201899
121.214.106.28 - - [23/Aug/2015:06:30:46 -0500] "GET /galeria/nivo-slider/demo/images/banner-Pacto-por-la-madera.jpg HTTP/1.1" 200 209966
121.214.106.28 - - [23/Aug/2015:06:30:46 -0500] "GET /galeria/nivo-slider/demo/images/acuerdo_569.jpg HTTP/1.1" 200 62670
121.214.106.28 - - [23/Aug/2015:06:30:47 -0500] "GET /galeria/nivo-slider/demo/images/Banner-Directorio.jpg HTTP/1.1" 200 182068
121.214.106.28 - - [23/Aug/2015:06:30:47 -0500] "GET /galeria/nivo-slider/demo/images/Ruta-vertimientos-01.jpg HTTP/1.1" 200 130151
121.214.106.28 - - [23/Aug/2015:06:30:47 -0500] "GET /galeria/nivo-slider/demo/images/bolsas-06.jpg HTTP/1.1" 200 90982
121.214.106.28 - - [23/Aug/2015:06:30:48 -0500] "GET /galeria/nivo-slider/demo/images/Conoce-los-humedales.jpg HTTP/1.1" 200 294036
121.214.106.28 - - [23/Aug/2015:06:30:48 -0500] "GET /galeria/nivo-slider/demo/images/ecolecta-Dic2014.png HTTP/1.1" 200 288593
121.214.106.28 - - [23/Aug/2015:06:30:48 -0500] "GET /galeria/nivo-slider/demo/images/Banner-Caracol-Africano.jpg HTTP/1.1" 200 331986
157.55.39.208 - - [23/Aug/2015:06:30:50 -0500] "GET /bla/resoluciones/RESOLUCIONES%202009/?C=D;O=A HTTP/1.1" 200 737655
121.214.106.28 - - [23/Aug/2015:06:30:58 -0500] "GET /galeria/nivo-slider/themes/default/arrows.png HTTP/1.1" 200 824
121.214.106.28 - - [23/Aug/2015:06:30:58 -0500] "GET /galeria/nivo-slider/themes/default/bullets.png HTTP/1.1" 200 1281
157.55.39.208 - - [23/Aug/2015:06:30:54 -0500] "GET /BLA/resoluciones/index.php?dir=RESOLUCIONES+2009%2F HTTP/1.1" 200 738707
66.249.64.106 - - [23/Aug/2015:06:31:51 -0500] "GET /BLA/resoluciones/RESOLUCIONES%202009/5708.pdf HTTP/1.1" 200 448710
121.214.106.28 - - [23/Aug/2015:06:31:56 -0500] "GET /BLA/boletinlegal/js/jquery.scrollShow.js HTTP/1.1" 304 -
121.214.106.28 - - [23/Aug/2015:06:31:57 -0500] "GET /galeria/galeria/jquery.fancybox.css?v=2.1.5 HTTP/1.1" 304 -
121.214.106.28 - - [23/Aug/2015:06:31:57 -0500] "GET /galeria/galeria/jquery.fancybox.js?v=2.1.5 HTTP/1.1" 304 -
66.249.64.106 - - [23/Aug/2015:06:32:36 -0500] "GET /BLA/resoluciones/RESOLUCIONES%202013/0121.pdf HTTP/1.1" 304 -
66.249.64.101 - - [23/Aug/2015:06:32:39 -0500] "GET /BLA/resoluciones/RESOLUCIONES%202010/7091.pdf HTTP/1.1" 304 -
66.249.64.106 - - [23/Aug/2015:06:33:09 -0500] "GET /BLA/resoluciones/RESOLUCIONES%202010/4319.pdf HTTP/1.1" 200 205871
66.249.64.96 - - [23/Aug/2015:06:33:41 -0500] "GET /BLA/resoluciones/RESOLUCIONES%202010/5301.pdf HTTP/1.1" 200 751419
201.234.75.11 - - [23/Aug/2015:06:34:14 -0500] "GET /galeria/nivo-slider/demo/images/banner-V2.jpg HTTP/1.1" 304 -
66.249.64.106 - - [23/Aug/2015:06:35:13 -0500] "GET /BLA/resoluciones/RESOLUCIONES%202010/2770.pdf HTTP/1.1" 200 494790
180.76.15.139 - - [23/Aug/2015:06:35:16 -0500] "GET /POT-2013/Cartografia/23_Sistema%20de%20Energia_FEB.pdf HTTP/1.1" 200 4904909
207.46.13.31 - - [23/Aug/2015:06:35:32 -0500] "GET /videos/Vallasled/LICENSE.txt HTTP/1.1" 200 37497
74.86.158.107 - - [23/Aug/2015:06:35:42 -0500] "HEAD / HTTP/1.1" 200 -
66.249.64.101 - - [23/Aug/2015:06:35:50 -0500] "GET /galeria/galeria/fotos/Humedal-la-conejera2P.jpg HTTP/1.1" 304 -
66.249.64.101 - - [23/Aug/2015:06:35:52 -0500] "GET /BLA/resoluciones/RESOLUCIONES%202010/3000.pdf HTTP/1.1" 304 -
66.249.64.101 - - [23/Aug/2015:06:36:11 -0500] "GET /BLA/resoluciones/RESOLUCIONES%202010/7823.pdf HTTP/1.1" 200 424256
151.80.31.130 - - [23/Aug/2015:06:36:12 -0500] "GET /autoliquidacion/index.php?dir=TR%C3%81MITES%20AGUAS%20SUBTERR%C3%81NEAS/&sort=date&order=asc HTTP/1.1" 200 6617
66.249.64.96 - - [23/Aug/2015:06:36:14 -0500] "GET /BLA/resoluciones/RESOLUCIONES%202010/5953.pdf HTTP/1.1" 200 71031
66.249.64.101 - - [23/Aug/2015:06:36:41 -0500] "GET /BLA/resoluciones/RESOLUCIONES%202008/0407.pdf HTTP/1.1" 304 -
66.249.64.101 - - [23/Aug/2015:06:36:41 -0500] "GET /BLA/resoluciones/RESOLUCIONES%202007/RES%202007%20201%20AL%20300/RESOLUCION%20022_%20DE%202007.pdf HTTP/1.1" 304 -
151.80.31.130 - - [23/Aug/2015:06:37:01 -0500] "GET /BLA/resoluciones/RESOLUCIONES%202003/RES%202003%20901-950/944.tif HTTP/1.1" 200 170800
151.80.31.130 - - [23/Aug/2015:06:37:46 -0500] "GET /BLA/resoluciones/RESOLUCIONES%202002/RES%202002%20901-950/00000932.tif HTTP/1.1" 200 274264
66.249.64.96 - - [23/Aug/2015:06:38:38 -0500] "GET /BLA/resoluciones/RESOLUCIONES%202012/0674.pdf HTTP/1.1" 200 184902
186.84.111.124 - - [23/Aug/2015:06:38:47 -0500] "GET /galeria/galeria/jquery.fancybox.css?v=2.1.5 HTTP/1.1" 200 4895
186.84.111.124 - - [23/Aug/2015:06:38:47 -0500] "GET /galeria/carrusel/Carrusel/jquery.thumbnailScroller.css HTTP/1.1" 200 2066
186.84.111.124 - - [23/Aug/2015:06:38:47 -0500] "GET /BLA/boletinlegal/js/jquery.scrollShow.js HTTP/1.1" 200 4586
186.84.111.124 - - [23/Aug/2015:06:38:47 -0500] "GET /galeria/galeria/jquery.fancybox.js?v=2.1.5 HTTP/1.1" 200 48706
186.84.111.124 - - [23/Aug/2015:06:38:47 -0500] "GET /galeria/carrusel/Carrusel/jquery-ui-1.8.13.custom.min.js HTTP/1.1" 200 10800
186.84.111.124 - - [23/Aug/2015:06:38:47 -0500] "GET /galeria/carrusel/Carrusel/jquery.thumbnailScroller.js HTTP/1.1" 200 8157
186.84.111.124 - - [23/Aug/2015:06:38:47 -0500] "GET /galeria/nivo-slider/demo/demo.html HTTP/1.1" 200 5195
186.84.111.124 - - [23/Aug/2015:06:38:50 -0500] "GET /galeria/nivo-slider/themes/default/default.css HTTP/1.1" 200 1569
186.84.111.124 - - [23/Aug/2015:06:38:50 -0500] "GET /galeria/nivo-slider/themes/pascal/pascal.css HTTP/1.1" 200 2258
186.84.111.124 - - [23/Aug/2015:06:38:50 -0500] "GET /galeria/nivo-slider/themes/orman/orman.css HTTP/1.1" 200 2152
186.84.111.124 - - [23/Aug/2015:06:38:50 -0500] "GET /galeria/nivo-slider/demo/style.css HTTP/1.1" 200 2222
186.84.111.124 - - [23/Aug/2015:06:38:50 -0500] "GET /galeria/nivo-slider/demo/images/rendicion-de-cuentas-7-agosto.jpg HTTP/1.1" 200 149701
186.84.111.124 - - [23/Aug/2015:06:38:50 -0500] "GET /galeria/nivo-slider/nivo-slider.css HTTP/1.1" 200 1507
186.84.111.124 - - [23/Aug/2015:06:38:50 -0500] "GET /galeria/nivo-slider/demo/scripts/jquery-1.7.1.min.js HTTP/1.1" 200 93868
186.84.111.124 - - [23/Aug/2015:06:38:50 -0500] "GET /galeria/nivo-slider/jquery.nivo.slider.pack.js HTTP/1.1" 200 11561
186.84.111.124 - - [23/Aug/2015:06:38:50 -0500] "GET /galeria/nivo-slider/demo/images/Banner-ecolecta2015.jpg HTTP/1.1" 200 219133
186.84.111.124 - - [23/Aug/2015:06:38:50 -0500] "GET /galeria/nivo-slider/demo/images/PREDAcamp.jpg HTTP/1.1" 200 295358
186.84.111.124 - - [23/Aug/2015:06:38:50 -0500] "GET /galeria/nivo-slider/demo/images/Semana-PYBA.jpg HTTP/1.1" 200 103786
186.84.111.124 - - [23/Aug/2015:06:38:50 -0500] "GET /galeria/nivo-slider/demo/images/VoluntariadoPYBA.jpg HTTP/1.1" 200 40647
186.84.111.124 - - [23/Aug/2015:06:38:51 -0500] "GET /galeria/nivo-slider/demo/images/Cambio-Climatico-Cerros.jpg HTTP/1.1" 200 273652
186.84.111.124 - - [23/Aug/2015:06:38:51 -0500] "GET /galeria/nivo-slider/demo/images/4Simple_Slider.png HTTP/1.1" 200 11722
186.84.111.124 - - [23/Aug/2015:06:38:51 -0500] "GET /galeria/nivo-slider/themes/default/loading.gif HTTP/1.1" 200 1737
186.84.111.124 - - [23/Aug/2015:06:38:51 -0500] "GET /galeria/nivo-slider/demo/images/Banner-TL.jpg HTTP/1.1" 200 158976
186.84.111.124 - - [23/Aug/2015:06:38:51 -0500] "GET /galeria/nivo-slider/demo/images/banner-llantas2.jpg HTTP/1.1" 200 204644
186.84.111.124 - - [23/Aug/2015:06:38:52 -0500] "GET /galeria/nivo-slider/demo/images/9Signos.jpg HTTP/1.1" 200 81776
186.84.111.124 - - [23/Aug/2015:06:38:52 -0500] "GET /galeria/nivo-slider/demo/images/Comparendo-ambiental-Banner.jpg HTTP/1.1" 200 83731
186.84.111.124 - - [23/Aug/2015:06:38:52 -0500] "GET /galeria/nivo-slider/demo/images/GAE-banner.jpg HTTP/1.1" 200 97556
186.84.111.124 - - [23/Aug/2015:06:38:52 -0500] "GET /galeria/nivo-slider/demo/images/Banner-encuesta-de-percepscio.jpg HTTP/1.1" 200 201899
186.84.111.124 - - [23/Aug/2015:06:38:53 -0500] "GET /galeria/nivo-slider/demo/images/banner-Pacto-por-la-madera.jpg HTTP/1.1" 200 209966
186.84.111.124 - - [23/Aug/2015:06:38:53 -0500] "GET /galeria/nivo-slider/demo/images/acuerdo_569.jpg HTTP/1.1" 200 62670
186.84.111.124 - - [23/Aug/2015:06:38:53 -0500] "GET /galeria/nivo-slider/demo/images/Banner-Directorio.jpg HTTP/1.1" 200 182068
186.84.111.124 - - [23/Aug/2015:06:38:53 -0500] "GET /galeria/nivo-slider/demo/images/Ruta-vertimientos-01.jpg HTTP/1.1" 200 130151
186.84.111.124 - - [23/Aug/2015:06:38:54 -0500] "GET /galeria/nivo-slider/demo/images/bolsas-06.jpg HTTP/1.1" 200 90982
186.84.111.124 - - [23/Aug/2015:06:38:54 -0500] "GET /galeria/nivo-slider/demo/images/Conoce-los-humedales.jpg HTTP/1.1" 200 294036
186.84.111.124 - - [23/Aug/2015:06:38:54 -0500] "GET /galeria/nivo-slider/demo/images/ecolecta-Dic2014.png HTTP/1.1" 200 288593
186.84.111.124 - - [23/Aug/2015:06:38:54 -0500] "GET /galeria/nivo-slider/demo/images/Banner-Caracol-Africano.jpg HTTP/1.1" 200 331986
186.84.111.124 - - [23/Aug/2015:06:38:56 -0500] "GET /galeria/nivo-slider/themes/default/arrows.png HTTP/1.1" 200 824
186.84.111.124 - - [23/Aug/2015:06:38:56 -0500] "GET /galeria/nivo-slider/themes/default/bullets.png HTTP/1.1" 200 1281
66.249.64.96 - - [23/Aug/2015:06:38:56 -0500] "GET /BLA/resoluciones/RESOLUCIONES%202009/9841.pdf HTTP/1.1" 304 -
66.249.64.96 - - [23/Aug/2015:06:38:56 -0500] "GET /BLA/resoluciones/RESOLUCIONES%202008/5160.pdf HTTP/1.1" 200 207563
66.249.64.106 - - [23/Aug/2015:06:39:19 -0500] "GET /BLA/resoluciones/RESOLUCIONES%202009/3089.pdf HTTP/1.1" 304 -
66.249.64.96 - - [23/Aug/2015:06:39:42 -0500] "GET /BLA/resoluciones/RESOLUCIONES%202008/0609.pdf HTTP/1.1" 200 452044
66.249.64.96 - - [23/Aug/2015:06:39:53 -0500] "GET /galeria/galeria/fotos/Humedal-la-conejera3P.jpg HTTP/1.1" 304 -
74.86.158.107 - - [23/Aug/2015:06:40:42 -0500] "HEAD / HTTP/1.1" 200 -
151.80.31.130 - - [23/Aug/2015:06:40:48 -0500] "GET /BLA/resoluciones/AUTOS%202006/AUTOS%202006%201801-%201900/00001840.tif HTTP/1.1" 200 175548
157.55.39.171 - - [23/Aug/2015:06:40:58 -0500] "GET /SIG/ECS/126PM04-PR94.pdf HTTP/1.1" 200 4156368
