66.249.64.96 - - [23/Aug/2015:05:00:54 -0500] "GET /BLA/boletinlegal/js/jquery.scrollShow.js HTTP/1.1" 200 4586
66.249.64.96 - - [23/Aug/2015:05:00:54 -0500] "GET /galeria/galeria/jquery.fancybox.css?v=2.1.5 HTTP/1.1" 200 4895
151.80.31.130 - - [23/Aug/2015:05:01:03 -0500] "GET /BLA/resoluciones/AUTOS%202006/AUTOS%202006%20901-1000/00000965.tif HTTP/1.1" 200 80648
66.249.64.106 - - [23/Aug/2015:05:01:36 -0500] "GET /BLA/resoluciones/AUTOS%202013/2618.pdf HTTP/1.1" 200 785391
66.249.64.243 - - [23/Aug/2015:05:01:38 -0500] "GET /BLA/boletinlegal/jurisprudencia/analisis/analisis%20C-595-2010.doc HTTP/1.1" 304 -
66.249.64.96 - - [23/Aug/2015:05:01:39 -0500] "GET /BLA/resoluciones/RESOLUCIONES%202013/1135.pdf HTTP/1.1" 304 -
157.55.12.87 - - [23/Aug/2015:05:02:15 -0500] "GET /BLA/boletinlegal/js/lib.js HTTP/1.1" 200 6474
157.55.12.87 - - [23/Aug/2015:05:02:15 -0500] "GET /BLA/boletinlegal/style.css HTTP/1.1" 200 9406
157.55.12.87 - - [23/Aug/2015:05:02:15 -0500] "GET /BLA/boletinlegal/js/popup.js HTTP/1.1" 200 1270
157.55.39.208 - - [23/Aug/2015:05:02:42 -0500] "GET /robots.txt HTTP/1.1" 404 1018
157.55.39.208 - - [23/Aug/2015:05:02:53 -0500] "GET /BLA/resoluciones/RESOLUCIONES%202015/0995.pdf HTTP/1.1" 200 6388920
151.80.31.130 - - [23/Aug/2015:05:03:15 -0500] "GET /BLA/resoluciones/AUTOS%202006/AUTOS%202006%201301-1400/00001369.tif HTTP/1.1" 200 85998
66.249.64.101 - - [23/Aug/2015:05:03:29 -0500] "GET /BLA/resoluciones/RESOLUCIONES%202008/3917.pdf HTTP/1.1" 200 256309
66.249.64.106 - - [23/Aug/2015:05:03:41 -0500] "GET /BLA/resoluciones/AUTOS%202007/1129.pdf HTTP/1.1" 200 47747
66.249.64.106 - - [23/Aug/2015:05:03:44 -0500] "GET /galeria/galeria/fotos/boa10G.jpg HTTP/1.1" 304 -
66.249.64.101 - - [23/Aug/2015:05:03:45 -0500] "GET /BLA/resoluciones/RESOLUCIONES%202003/RES%202003%201251-1300/20031300.tif HTTP/1.1" 200 41324
201.234.75.11 - - [23/Aug/2015:05:03:53 -0500] "GET /galeria/nivo-slider/demo/images/Cambio-Climatico-Paramos.jpg HTTP/1.1" 304 -
41.190.2.1 - - [23/Aug/2015:05:03:56 -0500] "GET /galeria/carrusel/Carrusel/jquery-ui-1.8.13.custom.min.js HTTP/1.1" 200 10800
41.190.2.1 - - [23/Aug/2015:05:03:56 -0500] "GET /galeria/carrusel/Carrusel/jquery.thumbnailScroller.css HTTP/1.1" 200 2066
41.190.2.1 - - [23/Aug/2015:05:03:56 -0500] "GET /galeria/galeria/jquery.fancybox.css?v=2.1.5 HTTP/1.1" 200 4895
41.190.2.1 - - [23/Aug/2015:05:03:56 -0500] "GET /galeria/galeria/jquery.fancybox.js?v=2.1.5 HTTP/1.1" 200 48706
41.190.2.1 - - [23/Aug/2015:05:03:56 -0500] "GET /BLA/boletinlegal/js/jquery.scrollShow.js HTTP/1.1" 200 4586
41.190.2.1 - - [23/Aug/2015:05:03:56 -0500] "GET /galeria/carrusel/Carrusel/jquery.thumbnailScroller.js HTTP/1.1" 200 8157
41.190.2.1 - - [23/Aug/2015:05:04:05 -0500] "GET /galeria/nivo-slider/demo/demo.html HTTP/1.1" 200 5195
41.190.2.1 - - [23/Aug/2015:05:04:08 -0500] "GET /galeria/nivo-slider/themes/default/default.css HTTP/1.1" 200 1569
41.190.2.1 - - [23/Aug/2015:05:04:08 -0500] "GET /galeria/nivo-slider/themes/pascal/pascal.css HTTP/1.1" 200 2258
41.190.2.1 - - [23/Aug/2015:05:04:08 -0500] "GET /galeria/nivo-slider/themes/orman/orman.css HTTP/1.1" 200 2152
41.190.2.1 - - [23/Aug/2015:05:04:08 -0500] "GET /galeria/nivo-slider/nivo-slider.css HTTP/1.1" 200 1507
41.190.2.1 - - [23/Aug/2015:05:04:09 -0500] "GET /galeria/nivo-slider/demo/scripts/jquery-1.7.1.min.js HTTP/1.1" 200 93868
41.190.2.1 - - [23/Aug/2015:05:04:09 -0500] "GET /galeria/nivo-slider/demo/style.css HTTP/1.1" 200 2222
41.190.2.1 - - [23/Aug/2015:05:04:09 -0500] "GET /galeria/nivo-slider/jquery.nivo.slider.pack.js HTTP/1.1" 200 11561
41.190.2.1 - - [23/Aug/2015:05:04:10 -0500] "GET /galeria/nivo-slider/demo/images/rendicion-de-cuentas-7-agosto.jpg HTTP/1.1" 200 149701
41.190.2.1 - - [23/Aug/2015:05:04:10 -0500] "GET /galeria/nivo-slider/demo/images/Banner-ecolecta2015.jpg HTTP/1.1" 200 219133
41.190.2.1 - - [23/Aug/2015:05:04:10 -0500] "GET /galeria/nivo-slider/demo/images/PREDAcamp.jpg HTTP/1.1" 200 295358
41.190.2.1 - - [23/Aug/2015:05:04:10 -0500] "GET /galeria/nivo-slider/demo/images/Semana-PYBA.jpg HTTP/1.1" 200 103786
41.190.2.1 - - [23/Aug/2015:05:04:11 -0500] "GET /galeria/nivo-slider/demo/images/VoluntariadoPYBA.jpg HTTP/1.1" 200 40647
41.190.2.1 - - [23/Aug/2015:05:04:12 -0500] "GET /galeria/nivo-slider/demo/images/Cambio-Climatico-Cerros.jpg HTTP/1.1" 200 273652
41.190.2.1 - - [23/Aug/2015:05:04:14 -0500] "GET /galeria/nivo-slider/demo/images/Banner-TL.jpg HTTP/1.1" 200 158976
41.190.2.1 - - [23/Aug/2015:05:04:14 -0500] "GET /galeria/nivo-slider/demo/images/banner-llantas2.jpg HTTP/1.1" 200 204644
41.190.2.1 - - [23/Aug/2015:05:04:14 -0500] "GET /galeria/nivo-slider/demo/images/9Signos.jpg HTTP/1.1" 200 81776
41.190.2.1 - - [23/Aug/2015:05:04:15 -0500] "GET /galeria/nivo-slider/demo/images/Comparendo-ambiental-Banner.jpg HTTP/1.1" 200 83731
41.190.2.1 - - [23/Aug/2015:05:04:15 -0500] "GET /galeria/nivo-slider/demo/images/GAE-banner.jpg HTTP/1.1" 200 97556
41.190.2.1 - - [23/Aug/2015:05:04:15 -0500] "GET /galeria/nivo-slider/demo/images/Banner-encuesta-de-percepscio.jpg HTTP/1.1" 200 201899
41.190.2.1 - - [23/Aug/2015:05:04:15 -0500] "GET /galeria/nivo-slider/demo/images/banner-Pacto-por-la-madera.jpg HTTP/1.1" 200 209966
41.190.2.1 - - [23/Aug/2015:05:04:16 -0500] "GET /galeria/nivo-slider/demo/images/acuerdo_569.jpg HTTP/1.1" 200 62670
41.190.2.1 - - [23/Aug/2015:05:04:16 -0500] "GET /galeria/nivo-slider/demo/images/Banner-Directorio.jpg HTTP/1.1" 200 182068
41.190.2.1 - - [23/Aug/2015:05:04:16 -0500] "GET /galeria/nivo-slider/demo/images/Ruta-vertimientos-01.jpg HTTP/1.1" 200 130151
41.190.2.1 - - [23/Aug/2015:05:04:17 -0500] "GET /galeria/nivo-slider/demo/images/bolsas-06.jpg HTTP/1.1" 200 90982
41.190.2.1 - - [23/Aug/2015:05:04:19 -0500] "GET /galeria/nivo-slider/demo/images/Conoce-los-humedales.jpg HTTP/1.1" 200 294036
41.190.2.1 - - [23/Aug/2015:05:04:19 -0500] "GET /galeria/nivo-slider/demo/images/ecolecta-Dic2014.png HTTP/1.1" 200 288593
41.190.2.1 - - [23/Aug/2015:05:04:20 -0500] "GET /galeria/nivo-slider/demo/images/Banner-Caracol-Africano.jpg HTTP/1.1" 200 331986
41.190.2.1 - - [23/Aug/2015:05:04:20 -0500] "GET /galeria/nivo-slider/demo/images/4Simple_Slider.png HTTP/1.1" 200 11722
41.190.2.1 - - [23/Aug/2015:05:04:21 -0500] "GET /galeria/nivo-slider/themes/default/loading.gif HTTP/1.1" 200 1737
41.190.2.1 - - [23/Aug/2015:05:04:24 -0500] "GET /galeria/nivo-slider/themes/default/arrows.png HTTP/1.1" 200 824
41.190.2.1 - - [23/Aug/2015:05:04:24 -0500] "GET /galeria/nivo-slider/themes/default/bullets.png HTTP/1.1" 200 1281
66.249.64.96 - - [23/Aug/2015:05:04:28 -0500] "GET /BLA/resoluciones/RESOLUCIONES%202009/2651.pdf HTTP/1.1" 200 65962
66.249.64.101 - - [23/Aug/2015:05:04:47 -0500] "GET /BLA/resoluciones/RESOLUCIONES%202011/0233.pdf HTTP/1.1" 304 -
66.249.64.106 - - [23/Aug/2015:05:04:50 -0500] "GET /BLA/boletinlegal/jurisprudencia/analisis/analisis%20C-595-2010.doc HTTP/1.1" 304 -
151.80.31.130 - - [23/Aug/2015:05:04:51 -0500] "GET /BLA/resoluciones/RESOLUCIONES%202004/RES%202004%201501-1550/00001514.tif HTTP/1.1" 200 130852
66.249.64.96 - - [23/Aug/2015:05:05:22 -0500] "GET /BLA/resoluciones/RESOLUCIONES%202007/RES%202007%204101%20AL%204200/RESOLUCION%204154%20DE%202007.pdf HTTP/1.1" 200 296158
74.86.158.107 - - [23/Aug/2015:05:05:43 -0500] "HEAD / HTTP/1.1" 200 -
201.244.167.21 - - [23/Aug/2015:05:05:44 -0500] "GET /BLA/boletinlegal/js/jquery.scrollShow.js HTTP/1.1" 200 4586
201.244.167.21 - - [23/Aug/2015:05:05:44 -0500] "GET /galeria/galeria/jquery.fancybox.js?v=2.1.5 HTTP/1.1" 200 48706
201.244.167.21 - - [23/Aug/2015:05:05:44 -0500] "GET /galeria/galeria/jquery.fancybox.css?v=2.1.5 HTTP/1.1" 200 4895
66.249.64.106 - - [23/Aug/2015:05:07:06 -0500] "GET /silvicultura/12.pdf HTTP/1.1" 404 1018
66.249.64.248 - - [23/Aug/2015:05:07:22 -0500] "GET /ecodirectorio/files/res/navbtn/next.swf HTTP/1.1" 200 2956
151.80.31.130 - - [23/Aug/2015:05:07:27 -0500] "GET /BLA/resoluciones/RESOLUCIONES%202002/RES%202002%201801-1850/20021818.tif HTTP/1.1" 200 84590
66.249.64.96 - - [23/Aug/2015:05:07:39 -0500] "GET /BLA/resoluciones/RESOLUCIONES%202008/1163.pdf HTTP/1.1" 200 746301
66.249.64.96 - - [23/Aug/2015:05:07:47 -0500] "GET /galeria/mapa2/3MapaBogot%C3%A1.jpg HTTP/1.1" 304 -
66.249.64.106 - - [23/Aug/2015:05:07:56 -0500] "GET /BLA/resoluciones/RESOLUCIONES%202008/1083.pdf HTTP/1.1" 200 293748
66.249.64.101 - - [23/Aug/2015:05:08:12 -0500] "GET /BLA/resoluciones/RESOLUCIONES%202010/1566.pdf HTTP/1.1" 200 377400
66.249.64.106 - - [23/Aug/2015:05:10:07 -0500] "GET /MANUALFUNC/Vivienda/Prevencion/222-27%20Profesional%20Especializado%20-%20GP.pdf HTTP/1.1" 404 1018
66.249.64.101 - - [23/Aug/2015:05:10:29 -0500] "GET /BLA/resoluciones/RESOLUCIONES%202011/1934.pdf HTTP/1.1" 200 348285
74.86.158.107 - - [23/Aug/2015:05:10:43 -0500] "HEAD / HTTP/1.1" 200 -
66.249.64.106 - - [23/Aug/2015:05:10:43 -0500] "GET /galeria/nivo-slider/themes/pascal/pascal.css HTTP/1.1" 200 2258
66.249.64.106 - - [23/Aug/2015:05:10:44 -0500] "GET /galeria/nivo-slider/demo/scripts/jquery-1.7.1.min.js HTTP/1.1" 200 93868
66.249.64.101 - - [23/Aug/2015:05:10:45 -0500] "GET /galeria/nivo-slider/jquery.nivo.slider.pack.js HTTP/1.1" 200 11561
66.249.64.96 - - [23/Aug/2015:05:10:45 -0500] "GET /galeria/nivo-slider/demo/style.css HTTP/1.1" 200 2222
66.249.64.101 - - [23/Aug/2015:05:10:45 -0500] "GET /galeria/nivo-slider/themes/default/default.css HTTP/1.1" 200 1569
66.249.64.106 - - [23/Aug/2015:05:10:46 -0500] "GET /galeria/nivo-slider/nivo-slider.css HTTP/1.1" 200 1507
66.249.64.101 - - [23/Aug/2015:05:10:46 -0500] "GET /galeria/nivo-slider/themes/orman/orman.css HTTP/1.1" 200 2152
66.249.64.96 - - [23/Aug/2015:05:10:47 -0500] "GET /galeria/nivo-slider/demo/demo.html HTTP/1.1" 200 5195
151.80.31.130 - - [23/Aug/2015:05:10:57 -0500] "GET /BLA/resoluciones/index.php?dir=AUTOS2004/&sort=size&order=asc HTTP/1.1" 200 7911
66.249.64.96 - - [23/Aug/2015:05:11:07 -0500] "GET /BLA/resoluciones/RESOLUCIONES%202007/RES%202007%201201%20AL%201300/RESOLUCION%201225%20DE%202007.pdf HTTP/1.1" 200 458902
66.249.64.96 - - [23/Aug/2015:05:11:07 -0500] "GET /BLA/resoluciones/RESOLUCIONES%202010/1897.pdf HTTP/1.1" 200 677362
66.249.64.101 - - [23/Aug/2015:05:11:29 -0500] "GET /BLA/resoluciones/RESOLUCIONES%202010/2352.pdf HTTP/1.1" 200 480749
66.249.64.101 - - [23/Aug/2015:05:11:39 -0500] "GET /BLA/resoluciones/RESOLUCIONES%202009/1412.pdf HTTP/1.1" 200 442645
66.249.64.106 - - [23/Aug/2015:05:11:47 -0500] "GET /galeria/galeria/fotos/Huemdal-el-Tunjo2G.jpg HTTP/1.1" 304 -
66.249.64.253 - - [23/Aug/2015:05:13:23 -0500] "GET /planesacc/pdf/ecosis/minero.pdf HTTP/1.1" 404 1019
207.46.13.31 - - [23/Aug/2015:05:13:29 -0500] "GET /StormSDA/userFiles/88.jar HTTP/1.1" 200 4136
123.125.71.73 - - [23/Aug/2015:05:13:51 -0500] "GET / HTTP/1.1" 200 10190
66.249.64.106 - - [23/Aug/2015:05:13:51 -0500] "GET /BLA/resoluciones/RESOLUCIONES%202010/3983.pdf HTTP/1.1" 200 504991
151.80.31.130 - - [23/Aug/2015:05:14:25 -0500] "GET /BLA/resoluciones/RESOLUCIONES%202006/RES%202006%202651-2700/00002672.tif HTTP/1.1" 200 201228
66.249.64.96 - - [23/Aug/2015:05:14:48 -0500] "GET /BLA/resoluciones/RESOLUCIONES%202007/RES%202007%203401%20AL%203500/RESOLUCION%203413%20DE%202007.pdf HTTP/1.1" 200 415233
151.80.31.130 - - [23/Aug/2015:05:14:50 -0500] "GET /BLA/resoluciones/RESOLUCIONES%202002/RES%202002%201501-1550/20021532.tif HTTP/1.1" 200 82350
66.249.64.253 - - [23/Aug/2015:05:14:59 -0500] "GET /planesacc/pdf/gestion/gestion.pdf HTTP/1.1" 404 1019
157.55.39.186 - - [23/Aug/2015:05:15:33 -0500] "GET /Anexos%20estudio%20Organizacional%20SDA/ANEXO%20No.%205%20-%20ESTUDIO%20Y%20PROPUESTA%20SERAMB%20IENTE/Serambiente%20%20Oficio%20presentaci%C3%B2n%20propuesta.pdf HTTP/1.1" 200 949425
157.55.39.186 - - [23/Aug/2015:05:15:34 -0500] "GET /BLA/boletinlegal/Circulares/2010/Circular%2006%20de%208%20de%20septiembre%20de%202010.pdf HTTP/1.1" 200 4657752
157.55.39.186 - - [23/Aug/2015:05:15:34 -0500] "GET /SIG/Gestion%20Documental/126PA06-PR07%20CONTROL%20Y%20TRAMITE%20CORRESPONDENCIA%20EXT%20RECIBIDA.pdf HTTP/1.1" 200 369841
157.55.39.186 - - [23/Aug/2015:05:15:35 -0500] "GET /Anexos%20estudio%20Organizacional%20SDA/index.php?dir=ANEXO%20No.%201-%20NORMAS%20LEGALES%20DE%20ESTRUCTURA%20Y%20PLANTA/RESE\xc3\x83\xc2\x91A%20HIST\xc3\x83\xc2\x93RICA%20SDA-NORMAS/&sort=name&order=desc HTTP/1.1" 200 6317
74.86.158.107 - - [23/Aug/2015:05:15:43 -0500] "HEAD / HTTP/1.1" 200 -
66.249.64.101 - - [23/Aug/2015:05:15:45 -0500] "GET /galeria/galeria/fotos/Humedal-vaca5G.jpg HTTP/1.1" 304 -
66.249.64.101 - - [23/Aug/2015:05:15:57 -0500] "GET /BLA/resoluciones/RESOLUCIONES%202008/0368.pdf HTTP/1.1" 200 181482
66.249.64.106 - - [23/Aug/2015:05:17:16 -0500] "GET /BLA/resoluciones/RESOLUCIONES%202010/5938.pdf HTTP/1.1" 200 74020
66.249.64.96 - - [23/Aug/2015:05:17:27 -0500] "GET /BLA/resoluciones/AUTOS%202014/5702.pdf HTTP/1.1" 304 -
66.249.64.106 - - [23/Aug/2015:05:17:30 -0500] "GET /BLA/resoluciones/RESOLUCIONES%202010/0970.pdf HTTP/1.1" 200 116948
66.249.64.106 - - [23/Aug/2015:05:17:54 -0500] "GET /BLA/resoluciones/RESOLUCIONES%202010/3766.pdf HTTP/1.1" 304 -
66.249.64.248 - - [23/Aug/2015:05:18:08 -0500] "GET /ecodirectorio/files/res/thumbnails/thumb_30.png HTTP/1.1" 200 11458
157.55.39.38 - - [23/Aug/2015:05:18:44 -0500] "GET /robots.txt HTTP/1.1" 404 1019
151.80.31.130 - - [23/Aug/2015:05:18:53 -0500] "GET /autoliquidacion/index.php?dir=Solicitudes%20relacionadas%20con%20calidad%20del%20aire%20auditiva%20y%20visual/Registro%20de%20Elementos%20de%20publicidad%20Exterior%20Visual/&sort=date&order=desc HTTP/1.1" 200 4036
201.234.75.11 - - [23/Aug/2015:05:19:33 -0500] "GET /galeria/nivo-slider/demo/images/Biotaxis-Man.jpg HTTP/1.1" 304 -
66.249.64.106 - - [23/Aug/2015:05:19:48 -0500] "GET /galeria/galeria/fotos/Humedal-Vaca4G.jpg HTTP/1.1" 304 -
180.76.15.7 - - [23/Aug/2015:05:20:16 -0500] "GET /SIG/Gestion%20Recursos%20Financieros/126PA02-PR10%20SOLICITUD%20Y%20EXPEDICION%20CRP.pdf HTTP/1.1" 200 249802
66.249.64.96 - - [23/Aug/2015:05:20:36 -0500] "GET /BLA/resoluciones/RESOLUCIONES%202011/6102.pdf HTTP/1.1" 304 -
66.249.64.106 - - [23/Aug/2015:05:20:39 -0500] "GET /BLA/resoluciones/AUTOS%202013/3365.pdf HTTP/1.1" 200 833665
66.249.64.101 - - [23/Aug/2015:05:20:41 -0500] "GET /BLA/resoluciones/RESOLUCIONES%202010/6466.pdf HTTP/1.1" 200 284889
66.249.64.101 - - [23/Aug/2015:05:20:42 -0500] "GET /BLA/resoluciones/RESOLUCIONES%202009/5987.pdf HTTP/1.1" 304 -
74.86.158.107 - - [23/Aug/2015:05:20:43 -0500] "HEAD / HTTP/1.1" 200 -
220.181.108.177 - - [23/Aug/2015:05:20:49 -0500] "GET / HTTP/1.1" 200 10190
66.249.64.96 - - [23/Aug/2015:05:20:56 -0500] "GET /BLA/resoluciones/RESOLUCIONES%202013/1691.pdf HTTP/1.1" 304 -
66.249.64.101 - - [23/Aug/2015:05:21:37 -0500] "GET /BLA/resoluciones/RESOLUCIONES%202013/2082.pdf HTTP/1.1" 200 1102315
201.245.192.253 - - [23/Aug/2015:05:21:45 -0500] "GET /galeria/nivo-slider/demo/images/Cambio-Climatico-Cerros.jpg HTTP/1.1" 304 -
207.46.13.31 - - [23/Aug/2015:05:22:30 -0500] "GET /Anexos%20estudio%20Organizacional%20SDA/ANEXO%20No.%201-%20NORMAS%20LEGALES%20DE%20ESTRUCTURA%20Y%20PLANTA/RESE%C3%91A%20HIST%C3%93RICA%20SDA-NORMAS/Decreto%20308%20de%202001%20-%20Modifica%20estructura%20del%20DAMA.jsp_files/ladc.htm HTTP/1.1" 200 1071
66.249.64.101 - - [23/Aug/2015:05:23:22 -0500] "GET /BLA/resoluciones/RESOLUCIONES%202003/RES%202003%201251-1300/20031282.tif HTTP/1.1" 200 126662
66.249.64.106 - - [23/Aug/2015:05:23:46 -0500] "GET /galeria/galeria/fotos/Huemdal-el-Tunjo4G.jpg HTTP/1.1" 304 -
66.249.64.106 - - [23/Aug/2015:05:23:47 -0500] "GET /BLA/resoluciones/AUTOS%202013/0494.pdf HTTP/1.1" 304 -
66.249.64.96 - - [23/Aug/2015:05:23:50 -0500] "GET /BLA/resoluciones/RESOLUCIONES%202009/7238.pdf HTTP/1.1" 200 52964
66.249.64.96 - - [23/Aug/2015:05:23:50 -0500] "GET /BLA/resoluciones/AUTOS%202011/2504.pdf HTTP/1.1" 200 274312
66.249.64.96 - - [23/Aug/2015:05:24:01 -0500] "GET /BLA/resoluciones/RESOLUCIONES%202010/6430.pdf HTTP/1.1" 200 534894
66.249.64.96 - - [23/Aug/2015:05:24:07 -0500] "GET /BLA/resoluciones/AUTOS%202013/1700.pdf HTTP/1.1" 200 794233
201.245.192.253 - - [23/Aug/2015:05:24:25 -0500] "GET /galeria/nivo-slider/demo/images/Banner-ecolecta2015.jpg HTTP/1.1" 304 -
66.249.64.96 - - [23/Aug/2015:05:25:15 -0500] "GET /BLA/resoluciones/RESOLUCIONES%202008/0026.pdf HTTP/1.1" 304 -
74.86.158.107 - - [23/Aug/2015:05:25:43 -0500] "HEAD / HTTP/1.1" 200 -
212.71.88.219 - - [23/Aug/2015:05:26:04 -0500] "GET /galeria/galeria/jquery.fancybox.css?v=2.1.5 HTTP/1.0" 200 4895
212.71.88.219 - - [23/Aug/2015:05:26:04 -0500] "GET /BLA/boletinlegal/js/jquery.scrollShow.js HTTP/1.0" 200 4586
212.71.88.219 - - [23/Aug/2015:05:26:04 -0500] "GET /galeria/carrusel/Carrusel/jquery.thumbnailScroller.js HTTP/1.0" 200 8157
212.71.88.219 - - [23/Aug/2015:05:26:04 -0500] "GET /galeria/galeria/jquery.fancybox.js?v=2.1.5 HTTP/1.0" 200 48706
212.71.88.219 - - [23/Aug/2015:05:26:04 -0500] "GET /galeria/carrusel/Carrusel/jquery-ui-1.8.13.custom.min.js HTTP/1.0" 200 10800
212.71.88.219 - - [23/Aug/2015:05:26:04 -0500] "GET /galeria/carrusel/Carrusel/jquery.thumbnailScroller.css HTTP/1.0" 200 2066
212.71.88.219 - - [23/Aug/2015:05:26:06 -0500] "GET /galeria/nivo-slider/demo/demo.html HTTP/1.0" 200 5195
212.71.88.219 - - [23/Aug/2015:05:26:07 -0500] "GET /galeria/nivo-slider/demo/style.css HTTP/1.0" 200 2222
212.71.88.219 - - [23/Aug/2015:05:26:07 -0500] "GET /galeria/nivo-slider/themes/orman/orman.css HTTP/1.0" 200 2152
212.71.88.219 - - [23/Aug/2015:05:26:07 -0500] "GET /galeria/nivo-slider/themes/pascal/pascal.css HTTP/1.0" 200 2258
212.71.88.219 - - [23/Aug/2015:05:26:07 -0500] "GET /galeria/nivo-slider/nivo-slider.css HTTP/1.0" 200 1507
212.71.88.219 - - [23/Aug/2015:05:26:07 -0500] "GET /galeria/nivo-slider/themes/default/default.css HTTP/1.0" 200 1569
212.71.88.219 - - [23/Aug/2015:05:26:07 -0500] "GET /galeria/nivo-slider/demo/images/rendicion-de-cuentas-7-agosto.jpg HTTP/1.0" 200 149701
212.71.88.219 - - [23/Aug/2015:05:26:07 -0500] "GET /galeria/nivo-slider/demo/scripts/jquery-1.7.1.min.js HTTP/1.0" 200 93868
212.71.88.219 - - [23/Aug/2015:05:26:07 -0500] "GET /galeria/nivo-slider/jquery.nivo.slider.pack.js HTTP/1.0" 200 11561
212.71.88.219 - - [23/Aug/2015:05:26:07 -0500] "GET /galeria/nivo-slider/demo/images/Semana-PYBA.jpg HTTP/1.0" 200 103786
212.71.88.219 - - [23/Aug/2015:05:26:07 -0500] "GET /galeria/nivo-slider/demo/images/VoluntariadoPYBA.jpg HTTP/1.0" 200 40647
212.71.88.219 - - [23/Aug/2015:05:26:08 -0500] "GET /galeria/nivo-slider/demo/images/Cambio-Climatico-Cerros.jpg HTTP/1.0" 200 273652
212.71.88.219 - - [23/Aug/2015:05:26:08 -0500] "GET /galeria/nivo-slider/demo/images/Banner-TL.jpg HTTP/1.0" 200 158976
212.71.88.219 - - [23/Aug/2015:05:26:09 -0500] "GET /galeria/nivo-slider/demo/images/banner-llantas2.jpg HTTP/1.0" 200 204644
212.71.88.219 - - [23/Aug/2015:05:26:09 -0500] "GET /galeria/nivo-slider/demo/images/9Signos.jpg HTTP/1.0" 200 81776
212.71.88.219 - - [23/Aug/2015:05:26:10 -0500] "GET /galeria/nivo-slider/demo/images/Banner-ecolecta2015.jpg HTTP/1.0" 200 219133
212.71.88.219 - - [23/Aug/2015:05:26:10 -0500] "GET /galeria/nivo-slider/demo/images/PREDAcamp.jpg HTTP/1.0" 200 295358
212.71.88.219 - - [23/Aug/2015:05:26:10 -0500] "GET /galeria/nivo-slider/demo/images/Comparendo-ambiental-Banner.jpg HTTP/1.0" 200 83731
212.71.88.219 - - [23/Aug/2015:05:26:10 -0500] "GET /galeria/nivo-slider/demo/images/GAE-banner.jpg HTTP/1.0" 200 97556
212.71.88.219 - - [23/Aug/2015:05:26:10 -0500] "GET /galeria/nivo-slider/demo/images/Banner-encuesta-de-percepscio.jpg HTTP/1.0" 200 201899
212.71.88.219 - - [23/Aug/2015:05:26:11 -0500] "GET /galeria/nivo-slider/demo/images/banner-Pacto-por-la-madera.jpg HTTP/1.0" 200 209966
212.71.88.219 - - [23/Aug/2015:05:26:12 -0500] "GET /galeria/nivo-slider/demo/images/acuerdo_569.jpg HTTP/1.0" 200 62670
93.188.164.210 - - [23/Aug/2015:05:26:12 -0500] "GET / HTTP/1.1" 200 10190
212.71.88.219 - - [23/Aug/2015:05:26:12 -0500] "GET /galeria/nivo-slider/demo/images/Banner-Directorio.jpg HTTP/1.0" 200 182068
212.71.88.219 - - [23/Aug/2015:05:26:16 -0500] "GET /galeria/nivo-slider/demo/images/Ruta-vertimientos-01.jpg HTTP/1.0" 200 130151
212.71.88.219 - - [23/Aug/2015:05:26:17 -0500] "GET /galeria/nivo-slider/demo/images/bolsas-06.jpg HTTP/1.0" 200 90982
212.71.88.219 - - [23/Aug/2015:05:26:18 -0500] "GET /galeria/nivo-slider/demo/images/Conoce-los-humedales.jpg HTTP/1.0" 200 294036
212.71.88.219 - - [23/Aug/2015:05:26:19 -0500] "GET /galeria/nivo-slider/demo/images/ecolecta-Dic2014.png HTTP/1.0" 200 288593
212.71.88.219 - - [23/Aug/2015:05:26:19 -0500] "GET /galeria/nivo-slider/demo/images/Banner-Caracol-Africano.jpg HTTP/1.0" 200 331986
212.71.88.219 - - [23/Aug/2015:05:26:19 -0500] "GET /galeria/nivo-slider/demo/images/4Simple_Slider.png HTTP/1.0" 200 11722
212.71.88.219 - - [23/Aug/2015:05:26:19 -0500] "GET /galeria/nivo-slider/themes/default/loading.gif HTTP/1.0" 200 1737
212.71.88.219 - - [23/Aug/2015:05:26:27 -0500] "GET /galeria/nivo-slider/themes/default/arrows.png HTTP/1.0" 200 824
212.71.88.219 - - [23/Aug/2015:05:26:27 -0500] "GET /galeria/nivo-slider/themes/default/bullets.png HTTP/1.0" 200 1281
66.249.64.96 - - [23/Aug/2015:05:26:56 -0500] "GET /BLA/resoluciones/RESOLUCIONES%202014/0825.pdf HTTP/1.1" 304 -
66.249.64.6 - - [23/Aug/2015:05:26:56 -0500] "GET /robots.txt HTTP/1.1" 404 1015
66.249.64.6 - - [23/Aug/2015:05:26:56 -0500] "GET / HTTP/1.1" 200 10190
66.249.64.96 - - [23/Aug/2015:05:27:26 -0500] "GET /BLA/resoluciones/RESOLUCIONES%202010/5842.pdf HTTP/1.1" 200 485008
151.80.31.130 - - [23/Aug/2015:05:27:40 -0500] "GET /BLA/resoluciones/RESOLUCIONES%202004/RES%202004%20301-350/00000321.tif HTTP/1.1" 200 235386
66.249.64.106 - - [23/Aug/2015:05:27:51 -0500] "GET /BLA/resoluciones/RESOLUCIONES%202009/8191.pdf HTTP/1.1" 304 -
151.80.31.130 - - [23/Aug/2015:05:27:53 -0500] "GET /BLA/resoluciones/index.php?dir=RESOLUCIONES%202002/RES%202002%201501-1550/&sort=name&order=desc HTTP/1.1" 200 12146
151.80.31.130 - - [23/Aug/2015:05:28:27 -0500] "GET /BLA/resoluciones/RESOLUCIONES%202002/RES%202002%20951-1000/00000966.tif HTTP/1.1" 200 102942
207.46.13.31 - - [23/Aug/2015:05:29:29 -0500] "GET /StormSDA/userFiles/user_files/formatos/2.xml HTTP/1.1" 200 1629
66.249.64.101 - - [23/Aug/2015:05:30:07 -0500] "GET /BLA/resoluciones/RESOLUCIONES%202010/7837.pdf HTTP/1.1" 304 -
207.46.13.90 - - [23/Aug/2015:05:30:20 -0500] "GET /sig/Gesti%C3%B3n%20Ambiental/126PM03-PR14.pdf HTTP/1.1" 200 386760
66.249.64.101 - - [23/Aug/2015:05:30:39 -0500] "GET /BLA/resoluciones/RESOLUCIONES%202008/3653.pdf HTTP/1.1" 200 187759
74.86.158.107 - - [23/Aug/2015:05:30:43 -0500] "HEAD / HTTP/1.1" 200 -
66.249.64.106 - - [23/Aug/2015:05:30:50 -0500] "GET /BLA/resoluciones/RESOLUCIONES%202010/3977.pdf HTTP/1.1" 200 495107
93.144.226.236 - - [23/Aug/2015:05:30:58 -0500] "GET /webdav/x32.php?host=109.130.90.0&time=67&port=80 HTTP/1.1" 404 1018
201.234.75.11 - - [23/Aug/2015:05:31:34 -0500] "GET /galeria/nivo-slider/themes/orman/orman.css HTTP/1.1" 304 -
66.249.64.96 - - [23/Aug/2015:05:31:49 -0500] "GET /galeria/galeria/fotos/Humedal-vaca7G.jpg HTTP/1.1" 304 -
66.249.64.106 - - [23/Aug/2015:05:31:59 -0500] "GET /BLA/resoluciones/RESOLUCIONES%202010/1147.pdf HTTP/1.1" 304 -
207.46.13.31 - - [23/Aug/2015:05:32:19 -0500] "GET /StormSDA/storm_silv/EnviosPlugin_bk.jar HTTP/1.1" 200 27617
93.144.226.236 - - [23/Aug/2015:05:32:36 -0500] "GET /webdav/x32.php?host=185.34.104.124&time=60&port=80 HTTP/1.1" 404 1018
66.249.64.96 - - [23/Aug/2015:05:33:04 -0500] "GET /portel_dama/libreria/xls/tramites/rhidrico/as1.doc HTTP/1.1" 404 1018
66.249.64.106 - - [23/Aug/2015:05:33:06 -0500] "GET /BLA/resoluciones/RESOLUCIONES%202010/5763.pdf HTTP/1.1" 200 90979
66.249.64.106 - - [23/Aug/2015:05:33:07 -0500] "GET /resoluciones/RESOLUCIONES%202010/1941.pdf HTTP/1.1" 404 1018
66.249.64.106 - - [23/Aug/2015:05:33:07 -0500] "GET /BLA/resoluciones/RESOLUCIONES%202010/1941.pdf HTTP/1.1" 200 837293
151.80.31.130 - - [23/Aug/2015:05:33:45 -0500] "GET /BLA/resoluciones/RESOLUCIONES%202006/RES%202006%20%202801-2850/00002824.tif HTTP/1.1" 200 61240
66.249.64.106 - - [23/Aug/2015:05:34:12 -0500] "GET /BLA/resoluciones/RESOLUCIONES%202012/1894.pdf HTTP/1.1" 200 24505640
207.46.13.31 - - [23/Aug/2015:05:34:23 -0500] "GET /sig/ECS/126PM04-PR101.pdf HTTP/1.1" 200 1680951
180.76.15.149 - - [23/Aug/2015:05:35:16 -0500] "GET /videos/23demayo/ HTTP/1.1" 200 5974
74.86.158.107 - - [23/Aug/2015:05:35:43 -0500] "HEAD / HTTP/1.1" 200 -
66.249.64.101 - - [23/Aug/2015:05:35:46 -0500] "GET /galeria/galeria/fotos/Huemdal-el-Tunjo3G.jpg HTTP/1.1" 304 -
66.249.64.101 - - [23/Aug/2015:05:35:50 -0500] "GET /BLA/resoluciones/RESOLUCIONES%202005/RES%202005%202101-2150/00002101.tif HTTP/1.1" 200 255480
66.249.64.106 - - [23/Aug/2015:05:36:16 -0500] "GET /BLA/resoluciones/RESOLUCIONES%202007/RES%202007%202201%20AL%202300/RESOLUCION%202297%20DE%202007.pdf HTTP/1.1" 304 -
66.249.64.106 - - [23/Aug/2015:05:36:19 -0500] "GET /BLA/resoluciones/RESOLUCIONES%202010/4484.pdf HTTP/1.1" 304 -
93.144.226.236 - - [23/Aug/2015:05:36:24 -0500] "GET /webdav/x32.php?host=81.67.150.22&time=60&port=80 HTTP/1.1" 404 1018
66.249.64.96 - - [23/Aug/2015:05:36:37 -0500] "GET /BLA/resoluciones/RESOLUCIONES%202008/2795.pdf HTTP/1.1" 200 157700
157.55.39.172 - - [23/Aug/2015:05:36:46 -0500] "GET /BLA/boletinlegal/Directivas/2014/Directiva%20No.%204%20del%2006%20de%20Junio%20de%202014.pdf HTTP/1.1" 200 236794
66.249.64.96 - - [23/Aug/2015:05:36:58 -0500] "GET /BLA/resoluciones/AUTOS%202014/4201.pdf HTTP/1.1" 200 350236
66.249.64.96 - - [23/Aug/2015:05:37:17 -0500] "GET /BLA/resoluciones/RESOLUCIONES%202012/0343.pdf HTTP/1.1" 304 -
66.249.64.253 - - [23/Aug/2015:05:37:37 -0500] "GET /Autoliquidacion/index.php?dir=TR%C1MITES+VERTIMIENTOS%2FPERMISOS+DE+VERTIMIENTOS%2F HTTP/1.1" 200 3490
66.249.64.106 - - [23/Aug/2015:05:37:40 -0500] "GET /BLA/resoluciones/AUTOS%202014/5572.pdf HTTP/1.1" 304 -
151.80.31.130 - - [23/Aug/2015:05:38:20 -0500] "GET /BLA/resoluciones/RESOLUCIONES%202006/RES%202006%202251-2300/00002277.tif HTTP/1.1" 200 529630
66.249.64.106 - - [23/Aug/2015:05:39:26 -0500] "GET /BLA/resoluciones/RESOLUCIONES%202007/RES%202007%202501%20AL%202600/RESOLUCION%202542%20DE%202007.pdf HTTP/1.1" 304 -
66.249.64.101 - - [23/Aug/2015:05:39:27 -0500] "GET /BLA/resoluciones/RESOLUCIONES%202010/1581.pdf HTTP/1.1" 200 494139
66.249.64.106 - - [23/Aug/2015:05:39:49 -0500] "GET /galeria/galeria/fotos/Humedal-Vaca3G.jpg HTTP/1.1" 304 -
66.249.64.106 - - [23/Aug/2015:05:39:49 -0500] "GET /BLA/resoluciones/RESOLUCIONES%202010/2866.pdf HTTP/1.1" 200 874867
157.55.39.172 - - [23/Aug/2015:05:39:55 -0500] "GET / HTTP/1.1" 200 10190
93.144.226.236 - - [23/Aug/2015:05:39:58 -0500] "GET /webdav/x32.php?host=185.34.104.124&time=66&port=80 HTTP/1.1" 404 1018
207.46.13.90 - - [23/Aug/2015:05:40:09 -0500] "GET /robots.txt HTTP/1.1" 404 1019
207.46.13.90 - - [23/Aug/2015:05:40:10 -0500] "GET /robots.txt HTTP/1.1" 404 1019
151.80.31.130 - - [23/Aug/2015:05:40:23 -0500] "GET /BLA/resoluciones/AUTOS%202006/AUTOS%202006%202601%20-%202700/00002668.tif HTTP/1.1" 200 52900
74.86.158.107 - - [23/Aug/2015:05:40:43 -0500] "HEAD / HTTP/1.1" 200 -
66.249.64.101 - - [23/Aug/2015:05:41:00 -0500] "GET /BLA/resoluciones/RESOLUCIONES%202010/3687.pdf HTTP/1.1" 200 545703
151.80.31.130 - - [23/Aug/2015:05:41:31 -0500] "GET /BLA/resoluciones/AUTOS%202006/AUTOS%202006%201301-1400/00001344.tif HTTP/1.1" 200 84720
180.76.15.21 - - [23/Aug/2015:05:41:33 -0500] "GET /StormSDA/userFiles/user_files/86.jar HTTP/1.1" 200 4148
151.80.31.130 - - [23/Aug/2015:05:41:56 -0500] "GET /BLA/resoluciones/RESOLUCIONES%202005/RES%202005%20301-351/00000316.tif HTTP/1.1" 200 156722
66.249.64.106 - - [23/Aug/2015:05:42:37 -0500] "GET /BLA/resoluciones/RESOLUCIONES%202013/0817.pdf HTTP/1.1" 304 -
66.249.64.106 - - [23/Aug/2015:05:42:41 -0500] "GET /BLA/resoluciones/RESOLUCIONES%202010/1215.pdf HTTP/1.1" 200 149884
151.80.31.130 - - [23/Aug/2015:05:42:53 -0500] "GET /BLA/resoluciones/RESOLUCIONES%202003/RES%202003%202051-2100/00002099.tif HTTP/1.1" 200 109396
66.249.64.96 - - [23/Aug/2015:05:43:00 -0500] "GET /BLA/resoluciones/RESOLUCIONES%202010/1553.pdf HTTP/1.1" 200 385513
66.249.64.96 - - [23/Aug/2015:05:43:23 -0500] "GET /BLA/resoluciones/RESOLUCIONES%202014/2259.pdf HTTP/1.1" 304 -
66.249.88.223 - - [23/Aug/2015:05:43:24 -0500] "GET /galeria/galeria/jquery.fancybox.css?v=2.1.5 HTTP/1.1" 200 4895
66.249.88.223 - - [23/Aug/2015:05:43:24 -0500] "GET /galeria/galeria/jquery.fancybox.js?v=2.1.5 HTTP/1.1" 200 48706
66.249.88.228 - - [23/Aug/2015:05:43:24 -0500] "GET /BLA/boletinlegal/js/jquery.scrollShow.js HTTP/1.1" 200 4586
66.249.88.233 - - [23/Aug/2015:05:43:35 -0500] "GET /BLA/boletinlegal/js/jquery.scrollShow.js HTTP/1.1" 304 -
66.249.88.228 - - [23/Aug/2015:05:43:35 -0500] "GET /galeria/galeria/jquery.fancybox.css?v=2.1.5 HTTP/1.1" 304 -
66.249.88.228 - - [23/Aug/2015:05:43:36 -0500] "GET /galeria/galeria/jquery.fancybox.js?v=2.1.5 HTTP/1.1" 304 -
207.46.13.90 - - [23/Aug/2015:05:43:37 -0500] "GET /sig/Gesti%C3%B3n%20Ambiental/126PM03-PR13.pdf HTTP/1.1" 200 292468
207.46.13.90 - - [23/Aug/2015:05:43:37 -0500] "GET /sig/Gesti%C3%B3n%20Jur%C3%ADdica/126PA05-PR09.pdf HTTP/1.1" 200 56319
207.46.13.90 - - [23/Aug/2015:05:43:37 -0500] "GET /sig/Participaci%C3%B3n/126PM01-PR08.pdf HTTP/1.1" 200 1317090
157.55.39.186 - - [23/Aug/2015:05:44:04 -0500] "GET /robots.txt HTTP/1.1" 404 1019
181.206.179.210 - - [23/Aug/2015:05:44:10 -0500] "GET /galeria/galeria/jquery.fancybox.css?v=2.1.5 HTTP/1.1" 200 4895
181.206.179.210 - - [23/Aug/2015:05:44:10 -0500] "GET /BLA/boletinlegal/js/jquery.scrollShow.js HTTP/1.1" 200 4586
181.206.179.210 - - [23/Aug/2015:05:44:10 -0500] "GET /galeria/galeria/jquery.fancybox.js?v=2.1.5 HTTP/1.1" 200 48706
66.249.64.101 - - [23/Aug/2015:05:44:22 -0500] "GET /BLA/resoluciones/RESOLUCIONES%202007/RES%202007%201301%20AL%201400/RESOLUCION%201324%20DE%202007.pdf HTTP/1.1" 200 237963
151.80.31.130 - - [23/Aug/2015:05:44:35 -0500] "GET /BLA/resoluciones/AUTOS%202006/AUTOS%202006%20901-1000/00000984.tif HTTP/1.1" 200 54496
180.76.15.135 - - [23/Aug/2015:05:44:46 -0500] "GET / HTTP/1.1" 200 10190
157.55.39.137 - - [23/Aug/2015:05:45:26 -0500] "GET /BLA/resoluciones/index.php?dir=AUTOS%202012/&sort=name&order=desc HTTP/1.1" 200 255443
157.55.39.137 - - [23/Aug/2015:05:45:27 -0500] "GET /BLA/resoluciones/index.php?dir=RESOLUCIONES%202012/&sort=name&order=desc HTTP/1.1" 200 134792
157.55.39.137 - - [23/Aug/2015:05:45:28 -0500] "GET /BLA/resoluciones/index.php?dir=AUTOS+2008%2F HTTP/1.1" 200 569644
157.55.39.138 - - [23/Aug/2015:05:45:31 -0500] "GET /BLA/resoluciones/index.php?dir=AUTOS+2009%2F HTTP/1.1" 200 395126
157.55.39.138 - - [23/Aug/2015:05:45:34 -0500] "GET /BLA/resoluciones/index.php?dir=AUTOS+2013%2F HTTP/1.1" 200 358837
66.249.64.96 - - [23/Aug/2015:05:45:36 -0500] "GET /BLA/resoluciones/RESOLUCIONES%202012/0958.pdf HTTP/1.1" 304 -
66.249.64.96 - - [23/Aug/2015:05:45:36 -0500] "GET /BLA/resoluciones/RESOLUCIONES%202010/4510.pdf HTTP/1.1" 304 -
157.55.39.138 - - [23/Aug/2015:05:45:35 -0500] "GET /BLA/resoluciones/index.php?dir=RESOLUCIONES%202011/&sort=date&order=desc HTTP/1.1" 200 607364
180.76.15.16 - - [23/Aug/2015:05:45:40 -0500] "GET / HTTP/1.1" 200 10190
157.55.39.138 - - [23/Aug/2015:05:45:38 -0500] "GET /BLA/resoluciones/RESOLUCIONES%202008/?C=D;O=D HTTP/1.1" 200 593209
93.144.226.236 - - [23/Aug/2015:05:45:42 -0500] "GET /webdav/x32.php?host=88.5.64.245&time=60&port=80 HTTP/1.1" 404 1018
74.86.158.107 - - [23/Aug/2015:05:45:43 -0500] "HEAD / HTTP/1.1" 200 -
157.55.39.138 - - [23/Aug/2015:05:45:42 -0500] "GET /BLA/resoluciones/Autos%202008/?C=D;O=A HTTP/1.1" 200 593318
157.55.39.138 - - [23/Aug/2015:05:45:45 -0500] "GET /BLA/resoluciones/index.php?dir=RESOLUCIONES%202010/&sort=name&order=desc HTTP/1.1" 200 607246
157.55.39.138 - - [23/Aug/2015:05:45:48 -0500] "GET /BLA/resoluciones/AUTOS%202014/1064.pdf HTTP/1.1" 200 608937
151.80.31.130 - - [23/Aug/2015:05:45:51 -0500] "GET /BLA/resoluciones/RESOLUCIONES%202002/RES%202002%20551-600/00000565.tif HTTP/1.1" 200 81568
157.55.39.138 - - [23/Aug/2015:05:45:49 -0500] "GET /BLA/resoluciones/RESOLUCIONES%202010/ HTTP/1.1" 200 593332
157.55.39.138 - - [23/Aug/2015:05:45:52 -0500] "GET /BLA/resoluciones/RESOLUCIONES%202010/7073.pdf HTTP/1.1" 200 1315214
66.249.64.106 - - [23/Aug/2015:05:45:54 -0500] "GET /BLA/resoluciones/RESOLUCIONES%202010/4727.pdf HTTP/1.1" 200 341706
157.55.39.138 - - [23/Aug/2015:05:45:53 -0500] "GET /BLA/resoluciones/RESOLUCIONES%202010/?C=M;O=A HTTP/1.1" 200 593332
157.55.39.138 - - [23/Aug/2015:05:45:56 -0500] "GET /BLA/resoluciones/RESOLUCIONES%202010/?C=S;O=A HTTP/1.1" 200 593332
157.55.39.138 - - [23/Aug/2015:05:45:57 -0500] "GET /BLA/resoluciones/AUTOS%202011/?C=D;O=A HTTP/1.1" 200 593318
157.55.39.138 - - [23/Aug/2015:05:46:00 -0500] "GET /BLA/resoluciones/RESOLUCIONES%202012/?C=N;O=D HTTP/1.1" 200 165810
157.55.39.138 - - [23/Aug/2015:05:45:59 -0500] "GET /BLA/resoluciones/AUTOS%202009/?C=S;O=D HTTP/1.1" 200 511202
157.55.39.138 - - [23/Aug/2015:05:46:02 -0500] "GET /BLA/resoluciones/Resoluciones%202011/?C=M;O=A HTTP/1.1" 200 601147
157.55.39.138 - - [23/Aug/2015:05:46:02 -0500] "GET /BLA/resoluciones/Resoluciones%202011/?C=S;O=D HTTP/1.1" 200 593122
157.55.39.138 - - [23/Aug/2015:05:46:02 -0500] "GET /BLA/resoluciones/AUTOS%202007/?C=S;O=A HTTP/1.1" 200 593318
157.55.39.138 - - [23/Aug/2015:05:46:04 -0500] "GET /bla/resoluciones/RESOLUCIONES%202011/?C=D;O=D HTTP/1.1" 200 593122
157.55.39.138 - - [23/Aug/2015:05:46:05 -0500] "GET /bla/resoluciones/RESOLUCIONES%202009/?C=N;O=A HTTP/1.1" 200 593331
157.55.39.138 - - [23/Aug/2015:05:46:08 -0500] "GET /desprendiblespago/controlador HTTP/1.1" 200 2321
157.55.39.138 - - [23/Aug/2015:05:46:06 -0500] "GET /bla/resoluciones/RESOLUCIONES%202009/?C=M;O=D HTTP/1.1" 200 593122
157.55.39.138 - - [23/Aug/2015:05:46:09 -0500] "GET /bla/resoluciones/resoluciones%202009/?C=M;O=A HTTP/1.1" 200 593332
157.55.39.137 - - [23/Aug/2015:05:46:12 -0500] "GET /bla/resoluciones/resoluciones%202011/?C=N;O=A HTTP/1.1" 200 593121
157.55.39.137 - - [23/Aug/2015:05:46:15 -0500] "GET /bla/resoluciones/resoluciones%202010/?C=N;O=D HTTP/1.1" 200 593332
157.55.39.137 - - [23/Aug/2015:05:46:18 -0500] "GET /BLA/resoluciones/index.php?dir=AUTOS%202009/&sort=date&order=desc HTTP/1.1" 200 395125
157.55.39.137 - - [23/Aug/2015:05:46:21 -0500] "GET /BLA/resoluciones/index.php?dir=AUTOS%202009/&sort=name&order=asc HTTP/1.1" 200 395126
157.55.39.137 - - [23/Aug/2015:05:46:23 -0500] "GET /BLA/resoluciones/index.php?dir=AUTOS%202009/&sort=name&order=desc HTTP/1.1" 200 395125
157.55.39.137 - - [23/Aug/2015:05:46:25 -0500] "GET /BLA/resoluciones/index.php?dir=AUTOS%202009/&sort=size&order=desc HTTP/1.1" 200 395125
157.55.39.73 - - [23/Aug/2015:05:46:30 -0500] "GET /BLA/resoluciones/index.php?dir=AUTOS%202012/&sort=date&order=asc HTTP/1.1" 200 255444
157.55.39.73 - - [23/Aug/2015:05:46:31 -0500] "GET /BLA/resoluciones/index.php?dir=RESOLUCIONES%202013/&sort=date&order=asc HTTP/1.1" 200 216663
157.55.39.73 - - [23/Aug/2015:05:46:33 -0500] "GET /BLA/resoluciones/index.php?dir=RESOLUCIONES%202012/&sort=size&order=asc HTTP/1.1" 200 134793
157.55.39.73 - - [23/Aug/2015:05:46:34 -0500] "GET /BLA/resoluciones/index.php?dir=AUTOS%202012/&sort=size&order=desc HTTP/1.1" 200 255443
157.55.39.73 - - [23/Aug/2015:05:46:37 -0500] "GET /BLA/resoluciones/index.php?dir=AUTOS+2007%2F HTTP/1.1" 200 628259
157.55.39.73 - - [23/Aug/2015:05:46:42 -0500] "GET /BLA/resoluciones/index.php?dir=RESOLUCIONES%202012/&sort=date&order=asc HTTP/1.1" 200 134793
157.55.39.73 - - [23/Aug/2015:05:46:43 -0500] "GET /BLA/resoluciones/index.php?dir=RESOLUCIONES%202011/&sort=size&order=desc HTTP/1.1" 200 607380
157.55.39.73 - - [23/Aug/2015:05:46:46 -0500] "GET /BLA/resoluciones/index.php?dir=RESOLUCIONES%202011/&sort=name&order=asc HTTP/1.1" 200 607414
157.55.39.138 - - [23/Aug/2015:05:46:50 -0500] "GET /BLA/resoluciones/index.php?dir=RESOLUCIONES+2014%2F HTTP/1.1" 200 212723
157.55.39.138 - - [23/Aug/2015:05:46:51 -0500] "GET /BLA/resoluciones/index.php?dir=AUTOS%202010/&sort=size&order=asc HTTP/1.1" 200 249988
157.55.39.73 - - [23/Aug/2015:05:46:49 -0500] "GET /BLA/resoluciones/Autos%202008/?C=D;O=D HTTP/1.1" 200 593318
157.55.39.138 - - [23/Aug/2015:05:46:53 -0500] "GET /BLA/resoluciones/index.php?dir=RESOLUCIONES+2011%2F HTTP/1.1" 200 607414
66.249.64.253 - - [23/Aug/2015:05:46:56 -0500] "GET /ecodirectorio/files/res/thumbnails/thumb_11.png HTTP/1.1" 200 17635
157.55.39.72 - - [23/Aug/2015:05:46:53 -0500] "GET /BLA/resoluciones/RESOLUCIONES%202009/?C=S;O=A HTTP/1.1" 200 593122
157.55.39.72 - - [23/Aug/2015:05:46:56 -0500] "GET /BLA/resoluciones/RESOLUCIONES%202010/6000.pdf HTTP/1.1" 200 1586337
157.55.39.72 - - [23/Aug/2015:05:46:57 -0500] "GET /BLA/resoluciones/Autos%202008/?C=N;O=A HTTP/1.1" 200 593318
157.55.39.138 - - [23/Aug/2015:05:46:56 -0500] "GET /BLA/resoluciones/index.php?dir=RESOLUCIONES+2010%2F HTTP/1.1" 200 672953
157.55.39.72 - - [23/Aug/2015:05:47:00 -0500] "GET /BLA/resoluciones/RESOLUCIONES%202010/?C=S;O=D HTTP/1.1" 200 593332
157.55.39.73 - - [23/Aug/2015:05:47:03 -0500] "GET /BLA/resoluciones/Resoluciones%202011/?C=D;O=D HTTP/1.1" 200 593122
157.55.39.73 - - [23/Aug/2015:05:47:06 -0500] "GET /BLA/resoluciones/AUTOS%202007/?C=N;O=A HTTP/1.1" 200 593318
157.55.39.73 - - [23/Aug/2015:05:47:10 -0500] "GET /bla/resoluciones/RESOLUCIONES%202011/?C=M;O=D HTTP/1.1" 200 665283
157.55.39.73 - - [23/Aug/2015:05:47:13 -0500] "GET /bla/resoluciones/RESOLUCIONES%202011/?C=M;O=A HTTP/1.1" 200 737445
151.80.31.130 - - [23/Aug/2015:05:47:44 -0500] "GET /autoliquidacion/index.php?dir=TR%C3%83%C2%81MITES%20AGUAS%20SUBTERR%C3%83%C2%81NEAS/126PM04-PR91-CONCESI%C3%83%C2%92N%20DE%20AGUAS%20SUBTERRANEAS/&sort=date&order=asc HTTP/1.1" 200 6825
66.249.64.96 - - [23/Aug/2015:05:47:47 -0500] "GET /BLA/resoluciones/RESOLUCIONES%202010/7134.pdf HTTP/1.1" 200 382096
157.55.39.73 - - [23/Aug/2015:05:47:19 -0500] "GET /BLA/boletinlegal/ HTTP/1.1" 200 54861
66.249.64.101 - - [23/Aug/2015:05:48:46 -0500] "GET /BLA/resoluciones/RESOLUCIONES%202010/5419.pdf HTTP/1.1" 200 746807
66.249.64.96 - - [23/Aug/2015:05:48:47 -0500] "GET /BLA/resoluciones/RESOLUCIONES%202012/1430.pdf HTTP/1.1" 304 -
157.55.39.208 - - [23/Aug/2015:05:48:56 -0500] "GET /BLA/resoluciones/index.php?dir=RESOLUCIONES%202013/&sort=size&order=asc HTTP/1.1" 200 216663
157.55.39.208 - - [23/Aug/2015:05:48:58 -0500] "GET /BLA/resoluciones/index.php?dir=AUTOS%202012/&sort=size&order=asc HTTP/1.1" 200 255444
157.55.39.208 - - [23/Aug/2015:05:49:00 -0500] "GET /BLA/resoluciones/index.php?dir=AUTOS+2011%2F HTTP/1.1" 200 555264
66.249.64.96 - - [23/Aug/2015:05:49:09 -0500] "GET /BLA/resoluciones/RESOLUCIONES%202007/RES%202007%201201%20AL%201300/RESOLUCION%201285%20DE%202007.pdf HTTP/1.1" 200 922699
157.55.39.208 - - [23/Aug/2015:05:49:04 -0500] "GET /BLA/resoluciones/index.php?dir=RESOLUCIONES%202010/&sort=size&order=desc HTTP/1.1" 200 738770
157.55.39.73 - - [23/Aug/2015:05:49:08 -0500] "GET /BLA/resoluciones/index.php?dir=RESOLUCIONES%202014/&sort=size&order=asc HTTP/1.1" 200 212723
157.55.39.208 - - [23/Aug/2015:05:49:10 -0500] "GET /BLA/resoluciones/index.php?dir=AUTOS+2014%2F HTTP/1.1" 200 466967
157.55.39.73 - - [23/Aug/2015:05:49:10 -0500] "GET /bla/resoluciones/resoluciones%202009/?C=D;O=D HTTP/1.1" 200 609159
157.55.39.208 - - [23/Aug/2015:05:49:13 -0500] "GET /BLA/resoluciones/index.php?dir=AUTOS+2015%2F HTTP/1.1" 200 53666
157.55.39.73 - - [23/Aug/2015:05:49:13 -0500] "GET /bla/resoluciones/resoluciones%202009/?C=N;O=A HTTP/1.1" 200 593331
157.55.39.208 - - [23/Aug/2015:05:49:13 -0500] "GET /BLA/resoluciones/index.php?dir=RESOLUCIONES%202008/&sort=date&order=asc HTTP/1.1" 200 672885
207.46.13.31 - - [23/Aug/2015:05:49:17 -0500] "GET /StormSDA/storm/OpenRemote.jar HTTP/1.1" 200 11535
157.55.39.73 - - [23/Aug/2015:05:49:16 -0500] "GET /BLA/resoluciones/Resoluciones%202011/?C=N;O=D HTTP/1.1" 200 593122
157.55.39.73 - - [23/Aug/2015:05:49:19 -0500] "GET /bla/resoluciones/resoluciones%202010/?C=D;O=D HTTP/1.1" 200 593332
66.249.64.96 - - [23/Aug/2015:05:49:33 -0500] "GET /BLA/resoluciones/AUTOS%202010/0531.pdf HTTP/1.1" 304 -
157.55.39.73 - - [23/Aug/2015:05:50:02 -0500] "GET /BLA/resoluciones/index.php?dir=AUTOS%202009/&sort=size&order=asc HTTP/1.1" 200 395126
157.55.39.73 - - [23/Aug/2015:05:50:04 -0500] "GET /BLA/resoluciones/index.php?dir=AUTOS%202010/&sort=name&order=asc HTTP/1.1" 200 249988
151.80.31.130 - - [23/Aug/2015:05:50:18 -0500] "GET /BLA/resoluciones/RESOLUCIONES%202005/RES%202005%20851-900/00000896.tif HTTP/1.1" 200 246370
151.80.31.130 - - [23/Aug/2015:05:50:29 -0500] "GET /BLA/resoluciones/RESOLUCIONES%202003/RES%202003%20001-050/2003RES24.tif HTTP/1.1" 200 155268
74.86.158.107 - - [23/Aug/2015:05:50:43 -0500] "HEAD / HTTP/1.1" 200 -
66.249.64.106 - - [23/Aug/2015:05:51:10 -0500] "GET /BLA/resoluciones/AUTOS%202008/1572.pdf HTTP/1.1" 200 114037
151.80.31.130 - - [23/Aug/2015:05:51:14 -0500] "GET /BLA/resoluciones/RESOLUCIONES%202004/RES%202004%201201-1250/00001205.tif HTTP/1.1" 200 219956
151.80.31.130 - - [23/Aug/2015:05:51:30 -0500] "GET /BLA/resoluciones/RESOLUCIONES%202005/RES%202005%201801-1850/00001809.tif HTTP/1.1" 200 70160
66.249.64.96 - - [23/Aug/2015:05:51:56 -0500] "GET /BLA/resoluciones/RESOLUCIONES%202010/6097.pdf HTTP/1.1" 200 672939
66.249.64.101 - - [23/Aug/2015:05:51:58 -0500] "GET /BLA/resoluciones/RESOLUCIONES%202012/1256.pdf HTTP/1.1" 304 -
66.249.64.96 - - [23/Aug/2015:05:52:23 -0500] "GET /BLA/resoluciones/AUTOS%202010/5639.pdf HTTP/1.1" 200 289846
66.249.64.96 - - [23/Aug/2015:05:53:12 -0500] "GET /BLA/resoluciones/RESOLUCIONES%202006/RES%202006%202651-2700/00002685.tif HTTP/1.1" 200 75878
157.55.39.38 - - [23/Aug/2015:05:53:27 -0500] "GET /videos/ambiente-ciudad/popcorn/?C=N;O=D HTTP/1.1" 200 1028
157.55.39.38 - - [23/Aug/2015:05:53:27 -0500] "GET /sig/Gesti%C3%B3n%20de%20Recursos%20F%C3%ADsicos/126PA04-PR04.pdf HTTP/1.1" 200 23183
157.55.39.38 - - [23/Aug/2015:05:53:27 -0500] "GET /StormSDA/userFiles%20-%20Copy%2019-07-2012/user_files/formatos/eventos/?C=D;O=A HTTP/1.1" 200 914
157.55.39.172 - - [23/Aug/2015:05:53:50 -0500] "GET /Anexos%20estudio%20Organizacional%20SDA/index.php?dir=ANEXO%20No.%204%20-%20ENCUESTA%20DE%20AN\xc3\x83\xc2\x81LISIS%20ORGANIZACIONAL/&sort=date&order=desc HTTP/1.1" 200 6168
66.249.64.106 - - [23/Aug/2015:05:54:32 -0500] "GET /BLA/resoluciones/RESOLUCIONES%202010/6048.pdf HTTP/1.1" 200 3777480
66.249.64.96 - - [23/Aug/2015:05:55:06 -0500] "GET /BLA/resoluciones/RESOLUCIONES%202010/4335.pdf HTTP/1.1" 304 -
66.249.64.101 - - [23/Aug/2015:05:55:10 -0500] "GET /BLA/resoluciones/RESOLUCIONES%202010/4717.pdf HTTP/1.1" 304 -
66.249.64.101 - - [23/Aug/2015:05:55:10 -0500] "GET /BLA/circulares/2-2011.pdf HTTP/1.1" 200 496778
66.249.64.96 - - [23/Aug/2015:05:55:30 -0500] "GET /BLA/resoluciones/RESOLUCIONES%202013/1828.pdf HTTP/1.1" 200 540218
190.27.28.128 - - [23/Aug/2015:05:55:32 -0500] "GET /galeria/carrusel/Carrusel/jquery.thumbnailScroller.css HTTP/1.1" 200 2066
190.27.28.128 - - [23/Aug/2015:05:55:32 -0500] "GET /galeria/carrusel/Carrusel/jquery-ui-1.8.13.custom.min.js HTTP/1.1" 200 10800
190.27.28.128 - - [23/Aug/2015:05:55:32 -0500] "GET /galeria/carrusel/Carrusel/jquery.thumbnailScroller.js HTTP/1.1" 200 8157
190.27.28.128 - - [23/Aug/2015:05:55:34 -0500] "GET /galeria/nivo-slider/demo/demo.html HTTP/1.1" 200 5195
190.27.28.128 - - [23/Aug/2015:05:55:36 -0500] "GET /galeria/nivo-slider/themes/default/default.css HTTP/1.1" 200 1569
190.27.28.128 - - [23/Aug/2015:05:55:36 -0500] "GET /galeria/nivo-slider/themes/pascal/pascal.css HTTP/1.1" 200 2258
190.27.28.128 - - [23/Aug/2015:05:55:36 -0500] "GET /galeria/nivo-slider/themes/orman/orman.css HTTP/1.1" 200 2152
190.27.28.128 - - [23/Aug/2015:05:55:36 -0500] "GET /galeria/nivo-slider/nivo-slider.css HTTP/1.1" 200 1507
190.27.28.128 - - [23/Aug/2015:05:55:36 -0500] "GET /galeria/nivo-slider/demo/style.css HTTP/1.1" 200 2222
190.27.28.128 - - [23/Aug/2015:05:55:36 -0500] "GET /galeria/nivo-slider/demo/images/rendicion-de-cuentas-7-agosto.jpg HTTP/1.1" 200 149701
190.27.28.128 - - [23/Aug/2015:05:55:37 -0500] "GET /galeria/nivo-slider/demo/scripts/jquery-1.7.1.min.js HTTP/1.1" 200 93868
190.27.28.128 - - [23/Aug/2015:05:55:37 -0500] "GET /galeria/nivo-slider/jquery.nivo.slider.pack.js HTTP/1.1" 200 11561
190.27.28.128 - - [23/Aug/2015:05:55:37 -0500] "GET /galeria/nivo-slider/demo/images/PREDAcamp.jpg HTTP/1.1" 200 295358
190.27.28.128 - - [23/Aug/2015:05:55:37 -0500] "GET /galeria/nivo-slider/demo/images/Banner-ecolecta2015.jpg HTTP/1.1" 200 219133
190.27.28.128 - - [23/Aug/2015:05:55:38 -0500] "GET /galeria/nivo-slider/demo/images/4Simple_Slider.png HTTP/1.1" 200 11722
190.27.28.128 - - [23/Aug/2015:05:55:38 -0500] "GET /galeria/nivo-slider/themes/default/loading.gif HTTP/1.1" 200 1737
190.27.28.128 - - [23/Aug/2015:05:55:40 -0500] "GET /galeria/nivo-slider/demo/images/Semana-PYBA.jpg HTTP/1.1" 200 103786
74.86.158.107 - - [23/Aug/2015:05:55:43 -0500] "HEAD / HTTP/1.1" 200 -
190.27.28.128 - - [23/Aug/2015:05:55:52 -0500] "GET /galeria/galeria/jquery.fancybox.css?v=2.1.5 HTTP/1.1" 304 -
190.27.28.128 - - [23/Aug/2015:05:55:52 -0500] "GET /BLA/boletinlegal/js/jquery.scrollShow.js HTTP/1.1" 304 -
190.27.28.128 - - [23/Aug/2015:05:55:52 -0500] "GET /galeria/galeria/jquery.fancybox.js?v=2.1.5 HTTP/1.1" 304 -
190.27.28.128 - - [23/Aug/2015:05:56:02 -0500] "GET /galeria/nivo-slider/demo/images/Semana-PYBA.jpg HTTP/1.1" 206 1
190.27.28.128 - - [23/Aug/2015:05:56:02 -0500] "GET /galeria/nivo-slider/demo/images/Banner-ecolecta2015.jpg HTTP/1.1" 206 1
190.27.28.128 - - [23/Aug/2015:05:56:02 -0500] "GET /galeria/nivo-slider/demo/images/VoluntariadoPYBA.jpg HTTP/1.1" 200 40647
190.27.28.128 - - [23/Aug/2015:05:56:03 -0500] "GET /galeria/nivo-slider/demo/images/Semana-PYBA.jpg HTTP/1.1" 206 68724
190.27.28.128 - - [23/Aug/2015:05:56:03 -0500] "GET /galeria/nivo-slider/demo/images/Banner-ecolecta2015.jpg HTTP/1.1" 206 131311
190.27.28.128 - - [23/Aug/2015:05:56:03 -0500] "GET /galeria/nivo-slider/demo/images/Cambio-Climatico-Cerros.jpg HTTP/1.1" 200 273652
190.27.28.128 - - [23/Aug/2015:05:56:04 -0500] "GET /galeria/nivo-slider/demo/images/Banner-TL.jpg HTTP/1.1" 200 158976
190.27.28.128 - - [23/Aug/2015:05:56:04 -0500] "GET /galeria/nivo-slider/demo/images/banner-llantas2.jpg HTTP/1.1" 200 204644
190.27.28.128 - - [23/Aug/2015:05:56:05 -0500] "GET /galeria/nivo-slider/demo/images/9Signos.jpg HTTP/1.1" 200 81776
190.27.28.128 - - [23/Aug/2015:05:56:05 -0500] "GET /galeria/nivo-slider/demo/images/Comparendo-ambiental-Banner.jpg HTTP/1.1" 200 83731
190.27.28.128 - - [23/Aug/2015:05:56:06 -0500] "GET /galeria/nivo-slider/demo/images/GAE-banner.jpg HTTP/1.1" 200 97556
151.80.31.130 - - [23/Aug/2015:05:56:06 -0500] "GET /BLA/resoluciones/RESOLUCIONES%202006/RES%202006%20301-350/00000333.tif HTTP/1.1" 200 151998
190.27.28.128 - - [23/Aug/2015:05:56:08 -0500] "GET /galeria/nivo-slider/demo/images/Banner-encuesta-de-percepscio.jpg HTTP/1.1" 200 201899
190.27.28.128 - - [23/Aug/2015:05:56:08 -0500] "GET /galeria/nivo-slider/demo/images/acuerdo_569.jpg HTTP/1.1" 200 62670
190.27.28.128 - - [23/Aug/2015:05:56:08 -0500] "GET /galeria/nivo-slider/demo/images/banner-Pacto-por-la-madera.jpg HTTP/1.1" 200 209966
190.27.28.128 - - [23/Aug/2015:05:56:10 -0500] "GET /galeria/nivo-slider/demo/images/Banner-Directorio.jpg HTTP/1.1" 200 182068
190.27.28.128 - - [23/Aug/2015:05:56:11 -0500] "GET /galeria/nivo-slider/demo/images/Ruta-vertimientos-01.jpg HTTP/1.1" 200 130151
190.27.28.128 - - [23/Aug/2015:05:56:12 -0500] "GET /galeria/nivo-slider/demo/images/bolsas-06.jpg HTTP/1.1" 200 90982
190.27.28.128 - - [23/Aug/2015:05:56:12 -0500] "GET /galeria/nivo-slider/demo/images/Conoce-los-humedales.jpg HTTP/1.1" 200 294036
190.27.28.128 - - [23/Aug/2015:05:56:14 -0500] "GET /galeria/nivo-slider/demo/images/ecolecta-Dic2014.png HTTP/1.1" 200 288593
190.27.28.128 - - [23/Aug/2015:05:56:14 -0500] "GET /galeria/nivo-slider/demo/images/Banner-Caracol-Africano.jpg HTTP/1.1" 200 331986
90.175.4.36 - - [23/Aug/2015:05:56:18 -0500] "GET /BLA/boletinlegal/js/jquery.scrollShow.js HTTP/1.1" 200 4586
90.175.4.36 - - [23/Aug/2015:05:56:18 -0500] "GET /galeria/galeria/jquery.fancybox.css?v=2.1.5 HTTP/1.1" 200 4895
90.175.4.36 - - [23/Aug/2015:05:56:18 -0500] "GET /galeria/galeria/jquery.fancybox.js?v=2.1.5 HTTP/1.1" 200 48706
190.145.92.19 - - [23/Aug/2015:05:56:20 -0500] "GET /galeria/galeria/jquery.fancybox.css?v=2.1.5 HTTP/1.1" 200 4895
190.145.92.19 - - [23/Aug/2015:05:56:20 -0500] "GET /galeria/galeria/fotos/Huemdal-Cordoba2P.jpg HTTP/1.1" 200 44409
190.145.92.19 - - [23/Aug/2015:05:56:20 -0500] "GET /galeria/galeria/fotos/Huemdal-Cordoba1P.jpg HTTP/1.1" 200 30712
190.145.92.19 - - [23/Aug/2015:05:56:20 -0500] "GET /galeria/galeria/fotos/Huemdal-Cordoba3P.jpg HTTP/1.1" 200 40788
190.145.92.19 - - [23/Aug/2015:05:56:20 -0500] "GET /galeria/galeria/jquery.fancybox.js?v=2.1.5 HTTP/1.1" 200 48706
151.80.31.130 - - [23/Aug/2015:05:56:25 -0500] "GET /BLA/resoluciones/AUTOS%202006/AUTOS%202006%202601%20-%202700/00002603.tif HTTP/1.1" 200 54494
176.31.7.206 - - [23/Aug/2015:05:56:25 -0500] "GET / HTTP/1.1" 200 10190
90.175.4.36 - - [23/Aug/2015:05:56:28 -0500] "GET /BLA/boletinlegal/js/jquery.scrollShow.js HTTP/1.1" 200 4586
90.175.4.36 - - [23/Aug/2015:05:56:28 -0500] "GET /galeria/galeria/jquery.fancybox.js?v=2.1.5 HTTP/1.1" 200 48706
90.175.4.36 - - [23/Aug/2015:05:56:28 -0500] "GET /galeria/galeria/jquery.fancybox.css?v=2.1.5 HTTP/1.1" 200 4895
190.27.28.128 - - [23/Aug/2015:05:57:04 -0500] "GET /galeria/nivo-slider/themes/default/arrows.png HTTP/1.1" 200 824
190.27.28.128 - - [23/Aug/2015:05:57:04 -0500] "GET /galeria/nivo-slider/themes/default/bullets.png HTTP/1.1" 200 1281
93.144.226.236 - - [23/Aug/2015:05:57:22 -0500] "GET /webdav/x32.php?host=77.229.141.206&time=60&port=80 HTTP/1.1" 404 1018
