190.156.37.254 - - [23/Aug/2015:12:27:39 -0500] "GET /galeria/nivo-slider/demo/images/ecolecta-Dic2014.png HTTP/1.1" 200 288593
190.156.37.254 - - [23/Aug/2015:12:27:39 -0500] "GET /galeria/nivo-slider/demo/images/Banner-Caracol-Africano.jpg HTTP/1.1" 200 331986
190.156.37.254 - - [23/Aug/2015:12:27:43 -0500] "GET /galeria/nivo-slider/themes/default/bullets.png HTTP/1.1" 200 1281
190.156.37.254 - - [23/Aug/2015:12:27:43 -0500] "GET /galeria/nivo-slider/themes/default/arrows.png HTTP/1.1" 200 824
66.249.64.96 - - [23/Aug/2015:12:27:51 -0500] "GET /BLA/resoluciones/AUTOS%202011/4157.pdf HTTP/1.1" 200 451445
181.61.173.135 - - [23/Aug/2015:12:21:58 -0500] "GET /ForestMSG_SDA/channelAsync/template_word_18996452?X-Atmosphere-tracking-id=7b660e6e-6937-439a-451e-f97d74b90221&X-Atmosphere-Framework=1.0.5&X-Atmosphere-Transport=long-polling&tabid=0.5197256403043866&X-Cache-Date=0&Content-Type=application/xml&_=1440350631355 HTTP/1.1" 200 8193
186.84.50.252 - - [23/Aug/2015:12:27:58 -0500] "POST /forms/lservlet;jsessionid=ac16012b30d6bbded64e160b4f158d88824b234e941d.e3iSbxaKaheRe38Ka34Oa3eLbxf0n6jAmljGr5XDqQLvpAe HTTP/1.1" 200 2
190.39.180.249 - - [23/Aug/2015:12:28:05 -0500] "GET /BLA/boletinlegal/js/jquery.scrollShow.js HTTP/1.1" 200 4586
190.69.210.1 - - [23/Aug/2015:12:28:05 -0500] "GET /BLA/boletinlegal/js/jquery.scrollShow.js HTTP/1.1" 200 4586
190.39.180.249 - - [23/Aug/2015:12:28:06 -0500] "GET /galeria/galeria/jquery.fancybox.js?v=2.1.5 HTTP/1.1" 200 48706
190.69.210.1 - - [23/Aug/2015:12:28:06 -0500] "GET /galeria/galeria/jquery.fancybox.css?v=2.1.5 HTTP/1.1" 200 4895
190.69.210.1 - - [23/Aug/2015:12:28:06 -0500] "GET /galeria/galeria/jquery.fancybox.js?v=2.1.5 HTTP/1.1" 200 48706
190.39.180.249 - - [23/Aug/2015:12:28:06 -0500] "GET /galeria/galeria/jquery.fancybox.css?v=2.1.5 HTTP/1.1" 200 4895
190.69.210.1 - - [23/Aug/2015:12:28:28 -0500] "GET /BLA/boletinlegal/js/jquery.scrollShow.js HTTP/1.1" 304 -
190.69.210.1 - - [23/Aug/2015:12:28:28 -0500] "GET /galeria/galeria/jquery.fancybox.css?v=2.1.5 HTTP/1.1" 304 -
190.69.210.1 - - [23/Aug/2015:12:28:28 -0500] "GET /galeria/galeria/jquery.fancybox.js?v=2.1.5 HTTP/1.1" 304 -
190.39.180.249 - - [23/Aug/2015:12:28:33 -0500] "GET /BLA/boletinlegal/js/jquery.scrollShow.js HTTP/1.1" 200 4586
190.39.180.249 - - [23/Aug/2015:12:28:33 -0500] "GET /galeria/galeria/jquery.fancybox.js?v=2.1.5 HTTP/1.1" 200 48706
190.39.180.249 - - [23/Aug/2015:12:28:35 -0500] "GET /galeria/galeria/jquery.fancybox.css?v=2.1.5 HTTP/1.1" 200 4895
201.244.115.67 - - [23/Aug/2015:12:28:39 -0500] "GET /galeria/galeria/jquery.fancybox.css?v=2.1.5 HTTP/1.1" 200 4895
201.244.115.67 - - [23/Aug/2015:12:28:39 -0500] "GET /BLA/boletinlegal/js/jquery.scrollShow.js HTTP/1.1" 200 4586
201.244.115.67 - - [23/Aug/2015:12:28:39 -0500] "GET /galeria/galeria/jquery.fancybox.js?v=2.1.5 HTTP/1.1" 200 48706
66.249.64.96 - - [23/Aug/2015:12:29:01 -0500] "GET /BLA/resoluciones/RESOLUCIONES%202010/3933.pdf HTTP/1.1" 304 -
66.249.64.106 - - [23/Aug/2015:12:29:04 -0500] "GET /BLA/resoluciones/AUTOS%202010/5592.pdf HTTP/1.1" 304 -
190.26.153.63 - - [23/Aug/2015:12:29:19 -0500] "GET /galeria/mapa/3MapaBogot%C3%A1.jpg HTTP/1.1" 200 688183
181.156.98.93 - - [23/Aug/2015:12:29:27 -0500] "GET /galeria/nivo-slider/demo/demo.html HTTP/1.1" 200 5195
181.156.98.93 - - [23/Aug/2015:12:29:27 -0500] "GET /galeria/carrusel/Carrusel/jquery.thumbnailScroller.css HTTP/1.1" 200 2066
181.156.98.93 - - [23/Aug/2015:12:29:27 -0500] "GET /galeria/carrusel/Carrusel/jquery-ui-1.8.13.custom.min.js HTTP/1.1" 200 10800
66.249.64.106 - - [23/Aug/2015:12:29:27 -0500] "GET /BLA/resoluciones/index.php?dir=RESOLUCIONES%202007/RES%202007%202801%20AL%202900/&sort=name&order=desc HTTP/1.1" 200 26858
181.156.98.93 - - [23/Aug/2015:12:29:28 -0500] "GET /galeria/carrusel/Carrusel/jquery.thumbnailScroller.js HTTP/1.1" 200 8157
207.46.13.31 - - [23/Aug/2015:12:29:32 -0500] "GET /StormSDA/userFiles%20-%20Copy%2019-07-2012/user_files/96/?C=M;O=D HTTP/1.1" 200 877
190.26.153.63 - - [23/Aug/2015:12:29:34 -0500] "GET /galeria/galeria/jquery.fancybox.css?v=2.1.5 HTTP/1.1" 200 4895
190.26.153.63 - - [23/Aug/2015:12:29:37 -0500] "GET /galeria/galeria/jquery.fancybox.js?v=2.1.5 HTTP/1.1" 200 48706
190.26.153.63 - - [23/Aug/2015:12:29:38 -0500] "GET /galeria/mapa/humedal.html? HTTP/1.1" 200 11204
190.26.153.63 - - [23/Aug/2015:12:29:38 -0500] "GET /galeria/mapa/TORCA12.jpg HTTP/1.1" 200 24337
190.26.153.63 - - [23/Aug/2015:12:29:38 -0500] "GET /galeria/mapa/Guaymaral12.jpg HTTP/1.1" 200 53686
190.26.153.63 - - [23/Aug/2015:12:29:38 -0500] "GET /galeria/mapa/CORDOBA12.jpg HTTP/1.1" 200 23380
190.26.153.63 - - [23/Aug/2015:12:29:38 -0500] "GET /galeria/mapa/CONEJERA12.jpg HTTP/1.1" 200 21841
190.26.153.63 - - [23/Aug/2015:12:29:38 -0500] "GET /galeria/mapa/SANTAMARIA22.jpg HTTP/1.1" 200 22321
190.26.153.63 - - [23/Aug/2015:12:29:38 -0500] "GET /galeria/mapa/JUANAMARILLO12.jpg HTTP/1.1" 200 21131
190.26.153.63 - - [23/Aug/2015:12:29:38 -0500] "GET /galeria/mapa/JABOQUE12.jpg HTTP/1.1" 200 21815
190.26.153.63 - - [23/Aug/2015:12:29:38 -0500] "GET /galeria/mapa/capellania12.jpg HTTP/1.1" 200 22811
190.26.153.63 - - [23/Aug/2015:12:29:38 -0500] "GET /galeria/mapa/BURRO12.jpg HTTP/1.1" 200 24169
190.26.153.63 - - [23/Aug/2015:12:29:38 -0500] "GET /galeria/mapa/TECHO12.jpg HTTP/1.1" 200 27716
190.26.153.63 - - [23/Aug/2015:12:29:38 -0500] "GET /galeria/mapa/MEANDRO12.jpg HTTP/1.1" 200 22732
190.26.153.63 - - [23/Aug/2015:12:29:39 -0500] "GET /galeria/mapa/VACA12.jpg HTTP/1.1" 200 22491
190.26.153.63 - - [23/Aug/2015:12:29:39 -0500] "GET /galeria/mapa/TIBANICA12.jpg HTTP/1.1" 200 23039
190.26.153.63 - - [23/Aug/2015:12:29:39 -0500] "GET /galeria/mapa/Aula-Soratama.jpg HTTP/1.1" 200 51270
190.26.153.63 - - [23/Aug/2015:12:29:40 -0500] "GET /galeria/mapa/Aula-Nevados.jpg HTTP/1.1" 200 64761
190.26.153.63 - - [23/Aug/2015:12:29:40 -0500] "GET /galeria/mapa/Montana-Entrenubes.jpg HTTP/1.1" 200 42011
190.26.153.63 - - [23/Aug/2015:12:29:40 -0500] "GET /galeria/mapa/aulaSantaM.jpg HTTP/1.1" 200 69216
148.251.237.42 - - [23/Aug/2015:12:29:41 -0500] "GET /robots.txt HTTP/1.0" 404 1019
181.156.98.93 - - [23/Aug/2015:12:29:41 -0500] "GET /galeria/carrusel/Carrusel/jquery-ui-1.8.13.custom.min.js HTTP/1.1" 200 10800
181.156.98.93 - - [23/Aug/2015:12:29:41 -0500] "GET /galeria/carrusel/Carrusel/jquery.thumbnailScroller.js HTTP/1.1" 200 8157
148.251.237.42 - - [23/Aug/2015:12:29:41 -0500] "GET /BLA/boletinlegal/actas/097-2013.pdf HTTP/1.0" 200 164183
181.156.98.93 - - [23/Aug/2015:12:29:41 -0500] "GET /galeria/nivo-slider/demo/style.css HTTP/1.1" 200 2222
181.156.98.93 - - [23/Aug/2015:12:29:41 -0500] "GET /galeria/nivo-slider/demo/scripts/jquery-1.7.1.min.js HTTP/1.1" 200 93868
190.27.127.170 - - [23/Aug/2015:12:29:47 -0500] "GET /galeria/galeria/jquery.fancybox.css?v=2.1.5 HTTP/1.1" 200 4895
190.27.127.170 - - [23/Aug/2015:12:29:47 -0500] "GET /BLA/boletinlegal/js/jquery.scrollShow.js HTTP/1.1" 200 4586
190.27.127.170 - - [23/Aug/2015:12:29:47 -0500] "GET /galeria/galeria/jquery.fancybox.js?v=2.1.5 HTTP/1.1" 200 48706
186.30.7.184 - - [23/Aug/2015:12:29:48 -0500] "GET /galeria/galeria/jquery.fancybox.css?v=2.1.5 HTTP/1.1" 200 4895
186.30.7.184 - - [23/Aug/2015:12:29:48 -0500] "GET /galeria/galeria/jquery.fancybox.js?v=2.1.5 HTTP/1.1" 200 48706
186.30.7.184 - - [23/Aug/2015:12:29:48 -0500] "GET /BLA/boletinlegal/js/jquery.scrollShow.js HTTP/1.1" 200 4586
190.68.202.211 - - [23/Aug/2015:12:23:51 -0500] "GET /ForestMSG_SDA/channelAsync/template_word_18996446?X-Atmosphere-tracking-id=27724171-0f68-20b1-764b-5f385a9b6acc&X-Atmosphere-Framework=1.0.5&X-Atmosphere-Transport=long-polling&tabid=0.48924770182929933&X-Cache-Date=0&Content-Type=application/xml&_=1440350742986 HTTP/1.1" 200 8193
190.68.202.211 - - [23/Aug/2015:12:29:53 -0500] "GET /forest/actions/forms.getList?codForm=visitatecnica&id=funcvisita4&text=j HTTP/1.1" 200 1271
190.68.202.211 - - [23/Aug/2015:12:29:53 -0500] "GET /forest/actions/forms.getList?codForm=visitatecnica&id=funcvisita4&text=je HTTP/1.1" 200 1275
190.68.202.211 - - [23/Aug/2015:12:29:53 -0500] "GET /forest/actions/forms.getList?codForm=visitatecnica&id=funcvisita4&text=jen HTTP/1.1" 200 928
190.68.202.211 - - [23/Aug/2015:12:29:53 -0500] "GET /forest/actions/forms.getList?codForm=visitatecnica&id=funcvisita4&text=jenn HTTP/1.1" 200 723
190.68.202.211 - - [23/Aug/2015:12:29:53 -0500] "GET /forest/actions/forms.getList?codForm=visitatecnica&id=funcvisita4&text=jenni HTTP/1.1" 200 336
186.84.63.199 - - [23/Aug/2015:12:29:57 -0500] "GET /BLA/resoluciones/RESOLUCIONES%202014/0945.pdf HTTP/1.1" 200 657853
190.68.202.211 - - [23/Aug/2015:12:29:57 -0500] "GET /forest/actions/forms.getList?codForm=visitatecnica&id=idtercero5&text=A HTTP/1.1" 200 1575
190.68.202.211 - - [23/Aug/2015:12:29:57 -0500] "GET /forest/actions/forms.getList?codForm=visitatecnica&id=idtercero5&text=AL HTTP/1.1" 200 1527
190.68.202.211 - - [23/Aug/2015:12:29:57 -0500] "GET /forest/actions/forms.getList?codForm=visitatecnica&id=idtercero5&text=ALI HTTP/1.1" 200 1540
186.84.63.199 - - [23/Aug/2015:12:29:58 -0500] "GET /BLA/resoluciones/RESOLUCIONES%202014/0945.pdf HTTP/1.1" 200 657853
186.84.50.252 - - [23/Aug/2015:12:29:58 -0500] "POST /forms/lservlet;jsessionid=ac16012b30d6bbded64e160b4f158d88824b234e941d.e3iSbxaKaheRe38Ka34Oa3eLbxf0n6jAmljGr5XDqQLvpAe HTTP/1.1" 200 2
190.68.202.211 - - [23/Aug/2015:12:29:59 -0500] "GET /forest/actions/forms.getList?codForm=visitatecnica&id=idtercero5&text=AL HTTP/1.1" 200 1527
190.68.202.211 - - [23/Aug/2015:12:29:59 -0500] "GET /forest/actions/forms.getList?codForm=visitatecnica&id=idtercero5&text=ALU HTTP/1.1" 200 1240
190.68.202.211 - - [23/Aug/2015:12:29:59 -0500] "GET /forest/actions/forms.getList?codForm=visitatecnica&id=idtercero5&text=ALUV HTTP/1.1" 200 2
190.68.202.211 - - [23/Aug/2015:12:29:59 -0500] "GET /forest/actions/forms.getList?codForm=visitatecnica&id=idtercero5&text=ALUVI HTTP/1.1" 200 2
190.68.202.211 - - [23/Aug/2015:12:30:00 -0500] "GET /forest/actions/forms.getList?codForm=visitatecnica&id=idtercero5&text=ALUVIA HTTP/1.1" 200 2
190.68.202.211 - - [23/Aug/2015:12:30:00 -0500] "GET /forest/actions/forms.getList?codForm=visitatecnica&id=idtercero5&text=ALUVIAR HTTP/1.1" 200 2
190.68.202.211 - - [23/Aug/2015:12:30:00 -0500] "GET /forest/actions/forms.getList?codForm=visitatecnica&id=idtercero5&text=ALUVIART HTTP/1.1" 200 2
190.68.202.211 - - [23/Aug/2015:12:30:00 -0500] "GET /forest/actions/forms.getList?codForm=visitatecnica&id=idtercero5&text=ALUVIARTE HTTP/1.1" 200 2
190.68.202.211 - - [23/Aug/2015:12:30:02 -0500] "GET /forest/actions/forms.getList?codForm=visitatecnica&id=idtercero5&text=ALUVIARTE%20 HTTP/1.1" 200 2
190.68.202.211 - - [23/Aug/2015:12:30:02 -0500] "GET /forest/actions/forms.getList?codForm=visitatecnica&id=idtercero5&text=ALUVIARTE%20D HTTP/1.1" 200 2
186.30.7.184 - - [23/Aug/2015:12:30:05 -0500] "GET /BLA/boletinlegal/js/jquery.scrollShow.js HTTP/1.1" 304 -
186.30.7.184 - - [23/Aug/2015:12:30:05 -0500] "GET /galeria/galeria/jquery.fancybox.js?v=2.1.5 HTTP/1.1" 304 -
186.30.7.184 - - [23/Aug/2015:12:30:05 -0500] "GET /galeria/galeria/jquery.fancybox.css?v=2.1.5 HTTP/1.1" 304 -
190.68.202.211 - - [23/Aug/2015:12:30:03 -0500] "GET /forest/actions/forms.getList?codForm=visitatecnica&id=idtercero5&text=ALUVIARTE%20DI HTTP/1.1" 200 2
190.68.202.211 - - [23/Aug/2015:12:30:04 -0500] "GET /forest/actions/forms.getList?codForm=visitatecnica&id=idtercero5&text=ALUVIARTE%20DIS HTTP/1.1" 200 2
190.68.202.211 - - [23/Aug/2015:12:30:07 -0500] "GET /forest/actions/forms.getList?codForm=visitatecnica&id=idtercero5&text=ALUVIARTE%20DIS%D1 HTTP/1.1" 200 2
190.68.202.211 - - [23/Aug/2015:12:30:07 -0500] "GET /forest/actions/forms.getList?codForm=visitatecnica&id=idtercero5&text=ALUVIARTE%20DIS%D1O HTTP/1.1" 200 2
190.27.127.170 - - [23/Aug/2015:12:30:10 -0500] "GET /galeria/galeria/jquery.fancybox.css?v=2.1.5 HTTP/1.1" 304 -
190.27.127.170 - - [23/Aug/2015:12:30:10 -0500] "GET /BLA/boletinlegal/js/jquery.scrollShow.js HTTP/1.1" 304 -
190.27.127.170 - - [23/Aug/2015:12:30:10 -0500] "GET /galeria/galeria/jquery.fancybox.js?v=2.1.5 HTTP/1.1" 304 -
190.68.202.211 - - [23/Aug/2015:12:30:07 -0500] "GET /forest/actions/forms.getList?codForm=visitatecnica&id=idtercero5&text=ALUVIARTE%20DIS%D1OS HTTP/1.1" 200 2
190.68.202.211 - - [23/Aug/2015:12:30:08 -0500] "GET /forest/actions/forms.getList?codForm=visitatecnica&id=idtercero5&text=ALUVIARTE%20DIS%D1OS%20 HTTP/1.1" 200 2
190.68.202.211 - - [23/Aug/2015:12:30:09 -0500] "GET /forest/actions/forms.getList?codForm=visitatecnica&id=idtercero5&text=ALUVIARTE%20DIS HTTP/1.1" 200 2
190.68.202.211 - - [23/Aug/2015:12:30:09 -0500] "GET /forest/actions/forms.getList?codForm=visitatecnica&id=idtercero5&text=ALUVIARTE%20DI HTTP/1.1" 200 2
190.68.202.211 - - [23/Aug/2015:12:30:09 -0500] "GET /forest/actions/forms.getList?codForm=visitatecnica&id=idtercero5&text=ALUVIARTE%20D HTTP/1.1" 200 2
190.68.202.211 - - [23/Aug/2015:12:30:10 -0500] "GET /forest/actions/forms.getList?codForm=visitatecnica&id=idtercero5&text=ALUVIARTE%20 HTTP/1.1" 200 2
190.68.202.211 - - [23/Aug/2015:12:30:10 -0500] "GET /forest/actions/forms.getList?codForm=visitatecnica&id=idtercero5&text=ALUVIARTE HTTP/1.1" 200 2
190.27.127.170 - - [23/Aug/2015:12:30:12 -0500] "GET /galeria/galeria/jquery.fancybox.css?v=2.1.5 HTTP/1.1" 200 4895
190.27.127.170 - - [23/Aug/2015:12:30:12 -0500] "GET /BLA/boletinlegal/js/jquery.scrollShow.js HTTP/1.1" 200 4586
190.68.202.211 - - [23/Aug/2015:12:30:12 -0500] "GET /forest/actions/forms.getList?codForm=visitatecnica&id=idtercero5&text=ALU HTTP/1.1" 200 1240
190.68.202.211 - - [23/Aug/2015:12:30:10 -0500] "GET /forest/actions/forms.getList?codForm=visitatecnica&id=idtercero5&text=ALUVIART HTTP/1.1" 200 2
190.68.202.211 - - [23/Aug/2015:12:30:12 -0500] "GET /forest/actions/forms.getList?codForm=visitatecnica&id=idtercero5&text=AL HTTP/1.1" 200 1527
190.68.202.211 - - [23/Aug/2015:12:30:12 -0500] "GET /forest/actions/forms.getList?codForm=visitatecnica&id=idtercero5&text=A HTTP/1.1" 200 1575
190.26.182.169 - - [23/Aug/2015:12:30:12 -0500] "GET /isolucionsda/Logout.asp HTTP/1.1" 200 146
190.68.202.211 - - [23/Aug/2015:12:30:12 -0500] "GET /forest/actions/forms.getList?codForm=visitatecnica&id=idtercero5&text= HTTP/1.1" 200 1575
190.27.127.170 - - [23/Aug/2015:12:30:12 -0500] "GET /galeria/galeria/jquery.fancybox.js?v=2.1.5 HTTP/1.1" 200 48706
190.68.202.211 - - [23/Aug/2015:12:30:11 -0500] "GET /forest/actions/forms.getList?codForm=visitatecnica&id=idtercero5&text=ALUVIAR HTTP/1.1" 200 2
190.68.202.211 - - [23/Aug/2015:12:30:11 -0500] "GET /forest/actions/forms.getList?codForm=visitatecnica&id=idtercero5&text=ALUVIA HTTP/1.1" 200 2
190.68.202.211 - - [23/Aug/2015:12:30:13 -0500] "GET /forest/actions/forms.getList?codForm=visitatecnica&id=idtercero5&text= HTTP/1.1" 200 1575
190.68.202.211 - - [23/Aug/2015:12:30:12 -0500] "GET /forest/actions/forms.getList?codForm=visitatecnica&id=idtercero5&text=ALUVI HTTP/1.1" 200 2
190.68.202.211 - - [23/Aug/2015:12:30:12 -0500] "GET /forest/actions/forms.getList?codForm=visitatecnica&id=idtercero5&text=ALUV HTTP/1.1" 200 2
190.68.202.211 - - [23/Aug/2015:12:30:12 -0500] "GET /forest/actions/forms.getList?codForm=visitatecnica&id=idtercero5&text=ALUVIARTE%20DIS%D1 HTTP/1.1" 200 2
190.68.202.211 - - [23/Aug/2015:12:30:12 -0500] "GET /forest/actions/forms.getList?codForm=visitatecnica&id=idtercero5&text=ALUVIARTE%20DIS%D1O HTTP/1.1" 200 2
190.68.202.211 - - [23/Aug/2015:12:30:13 -0500] "GET /forest/actions/forms.getList?codForm=visitatecnica&id=idtercero5&text=ALUVIARTE%20DIS%D1OS HTTP/1.1" 200 2
186.84.50.252 - - [23/Aug/2015:12:30:16 -0500] "POST /forms/lservlet;jsessionid=ac16012b30d6bbded64e160b4f158d88824b234e941d.e3iSbxaKaheRe38Ka34Oa3eLbxf0n6jAmljGr5XDqQLvpAe HTTP/1.1" 200 647
190.68.202.211 - - [23/Aug/2015:12:30:17 -0500] "GET /forest/skins/gdocs-jar/popup/direccion.jsp?callfromform=form_direcciontecnico261&a=0.0607756688259542 HTTP/1.1" 200 12936
190.68.202.211 - - [23/Aug/2015:12:30:15 -0500] "GET /forest/actions/forms.getList?codForm=visitatecnica&id=idtercero5&text=ALUVIARTE%20DISE%D1OS%20Y%20ACABADOS%20ARQUITECTONICOS%20S.A.S.%09 HTTP/1.1" 200 2
190.24.107.15 - - [23/Aug/2015:12:30:18 -0500] "GET /galeria/nivo-slider/demo/images/rendicion-de-cuentas-7-agosto.jpg HTTP/1.1" 304 -
186.85.180.201 - - [23/Aug/2015:12:30:26 -0500] "GET /galeria/nivo-slider/demo/demo.html HTTP/1.1" 200 5195
190.68.202.211 - - [23/Aug/2015:12:30:29 -0500] "GET /forest/session.jsp?a=0.5283050660509616 HTTP/1.1" 200 4
186.85.180.201 - - [23/Aug/2015:12:30:40 -0500] "GET /galeria/nivo-slider/demo/images/rendicion-de-cuentas-7-agosto.jpg HTTP/1.1" 304 -
186.85.180.201 - - [23/Aug/2015:12:30:40 -0500] "GET /galeria/nivo-slider/demo/images/Banner-ecolecta2015.jpg HTTP/1.1" 304 -
186.85.180.201 - - [23/Aug/2015:12:30:40 -0500] "GET /galeria/nivo-slider/demo/images/PREDAcamp.jpg HTTP/1.1" 304 -
186.85.180.201 - - [23/Aug/2015:12:30:40 -0500] "GET /galeria/nivo-slider/demo/images/Semana-PYBA.jpg HTTP/1.1" 200 103786
186.85.180.201 - - [23/Aug/2015:12:30:40 -0500] "GET /galeria/nivo-slider/demo/images/VoluntariadoPYBA.jpg HTTP/1.1" 304 -
186.85.180.201 - - [23/Aug/2015:12:30:40 -0500] "GET /galeria/nivo-slider/demo/images/Cambio-Climatico-Cerros.jpg HTTP/1.1" 304 -
186.85.180.201 - - [23/Aug/2015:12:30:41 -0500] "GET /galeria/nivo-slider/demo/images/Banner-TL.jpg HTTP/1.1" 304 -
74.86.158.107 - - [23/Aug/2015:12:30:42 -0500] "HEAD / HTTP/1.1" 200 -
190.68.202.211 - - [23/Aug/2015:12:30:41 -0500] "GET /forest/actions/forms.getList?codForm=visitatecnica&id=idtercero5&text=ALUVIARTE%20DISE%D1OS%20Y%20ACABADOS%20ARQUITECTONICOS%20S.A.S. HTTP/1.1" 200 2
190.68.202.211 - - [23/Aug/2015:12:30:41 -0500] "GET /forest/actions/forms.getList?codForm=visitatecnica&id=idtercero5&text=ALUVIARTE%20DISE%D1OS%20Y%20ACABADOS%20ARQUITECTONICOS%20S.A.S HTTP/1.1" 200 2
190.68.202.211 - - [23/Aug/2015:12:30:43 -0500] "GET /forest/actions/forms.getList?codForm=visitatecnica&id=idtercero5&text=ALUVIARTE%20DISE%D1OS%20Y%20ACABADOS%20ARQUITECTONICOS%20S.A.S. HTTP/1.1" 200 2
186.84.50.252 - - [23/Aug/2015:12:30:48 -0500] "POST /forms/lservlet;jsessionid=ac16012b30d6bbded64e160b4f158d88824b234e941d.e3iSbxaKaheRe38Ka34Oa3eLbxf0n6jAmljGr5XDqQLvpAe HTTP/1.1" 200 46
186.84.50.252 - - [23/Aug/2015:12:30:48 -0500] "POST /forms/lservlet;jsessionid=ac16012b30d6bbded64e160b4f158d88824b234e941d.e3iSbxaKaheRe38Ka34Oa3eLbxf0n6jAmljGr5XDqQLvpAe HTTP/1.1" 200 24
190.68.202.211 - - [23/Aug/2015:12:30:52 -0500] "GET /forest/actions/forms.getList?codForm=visitatecnica&id=idtercero5&text= HTTP/1.1" 200 1575
186.84.50.252 - - [23/Aug/2015:12:30:52 -0500] "POST /forms/lservlet;jsessionid=ac16012b30d6bbded64e160b4f158d88824b234e941d.e3iSbxaKaheRe38Ka34Oa3eLbxf0n6jAmljGr5XDqQLvpAe HTTP/1.1" 200 2
186.155.14.226 - - [23/Aug/2015:12:30:53 -0500] "GET /isolucionsda/g/Bot_DocumentosOver_ESP.jpg HTTP/1.1" 200 5899
186.84.50.252 - - [23/Aug/2015:12:30:53 -0500] "POST /forms/lservlet;jsessionid=ac16012b30d6bbded64e160b4f158d88824b234e941d.e3iSbxaKaheRe38Ka34Oa3eLbxf0n6jAmljGr5XDqQLvpAe HTTP/1.1" 200 14
186.155.14.226 - - [23/Aug/2015:12:30:54 -0500] "GET /isolucionsda/g/Bot_ProcesosOver_ESP.jpg HTTP/1.1" 200 4659
186.155.14.226 - - [23/Aug/2015:12:30:55 -0500] "GET /isolucionsda/FrameSetGeneral.asp?Pagina=SucursalSeleccion.asp&CargaPagina=ModuloProcesos&IdModulo=3 HTTP/1.1" 200 146
186.84.50.252 - - [23/Aug/2015:12:30:54 -0500] "POST /forms/lservlet;jsessionid=ac16012b30d6bbded64e160b4f158d88824b234e941d.e3iSbxaKaheRe38Ka34Oa3eLbxf0n6jAmljGr5XDqQLvpAe HTTP/1.1" 200 14
186.84.50.252 - - [23/Aug/2015:12:30:55 -0500] "POST /forms/lservlet;jsessionid=ac16012b30d6bbded64e160b4f158d88824b234e941d.e3iSbxaKaheRe38Ka34Oa3eLbxf0n6jAmljGr5XDqQLvpAe HTTP/1.1" 200 4189
186.84.50.252 - - [23/Aug/2015:12:30:56 -0500] "POST /forms/lservlet;jsessionid=ac16012b30d6bbded64e160b4f158d88824b234e941d.e3iSbxaKaheRe38Ka34Oa3eLbxf0n6jAmljGr5XDqQLvpAe HTTP/1.1" 200 2
181.61.173.135 - - [23/Aug/2015:12:30:58 -0500] "GET /forest/session.jsp?a=0.9648369732312858 HTTP/1.1" 200 4
190.68.202.211 - - [23/Aug/2015:12:30:58 -0500] "POST /forest/usutareas.do? HTTP/1.1" 200 215
186.84.50.252 - - [23/Aug/2015:12:30:59 -0500] "POST /forms/lservlet;jsessionid=ac16012b30d6bbded64e160b4f158d88824b234e941d.e3iSbxaKaheRe38Ka34Oa3eLbxf0n6jAmljGr5XDqQLvpAe HTTP/1.1" 200 2
186.84.50.252 - - [23/Aug/2015:12:30:59 -0500] "POST /forms/lservlet;jsessionid=ac16012b30d6bbded64e160b4f158d88824b234e941d.e3iSbxaKaheRe38Ka34Oa3eLbxf0n6jAmljGr5XDqQLvpAe HTTP/1.1" 200 14
186.84.50.252 - - [23/Aug/2015:12:31:01 -0500] "POST /forms/lservlet;jsessionid=ac16012b30d6bbded64e160b4f158d88824b234e941d.e3iSbxaKaheRe38Ka34Oa3eLbxf0n6jAmljGr5XDqQLvpAe HTTP/1.1" 200 14
186.84.50.252 - - [23/Aug/2015:12:31:02 -0500] "POST /forms/lservlet;jsessionid=ac16012b30d6bbded64e160b4f158d88824b234e941d.e3iSbxaKaheRe38Ka34Oa3eLbxf0n6jAmljGr5XDqQLvpAe HTTP/1.1" 200 14
186.84.50.252 - - [23/Aug/2015:12:31:03 -0500] "POST /forms/lservlet;jsessionid=ac16012b30d6bbded64e160b4f158d88824b234e941d.e3iSbxaKaheRe38Ka34Oa3eLbxf0n6jAmljGr5XDqQLvpAe HTTP/1.1" 200 14
186.84.50.252 - - [23/Aug/2015:12:31:05 -0500] "POST /forms/lservlet;jsessionid=ac16012b30d6bbded64e160b4f158d88824b234e941d.e3iSbxaKaheRe38Ka34Oa3eLbxf0n6jAmljGr5XDqQLvpAe HTTP/1.1" 200 131
186.84.50.252 - - [23/Aug/2015:12:31:05 -0500] "POST /forms/lservlet;jsessionid=ac16012b30d6bbded64e160b4f158d88824b234e941d.e3iSbxaKaheRe38Ka34Oa3eLbxf0n6jAmljGr5XDqQLvpAe HTTP/1.1" 200 2
157.55.39.189 - - [23/Aug/2015:12:31:05 -0500] "GET /sig/ECS/126PM04-PR98.pdf HTTP/1.1" 200 7444230
190.68.202.211 - - [23/Aug/2015:12:31:00 -0500] "GET /forest/usutareas.do?group_system_actual=3&a=0.35683377482928336 HTTP/1.1" 200 370172
190.68.202.211 - - [23/Aug/2015:12:31:08 -0500] "GET /forest/session.jsp?a=0.24500129558146 HTTP/1.1" 200 4
190.68.202.211 - - [23/Aug/2015:12:31:09 -0500] "GET /forest/actions/forms.getList?codForm=conceptotecnico&id=tipodocumento130 HTTP/1.1" 200 117
190.68.202.211 - - [23/Aug/2015:12:31:09 -0500] "GET /forest/actions/forms.getMappedValues?id=idactavisita275&value=1440351986279&codForm=conceptotecnico&a=0.5118479914963245 HTTP/1.1" 200 1567
66.249.64.101 - - [23/Aug/2015:12:31:16 -0500] "GET /BLA/resoluciones/RESOLUCIONES%202013/2276.pdf HTTP/1.1" 200 2361818
186.84.50.252 - - [23/Aug/2015:12:31:06 -0500] "GET /reports/rwservlet/getjobid359069?server=rep_srvapsda HTTP/1.1" 200 2691915
201.244.219.92 - - [23/Aug/2015:12:31:37 -0500] "GET /galeria/galeria/jquery.fancybox.css?v=2.1.5 HTTP/1.1" 200 4895
201.244.219.92 - - [23/Aug/2015:12:31:37 -0500] "GET /BLA/boletinlegal/js/jquery.scrollShow.js HTTP/1.1" 200 4586
201.244.219.92 - - [23/Aug/2015:12:31:37 -0500] "GET /galeria/galeria/jquery.fancybox.js?v=2.1.5 HTTP/1.1" 200 48706
186.28.108.44 - - [23/Aug/2015:12:31:42 -0500] "GET /galeria/galeria/jquery.fancybox.css?v=2.1.5 HTTP/1.1" 200 4895
186.28.108.44 - - [23/Aug/2015:12:31:42 -0500] "GET /BLA/boletinlegal/js/jquery.scrollShow.js HTTP/1.1" 200 4586
186.28.108.44 - - [23/Aug/2015:12:31:42 -0500] "GET /galeria/galeria/jquery.fancybox.js?v=2.1.5 HTTP/1.1" 200 48706
201.244.219.92 - - [23/Aug/2015:12:31:44 -0500] "GET /galeria/galeria/jquery.fancybox.js?v=2.1.5 HTTP/1.1" 304 -
201.244.219.92 - - [23/Aug/2015:12:31:44 -0500] "GET /galeria/galeria/jquery.fancybox.css?v=2.1.5 HTTP/1.1" 304 -
201.244.219.92 - - [23/Aug/2015:12:31:44 -0500] "GET /BLA/boletinlegal/js/jquery.scrollShow.js HTTP/1.1" 304 -
186.28.108.44 - - [23/Aug/2015:12:31:54 -0500] "GET /galeria/galeria/jquery.fancybox.css?v=2.1.5 HTTP/1.1" 304 -
186.28.108.44 - - [23/Aug/2015:12:31:54 -0500] "GET /BLA/boletinlegal/js/jquery.scrollShow.js HTTP/1.1" 304 -
186.28.108.44 - - [23/Aug/2015:12:31:54 -0500] "GET /galeria/galeria/jquery.fancybox.js?v=2.1.5 HTTP/1.1" 304 -
186.84.50.252 - - [23/Aug/2015:12:31:58 -0500] "POST /forms/lservlet;jsessionid=ac16012b30d6bbded64e160b4f158d88824b234e941d.e3iSbxaKaheRe38Ka34Oa3eLbxf0n6jAmljGr5XDqQLvpAe HTTP/1.1" 200 2
186.82.254.52 - - [23/Aug/2015:12:32:01 -0500] "GET /galeria/galeria/fotos/Entrenube1G.jpg HTTP/1.1" 200 98766
190.68.202.211 - - [23/Aug/2015:12:32:01 -0500] "GET /forest/actions/forms.getList?codForm=conceptotecnico&id=idtercero67&text=ALUVIARTE%20DISE%D1OS%20Y%20ACABADOS%20ARQUITECTONICOS%20S.A.S.%09 HTTP/1.1" 200 2
190.68.202.211 - - [23/Aug/2015:12:32:03 -0500] "GET /forest/actions/forms.getList?codForm=conceptotecnico&id=idtercero67&text=ALUVIARTE%20DISE%D1OS%20Y%20ACABADOS%20ARQUITECTONICOS%20S.A.S. HTTP/1.1" 200 2
190.68.202.211 - - [23/Aug/2015:12:32:03 -0500] "GET /forest/actions/forms.getList?codForm=conceptotecnico&id=idtercero67&text=ALUVIARTE%20DISE%D1OS%20Y%20ACABADOS%20ARQUITECTONICOS%20S.A.S HTTP/1.1" 200 2
66.249.64.106 - - [23/Aug/2015:12:32:11 -0500] "GET /BLA/resoluciones/AUTOS%202008/2962.pdf HTTP/1.1" 200 356190
190.68.202.211 - - [23/Aug/2015:12:32:11 -0500] "GET /forest/actions/forms.getList?codForm=conceptotecnico&id=idtercero67&text= HTTP/1.1" 200 1575
186.29.192.203 - - [23/Aug/2015:12:26:16 -0500] "GET /ForestMSG_SDA/channelAsync/template_word_18996353?X-Atmosphere-tracking-id=f2e68290-bcb3-2ad5-d970-19e8cd82e0fc&X-Atmosphere-Framework=1.0.5&X-Atmosphere-Transport=long-polling&tabid=0.9049860225059092&X-Cache-Date=0&Content-Type=application/xml&_=1440350888948 HTTP/1.1" 200 8193
66.249.64.96 - - [23/Aug/2015:12:32:16 -0500] "GET /BLA/resoluciones/RESOLUCIONES%202007/RES%202007%202301%20AL%202400/RESOLUCION%202341%20DE%202007.pdf HTTP/1.1" 304 -
186.28.103.2 - - [23/Aug/2015:12:32:23 -0500] "GET /forest/session.jsp?a=0.0696724085137248 HTTP/1.1" 200 4
186.28.103.2 - - [23/Aug/2015:12:32:34 -0500] "GET /forest/usudocumentos.do?_a=0.23639912670478225&group_system_actual=3 HTTP/1.1" 200 93323
186.28.103.2 - - [23/Aug/2015:12:32:35 -0500] "GET /forest/session.jsp?a=0.4857816086150706 HTTP/1.1" 200 4
186.28.103.2 - - [23/Aug/2015:12:32:37 -0500] "GET /forest/skins/gdocs-jar/popup/popup.jsp?width=760&height=420&title=Copiar%20documento&uri=/forest/usudocumentos.do%3FcopyDoc%3D1%26numRad%3D2015ER140074%26codDoc%3D2132455%26codAct%3D2121%26numPro%3D3178819%26codPro%3D176%26codInst%3D3224806%26fecTra%3D2015-07-31%2015%3A12%3A10.914%26codTraEsc%3D18816451%26tipo%3Dcopy%26_a%3D0.6091140476055443&name=undefined&_a=0.21280734264291823&a=0.9348599237855524 HTTP/1.1" 200 1470
186.28.103.2 - - [23/Aug/2015:12:32:37 -0500] "GET /forest/usudocumentos.do?copyDoc=1&numRad=2015ER140074&codDoc=2132455&codAct=2121&numPro=3178819&codPro=176&codInst=3224806&fecTra=2015-07-31%2015:12:10.914&codTraEsc=18816451&tipo=copy&_a=0.6091140476055443 HTTP/1.1" 200 31488
186.28.103.2 - - [23/Aug/2015:12:32:38 -0500] "GET /forest/json.do?query=procesosByDepDocfile&coddep=2013 HTTP/1.1" 200 7317
190.68.202.211 - - [23/Aug/2015:12:32:43 -0500] "GET /forest/skins/gdocs-jar/popup/showformtocrud.jsp?codForm=creacionrepresentante&iih=form_REP_CEDULA1040&iid=textautocomplete_REP_CEDULA1040&schema=forest&table=GDO_TERCERO&column=NOMTER&numPro=3202154&codInst=3249479&codTraEsc=18996508&a=0.5573970845434815 HTTP/1.1" 200 4311
190.68.202.211 - - [23/Aug/2015:12:32:43 -0500] "GET /forest/skins/gdocs-jar/popup/showformtocrudtwo.jsp?codForm=creacionrepresentante&numPro=3202154&codInst=3249479&codTraEsc=18996508&schema=forest&table=GDO_TERCERO&column=NOMTER HTTP/1.1" 200 7997
190.68.202.211 - - [23/Aug/2015:12:32:43 -0500] "GET /forest/skins/gdocs-jar/css/dialog.css HTTP/1.1" 200 1430
186.28.103.2 - - [23/Aug/2015:12:32:45 -0500] "GET /forest/skins/gdocs-jar/popup/escritorio/copiarAFuncionarios.jsp?a=0.3133642515167594 HTTP/1.1" 200 37218
186.28.103.2 - - [23/Aug/2015:12:32:46 -0500] "GET /forest/json.do?query=usersByDep&coddep=2013&a=0.038688041269779205 HTTP/1.1" 200 8381
186.28.103.2 - - [23/Aug/2015:12:26:54 -0500] "GET /ForestMSG_SDA/channelAsync/template_word_18996475?X-Atmosphere-tracking-id=22234acb-ae9e-5077-4d2c-470b9df5f0d1&X-Atmosphere-Framework=1.0.5&X-Atmosphere-Transport=long-polling&tabid=0.19529683864675462&X-Cache-Date=0&Content-Type=application/xml&_=1440350930631 HTTP/1.1" 200 8193
181.50.144.59 - - [23/Aug/2015:12:33:01 -0500] "GET /BLA/boletinlegal/js/jquery.scrollShow.js HTTP/1.1" 200 4586
181.50.144.59 - - [23/Aug/2015:12:33:01 -0500] "GET /galeria/galeria/jquery.fancybox.js?v=2.1.5 HTTP/1.1" 200 48706
181.50.144.59 - - [23/Aug/2015:12:33:01 -0500] "GET /galeria/galeria/jquery.fancybox.css?v=2.1.5 HTTP/1.1" 200 4895
186.28.103.2 - - [23/Aug/2015:12:33:01 -0500] "POST /forest/usudocumentos.do HTTP/1.1" 200 1244
181.50.144.59 - - [23/Aug/2015:12:33:06 -0500] "GET /BLA/boletinlegal/js/jquery.scrollShow.js HTTP/1.1" 304 -
181.50.144.59 - - [23/Aug/2015:12:33:06 -0500] "GET /galeria/galeria/jquery.fancybox.css?v=2.1.5 HTTP/1.1" 304 -
181.50.144.59 - - [23/Aug/2015:12:33:06 -0500] "GET /galeria/galeria/jquery.fancybox.js?v=2.1.5 HTTP/1.1" 304 -
186.28.103.2 - - [23/Aug/2015:12:33:05 -0500] "GET /forest/usutareas.do?_a=0.5051972263026983&group_system_actual=3 HTTP/1.1" 200 112813
186.28.103.2 - - [23/Aug/2015:12:33:06 -0500] "GET /forest/session.jsp?a=0.5080905072391033 HTTP/1.1" 200 4
161.18.57.53 - - [23/Aug/2015:12:33:09 -0500] "GET /galeria/galeria/jquery.fancybox.css?v=2.1.5 HTTP/1.1" 200 4895
161.18.57.53 - - [23/Aug/2015:12:33:09 -0500] "GET /BLA/boletinlegal/js/jquery.scrollShow.js HTTP/1.1" 200 4586
161.18.57.53 - - [23/Aug/2015:12:33:09 -0500] "GET /galeria/galeria/jquery.fancybox.js?v=2.1.5 HTTP/1.1" 200 48706
190.68.202.211 - - [23/Aug/2015:12:33:33 -0500] "GET /forest/skins/gdocs-jar/popup/direccion.jsp?callfromform=form_DIR13 HTTP/1.1" 200 12922
161.18.57.53 - - [23/Aug/2015:12:33:35 -0500] "GET /galeria/galeria/jquery.fancybox.css?v=2.1.5 HTTP/1.1" 304 -
161.18.57.53 - - [23/Aug/2015:12:33:35 -0500] "GET /BLA/boletinlegal/js/jquery.scrollShow.js HTTP/1.1" 304 -
161.18.57.53 - - [23/Aug/2015:12:33:35 -0500] "GET /galeria/galeria/jquery.fancybox.js?v=2.1.5 HTTP/1.1" 304 -
161.18.57.53 - - [23/Aug/2015:12:33:37 -0500] "GET /galeria/galeria/jquery.fancybox.js?v=2.1.5 HTTP/1.1" 304 -
190.9.203.58 - - [23/Aug/2015:12:33:47 -0500] "GET /BLA/resoluciones/RESOLUCIONES%202007/RES%202007%202101%20AL%202200/RESOLUCION%202117%20DE%202007.pdf HTTP/1.1" 200 282093
186.28.103.2 - - [23/Aug/2015:12:33:47 -0500] "POST /forest/usutareas.do? HTTP/1.1" 200 76
190.9.203.58 - - [23/Aug/2015:12:33:48 -0500] "GET /BLA/resoluciones/RESOLUCIONES%202007/RES%202007%202101%20AL%202200/RESOLUCION%202117%20DE%202007.pdf HTTP/1.1" 200 282093
190.84.150.191 - - [23/Aug/2015:12:33:49 -0500] "GET /galeria/nivo-slider/demo/demo.html HTTP/1.1" 304 -
190.68.202.211 - - [23/Aug/2015:12:33:49 -0500] "POST /forest/actions/forms.saveFormCrud?codform=creacionrepresentante&schema=forest&table=GDO_TERCERO&column=NOMTER HTTP/1.1" 200 124
186.28.103.2 - - [23/Aug/2015:12:33:48 -0500] "GET /forest/usutareas.do?group_system_actual=3&a=0.08342665783129632 HTTP/1.1" 200 115237
186.28.103.2 - - [23/Aug/2015:12:33:49 -0500] "GET /forest/session.jsp?a=0.5251179828774184 HTTP/1.1" 200 4
186.28.103.2 - - [23/Aug/2015:12:33:49 -0500] "GET /forest/actions/forms.getMappedValues?id=id_EnlaceConcejo173&value=1440352154492&codForm=DPC_RepartoConsolidador&a=0.8882103625219315 HTTP/1.1" 200 24
190.84.150.191 - - [23/Aug/2015:12:33:51 -0500] "GET /galeria/nivo-slider/demo/images/Semana-PYBA.jpg HTTP/1.1" 304 -
190.84.150.191 - - [23/Aug/2015:12:33:51 -0500] "GET /galeria/nivo-slider/themes/default/arrows.png HTTP/1.1" 200 824
190.84.150.191 - - [23/Aug/2015:12:33:51 -0500] "GET /galeria/nivo-slider/themes/default/bullets.png HTTP/1.1" 200 1281
186.28.103.2 - - [23/Aug/2015:12:33:52 -0500] "GET /forest/actions/forms.getList?codForm=DPC_RepartoConsolidador&id=funcionarioasignado&text=S HTTP/1.1" 200 1248
186.28.103.2 - - [23/Aug/2015:12:33:52 -0500] "GET /forest/actions/forms.getList?codForm=DPC_RepartoConsolidador&id=funcionarioasignado&text=SO HTTP/1.1" 200 1230
186.28.103.2 - - [23/Aug/2015:12:33:52 -0500] "GET /forest/actions/forms.getList?codForm=DPC_RepartoConsolidador&id=funcionarioasignado&text=SON HTTP/1.1" 200 1281
186.28.103.2 - - [23/Aug/2015:12:33:52 -0500] "GET /forest/actions/forms.getList?codForm=DPC_RepartoConsolidador&id=funcionarioasignado&text=SONI HTTP/1.1" 200 574
186.28.103.2 - - [23/Aug/2015:12:33:52 -0500] "GET /forest/actions/forms.getList?codForm=DPC_RepartoConsolidador&id=funcionarioasignado&text=SONIA HTTP/1.1" 200 574
186.28.103.2 - - [23/Aug/2015:12:33:53 -0500] "GET /forest/actions/forms.getList?codForm=DPC_RepartoConsolidador&id=funcionarioasignado&text=SONIA%20 HTTP/1.1" 200 574
190.68.202.211 - - [23/Aug/2015:12:33:53 -0500] "POST /forest/actions/forms.saveFormCrud?codform=creacionrepresentante&schema=forest&table=GDO_TERCERO&column=NOMTER HTTP/1.1" 200 124
186.28.103.2 - - [23/Aug/2015:12:33:53 -0500] "GET /forest/actions/forms.getList?codForm=DPC_RepartoConsolidador&id=funcionarioasignado&text=SONIA%20J HTTP/1.1" 200 60
186.28.103.2 - - [23/Aug/2015:12:33:53 -0500] "GET /forest/actions/forms.getList?codForm=DPC_RepartoConsolidador&id=funcionarioasignado&text=SONIA%20JU HTTP/1.1" 200 60
186.28.103.2 - - [23/Aug/2015:12:33:54 -0500] "GET /forest/actions/forms.getList?codForm=DPC_RepartoConsolidador&id=funcionarioasignado&text=SONIA%20JUL HTTP/1.1" 200 60
186.28.103.2 - - [23/Aug/2015:12:33:54 -0500] "GET /forest/actions/forms.getList?codForm=DPC_RepartoConsolidador&id=funcionarioasignado&text=SONIA%20JULI HTTP/1.1" 200 60
186.28.103.2 - - [23/Aug/2015:12:33:57 -0500] "GET /forest/actions/forms.getList?codForm=DPC_RepartoConsolidador&id=codigoFuncionario&text=M HTTP/1.1" 200 1240
186.28.103.2 - - [23/Aug/2015:12:33:57 -0500] "GET /forest/actions/forms.getList?codForm=DPC_RepartoConsolidador&id=codigoFuncionario&text=MA HTTP/1.1" 200 1256
186.28.103.2 - - [23/Aug/2015:12:33:57 -0500] "GET /forest/actions/forms.getList?codForm=DPC_RepartoConsolidador&id=codigoFuncionario&text=MAR HTTP/1.1" 200 1244
186.28.103.2 - - [23/Aug/2015:12:33:58 -0500] "GET /forest/actions/forms.getList?codForm=DPC_RepartoConsolidador&id=codigoFuncionario&text=MARI HTTP/1.1" 200 1228
186.28.103.2 - - [23/Aug/2015:12:33:58 -0500] "GET /forest/actions/forms.getList?codForm=DPC_RepartoConsolidador&id=codigoFuncionario&text=MARIA HTTP/1.1" 200 1216
186.28.103.2 - - [23/Aug/2015:12:33:58 -0500] "GET /forest/actions/forms.getList?codForm=DPC_RepartoConsolidador&id=codigoFuncionario&text=MARIA%20 HTTP/1.1" 200 1216
186.28.103.2 - - [23/Aug/2015:12:33:58 -0500] "GET /forest/actions/forms.getList?codForm=DPC_RepartoConsolidador&id=codigoFuncionario&text=MARIA%20C HTTP/1.1" 200 1048
186.28.103.2 - - [23/Aug/2015:12:33:58 -0500] "GET /forest/actions/forms.getList?codForm=DPC_RepartoConsolidador&id=codigoFuncionario&text=MARIA%20CL HTTP/1.1" 200 258
181.61.173.135 - - [23/Aug/2015:12:27:58 -0500] "GET /ForestMSG_SDA/channelAsync/template_word_18996452?X-Atmosphere-tracking-id=7b660e6e-6937-439a-451e-f97d74b90221&X-Atmosphere-Framework=1.0.5&X-Atmosphere-Transport=long-polling&tabid=0.5197256403043866&X-Cache-Date=0&Content-Type=application/xml&_=1440350991385 HTTP/1.1" 200 8193
186.28.103.2 - - [23/Aug/2015:12:33:58 -0500] "GET /forest/actions/forms.getList?codForm=DPC_RepartoConsolidador&id=codigoFuncionario&text=MARIA%20CLA HTTP/1.1" 200 258
186.28.103.2 - - [23/Aug/2015:12:33:58 -0500] "GET /forest/actions/forms.getList?codForm=DPC_RepartoConsolidador&id=codigoFuncionario&text=MARIA%20CLAU HTTP/1.1" 200 128
186.28.103.2 - - [23/Aug/2015:12:33:58 -0500] "GET /forest/actions/forms.getList?codForm=DPC_RepartoConsolidador&id=codigoFuncionario&text=MARIA%20CLAUD HTTP/1.1" 200 128
186.84.50.252 - - [23/Aug/2015:12:33:58 -0500] "POST /forms/lservlet;jsessionid=ac16012b30d6bbded64e160b4f158d88824b234e941d.e3iSbxaKaheRe38Ka34Oa3eLbxf0n6jAmljGr5XDqQLvpAe HTTP/1.1" 200 2
186.28.103.2 - - [23/Aug/2015:12:34:01 -0500] "POST /forest/usutareas.do? HTTP/1.1" 200 76
190.68.202.211 - - [23/Aug/2015:12:34:02 -0500] "POST /forest/actions/forms.saveFormCrud?codform=creacionrepresentante&schema=forest&table=GDO_TERCERO&column=NOMTER HTTP/1.1" 200 124
186.28.103.2 - - [23/Aug/2015:12:34:02 -0500] "GET /forest/usutareas.do?group_system_actual=3&a=0.3697733373846859 HTTP/1.1" 200 116082
186.28.103.2 - - [23/Aug/2015:12:34:04 -0500] "GET /forest/session.jsp?a=0.8612005142495036 HTTP/1.1" 200 4
186.28.103.2 - - [23/Aug/2015:12:34:04 -0500] "GET /forest/actions/forms.getMappedValues?id=id_EnlaceConcejo17&value=1440352154492&codForm=DPC_ElaborarBorradorConsolidador&a=0.5185865785460919 HTTP/1.1" 200 26
186.28.103.2 - - [23/Aug/2015:12:34:06 -0500] "GET /forest/actions/sgc.getPlantillaByInst?codForm=726&codInst=3224806 HTTP/1.1" 200 96437
190.68.202.211 - - [23/Aug/2015:12:34:20 -0500] "POST /forest/actions/forms.saveFormCrud?codform=creacionrepresentante&schema=forest&table=GDO_TERCERO&column=NOMTER HTTP/1.1" 200 124
186.81.170.48 - - [23/Aug/2015:12:34:20 -0500] "GET /galeria/mapa/3MapaBogot%C3%A1.jpg HTTP/1.1" 200 688183
190.68.202.211 - - [23/Aug/2015:12:34:25 -0500] "GET /forest/skins/gdocs-jar/popup/showformtocrud.jsp?codForm=creacionrepresentante&iih=form_REP_CEDULA1040&iid=textautocomplete_REP_CEDULA1040&schema=forest&table=GDO_TERCERO&column=NOMTER&numPro=3202154&codInst=3249479&codTraEsc=18996508&a=0.851970482384786 HTTP/1.1" 200 4311
190.68.202.211 - - [23/Aug/2015:12:34:25 -0500] "GET /forest/skins/gdocs-jar/popup/showformtocrudtwo.jsp?codForm=creacionrepresentante&numPro=3202154&codInst=3249479&codTraEsc=18996508&schema=forest&table=GDO_TERCERO&column=NOMTER HTTP/1.1" 200 7997
190.68.202.211 - - [23/Aug/2015:12:34:25 -0500] "GET /forest/skins/gdocs-jar/popup/showformtocrudtwo.jsp?codForm=creacionrepresentante&numPro=3202154&codInst=3249479&codTraEsc=18996508&schema=forest&table=GDO_TERCERO&column=NOMTER HTTP/1.1" 200 7997
186.155.14.226 - - [23/Aug/2015:12:34:28 -0500] "GET /isolucionsda/ HTTP/1.1" 200 739
66.249.64.243 - - [23/Aug/2015:12:34:41 -0500] "GET /Anexos%20estudio%20Organizacional%20SDA/ANEXO%20No.%203-%20CONTRATACI%C3%93N%20%20OPS%C2%B4s%202008-2012/CONTRATOS%20SDA%202012%20POR%20DEPENDENCIA.xls HTTP/1.1" 200 269824
186.155.14.226 - - [23/Aug/2015:12:34:44 -0500] "GET /isolucionsda/ HTTP/1.1" 200 739
186.155.14.226 - - [23/Aug/2015:12:34:46 -0500] "GET /isolucionsda/IdentificaUsuario.asp?Pagina1=FrameSetGeneral.asp& HTTP/1.1" 200 4997
190.68.202.211 - - [23/Aug/2015:12:34:48 -0500] "GET /forest/skins/gdocs-jar/popup/direccion.jsp?callfromform=form_DIR13 HTTP/1.1" 200 12922
181.61.173.135 - - [23/Aug/2015:12:34:50 -0500] "GET /forest/documentos/2039705/2015ER47332.pdf HTTP/1.1" 200 484404
190.9.203.58 - - [23/Aug/2015:12:34:52 -0500] "GET /BLA/resoluciones/RESOLUCIONES%202007/RES%202007%202101%20AL%202200/RESOLUCION%202117%20DE%202007.pdf HTTP/1.1" 200 282093
190.9.203.58 - - [23/Aug/2015:12:34:56 -0500] "GET /BLA/resoluciones/RESOLUCIONES%202007/RES%202007%202101%20AL%202200/RESOLUCION%202117%20DE%202007.pdf HTTP/1.1" 200 282093
186.155.14.226 - - [23/Aug/2015:12:34:56 -0500] "POST /isolucionsda/IdentificaUsuario.asp?Pagina1=FrameSetGeneral.asp& HTTP/1.1" 302 173
186.155.14.226 - - [23/Aug/2015:12:34:56 -0500] "GET /isolucionsda/FrameSetGeneral.asp?Pagina1=FrameSetGeneral.asp& HTTP/1.1" 200 6613
186.155.14.226 - - [23/Aug/2015:12:34:56 -0500] "GET /isolucionsda/BarraTitulos.asp?Pagina1=FrameSetGeneral.asp&&Pagina=MagazinHome.asp HTTP/1.1" 502 1358
186.155.14.226 - - [23/Aug/2015:12:34:56 -0500] "GET /isolucionsda/MagazinHome.asp HTTP/1.1" 502 1356
186.155.14.226 - - [23/Aug/2015:12:34:56 -0500] "GET /isolucionsda/Encabezado.asp?Pagina1=FrameSetGeneral.asp&&Pagina=MagazinHome.asp HTTP/1.1" 200 15420
186.155.14.226 - - [23/Aug/2015:12:34:56 -0500] "GET /isolucionsda/BarraFavoritos.asp HTTP/1.1" 200 911
186.155.14.226 - - [23/Aug/2015:12:34:57 -0500] "GET /isolucionsda/Session.asp?Continue=1 HTTP/1.1" 200 6324
190.9.203.58 - - [23/Aug/2015:12:34:59 -0500] "GET /BLA/resoluciones/RESOLUCIONES%202007/RES%202007%202101%20AL%202200/RESOLUCION%202117%20DE%202007.pdf HTTP/1.1" 200 282093
186.155.14.226 - - [23/Aug/2015:12:34:59 -0500] "GET /isolucionsda/FrameSetGeneral.asp?Pagina=Magazin.asp&Sigla=MAC&IdModulo=2 HTTP/1.1" 200 6625
186.155.14.226 - - [23/Aug/2015:12:34:59 -0500] "GET /isolucionsda/Encabezado.asp?Pagina=Magazin.asp&Sigla=MAC&IdModulo=2 HTTP/1.1" 200 15421
186.155.14.226 - - [23/Aug/2015:12:34:59 -0500] "GET /isolucionsda/BarraTitulos.asp?Pagina=Magazin.asp&Sigla=MAC&IdModulo=2 HTTP/1.1" 200 6989
186.155.14.226 - - [23/Aug/2015:12:34:59 -0500] "GET /isolucionsda/Magazin.asp?Pagina=Magazin.asp&Sigla=MAC&IdModulo=2 HTTP/1.1" 302 211
186.155.14.226 - - [23/Aug/2015:12:34:59 -0500] "GET /isolucionsda/BarraFavoritos.asp HTTP/1.1" 200 911
186.155.14.226 - - [23/Aug/2015:12:34:59 -0500] "GET /isolucionsda/Session.asp?Continue=1 HTTP/1.1" 200 6324
186.155.14.226 - - [23/Aug/2015:12:34:59 -0500] "GET /isolucionsda/SucursalSeleccion.asp?URLRedirect=magazin.asp?sigla=mac HTTP/1.1" 302 211
186.155.14.226 - - [23/Aug/2015:12:34:59 -0500] "GET /isolucionsda/SucursalSeleccion.asp?CodSucursal=1&URLRedirect=magazin.asp?sigla=mac&CargaPagina= HTTP/1.1" 302 177
186.155.14.226 - - [23/Aug/2015:12:34:59 -0500] "GET /isolucionsda/magazin.asp?sigla=mac HTTP/1.1" 200 11923
186.155.14.226 - - [23/Aug/2015:12:34:59 -0500] "GET /isolucionsda/g/Bgr_DestacadoFFFFFF.jpg HTTP/1.1" 404 5217
107.167.102.183 - - [23/Aug/2015:12:35:06 -0500] "GET /BLA/resoluciones/RESOLUCIONES%202011/5660.pdf HTTP/1.1" 200 1392794
190.68.202.211 - - [23/Aug/2015:12:35:10 -0500] "POST /forest/actions/forms.saveFormCrud?codform=creacionrepresentante&schema=forest&table=GDO_TERCERO&column=NOMTER HTTP/1.1" 200 124
66.249.64.96 - - [23/Aug/2015:12:35:11 -0500] "GET /BLA/resoluciones/RESOLUCIONES%202010/1137.pdf HTTP/1.1" 304 -
66.249.64.106 - - [23/Aug/2015:12:35:11 -0500] "GET /BLA/resoluciones/RESOLUCIONES%202009/5417.pdf HTTP/1.1" 200 518809
186.155.14.226 - - [23/Aug/2015:12:35:18 -0500] "GET /isolucionsda/FramesetArticulo.asp?Pagina=bancoconocimiento%2FM%2FMANUALDELSISTEMAINTEGRADODEGESTION%5Fv10%2FMANUALDELSISTEMAINTEGRADODEGESTION%5Fv10%2Easp&IdArticulo=8651&Codigo=&Fecha=&Version=&Procedimiento=&cliente= HTTP/1.1" 200 7485
186.155.14.226 - - [23/Aug/2015:12:35:18 -0500] "GET /isolucionsda/Arriba.asp?Pagina=bancoconocimiento%2FM%2FMANUALDELSISTEMAINTEGRADODEGESTION%5Fv10%2FMANUALDELSISTEMAINTEGRADODEGESTION%5Fv10%2Easp&IdArticulo=8651&Codigo=&Fecha=&Version=&Procedimiento=&cliente= HTTP/1.1" 200 10643
186.155.14.226 - - [23/Aug/2015:12:35:19 -0500] "GET /isolucionsda/StyleSheet.css HTTP/1.1" 200 4664
186.155.14.226 - - [23/Aug/2015:12:35:19 -0500] "GET /isolucionsda/g/icono_noconformidad.jpg HTTP/1.1" 200 1235
186.155.14.226 - - [23/Aug/2015:12:35:19 -0500] "GET /isolucionsda/g/icono_alerta.jpg HTTP/1.1" 200 1448
186.155.14.226 - - [23/Aug/2015:12:35:19 -0500] "GET /isolucionsda/GrafVinetas/logo%20documento0.jpg HTTP/1.1" 200 36055
186.155.14.226 - - [23/Aug/2015:12:35:18 -0500] "GET /isolucionsda/bancoconocimiento/M/MANUALDELSISTEMAINTEGRADODEGESTION_v10/MANUALDELSISTEMAINTEGRADODEGESTION_v10.asp?IdArticulo=8651 HTTP/1.1" 200 104156
186.155.14.226 - - [23/Aug/2015:12:35:19 -0500] "GET /isolucionsda/g/vacio1x1.gif HTTP/1.1" 200 807
186.155.14.226 - - [23/Aug/2015:12:35:19 -0500] "GET /isolucionsda/bancoconocimiento/M/MANUALDELSISTEMAINTEGRADODEGESTION_v10/10.jpg HTTP/1.1" 200 43247
186.155.14.226 - - [23/Aug/2015:12:35:19 -0500] "GET /isolucionsda/bancoconocimiento/M/MANUALDELSISTEMAINTEGRADODEGESTION_v10/mapa%20de%20procesos%2040.jpg HTTP/1.1" 502 1490
186.155.14.226 - - [23/Aug/2015:12:35:19 -0500] "GET /isolucionsda/bancoconocimiento/M/MANUALDELSISTEMAINTEGRADODEGESTION_v10/obj%20estrategicos%200,50.jpg HTTP/1.1" 200 -
186.155.14.226 - - [23/Aug/2015:12:35:19 -0500] "GET /isolucionsda/bancoconocimiento/M/MANUALDELSISTEMAINTEGRADODEGESTION_v10/dependencias%20procesos0123.jpg HTTP/1.1" 200 164295
186.155.14.226 - - [23/Aug/2015:12:35:19 -0500] "GET /isolucionsda/bancoconocimiento/M/MANUALDELSISTEMAINTEGRADODEGESTION_v10/80.jpg HTTP/1.1" 200 17662
186.155.14.226 - - [23/Aug/2015:12:35:19 -0500] "GET /isolucionsda/bancoconocimiento/M/MANUALDELSISTEMAINTEGRADODEGESTION_v10/obj%20ambientales%200,50.jpg HTTP/1.1" 200 127908
186.155.14.226 - - [23/Aug/2015:12:35:19 -0500] "GET /isolucionsda/bancoconocimiento/M/MANUALDELSISTEMAINTEGRADODEGESTION_v10/paca01.jpg HTTP/1.1" 200 149339
186.155.14.226 - - [23/Aug/2015:12:35:19 -0500] "GET /isolucionsda/bancoconocimiento/M/MANUALDELSISTEMAINTEGRADODEGESTION_v10/estructura%20meci%2020140.jpg HTTP/1.1" 200 90130
186.155.14.226 - - [23/Aug/2015:12:35:19 -0500] "GET /isolucionsda/bancoconocimiento/M/MANUALDELSISTEMAINTEGRADODEGESTION_v10/obj%20estrategicos%200,50.jpg HTTP/1.1" 200 148222
186.155.14.226 - - [23/Aug/2015:12:35:19 -0500] "GET /isolucionsda/bancoconocimiento/M/MANUALDELSISTEMAINTEGRADODEGESTION_v10/matriz%20correlacion%20normas%202012.jpg HTTP/1.1" 200 1163663
190.68.202.211 - - [23/Aug/2015:12:35:26 -0500] "GET /forest/actions/forms.getList?codForm=conceptotecnico&id=REP_CEDULA1040&text=1053337814 HTTP/1.1" 200 72
190.68.202.211 - - [23/Aug/2015:12:35:27 -0500] "GET /forest/actions/forms.getList?codForm=conceptotecnico&id=REP_CEDULA1040&text=1053337814%20 HTTP/1.1" 200 2
190.68.202.211 - - [23/Aug/2015:12:35:28 -0500] "GET /forest/actions/forms.getList?codForm=conceptotecnico&id=REP_CEDULA1040&text=1053337814 HTTP/1.1" 200 72
190.68.202.211 - - [23/Aug/2015:12:35:31 -0500] "GET /forest/actions/forms.getMappedValues?id=REP_CEDULA1040&value=1053337814&codForm=conceptotecnico&a=0.9782288065180182 HTTP/1.1" 200 85
181.156.98.93 - - [23/Aug/2015:12:35:32 -0500] "GET /BLA/boletinlegal/js/jquery.scrollShow.js HTTP/1.1" 200 4586
190.68.202.211 - - [23/Aug/2015:12:35:33 -0500] "GET /forest/actions/forms.getList?codForm=conceptotecnico&id=idtercero67&text= HTTP/1.1" 200 1575
181.156.98.93 - - [23/Aug/2015:12:35:34 -0500] "GET /galeria/galeria/jquery.fancybox.js?v=2.1.5 HTTP/1.1" 200 48706
181.156.98.93 - - [23/Aug/2015:12:35:35 -0500] "GET /galeria/galeria/jquery.fancybox.css?v=2.1.5 HTTP/1.1" 200 4895
190.68.202.211 - - [23/Aug/2015:12:35:38 -0500] "GET /forest/actions/forms.getList?codForm=conceptotecnico&id=REP_CEDULA1040&text=1053337814 HTTP/1.1" 200 72
190.68.202.211 - - [23/Aug/2015:12:35:39 -0500] "GET /forest/actions/forms.getList?codForm=conceptotecnico&id=REP_CEDULA1040&text=1053337814%20 HTTP/1.1" 200 2
190.68.202.211 - - [23/Aug/2015:12:35:40 -0500] "GET /forest/actions/forms.getList?codForm=conceptotecnico&id=REP_CEDULA1040&text=1053337814 HTTP/1.1" 200 72
74.86.158.107 - - [23/Aug/2015:12:35:42 -0500] "HEAD / HTTP/1.1" 200 -
190.68.202.211 - - [23/Aug/2015:12:35:43 -0500] "GET /forest/actions/forms.getMappedValues?id=REP_CEDULA1040&value=1053337814&codForm=conceptotecnico&a=0.64389782352373 HTTP/1.1" 200 85
190.68.202.211 - - [23/Aug/2015:12:35:45 -0500] "GET /forest/actions/forms.getList?codForm=conceptotecnico&id=idtercero67&text= HTTP/1.1" 200 1575
181.61.173.135 - - [23/Aug/2015:12:35:58 -0500] "GET /forest/session.jsp?a=0.8943221778608859 HTTP/1.1" 200 4
186.84.50.252 - - [23/Aug/2015:12:35:59 -0500] "POST /forms/lservlet;jsessionid=ac16012b30d6bbded64e160b4f158d88824b234e941d.e3iSbxaKaheRe38Ka34Oa3eLbxf0n6jAmljGr5XDqQLvpAe HTTP/1.1" 200 2
190.68.202.211 - - [23/Aug/2015:12:35:59 -0500] "GET /forest/actions/forms.getList?codForm=conceptotecnico&id=idtercero67&text=H HTTP/1.1" 200 1446
190.68.202.211 - - [23/Aug/2015:12:35:59 -0500] "GET /forest/actions/forms.getList?codForm=conceptotecnico&id=idtercero67&text=HU HTTP/1.1" 200 1166
190.68.202.211 - - [23/Aug/2015:12:35:59 -0500] "GET /forest/actions/forms.getList?codForm=conceptotecnico&id=idtercero67&text=HUG HTTP/1.1" 200 1114
190.68.202.211 - - [23/Aug/2015:12:36:00 -0500] "GET /forest/actions/forms.getList?codForm=conceptotecnico&id=idtercero67&text=HUGO HTTP/1.1" 200 1114
190.68.202.211 - - [23/Aug/2015:12:36:00 -0500] "GET /forest/actions/forms.getList?codForm=conceptotecnico&id=idtercero67&text=HUGO%20 HTTP/1.1" 200 1152
181.50.228.48 - - [23/Aug/2015:12:36:01 -0500] "GET /galeria/galeria/jquery.fancybox.css?v=2.1.5 HTTP/1.1" 200 4895
181.50.228.48 - - [23/Aug/2015:12:36:01 -0500] "GET /galeria/galeria/jquery.fancybox.js?v=2.1.5 HTTP/1.1" 200 48706
181.50.228.48 - - [23/Aug/2015:12:36:01 -0500] "GET /BLA/boletinlegal/js/jquery.scrollShow.js HTTP/1.1" 200 4586
190.68.202.211 - - [23/Aug/2015:12:36:01 -0500] "GET /forest/actions/forms.getList?codForm=conceptotecnico&id=idtercero67&text=HUGO%20A HTTP/1.1" 200 1205
190.68.202.211 - - [23/Aug/2015:12:36:02 -0500] "GET /forest/actions/forms.getList?codForm=conceptotecnico&id=idtercero67&text=HUGO%20AL HTTP/1.1" 200 1135
190.68.202.211 - - [23/Aug/2015:12:36:02 -0500] "GET /forest/actions/forms.getList?codForm=conceptotecnico&id=idtercero67&text=HUGO%20ALE HTTP/1.1" 200 961
190.68.202.211 - - [23/Aug/2015:12:36:03 -0500] "GET /forest/actions/forms.getList?codForm=conceptotecnico&id=idtercero67&text=HUGO%20ALEH HTTP/1.1" 200 2
190.68.202.211 - - [23/Aug/2015:12:36:04 -0500] "GET /forest/actions/forms.getList?codForm=conceptotecnico&id=idtercero67&text=HUGO%20ALEJ HTTP/1.1" 200 737
190.68.202.211 - - [23/Aug/2015:12:36:04 -0500] "GET /forest/actions/forms.getList?codForm=conceptotecnico&id=idtercero67&text=HUGO%20ALEJA HTTP/1.1" 200 737
190.68.202.211 - - [23/Aug/2015:12:36:05 -0500] "GET /forest/actions/forms.getList?codForm=conceptotecnico&id=idtercero67&text=HUGO%20ALE HTTP/1.1" 200 961
190.68.202.211 - - [23/Aug/2015:12:36:09 -0500] "GET /forest/session.jsp?a=0.6126892792526633 HTTP/1.1" 200 4
190.68.202.211 - - [23/Aug/2015:12:36:11 -0500] "GET /forest/actions/forms.getList?codForm=conceptotecnico&id=idtercero67&text=HUGO%20ALEJAN HTTP/1.1" 200 737
190.68.202.211 - - [23/Aug/2015:12:36:12 -0500] "GET /forest/actions/forms.getList?codForm=conceptotecnico&id=idtercero67&text=HUGO%20ALEJAND HTTP/1.1" 200 737
190.68.202.211 - - [23/Aug/2015:12:36:12 -0500] "GET /forest/actions/forms.getList?codForm=conceptotecnico&id=idtercero67&text=HUGO%20ALEJANDR HTTP/1.1" 200 737
