186.28.103.2 - - [23/Aug/2015:12:02:18 -0500] "POST /forest/usutareas.do? HTTP/1.1" 200 76
186.28.103.2 - - [23/Aug/2015:12:02:19 -0500] "GET /forest/usutareas.do?group_system_actual=3&a=0.5659392413217574 HTTP/1.1" 200 114725
186.28.103.2 - - [23/Aug/2015:12:02:19 -0500] "GET /forest/session.jsp?a=0.46193755348213017 HTTP/1.1" 200 4
186.28.103.2 - - [23/Aug/2015:12:02:20 -0500] "GET /forest/actions/forms.getMappedValues?id=id_EnlaceConcejo173&value=1440350265328&codForm=DPC_RepartoConsolidador&a=0.6522557951975614 HTTP/1.1" 200 24
186.28.103.2 - - [23/Aug/2015:12:02:21 -0500] "GET /forest/skins/gdocs-jar/popup/popup.jsp?width=1100&height=500&title=Buscar%20documentos&uri=/forest/buscar.do%3Ftype%3Ddocumentos&name=undefined&_a=0.23419761983677745&a=0.6593079443555325 HTTP/1.1" 200 1300
186.28.103.2 - - [23/Aug/2015:12:02:21 -0500] "GET /forest/buscar.do?type=documentos HTTP/1.1" 200 14695
186.28.103.2 - - [23/Aug/2015:12:02:21 -0500] "GET /forest/1ibre/jscalendar/calendar-win2k-1.css HTTP/1.1" 304 -
186.28.103.2 - - [23/Aug/2015:12:02:21 -0500] "GET /forest/js/load_func.js?version=1506.301731 HTTP/1.1" 304 -
186.28.103.2 - - [23/Aug/2015:12:02:21 -0500] "GET /forest/css/autocomplete.css?version=1506.301731 HTTP/1.1" 304 -
186.28.103.2 - - [23/Aug/2015:12:02:21 -0500] "GET /forest/js/dialog.js?version=1506.301731 HTTP/1.1" 304 -
186.28.103.2 - - [23/Aug/2015:12:02:21 -0500] "GET /forest/js/sarissa.js?version=1506.301731 HTTP/1.1" 304 -
186.28.103.2 - - [23/Aug/2015:12:02:21 -0500] "GET /forest/js/escritorio/escritorio.js?version=1506.301731 HTTP/1.1" 304 -
186.28.103.2 - - [23/Aug/2015:12:02:21 -0500] "GET /forest/js/internJS.js?version=1506.301731 HTTP/1.1" 304 -
186.28.103.2 - - [23/Aug/2015:12:02:21 -0500] "GET /forest/js/autocompletar2.js?version=1506.301731 HTTP/1.1" 304 -
186.28.103.2 - - [23/Aug/2015:12:02:21 -0500] "GET /forest/1ibre/jscalendar/calendar.js?version=1506.301731 HTTP/1.1" 304 -
186.28.103.2 - - [23/Aug/2015:12:02:21 -0500] "GET /forest/1ibre/jscalendar/lang/calendar-es.js?version=1506.301731 HTTP/1.1" 304 -
186.28.103.2 - - [23/Aug/2015:12:02:21 -0500] "GET /forest/1ibre/jscalendar/calendar-setup.js?version=1506.301731 HTTP/1.1" 304 -
186.28.103.2 - - [23/Aug/2015:12:02:21 -0500] "GET /forest/js/xml_utilities.js?version=1506.301731 HTTP/1.1" 304 -
186.28.103.2 - - [23/Aug/2015:12:02:21 -0500] "GET /forest/skins/gdocs-jar/img/user_search.gif HTTP/1.1" 304 -
186.28.103.2 - - [23/Aug/2015:12:02:21 -0500] "GET /forest/buscar.do?type=documentos HTTP/1.1" 200 85088
186.77.139.118 - - [23/Aug/2015:12:02:22 -0500] "GET /BLA/boletinlegal/js/jquery.scrollShow.js HTTP/1.1" 200 4586
186.28.103.2 - - [23/Aug/2015:12:02:22 -0500] "GET /forest/json.do?query=usersByDep&coddep=2013 HTTP/1.1" 200 8381
186.28.103.2 - - [23/Aug/2015:12:02:22 -0500] "GET /forest/1ibre/jscalendar/img.gif HTTP/1.1" 304 -
186.28.103.2 - - [23/Aug/2015:12:02:22 -0500] "GET /forest/json.do?query=versionListadas HTTP/1.1" 200 29
186.28.103.2 - - [23/Aug/2015:12:02:22 -0500] "GET /forest/json.do?query=usersByDep&coddep=2013 HTTP/1.1" 200 8381
186.28.103.2 - - [23/Aug/2015:12:02:22 -0500] "GET /forest/json.do?query=procesIniciales HTTP/1.1" 200 11629
186.28.103.2 - - [23/Aug/2015:12:02:22 -0500] "GET /forest/json.do?query=bpmnIniciales HTTP/1.1" 200 1483
186.31.38.190 - - [23/Aug/2015:12:02:22 -0500] "GET /galeria/mapa/humedal.html? HTTP/1.1" 200 11204
186.31.38.190 - - [23/Aug/2015:12:02:24 -0500] "GET /galeria/mapa/TORCA12.jpg HTTP/1.1" 200 24337
186.31.38.190 - - [23/Aug/2015:12:02:24 -0500] "GET /galeria/mapa/Guaymaral12.jpg HTTP/1.1" 200 53686
186.31.38.190 - - [23/Aug/2015:12:02:24 -0500] "GET /galeria/mapa/CONEJERA12.jpg HTTP/1.1" 200 21841
186.31.38.190 - - [23/Aug/2015:12:02:24 -0500] "GET /galeria/mapa/CORDOBA12.jpg HTTP/1.1" 200 23380
186.31.38.190 - - [23/Aug/2015:12:02:24 -0500] "GET /galeria/mapa/JUANAMARILLO12.jpg HTTP/1.1" 200 21131
186.31.38.190 - - [23/Aug/2015:12:02:24 -0500] "GET /galeria/mapa/SANTAMARIA22.jpg HTTP/1.1" 200 22321
186.31.38.190 - - [23/Aug/2015:12:02:24 -0500] "GET /galeria/mapa/JABOQUE12.jpg HTTP/1.1" 200 21815
186.31.38.190 - - [23/Aug/2015:12:02:25 -0500] "GET /galeria/mapa/capellania12.jpg HTTP/1.1" 200 22811
186.31.38.190 - - [23/Aug/2015:12:02:25 -0500] "GET /galeria/mapa/MEANDRO12.jpg HTTP/1.1" 200 22732
186.31.38.190 - - [23/Aug/2015:12:02:25 -0500] "GET /galeria/mapa/TECHO12.jpg HTTP/1.1" 200 27716
186.31.38.190 - - [23/Aug/2015:12:02:25 -0500] "GET /galeria/mapa/BURRO12.jpg HTTP/1.1" 200 24169
186.31.38.190 - - [23/Aug/2015:12:02:25 -0500] "GET /galeria/mapa/VACA12.jpg HTTP/1.1" 200 22491
186.31.38.190 - - [23/Aug/2015:12:02:25 -0500] "GET /galeria/mapa/TIBANICA12.jpg HTTP/1.1" 200 23039
186.31.38.190 - - [23/Aug/2015:12:02:25 -0500] "GET /galeria/mapa/Aula-Soratama.jpg HTTP/1.1" 200 51270
186.31.38.190 - - [23/Aug/2015:12:02:25 -0500] "GET /galeria/mapa/Aula-Nevados.jpg HTTP/1.1" 200 64761
186.31.38.190 - - [23/Aug/2015:12:02:25 -0500] "GET /galeria/mapa/Montana-Entrenubes.jpg HTTP/1.1" 200 42011
186.31.38.190 - - [23/Aug/2015:12:02:26 -0500] "GET /galeria/mapa/aulaSantaM.jpg HTTP/1.1" 200 69216
186.28.103.2 - - [23/Aug/2015:12:02:29 -0500] "POST /forest/buscar.do? HTTP/1.1" 200 8514
186.28.103.2 - - [23/Aug/2015:12:02:30 -0500] "GET /forest/css/escritorio.css HTTP/1.1" 304 -
186.28.103.2 - - [23/Aug/2015:12:02:30 -0500] "GET /forest/img/nav_first.gif HTTP/1.1" 304 -
186.28.103.2 - - [23/Aug/2015:12:02:30 -0500] "GET /forest/img/nav_prev.gif HTTP/1.1" 304 -
186.28.103.2 - - [23/Aug/2015:12:02:30 -0500] "GET /forest/img/nav_next.gif HTTP/1.1" 304 -
186.28.103.2 - - [23/Aug/2015:12:02:30 -0500] "GET /forest/img/nav_last.gif HTTP/1.1" 304 -
186.155.14.226 - - [23/Aug/2015:12:02:39 -0500] "GET /isolucionsda/FrameSetGeneral.asp?Pagina=Menu.asp&IdModulo=5 HTTP/1.1" 200 6583
186.155.14.226 - - [23/Aug/2015:12:02:39 -0500] "GET /isolucionsda/BarraTitulos.asp?Pagina=Menu.asp&IdModulo=5 HTTP/1.1" 200 6983
186.155.14.226 - - [23/Aug/2015:12:02:39 -0500] "GET /isolucionsda/Encabezado.asp?Pagina=Menu.asp&IdModulo=5 HTTP/1.1" 200 15396
186.155.14.226 - - [23/Aug/2015:12:02:39 -0500] "GET /isolucionsda/Menu.asp?Pagina=Menu.asp&IdModulo=5 HTTP/1.1" 200 9343
186.155.14.226 - - [23/Aug/2015:12:02:39 -0500] "GET /isolucionsda/BarraFavoritos.asp HTTP/1.1" 200 911
186.155.14.226 - - [23/Aug/2015:12:02:40 -0500] "GET /isolucionsda/Session.asp?Continue=1 HTTP/1.1" 200 6324
186.77.139.118 - - [23/Aug/2015:12:02:43 -0500] "GET /galeria/galeria/jquery.fancybox.js?v=2.1.5 HTTP/1.1" 200 48706
186.77.139.118 - - [23/Aug/2015:12:02:44 -0500] "GET /galeria/galeria/jquery.fancybox.css?v=2.1.5 HTTP/1.1" 200 4895
181.63.169.144 - - [23/Aug/2015:12:02:47 -0500] "GET /BLA/boletinlegal/js/jquery.scrollShow.js HTTP/1.1" 200 4586
181.63.169.144 - - [23/Aug/2015:12:02:47 -0500] "GET /galeria/galeria/jquery.fancybox.css?v=2.1.5 HTTP/1.1" 200 4895
181.63.169.144 - - [23/Aug/2015:12:02:47 -0500] "GET /galeria/galeria/jquery.fancybox.js?v=2.1.5 HTTP/1.1" 200 48706
186.28.103.2 - - [23/Aug/2015:12:02:48 -0500] "GET /forest/skins/gdocs-jar/popup/popup.jsp?width=900&height=600&title=Informaci%F3n%20de%20proceso&uri=/forest/system/process.jsp%3FnumPro%3D3152752&name=undefined&_a=0.2751307752914727&a=0.5222664657048881 HTTP/1.1" 200 1312
186.28.103.2 - - [23/Aug/2015:12:02:49 -0500] "GET /forest/system/process.jsp?numPro=3152752 HTTP/1.1" 200 18159
186.28.103.2 - - [23/Aug/2015:12:02:49 -0500] "GET /forest/css/index.css HTTP/1.1" 304 -
186.28.103.2 - - [23/Aug/2015:12:02:49 -0500] "GET /forest/1ibre/protoaculous.js HTTP/1.1" 304 -
186.28.103.2 - - [23/Aug/2015:12:02:49 -0500] "GET /forest/1ibre/1ibre.js HTTP/1.1" 304 -
186.28.103.2 - - [23/Aug/2015:12:02:49 -0500] "GET /forest/skins/gdocs-jar/img/activity2.gif HTTP/1.1" 304 -
186.28.103.2 - - [23/Aug/2015:12:02:49 -0500] "GET /forest/skins/gdocs-jar/img/itemlist.gif HTTP/1.1" 304 -
186.28.103.2 - - [23/Aug/2015:12:02:49 -0500] "GET /forest/skins/gdocs-jar/img/mueveactividad.gif HTTP/1.1" 304 -
186.28.103.2 - - [23/Aug/2015:12:02:49 -0500] "GET /forest/system/process.jsp?numPro=3152752 HTTP/1.1" 200 98291
186.28.103.2 - - [23/Aug/2015:12:02:54 -0500] "GET /forest/documentos/2128989/2015EE136609.docx HTTP/1.1" 200 103318
181.63.169.144 - - [23/Aug/2015:12:02:56 -0500] "GET /galeria/galeria/jquery.fancybox.css?v=2.1.5 HTTP/1.1" 304 -
181.63.169.144 - - [23/Aug/2015:12:02:56 -0500] "GET /BLA/boletinlegal/js/jquery.scrollShow.js HTTP/1.1" 304 -
181.63.169.144 - - [23/Aug/2015:12:02:56 -0500] "GET /galeria/galeria/jquery.fancybox.js?v=2.1.5 HTTP/1.1" 304 -
186.155.14.226 - - [23/Aug/2015:12:03:05 -0500] "GET /isolucionsda/FrameSetGeneral.asp?Pagina=BSC/BSC/Jerarquico.aspx&TipoGrupo=Tablero&Visualizacion=1&Grafico=2&FechaInicial=&FechaFinal=&IdElemento=&number= HTTP/1.1" 200 6880
186.155.14.226 - - [23/Aug/2015:12:03:05 -0500] "GET /isolucionsda/BarraTitulos.asp?Pagina=BSC/BSC/Jerarquico.aspx&TipoGrupo=Tablero&Visualizacion=1&Grafico=2&FechaInicial=&FechaFinal=&IdElemento=&number= HTTP/1.1" 200 6983
186.155.14.226 - - [23/Aug/2015:12:03:05 -0500] "GET /isolucionsda/Encabezado.asp?Pagina=BSC/BSC/Jerarquico.aspx&TipoGrupo=Tablero&Visualizacion=1&Grafico=2&FechaInicial=&FechaFinal=&IdElemento=&number= HTTP/1.1" 200 15396
186.155.14.226 - - [23/Aug/2015:12:03:06 -0500] "GET /isolucionsda/BarraFavoritos.asp HTTP/1.1" 200 911
186.155.14.226 - - [23/Aug/2015:12:03:06 -0500] "GET /isolucionsda/BSC/BSC/Jerarquico.aspx?Pagina=BSC/BSC/Jerarquico.aspx&TipoGrupo=Tablero&Visualizacion=1&Grafico=2&FechaInicial=&FechaFinal=&IdElemento=&number= HTTP/1.1" 200 25815
186.155.14.226 - - [23/Aug/2015:12:03:06 -0500] "GET /isolucionsda/Session.asp?Continue=1 HTTP/1.1" 200 6324
186.155.14.226 - - [23/Aug/2015:12:03:13 -0500] "POST /isolucionsda/BSC/BSC/Jerarquico.aspx?Pagina=BSC%2fBSC%2fJerarquico.aspx&TipoGrupo=Tablero&Visualizacion=1&Grafico=2&FechaInicial=&FechaFinal=&IdElemento=&number= HTTP/1.1" 302 292
186.155.14.226 - - [23/Aug/2015:12:03:13 -0500] "GET /isolucionsda/BSC/BSC/Jerarquico.aspx?number=&TipoGrupo=Proceso&Visualizacion=1&Grafico=2&FechaInicial=23/02/2015&FechaFinal=23/08/2015 HTTP/1.1" 200 25793
186.155.14.226 - - [23/Aug/2015:12:03:18 -0500] "POST /isolucionsda/BSC/BSC/Jerarquico.aspx?number=&TipoGrupo=Proceso&Visualizacion=1&Grafico=2&FechaInicial=23%2f02%2f2015&FechaFinal=23%2f08%2f2015 HTTP/1.1" 200 25793
186.155.14.226 - - [23/Aug/2015:12:03:18 -0500] "GET /isolucionsda/Jerarquia.asp?Tabla=Proceso&Form=Admon&CampoDisplay=TopMenuJerarquico1_txtObjetivoProceso&CampoHidden=TopMenuJerarquico1_hdIdObjeto&items=&IndicadoresAvanzados=si&Varios=si HTTP/1.1" 200 11518
186.155.14.226 - - [23/Aug/2015:12:03:18 -0500] "GET /isolucionsda/StyleSheet/Stylesheet.css HTTP/1.1" 200 22894
186.28.103.2 - - [23/Aug/2015:12:03:22 -0500] "GET /forest/actions/forms.getList?codForm=DPC_RepartoConsolidador&id=funcionarioasignado&text=s HTTP/1.1" 200 1248
186.28.103.2 - - [23/Aug/2015:12:03:22 -0500] "GET /forest/actions/forms.getList?codForm=DPC_RepartoConsolidador&id=funcionarioasignado&text=so HTTP/1.1" 200 1230
207.46.13.31 - - [23/Aug/2015:12:03:21 -0500] "GET /videos/ambiente-ciudad/programas/Junio-6.mp3 HTTP/1.1" 200 10012946
186.28.103.2 - - [23/Aug/2015:12:03:23 -0500] "GET /forest/actions/forms.getList?codForm=DPC_RepartoConsolidador&id=funcionarioasignado&text=son HTTP/1.1" 200 1281
186.28.103.2 - - [23/Aug/2015:12:03:23 -0500] "GET /forest/actions/forms.getList?codForm=DPC_RepartoConsolidador&id=funcionarioasignado&text=soni HTTP/1.1" 200 574
186.28.103.2 - - [23/Aug/2015:12:03:23 -0500] "GET /forest/actions/forms.getList?codForm=DPC_RepartoConsolidador&id=funcionarioasignado&text=sonia HTTP/1.1" 200 574
186.28.103.2 - - [23/Aug/2015:12:03:23 -0500] "GET /forest/actions/forms.getList?codForm=DPC_RepartoConsolidador&id=funcionarioasignado&text=sonia%20 HTTP/1.1" 200 574
186.28.103.2 - - [23/Aug/2015:12:03:23 -0500] "GET /forest/actions/forms.getList?codForm=DPC_RepartoConsolidador&id=funcionarioasignado&text=sonia%20j HTTP/1.1" 200 60
186.28.103.2 - - [23/Aug/2015:12:03:23 -0500] "GET /forest/actions/forms.getList?codForm=DPC_RepartoConsolidador&id=funcionarioasignado&text=sonia%20ju HTTP/1.1" 200 60
186.28.103.2 - - [23/Aug/2015:12:03:23 -0500] "GET /forest/actions/forms.getList?codForm=DPC_RepartoConsolidador&id=funcionarioasignado&text=sonia%20jul HTTP/1.1" 200 60
186.28.103.2 - - [23/Aug/2015:12:03:23 -0500] "GET /forest/actions/forms.getList?codForm=DPC_RepartoConsolidador&id=funcionarioasignado&text=sonia%20juli HTTP/1.1" 200 60
181.61.173.135 - - [23/Aug/2015:12:03:25 -0500] "GET /forest/login.do HTTP/1.1" 200 12815
186.28.103.2 - - [23/Aug/2015:12:03:27 -0500] "GET /forest/actions/forms.getList?codForm=DPC_RepartoConsolidador&id=codigoFuncionario&text=m HTTP/1.1" 200 1240
186.28.103.2 - - [23/Aug/2015:12:03:27 -0500] "GET /forest/actions/forms.getList?codForm=DPC_RepartoConsolidador&id=codigoFuncionario&text=ma HTTP/1.1" 200 1256
186.28.103.2 - - [23/Aug/2015:12:03:27 -0500] "GET /forest/actions/forms.getList?codForm=DPC_RepartoConsolidador&id=codigoFuncionario&text=mar HTTP/1.1" 200 1244
186.28.103.2 - - [23/Aug/2015:12:03:28 -0500] "GET /forest/actions/forms.getList?codForm=DPC_RepartoConsolidador&id=codigoFuncionario&text=mari HTTP/1.1" 200 1228
186.28.103.2 - - [23/Aug/2015:12:03:28 -0500] "GET /forest/actions/forms.getList?codForm=DPC_RepartoConsolidador&id=codigoFuncionario&text=maria HTTP/1.1" 200 1216
186.28.103.2 - - [23/Aug/2015:12:03:28 -0500] "GET /forest/actions/forms.getList?codForm=DPC_RepartoConsolidador&id=codigoFuncionario&text=maria%20 HTTP/1.1" 200 1216
186.28.103.2 - - [23/Aug/2015:12:03:28 -0500] "GET /forest/actions/forms.getList?codForm=DPC_RepartoConsolidador&id=codigoFuncionario&text=maria%20c HTTP/1.1" 200 1048
186.28.103.2 - - [23/Aug/2015:12:03:28 -0500] "GET /forest/actions/forms.getList?codForm=DPC_RepartoConsolidador&id=codigoFuncionario&text=maria%20cl HTTP/1.1" 200 258
186.28.103.2 - - [23/Aug/2015:12:03:28 -0500] "GET /forest/actions/forms.getList?codForm=DPC_RepartoConsolidador&id=codigoFuncionario&text=maria%20cla HTTP/1.1" 200 258
186.28.103.2 - - [23/Aug/2015:12:03:28 -0500] "GET /forest/actions/forms.getList?codForm=DPC_RepartoConsolidador&id=codigoFuncionario&text=maria%20clau HTTP/1.1" 200 128
186.28.103.2 - - [23/Aug/2015:12:03:28 -0500] "GET /forest/actions/forms.getList?codForm=DPC_RepartoConsolidador&id=codigoFuncionario&text=maria%20claud HTTP/1.1" 200 128
186.28.103.2 - - [23/Aug/2015:12:03:31 -0500] "POST /forest/usutareas.do? HTTP/1.1" 200 76
181.61.17.116 - - [23/Aug/2015:12:03:33 -0500] "GET /BLA/resoluciones/ HTTP/1.1" 200 7728
181.61.17.116 - - [23/Aug/2015:12:03:33 -0500] "GET /BLA/resoluciones/dlf/styles.css HTTP/1.1" 200 3049
181.61.17.116 - - [23/Aug/2015:12:03:33 -0500] "GET /BLA/resoluciones/dlf/folder.png HTTP/1.1" 200 410
181.61.17.116 - - [23/Aug/2015:12:03:33 -0500] "GET /BLA/resoluciones/dlf/bg.gif HTTP/1.1" 200 54
186.28.103.2 - - [23/Aug/2015:12:03:33 -0500] "GET /forest/usutareas.do?group_system_actual=3&a=0.46988231781870127 HTTP/1.1" 200 115570
186.28.103.2 - - [23/Aug/2015:12:03:34 -0500] "GET /forest/session.jsp?a=0.1049067392013967 HTTP/1.1" 200 4
186.28.103.2 - - [23/Aug/2015:12:03:35 -0500] "GET /forest/actions/forms.getMappedValues?id=id_EnlaceConcejo17&value=1440350265328&codForm=DPC_ElaborarBorradorConsolidador&a=0.4755151439458132 HTTP/1.1" 200 26
181.61.17.116 - - [23/Aug/2015:12:03:36 -0500] "GET /BLA/resoluciones/index.php?dir=RESOLUCIONES+2005%2F HTTP/1.1" 200 24431
181.61.17.116 - - [23/Aug/2015:12:03:36 -0500] "GET /BLA/resoluciones/dlf/dirup.png HTTP/1.1" 200 644
181.61.17.116 - - [23/Aug/2015:12:03:36 -0500] "GET /BLA/resoluciones/dlf/unknown.png HTTP/1.1" 200 266
186.28.103.2 - - [23/Aug/2015:12:03:36 -0500] "GET /forest/actions/sgc.getPlantillaByInst?codForm=726&codInst=3224624 HTTP/1.1" 200 96437
186.155.14.226 - - [23/Aug/2015:12:03:40 -0500] "GET /isolucionsda/g/Bot_HomeOver.jpg HTTP/1.1" 200 1879
186.155.14.226 - - [23/Aug/2015:12:03:40 -0500] "GET /isolucionsda/g/Bot_AdministradorOver.jpg HTTP/1.1" 200 1630
66.249.64.101 - - [23/Aug/2015:12:03:41 -0500] "GET /BLA/resoluciones/RESOLUCIONES%202014/2872.pdf HTTP/1.1" 304 -
181.61.17.116 - - [23/Aug/2015:12:03:42 -0500] "GET /BLA/resoluciones/index.php?dir=RESOLUCIONES+2005%2FRES+2005+2001-2050%2F HTTP/1.1" 200 12358
181.61.17.116 - - [23/Aug/2015:12:03:44 -0500] "GET /BLA/resoluciones/RESOLUCIONES%202005/RES%202005%202001-2050/00002015.tif HTTP/1.1" 200 611466
66.249.64.101 - - [23/Aug/2015:12:03:45 -0500] "GET /BLA/resoluciones/RESOLUCIONES%202012/1535.pdf HTTP/1.1" 200 3899437
181.61.173.135 - - [23/Aug/2015:12:03:48 -0500] "POST /forest/login.do HTTP/1.1" 302 -
181.61.173.135 - - [23/Aug/2015:12:03:48 -0500] "GET /forest/index2.jsp?a=0.3785981778056532 HTTP/1.1" 200 44876
181.61.173.135 - - [23/Aug/2015:12:03:49 -0500] "GET /forest/session.jsp?a=0.6306832144036889 HTTP/1.1" 200 4
186.155.14.226 - - [23/Aug/2015:12:03:53 -0500] "POST /isolucionsda/Jerarquia.asp HTTP/1.1" 200 11619
181.61.173.135 - - [23/Aug/2015:12:03:55 -0500] "GET /forest/usutareas.do?group_system_actual=3&codTraEsc=18954667&_a=0.6052650584517523 HTTP/1.1" 200 108307
181.61.173.135 - - [23/Aug/2015:12:03:56 -0500] "GET /forest/session.jsp?a=0.2296922483947128 HTTP/1.1" 200 4
181.130.35.29 - - [23/Aug/2015:12:03:57 -0500] "GET /galeria/galeria/jquery.fancybox.css?v=2.1.5 HTTP/1.1" 200 4895
181.130.35.29 - - [23/Aug/2015:12:03:57 -0500] "GET /BLA/boletinlegal/js/jquery.scrollShow.js HTTP/1.1" 200 4586
181.130.35.29 - - [23/Aug/2015:12:03:57 -0500] "GET /galeria/galeria/jquery.fancybox.js?v=2.1.5 HTTP/1.1" 200 48706
186.155.14.226 - - [23/Aug/2015:12:03:57 -0500] "POST /isolucionsda/BSC/BSC/Jerarquico.aspx?number=&TipoGrupo=Proceso&Visualizacion=1&Grafico=2&FechaInicial=23%2f02%2f2015&FechaFinal=23%2f08%2f2015 HTTP/1.1" 302 349
186.155.14.226 - - [23/Aug/2015:12:03:57 -0500] "GET /isolucionsda/BSC/BSC/Jerarquico.aspx?number=&TipoGrupo=Proceso&Visualizacion=1&Grafico=2&FechaInicial=23/02/2015&FechaFinal=23/08/2015&IdObjeto=4&NomObjeto=COMUNICACIONES&Buscar=1 HTTP/1.1" 200 42332
186.155.14.226 - - [23/Aug/2015:12:03:58 -0500] "GET /isolucionsda/BSC/imagenes/img_semaforoverde.jpg HTTP/1.1" 200 3350
186.155.14.226 - - [23/Aug/2015:12:03:58 -0500] "GET /isolucionsda/BSC/imagenes/ico_neutral.jpg HTTP/1.1" 200 670
186.155.14.226 - - [23/Aug/2015:12:03:58 -0500] "GET /isolucionsda/BSC/imagenes/Ico_positivo.jpg HTTP/1.1" 200 852
66.249.64.101 - - [23/Aug/2015:12:03:59 -0500] "GET /BLA/resoluciones/RESOLUCIONES%202009/9180.pdf HTTP/1.1" 200 485893
190.144.149.38 - - [23/Aug/2015:12:04:00 -0500] "GET /BLA/resoluciones/RESOLUCIONES%202011/5605.pdf HTTP/1.1" 200 1291587
181.61.173.135 - - [23/Aug/2015:12:04:01 -0500] "GET /forest/documentos/2143069/2015ER150685.pdf HTTP/1.1" 200 283224
66.249.64.96 - - [23/Aug/2015:12:04:13 -0500] "GET /BLA/resoluciones/RESOLUCIONES%202011/2799.pdf HTTP/1.1" 200 688833
186.179.106.28 - - [23/Aug/2015:12:04:15 -0500] "GET /galeria/galeria/jquery.fancybox.css?v=2.1.5 HTTP/1.1" 304 -
186.179.106.25 - - [23/Aug/2015:12:04:15 -0500] "GET /BLA/boletinlegal/js/jquery.scrollShow.js HTTP/1.1" 304 -
186.179.106.17 - - [23/Aug/2015:12:04:15 -0500] "GET /galeria/galeria/jquery.fancybox.js?v=2.1.5 HTTP/1.1" 304 -
181.130.35.29 - - [23/Aug/2015:12:04:21 -0500] "GET /galeria/galeria/jquery.fancybox.css?v=2.1.5 HTTP/1.1" 304 -
181.130.35.29 - - [23/Aug/2015:12:04:21 -0500] "GET /BLA/boletinlegal/js/jquery.scrollShow.js HTTP/1.1" 304 -
181.130.35.29 - - [23/Aug/2015:12:04:21 -0500] "GET /galeria/galeria/jquery.fancybox.js?v=2.1.5 HTTP/1.1" 304 -
190.242.83.228 - - [23/Aug/2015:12:04:27 -0500] "GET /BLA/resoluciones/RESOLUCIONES%202011/1022.pdf HTTP/1.1" 200 436060
186.155.14.226 - - [23/Aug/2015:12:04:46 -0500] "GET /isolucionsda/IndicadoresBase.asp?ind=296&FechaIni=20150223&FechaFin=20150823 HTTP/1.1" 200 25422
186.155.14.226 - - [23/Aug/2015:12:04:46 -0500] "GET /isolucionsda/g/Ico_DebajoMeta.gif HTTP/1.1" 200 155
186.155.14.226 - - [23/Aug/2015:12:04:46 -0500] "GET /isolucionsda/g/Ico_VariacionPositiva.gif HTTP/1.1" 200 123
186.155.14.226 - - [23/Aug/2015:12:04:46 -0500] "GET /isolucionsda/g/Ico_EncimaRango.gif HTTP/1.1" 200 117
186.155.14.226 - - [23/Aug/2015:12:04:46 -0500] "GET /isolucionsda/g/ImgSI.gif HTTP/1.1" 200 128
186.155.14.226 - - [23/Aug/2015:12:04:46 -0500] "GET /isolucionsda/Pics/Pics250566476120152PM.jpg HTTP/1.1" 200 27223
66.249.64.106 - - [23/Aug/2015:12:04:49 -0500] "GET /BLA/resoluciones/RESOLUCIONES%202005/RES%202005%203001-3050/00003044.tif HTTP/1.1" 200 233696
190.68.202.211 - - [23/Aug/2015:11:58:50 -0500] "GET /ForestMSG_SDA/channelAsync/template_word_18996200?X-Atmosphere-tracking-id=db9c0d89-8349-6317-0200-f74391563afa&X-Atmosphere-Framework=1.0.5&X-Atmosphere-Transport=long-polling&tabid=0.12079310650005937&X-Cache-Date=0&Content-Type=application/xml&_=1440349241283 HTTP/1.1" 200 8193
190.84.185.167 - - [23/Aug/2015:12:04:53 -0500] "GET /forest/session.jsp?a=0.7928619060216093 HTTP/1.1" 200 4
190.68.202.211 - - [23/Aug/2015:12:05:02 -0500] "GET /forest/session.jsp?a=0.2894409499131143 HTTP/1.1" 200 4
74.86.158.107 - - [23/Aug/2015:12:05:42 -0500] "HEAD / HTTP/1.1" 200 -
186.114.40.48 - - [23/Aug/2015:12:05:49 -0500] "GET /BLA/resoluciones/RESOLUCIONES%202007/RES%202007%202301%20AL%202400/RESOLUCION%202316%20DE%202007.pdf HTTP/1.1" 200 968594
186.114.40.48 - - [23/Aug/2015:12:05:50 -0500] "GET /favicon.ico HTTP/1.1" 200 7782
190.84.185.167 - - [23/Aug/2015:11:59:53 -0500] "GET /ForestMSG_SDA/channelAsync/template_word_18996409?X-Atmosphere-tracking-id=ebe56592-daa2-2350-be4f-594b46bd993f&X-Atmosphere-Framework=1.0.5&X-Atmosphere-Transport=long-polling&tabid=0.8433885019052384&X-Cache-Date=0&Content-Type=application/xml&_=1440349309209 HTTP/1.1" 200 8193
186.145.58.253 - - [23/Aug/2015:12:05:54 -0500] "GET /galeria/galeria/jquery.fancybox.css?v=2.1.5 HTTP/1.1" 200 4895
186.145.58.253 - - [23/Aug/2015:12:05:54 -0500] "GET /BLA/boletinlegal/js/jquery.scrollShow.js HTTP/1.1" 200 4586
186.145.58.253 - - [23/Aug/2015:12:05:54 -0500] "GET /galeria/galeria/jquery.fancybox.js?v=2.1.5 HTTP/1.1" 200 48706
186.145.58.253 - - [23/Aug/2015:12:05:59 -0500] "GET /BLA/boletinlegal/js/jquery.scrollShow.js HTTP/1.1" 304 -
186.145.58.253 - - [23/Aug/2015:12:05:59 -0500] "GET /galeria/galeria/jquery.fancybox.js?v=2.1.5 HTTP/1.1" 304 -
186.145.58.253 - - [23/Aug/2015:12:05:59 -0500] "GET /galeria/galeria/jquery.fancybox.css?v=2.1.5 HTTP/1.1" 304 -
190.68.202.211 - - [23/Aug/2015:12:00:01 -0500] "GET /ForestMSG_SDA/channelAsync/template_word_18996148?X-Atmosphere-tracking-id=5a04e75d-f0b9-4524-cfb2-fd816c91920c&X-Atmosphere-Framework=1.0.5&X-Atmosphere-Transport=long-polling&tabid=0.47772851795889437&X-Cache-Date=0&Content-Type=application/xml&_=1440349312962 HTTP/1.1" 200 8193
186.144.34.99 - - [23/Aug/2015:12:06:06 -0500] "GET /galeria/galeria/jquery.fancybox.css?v=2.1.5 HTTP/1.1" 200 4895
186.144.34.99 - - [23/Aug/2015:12:06:06 -0500] "GET /BLA/boletinlegal/js/jquery.scrollShow.js HTTP/1.1" 200 4586
186.144.34.99 - - [23/Aug/2015:12:06:06 -0500] "GET /galeria/galeria/jquery.fancybox.js?v=2.1.5 HTTP/1.1" 200 48706
190.157.147.104 - - [23/Aug/2015:12:06:24 -0500] "GET /galeria/galeria/jquery.fancybox.js?v=2.1.5 HTTP/1.1" 200 48706
190.157.147.104 - - [23/Aug/2015:12:06:24 -0500] "GET /BLA/boletinlegal/js/jquery.scrollShow.js HTTP/1.1" 200 4586
190.157.147.104 - - [23/Aug/2015:12:06:24 -0500] "GET /galeria/galeria/jquery.fancybox.css?v=2.1.5 HTTP/1.1" 200 4895
186.144.34.99 - - [23/Aug/2015:12:06:28 -0500] "GET /BLA/boletinlegal/js/jquery.scrollShow.js HTTP/1.1" 304 -
186.144.34.99 - - [23/Aug/2015:12:06:28 -0500] "GET /galeria/galeria/jquery.fancybox.js?v=2.1.5 HTTP/1.1" 304 -
186.144.34.99 - - [23/Aug/2015:12:06:28 -0500] "GET /galeria/galeria/jquery.fancybox.css?v=2.1.5 HTTP/1.1" 304 -
190.68.202.211 - - [23/Aug/2015:12:06:29 -0500] "GET /forest/skins/gdocs-jar/popup/escritorio/subirborrador.jsp?form=elaboraciondt&codTpl=&codBorr=646450&a=0.555234129074961 HTTP/1.1" 200 23292
190.157.147.104 - - [23/Aug/2015:12:06:29 -0500] "GET /galeria/galeria/jquery.fancybox.js?v=2.1.5 HTTP/1.1" 304 -
190.157.147.104 - - [23/Aug/2015:12:06:29 -0500] "GET /BLA/boletinlegal/js/jquery.scrollShow.js HTTP/1.1" 304 -
190.157.147.104 - - [23/Aug/2015:12:06:29 -0500] "GET /galeria/galeria/jquery.fancybox.css?v=2.1.5 HTTP/1.1" 304 -
190.68.202.211 - - [23/Aug/2015:12:06:30 -0500] "GET /forest/json.do?query=borradoresByTpls&codInst=3221697&codTare=1265&firma=0&a=0.7243131282739341 HTTP/1.1" 200 187
190.68.202.211 - - [23/Aug/2015:12:06:30 -0500] "GET /forest/json.do?query=plantillasByTarea&codTare=1265&codInst=3221697&firma=0&a=0.3574643414467573 HTTP/1.1" 200 279
190.68.202.211 - - [23/Aug/2015:12:06:30 -0500] "GET /forest/json.do?query=terceroById&numTer=899999061-9%20SDA&a=0.06590352789498866 HTTP/1.1" 200 672
190.68.202.211 - - [23/Aug/2015:12:06:30 -0500] "GET /forest/json.do?query=datosBorradorByCodTraBorr&codTraBorr=1953664&a=0.32420551567338407 HTTP/1.1" 200 180
190.68.202.211 - - [23/Aug/2015:12:06:30 -0500] "GET /forest/json.do?query=adjuntosByBorrador&codTraBorr=1953664&a=0.4070876867044717 HTTP/1.1" 200 117
190.68.202.211 - - [23/Aug/2015:12:06:30 -0500] "GET /forest/json.do?query=ultimoBorradorByTpl&codTpl=947&codInst=3221697&a=0.6329611830879003 HTTP/1.1" 200 2
190.68.202.211 - - [23/Aug/2015:12:06:30 -0500] "GET /forest/json.do?query=ultimoBorradorByTpl&codTpl=948&codInst=3221697&a=0.19741744035854936 HTTP/1.1" 200 20
190.157.147.104 - - [23/Aug/2015:12:06:30 -0500] "GET /galeria/galeria/jquery.fancybox.js?v=2.1.5 HTTP/1.1" 304 -
181.61.173.135 - - [23/Aug/2015:12:06:42 -0500] "GET /forest/index2.jsp?_a=0.42189255403354764 HTTP/1.1" 200 44878
181.61.173.135 - - [23/Aug/2015:12:06:43 -0500] "GET /forest/session.jsp?a=0.08918851125054061 HTTP/1.1" 200 4
66.249.64.96 - - [23/Aug/2015:12:06:50 -0500] "GET /BLA/resoluciones/Notificaciones/REGISTROS%202014/00934.doc HTTP/1.1" 304 -
181.61.173.135 - - [23/Aug/2015:12:06:50 -0500] "GET /forest/forms/showform.jsp?codPro=134&codForm=IncioNumeracion&a=0.2257193101104349 HTTP/1.1" 200 17109
190.68.202.211 - - [23/Aug/2015:12:06:50 -0500] "POST /forest/usutareas.do?group_system_actual=3 HTTP/1.1" 200 197
186.28.103.2 - - [23/Aug/2015:12:00:53 -0500] "GET /ForestMSG_SDA/channelAsync/template_word_18877157?X-Atmosphere-tracking-id=d087be77-9a80-9766-1c55-942d0121aaf2&X-Atmosphere-Framework=1.0.5&X-Atmosphere-Transport=long-polling&tabid=0.8300535494927317&X-Cache-Date=0&Content-Type=application/xml&_=1440349369617 HTTP/1.1" 200 8193
66.249.64.96 - - [23/Aug/2015:12:06:53 -0500] "GET /BLA/resoluciones/RESOLUCIONES%202010/1573.pdf HTTP/1.1" 200 507733
66.249.64.101 - - [23/Aug/2015:12:06:54 -0500] "GET /BLA/resoluciones/RESOLUCIONES%202007/RES%202007%202601%20AL%202700/RESOLUCION%202630%20DE%202007.pdf HTTP/1.1" 304 -
181.61.173.135 - - [23/Aug/2015:12:07:03 -0500] "GET /forest/actions/forms.getList?codForm=IncioNumeracion&id=Tercero165&text=h HTTP/1.1" 200 1446
181.61.173.135 - - [23/Aug/2015:12:07:03 -0500] "GET /forest/actions/forms.getList?codForm=IncioNumeracion&id=Tercero165&text=hi HTTP/1.1" 200 1277
181.61.173.135 - - [23/Aug/2015:12:07:04 -0500] "GET /forest/actions/forms.getList?codForm=IncioNumeracion&id=Tercero165&text=hig HTTP/1.1" 200 1217
190.68.202.211 - - [23/Aug/2015:12:07:02 -0500] "POST /forest/usutareas.do?group_system_actual=3 HTTP/1.1" 200 204
190.68.202.211 - - [23/Aug/2015:12:07:15 -0500] "GET /forest/usutareas.do?group_system_actual=3&a=0.3494068714790046 HTTP/1.1" 200 115470
190.68.202.211 - - [23/Aug/2015:12:06:01 -0500] "GET /ForestMSG_SDA/channelAsync/template_word_18996148?X-Atmosphere-tracking-id=5a04e75d-f0b9-4524-cfb2-fd816c91920c&X-Atmosphere-Framework=1.0.5&X-Atmosphere-Transport=long-polling&tabid=0.47772851795889437&X-Cache-Date=0&Content-Type=application/xml&_=1440349673123 HTTP/1.1" 200 8193
190.68.202.211 - - [23/Aug/2015:12:07:21 -0500] "GET /forest/session.jsp?a=0.147214024560526 HTTP/1.1" 200 4
190.68.202.211 - - [23/Aug/2015:12:07:22 -0500] "GET /forest/actions/forms.getMappedValues?id=idactavisita12&value=1438132849763&codForm=elaboraciondt&a=0.05829284084029496 HTTP/1.1" 200 369
66.249.64.106 - - [23/Aug/2015:12:07:23 -0500] "GET /BLA/resoluciones/index.php?dir=RESOLUCIONES+2006%2FRES+2006+2251-2300%2F HTTP/1.1" 200 12361
181.61.173.135 - - [23/Aug/2015:12:07:25 -0500] "GET /forest/actions/forms.getList?codForm=IncioNumeracion&id=Tercero165&text=high HTTP/1.1" 200 1195
181.61.173.135 - - [23/Aug/2015:12:07:25 -0500] "GET /forest/actions/forms.getList?codForm=IncioNumeracion&id=Tercero165&text=highh HTTP/1.1" 200 2
181.61.173.135 - - [23/Aug/2015:12:07:25 -0500] "GET /forest/actions/forms.getList?codForm=IncioNumeracion&id=Tercero165&text=highhh HTTP/1.1" 200 2
181.61.173.135 - - [23/Aug/2015:12:07:26 -0500] "GET /forest/actions/forms.getList?codForm=IncioNumeracion&id=Tercero165&text=highhhh HTTP/1.1" 200 2
181.61.173.135 - - [23/Aug/2015:12:07:27 -0500] "GET /forest/actions/forms.getList?codForm=IncioNumeracion&id=Tercero165&text=high HTTP/1.1" 200 1195
181.61.173.135 - - [23/Aug/2015:12:07:29 -0500] "GET /forest/actions/forms.getList?codForm=IncioNumeracion&id=Tercero165&text=high%20 HTTP/1.1" 200 1195
181.61.173.135 - - [23/Aug/2015:12:07:28 -0500] "GET /forest/actions/forms.getList?codForm=IncioNumeracion&id=Tercero165&text=highhh HTTP/1.1" 200 2
181.61.173.135 - - [23/Aug/2015:12:07:28 -0500] "GET /forest/actions/forms.getList?codForm=IncioNumeracion&id=Tercero165&text=highh HTTP/1.1" 200 2
181.61.173.135 - - [23/Aug/2015:12:07:29 -0500] "GET /forest/actions/forms.getList?codForm=IncioNumeracion&id=Tercero165&text=high%20s HTTP/1.1" 200 262
181.61.173.135 - - [23/Aug/2015:12:07:29 -0500] "GET /forest/actions/forms.getList?codForm=IncioNumeracion&id=Tercero165&text=high%20sc HTTP/1.1" 200 57
181.61.173.135 - - [23/Aug/2015:12:07:29 -0500] "GET /forest/actions/forms.getList?codForm=IncioNumeracion&id=Tercero165&text=high%20sch HTTP/1.1" 200 57
190.68.202.211 - - [23/Aug/2015:12:07:29 -0500] "POST /forest/usutareas.do? HTTP/1.1" 200 76
190.68.202.211 - - [23/Aug/2015:12:07:34 -0500] "GET /forest/usutareas.do?group_system_actual=3&a=0.9834996631834656 HTTP/1.1" 200 19569
190.68.202.211 - - [23/Aug/2015:12:07:35 -0500] "GET /forest/session.jsp?a=0.10964090703055263 HTTP/1.1" 200 4
186.29.39.172 - - [23/Aug/2015:12:07:36 -0500] "GET /galeria/galeria/jquery.fancybox.css?v=2.1.5 HTTP/1.1" 200 4895
186.29.39.172 - - [23/Aug/2015:12:07:36 -0500] "GET /galeria/galeria/jquery.fancybox.js?v=2.1.5 HTTP/1.1" 200 48706
186.29.39.172 - - [23/Aug/2015:12:07:36 -0500] "GET /galeria/galeria/fotos/MeandrodelSay1P.jpg HTTP/1.1" 200 27908
66.249.64.106 - - [23/Aug/2015:12:07:36 -0500] "GET /BLA/resoluciones/RESOLUCIONES%202009/0409.pdf HTTP/1.1" 304 -
186.29.39.172 - - [23/Aug/2015:12:07:36 -0500] "GET /galeria/galeria/fotos/MeandrodelSay2P.jpg HTTP/1.1" 200 30394
186.29.39.172 - - [23/Aug/2015:12:07:36 -0500] "GET /galeria/galeria/fotos/MeandrodelSay3P.jpg HTTP/1.1" 200 32353
186.29.39.172 - - [23/Aug/2015:12:07:36 -0500] "GET /galeria/galeria/fotos/MeandrodelSay4P.jpg HTTP/1.1" 200 32545
190.68.202.211 - - [23/Aug/2015:12:07:37 -0500] "GET /forest/index2.jsp?_a=0.7870330305304378 HTTP/1.1" 200 55380
190.68.202.211 - - [23/Aug/2015:12:07:39 -0500] "GET /forest/session.jsp?a=0.30945182987488806 HTTP/1.1" 200 4
181.130.153.106 - - [23/Aug/2015:12:07:47 -0500] "GET /BLA/boletinlegal/js/jquery.scrollShow.js HTTP/1.1" 200 4586
181.130.153.106 - - [23/Aug/2015:12:07:47 -0500] "GET /galeria/galeria/jquery.fancybox.js?v=2.1.5 HTTP/1.1" 200 48706
181.130.153.106 - - [23/Aug/2015:12:07:47 -0500] "GET /galeria/galeria/jquery.fancybox.css?v=2.1.5 HTTP/1.1" 200 4895
181.130.153.106 - - [23/Aug/2015:12:07:58 -0500] "GET /galeria/galeria/jquery.fancybox.js?v=2.1.5 HTTP/1.1" 304 -
181.130.153.106 - - [23/Aug/2015:12:07:58 -0500] "GET /BLA/boletinlegal/js/jquery.scrollShow.js HTTP/1.1" 304 -
181.130.153.106 - - [23/Aug/2015:12:07:58 -0500] "GET /galeria/galeria/jquery.fancybox.css?v=2.1.5 HTTP/1.1" 304 -
186.29.192.203 - - [23/Aug/2015:12:02:12 -0500] "GET /ForestMSG_SDA/channelAsync/template_word_18996353?X-Atmosphere-tracking-id=f2e68290-bcb3-2ad5-d970-19e8cd82e0fc&X-Atmosphere-Framework=1.0.5&X-Atmosphere-Transport=long-polling&tabid=0.9049860225059092&X-Cache-Date=0&Content-Type=application/xml&_=1440349445626 HTTP/1.1" 200 8193
186.28.103.2 - - [23/Aug/2015:12:08:35 -0500] "GET /forest/session.jsp?a=0.46773444418795407 HTTP/1.1" 200 4
66.249.64.96 - - [23/Aug/2015:12:08:35 -0500] "GET /huelladecarbono/Imagenes/btn_gris4.png HTTP/1.1" 304 -
190.252.63.159 - - [23/Aug/2015:12:08:36 -0500] "GET /BLA/boletinlegal/js/jquery.scrollShow.js HTTP/1.1" 200 4586
190.252.63.159 - - [23/Aug/2015:12:08:36 -0500] "GET /galeria/galeria/jquery.fancybox.js?v=2.1.5 HTTP/1.1" 200 48706
190.252.63.159 - - [23/Aug/2015:12:08:36 -0500] "GET /galeria/galeria/jquery.fancybox.css?v=2.1.5 HTTP/1.1" 200 4895
190.68.202.211 - - [23/Aug/2015:12:08:51 -0500] "GET /forest/misactividades.do?group_system_actual=3&codPro=125&_a=0.32203345112085424 HTTP/1.1" 200 38249
190.68.202.211 - - [23/Aug/2015:12:08:52 -0500] "GET /forest/skins/gdocs-jar/jsp/cookie.jsp?name=grid_nompro&del HTTP/1.1" 200 -
190.68.202.211 - - [23/Aug/2015:12:08:52 -0500] "GET /forest/session.jsp?a=0.7080064420588315 HTTP/1.1" 200 4
190.68.202.211 - - [23/Aug/2015:12:08:52 -0500] "POST /forest/misactividades.do?ajax=true&a=0.14114184444770217 HTTP/1.1" 200 7548
190.252.63.159 - - [23/Aug/2015:12:08:57 -0500] "GET /galeria/galeria/jquery.fancybox.css?v=2.1.5 HTTP/1.1" 304 -
190.252.63.159 - - [23/Aug/2015:12:08:57 -0500] "GET /BLA/boletinlegal/js/jquery.scrollShow.js HTTP/1.1" 304 -
190.252.63.159 - - [23/Aug/2015:12:08:57 -0500] "GET /galeria/galeria/jquery.fancybox.js?v=2.1.5 HTTP/1.1" 304 -
190.68.202.211 - - [23/Aug/2015:12:08:58 -0500] "GET /forest/index2.jsp?_a=0.5872793174348772 HTTP/1.1" 200 55380
190.68.202.211 - - [23/Aug/2015:12:08:59 -0500] "GET /forest/session.jsp?a=0.3205014041159302 HTTP/1.1" 200 4
190.144.149.38 - - [23/Aug/2015:12:09:01 -0500] "-" 408 -
190.68.202.211 - - [23/Aug/2015:12:09:01 -0500] "GET /forest/misactividades.do?group_system_actual=3&codPro=125&_a=0.11186433429630971 HTTP/1.1" 200 38249
190.68.202.211 - - [23/Aug/2015:12:09:01 -0500] "GET /forest/session.jsp?a=0.40104586258530617 HTTP/1.1" 200 4
190.68.202.211 - - [23/Aug/2015:12:09:01 -0500] "POST /forest/misactividades.do?ajax=true&a=0.07429024437442422 HTTP/1.1" 200 1075
190.27.147.161 - - [23/Aug/2015:12:09:12 -0500] "GET /Residuos/impresion/files/guia_impresion-lit.pdf HTTP/1.1" 200 12573981
190.27.147.161 - - [23/Aug/2015:12:09:13 -0500] "GET /favicon.ico HTTP/1.1" 200 7782
190.68.202.211 - - [23/Aug/2015:12:09:04 -0500] "GET /forest/usutareas.do?_a=0.4958061573561281&group_system_actual=3 HTTP/1.1" 200 380219
181.61.173.135 - - [23/Aug/2015:12:08:54 -0500] "GET /forest/actions/forms.getList?codForm=IncioNumeracion&id=Radicaciones10&text=h HTTP/1.1" 200 2
190.68.202.211 - - [23/Aug/2015:12:09:13 -0500] "GET /forest/session.jsp?a=0.6594951127190143 HTTP/1.1" 200 4
190.68.202.211 - - [23/Aug/2015:12:09:13 -0500] "GET /forest/actions/forms.getList?codForm=conceptotecnico&id=tipodocumento130 HTTP/1.1" 200 117
181.61.173.135 - - [23/Aug/2015:12:08:55 -0500] "GET /forest/actions/forms.getList?codForm=IncioNumeracion&id=Radicaciones10&text=hi HTTP/1.1" 200 2
190.68.202.211 - - [23/Aug/2015:12:09:14 -0500] "POST /forest/actions/forms.getDataSelect?a=0.613492822740227 HTTP/1.1" 200 343
190.68.202.211 - - [23/Aug/2015:12:09:14 -0500] "GET /forest/actions/forms.getMappedValues?id=idactavisita275&value=1440284134914&codForm=conceptotecnico&a=0.2188857295550406 HTTP/1.1" 200 1567
190.68.202.211 - - [23/Aug/2015:12:09:15 -0500] "GET /forest/actions/forms.getMappedValues?id=REP_CEDULA1040&value=3272616&codForm=conceptotecnico&a=0.4322068232577294 HTTP/1.1" 200 73
190.68.202.211 - - [23/Aug/2015:12:09:15 -0500] "GET /forest/actions/forms.getMappedValues?id=ciiu619&value=2219&codForm=conceptotecnico&a=0.7199838443193585 HTTP/1.1" 200 66
190.68.202.211 - - [23/Aug/2015:12:09:15 -0500] "GET /forest/actions/forms.getMappedValues?id=CODLOC75&value=18&codForm=conceptotecnico&a=0.1906822316814214 HTTP/1.1" 200 35
190.68.202.211 - - [23/Aug/2015:12:09:15 -0500] "GET /forest/actions/forms.getMappedValues?id=CODLOC75&value=18&codForm=conceptotecnico&a=0.04720497946254909 HTTP/1.1" 200 35
190.27.147.161 - - [23/Aug/2015:12:09:15 -0500] "GET /Residuos/impresion/files/guia_impresion-lit.pdf HTTP/1.1" 206 32768
181.61.173.135 - - [23/Aug/2015:12:08:56 -0500] "GET /forest/actions/forms.getList?codForm=IncioNumeracion&id=Radicaciones10&text=hig HTTP/1.1" 200 2
190.27.147.161 - - [23/Aug/2015:12:09:15 -0500] "GET /Residuos/impresion/files/guia_impresion-lit.pdf HTTP/1.1" 206 12541213
190.68.202.211 - - [23/Aug/2015:12:09:15 -0500] "GET /forest/actions/forms.getFile?nameFile=DSC08023.JPG&idField=nomfoto160 HTTP/1.1" 200 -
190.68.202.211 - - [23/Aug/2015:12:09:15 -0500] "GET /forest/file/4689124 HTTP/1.1" 200 29493
190.68.202.211 - - [23/Aug/2015:12:09:15 -0500] "GET /forest/actions/forms.getMappedValues?id=CODUPZ675&value=39&codForm=conceptotecnico&a=0.9861553839873523 HTTP/1.1" 200 24
181.61.173.135 - - [23/Aug/2015:12:08:56 -0500] "GET /forest/actions/forms.getList?codForm=IncioNumeracion&id=Radicaciones10&text=high HTTP/1.1" 200 2
190.68.202.211 - - [23/Aug/2015:12:09:16 -0500] "POST /forest/actions/forms.getDataSelect?a=0.20767762884497643 HTTP/1.1" 200 249
181.61.173.135 - - [23/Aug/2015:12:08:57 -0500] "GET /forest/actions/forms.getList?codForm=IncioNumeracion&id=Radicaciones10&text=high%20 HTTP/1.1" 200 2
190.68.202.211 - - [23/Aug/2015:12:09:16 -0500] "GET /forest/actions/forms.getMappedValues?id=CODBARR74&value=1974&codForm=conceptotecnico&a=0.5996139065828174 HTTP/1.1" 200 24
181.61.173.135 - - [23/Aug/2015:12:08:57 -0500] "GET /forest/actions/forms.getList?codForm=IncioNumeracion&id=Radicaciones10&text=high%20s HTTP/1.1" 200 2
181.61.173.135 - - [23/Aug/2015:12:09:16 -0500] "GET /forest/actions/forms.getList?codForm=IncioNumeracion&id=Radicaciones10&text= HTTP/1.1" 200 770
181.61.173.135 - - [23/Aug/2015:12:09:16 -0500] "GET /forest/actions/forms.getList?codForm=IncioNumeracion&id=Radicaciones10&text=2 HTTP/1.1" 200 770
181.61.173.135 - - [23/Aug/2015:12:09:17 -0500] "GET /forest/actions/forms.getList?codForm=IncioNumeracion&id=Radicaciones10&text=20 HTTP/1.1" 200 770
181.61.173.135 - - [23/Aug/2015:12:09:17 -0500] "GET /forest/actions/forms.getList?codForm=IncioNumeracion&id=Radicaciones10&text=201 HTTP/1.1" 200 780
181.61.173.135 - - [23/Aug/2015:12:09:17 -0500] "GET /forest/actions/forms.getList?codForm=IncioNumeracion&id=Radicaciones10&text=2015 HTTP/1.1" 200 775
190.68.202.211 - - [23/Aug/2015:12:09:28 -0500] "GET /forest/actions/forms.getList?codForm=conceptotecnico&id=idtercero67&text=c HTTP/1.1" 200 1574
190.68.202.211 - - [23/Aug/2015:12:09:32 -0500] "GET /forest/actions/forms.getList?codForm=conceptotecnico&id=idtercero67&text=ca HTTP/1.1" 200 1320
190.68.202.211 - - [23/Aug/2015:12:09:32 -0500] "GET /forest/actions/forms.getList?codForm=conceptotecnico&id=idtercero67&text= HTTP/1.1" 200 1575
181.61.173.135 - - [23/Aug/2015:12:09:13 -0500] "GET /forest/actions/forms.getList?codForm=IncioNumeracion&id=Radicaciones10&text=high%20sc HTTP/1.1" 200 2
190.68.202.211 - - [23/Aug/2015:12:09:32 -0500] "GET /forest/actions/forms.getList?codForm=conceptotecnico&id=idtercero67&text=c HTTP/1.1" 200 1574
190.68.202.211 - - [23/Aug/2015:12:09:32 -0500] "GET /forest/actions/forms.getList?codForm=conceptotecnico&id=idtercero67&text=m HTTP/1.1" 200 1542
190.68.202.211 - - [23/Aug/2015:12:09:33 -0500] "GET /forest/actions/forms.getList?codForm=conceptotecnico&id=idtercero67&text=mo HTTP/1.1" 200 1264
190.68.202.211 - - [23/Aug/2015:12:09:33 -0500] "GET /forest/actions/forms.getList?codForm=conceptotecnico&id=idtercero67&text=mor HTTP/1.1" 200 1173
181.61.173.135 - - [23/Aug/2015:12:09:14 -0500] "GET /forest/actions/forms.getList?codForm=IncioNumeracion&id=Radicaciones10&text=high%20sch HTTP/1.1" 200 2
190.68.202.211 - - [23/Aug/2015:12:09:33 -0500] "GET /forest/actions/forms.getList?codForm=conceptotecnico&id=idtercero67&text=mora HTTP/1.1" 200 1123
190.68.202.211 - - [23/Aug/2015:12:09:34 -0500] "GET /forest/actions/forms.getList?codForm=conceptotecnico&id=idtercero67&text=moral HTTP/1.1" 200 1131
181.61.173.135 - - [23/Aug/2015:12:09:15 -0500] "GET /forest/actions/forms.getList?codForm=IncioNumeracion&id=Radicaciones10&text=high%20scho HTTP/1.1" 200 2
190.68.202.211 - - [23/Aug/2015:12:09:34 -0500] "GET /forest/actions/forms.getList?codForm=conceptotecnico&id=idtercero67&text=morale HTTP/1.1" 200 1120
186.28.103.2 - - [23/Aug/2015:12:03:34 -0500] "GET /ForestMSG_SDA/channelAsync/template_word_18996422?X-Atmosphere-tracking-id=7a3eb684-a659-0274-f39c-55b44e5d318a&X-Atmosphere-Framework=1.0.5&X-Atmosphere-Transport=long-polling&tabid=0.8501684069633484&X-Cache-Date=0&Content-Type=application/xml&_=1440349530740 HTTP/1.1" 200 8193
181.61.173.135 - - [23/Aug/2015:12:09:16 -0500] "GET /forest/actions/forms.getList?codForm=IncioNumeracion&id=Radicaciones10&text=high%20schoo HTTP/1.1" 200 2
181.61.173.135 - - [23/Aug/2015:12:09:17 -0500] "GET /forest/actions/forms.getList?codForm=IncioNumeracion&id=Radicaciones10&text=2015E HTTP/1.1" 200 781
181.61.173.135 - - [23/Aug/2015:12:09:16 -0500] "GET /forest/actions/forms.getList?codForm=IncioNumeracion&id=Radicaciones10&text=high%20school HTTP/1.1" 200 2
190.68.202.211 - - [23/Aug/2015:12:09:35 -0500] "GET /forest/actions/forms.getList?codForm=conceptotecnico&id=idtercero67&text=morales HTTP/1.1" 200 1119
190.68.202.211 - - [23/Aug/2015:12:09:36 -0500] "GET /forest/actions/forms.getList?codForm=conceptotecnico&id=idtercero67&text=morales%20 HTTP/1.1" 200 1133
190.68.202.211 - - [23/Aug/2015:12:09:43 -0500] "GET /forest/actions/forms.getList?codForm=conceptotecnico&id=idtercero67&text=morales%20p HTTP/1.1" 200 1141
190.68.202.211 - - [23/Aug/2015:12:09:45 -0500] "GET /forest/actions/forms.getList?codForm=conceptotecnico&id=idtercero67&text=morales%20pe HTTP/1.1" 200 459
190.68.202.211 - - [23/Aug/2015:12:09:48 -0500] "GET /forest/actions/forms.getList?codForm=conceptotecnico&id=idtercero67&text=morales%20ped HTTP/1.1" 200 56
181.61.173.135 - - [23/Aug/2015:12:09:32 -0500] "GET /forest/actions/forms.getList?codForm=IncioNumeracion&id=Radicaciones10&text=2015ER HTTP/1.1" 200 781
157.55.39.122 - - [23/Aug/2015:12:09:52 -0500] "GET /SIG/index.php?dir=Gesti\xc3\x83\xc2\xb3n%20de%20Recursos%20Inform\xc3\x83\xc2\xa1ticos%20y%20Tecnol\xc3\x83\xc2\xb3gicos/&sort=date&order=asc HTTP/1.1" 200 4825
190.68.202.211 - - [23/Aug/2015:12:09:50 -0500] "GET /forest/actions/forms.getList?codForm=conceptotecnico&id=idtercero67&text=morales%20pedr HTTP/1.1" 200 56
181.61.173.135 - - [23/Aug/2015:12:09:34 -0500] "GET /forest/actions/forms.getList?codForm=IncioNumeracion&id=Radicaciones10&text=2015ER4 HTTP/1.1" 200 781
181.61.173.135 - - [23/Aug/2015:12:09:35 -0500] "GET /forest/actions/forms.getList?codForm=IncioNumeracion&id=Radicaciones10&text=2015ER47 HTTP/1.1" 200 781
181.61.173.135 - - [23/Aug/2015:12:09:35 -0500] "GET /forest/actions/forms.getList?codForm=IncioNumeracion&id=Radicaciones10&text=2015ER473 HTTP/1.1" 200 781
181.61.173.135 - - [23/Aug/2015:12:09:35 -0500] "GET /forest/actions/forms.getList?codForm=IncioNumeracion&id=Radicaciones10&text=2015ER47332 HTTP/1.1" 200 40
181.61.173.135 - - [23/Aug/2015:12:09:35 -0500] "GET /forest/actions/forms.getList?codForm=IncioNumeracion&id=Radicaciones10&text=2015ER4733 HTTP/1.1" 200 352
190.68.202.211 - - [23/Aug/2015:12:09:53 -0500] "GET /forest/actions/forms.getList?codForm=conceptotecnico&id=idtercero67&text=morales%20pedro HTTP/1.1" 200 56
190.68.202.211 - - [23/Aug/2015:12:09:56 -0500] "GET /forest/actions/forms.getList?codForm=conceptotecnico&id=idtercero67&text=morales%20spedro HTTP/1.1" 200 2
66.249.64.101 - - [23/Aug/2015:12:10:01 -0500] "GET /BLA/resoluciones/RESOLUCIONES%202008/3682.pdf HTTP/1.1" 304 -
190.68.202.211 - - [23/Aug/2015:12:09:59 -0500] "GET /forest/actions/forms.getList?codForm=conceptotecnico&id=idtercero67&text=morales%20sapedro HTTP/1.1" 200 2
181.61.173.135 - - [23/Aug/2015:12:10:03 -0500] "GET /forest/actions/forms.getMappedValues?id=Radicaciones10&value=2039705&codForm=IncioNumeracion&a=0.5399207251612097 HTTP/1.1" 200 24
181.61.173.135 - - [23/Aug/2015:12:10:03 -0500] "GET /forest/actions/forms.getItemList?codForm=IncioNumeracion&id=NUMTER31&value=ATM002590&a=0.7654673457145691 HTTP/1.1" 200 41
190.68.202.211 - - [23/Aug/2015:12:10:02 -0500] "GET /forest/actions/forms.getList?codForm=conceptotecnico&id=idtercero67&text=morales%20sanpedro HTTP/1.1" 200 2
190.68.202.211 - - [23/Aug/2015:12:10:04 -0500] "GET /forest/actions/forms.getList?codForm=conceptotecnico&id=idtercero67&text=morales%20sancpedro HTTP/1.1" 200 2
181.61.173.135 - - [23/Aug/2015:12:09:50 -0500] "GET /forest/actions/forms.getList?codForm=IncioNumeracion&id=Radicaciones10&text=h HTTP/1.1" 200 2
181.61.173.135 - - [23/Aug/2015:12:09:53 -0500] "GET /forest/actions/forms.getList?codForm=IncioNumeracion&id=Radicaciones10&text=hi HTTP/1.1" 200 2
190.68.202.211 - - [23/Aug/2015:12:10:09 -0500] "GET /forest/actions/forms.getList?codForm=conceptotecnico&id=idtercero67&text=morales%20sanchpedro HTTP/1.1" 200 2
181.61.173.135 - - [23/Aug/2015:12:09:54 -0500] "GET /forest/actions/forms.getList?codForm=IncioNumeracion&id=Radicaciones10&text=high HTTP/1.1" 200 2
181.61.173.135 - - [23/Aug/2015:12:09:54 -0500] "GET /forest/actions/forms.getList?codForm=IncioNumeracion&id=Radicaciones10&text=hig HTTP/1.1" 200 2
181.61.173.135 - - [23/Aug/2015:12:09:54 -0500] "GET /forest/actions/forms.getList?codForm=IncioNumeracion&id=Radicaciones10&text=high%20 HTTP/1.1" 200 2
181.61.173.135 - - [23/Aug/2015:12:09:55 -0500] "GET /forest/actions/forms.getList?codForm=IncioNumeracion&id=Radicaciones10&text=high%20s HTTP/1.1" 200 2
190.68.202.211 - - [23/Aug/2015:12:10:13 -0500] "GET /forest/actions/forms.getList?codForm=conceptotecnico&id=idtercero67&text=morales%20sanchepedro HTTP/1.1" 200 2
190.68.202.211 - - [23/Aug/2015:12:10:16 -0500] "GET /forest/actions/forms.getList?codForm=conceptotecnico&id=idtercero67&text=morales%20sanchezpedro HTTP/1.1" 200 2
190.68.202.211 - - [23/Aug/2015:12:10:18 -0500] "GET /forest/actions/forms.getList?codForm=conceptotecnico&id=idtercero67&text=morales%20sanchez%20pedro HTTP/1.1" 200 60
190.68.202.211 - - [23/Aug/2015:12:10:21 -0500] "GET /forest/actions/forms.getList?codForm=conceptotecnico&id=idtercero67&text= HTTP/1.1" 200 1575
190.68.202.211 - - [23/Aug/2015:12:10:21 -0500] "GET /forest/actions/forms.getList?codForm=conceptotecnico&id=idtercero67&text=c HTTP/1.1" 200 1574
190.68.202.211 - - [23/Aug/2015:12:10:22 -0500] "GET /forest/actions/forms.getList?codForm=conceptotecnico&id=idtercero67&text=ca HTTP/1.1" 200 1320
190.68.202.211 - - [23/Aug/2015:12:10:23 -0500] "GET /forest/actions/forms.getList?codForm=conceptotecnico&id=idtercero67&text=cau HTTP/1.1" 200 1186
181.61.173.135 - - [23/Aug/2015:12:10:03 -0500] "GET /forest/actions/forms.getList?codForm=IncioNumeracion&id=Radicaciones10&text=high%20scho HTTP/1.1" 200 2
190.68.202.211 - - [23/Aug/2015:12:10:24 -0500] "GET /forest/actions/forms.getList?codForm=conceptotecnico&id=idtercero67&text=cauc HTTP/1.1" 200 1163
190.68.202.211 - - [23/Aug/2015:12:09:15 -0500] "GET /forest/file/4689159 HTTP/1.1" 200 1390770
190.68.202.211 - - [23/Aug/2015:12:10:25 -0500] "GET /forest/actions/forms.getList?codForm=conceptotecnico&id=idtercero67&text=cauch HTTP/1.1" 200 1104
181.61.173.135 - - [23/Aug/2015:12:10:03 -0500] "GET /forest/actions/forms.getList?codForm=IncioNumeracion&id=Radicaciones10&text=high%20schoo HTTP/1.1" 200 2
190.68.202.211 - - [23/Aug/2015:12:09:15 -0500] "GET /forest/file/4689140 HTTP/1.1" 200 1455039
190.68.202.211 - - [23/Aug/2015:12:09:15 -0500] "GET /forest/file/4689170 HTTP/1.1" 200 1652867
190.68.202.211 - - [23/Aug/2015:12:09:15 -0500] "GET /forest/file/4689137 HTTP/1.1" 200 1849434
190.68.202.211 - - [23/Aug/2015:12:09:15 -0500] "GET /forest/file/4689157 HTTP/1.1" 200 1510191
190.68.202.211 - - [23/Aug/2015:12:10:26 -0500] "GET /forest/session.jsp?a=0.4930337523110211 HTTP/1.1" 200 4
190.68.202.211 - - [23/Aug/2015:12:10:26 -0500] "POST /forest/misactividades.do?ajax=true&a=0.9315085951238871 HTTP/1.1" 200 1075
181.61.173.135 - - [23/Aug/2015:12:10:10 -0500] "GET /forest/actions/forms.getList?codForm=IncioNumeracion&id=Radicaciones10&text=high%20sch HTTP/1.1" 200 2
190.68.202.211 - - [23/Aug/2015:12:10:28 -0500] "GET /forest/index2.jsp?_a=0.1318708793260157 HTTP/1.1" 200 55378
186.145.81.236 - - [23/Aug/2015:12:10:29 -0500] "GET /galeria/galeria/jquery.fancybox.css?v=2.1.5 HTTP/1.1" 200 4895
186.145.81.236 - - [23/Aug/2015:12:10:29 -0500] "GET /BLA/boletinlegal/js/jquery.scrollShow.js HTTP/1.1" 200 4586
186.145.81.236 - - [23/Aug/2015:12:10:29 -0500] "GET /galeria/galeria/jquery.fancybox.js?v=2.1.5 HTTP/1.1" 200 48706
190.68.202.211 - - [23/Aug/2015:12:10:29 -0500] "GET /forest/session.jsp?a=0.3649972837883979 HTTP/1.1" 200 4
190.68.202.211 - - [23/Aug/2015:12:10:31 -0500] "GET /forest/misactividades.do?group_system_actual=3&codPro=176&_a=0.5541301236521373 HTTP/1.1" 200 38233
181.61.173.135 - - [23/Aug/2015:12:10:12 -0500] "GET /forest/actions/forms.getList?codForm=IncioNumeracion&id=Radicaciones10&text=high%20sc HTTP/1.1" 200 2
190.68.202.211 - - [23/Aug/2015:12:10:32 -0500] "GET /forest/skins/gdocs-jar/jsp/cookie.jsp?name=grid_nompro&del HTTP/1.1" 200 -
190.68.202.211 - - [23/Aug/2015:12:10:32 -0500] "GET /forest/session.jsp?a=0.7467873953282833 HTTP/1.1" 200 4
190.68.202.211 - - [23/Aug/2015:12:10:32 -0500] "POST /forest/misactividades.do?ajax=true&a=0.9256382654421031 HTTP/1.1" 200 7548
181.61.173.135 - - [23/Aug/2015:12:10:13 -0500] "GET /forest/actions/forms.getList?codForm=IncioNumeracion&id=Radicaciones10&text=2015ER47332 HTTP/1.1" 200 40
