186.81.202.24 - - [27/Aug/2015:00:42:23 -0500] "GET /galeria/nivo-slider/themes/default/loading.gif HTTP/1.1" 200 1737
186.81.202.24 - - [27/Aug/2015:00:42:24 -0500] "GET /galeria/nivo-slider/demo/images/Comparendo-ambiental-Banner.jpg HTTP/1.1" 200 83731
186.81.202.24 - - [27/Aug/2015:00:42:24 -0500] "GET /galeria/nivo-slider/demo/images/GAE-banner.jpg HTTP/1.1" 200 97556
186.81.202.24 - - [27/Aug/2015:00:42:25 -0500] "GET /galeria/nivo-slider/demo/images/banner-Pacto-por-la-madera.jpg HTTP/1.1" 200 209966
186.81.202.24 - - [27/Aug/2015:00:42:25 -0500] "GET /galeria/nivo-slider/demo/images/acuerdo_569.jpg HTTP/1.1" 200 62670
186.81.202.24 - - [27/Aug/2015:00:42:26 -0500] "GET /galeria/nivo-slider/demo/images/Banner-encuesta-de-percepscio.jpg HTTP/1.1" 200 201899
186.81.202.24 - - [27/Aug/2015:00:42:27 -0500] "GET /galeria/nivo-slider/demo/images/Ruta-vertimientos-01.jpg HTTP/1.1" 200 130151
186.81.202.24 - - [27/Aug/2015:00:42:27 -0500] "GET /galeria/nivo-slider/demo/images/Banner-Directorio.jpg HTTP/1.1" 200 182068
186.81.202.24 - - [27/Aug/2015:00:42:27 -0500] "GET /galeria/nivo-slider/demo/images/bolsas-06.jpg HTTP/1.1" 200 90982
186.81.202.24 - - [27/Aug/2015:00:42:29 -0500] "GET /galeria/nivo-slider/demo/images/Conoce-los-humedales.jpg HTTP/1.1" 200 294036
186.81.202.24 - - [27/Aug/2015:00:42:31 -0500] "GET /galeria/nivo-slider/demo/images/ecolecta-Dic2014.png HTTP/1.1" 200 288593
186.81.202.24 - - [27/Aug/2015:00:42:31 -0500] "GET /galeria/nivo-slider/demo/images/Banner-Caracol-Africano.jpg HTTP/1.1" 200 331986
186.81.202.24 - - [27/Aug/2015:00:42:39 -0500] "GET /galeria/nivo-slider/themes/default/bullets.png HTTP/1.1" 200 1281
186.81.202.24 - - [27/Aug/2015:00:42:39 -0500] "GET /galeria/nivo-slider/themes/default/arrows.png HTTP/1.1" 200 824
186.81.202.24 - - [27/Aug/2015:00:42:46 -0500] "GET /BLA/boletinlegal/js/jquery.scrollShow.js HTTP/1.1" 304 -
186.81.202.24 - - [27/Aug/2015:00:42:46 -0500] "GET /galeria/galeria/jquery.fancybox.css?v=2.1.5 HTTP/1.1" 304 -
186.81.202.24 - - [27/Aug/2015:00:42:46 -0500] "GET /galeria/galeria/jquery.fancybox.js?v=2.1.5 HTTP/1.1" 304 -
201.245.192.253 - - [27/Aug/2015:00:43:02 -0500] "GET /forest/session.jsp?a=0.14317114581353962 HTTP/1.1" 406 -
201.245.192.253 - - [27/Aug/2015:00:43:10 -0500] "GET /forest/session.jsp?a=0.7037878389708577 HTTP/1.1" 406 -
74.86.158.107 - - [27/Aug/2015:00:43:15 -0500] "HEAD / HTTP/1.1" 200 -
201.245.192.253 - - [27/Aug/2015:00:43:48 -0500] "GET /forest/session.jsp?a=0.7024702680480672 HTTP/1.1" 406 -
186.28.87.102 - - [27/Aug/2015:00:43:52 -0500] "GET /galeria/galeria/jquery.fancybox.css?v=2.1.5 HTTP/1.1" 304 -
186.28.87.102 - - [27/Aug/2015:00:43:52 -0500] "GET /galeria/galeria/jquery.fancybox.js?v=2.1.5 HTTP/1.1" 304 -
66.249.64.106 - - [27/Aug/2015:00:43:58 -0500] "GET /BLA/resoluciones/RESOLUCIONES%202007/RES%202007%203401%20AL%203500/RESOLUCION%203424%20DE%202007.pdf HTTP/1.1" 304 -
66.249.64.101 - - [27/Aug/2015:00:44:01 -0500] "GET /BLA/resoluciones/RESOLUCIONES%202007/RES%202007%201801%20AL%201900/RESOLUCION%201831%20DE%202007.pdf HTTP/1.1" 200 252426
66.249.64.96 - - [27/Aug/2015:00:44:02 -0500] "GET /BLA/resoluciones/AUTOS%202007/0636.pdf HTTP/1.1" 304 -
66.249.64.101 - - [27/Aug/2015:00:44:02 -0500] "GET /BLA/resoluciones/AUTOS%202007/0636.pdf HTTP/1.1" 304 -
186.31.120.250 - - [27/Aug/2015:00:44:18 -0500] "GET /BLA/boletinlegal/js/jquery.scrollShow.js HTTP/1.1" 200 4586
186.31.120.250 - - [27/Aug/2015:00:44:18 -0500] "GET /galeria/galeria/jquery.fancybox.css?v=2.1.5 HTTP/1.1" 200 4895
186.31.120.250 - - [27/Aug/2015:00:44:18 -0500] "GET /galeria/galeria/jquery.fancybox.js?v=2.1.5 HTTP/1.1" 200 48706
186.31.120.250 - - [27/Aug/2015:00:44:22 -0500] "GET /autoliquidacion HTTP/1.1" 301 310
186.118.224.240 - - [27/Aug/2015:00:44:23 -0500] "GET /galeria/nivo-slider/demo/demo.html HTTP/1.1" 200 5212
186.118.224.240 - - [27/Aug/2015:00:44:26 -0500] "GET /galeria/nivo-slider/themes/default/default.css HTTP/1.1" 200 1569
186.118.224.240 - - [27/Aug/2015:00:44:26 -0500] "GET /galeria/nivo-slider/themes/pascal/pascal.css HTTP/1.1" 200 2258
186.118.224.240 - - [27/Aug/2015:00:44:26 -0500] "GET /galeria/nivo-slider/themes/orman/orman.css HTTP/1.1" 200 2152
186.118.224.240 - - [27/Aug/2015:00:44:26 -0500] "GET /galeria/nivo-slider/nivo-slider.css HTTP/1.1" 200 1507
186.118.224.240 - - [27/Aug/2015:00:44:26 -0500] "GET /galeria/nivo-slider/demo/style.css HTTP/1.1" 200 2222
186.118.224.240 - - [27/Aug/2015:00:44:26 -0500] "GET /galeria/nivo-slider/demo/images/rendicion-de-cuentas-7-agosto.jpg HTTP/1.1" 200 110842
186.118.224.240 - - [27/Aug/2015:00:44:26 -0500] "GET /galeria/nivo-slider/demo/images/Banner-ecolecta2015.jpg HTTP/1.1" 200 219133
186.118.224.240 - - [27/Aug/2015:00:44:26 -0500] "GET /galeria/nivo-slider/demo/images/PREDAcamp.jpg HTTP/1.1" 200 295358
186.118.224.240 - - [27/Aug/2015:00:44:26 -0500] "GET /galeria/nivo-slider/demo/images/Semana-PYBA.jpg HTTP/1.1" 200 103786
186.118.224.240 - - [27/Aug/2015:00:44:26 -0500] "GET /galeria/nivo-slider/demo/images/VoluntariadoPYBA.jpg HTTP/1.1" 200 40647
186.118.224.240 - - [27/Aug/2015:00:44:26 -0500] "GET /galeria/nivo-slider/demo/images/Cambio-Climatico-Cerros.jpg HTTP/1.1" 200 273652
186.118.224.240 - - [27/Aug/2015:00:44:27 -0500] "GET /galeria/nivo-slider/demo/images/Banner-TL.jpg HTTP/1.1" 200 158976
186.118.224.240 - - [27/Aug/2015:00:44:27 -0500] "GET /galeria/nivo-slider/demo/images/banner-llantas2.jpg HTTP/1.1" 200 204644
186.118.224.240 - - [27/Aug/2015:00:44:27 -0500] "GET /galeria/nivo-slider/demo/images/9Signos.jpg HTTP/1.1" 200 81776
186.118.224.240 - - [27/Aug/2015:00:44:27 -0500] "GET /galeria/nivo-slider/demo/images/Comparendo-ambiental-Banner.jpg HTTP/1.1" 200 83731
186.118.224.240 - - [27/Aug/2015:00:44:28 -0500] "GET /galeria/nivo-slider/demo/images/GAE-banner.jpg HTTP/1.1" 200 97556
186.118.224.240 - - [27/Aug/2015:00:44:28 -0500] "GET /galeria/nivo-slider/demo/images/Banner-encuesta-de-percepscio.jpg HTTP/1.1" 200 201899
186.118.224.240 - - [27/Aug/2015:00:44:28 -0500] "GET /galeria/nivo-slider/demo/images/banner-Pacto-por-la-madera.jpg HTTP/1.1" 200 209966
186.118.224.240 - - [27/Aug/2015:00:44:28 -0500] "GET /galeria/nivo-slider/demo/images/acuerdo_569.jpg HTTP/1.1" 200 62670
186.118.224.240 - - [27/Aug/2015:00:44:28 -0500] "GET /galeria/nivo-slider/demo/images/Banner-Directorio.jpg HTTP/1.1" 200 182068
186.118.224.240 - - [27/Aug/2015:00:44:28 -0500] "GET /galeria/nivo-slider/demo/images/Ruta-vertimientos-01.jpg HTTP/1.1" 200 130151
186.118.224.240 - - [27/Aug/2015:00:44:28 -0500] "GET /galeria/nivo-slider/demo/images/bolsas-06.jpg HTTP/1.1" 200 90982
186.118.224.240 - - [27/Aug/2015:00:44:29 -0500] "GET /galeria/nivo-slider/demo/images/Conoce-los-humedales.jpg HTTP/1.1" 200 294036
186.118.224.240 - - [27/Aug/2015:00:44:29 -0500] "GET /galeria/nivo-slider/demo/images/ecolecta-Dic2014.png HTTP/1.1" 200 288593
186.118.224.240 - - [27/Aug/2015:00:44:29 -0500] "GET /galeria/nivo-slider/demo/images/Banner-Caracol-Africano.jpg HTTP/1.1" 200 331986
186.118.224.240 - - [27/Aug/2015:00:44:29 -0500] "GET /galeria/nivo-slider/demo/scripts/jquery-1.7.1.min.js HTTP/1.1" 200 93868
186.118.224.240 - - [27/Aug/2015:00:44:30 -0500] "GET /galeria/nivo-slider/jquery.nivo.slider.pack.js HTTP/1.1" 200 11561
186.118.224.240 - - [27/Aug/2015:00:44:32 -0500] "GET /galeria/nivo-slider/demo/images/4Simple_Slider.png HTTP/1.1" 200 11722
186.118.224.240 - - [27/Aug/2015:00:44:32 -0500] "GET /galeria/nivo-slider/themes/default/loading.gif HTTP/1.1" 200 1737
186.118.224.240 - - [27/Aug/2015:00:44:33 -0500] "GET /galeria/nivo-slider/themes/default/arrows.png HTTP/1.1" 200 824
186.118.224.240 - - [27/Aug/2015:00:44:33 -0500] "GET /galeria/nivo-slider/themes/default/bullets.png HTTP/1.1" 200 1281
207.90.2.8 - - [27/Aug/2015:00:44:46 -0500] "GET /galeria/nivo-slider/demo/demo.html HTTP/1.0" 200 5212
186.31.120.250 - - [27/Aug/2015:00:44:49 -0500] "GET /autoliquidacion/ HTTP/1.1" 200 6375
186.31.120.250 - - [27/Aug/2015:00:44:51 -0500] "GET /autoliquidacion/dlf/styles.css HTTP/1.1" 200 3045
186.31.120.250 - - [27/Aug/2015:00:44:51 -0500] "GET /autoliquidacion/dlf/folder.png HTTP/1.1" 200 410
186.31.120.250 - - [27/Aug/2015:00:44:52 -0500] "GET /autoliquidacion/dlf/bg.gif HTTP/1.1" 200 54
201.245.192.253 - - [27/Aug/2015:00:45:04 -0500] "GET /forest/session.jsp?a=0.17154631670564413 HTTP/1.1" 406 -
190.109.168.19 - - [27/Aug/2015:00:45:05 -0500] "GET /BLA/resoluciones/RESOLUCIONES%202010/0514.pdf HTTP/1.1" 200 373772
190.109.168.19 - - [27/Aug/2015:00:45:05 -0500] "GET /favicon.ico HTTP/1.1" 200 7782
190.109.168.19 - - [27/Aug/2015:00:45:05 -0500] "GET /BLA/resoluciones/RESOLUCIONES%202010/0514.pdf HTTP/1.1" 206 32768
190.109.168.19 - - [27/Aug/2015:00:45:05 -0500] "GET /BLA/resoluciones/RESOLUCIONES%202010/0514.pdf HTTP/1.1" 206 341004
201.245.192.253 - - [27/Aug/2015:00:45:10 -0500] "GET /forest/session.jsp?a=0.2526046381242526 HTTP/1.1" 406 -
186.31.120.250 - - [27/Aug/2015:00:45:36 -0500] "GET /galeria/galeria/jquery.fancybox.css?v=2.1.5 HTTP/1.1" 304 -
186.31.120.250 - - [27/Aug/2015:00:45:36 -0500] "GET /BLA/boletinlegal/js/jquery.scrollShow.js HTTP/1.1" 304 -
186.31.120.250 - - [27/Aug/2015:00:45:36 -0500] "GET /galeria/galeria/jquery.fancybox.js?v=2.1.5 HTTP/1.1" 304 -
186.31.120.250 - - [27/Aug/2015:00:45:46 -0500] "GET /autoliquidacion HTTP/1.1" 301 310
186.31.120.250 - - [27/Aug/2015:00:45:48 -0500] "GET /autoliquidacion/ HTTP/1.1" 200 6375
201.245.192.253 - - [27/Aug/2015:00:45:48 -0500] "GET /forest/session.jsp?a=0.012546819229192319 HTTP/1.1" 406 -
186.31.120.250 - - [27/Aug/2015:00:45:50 -0500] "GET /autoliquidacion/dlf/styles.css HTTP/1.1" 304 -
186.31.120.250 - - [27/Aug/2015:00:45:50 -0500] "GET /autoliquidacion/dlf/folder.png HTTP/1.1" 304 -
186.28.87.102 - - [27/Aug/2015:00:46:17 -0500] "GET /galeria/galeria/jquery.fancybox.css?v=2.1.5 HTTP/1.1" 304 -
186.28.87.102 - - [27/Aug/2015:00:46:17 -0500] "GET /galeria/galeria/jquery.fancybox.js?v=2.1.5 HTTP/1.1" 304 -
68.180.230.190 - - [27/Aug/2015:00:46:30 -0500] "GET /BLA/resoluciones/index.php?dir=RESOLUCIONES+2005%2FRES+2005+2401-2450%2F HTTP/1.1" 200 12361
201.245.192.253 - - [27/Aug/2015:00:47:04 -0500] "GET /forest/session.jsp?a=0.8930889240000397 HTTP/1.1" 406 -
201.245.192.253 - - [27/Aug/2015:00:47:10 -0500] "GET /forest/session.jsp?a=0.42352039136510433 HTTP/1.1" 406 -
186.28.87.102 - - [27/Aug/2015:00:47:13 -0500] "GET /galeria/galeria/jquery.fancybox.js?v=2.1.5 HTTP/1.1" 304 -
186.28.87.102 - - [27/Aug/2015:00:47:13 -0500] "GET /galeria/galeria/jquery.fancybox.css?v=2.1.5 HTTP/1.1" 304 -
180.76.15.134 - - [27/Aug/2015:00:47:25 -0500] "GET /BLA/boletinlegal/Directivas/2014/Directiva%20No.%202%20del%205%20de%20Mayo%20de%202014.pdf HTTP/1.1" 200 591315
93.188.164.210 - - [27/Aug/2015:00:47:33 -0500] "GET / HTTP/1.1" 200 10190
181.133.24.139 - - [27/Aug/2015:00:47:43 -0500] "GET /BLA/boletinlegal/js/jquery.scrollShow.js HTTP/1.1" 200 4586
181.133.24.139 - - [27/Aug/2015:00:47:43 -0500] "GET /galeria/galeria/jquery.fancybox.css?v=2.1.5 HTTP/1.1" 200 4895
181.133.24.139 - - [27/Aug/2015:00:47:43 -0500] "GET /galeria/galeria/jquery.fancybox.js?v=2.1.5 HTTP/1.1" 200 48706
181.133.24.139 - - [27/Aug/2015:00:47:45 -0500] "GET /BLA/boletinlegal/js/jquery.scrollShow.js HTTP/1.1" 304 -
181.133.24.139 - - [27/Aug/2015:00:47:45 -0500] "GET /galeria/galeria/jquery.fancybox.css?v=2.1.5 HTTP/1.1" 304 -
181.133.24.139 - - [27/Aug/2015:00:47:45 -0500] "GET /galeria/galeria/jquery.fancybox.js?v=2.1.5 HTTP/1.1" 304 -
186.28.87.102 - - [27/Aug/2015:00:47:47 -0500] "GET /galeria/galeria/jquery.fancybox.css?v=2.1.5 HTTP/1.1" 304 -
186.28.87.102 - - [27/Aug/2015:00:47:47 -0500] "GET /galeria/galeria/jquery.fancybox.js?v=2.1.5 HTTP/1.1" 304 -
201.245.192.253 - - [27/Aug/2015:00:47:48 -0500] "GET /forest/session.jsp?a=0.0007774224534577989 HTTP/1.1" 406 -
66.249.64.101 - - [27/Aug/2015:00:47:08 -0500] "GET /BLA/boletinlegal/index.php HTTP/1.1" 200 54862
66.249.64.96 - - [27/Aug/2015:00:47:59 -0500] "GET /BLA/resoluciones/AUTOS%202010/3183.pdf HTTP/1.1" 200 1189150
66.249.64.96 - - [27/Aug/2015:00:48:01 -0500] "GET /BLA/resoluciones/RESOLUCIONES%202007/RES%202007%202801%20AL%202900/RESOLUCION%202826%20DE%202007.pdf HTTP/1.1" 304 -
181.56.3.142 - - [27/Aug/2015:00:48:09 -0500] "GET /BLA/resoluciones/RESOLUCIONES%202013/2476.pdf HTTP/1.1" 200 501043
181.56.3.142 - - [27/Aug/2015:00:48:11 -0500] "GET /BLA/resoluciones/RESOLUCIONES%202013/2476.pdf HTTP/1.1" 206 42291
181.56.3.142 - - [27/Aug/2015:00:48:11 -0500] "GET /BLA/resoluciones/RESOLUCIONES%202013/2476.pdf HTTP/1.1" 206 65536
181.56.3.142 - - [27/Aug/2015:00:48:11 -0500] "GET /favicon.ico HTTP/1.1" 200 7782
74.86.158.107 - - [27/Aug/2015:00:48:15 -0500] "HEAD / HTTP/1.1" 200 -
186.145.113.63 - - [27/Aug/2015:00:48:19 -0500] "GET /crossdomain.xml HTTP/1.1" 404 1280
186.145.113.63 - - [27/Aug/2015:00:48:19 -0500] "GET /arcgis/services/Calidad_del_Agua_WQI/MapServer/WMSServer?HEIGHT=799&STYLES=&LAYERS=3%2C4%2C5%2C6%2C7&BBOX=%2D74%2E09954110787926%2C4%2E583038517127979%2C%2D74%2E06146973178598%2C4%2E602050410564563&VERSION=1%2E1%2E1&TRANSPARENT=TRUE&SERVICE=WMS&SRS=EPSG%3A4686&REQUEST=GetMap&FORMAT=image%2Fpng&WIDTH=1600 HTTP/1.1" 200 7833
186.80.152.6 - - [27/Aug/2015:00:48:59 -0500] "GET /galeria/galeria/jquery.fancybox.css?v=2.1.5 HTTP/1.1" 200 4895
186.80.152.6 - - [27/Aug/2015:00:48:59 -0500] "GET /BLA/boletinlegal/js/jquery.scrollShow.js HTTP/1.1" 200 4586
186.80.152.6 - - [27/Aug/2015:00:49:01 -0500] "GET /galeria/galeria/jquery.fancybox.js?v=2.1.5 HTTP/1.1" 200 48706
201.245.192.253 - - [27/Aug/2015:00:49:06 -0500] "GET /forest/session.jsp?a=0.3096049895975739 HTTP/1.1" 406 -
201.245.192.253 - - [27/Aug/2015:00:49:10 -0500] "GET /forest/session.jsp?a=0.5474179132937786 HTTP/1.1" 406 -
201.245.192.253 - - [27/Aug/2015:00:49:48 -0500] "GET /forest/session.jsp?a=0.05011973070210485 HTTP/1.1" 406 -
66.249.64.101 - - [27/Aug/2015:00:50:08 -0500] "GET /BLA/resoluciones/AUTOS%202012/1781.pdf HTTP/1.1" 304 -
66.249.64.253 - - [27/Aug/2015:00:50:10 -0500] "GET /PORTAL_SIAC/swf/Residuos/pinturas/files/search/searchtext.xml HTTP/1.1" 200 193773
201.245.192.253 - - [27/Aug/2015:00:51:07 -0500] "GET /forest/session.jsp?a=0.34867788199335337 HTTP/1.1" 406 -
201.245.192.253 - - [27/Aug/2015:00:51:10 -0500] "GET /forest/session.jsp?a=0.5386312843682177 HTTP/1.1" 406 -
201.245.192.253 - - [27/Aug/2015:00:51:48 -0500] "GET /forest/session.jsp?a=0.3661762129505344 HTTP/1.1" 406 -
212.7.220.19 - - [27/Aug/2015:00:52:14 -0500] "GET /webfile/?tramite=2712 HTTP/1.1" 404 1156
180.76.15.139 - - [27/Aug/2015:00:52:36 -0500] "GET / HTTP/1.1" 200 10190
201.245.192.253 - - [27/Aug/2015:00:53:08 -0500] "GET /forest/session.jsp?a=0.48502410226501524 HTTP/1.1" 406 -
66.249.64.106 - - [27/Aug/2015:00:53:09 -0500] "GET /BLA/resoluciones/RESOLUCIONES%202008/5142.pdf HTTP/1.1" 304 -
201.245.192.253 - - [27/Aug/2015:00:53:10 -0500] "GET /forest/session.jsp?a=0.7299306752760631 HTTP/1.1" 406 -
66.249.64.101 - - [27/Aug/2015:00:53:12 -0500] "GET /BLA/resoluciones/RESOLUCIONES%202010/0860.pdf HTTP/1.1" 200 106438
74.86.158.107 - - [27/Aug/2015:00:53:15 -0500] "HEAD / HTTP/1.1" 200 -
66.249.64.106 - - [27/Aug/2015:00:53:25 -0500] "GET /BLA/resoluciones/RESOLUCIONES%202009/5833.pdf HTTP/1.1" 200 552807
66.249.64.106 - - [27/Aug/2015:00:53:30 -0500] "GET /BLA/resoluciones/RESOLUCIONES%202009/6711.pdf HTTP/1.1" 200 429492
180.76.15.24 - - [27/Aug/2015:00:53:47 -0500] "GET / HTTP/1.1" 200 10190
201.245.192.253 - - [27/Aug/2015:00:53:48 -0500] "GET /forest/session.jsp?a=0.39481225278115395 HTTP/1.1" 406 -
190.27.165.254 - - [27/Aug/2015:00:54:48 -0500] "GET /galeria/galeria/jquery.fancybox.css?v=2.1.5 HTTP/1.1" 200 4895
190.27.165.254 - - [27/Aug/2015:00:54:48 -0500] "GET /galeria/carrusel/Carrusel/jquery.thumbnailScroller.css HTTP/1.1" 200 2066
190.27.165.254 - - [27/Aug/2015:00:54:48 -0500] "GET /BLA/boletinlegal/js/jquery.scrollShow.js HTTP/1.1" 200 4586
190.27.165.254 - - [27/Aug/2015:00:54:48 -0500] "GET /galeria/galeria/jquery.fancybox.js?v=2.1.5 HTTP/1.1" 200 48706
190.27.165.254 - - [27/Aug/2015:00:54:48 -0500] "GET /galeria/carrusel/Carrusel/jquery-ui-1.8.13.custom.min.js HTTP/1.1" 200 10800
190.27.165.254 - - [27/Aug/2015:00:54:48 -0500] "GET /galeria/carrusel/Carrusel/jquery.thumbnailScroller.js HTTP/1.1" 200 8157
190.27.165.254 - - [27/Aug/2015:00:54:50 -0500] "GET /galeria/nivo-slider/demo/demo.html HTTP/1.1" 200 5212
190.27.165.254 - - [27/Aug/2015:00:54:50 -0500] "GET /galeria/nivo-slider/themes/default/default.css HTTP/1.1" 200 1569
190.27.165.254 - - [27/Aug/2015:00:54:50 -0500] "GET /galeria/nivo-slider/themes/pascal/pascal.css HTTP/1.1" 200 2258
190.27.165.254 - - [27/Aug/2015:00:54:50 -0500] "GET /galeria/nivo-slider/themes/orman/orman.css HTTP/1.1" 200 2152
190.27.165.254 - - [27/Aug/2015:00:54:51 -0500] "GET /galeria/nivo-slider/nivo-slider.css HTTP/1.1" 200 1507
190.27.165.254 - - [27/Aug/2015:00:54:51 -0500] "GET /galeria/nivo-slider/demo/style.css HTTP/1.1" 200 2222
190.27.165.254 - - [27/Aug/2015:00:54:51 -0500] "GET /galeria/nivo-slider/demo/images/rendicion-de-cuentas-7-agosto.jpg HTTP/1.1" 200 110842
190.27.165.254 - - [27/Aug/2015:00:54:51 -0500] "GET /galeria/nivo-slider/demo/images/Banner-ecolecta2015.jpg HTTP/1.1" 200 219133
190.27.165.254 - - [27/Aug/2015:00:54:51 -0500] "GET /galeria/nivo-slider/demo/images/PREDAcamp.jpg HTTP/1.1" 200 295358
190.27.165.254 - - [27/Aug/2015:00:54:51 -0500] "GET /galeria/nivo-slider/demo/scripts/jquery-1.7.1.min.js HTTP/1.1" 200 93868
190.27.165.254 - - [27/Aug/2015:00:54:51 -0500] "GET /galeria/nivo-slider/jquery.nivo.slider.pack.js HTTP/1.1" 200 11561
190.27.165.254 - - [27/Aug/2015:00:54:54 -0500] "GET /galeria/nivo-slider/demo/images/4Simple_Slider.png HTTP/1.1" 200 11722
190.27.165.254 - - [27/Aug/2015:00:54:54 -0500] "GET /galeria/nivo-slider/themes/default/loading.gif HTTP/1.1" 200 1737
190.27.165.254 - - [27/Aug/2015:00:54:55 -0500] "GET /galeria/nivo-slider/demo/images/Semana-PYBA.jpg HTTP/1.1" 200 103786
190.27.165.254 - - [27/Aug/2015:00:54:58 -0500] "GET /galeria/nivo-slider/demo/images/VoluntariadoPYBA.jpg HTTP/1.1" 200 40647
190.27.165.254 - - [27/Aug/2015:00:54:59 -0500] "GET /galeria/nivo-slider/demo/images/Cambio-Climatico-Cerros.jpg HTTP/1.1" 200 273652
190.27.165.254 - - [27/Aug/2015:00:54:59 -0500] "GET /galeria/nivo-slider/demo/images/Banner-TL.jpg HTTP/1.1" 200 158976
190.27.165.254 - - [27/Aug/2015:00:54:59 -0500] "GET /galeria/nivo-slider/demo/images/banner-llantas2.jpg HTTP/1.1" 200 204644
190.27.165.254 - - [27/Aug/2015:00:54:59 -0500] "GET /galeria/nivo-slider/demo/images/9Signos.jpg HTTP/1.1" 200 81776
190.27.165.254 - - [27/Aug/2015:00:54:59 -0500] "GET /galeria/nivo-slider/demo/images/Comparendo-ambiental-Banner.jpg HTTP/1.1" 200 83731
190.27.165.254 - - [27/Aug/2015:00:54:59 -0500] "GET /galeria/nivo-slider/demo/images/GAE-banner.jpg HTTP/1.1" 200 97556
190.27.165.254 - - [27/Aug/2015:00:55:01 -0500] "GET /galeria/nivo-slider/demo/images/Banner-encuesta-de-percepscio.jpg HTTP/1.1" 200 201899
190.27.165.254 - - [27/Aug/2015:00:55:02 -0500] "GET /galeria/nivo-slider/demo/images/banner-Pacto-por-la-madera.jpg HTTP/1.1" 200 209966
190.27.165.254 - - [27/Aug/2015:00:55:04 -0500] "GET /galeria/nivo-slider/demo/images/acuerdo_569.jpg HTTP/1.1" 200 62670
190.27.165.254 - - [27/Aug/2015:00:55:04 -0500] "GET /galeria/nivo-slider/demo/images/Banner-Directorio.jpg HTTP/1.1" 200 182068
190.27.165.254 - - [27/Aug/2015:00:55:05 -0500] "GET /galeria/nivo-slider/demo/images/Ruta-vertimientos-01.jpg HTTP/1.1" 200 130151
190.27.165.254 - - [27/Aug/2015:00:55:05 -0500] "GET /galeria/nivo-slider/demo/images/bolsas-06.jpg HTTP/1.1" 200 90982
190.27.165.254 - - [27/Aug/2015:00:55:06 -0500] "GET /galeria/nivo-slider/demo/images/Conoce-los-humedales.jpg HTTP/1.1" 200 294036
190.27.165.254 - - [27/Aug/2015:00:55:07 -0500] "GET /galeria/nivo-slider/demo/images/ecolecta-Dic2014.png HTTP/1.1" 200 288593
190.27.165.254 - - [27/Aug/2015:00:55:07 -0500] "GET /galeria/nivo-slider/demo/images/Banner-Caracol-Africano.jpg HTTP/1.1" 200 331986
201.245.192.253 - - [27/Aug/2015:00:55:09 -0500] "GET /forest/session.jsp?a=0.9320488723460585 HTTP/1.1" 406 -
201.245.192.253 - - [27/Aug/2015:00:55:11 -0500] "GET /forest/session.jsp?a=0.20709305333554928 HTTP/1.1" 406 -
190.27.165.254 - - [27/Aug/2015:00:55:12 -0500] "GET /galeria/nivo-slider/themes/default/arrows.png HTTP/1.1" 200 824
190.27.165.254 - - [27/Aug/2015:00:55:12 -0500] "GET /galeria/nivo-slider/themes/default/bullets.png HTTP/1.1" 200 1281
201.245.192.253 - - [27/Aug/2015:00:55:48 -0500] "GET /forest/session.jsp?a=0.7124340419095286 HTTP/1.1" 406 -
66.249.64.96 - - [27/Aug/2015:00:56:19 -0500] "GET /BLA/resoluciones/RESOLUCIONES%202012/0295.pdf HTTP/1.1" 200 197186
66.249.64.96 - - [27/Aug/2015:00:56:20 -0500] "GET /BLA/resoluciones/RESOLUCIONES%202008/1015.pdf HTTP/1.1" 304 -
201.245.192.253 - - [27/Aug/2015:00:57:10 -0500] "GET /forest/session.jsp?a=0.7669087396934628 HTTP/1.1" 406 -
201.245.192.253 - - [27/Aug/2015:00:57:11 -0500] "GET /forest/session.jsp?a=0.688237155173811 HTTP/1.1" 406 -
66.249.64.101 - - [27/Aug/2015:00:57:33 -0500] "GET /BLA/resoluciones/RESOLUCIONES%202004/RES%202004%201551-1600/00001556.tif HTTP/1.1" 200 523428
66.249.64.101 - - [27/Aug/2015:00:57:33 -0500] "GET /galeria/galeria/fotos/GuaymaralTorca3G.jpg HTTP/1.1" 304 -
179.7.65.115 - - [27/Aug/2015:00:57:45 -0500] "GET /BLA/boletinlegal/js/jquery.scrollShow.js HTTP/1.1" 200 4586
179.7.65.115 - - [27/Aug/2015:00:57:45 -0500] "GET /galeria/galeria/jquery.fancybox.css?v=2.1.5 HTTP/1.1" 200 4895
179.7.65.115 - - [27/Aug/2015:00:57:45 -0500] "GET /galeria/galeria/jquery.fancybox.js?v=2.1.5 HTTP/1.1" 200 48706
201.245.192.253 - - [27/Aug/2015:00:57:48 -0500] "GET /forest/session.jsp?a=0.1925948476606868 HTTP/1.1" 406 -
66.249.64.96 - - [27/Aug/2015:00:57:54 -0500] "GET /BLA/resoluciones/RESOLUCIONES%202009/6924.pdf HTTP/1.1" 200 117534
179.7.65.115 - - [27/Aug/2015:00:58:07 -0500] "GET /BLA/boletinlegal/js/jquery.scrollShow.js HTTP/1.1" 304 -
179.7.65.115 - - [27/Aug/2015:00:58:07 -0500] "GET /galeria/galeria/jquery.fancybox.css?v=2.1.5 HTTP/1.1" 304 -
179.7.65.115 - - [27/Aug/2015:00:58:07 -0500] "GET /galeria/galeria/jquery.fancybox.js?v=2.1.5 HTTP/1.1" 304 -
74.86.158.107 - - [27/Aug/2015:00:58:15 -0500] "HEAD / HTTP/1.1" 200 -
201.245.192.253 - - [27/Aug/2015:00:59:11 -0500] "GET /forest/session.jsp?a=0.5849067401140928 HTTP/1.1" 406 -
201.245.192.253 - - [27/Aug/2015:00:59:11 -0500] "GET /forest/session.jsp?a=0.48448278298996084 HTTP/1.1" 406 -
66.249.64.101 - - [27/Aug/2015:00:59:18 -0500] "GET /BLA/resoluciones/index.php?dir=RESOLUCIONES+2007%2FRES+2007+201+AL+300%2F HTTP/1.1" 200 27110
186.28.162.66 - - [27/Aug/2015:00:59:30 -0500] "GET /galeria/mapa/3MapaBogot%C3%A1.jpg HTTP/1.1" 200 688183
186.28.162.66 - - [27/Aug/2015:00:59:35 -0500] "GET /galeria/galeria/jquery.fancybox.js?v=2.1.5 HTTP/1.1" 200 48706
186.28.162.66 - - [27/Aug/2015:00:59:35 -0500] "GET /galeria/galeria/jquery.fancybox.css?v=2.1.5 HTTP/1.1" 200 4895
186.28.162.66 - - [27/Aug/2015:00:59:36 -0500] "GET /galeria/mapa/humedal.html? HTTP/1.1" 200 11204
186.28.162.66 - - [27/Aug/2015:00:59:36 -0500] "GET /galeria/mapa/Guaymaral12.jpg HTTP/1.1" 200 53686
186.28.162.66 - - [27/Aug/2015:00:59:36 -0500] "GET /galeria/mapa/TORCA12.jpg HTTP/1.1" 200 24337
186.28.162.66 - - [27/Aug/2015:00:59:36 -0500] "GET /galeria/mapa/CONEJERA12.jpg HTTP/1.1" 200 21841
186.28.162.66 - - [27/Aug/2015:00:59:36 -0500] "GET /galeria/mapa/CORDOBA12.jpg HTTP/1.1" 200 23380
186.28.162.66 - - [27/Aug/2015:00:59:36 -0500] "GET /galeria/mapa/JUANAMARILLO12.jpg HTTP/1.1" 200 21131
186.28.162.66 - - [27/Aug/2015:00:59:36 -0500] "GET /galeria/mapa/SANTAMARIA22.jpg HTTP/1.1" 200 22321
186.28.162.66 - - [27/Aug/2015:00:59:37 -0500] "GET /galeria/mapa/JABOQUE12.jpg HTTP/1.1" 200 21815
186.28.162.66 - - [27/Aug/2015:00:59:37 -0500] "GET /galeria/mapa/capellania12.jpg HTTP/1.1" 200 22811
186.28.162.66 - - [27/Aug/2015:00:59:37 -0500] "GET /galeria/mapa/MEANDRO12.jpg HTTP/1.1" 200 22732
186.28.162.66 - - [27/Aug/2015:00:59:37 -0500] "GET /galeria/mapa/TECHO12.jpg HTTP/1.1" 200 27716
186.28.162.66 - - [27/Aug/2015:00:59:37 -0500] "GET /galeria/mapa/BURRO12.jpg HTTP/1.1" 200 24169
186.28.162.66 - - [27/Aug/2015:00:59:37 -0500] "GET /galeria/mapa/VACA12.jpg HTTP/1.1" 200 22491
186.28.162.66 - - [27/Aug/2015:00:59:37 -0500] "GET /galeria/mapa/TIBANICA12.jpg HTTP/1.1" 200 23039
186.28.162.66 - - [27/Aug/2015:00:59:37 -0500] "GET /galeria/mapa/Aula-Soratama.jpg HTTP/1.1" 200 51270
186.28.162.66 - - [27/Aug/2015:00:59:37 -0500] "GET /galeria/mapa/Aula-Nevados.jpg HTTP/1.1" 200 64761
186.28.162.66 - - [27/Aug/2015:00:59:37 -0500] "GET /galeria/mapa/Montana-Entrenubes.jpg HTTP/1.1" 200 42011
186.28.162.66 - - [27/Aug/2015:00:59:38 -0500] "GET /galeria/mapa/aulaSantaM.jpg HTTP/1.1" 200 69216
186.83.158.46 - - [27/Aug/2015:00:59:39 -0500] "GET /galeria/galeria/jquery.fancybox.css?v=2.1.5 HTTP/1.1" 200 4895
186.83.158.46 - - [27/Aug/2015:00:59:39 -0500] "GET /BLA/boletinlegal/js/jquery.scrollShow.js HTTP/1.1" 200 4586
186.83.158.46 - - [27/Aug/2015:00:59:39 -0500] "GET /galeria/galeria/jquery.fancybox.js?v=2.1.5 HTTP/1.1" 200 48706
201.245.192.253 - - [27/Aug/2015:00:59:48 -0500] "GET /forest/session.jsp?a=0.34699503760764194 HTTP/1.1" 406 -
186.83.158.46 - - [27/Aug/2015:00:59:46 -0500] "GET /videos/CRRFFS.mp4 HTTP/1.1" 200 286784363
186.83.158.46 - - [27/Aug/2015:00:59:57 -0500] "GET /galeria/galeria/jquery.fancybox.css?v=2.1.5 HTTP/1.1" 304 -
186.83.158.46 - - [27/Aug/2015:00:59:57 -0500] "GET /BLA/boletinlegal/js/jquery.scrollShow.js HTTP/1.1" 304 -
186.83.158.46 - - [27/Aug/2015:00:59:58 -0500] "GET /galeria/galeria/jquery.fancybox.js?v=2.1.5 HTTP/1.1" 304 -
190.159.25.81 - - [27/Aug/2015:01:00:20 -0500] "GET /isolucionsda/ HTTP/1.1" 302 140
190.159.25.81 - - [27/Aug/2015:01:00:20 -0500] "GET /isolucionsda/ControlDeInicio.asp HTTP/1.1" 200 739
190.159.25.81 - - [27/Aug/2015:01:00:23 -0500] "GET /favicon.ico HTTP/1.1" 200 7782
190.159.25.81 - - [27/Aug/2015:01:00:24 -0500] "GET /isolucionsda/IdentificaUsuario.asp?Pagina1=FrameSetGeneral.asp& HTTP/1.1" 200 5090
190.159.25.81 - - [27/Aug/2015:01:00:25 -0500] "GET /isolucionsda/g/Img_LogoIsoCabezote.jpg HTTP/1.1" 200 7960
190.159.25.81 - - [27/Aug/2015:01:00:25 -0500] "GET /isolucionsda/StyleSheet/StyleSheet.css HTTP/1.1" 200 22894
190.159.25.81 - - [27/Aug/2015:01:00:25 -0500] "GET /isolucionsda/g/shim.gif HTTP/1.1" 200 43
190.159.25.81 - - [27/Aug/2015:01:00:25 -0500] "GET /isolucionsda/g/Img_DivBarraSup.jpg HTTP/1.1" 200 323
190.159.25.81 - - [27/Aug/2015:01:00:25 -0500] "GET /isolucionsda/g/Bgr_BarraSuperior.jpg HTTP/1.1" 200 419
66.249.64.106 - - [27/Aug/2015:01:00:37 -0500] "GET /BLA/resoluciones/RESOLUCIONES%202008/3090.pdf HTTP/1.1" 200 407328
190.159.25.81 - - [27/Aug/2015:01:00:42 -0500] "POST /isolucionsda/IdentificaUsuario.asp?Pagina1=FrameSetGeneral.asp& HTTP/1.1" 200 5026
190.159.25.81 - - [27/Aug/2015:01:00:50 -0500] "POST /isolucionsda/IdentificaUsuario.asp?Pagina1=FrameSetGeneral.asp& HTTP/1.1" 302 173
190.159.25.81 - - [27/Aug/2015:01:00:50 -0500] "GET /isolucionsda/FrameSetGeneral.asp?Pagina1=FrameSetGeneral.asp& HTTP/1.1" 200 6613
190.159.25.81 - - [27/Aug/2015:01:00:50 -0500] "GET /isolucionsda/Encabezado.asp?Pagina1=FrameSetGeneral.asp&&Pagina=MagazinHome.asp HTTP/1.1" 200 15420
190.159.25.81 - - [27/Aug/2015:01:00:50 -0500] "GET /isolucionsda/BarraTitulos.asp?Pagina1=FrameSetGeneral.asp&&Pagina=MagazinHome.asp HTTP/1.1" 200 6972
190.159.25.81 - - [27/Aug/2015:01:00:50 -0500] "GET /isolucionsda/g/Bot_Siguiente.jpg HTTP/1.1" 200 1727
190.159.25.81 - - [27/Aug/2015:01:00:50 -0500] "GET /isolucionsda/g/Bot_Anterior.jpg HTTP/1.1" 200 1797
190.159.25.81 - - [27/Aug/2015:01:00:50 -0500] "GET /isolucionsda/g/Bot_Home.jpg HTTP/1.1" 200 1936
190.159.25.81 - - [27/Aug/2015:01:00:50 -0500] "GET /isolucionsda/g/Bgr_BarraCurva.jpg HTTP/1.1" 200 374
190.159.25.81 - - [27/Aug/2015:01:00:50 -0500] "GET /isolucionsda/g/Bgr_BarraBotPrins.jpg HTTP/1.1" 200 944
190.159.25.81 - - [27/Aug/2015:01:00:50 -0500] "GET /isolucionsda/g/Bgr_BarraCurva2.jpg HTTP/1.1" 200 409
190.159.25.81 - - [27/Aug/2015:01:00:50 -0500] "GET /isolucionsda/g/Img_BarraCurva.jpg HTTP/1.1" 200 1826
190.159.25.81 - - [27/Aug/2015:01:00:50 -0500] "GET /isolucionsda/g/Bot_Glosario.jpg HTTP/1.1" 200 1989
190.159.25.81 - - [27/Aug/2015:01:00:50 -0500] "GET /isolucionsda/g/Bot_Administrador.jpg HTTP/1.1" 200 1694
190.159.25.81 - - [27/Aug/2015:01:00:50 -0500] "GET /isolucionsda/g/Bot_Ayuda.jpg HTTP/1.1" 200 1702
190.159.25.81 - - [27/Aug/2015:01:00:50 -0500] "GET /isolucionsda/g/Img_DivVertBarraSup.jpg HTTP/1.1" 200 810
190.159.25.81 - - [27/Aug/2015:01:00:50 -0500] "GET /isolucionsda/g/Bot_Manual_ESP.jpg HTTP/1.1" 200 4512
190.159.25.81 - - [27/Aug/2015:01:00:50 -0500] "GET /isolucionsda/g/Bot_Procesos_ESP.jpg HTTP/1.1" 200 4441
190.159.25.81 - - [27/Aug/2015:01:00:50 -0500] "GET /isolucionsda/g/Bot_Indicadores_ESP.jpg HTTP/1.1" 200 5267
190.159.25.81 - - [27/Aug/2015:01:00:50 -0500] "GET /isolucionsda/g/Bot_Meci_ESP.jpg HTTP/1.1" 200 4380
190.159.25.81 - - [27/Aug/2015:01:00:50 -0500] "GET /isolucionsda/g/Bot_ProveedoresOff_ESP.jpg HTTP/1.1" 200 3801
190.159.25.81 - - [27/Aug/2015:01:00:50 -0500] "GET /isolucionsda/g/Bot_Mejoramiento_ESP.jpg HTTP/1.1" 200 5904
190.159.25.81 - - [27/Aug/2015:01:00:50 -0500] "GET /isolucionsda/g/Bot_Documentos_ESP.jpg HTTP/1.1" 200 5825
190.159.25.81 - - [27/Aug/2015:01:00:50 -0500] "GET /isolucionsda/g/Bot_Ambiental_ESP.jpg HTTP/1.1" 200 5259
190.159.25.81 - - [27/Aug/2015:01:00:50 -0500] "GET /isolucionsda/g/Bot_SySOOff_ESP.jpg HTTP/1.1" 200 3270
190.159.25.81 - - [27/Aug/2015:01:00:50 -0500] "GET /isolucionsda/g/Bot_TalentoOff_ESP.jpg HTTP/1.1" 200 3258
190.159.25.81 - - [27/Aug/2015:01:00:50 -0500] "GET /isolucionsda/g/Bot_Cerrar.jpg HTTP/1.1" 200 1944
190.159.25.81 - - [27/Aug/2015:01:00:50 -0500] "GET /isolucionsda/g/Bot_RiesgosDaft_ESP.jpg HTTP/1.1" 200 2616
190.159.25.81 - - [27/Aug/2015:01:00:50 -0500] "GET /isolucionsda/g/Bot_TareasOff_ESP.jpg HTTP/1.1" 200 3028
190.159.25.81 - - [27/Aug/2015:01:00:50 -0500] "GET /isolucionsda/g/Bot_CalibracionOff_ESP.jpg HTTP/1.1" 200 3850
190.159.25.81 - - [27/Aug/2015:01:00:51 -0500] "GET /isolucionsda/g/Bot_ClientesOff_ESP.jpg HTTP/1.1" 200 2917
190.159.25.81 - - [27/Aug/2015:01:00:50 -0500] "GET /isolucionsda/BarraFavoritos.asp HTTP/1.1" 200 911
190.159.25.81 - - [27/Aug/2015:01:00:50 -0500] "GET /isolucionsda/Session.asp?Continue=1 HTTP/1.1" 200 6323
190.159.25.81 - - [27/Aug/2015:01:00:51 -0500] "GET /isolucionsda/g/Img_LogoIcono.jpg HTTP/1.1" 200 7870
190.159.25.81 - - [27/Aug/2015:01:00:50 -0500] "GET /isolucionsda/MagazinHome.asp HTTP/1.1" 200 29262
190.159.25.81 - - [27/Aug/2015:01:00:51 -0500] "GET /isolucionsda/g/GifTransparente.gif HTTP/1.1" 200 51
190.159.25.81 - - [27/Aug/2015:01:00:51 -0500] "GET /isolucionsda/g/Bgr_BarraInferior.jpg HTTP/1.1" 200 398
190.159.25.81 - - [27/Aug/2015:01:00:51 -0500] "GET /isolucionsda/g/Bullet_PuntoAzul.gif HTTP/1.1" 200 75
190.159.25.81 - - [27/Aug/2015:01:00:51 -0500] "GET /isolucionsda/g/Bullet_FlechaAzul.gif HTTP/1.1" 200 72
190.159.25.81 - - [27/Aug/2015:01:00:51 -0500] "GET /isolucionsda/TareasSFRedirect.asp HTTP/1.1" 302 195
190.159.25.81 - - [27/Aug/2015:01:00:51 -0500] "GET /isolucionsda/GrafVinetas/logo%2030.jpg HTTP/1.1" 200 36055
190.159.25.81 - - [27/Aug/2015:01:00:51 -0500] "GET /isolucionsda/g/Bgr_TituloCabezote3.jpg HTTP/1.1" 200 841
190.159.25.81 - - [27/Aug/2015:01:00:51 -0500] "GET /isolucionsda/g/Bgr_BarraMediaHome.jpg HTTP/1.1" 200 446
190.159.25.81 - - [27/Aug/2015:01:00:51 -0500] "GET /isolucionsda/g/Bgr_Destacado3399CC.jpg HTTP/1.1" 404 1245
190.159.25.81 - - [27/Aug/2015:01:00:51 -0500] "GET /isolucionsda/g/Img_LineaPunteada.gif HTTP/1.1" 200 123
190.159.25.81 - - [27/Aug/2015:01:00:51 -0500] "GET /isolucionsda/Login.aspx?TARGET=SFContainerFiltrado.aspx&number=70695552537053514554 HTTP/1.1" 302 886
190.159.25.81 - - [27/Aug/2015:01:00:53 -0500] "GET /isolucionsda/SFContainerFiltrado.aspx?Number=70695552537053514554 HTTP/1.1" 200 14314
190.159.25.81 - - [27/Aug/2015:01:00:53 -0500] "GET /isolucionsda/g/img_titulo_Tpendientes.jpg HTTP/1.1" 200 2433
190.159.25.81 - - [27/Aug/2015:01:00:53 -0500] "GET /isolucionsda/g/Bgr_TituloCabezote3Avanzado.jpg HTTP/1.1" 200 745
190.159.25.81 - - [27/Aug/2015:01:00:53 -0500] "GET /isolucionsda/DetalleTareas.aspx?Number=70695552537053514554 HTTP/1.1" 200 5355
190.159.25.81 - - [27/Aug/2015:01:00:53 -0500] "GET /isolucionsda/auxlib.js HTTP/1.1" 404 1245
190.159.25.81 - - [27/Aug/2015:01:00:53 -0500] "GET /isolucionsda/infowndpublic.js HTTP/1.1" 404 1245
190.159.25.81 - - [27/Aug/2015:01:00:53 -0500] "GET /isolucionsda/StyleSheet/StyleSheetSF.css HTTP/1.1" 200 7210
190.159.25.81 - - [27/Aug/2015:01:00:53 -0500] "GET /isolucionsda/infowndcore.js HTTP/1.1" 404 1245
190.159.25.81 - - [27/Aug/2015:01:00:53 -0500] "GET /isolucionsda/g/bt_rojo.jpg HTTP/1.1" 200 132
66.249.64.243 - - [27/Aug/2015:01:01:07 -0500] "GET /ecodirectorio/files/res/mobile/page0106_i1.jpg HTTP/1.1" 200 72407
201.245.192.253 - - [27/Aug/2015:01:01:11 -0500] "GET /forest/session.jsp?a=0.8298450151840162 HTTP/1.1" 406 -
201.245.192.253 - - [27/Aug/2015:01:01:12 -0500] "GET /forest/session.jsp?a=0.9562320953700691 HTTP/1.1" 406 -
201.245.192.253 - - [27/Aug/2015:01:01:48 -0500] "GET /forest/session.jsp?a=0.900282221953661 HTTP/1.1" 406 -
190.159.25.81 - - [27/Aug/2015:01:01:54 -0500] "GET /isolucionsda/FrameSetGeneral.asp?Pagina=Menu.asp&IdModulo=7 HTTP/1.1" 200 6583
190.159.25.81 - - [27/Aug/2015:01:01:54 -0500] "GET /isolucionsda/g/Bot_MejoramientoOver_ESP.jpg HTTP/1.1" 200 6165
190.159.25.81 - - [27/Aug/2015:01:01:54 -0500] "GET /isolucionsda/Encabezado.asp?Pagina=Menu.asp&IdModulo=7 HTTP/1.1" 200 15421
190.159.25.81 - - [27/Aug/2015:01:01:54 -0500] "GET /isolucionsda/BarraTitulos.asp?Pagina=Menu.asp&IdModulo=7 HTTP/1.1" 200 6993
190.159.25.81 - - [27/Aug/2015:01:01:54 -0500] "GET /isolucionsda/BarraFavoritos.asp HTTP/1.1" 200 911
190.159.25.81 - - [27/Aug/2015:01:01:54 -0500] "GET /isolucionsda/Session.asp?Continue=1 HTTP/1.1" 200 6323
190.159.25.81 - - [27/Aug/2015:01:01:54 -0500] "GET /isolucionsda/Menu.asp?Pagina=Menu.asp&IdModulo=7 HTTP/1.1" 200 30795
190.159.25.81 - - [27/Aug/2015:01:01:55 -0500] "GET /isolucionsda/g/Img_BordeTitulo01.jpg HTTP/1.1" 200 444
190.159.25.81 - - [27/Aug/2015:01:01:55 -0500] "GET /isolucionsda/g/Img_BordeTitulo02.jpg HTTP/1.1" 200 451
190.159.25.81 - - [27/Aug/2015:01:01:55 -0500] "GET /isolucionsda/g/MenuIcono/ico_mejcont.jpg HTTP/1.1" 200 1403
66.249.64.101 - - [27/Aug/2015:01:02:18 -0500] "GET /BLA/resoluciones/RESOLUCIONES%202009/4809.pdf HTTP/1.1" 200 308071
190.159.25.81 - - [27/Aug/2015:01:02:27 -0500] "GET /isolucionsda/FrameSetGeneral.asp?Pagina=FrameSetAuditoria.asp HTTP/1.1" 200 6602
190.159.25.81 - - [27/Aug/2015:01:02:27 -0500] "GET /isolucionsda/Encabezado.asp?Pagina=FrameSetAuditoria.asp HTTP/1.1" 200 15396
190.159.25.81 - - [27/Aug/2015:01:02:27 -0500] "GET /isolucionsda/BarraTitulos.asp?Pagina=FrameSetAuditoria.asp HTTP/1.1" 200 6993
190.159.25.81 - - [27/Aug/2015:01:02:27 -0500] "GET /isolucionsda/FrameSetAuditoria.asp?Pagina=FrameSetAuditoria.asp HTTP/1.1" 200 6544
190.159.25.81 - - [27/Aug/2015:01:02:27 -0500] "GET /isolucionsda/BarraFavoritos.asp HTTP/1.1" 200 911
190.159.25.81 - - [27/Aug/2015:01:02:27 -0500] "GET /isolucionsda/Session.asp?Continue=1 HTTP/1.1" 200 6323
190.159.25.81 - - [27/Aug/2015:01:02:27 -0500] "GET /isolucionsda/AuditoriaEncabezado.asp?Anio=&codsucursal=&NombreAuditoria=&CodTipoAuditoria= HTTP/1.1" 200 8007
190.159.25.81 - - [27/Aug/2015:01:02:27 -0500] "GET /isolucionsda/FrameAuditoria.asp?Anio=&codsucursal=&NombreAuditoria=&CodTipoAuditoria= HTTP/1.1" 200 6662
190.159.25.81 - - [27/Aug/2015:01:02:27 -0500] "GET /isolucionsda/Stylesheet/Stylesheet.css HTTP/1.1" 200 22894
190.159.25.81 - - [27/Aug/2015:01:02:27 -0500] "GET /isolucionsda/AuditoriaFrameIzq.asp?Anio=&codsucursal=&NombreAuditoria=&CodTipoAuditoria= HTTP/1.1" 200 23827
190.159.25.81 - - [27/Aug/2015:01:02:27 -0500] "GET /isolucionsda/g/Ico_AuditTipo2.gif HTTP/1.1" 200 112
190.159.25.81 - - [27/Aug/2015:01:02:27 -0500] "GET /isolucionsda/g/Ico_Audi_EtapaSuperada.gif HTTP/1.1" 200 329
190.159.25.81 - - [27/Aug/2015:01:02:27 -0500] "GET /isolucionsda/g/Ico_Audi_EtapaProceso.gif HTTP/1.1" 200 99
190.159.25.81 - - [27/Aug/2015:01:02:27 -0500] "GET /isolucionsda/g/Ico_AuditEstado0.gif HTTP/1.1" 200 107
190.159.25.81 - - [27/Aug/2015:01:02:27 -0500] "GET /isolucionsda/g/Ico_AuditTipo3.gif HTTP/1.1" 200 874
190.159.25.81 - - [27/Aug/2015:01:02:27 -0500] "GET /isolucionsda/g/Img_1.gif HTTP/1.1" 200 64
190.159.25.81 - - [27/Aug/2015:01:02:27 -0500] "GET /isolucionsda/g/Img_2.gif HTTP/1.1" 200 64
190.159.25.81 - - [27/Aug/2015:01:02:27 -0500] "GET /isolucionsda/g/Img_5.gif HTTP/1.1" 200 66
190.159.25.81 - - [27/Aug/2015:01:02:27 -0500] "GET /isolucionsda/g/Img_3.gif HTTP/1.1" 200 65
190.159.25.81 - - [27/Aug/2015:01:02:27 -0500] "GET /isolucionsda/g/Img_4.gif HTTP/1.1" 200 66
190.159.25.81 - - [27/Aug/2015:01:02:27 -0500] "GET /isolucionsda/g/Img_11.gif HTTP/1.1" 200 69
190.159.25.81 - - [27/Aug/2015:01:02:27 -0500] "GET /isolucionsda/g/Img_22.gif HTTP/1.1" 200 64
190.159.25.81 - - [27/Aug/2015:01:02:27 -0500] "GET /isolucionsda/g/Img_19.gif HTTP/1.1" 200 70
190.159.25.81 - - [27/Aug/2015:01:02:27 -0500] "GET /isolucionsda/g/Img_31.gif HTTP/1.1" 200 67
190.159.25.81 - - [27/Aug/2015:01:02:27 -0500] "GET /isolucionsda/g/Img_27.gif HTTP/1.1" 200 71
190.159.25.81 - - [27/Aug/2015:01:02:27 -0500] "GET /isolucionsda/g/Img_21.gif HTTP/1.1" 200 70
190.159.25.81 - - [27/Aug/2015:01:02:27 -0500] "GET /isolucionsda/g/Img_17.gif HTTP/1.1" 200 70
190.159.25.81 - - [27/Aug/2015:01:02:27 -0500] "GET /isolucionsda/g/Img_9.gif HTTP/1.1" 200 65
190.159.25.81 - - [27/Aug/2015:01:02:27 -0500] "GET /isolucionsda/g/Img_14.gif HTTP/1.1" 200 71
190.159.25.81 - - [27/Aug/2015:01:02:27 -0500] "GET /isolucionsda/g/Img_20.gif HTTP/1.1" 200 70
190.159.25.81 - - [27/Aug/2015:01:02:28 -0500] "GET /isolucionsda/g/Img_13.gif HTTP/1.1" 200 70
190.159.25.81 - - [27/Aug/2015:01:02:28 -0500] "GET /isolucionsda/g/Img_30.gif HTTP/1.1" 200 70
190.159.25.81 - - [27/Aug/2015:01:02:28 -0500] "GET /isolucionsda/g/Img_6.gif HTTP/1.1" 200 66
190.159.25.81 - - [27/Aug/2015:01:02:28 -0500] "GET /isolucionsda/g/Img_16.gif HTTP/1.1" 200 70
190.159.25.81 - - [27/Aug/2015:01:02:28 -0500] "GET /isolucionsda/g/Img_15.gif HTTP/1.1" 200 70
190.159.25.81 - - [27/Aug/2015:01:02:28 -0500] "GET /isolucionsda/g/Img_26.gif HTTP/1.1" 200 70
190.159.25.81 - - [27/Aug/2015:01:02:28 -0500] "GET /isolucionsda/g/Img_8.gif HTTP/1.1" 200 66
190.159.25.81 - - [27/Aug/2015:01:02:28 -0500] "GET /isolucionsda/g/Img_28.gif HTTP/1.1" 200 70
190.159.25.81 - - [27/Aug/2015:01:02:28 -0500] "GET /isolucionsda/g/Img_18.gif HTTP/1.1" 200 70
190.159.25.81 - - [27/Aug/2015:01:02:28 -0500] "GET /isolucionsda/g/Img_25.gif HTTP/1.1" 200 70
190.159.25.81 - - [27/Aug/2015:01:02:27 -0500] "GET /isolucionsda/AuditoriaFrameDer.asp?Anio=&codsucursal=&NombreAuditoria=&CodTipoAuditoria= HTTP/1.1" 200 344228
190.159.25.81 - - [27/Aug/2015:01:02:28 -0500] "GET /isolucionsda/g/Img_23.gif HTTP/1.1" 200 70
190.159.25.81 - - [27/Aug/2015:01:02:28 -0500] "GET /isolucionsda/g/Img_24.gif HTTP/1.1" 200 71
190.159.25.81 - - [27/Aug/2015:01:02:28 -0500] "GET /isolucionsda/g/Img_29.gif HTTP/1.1" 200 70
190.159.25.81 - - [27/Aug/2015:01:02:28 -0500] "GET /isolucionsda/g/Img_10.gif HTTP/1.1" 200 70
190.159.25.81 - - [27/Aug/2015:01:02:28 -0500] "GET /isolucionsda/g/Img_7.gif HTTP/1.1" 200 63
190.159.25.81 - - [27/Aug/2015:01:02:28 -0500] "GET /isolucionsda/g/Img_12.gif HTTP/1.1" 200 68
190.159.25.81 - - [27/Aug/2015:01:02:28 -0500] "GET /isolucionsda/g/Bgr_Rayado.gif HTTP/1.1" 200 97
66.249.64.101 - - [27/Aug/2015:01:02:46 -0500] "GET /paisa/3.pdf HTTP/1.1" 404 1018
201.245.192.253 - - [27/Aug/2015:01:03:11 -0500] "GET /forest/session.jsp?a=0.18668152061440213 HTTP/1.1" 406 -
190.159.25.81 - - [27/Aug/2015:01:03:12 -0500] "GET /isolucionsda/PlanAuditoria.asp?CodAuditoria=145 HTTP/1.1" 200 29411
190.159.25.81 - - [27/Aug/2015:01:03:12 -0500] "GET /isolucionsda/JavaScript/Validaciones.js HTTP/1.1" 200 2940
201.245.192.253 - - [27/Aug/2015:01:03:13 -0500] "GET /forest/session.jsp?a=0.8531968460883945 HTTP/1.1" 406 -
74.86.158.107 - - [27/Aug/2015:01:03:15 -0500] "HEAD / HTTP/1.1" 200 -
201.245.192.253 - - [27/Aug/2015:01:03:48 -0500] "GET /forest/session.jsp?a=0.9745309866545502 HTTP/1.1" 406 -
190.159.25.81 - - [27/Aug/2015:01:04:16 -0500] "GET /isolucionsda/FrameSetGeneral.asp?Pagina=FrameSetAuditoria.asp HTTP/1.1" 200 6602
190.159.25.81 - - [27/Aug/2015:01:04:16 -0500] "GET /isolucionsda/Encabezado.asp?Pagina=FrameSetAuditoria.asp HTTP/1.1" 200 15398
190.159.25.81 - - [27/Aug/2015:01:04:16 -0500] "GET /isolucionsda/BarraTitulos.asp?Pagina=FrameSetAuditoria.asp HTTP/1.1" 200 6993
190.159.25.81 - - [27/Aug/2015:01:04:16 -0500] "GET /isolucionsda/FrameSetAuditoria.asp?Pagina=FrameSetAuditoria.asp HTTP/1.1" 200 6544
190.159.25.81 - - [27/Aug/2015:01:04:16 -0500] "GET /isolucionsda/BarraFavoritos.asp HTTP/1.1" 200 911
190.159.25.81 - - [27/Aug/2015:01:04:16 -0500] "GET /isolucionsda/Session.asp?Continue=1 HTTP/1.1" 200 6323
190.159.25.81 - - [27/Aug/2015:01:04:17 -0500] "GET /isolucionsda/AuditoriaEncabezado.asp?Anio=&codsucursal=&NombreAuditoria=&CodTipoAuditoria= HTTP/1.1" 200 8007
190.159.25.81 - - [27/Aug/2015:01:04:17 -0500] "GET /isolucionsda/FrameAuditoria.asp?Anio=&codsucursal=&NombreAuditoria=&CodTipoAuditoria= HTTP/1.1" 200 6662
190.159.25.81 - - [27/Aug/2015:01:04:17 -0500] "GET /isolucionsda/AuditoriaFrameIzq.asp?Anio=&codsucursal=&NombreAuditoria=&CodTipoAuditoria= HTTP/1.1" 200 23827
190.159.25.81 - - [27/Aug/2015:01:04:17 -0500] "GET /isolucionsda/AuditoriaFrameDer.asp?Anio=&codsucursal=&NombreAuditoria=&CodTipoAuditoria= HTTP/1.1" 200 344228
186.84.210.228 - - [27/Aug/2015:01:04:29 -0500] "GET /BLA/boletinlegal/jurisprudencia/analisis/G__Jurisp.%20Junio%202014_Sent%20Tutela%20Drumond.docx HTTP/1.1" 200 25380
201.245.192.253 - - [27/Aug/2015:01:05:11 -0500] "GET /forest/session.jsp?a=0.4077245602279953 HTTP/1.1" 406 -
66.249.64.96 - - [27/Aug/2015:01:05:12 -0500] "GET /BLA/resoluciones/RESOLUCIONES%202009/5028.pdf HTTP/1.1" 200 651827
201.245.192.253 - - [27/Aug/2015:01:05:14 -0500] "GET /forest/session.jsp?a=0.3723554080352187 HTTP/1.1" 406 -
190.156.141.204 - - [27/Aug/2015:01:05:20 -0500] "GET /galeria/mapa/3MapaBogot%C3%A1.jpg HTTP/1.1" 200 688183
66.249.64.101 - - [27/Aug/2015:01:05:27 -0500] "GET /BLA/resoluciones/RESOLUCIONES%202011/3905.pdf HTTP/1.1" 200 475304
66.249.64.96 - - [27/Aug/2015:01:05:29 -0500] "GET /BLA/resoluciones/RESOLUCIONES%202009/4663.pdf HTTP/1.1" 304 -
66.249.64.101 - - [27/Aug/2015:01:05:33 -0500] "GET /BLA/resoluciones/RESOLUCIONES%202013/0860.pdf HTTP/1.1" 304 -
201.245.192.253 - - [27/Aug/2015:01:05:49 -0500] "GET /forest/session.jsp?a=0.7549063812010963 HTTP/1.1" 406 -
66.249.64.101 - - [27/Aug/2015:01:05:56 -0500] "GET /BLA/resoluciones/RESOLUCIONES%202010/0440.pdf HTTP/1.1" 304 -
201.245.192.253 - - [27/Aug/2015:01:07:11 -0500] "GET /forest/session.jsp?a=0.21492732169914075 HTTP/1.1" 406 -
66.249.64.106 - - [27/Aug/2015:01:07:13 -0500] "GET /portel_dama/libreria/pdf/Guadalupe%20Final.pdf HTTP/1.1" 404 1018
201.245.192.253 - - [27/Aug/2015:01:07:15 -0500] "GET /forest/session.jsp?a=0.6145573945250362 HTTP/1.1" 406 -
66.249.64.101 - - [27/Aug/2015:01:07:29 -0500] "GET /BLA/resoluciones/RESOLUCIONES%202009/0409.pdf HTTP/1.1" 200 323929
190.159.25.81 - - [27/Aug/2015:01:07:38 -0500] "GET /isolucionsda/FrameSetAuditoria.asp?Anio=2015&codsucursal=&NombreAuditoria=Informaticos&CodTipoAuditoria=3 HTTP/1.1" 200 6578
190.159.25.81 - - [27/Aug/2015:01:07:38 -0500] "GET /isolucionsda/AuditoriaEncabezado.asp?Anio=2015&codsucursal=&NombreAuditoria=Informaticos&CodTipoAuditoria=3 HTTP/1.1" 200 8028
190.159.25.81 - - [27/Aug/2015:01:07:38 -0500] "GET /isolucionsda/FrameAuditoria.asp?Anio=2015&codsucursal=&NombreAuditoria=Informaticos&CodTipoAuditoria=3 HTTP/1.1" 200 6713
190.159.25.81 - - [27/Aug/2015:01:07:38 -0500] "GET /isolucionsda/AuditoriaFrameIzq.asp?Anio=2015&codsucursal=&NombreAuditoria=Informaticos&CodTipoAuditoria=3 HTTP/1.1" 200 9336
190.159.25.81 - - [27/Aug/2015:01:07:38 -0500] "GET /isolucionsda/AuditoriaFrameDer.asp?Anio=2015&codsucursal=&NombreAuditoria=Informaticos&CodTipoAuditoria=3 HTTP/1.1" 200 24166
201.245.192.253 - - [27/Aug/2015:01:07:49 -0500] "GET /forest/session.jsp?a=0.19152817672248268 HTTP/1.1" 406 -
190.159.25.81 - - [27/Aug/2015:01:07:58 -0500] "GET /isolucionsda/PlanAuditoria.asp?CodAuditoria=153 HTTP/1.1" 200 29233
74.86.158.107 - - [27/Aug/2015:01:08:15 -0500] "HEAD / HTTP/1.1" 200 -
66.249.64.106 - - [27/Aug/2015:01:08:38 -0500] "GET /BLA/resoluciones/RESOLUCIONES%202012/0335.pdf HTTP/1.1" 304 -
190.159.25.81 - - [27/Aug/2015:01:08:40 -0500] "GET /isolucionsda/PlanAuditoria.asp?CodAuditoria=152 HTTP/1.1" 200 29837
66.249.64.106 - - [27/Aug/2015:01:08:41 -0500] "GET /BLA/resoluciones/Notificaciones/REGISTROS%202014/1709.doc HTTP/1.1" 200 199680
190.24.132.100 - - [27/Aug/2015:01:08:44 -0500] "GET /galeria/galeria/jquery.fancybox.css?v=2.1.5 HTTP/1.1" 200 4895
190.24.132.100 - - [27/Aug/2015:01:08:44 -0500] "GET /BLA/boletinlegal/js/jquery.scrollShow.js HTTP/1.1" 200 4586
190.24.132.100 - - [27/Aug/2015:01:08:44 -0500] "GET /galeria/galeria/jquery.fancybox.js?v=2.1.5 HTTP/1.1" 200 48706
201.245.192.253 - - [27/Aug/2015:01:09:11 -0500] "GET /forest/session.jsp?a=0.23825138495978226 HTTP/1.1" 406 -
201.245.192.253 - - [27/Aug/2015:01:09:16 -0500] "GET /forest/session.jsp?a=0.3980076774023473 HTTP/1.1" 406 -
190.156.141.204 - - [27/Aug/2015:01:09:45 -0500] "GET /galeria/mapa/aulaSantaM.jpg HTTP/1.1" 200 69216
201.245.192.253 - - [27/Aug/2015:01:09:49 -0500] "GET /forest/session.jsp?a=0.4470195035705836 HTTP/1.1" 406 -
190.156.141.204 - - [27/Aug/2015:01:09:51 -0500] "GET /galeria/mapa/aulaSantaM.jpg HTTP/1.1" 200 69216
190.159.25.81 - - [27/Aug/2015:01:10:12 -0500] "GET /isolucionsda/FrameSetGeneral.asp?Pagina=Menu.asp&IdModulo=7 HTTP/1.1" 200 6583
190.159.25.81 - - [27/Aug/2015:01:10:12 -0500] "GET /isolucionsda/g/Bot_MejoramientoOver_ESP.jpg HTTP/1.1" 206 1
190.159.25.81 - - [27/Aug/2015:01:10:12 -0500] "GET /isolucionsda/BarraTitulos.asp?Pagina=Menu.asp&IdModulo=7 HTTP/1.1" 200 6993
190.159.25.81 - - [27/Aug/2015:01:10:12 -0500] "GET /isolucionsda/Encabezado.asp?Pagina=Menu.asp&IdModulo=7 HTTP/1.1" 200 15398
190.159.25.81 - - [27/Aug/2015:01:10:12 -0500] "GET /isolucionsda/BarraFavoritos.asp HTTP/1.1" 200 911
190.159.25.81 - - [27/Aug/2015:01:10:12 -0500] "GET /isolucionsda/Session.asp?Continue=1 HTTP/1.1" 200 6323
190.159.25.81 - - [27/Aug/2015:01:10:12 -0500] "GET /isolucionsda/Menu.asp?Pagina=Menu.asp&IdModulo=7 HTTP/1.1" 200 30795
190.159.25.81 - - [27/Aug/2015:01:10:15 -0500] "GET /isolucionsda/FrameSetGeneral.asp?Pagina=FrameSetAuditoria.asp HTTP/1.1" 200 6602
190.159.25.81 - - [27/Aug/2015:01:10:15 -0500] "GET /isolucionsda/Encabezado.asp?Pagina=FrameSetAuditoria.asp HTTP/1.1" 200 15398
190.159.25.81 - - [27/Aug/2015:01:10:15 -0500] "GET /isolucionsda/BarraTitulos.asp?Pagina=FrameSetAuditoria.asp HTTP/1.1" 200 6993
190.159.25.81 - - [27/Aug/2015:01:10:15 -0500] "GET /isolucionsda/FrameSetAuditoria.asp?Pagina=FrameSetAuditoria.asp HTTP/1.1" 200 6544
190.159.25.81 - - [27/Aug/2015:01:10:15 -0500] "GET /isolucionsda/BarraFavoritos.asp HTTP/1.1" 200 911
190.159.25.81 - - [27/Aug/2015:01:10:15 -0500] "GET /isolucionsda/Session.asp?Continue=1 HTTP/1.1" 200 6323
190.159.25.81 - - [27/Aug/2015:01:10:15 -0500] "GET /isolucionsda/AuditoriaEncabezado.asp?Anio=&codsucursal=&NombreAuditoria=&CodTipoAuditoria= HTTP/1.1" 200 8007
190.159.25.81 - - [27/Aug/2015:01:10:15 -0500] "GET /isolucionsda/FrameAuditoria.asp?Anio=&codsucursal=&NombreAuditoria=&CodTipoAuditoria= HTTP/1.1" 200 6662
190.159.25.81 - - [27/Aug/2015:01:10:15 -0500] "GET /isolucionsda/AuditoriaFrameIzq.asp?Anio=&codsucursal=&NombreAuditoria=&CodTipoAuditoria= HTTP/1.1" 200 23827
190.159.25.81 - - [27/Aug/2015:01:10:15 -0500] "GET /isolucionsda/AuditoriaFrameDer.asp?Anio=&codsucursal=&NombreAuditoria=&CodTipoAuditoria= HTTP/1.1" 200 344228
201.245.192.253 - - [27/Aug/2015:01:11:11 -0500] "GET /forest/session.jsp?a=0.24632841269240857 HTTP/1.1" 406 -
201.245.192.253 - - [27/Aug/2015:01:11:17 -0500] "GET /forest/session.jsp?a=0.018829386215656996 HTTP/1.1" 406 -
66.249.64.106 - - [27/Aug/2015:01:11:48 -0500] "GET /BLA/resoluciones/RESOLUCIONES%202012/1679.pdf HTTP/1.1" 304 -
201.245.192.253 - - [27/Aug/2015:01:11:49 -0500] "GET /forest/session.jsp?a=0.7975326612459956 HTTP/1.1" 406 -
71.48.44.38 - - [27/Aug/2015:01:12:00 -0500] "GET /webdav/x32.php?host=76.89.5.105&time=60&port=80 HTTP/1.1" 404 1018
66.249.64.243 - - [27/Aug/2015:01:12:08 -0500] "GET /ecodirectorio/files/res/languages/es/toc.xml HTTP/1.1" 200 135
66.249.64.106 - - [27/Aug/2015:01:12:34 -0500] "GET /BLA/resoluciones/RESOLUCIONES%202009/3103.pdf HTTP/1.1" 200 471785
190.26.44.36 - - [27/Aug/2015:01:12:52 -0500] "GET /sia/ HTTP/1.1" 200 2661
190.26.44.36 - - [27/Aug/2015:01:12:52 -0500] "GET /css/date_blue.css HTTP/1.1" 404 1254
190.26.44.36 - - [27/Aug/2015:01:12:52 -0500] "GET /css/fondos.css HTTP/1.1" 404 1254
190.26.44.36 - - [27/Aug/2015:01:12:52 -0500] "GET /css/textos.css HTTP/1.1" 404 1254
190.26.44.36 - - [27/Aug/2015:01:12:52 -0500] "GET /css/bordes.css HTTP/1.1" 404 1254
190.26.44.36 - - [27/Aug/2015:01:12:52 -0500] "GET /favicon.ico HTTP/1.1" 200 7782
190.26.44.36 - - [27/Aug/2015:01:12:52 -0500] "GET /sia/swf/intro.swf HTTP/1.1" 200 510209
201.245.192.253 - - [27/Aug/2015:01:13:11 -0500] "GET /forest/session.jsp?a=0.08846409808073141 HTTP/1.1" 406 -
190.26.44.36 - - [27/Aug/2015:01:13:12 -0500] "GET /galeria/galeria/jquery.fancybox.js?v=2.1.5 HTTP/1.1" 200 48706
