66.249.64.243 - - [27/Aug/2015:03:25:06 -0500] "GET /ecodirectorio/files/res/mobile/page0136_i2.jpg HTTP/1.1" 200 109398
201.245.192.253 - - [27/Aug/2015:03:25:13 -0500] "GET /forest/session.jsp?a=0.21801104375802194 HTTP/1.1" 406 -
201.245.192.253 - - [27/Aug/2015:03:25:50 -0500] "GET /forest/session.jsp?a=0.9322445446314126 HTTP/1.1" 406 -
201.245.192.253 - - [27/Aug/2015:03:26:24 -0500] "GET /forest/session.jsp?a=0.08093185443431139 HTTP/1.1" 406 -
66.249.64.121 - - [27/Aug/2015:03:26:48 -0500] "GET /robots.txt HTTP/1.1" 404 1015
66.249.64.6 - - [27/Aug/2015:03:26:49 -0500] "GET / HTTP/1.1" 200 10190
66.249.64.96 - - [27/Aug/2015:03:26:52 -0500] "GET /BLA/resoluciones/RESOLUCIONES%202009/5310.pdf HTTP/1.1" 200 558099
66.249.64.106 - - [27/Aug/2015:03:26:53 -0500] "GET /BLA/resoluciones/RESOLUCIONES%202009/8562.pdf HTTP/1.1" 304 -
201.245.192.253 - - [27/Aug/2015:03:27:13 -0500] "GET /forest/session.jsp?a=0.6420091511982106 HTTP/1.1" 406 -
66.249.64.126 - - [27/Aug/2015:03:27:36 -0500] "GET /css/style.css HTTP/1.1" 200 3610
66.249.64.6 - - [27/Aug/2015:03:27:37 -0500] "GET /css/bootstrap.min.css HTTP/1.1" 200 105939
207.46.13.104 - - [27/Aug/2015:03:27:43 -0500] "GET /Anexos%20estudio%20Organizacional%20SDA/index.php?dir=ANEXO%20No.11-PROYECTO%20DE%20DECRETO%20MODIFICATORIO%20PLANTA%20DE%20CARGOS%20SDA/&sort=name&order=desc HTTP/1.1" 200 2568
207.46.13.104 - - [27/Aug/2015:03:27:43 -0500] "GET /Anexos%20estudio%20Organizacional%20SDA/index.php?dir=ANEXO%20No.11-PROYECTO%20DE%20DECRETO%20MODIFICATORIO%20PLANTA%20DE%20CARGOS%20SDA/&sort=size&order=asc HTTP/1.1" 200 2569
207.46.13.104 - - [27/Aug/2015:03:27:43 -0500] "GET /Anexos%20estudio%20Organizacional%20SDA/index.php?dir=ANEXO+No.+1-+NORMAS+LEGALES+DE+ESTRUCTURA+Y+PLANTA%2FAcuerdo+9+de+1990+Concejo+de+Bogot%E1._files%2F HTTP/1.1" 200 10511
207.46.13.104 - - [27/Aug/2015:03:27:43 -0500] "GET /Anexos%20estudio%20Organizacional%20SDA/ANEXO%20No.%204%20-%20ENCUESTA%20DE%20AN%C3%81LISIS%20ORGANIZACIONAL/ENCUESTA%20GESTI%C3%93N%20AMBIENTAL%2025-05.pdf HTTP/1.1" 200 399871
207.46.13.104 - - [27/Aug/2015:03:27:44 -0500] "GET /Anexos%20estudio%20Organizacional%20SDA/ANEXO%20No.%201-%20NORMAS%20LEGALES%20DE%20ESTRUCTURA%20Y%20PLANTA/Decreto%20562%20de%202006%20-%20Establece%20planta%20de%20cargos%20de%20SDA.jsp.htm HTTP/1.1" 200 70257
207.46.13.104 - - [27/Aug/2015:03:27:44 -0500] "GET /BLA/boletinlegal/Circulares/2013/Circular%20No.%207%20del%201%20de%20Agosto%20de%202013.pdf HTTP/1.1" 200 340934
207.46.13.104 - - [27/Aug/2015:03:27:45 -0500] "GET /Anexos%20estudio%20Organizacional%20SDA/index.php?dir=ANEXO+No.+1-+NORMAS+LEGALES+DE+ESTRUCTURA+Y+PLANTA%2FDecreto+109+de+2009+-+Modifica+la+estructura+de+la+SDA.jsp_files%2F HTTP/1.1" 200 10511
207.46.13.104 - - [27/Aug/2015:03:27:45 -0500] "GET /BLA/boletinlegal/Circulares/2014/Circular%20No.%201%20del%2008%20de%20Mayo%20de%202014.pdf HTTP/1.1" 200 180124
207.46.13.104 - - [27/Aug/2015:03:27:46 -0500] "GET /BLA/boletinlegal/Circulares/2014/Circular%20No.%202%20del%2021%20de%20septiembre%20de%202014.pdf HTTP/1.1" 200 143376
207.46.13.104 - - [27/Aug/2015:03:27:46 -0500] "GET /BLA/boletinlegal/Directivas/2009/Directiva%20No.%20del%2023%20de%20Diciembre%20de%202009.pdf HTTP/1.1" 200 1636862
207.46.13.104 - - [27/Aug/2015:03:27:47 -0500] "GET /BLA/boletinlegal/Directivas/2011/Directiva%20No.%2010%20del%2028%20de%20Septiembre%20de%202011.pdf HTTP/1.1" 200 465887
207.46.13.104 - - [27/Aug/2015:03:27:47 -0500] "GET /BLA/boletinlegal/Directivas/2011/Directiva%20No.%202%20del%2017%20de%20Mayo%20de%202011.pdf HTTP/1.1" 200 495382
207.46.13.104 - - [27/Aug/2015:03:27:47 -0500] "GET /BLA/boletinlegal/Directivas/2011/Directiva%20No.%204%20del%2028%20de%20Junio%20de%202011.pdf HTTP/1.1" 200 960158
207.46.13.104 - - [27/Aug/2015:03:27:48 -0500] "GET /BLA/boletinlegal/Circulares/2013/Circular%20No.%205%20del%2013%20de%20junio%20de%202013.pdf HTTP/1.1" 200 110904
207.46.13.104 - - [27/Aug/2015:03:27:48 -0500] "GET /BLA/boletinlegal/Directivas/2011/Directiva%20No.%206%20del%208%20de%20Septiembre%20de%202011.pdf HTTP/1.1" 200 996625
207.46.13.104 - - [27/Aug/2015:03:27:49 -0500] "GET /BLA/boletinlegal/Circulares/2013/Circular%20No.%203%20del%2005%20de%20abril%20de%202013.pdf HTTP/1.1" 200 93580
207.46.13.104 - - [27/Aug/2015:03:27:49 -0500] "GET /BLA/boletinlegal/Directivas/2014/Directiva%20No.%202%20del%205%20de%20Mayo%20de%202014.pdf HTTP/1.1" 200 591315
201.216.20.108 - - [27/Aug/2015:03:27:49 -0500] "GET /galeria/nivo-slider/demo/demo.html HTTP/1.1" 200 5212
207.46.13.104 - - [27/Aug/2015:03:27:50 -0500] "GET /BLA/boletinlegal/Directivas/2014/Directiva%20No.%204%20del%2006%20de%20Junio%20de%202014.pdf HTTP/1.1" 200 236794
207.46.13.104 - - [27/Aug/2015:03:27:50 -0500] "GET /Anexos%20estudio%20Organizacional%20SDA/ANEXO%20No.%201-%20NORMAS%20LEGALES%20DE%20ESTRUCTURA%20Y%20PLANTA/Decreto%20175%20de%202009%20_files/screen.css HTTP/1.1" 200 2444
207.46.13.104 - - [27/Aug/2015:03:27:50 -0500] "GET /Anexos%20estudio%20Organizacional%20SDA/index.php?dir=ANEXO%20No.%204%20-%20ENCUESTA%20DE%20AN\xc3\x83\xc6\x92\xc3\x82\xc2\x81LISIS%20ORGANIZACIONAL/&sort=name&order=desc HTTP/1.1" 200 6180
201.245.192.253 - - [27/Aug/2015:03:27:50 -0500] "GET /forest/session.jsp?a=0.39013173178949156 HTTP/1.1" 406 -
207.46.13.104 - - [27/Aug/2015:03:27:51 -0500] "GET /pot/?C=M;O=D HTTP/1.1" 404 1019
207.46.13.104 - - [27/Aug/2015:03:27:51 -0500] "GET /BLA/boletinlegal/Directivas/2015/Directiva%20No.%2001%20del%2014%20de%20Enero%20de%202015.pdf HTTP/1.1" 200 1416322
207.46.13.104 - - [27/Aug/2015:03:27:51 -0500] "GET /dama/libreria/pdf/pev01_06.pdf HTTP/1.1" 404 1019
207.46.13.104 - - [27/Aug/2015:03:27:51 -0500] "GET /Anexos%20estudio%20Organizacional%20SDA/index.php?dir=ANEXO+No.+1-+NORMAS+LEGALES+DE+ESTRUCTURA+Y+PLANTA%2FLey+99+de+1993+-+Crea+MimAmbiente_files%2F HTTP/1.1" 200 9115
207.46.13.104 - - [27/Aug/2015:03:27:52 -0500] "GET /BLA/boletinlegal/Circulares/2012/Circular%20No.%205%20del%2027%20de%20Abril%20de%202012.pdf HTTP/1.1" 200 216613
207.46.13.104 - - [27/Aug/2015:03:27:52 -0500] "GET /Anexos%20estudio%20Organizacional%20SDA/index.php?dir=&sort=name&order=desc HTTP/1.1" 200 5839
207.46.13.104 - - [27/Aug/2015:03:27:52 -0500] "GET /Anexos%20estudio%20Organizacional%20SDA/index.php?dir=ANEXO+No.+5+-+ESTUDIO+Y+PROPUESTA+SERAMB+IENTE%2F HTTP/1.1" 200 3623
207.46.13.104 - - [27/Aug/2015:03:27:52 -0500] "GET /Anexos%20estudio%20Organizacional%20SDA/index.php?dir=ANEXO+No.+7+-+PROYECTO+DE+DECRETO+MODIFICATORIO+DE+ESTRUCTURA+DE+LA+SDA%2F HTTP/1.1" 200 2594
207.46.13.104 - - [27/Aug/2015:03:27:53 -0500] "GET /dama/libreria/pdf/pigas/piga_jb/piga_jb.pdf HTTP/1.1" 404 1019
207.46.13.104 - - [27/Aug/2015:03:27:53 -0500] "GET /BLA/boletinlegal/Circulares/2012/Circular%20No.%202%20del%2014%20de%20Marzo%20de%202012.pdf HTTP/1.1" 200 113666
66.249.64.96 - - [27/Aug/2015:03:27:54 -0500] "GET /ial/sitio/MEMORIAS%20SIMAH/Sala%20de%20Musica/Jueves/Sesion%202%20230%20345/1%20Carmenza%20Saldias%20DAPD.pdf HTTP/1.1" 404 1018
201.216.20.108 - - [27/Aug/2015:03:27:55 -0500] "GET /galeria/nivo-slider/demo/images/rendicion-de-cuentas-7-agosto.jpg HTTP/1.1" 200 110842
201.216.20.108 - - [27/Aug/2015:03:27:55 -0500] "GET /galeria/nivo-slider/demo/images/Banner-ecolecta2015.jpg HTTP/1.1" 304 -
201.216.20.108 - - [27/Aug/2015:03:27:55 -0500] "GET /galeria/nivo-slider/demo/images/Semana-PYBA.jpg HTTP/1.1" 304 -
201.216.20.108 - - [27/Aug/2015:03:27:55 -0500] "GET /galeria/nivo-slider/demo/images/Cambio-Climatico-Cerros.jpg HTTP/1.1" 304 -
201.216.20.108 - - [27/Aug/2015:03:27:55 -0500] "GET /galeria/nivo-slider/demo/images/Banner-TL.jpg HTTP/1.1" 304 -
201.216.20.108 - - [27/Aug/2015:03:27:55 -0500] "GET /galeria/nivo-slider/demo/images/acuerdo_569.jpg HTTP/1.1" 304 -
207.46.13.104 - - [27/Aug/2015:03:28:13 -0500] "GET /BLA/boletinlegal/Circulares/2012/Circular%20No.%2016%20del%2022%20de%20octubre%20de%202012.pdf HTTP/1.1" 200 381186
207.46.13.104 - - [27/Aug/2015:03:28:13 -0500] "GET /POT-2013/Cartografia/29_EDIFICABILIDAD.pdf HTTP/1.1" 200 3041378
207.46.13.104 - - [27/Aug/2015:03:28:14 -0500] "GET /BLA/boletinlegal/Circulares/2012/Circular%20No.%2014%20del%2011%20de%20Septiembre%20de%202012.pdf HTTP/1.1" 200 3427471
207.46.13.104 - - [27/Aug/2015:03:28:14 -0500] "GET /BLA/boletinlegal/Circulares/2012/Circular%20No.%2013%20del%2006%20de%20Septiembre%20de%202012.pdf HTTP/1.1" 200 351421
207.46.13.104 - - [27/Aug/2015:03:28:15 -0500] "GET /Metadatos_final_2014/ HTTP/1.1" 200 3490
207.46.13.104 - - [27/Aug/2015:03:28:15 -0500] "GET /Anexos%20estudio%20Organizacional%20SDA/ANEXO%20No.%201-%20NORMAS%20LEGALES%20DE%20ESTRUCTURA%20Y%20PLANTA/Decreto%20673%20de%201995%20Reestructura%20el%20DAMA_files/jquery.js HTTP/1.1" 200 18179
207.46.13.104 - - [27/Aug/2015:03:28:15 -0500] "GET /POT-2013/Cartografia/08_Respuesta_Sismica_V1_2013.pdf HTTP/1.1" 200 4432706
207.46.13.104 - - [27/Aug/2015:03:28:16 -0500] "GET /POT-2013/expediente/EXPEDIENTE%20DISTRITAL%20VIGENCIA%202011octubre%20final.pdf HTTP/1.1" 200 36716932
207.46.13.104 - - [27/Aug/2015:03:28:19 -0500] "GET /Anexos%20estudio%20Organizacional%20SDA/index.php?dir=ANEXO+No.12-PROYECTO+ACTUALIZACION+MANUAL+DE+FUNCIONES+SDA%2F HTTP/1.1" 200 2515
207.46.13.104 - - [27/Aug/2015:03:28:19 -0500] "GET /POT-2013/Cartografia/25_Sistema_Equipamientos_Existentes_2013_V1.pdf HTTP/1.1" 200 4239909
207.46.13.104 - - [27/Aug/2015:03:28:19 -0500] "GET /Anexos%20estudio%20Organizacional%20SDA/index.php?dir=ANEXO%20No.%204%20-%20ENCUESTA%20DE%20AN\xc3\x83\xc2\x81LISIS%20ORGANIZACIONAL/&sort=size&order=asc HTTP/1.1" 200 6169
207.46.13.104 - - [27/Aug/2015:03:28:19 -0500] "GET /BLA/boletinlegal/Circulares/2011/Circular%20No.%205%20del%2014%20de%20Julio%20de%202011.pdf HTTP/1.1" 200 1488992
207.46.13.104 - - [27/Aug/2015:03:28:20 -0500] "GET /BLA/boletinlegal/Circulares/2011/Circular%20No.%205%20del%2012%20de%20Agosto%20de%202011.pdf HTTP/1.1" 200 431796
207.46.13.104 - - [27/Aug/2015:03:28:20 -0500] "GET /BLA/boletinlegal/Circulares/2009/Circular%20Instructiva%20-%20Memorando%202009IE24363.pdf HTTP/1.1" 200 1544636
207.46.13.104 - - [27/Aug/2015:03:28:21 -0500] "GET /Anexos%20estudio%20Organizacional%20SDA/ANEXO%20No.%201-%20NORMAS%20LEGALES%20DE%20ESTRUCTURA%20Y%20PLANTA/Decreto%20308%20de%202001%20-%20Modifica%20estructura%20del%20DAMA.jsp_files/jquery.js HTTP/1.1" 200 18179
207.46.13.104 - - [27/Aug/2015:03:28:21 -0500] "GET /Anexos%20estudio%20Organizacional%20SDA/index.php?dir=ANEXO%20No.%204%20-%20ENCUESTA%20DE%20AN\xc3\x83\xc2\x81LISIS%20ORGANIZACIONAL/&sort=name&order=desc HTTP/1.1" 200 6168
207.46.13.104 - - [27/Aug/2015:03:28:21 -0500] "GET /SIG/Gesti%C3%B3n%20Talento%20Humano/126PA01-PR30.pdf HTTP/1.1" 200 46548
207.46.13.104 - - [27/Aug/2015:03:28:22 -0500] "GET /SIG/Gesti%C3%B3n%20Jur%C3%ADdica/126PA05-PR11.pdf HTTP/1.1" 200 114687
207.46.13.104 - - [27/Aug/2015:03:28:22 -0500] "GET /POT-2013/Cartografia/27_Estructura_Sociespacial_2013.pdf HTTP/1.1" 200 3860071
207.46.13.104 - - [27/Aug/2015:03:28:23 -0500] "GET /BLA/boletinlegal/jurisprudencia.php HTTP/1.1" 200 12511
207.46.13.104 - - [27/Aug/2015:03:28:23 -0500] "GET /POT-2013/Cartografia/Anexo01_Sistema_Hidrico.pdf HTTP/1.1" 200 5860035
207.46.13.104 - - [27/Aug/2015:03:28:24 -0500] "GET /BLA/boletinlegal/actas/374122.pdf HTTP/1.1" 200 181942
207.46.13.104 - - [27/Aug/2015:03:28:24 -0500] "GET /Autoliquidacion/index.php HTTP/1.1" 200 6375
207.46.13.104 - - [27/Aug/2015:03:28:25 -0500] "GET /PORTAL_SIAC/swf/Residuos/maderas/maderas.html HTTP/1.1" 200 1957
201.245.192.253 - - [27/Aug/2015:03:28:25 -0500] "GET /forest/session.jsp?a=0.9547633351758122 HTTP/1.1" 406 -
207.46.13.104 - - [27/Aug/2015:03:28:25 -0500] "GET /Anexos%20estudio%20Organizacional%20SDA/ANEXO%20No.%201-%20NORMAS%20LEGALES%20DE%20ESTRUCTURA%20Y%20PLANTA/Decreto%20308%20de%202001%20-%20Modifica%20estructura%20del%20DAMA.jsp_files/screen.css HTTP/1.1" 200 2444
207.46.13.104 - - [27/Aug/2015:03:28:25 -0500] "GET /Anexos%20estudio%20Organizacional%20SDA/ANEXO%20No.%201-%20NORMAS%20LEGALES%20DE%20ESTRUCTURA%20Y%20PLANTA/Decreto%20562%20de%202006%20-%20Establece%20planta%20de%20cargos%20de%20SDA.jsp_files/jquery.js HTTP/1.1" 200 18179
207.46.13.104 - - [27/Aug/2015:03:28:25 -0500] "GET /BLA/boletinlegal/Circulares/2011/Circular%20No.%201%20del%2023%20de%20Febrero%20de%202011.pdf HTTP/1.1" 200 540140
207.46.13.104 - - [27/Aug/2015:03:28:25 -0500] "GET /BLA/boletinlegal/Circulares/2011/Circular%20No.%201%20del%2012%20de%20Abril%20de%202011.pdf HTTP/1.1" 200 366269
207.46.13.104 - - [27/Aug/2015:03:28:26 -0500] "GET /BLA/boletinlegal/Circulares/2010/Circular%2006%20de%208%20de%20septiembre%20de%202010.pdf HTTP/1.1" 200 4657752
207.46.13.104 - - [27/Aug/2015:03:28:26 -0500] "GET /POT-2013/Cartografia/07_Incendios_V1_2013.pdf HTTP/1.1" 200 4039665
66.249.64.106 - - [27/Aug/2015:03:28:38 -0500] "GET /BLA/resoluciones/RESOLUCIONES%202009/8327.pdf HTTP/1.1" 200 505127
207.46.13.104 - - [27/Aug/2015:03:28:43 -0500] "GET /POT-2013/index.php?dir=Cartografia/&sort=date&order=asc HTTP/1.1" 200 11465
207.46.13.104 - - [27/Aug/2015:03:28:43 -0500] "GET /POT-2013/index.php?dir=Cartografia%2F HTTP/1.1" 200 11465
207.46.13.104 - - [27/Aug/2015:03:28:43 -0500] "GET /Anexos%20estudio%20Organizacional%20SDA/index.php?dir=ANEXO%20No.%201-%20NORMAS%20LEGALES%20DE%20ESTRUCTURA%20Y%20PLANTA/&sort=size&order=asc HTTP/1.1" 200 11016
207.46.13.104 - - [27/Aug/2015:03:28:43 -0500] "GET /POT-2013/Cartografia/05_Remocion_V1_2013.pdf HTTP/1.1" 200 4650227
207.46.13.104 - - [27/Aug/2015:03:28:44 -0500] "GET /BLA/boletinlegal/circulares/2011IE09584.pdf HTTP/1.1" 200 224292
207.46.13.104 - - [27/Aug/2015:03:28:44 -0500] "GET /Anexos%20estudio%20Organizacional%20SDA/index.php?dir=&sort=size&order=asc HTTP/1.1" 200 5840
207.46.13.104 - - [27/Aug/2015:03:28:45 -0500] "GET /POT-2013/Cartografia/04_Inundacion_V1_2013.pdf HTTP/1.1" 200 4942126
207.46.13.104 - - [27/Aug/2015:03:28:45 -0500] "GET /BLA/boletinlegal/Circulares/2010/Circular%2003%20de%2015%20de%20marzo%20de%202010.pdf HTTP/1.1" 200 299174
207.46.13.104 - - [27/Aug/2015:03:28:46 -0500] "GET /BLA/boletinlegal/Circulares/2010/Circular%2002%20de%2025%20de%20febrero%20de%202010.pdf HTTP/1.1" 200 233254
207.46.13.104 - - [27/Aug/2015:03:28:46 -0500] "GET /Anexos%20estudio%20Organizacional%20SDA/index.php?dir=ANEXO+No.+8+-+MATRICES+DE+REGISTRO+Y+DE+SALIDA+MEDICI%D3N+CARGAS+LABORALES+SDA%2F HTTP/1.1" 200 5550
207.46.13.104 - - [27/Aug/2015:03:28:47 -0500] "GET /BLA/boletinlegal/conceptos.php HTTP/1.1" 200 6122
207.46.13.104 - - [27/Aug/2015:03:28:47 -0500] "GET /POT-2013/Cartografia/36_Est_Funcional_servicios_Est_Socioeconomica_Espacial%20Area%20.pdf HTTP/1.1" 200 2689602
207.46.13.104 - - [27/Aug/2015:03:28:47 -0500] "GET /Anexos%20estudio%20Organizacional%20SDA/ANEXO%20No.%201-%20NORMAS%20LEGALES%20DE%20ESTRUCTURA%20Y%20PLANTA/Decreto%20175%20de%202009%20_files/AjaxRequest.js HTTP/1.1" 200 17069
207.46.13.104 - - [27/Aug/2015:03:28:48 -0500] "GET /POT-2013/Cartografia/35_cat_suelo_rural.pdf HTTP/1.1" 200 2648865
74.86.158.107 - - [27/Aug/2015:03:28:48 -0500] "HEAD / HTTP/1.1" 200 -
207.46.13.104 - - [27/Aug/2015:03:28:48 -0500] "GET /Anexos%20estudio%20Organizacional%20SDA/index.php?dir=ANEXO%20No.%205%20-%20ESTUDIO%20Y%20PROPUESTA%20SERAMB%20IENTE/&sort=name&order=desc HTTP/1.1" 200 3622
207.46.13.104 - - [27/Aug/2015:03:28:48 -0500] "GET /POT-2013/Cartografia/12_Est_Ordenam_Regiona_2013_v1.pdf HTTP/1.1" 200 6613799
207.46.13.104 - - [27/Aug/2015:03:28:49 -0500] "GET /POT-2013/Cartografia/14_Sistema%20de%20Movilidad_Subsistema%20Vial_FEB.pdf HTTP/1.1" 200 4617200
207.46.13.104 - - [27/Aug/2015:03:28:50 -0500] "GET /POT-2013/Cartografia/19_Sistema%20de%20Acueducto_FEB.pdf HTTP/1.1" 200 4239798
207.46.13.104 - - [27/Aug/2015:03:28:51 -0500] "GET /POT-2013/Cartografia/24_Sistema%20de%20las%20Tecnologias%20de%20la%20Informacion%20y%20las%20Comuni.pdf HTTP/1.1" 200 5212859
207.46.13.104 - - [27/Aug/2015:03:28:51 -0500] "GET /Anexos%20estudio%20Organizacional%20SDA/ANEXO%20No.%201-%20NORMAS%20LEGALES%20DE%20ESTRUCTURA%20Y%20PLANTA/Decreto%20distrital%20110%20de%202009%20-%20modifica%20planta%20de%20empleos%20SDA.jsp_files/jquery.css HTTP/1.1" 200 4557
207.46.13.104 - - [27/Aug/2015:03:28:52 -0500] "GET /Anexos%20estudio%20Organizacional%20SDA/ANEXO%20No.%201-%20NORMAS%20LEGALES%20DE%20ESTRUCTURA%20Y%20PLANTA/RESE%C3%91A%20HIST%C3%93RICA%20SDA-NORMAS/Acuerdo%209%20de%201990%20Concejo%20de%20Bogot%C3%A1..htm HTTP/1.1" 200 34207
201.245.192.253 - - [27/Aug/2015:03:29:13 -0500] "GET /forest/session.jsp?a=0.1506956410256639 HTTP/1.1" 406 -
66.249.64.106 - - [27/Aug/2015:03:29:15 -0500] "GET /BLA/resoluciones/RESOLUCIONES%202008/5348.pdf HTTP/1.1" 200 232398
157.55.39.17 - - [27/Aug/2015:03:29:38 -0500] "GET /?C=D;O=A HTTP/1.1" 200 10190
157.55.39.17 - - [27/Aug/2015:03:29:39 -0500] "GET /Anexos%20estudio%20Organizacional%20SDA/ANEXO%20No.%201-%20NORMAS%20LEGALES%20DE%20ESTRUCTURA%20Y%20PLANTA/Decreto%20673%20de%201995%20Reestructura%20el%20DAMA.htm HTTP/1.1" 200 59971
157.55.39.17 - - [27/Aug/2015:03:29:39 -0500] "GET /Anexos%20estudio%20Organizacional%20SDA/index.php?dir=ANEXO+No.+1-+NORMAS+LEGALES+DE+ESTRUCTURA+Y+PLANTA%2FAcuerdo+257+de+2006+-+Estructura+organizaci%F3n+y+funcionamiento+de+la+Adm.+Distrital.jsp_files%2F HTTP/1.1" 200 11039
157.55.39.17 - - [27/Aug/2015:03:29:39 -0500] "GET /Anexos%20estudio%20Organizacional%20SDA/ANEXO%20No.%205%20-%20ESTUDIO%20Y%20PROPUESTA%20SERAMB%20IENTE/Comentarios%20t%C3%A9cnicos%20de%20la%20propuesta.pdf HTTP/1.1" 200 198557
157.55.39.17 - - [27/Aug/2015:03:29:40 -0500] "GET /Anexos%20estudio%20Organizacional%20SDA/ANEXO%20No.%205%20-%20ESTUDIO%20Y%20PROPUESTA%20SERAMB%20IENTE/Proyecto%20de%20modificaci%C3%B3n%20decreto%20109%20comisi%C3%B3n%20consolidadora.pdf HTTP/1.1" 200 366542
157.55.39.17 - - [27/Aug/2015:03:29:40 -0500] "GET /Anexos%20estudio%20Organizacional%20SDA/ANEXO%20No.%205%20-%20ESTUDIO%20Y%20PROPUESTA%20SERAMB%20IENTE/Comisi%C3%B2n%20consolidadora.pdf HTTP/1.1" 200 255881
157.55.39.17 - - [27/Aug/2015:03:29:41 -0500] "GET /BLA/boletinlegal/Circulares/2013/Circular%20No.%208%20del%201%20de%20Noviembre%20de%202013.pdf HTTP/1.1" 200 385156
157.55.39.17 - - [27/Aug/2015:03:29:41 -0500] "GET /Anexos%20estudio%20Organizacional%20SDA/ANEXO%20No.%205%20-%20ESTUDIO%20Y%20PROPUESTA%20SERAMB%20IENTE/Proyecto%20de%20modificaci%C3%B3n%20decreto%20109%20comisi%C3%B3n%20consolidadora.pdf HTTP/1.1" 200 366542
157.55.39.17 - - [27/Aug/2015:03:29:41 -0500] "GET /Anexos%20estudio%20Organizacional%20SDA/ANEXO%20No.11-PROYECTO%20DE%20DECRETO%20MODIFICATORIO%20PLANTA%20DE%20CARGOS%20SDA/Proyecto%20de%20decreto%20modificaci%C3%B3n%20planta%20de%20personal%20SDA%2022%20Octubre.doc HTTP/1.1" 200 81920
157.55.39.17 - - [27/Aug/2015:03:29:42 -0500] "GET /Anexos%20estudio%20Organizacional%20SDA/index.php?dir=ANEXO+No.+1-+NORMAS+LEGALES+DE+ESTRUCTURA+Y+PLANTA%2FDecreto+562+de+2006+-+Establece+planta+de+cargos+de+SDA.jsp_files%2F HTTP/1.1" 200 10549
157.55.39.17 - - [27/Aug/2015:03:29:42 -0500] "GET /Anexos%20estudio%20Organizacional%20SDA/index.php?dir=ANEXO+No.+1-+NORMAS+LEGALES+DE+ESTRUCTURA+Y+PLANTA%2FDecreto+631+de+2007-+Modifica+planta+de+SDA.jsp_files%2F HTTP/1.1" 200 10093
157.55.39.17 - - [27/Aug/2015:03:29:43 -0500] "GET /Anexos%20estudio%20Organizacional%20SDA/index.php?dir=ANEXO+No.+1-+NORMAS+LEGALES+DE+ESTRUCTURA+Y+PLANTA%2FDecreto+distrital+110+de+2009+-+modifica+planta+de+empleos+SDA.jsp_files%2F HTTP/1.1" 200 10815
157.55.39.17 - - [27/Aug/2015:03:29:43 -0500] "GET /Anexos%20estudio%20Organizacional%20SDA/ANEXO%20No.%201-%20NORMAS%20LEGALES%20DE%20ESTRUCTURA%20Y%20PLANTA/Decreto%20308%20de%202001%20-%20Modifica%20estructura%20del%20DAMA.jsp.htm HTTP/1.1" 200 53585
157.55.39.17 - - [27/Aug/2015:03:29:43 -0500] "GET /Autoliquidacion/index.php?dir=TR\xc3\x83\xc2\x81MITES%20AGUAS%20SUBTERR\xc3\x83\xc2\x81NEAS/&sort=date&order=asc HTTP/1.1" 200 6629
157.55.39.17 - - [27/Aug/2015:03:29:43 -0500] "GET /BLA/boletinlegal/Directivas/2013/Directiva%20No.%203%20del%2016%20de%20julio%20de%202013.pdf HTTP/1.1" 200 127414
157.55.39.17 - - [27/Aug/2015:03:29:43 -0500] "GET /BLA/boletinlegal/Directivas/2014/Directiva%20No.%201%20del%2010%20de%20Abril%20de%202014.pdf HTTP/1.1" 200 258865
157.55.39.17 - - [27/Aug/2015:03:29:44 -0500] "GET /Anexos%20estudio%20Organizacional%20SDA/ANEXO%20No.%201-%20NORMAS%20LEGALES%20DE%20ESTRUCTURA%20Y%20PLANTA/Decreto%20175%20de%202009_files/AjaxRequest.js HTTP/1.1" 200 17069
157.55.39.17 - - [27/Aug/2015:03:29:44 -0500] "GET /BLA/boletinlegal/Circulares/2012/Circular%20No.%207%20del%2008%20de%20Agosto%20de%202012.pdf HTTP/1.1" 200 972955
157.55.39.17 - - [27/Aug/2015:03:29:45 -0500] "GET /BLA/boletinlegal/actas/079-2013.pdf HTTP/1.1" 200 1500109
157.55.39.17 - - [27/Aug/2015:03:29:45 -0500] "GET /BLA/boletinlegal/Circulares/2012/Circular%20No.%206%20del%2025%20de%20Mayo%20de%202012.pdf HTTP/1.1" 200 387391
157.55.39.17 - - [27/Aug/2015:03:29:46 -0500] "GET /Anexos%20estudio%20Organizacional%20SDA/index.php?dir=ANEXO+No.+4+-+ENCUESTA+DE+AN%C1LISIS+ORGANIZACIONAL%2F HTTP/1.1" 200 5348
157.55.39.17 - - [27/Aug/2015:03:29:46 -0500] "GET /POT-2013/ HTTP/1.1" 200 2679
157.55.39.17 - - [27/Aug/2015:03:29:46 -0500] "GET /BLA/boletinlegal/Circulares/2012/Circular%20No.%204%20del%2019%20de%20abril%20de%202012.pdf HTTP/1.1" 200 253045
157.55.39.16 - - [27/Aug/2015:03:29:46 -0500] "GET /PORTAL_SIAC/ HTTP/1.1" 200 1219
157.55.39.16 - - [27/Aug/2015:03:29:46 -0500] "GET /Anexos%20estudio%20Organizacional%20SDA/ANEXO%20No.%201-%20NORMAS%20LEGALES%20DE%20ESTRUCTURA%20Y%20PLANTA/Decreto%20175%20de%202009_files/jquery.fancybox-1.2.5.js HTTP/1.1" 200 18179
157.55.39.16 - - [27/Aug/2015:03:29:47 -0500] "GET /POT-2013/Cartografia/ANEXO2_ZAC.pdf HTTP/1.1" 200 3835541
157.55.39.16 - - [27/Aug/2015:03:29:47 -0500] "GET /BLA/boletinlegal/Circulares/2011/Circular%20No.%208%20del%2020%20de%20Septiembre%20de%202011.pdf HTTP/1.1" 200 285158
157.55.39.16 - - [27/Aug/2015:03:29:48 -0500] "GET /BLA/boletinlegal/Circulares/2011/Circular%20No.%207%20del%2015%20de%20Septiembre%20de%202011.pdf HTTP/1.1" 200 314873
157.55.39.16 - - [27/Aug/2015:03:29:48 -0500] "GET /Anexos%20estudio%20Organizacional%20SDA/ANEXO%20No.%201-%20NORMAS%20LEGALES%20DE%20ESTRUCTURA%20Y%20PLANTA/Decreto%20673%20de%201995%20Reestructura%20el%20DAMA_files/AjaxRequest.js HTTP/1.1" 200 17069
157.55.39.16 - - [27/Aug/2015:03:29:49 -0500] "GET /Autoliquidacion/Solicitudes%20relacionadas%20con%20calidad%20del%20aire%20auditiva%20y%20visual/Evaluaci%C3%B3n%20de%20permisos%20de%20emisi%C3%B3n%20para%20fuentes%20fijas/lista%20de%20chequeo%20permiso%20de%20emisiones.pdf HTTP/1.1" 200 58783
201.245.192.253 - - [27/Aug/2015:03:29:50 -0500] "GET /forest/session.jsp?a=0.5703014679191112 HTTP/1.1" 406 -
66.249.64.96 - - [27/Aug/2015:03:29:51 -0500] "GET /BLA/resoluciones/RESOLUCIONES%202009/4398.pdf HTTP/1.1" 200 688646
66.249.64.101 - - [27/Aug/2015:03:29:57 -0500] "GET /BLA/resoluciones/RESOLUCIONES%202013/1223.pdf HTTP/1.1" 304 -
66.249.64.106 - - [27/Aug/2015:03:30:01 -0500] "GET /BLA/resoluciones/AUTOS%202014/5809.pdf HTTP/1.1" 200 5694186
157.55.39.182 - - [27/Aug/2015:03:30:02 -0500] "GET /actualizaciones/legisla/Dc159484.htm HTTP/1.1" 404 1015
180.76.15.28 - - [27/Aug/2015:03:30:07 -0500] "GET / HTTP/1.1" 200 10190
157.55.39.16 - - [27/Aug/2015:03:30:12 -0500] "GET /robots.txt HTTP/1.1" 404 1019
66.249.64.106 - - [27/Aug/2015:03:30:16 -0500] "GET /Residuos/maderas/images/page15_thumbnail.jpg HTTP/1.1" 200 4959
157.55.39.16 - - [27/Aug/2015:03:30:23 -0500] "GET /BLA/boletinlegal/Circulares/2011/Circular%20No.%206%20del%2023%20de%20Septiembre%20de%202011.pdf HTTP/1.1" 200 252800
157.55.39.16 - - [27/Aug/2015:03:30:24 -0500] "GET /Anexos%20estudio%20Organizacional%20SDA/ANEXO%20No.%201-%20NORMAS%20LEGALES%20DE%20ESTRUCTURA%20Y%20PLANTA/Decreto%20308%20de%202001%20-%20Modifica%20estructura%20del%20DAMA.jsp_files/ladc.css HTTP/1.1" 200 5119
157.55.39.16 - - [27/Aug/2015:03:30:24 -0500] "GET /BLA/boletinlegal/Circulares/2011/Circular%20No.%204%20del%2014%20de%20Julio%20de%202011.pdf HTTP/1.1" 200 399895
157.55.39.16 - - [27/Aug/2015:03:30:24 -0500] "GET /Residuos/ HTTP/1.1" 200 4955
157.55.39.16 - - [27/Aug/2015:03:30:24 -0500] "GET /BLA/boletinlegal/actas/acta%20de%20acuerdo%2001%20adop%20regla%20inter%20CISPAER.pdf HTTP/1.1" 200 837068
157.55.39.16 - - [27/Aug/2015:03:30:25 -0500] "GET /Anexos%20estudio%20Organizacional%20SDA/ANEXO%20No.%201-%20NORMAS%20LEGALES%20DE%20ESTRUCTURA%20Y%20PLANTA/Decreto%20562%20de%202006%20-%20Establece%20planta%20de%20cargos%20de%20SDA.jsp_files/jquery.css HTTP/1.1" 200 4557
157.55.39.16 - - [27/Aug/2015:03:30:25 -0500] "GET /Anexos%20estudio%20Organizacional%20SDA/ANEXO%20No.%201-%20NORMAS%20LEGALES%20DE%20ESTRUCTURA%20Y%20PLANTA/Decreto%20308%20de%202001%20-%20Modifica%20estructura%20del%20DAMA.jsp_files/ladc.htm HTTP/1.1" 200 1071
157.55.39.16 - - [27/Aug/2015:03:30:25 -0500] "GET /BLA/boletinlegal/Circulares/2011/Circular%20No.%203%20del%2023%20de%20Junio%20de%202011.pdf HTTP/1.1" 200 1452758
157.55.39.16 - - [27/Aug/2015:03:30:26 -0500] "GET /BLA/boletinlegal/Circulares/2011/Circular%20No.%203%20del%2016%20de%20Junio%20de%202011.pdf HTTP/1.1" 200 346378
201.245.192.253 - - [27/Aug/2015:03:30:26 -0500] "GET /forest/session.jsp?a=0.30341535923071206 HTTP/1.1" 406 -
157.55.39.16 - - [27/Aug/2015:03:30:26 -0500] "GET /kmz/?C=M;O=A HTTP/1.1" 200 4481
157.55.39.16 - - [27/Aug/2015:03:30:26 -0500] "GET /videos/?C=D;O=A HTTP/1.1" 200 50199
157.55.39.16 - - [27/Aug/2015:03:30:27 -0500] "GET /Anexos%20estudio%20Organizacional%20SDA/index.php?dir=ANEXO%20No.%203-%20CONTRATACI\xc3\x83\xe2\x80\x9cN%20%20OPS\xc3\x82\xc2\xb4s%202008-2012/&sort=name&order=desc HTTP/1.1" 200 6159
180.76.15.152 - - [27/Aug/2015:03:30:27 -0500] "GET / HTTP/1.1" 200 10190
157.55.39.16 - - [27/Aug/2015:03:30:27 -0500] "GET /POT-2013/Cartografia/06_Mitigacion_Remasa_V1_2013.pdf HTTP/1.1" 200 4362311
157.55.39.16 - - [27/Aug/2015:03:30:28 -0500] "GET /BLA/boletinlegal/actos.php HTTP/1.1" 200 7551
157.55.39.16 - - [27/Aug/2015:03:30:28 -0500] "GET /POT-2013/Cartografia/02_Clasificacion_Urbano_V1_2013.pdf HTTP/1.1" 200 5081898
157.55.39.16 - - [27/Aug/2015:03:30:29 -0500] "GET /ecodirectorio/files/mobile/index.html HTTP/1.1" 200 1036
157.55.39.16 - - [27/Aug/2015:03:30:29 -0500] "GET /Anexos%20estudio%20Organizacional%20SDA/ANEXO%20No.%201-%20NORMAS%20LEGALES%20DE%20ESTRUCTURA%20Y%20PLANTA/Decreto%20175%20de%202009%20_files/jquery.fancybox-1.2.5.css HTTP/1.1" 200 4557
157.55.39.16 - - [27/Aug/2015:03:30:29 -0500] "GET /Anexos%20estudio%20Organizacional%20SDA/ANEXO%20No.%201-%20NORMAS%20LEGALES%20DE%20ESTRUCTURA%20Y%20PLANTA/Decreto%20175%20de%202009%20_files/jquery-1.3.2.min.js HTTP/1.1" 200 57254
157.55.39.16 - - [27/Aug/2015:03:30:31 -0500] "GET /Anexos%20estudio%20Organizacional%20SDA/ANEXO%20No.%201-%20NORMAS%20LEGALES%20DE%20ESTRUCTURA%20Y%20PLANTA/Decreto%20109%20de%202009%20-%20Modifica%20la%20estructura%20de%20la%20SDA.jsp_files/screen.css HTTP/1.1" 200 2444
157.55.39.16 - - [27/Aug/2015:03:30:31 -0500] "GET /POT-2013/Cartografia/10_EEP_Urbana.pdf HTTP/1.1" 200 5413968
157.55.39.16 - - [27/Aug/2015:03:30:31 -0500] "GET /POT-2013/Cartografia/11_Areas_Actividad_Extractiva_2013_V1.pdf HTTP/1.1" 200 3984327
157.55.39.16 - - [27/Aug/2015:03:30:32 -0500] "GET /POT-2013/Cartografia/13_Est_Ordenam_D.pdf HTTP/1.1" 200 6417967
157.55.39.16 - - [27/Aug/2015:03:30:33 -0500] "GET /POT-2013/Cartografia/20_Sistema%20de%20Alcantarillado_FEB.pdf HTTP/1.1" 200 4849299
157.55.39.16 - - [27/Aug/2015:03:30:33 -0500] "GET /POT-2013/Cartografia/21_Sistema%20General%20para%20la%20Gesti%C3%B3n%20y%20Manejo%20Integral%20de%20Resi.pdf HTTP/1.1" 200 3540919
157.55.39.16 - - [27/Aug/2015:03:30:34 -0500] "GET /POT-2013/Cartografia/23_Sistema%20de%20Energia_FEB.pdf HTTP/1.1" 200 4904909
157.55.39.16 - - [27/Aug/2015:03:30:35 -0500] "GET /Anexos%20estudio%20Organizacional%20SDA/ANEXO%20No.%201-%20NORMAS%20LEGALES%20DE%20ESTRUCTURA%20Y%20PLANTA/Decreto%20distrital%20110%20de%202009%20-%20modifica%20planta%20de%20empleos%20SDA.jsp_files/jquery-1.js HTTP/1.1" 200 57254
157.55.39.16 - - [27/Aug/2015:03:30:36 -0500] "GET /Anexos%20estudio%20Organizacional%20SDA/ANEXO%20No.%201-%20NORMAS%20LEGALES%20DE%20ESTRUCTURA%20Y%20PLANTA/Decreto%20distrital%20110%20de%202009%20-%20modifica%20planta%20de%20empleos%20SDA.jsp_files/screen.css HTTP/1.1" 200 2444
157.55.39.16 - - [27/Aug/2015:03:30:36 -0500] "GET /Anexos%20estudio%20Organizacional%20SDA/ANEXO%20No.%201-%20NORMAS%20LEGALES%20DE%20ESTRUCTURA%20Y%20PLANTA/RESE%C3%91A%20HIST%C3%93RICA%20SDA-NORMAS/Decreto%20673%20de%201995%20Reestructura%20el%20DAMA.htm HTTP/1.1" 200 59971
157.55.39.16 - - [27/Aug/2015:03:30:36 -0500] "GET /Anexos%20estudio%20Organizacional%20SDA/ANEXO%20No.%203-%20CONTRATACI%C3%93N%20%20OPS%C2%B4s%202008-2012/CONTRATOS%20SDA%202009%20POR%20DEPENDENCIA%20(1).xls HTTP/1.1" 200 461824
157.55.39.16 - - [27/Aug/2015:03:30:38 -0500] "GET /Anexos%20estudio%20Organizacional%20SDA/ANEXO%20No.%203-%20CONTRATACI%C3%93N%20%20OPS%C2%B4s%202008-2012/CONTRATOS%20SDA%202010%20POR%20DEPENDENCIA%20(1).xls HTTP/1.1" 200 549888
157.55.39.16 - - [27/Aug/2015:03:30:52 -0500] "GET /Anexos%20estudio%20Organizacional%20SDA/ANEXO%20No.%203-%20CONTRATACI%C3%93N%20%20OPS%C2%B4s%202008-2012/CONTRATOS%20SDA%202011%20POR%20DEPENDENCIA.xls HTTP/1.1" 200 433152
157.55.39.16 - - [27/Aug/2015:03:30:55 -0500] "GET /POT-2013/Cartografia/37_PROGRAMA%20DE%20MEJORAMIENTO%20INTEGRAL.pdf HTTP/1.1" 200 4112752
66.249.64.106 - - [27/Aug/2015:03:30:59 -0500] "GET /BLA/resoluciones/RESOLUCIONES%202009/7188.pdf HTTP/1.1" 200 1004851
201.245.192.253 - - [27/Aug/2015:03:31:13 -0500] "GET /forest/session.jsp?a=0.2892335965141509 HTTP/1.1" 406 -
167.0.237.233 - - [27/Aug/2015:03:31:22 -0500] "GET /arcgis/services/Calidad_del_Agua_WQI/MapServer/WMSServer?&request=GetCapabilities&service=WMS HTTP/1.1" 200 32135
167.0.237.233 - - [27/Aug/2015:03:31:30 -0500] "GET /arcgis/services/Calidad_del_Agua_WQI/MapServer/WMSServer HTTP/1.1" 500 1353
201.245.192.253 - - [27/Aug/2015:03:31:51 -0500] "GET /forest/session.jsp?a=0.4838856976153171 HTTP/1.1" 406 -
167.0.237.233 - - [27/Aug/2015:03:31:54 -0500] "GET /arcgis/services/Calidad_del_Agua_WQI/MapServer/WMSServer HTTP/1.1" 500 1353
167.0.237.233 - - [27/Aug/2015:03:31:59 -0500] "GET /arcgis/services/Calidad_del_Agua_WQI/MapServer/WMSServer?&request=GetCapabilities&service=WMS HTTP/1.1" 200 32135
167.0.237.233 - - [27/Aug/2015:03:32:05 -0500] "GET /arcgis/services/Calidad_del_Agua_WQI/MapServer/WMSServer?&request=GetCapabilities&service=WMS HTTP/1.1" 200 32135
201.245.192.253 - - [27/Aug/2015:03:32:27 -0500] "GET /forest/session.jsp?a=0.6685495658311993 HTTP/1.1" 406 -
66.249.64.96 - - [27/Aug/2015:03:33:10 -0500] "GET /BLA/resoluciones/RESOLUCIONES%202008/3872.pdf HTTP/1.1" 200 435511
201.245.192.253 - - [27/Aug/2015:03:33:13 -0500] "GET /forest/session.jsp?a=0.7193271175532315 HTTP/1.1" 406 -
66.249.64.101 - - [27/Aug/2015:03:33:28 -0500] "GET /BLA/resoluciones/RESOLUCIONES%202009/5886.pdf HTTP/1.1" 200 488145
74.86.158.107 - - [27/Aug/2015:03:33:48 -0500] "HEAD / HTTP/1.1" 200 -
201.245.192.253 - - [27/Aug/2015:03:33:51 -0500] "GET /forest/session.jsp?a=0.5114060757780619 HTTP/1.1" 406 -
66.249.64.96 - - [27/Aug/2015:03:34:27 -0500] "GET /BLA/resoluciones/RESOLUCIONES%202009/3948.pdf HTTP/1.1" 200 59166
201.245.192.253 - - [27/Aug/2015:03:34:28 -0500] "GET /forest/session.jsp?a=0.014437464531511068 HTTP/1.1" 406 -
66.249.64.96 - - [27/Aug/2015:03:34:28 -0500] "GET /BLA/resoluciones/RESOLUCIONES%202008/2035.pdf HTTP/1.1" 200 270524
66.249.64.106 - - [27/Aug/2015:03:34:36 -0500] "GET /BLA/resoluciones/RESOLUCIONES%202009/6563.pdf HTTP/1.1" 200 440446
157.55.39.173 - - [27/Aug/2015:03:35:08 -0500] "GET /robots.txt HTTP/1.1" 404 1018
201.245.192.253 - - [27/Aug/2015:03:35:13 -0500] "GET /forest/session.jsp?a=0.6522127809130702 HTTP/1.1" 406 -
201.245.192.253 - - [27/Aug/2015:03:35:51 -0500] "GET /forest/session.jsp?a=0.3796124295356965 HTTP/1.1" 406 -
66.249.64.101 - - [27/Aug/2015:03:35:59 -0500] "GET /BLA/resoluciones/AUTOS%202012/0259.pdf HTTP/1.1" 304 -
167.0.237.233 - - [27/Aug/2015:03:36:04 -0500] "GET /arcgis/services/Calidad_del_Agua_WQI/MapServer/WMSServer?&request=GetCapabilities&service=WMS HTTP/1.1" 200 32135
157.55.39.173 - - [27/Aug/2015:03:36:06 -0500] "GET /BLA/resoluciones/AUTOS%202013/0684.pdf HTTP/1.1" 200 767162
167.0.237.233 - - [27/Aug/2015:03:36:09 -0500] "GET /arcgis/server/arcgisoutput/_ags_map82689a3309d0442c8f41e2b71636bdc8.png HTTP/1.1" 404 1166
167.0.237.233 - - [27/Aug/2015:03:36:12 -0500] "GET /arcgis/services/Calidad_del_Agua_WQI/MapServer/WMSServer HTTP/1.1" 500 1353
181.174.10.252 - - [27/Aug/2015:03:36:26 -0500] "GET /galeria/galeria/jquery.fancybox.css?v=2.1.5 HTTP/1.1" 200 4895
181.174.10.252 - - [27/Aug/2015:03:36:27 -0500] "GET /BLA/boletinlegal/js/jquery.scrollShow.js HTTP/1.1" 200 4586
181.174.10.252 - - [27/Aug/2015:03:36:27 -0500] "GET /galeria/galeria/jquery.fancybox.js?v=2.1.5 HTTP/1.1" 200 48706
201.245.192.253 - - [27/Aug/2015:03:36:29 -0500] "GET /forest/session.jsp?a=0.44364390918053687 HTTP/1.1" 406 -
181.174.10.252 - - [27/Aug/2015:03:36:30 -0500] "GET /BLA/boletinlegal/js/jquery.scrollShow.js HTTP/1.1" 304 -
181.174.10.252 - - [27/Aug/2015:03:36:30 -0500] "GET /galeria/galeria/jquery.fancybox.js?v=2.1.5 HTTP/1.1" 304 -
181.174.10.252 - - [27/Aug/2015:03:36:30 -0500] "GET /galeria/galeria/jquery.fancybox.css?v=2.1.5 HTTP/1.1" 304 -
66.249.64.101 - - [27/Aug/2015:03:36:49 -0500] "GET /Residuos/maderas/images/page3_thumbnail.jpg HTTP/1.1" 200 3604
66.249.64.101 - - [27/Aug/2015:03:36:50 -0500] "GET /BLA/resoluciones/RESOLUCIONES%202006/RES%202006%201151-1200/00001154.tif HTTP/1.1" 200 316316
66.249.64.106 - - [27/Aug/2015:03:37:03 -0500] "GET /BLA/resoluciones/RESOLUCIONES%202009/6539.pdf HTTP/1.1" 200 436611
201.245.192.253 - - [27/Aug/2015:03:37:13 -0500] "GET /forest/session.jsp?a=0.5737633879885314 HTTP/1.1" 406 -
66.249.64.101 - - [27/Aug/2015:03:37:33 -0500] "GET /BLA/resoluciones/RESOLUCIONES%202008/3335.pdf HTTP/1.1" 200 306780
201.245.192.253 - - [27/Aug/2015:03:37:51 -0500] "GET /forest/session.jsp?a=0.16039508390346202 HTTP/1.1" 406 -
201.245.192.253 - - [27/Aug/2015:03:38:30 -0500] "GET /forest/session.jsp?a=0.7255953953135759 HTTP/1.1" 406 -
74.86.158.107 - - [27/Aug/2015:03:38:48 -0500] "HEAD / HTTP/1.1" 200 -
66.249.64.96 - - [27/Aug/2015:03:39:12 -0500] "GET /BLA/resoluciones/AUTOS%202014/3568.pdf HTTP/1.1" 304 -
201.245.192.253 - - [27/Aug/2015:03:39:13 -0500] "GET /forest/session.jsp?a=0.42110243593136043 HTTP/1.1" 406 -
66.249.64.101 - - [27/Aug/2015:03:39:31 -0500] "GET /Residuos/maderas/maderas.swf?pageNumber= HTTP/1.1" 200 400853
201.245.192.253 - - [27/Aug/2015:03:39:51 -0500] "GET /forest/session.jsp?a=0.29353370712880267 HTTP/1.1" 406 -
66.249.64.101 - - [27/Aug/2015:03:40:02 -0500] "GET /BLA/resoluciones/RESOLUCIONES%202014/2872.pdf HTTP/1.1" 304 -
201.245.192.253 - - [27/Aug/2015:03:40:31 -0500] "GET /forest/session.jsp?a=0.43650450836867094 HTTP/1.1" 406 -
201.245.192.253 - - [27/Aug/2015:03:41:13 -0500] "GET /forest/session.jsp?a=0.862599223548067 HTTP/1.1" 406 -
66.249.64.101 - - [27/Aug/2015:03:41:14 -0500] "GET /galeria/galeria/jquery.fancybox.css?v=2.1.5 HTTP/1.1" 200 4895
66.249.64.96 - - [27/Aug/2015:03:41:15 -0500] "GET /BLA/boletinlegal/js/jquery.scrollShow.js HTTP/1.1" 200 4586
66.249.64.96 - - [27/Aug/2015:03:41:15 -0500] "GET /galeria/galeria/jquery.fancybox.js?v=2.1.5 HTTP/1.1" 200 48706
167.0.237.233 - - [27/Aug/2015:03:41:24 -0500] "GET /arcgis/services/Calidad_del_Agua_WQI/MapServer/WMSServer?&request=GetCapabilities&service=WMS HTTP/1.1" 200 32135
167.0.237.233 - - [27/Aug/2015:03:41:31 -0500] "GET /arcgis/services/Calidad_del_Agua_WQI/MapServer/WMSServer?&request=GetCapabilities&service=WMS HTTP/1.1" 200 32135
167.0.237.233 - - [27/Aug/2015:03:41:35 -0500] "GET /arcgis/services/Calidad_del_Agua_WQI/MapServer/WMSServer HTTP/1.1" 500 1353
201.245.192.253 - - [27/Aug/2015:03:41:51 -0500] "GET /forest/session.jsp?a=0.5453578548262 HTTP/1.1" 406 -
66.249.64.101 - - [27/Aug/2015:03:42:09 -0500] "GET /BLA/resoluciones/AUTOS%202008/3491.pdf HTTP/1.1" 304 -
66.249.64.106 - - [27/Aug/2015:03:42:09 -0500] "GET /BLA/resoluciones/RESOLUCIONES%202010/5686.pdf HTTP/1.1" 304 -
201.245.192.253 - - [27/Aug/2015:03:42:32 -0500] "GET /forest/session.jsp?a=0.1669745328836143 HTTP/1.1" 406 -
201.245.192.253 - - [27/Aug/2015:03:43:13 -0500] "GET /forest/session.jsp?a=0.7397662255037709 HTTP/1.1" 406 -
66.249.64.106 - - [27/Aug/2015:03:43:24 -0500] "GET /Residuos/maderas/images/page13_thumbnail.jpg HTTP/1.1" 200 9283
66.249.64.253 - - [27/Aug/2015:03:43:42 -0500] "GET /Autoliquidacion/index.php?dir=Solicitudes%20relacionadas%20con%20calidad%20del%20aire%20auditiva%20y%20visual/Evaluaci%F3n%20certificado%20de%20Intensidad%20Auditiva/&sort=name&order=desc HTTP/1.1" 200 2822
74.86.158.107 - - [27/Aug/2015:03:43:48 -0500] "HEAD / HTTP/1.1" 200 -
201.245.192.253 - - [27/Aug/2015:03:43:51 -0500] "GET /forest/session.jsp?a=0.1420852936805559 HTTP/1.1" 406 -
201.245.192.253 - - [27/Aug/2015:03:44:33 -0500] "GET /forest/session.jsp?a=0.4390078284777701 HTTP/1.1" 406 -
201.245.192.253 - - [27/Aug/2015:03:45:13 -0500] "GET /forest/session.jsp?a=0.17317935041387844 HTTP/1.1" 406 -
94.153.10.149 - - [27/Aug/2015:03:45:17 -0500] "GET /robots.txt HTTP/1.1" 404 1018
66.249.64.101 - - [27/Aug/2015:03:45:18 -0500] "GET /BLA/resoluciones/RESOLUCIONES%202010/3113.pdf HTTP/1.1" 200 539623
180.76.15.30 - - [27/Aug/2015:03:45:39 -0500] "GET /SIG/Direccionamiento%20Estrategico/126PG01-PR07.pdf HTTP/1.1" 200 3326948
201.245.192.253 - - [27/Aug/2015:03:45:51 -0500] "GET /forest/session.jsp?a=0.042310759212325855 HTTP/1.1" 406 -
201.234.75.11 - - [27/Aug/2015:03:46:12 -0500] "GET /galeria/nivo-slider/demo/images/mesTIC.jpg HTTP/1.1" 304 -
66.249.64.101 - - [27/Aug/2015:03:46:30 -0500] "GET /BLA/resoluciones/Notificaciones/AUTOS%202014/3121.doc HTTP/1.1" 200 138752
201.245.192.253 - - [27/Aug/2015:03:46:34 -0500] "GET /forest/session.jsp?a=0.13230728870257735 HTTP/1.1" 406 -
201.245.192.253 - - [27/Aug/2015:03:47:13 -0500] "GET /forest/session.jsp?a=0.4954217844728832 HTTP/1.1" 406 -
93.188.164.210 - - [27/Aug/2015:03:47:33 -0500] "GET / HTTP/1.1" 200 10190
201.245.192.253 - - [27/Aug/2015:03:47:51 -0500] "GET /forest/session.jsp?a=0.1639828603519773 HTTP/1.1" 406 -
167.0.237.233 - - [27/Aug/2015:03:48:13 -0500] "GET /arcgis/services/Calidad_del_Agua_WQI/MapServer/WMSServer?&request=GetCapabilities&service=WMS HTTP/1.1" 200 32135
167.0.237.233 - - [27/Aug/2015:03:48:18 -0500] "GET /arcgis/services/Calidad_del_Agua_WQI/MapServer/WMSServer?&request=GetCapabilities&service=WMS HTTP/1.1" 200 32135
66.249.64.101 - - [27/Aug/2015:03:48:18 -0500] "GET /BLA/resoluciones/RESOLUCIONES%202010/7465.pdf HTTP/1.1" 200 131550
66.249.64.106 - - [27/Aug/2015:03:48:19 -0500] "GET /BLA/resoluciones/RESOLUCIONES%202009/6330.pdf HTTP/1.1" 304 -
167.0.237.233 - - [27/Aug/2015:03:48:23 -0500] "GET /arcgis/services/Calidad_del_Agua_WQI/MapServer/WMSServer?&request=GetCapabilities&service=WMS HTTP/1.1" 200 32135
201.245.192.253 - - [27/Aug/2015:03:48:35 -0500] "GET /forest/session.jsp?a=0.3762105635832995 HTTP/1.1" 406 -
74.86.158.107 - - [27/Aug/2015:03:48:48 -0500] "HEAD / HTTP/1.1" 200 -
201.245.192.253 - - [27/Aug/2015:03:49:13 -0500] "GET /forest/session.jsp?a=0.6400272583835365 HTTP/1.1" 406 -
201.245.192.253 - - [27/Aug/2015:03:49:51 -0500] "GET /forest/session.jsp?a=0.5305561641677847 HTTP/1.1" 406 -
66.249.64.106 - - [27/Aug/2015:03:50:00 -0500] "GET /Residuos/maderas/images/page21_thumbnail.jpg HTTP/1.1" 200 3720
201.245.192.253 - - [27/Aug/2015:03:50:36 -0500] "GET /forest/session.jsp?a=0.020559948636218905 HTTP/1.1" 406 -
201.245.192.253 - - [27/Aug/2015:03:51:13 -0500] "GET /forest/session.jsp?a=0.4040313825551419 HTTP/1.1" 406 -
66.249.64.96 - - [27/Aug/2015:03:51:28 -0500] "GET /BLA/resoluciones/AUTOS%202014/1265.pdf HTTP/1.1" 200 522109
167.0.237.233 - - [27/Aug/2015:03:51:34 -0500] "GET /arcgis/services/Calidad_del_Agua_WQI/MapServer/WMSServer?&request=GetCapabilities&service=WMS HTTP/1.1" 200 32135
201.245.192.253 - - [27/Aug/2015:03:51:51 -0500] "GET /forest/session.jsp?a=0.6614004307598685 HTTP/1.1" 406 -
167.0.237.233 - - [27/Aug/2015:03:52:21 -0500] "GET /arcgis/services/Calidad_del_Agua_WQI/MapServer/WMSServer?&request=GetCapabilities&service=WMS HTTP/1.1" 200 32135
201.245.192.253 - - [27/Aug/2015:03:52:37 -0500] "GET /forest/session.jsp?a=0.6847174088470638 HTTP/1.1" 406 -
201.245.192.253 - - [27/Aug/2015:03:53:13 -0500] "GET /forest/session.jsp?a=0.43078152600356856 HTTP/1.1" 406 -
74.86.158.107 - - [27/Aug/2015:03:53:48 -0500] "HEAD / HTTP/1.1" 200 -
201.245.192.253 - - [27/Aug/2015:03:53:51 -0500] "GET /forest/session.jsp?a=0.0766215949574397 HTTP/1.1" 406 -
66.249.64.248 - - [27/Aug/2015:03:53:54 -0500] "GET /ecodirectorio/files/res/mobile/page0084_i2.jpg HTTP/1.1" 200 171202
66.249.64.106 - - [27/Aug/2015:03:54:27 -0500] "GET /BLA/resoluciones/index.php?dir=RESOLUCIONES%202007/RES%202007%203801%20AL%203900/&sort=name&order=desc HTTP/1.1" 200 26636
66.249.64.96 - - [27/Aug/2015:03:54:30 -0500] "GET /BLA/resoluciones/RESOLUCIONES%202010/1293.pdf HTTP/1.1" 200 105522
201.245.192.253 - - [27/Aug/2015:03:54:38 -0500] "GET /forest/session.jsp?a=0.2844287301413715 HTTP/1.1" 406 -
173.245.65.162 - - [27/Aug/2015:03:54:38 -0500] "GET /webdav/x32.php?host=151.74.91.108&time=60&port=80 HTTP/1.1" 404 1018
66.249.64.106 - - [27/Aug/2015:03:55:03 -0500] "GET /BLA/resoluciones/AUTOS%202014/5732.pdf HTTP/1.1" 304 -
201.245.192.253 - - [27/Aug/2015:03:55:13 -0500] "GET /forest/session.jsp?a=0.6226260183624877 HTTP/1.1" 406 -
66.249.64.106 - - [27/Aug/2015:03:55:27 -0500] "GET /BLA/resoluciones/AUTOS%202009/0981.pdf HTTP/1.1" 200 178015
201.245.192.253 - - [27/Aug/2015:03:55:51 -0500] "GET /forest/session.jsp?a=0.2501885111822837 HTTP/1.1" 406 -
167.0.237.233 - - [27/Aug/2015:03:56:08 -0500] "GET /arcgis/services/Calidad_del_Agua_WQI/MapServer/WMSServer?&request=GetCapabilities&service=WMS HTTP/1.1" 200 32135
66.249.64.96 - - [27/Aug/2015:03:56:33 -0500] "GET /Residuos/maderas/images/page54_thumbnail.jpg HTTP/1.1" 200 4968
66.249.64.101 - - [27/Aug/2015:03:56:33 -0500] "GET /BLA/resoluciones/RESOLUCIONES%202003/RES%202003%20201-250/2003RES233.tif HTTP/1.1" 200 96916
201.245.192.253 - - [27/Aug/2015:03:56:39 -0500] "GET /forest/session.jsp?a=0.3500056187622249 HTTP/1.1" 406 -
201.245.192.253 - - [27/Aug/2015:03:57:13 -0500] "GET /forest/session.jsp?a=0.7283583237979045 HTTP/1.1" 406 -
66.249.64.106 - - [27/Aug/2015:03:57:28 -0500] "GET /BLA/resoluciones/AUTOS%202013/0817.pdf HTTP/1.1" 304 -
66.249.64.96 - - [27/Aug/2015:03:57:32 -0500] "GET /autoliquidacion/Solicitud%20de%20expedici%C3%B3n%20de%20certificados%20de%20estado%20de%20conservaci%C3%B3n%20ambiental%20(CECA)/FORMULARIO%20DE%20SOLICITUD%20DE%20CECA.pdf HTTP/1.1" 304 -
201.245.192.253 - - [27/Aug/2015:03:57:51 -0500] "GET /forest/session.jsp?a=0.8026301543957928 HTTP/1.1" 406 -
220.181.108.143 - - [27/Aug/2015:03:58:12 -0500] "GET /BLA/boletinlegal/js/jquery.scrollShow.js HTTP/1.1" 200 4586
220.181.108.156 - - [27/Aug/2015:03:58:13 -0500] "GET /galeria/galeria/jquery.fancybox.js?v=2.1.5 HTTP/1.1" 200 48706
201.245.192.253 - - [27/Aug/2015:03:58:40 -0500] "GET /forest/session.jsp?a=0.41318848403170705 HTTP/1.1" 406 -
74.86.158.107 - - [27/Aug/2015:03:58:48 -0500] "HEAD / HTTP/1.1" 200 -
220.181.108.156 - - [27/Aug/2015:03:58:51 -0500] "GET /BLA/boletinlegal/js/jquery.scrollShow.js HTTP/1.1" 200 4586
220.181.108.151 - - [27/Aug/2015:03:58:52 -0500] "GET /galeria/galeria/jquery.fancybox.js?v=2.1.5 HTTP/1.1" 200 48706
201.245.192.253 - - [27/Aug/2015:03:59:13 -0500] "GET /forest/session.jsp?a=0.7730605946840353 HTTP/1.1" 406 -
201.245.192.253 - - [27/Aug/2015:03:59:51 -0500] "GET /forest/session.jsp?a=0.9636526782707276 HTTP/1.1" 406 -
200.118.206.172 - - [27/Aug/2015:04:00:36 -0500] "GET /galeria/galeria/jquery.fancybox.css?v=2.1.5 HTTP/1.1" 200 4895
200.118.206.172 - - [27/Aug/2015:04:00:36 -0500] "GET /BLA/boletinlegal/js/jquery.scrollShow.js HTTP/1.1" 200 4586
200.118.206.172 - - [27/Aug/2015:04:00:36 -0500] "GET /galeria/galeria/jquery.fancybox.js?v=2.1.5 HTTP/1.1" 200 48706
66.249.64.203 - - [27/Aug/2015:04:00:38 -0500] "GET /robots.txt HTTP/1.1" 302 306
66.249.64.213 - - [27/Aug/2015:04:00:38 -0500] "GET / HTTP/1.1" 302 296
201.245.192.253 - - [27/Aug/2015:04:00:41 -0500] "GET /forest/session.jsp?a=0.6864368068054318 HTTP/1.1" 406 -
201.245.192.253 - - [27/Aug/2015:04:01:13 -0500] "GET /forest/session.jsp?a=0.8961929559085741 HTTP/1.1" 406 -
201.245.192.253 - - [27/Aug/2015:04:01:51 -0500] "GET /forest/session.jsp?a=0.5870537311786792 HTTP/1.1" 406 -
186.2.139.8 - - [27/Aug/2015:04:02:30 -0500] "GET /galeria/galeria/jquery.fancybox.css?v=2.1.5 HTTP/1.1" 200 4895
186.2.139.8 - - [27/Aug/2015:04:02:30 -0500] "GET /BLA/boletinlegal/js/jquery.scrollShow.js HTTP/1.1" 200 4586
186.2.139.8 - - [27/Aug/2015:04:02:31 -0500] "GET /galeria/galeria/jquery.fancybox.js?v=2.1.5 HTTP/1.1" 200 48706
201.245.192.253 - - [27/Aug/2015:04:02:42 -0500] "GET /forest/session.jsp?a=0.480553075671196 HTTP/1.1" 406 -
186.2.139.8 - - [27/Aug/2015:04:02:43 -0500] "GET /BLA/boletinlegal/js/jquery.scrollShow.js HTTP/1.1" 304 -
186.2.139.8 - - [27/Aug/2015:04:02:44 -0500] "GET /galeria/galeria/jquery.fancybox.css?v=2.1.5 HTTP/1.1" 304 -
186.2.139.8 - - [27/Aug/2015:04:02:44 -0500] "GET /galeria/galeria/jquery.fancybox.js?v=2.1.5 HTTP/1.1" 304 -
201.234.75.11 - - [27/Aug/2015:04:02:47 -0500] "GET /galeria/nivo-slider/themes/orman/orman.css HTTP/1.1" 304 -
66.249.64.101 - - [27/Aug/2015:04:03:09 -0500] "GET /Residuos/maderas/images/page22_thumbnail.jpg HTTP/1.1" 200 10986
201.245.192.253 - - [27/Aug/2015:04:03:13 -0500] "GET /forest/session.jsp?a=0.33962891800785466 HTTP/1.1" 406 -
66.249.64.106 - - [27/Aug/2015:04:03:38 -0500] "GET /BLA/resoluciones/RESOLUCIONES%202012/0418.pdf HTTP/1.1" 200 385264
74.86.158.107 - - [27/Aug/2015:04:03:48 -0500] "HEAD / HTTP/1.1" 200 -
201.245.192.253 - - [27/Aug/2015:04:03:51 -0500] "GET /forest/session.jsp?a=0.5002789925007497 HTTP/1.1" 406 -
66.249.64.106 - - [27/Aug/2015:04:04:24 -0500] "GET /BLA/resoluciones/RESOLUCIONES%202007/RES%202007%203701%20AL%203800/RESOLUCION%203739%20DE%202007.pdf HTTP/1.1" 200 218691
201.245.192.253 - - [27/Aug/2015:04:04:43 -0500] "GET /forest/session.jsp?a=0.4159919817466289 HTTP/1.1" 406 -
201.245.192.253 - - [27/Aug/2015:04:05:13 -0500] "GET /forest/session.jsp?a=0.1980630636282178 HTTP/1.1" 406 -
201.245.192.253 - - [27/Aug/2015:04:05:51 -0500] "GET /forest/session.jsp?a=0.9777075452923921 HTTP/1.1" 406 -
66.249.64.106 - - [27/Aug/2015:04:06:38 -0500] "GET /BLA/resoluciones/AUTOS%202009/1440.pdf HTTP/1.1" 200 224436
201.234.75.11 - - [27/Aug/2015:04:06:38 -0500] "GET /galeria/nivo-slider/demo/images/bolsas-06.jpg HTTP/1.1" 304 -
201.245.192.253 - - [27/Aug/2015:04:06:44 -0500] "GET /forest/session.jsp?a=0.3436952754855156 HTTP/1.1" 406 -
201.245.192.253 - - [27/Aug/2015:04:07:13 -0500] "GET /forest/session.jsp?a=0.9963386929368662 HTTP/1.1" 406 -
201.245.192.253 - - [27/Aug/2015:04:07:51 -0500] "GET /forest/session.jsp?a=0.43765702718828814 HTTP/1.1" 406 -
201.245.192.253 - - [27/Aug/2015:04:08:45 -0500] "GET /forest/session.jsp?a=0.82648741803132 HTTP/1.1" 406 -
74.86.158.107 - - [27/Aug/2015:04:08:48 -0500] "HEAD / HTTP/1.1" 200 -
186.30.92.201 - - [27/Aug/2015:04:08:51 -0500] "GET /BLA/boletinlegal/js/jquery.scrollShow.js HTTP/1.1" 200 4586
186.30.92.201 - - [27/Aug/2015:04:08:51 -0500] "GET /galeria/galeria/jquery.fancybox.css?v=2.1.5 HTTP/1.1" 200 4895
186.30.92.201 - - [27/Aug/2015:04:08:51 -0500] "GET /galeria/galeria/jquery.fancybox.js?v=2.1.5 HTTP/1.1" 200 48706
186.30.92.201 - - [27/Aug/2015:04:08:59 -0500] "GET /BLA/boletinlegal/js/jquery.scrollShow.js HTTP/1.1" 200 4586
186.30.92.201 - - [27/Aug/2015:04:08:59 -0500] "GET /galeria/galeria/jquery.fancybox.js?v=2.1.5 HTTP/1.1" 200 48706
186.30.92.201 - - [27/Aug/2015:04:08:59 -0500] "GET /galeria/galeria/jquery.fancybox.css?v=2.1.5 HTTP/1.1" 200 4895
201.245.192.253 - - [27/Aug/2015:04:09:14 -0500] "GET /forest/session.jsp?a=0.781296503581545 HTTP/1.1" 406 -
151.182.144.2 - - [27/Aug/2015:04:09:17 -0500] "GET /BLA/resoluciones/RESOLUCIONES%202010/1137.pdf HTTP/1.1" 200 105244
151.182.144.2 - - [27/Aug/2015:04:09:17 -0500] "GET /favicon.ico HTTP/1.1" 200 7782
66.249.64.106 - - [27/Aug/2015:04:09:38 -0500] "GET /BLA/resoluciones/RESOLUCIONES%202009/3442.pdf HTTP/1.1" 304 -
66.249.64.96 - - [27/Aug/2015:04:09:42 -0500] "GET /BLA/resoluciones/RESOLUCIONES%202009/2840.pdf HTTP/1.1" 304 -
66.249.64.96 - - [27/Aug/2015:04:09:43 -0500] "GET /Residuos/maderas/images/page32_thumbnail.jpg HTTP/1.1" 200 8971
201.245.192.253 - - [27/Aug/2015:04:09:51 -0500] "GET /forest/session.jsp?a=0.11484664143156509 HTTP/1.1" 406 -
66.249.64.106 - - [27/Aug/2015:04:10:20 -0500] "GET /BLA/resoluciones/RESOLUCIONES%202007/RES%202007%20801%20AL%20900/RESOLUCION%200878%20DE%202007.pdf HTTP/1.1" 304 -
201.245.192.253 - - [27/Aug/2015:04:10:46 -0500] "GET /forest/session.jsp?a=0.47576920688152313 HTTP/1.1" 406 -
201.245.192.253 - - [27/Aug/2015:04:11:14 -0500] "GET /forest/session.jsp?a=0.322407335100484 HTTP/1.1" 406 -
201.245.192.253 - - [27/Aug/2015:04:11:51 -0500] "GET /forest/session.jsp?a=0.2130652074172179 HTTP/1.1" 406 -
190.252.63.112 - - [27/Aug/2015:04:12:10 -0500] "GET /BLA/boletinlegal/js/jquery.scrollShow.js HTTP/1.1" 200 4586
190.252.63.112 - - [27/Aug/2015:04:12:10 -0500] "GET /galeria/galeria/jquery.fancybox.js?v=2.1.5 HTTP/1.1" 200 48706
190.252.63.112 - - [27/Aug/2015:04:12:10 -0500] "GET /galeria/galeria/jquery.fancybox.css?v=2.1.5 HTTP/1.1" 200 4895
190.252.63.112 - - [27/Aug/2015:04:12:21 -0500] "GET /galeria/galeria/jquery.fancybox.css?v=2.1.5 HTTP/1.1" 304 -
190.252.63.112 - - [27/Aug/2015:04:12:21 -0500] "GET /BLA/boletinlegal/js/jquery.scrollShow.js HTTP/1.1" 304 -
