190.25.97.60 - - [02/Sep/2015:00:27:08 -0500] "GET /galeria/nivo-slider/demo/images/bolsas-06.jpg HTTP/1.1" 200 90982
190.25.97.60 - - [02/Sep/2015:00:27:08 -0500] "GET /galeria/nivo-slider/demo/images/Conoce-los-humedales.jpg HTTP/1.1" 200 294036
190.25.97.60 - - [02/Sep/2015:00:27:08 -0500] "GET /galeria/nivo-slider/demo/images/ecolecta-Dic2014.png HTTP/1.1" 200 288593
190.25.97.60 - - [02/Sep/2015:00:27:08 -0500] "GET /galeria/nivo-slider/demo/images/Banner-Caracol-Africano.jpg HTTP/1.1" 200 331986
190.25.97.60 - - [02/Sep/2015:00:27:08 -0500] "GET /galeria/nivo-slider/demo/scripts/jquery-1.7.1.min.js HTTP/1.1" 200 93868
190.25.97.60 - - [02/Sep/2015:00:27:09 -0500] "GET /galeria/nivo-slider/jquery.nivo.slider.pack.js HTTP/1.1" 200 11561
190.25.97.60 - - [02/Sep/2015:00:27:10 -0500] "GET /galeria/nivo-slider/demo/images/4Simple_Slider.png HTTP/1.1" 200 11722
190.25.97.60 - - [02/Sep/2015:00:27:10 -0500] "GET /galeria/nivo-slider/themes/default/loading.gif HTTP/1.1" 200 1737
190.25.97.60 - - [02/Sep/2015:00:27:12 -0500] "GET /galeria/nivo-slider/themes/default/arrows.png HTTP/1.1" 200 824
190.25.97.60 - - [02/Sep/2015:00:27:12 -0500] "GET /galeria/nivo-slider/themes/default/bullets.png HTTP/1.1" 200 1281
151.80.31.138 - - [02/Sep/2015:00:27:30 -0500] "GET /BLA/resoluciones/RESOLUCIONES%202006/RES%202006%202101-2150/00002137.tif HTTP/1.1" 200 133096
66.249.64.106 - - [02/Sep/2015:00:28:00 -0500] "GET /galeria/galeria/fotos/boa8P.jpg HTTP/1.1" 304 -
190.26.162.135 - - [02/Sep/2015:00:28:16 -0500] "GET /galeria/galeria/jquery.fancybox.css?v=2.1.5 HTTP/1.1" 200 4895
190.26.162.135 - - [02/Sep/2015:00:28:16 -0500] "GET /BLA/boletinlegal/js/jquery.scrollShow.js HTTP/1.1" 200 4586
190.26.162.135 - - [02/Sep/2015:00:28:16 -0500] "GET /galeria/galeria/jquery.fancybox.js?v=2.1.5 HTTP/1.1" 200 48706
66.220.146.30 - - [02/Sep/2015:00:28:32 -0500] "GET /wp-content/uploads/2015/08/carta-fot.png HTTP/1.1" 301 364
190.26.162.135 - - [02/Sep/2015:00:28:36 -0500] "GET /galeria/galeria/jquery.fancybox.css?v=2.1.5 HTTP/1.1" 304 -
190.26.162.135 - - [02/Sep/2015:00:28:36 -0500] "GET /BLA/boletinlegal/js/jquery.scrollShow.js HTTP/1.1" 304 -
190.26.162.135 - - [02/Sep/2015:00:28:36 -0500] "GET /galeria/galeria/jquery.fancybox.js?v=2.1.5 HTTP/1.1" 304 -
66.249.64.101 - - [02/Sep/2015:00:28:43 -0500] "GET /BLA/resoluciones/RESOLUCIONES%202009/5230.pdf HTTP/1.1" 200 502809
66.249.64.101 - - [02/Sep/2015:00:28:56 -0500] "GET /BLA/resoluciones/RESOLUCIONES%202008/0307.pdf HTTP/1.1" 200 145319
66.249.64.106 - - [02/Sep/2015:00:29:17 -0500] "GET /ial/transporte/06.pdf HTTP/1.1" 404 1018
186.145.43.149 - - [02/Sep/2015:00:29:21 -0500] "GET /galeria/galeria/jquery.fancybox.css?v=2.1.5 HTTP/1.1" 200 4895
186.145.43.149 - - [02/Sep/2015:00:29:21 -0500] "GET /galeria/galeria/jquery.fancybox.js?v=2.1.5 HTTP/1.1" 200 48706
186.145.43.149 - - [02/Sep/2015:00:29:21 -0500] "GET /galeria/galeria/fotos/juan-amarillo1P.jpg HTTP/1.1" 200 30845
186.145.43.149 - - [02/Sep/2015:00:29:21 -0500] "GET /galeria/galeria/fotos/juan-amarillo2P.jpg HTTP/1.1" 200 32696
186.145.43.149 - - [02/Sep/2015:00:29:21 -0500] "GET /galeria/galeria/fotos/juan-amarillo3P.jpg HTTP/1.1" 200 28033
186.145.43.149 - - [02/Sep/2015:00:29:21 -0500] "GET /galeria/galeria/fotos/juan-amarillo4P.jpg HTTP/1.1" 200 23811
66.249.64.101 - - [02/Sep/2015:00:29:22 -0500] "GET /BLA/resoluciones/RESOLUCIONES%202007/RES%202007%201101%20AL%201200/RESOLUCION%201164%20DE%202007.pdf HTTP/1.1" 304 -
66.249.64.96 - - [02/Sep/2015:00:29:22 -0500] "GET /BLA/resoluciones/RESOLUCIONES%202014/2675.pdf HTTP/1.1" 200 313561
151.80.31.138 - - [02/Sep/2015:00:29:33 -0500] "GET /BLA/resoluciones/RESOLUCIONES%202006/RES%202006%20201-250/00000202.tif HTTP/1.1" 200 79000
179.7.108.19 - - [02/Sep/2015:00:29:53 -0500] "GET /galeria/galeria/jquery.fancybox.css?v=2.1.5 HTTP/1.1" 200 4895
179.7.108.19 - - [02/Sep/2015:00:29:54 -0500] "GET /galeria/galeria/jquery.fancybox.js?v=2.1.5 HTTP/1.1" 200 48706
179.7.108.19 - - [02/Sep/2015:00:29:54 -0500] "GET /BLA/boletinlegal/js/jquery.scrollShow.js HTTP/1.1" 200 4586
74.86.158.107 - - [02/Sep/2015:00:29:54 -0500] "HEAD / HTTP/1.1" 200 -
179.7.108.19 - - [02/Sep/2015:00:30:01 -0500] "GET /BLA/boletinlegal/js/jquery.scrollShow.js HTTP/1.1" 304 -
179.7.108.19 - - [02/Sep/2015:00:30:01 -0500] "GET /galeria/galeria/jquery.fancybox.css?v=2.1.5 HTTP/1.1" 304 -
179.7.108.19 - - [02/Sep/2015:00:30:01 -0500] "GET /galeria/galeria/jquery.fancybox.js?v=2.1.5 HTTP/1.1" 304 -
66.249.64.101 - - [02/Sep/2015:00:31:01 -0500] "GET /BLA/resoluciones/dlf/styles.css HTTP/1.1" 200 3049
190.25.97.60 - - [02/Sep/2015:00:31:08 -0500] "GET /galeria/galeria/jquery.fancybox.css?v=2.1.5 HTTP/1.1" 304 -
190.25.97.60 - - [02/Sep/2015:00:31:08 -0500] "GET /BLA/boletinlegal/js/jquery.scrollShow.js HTTP/1.1" 304 -
190.25.97.60 - - [02/Sep/2015:00:31:08 -0500] "GET /galeria/galeria/jquery.fancybox.js?v=2.1.5 HTTP/1.1" 304 -
23.121.197.46 - - [02/Sep/2015:00:31:08 -0500] "GET /webdav/x32.php HTTP/1.1" 404 1018
66.249.64.106 - - [02/Sep/2015:00:31:44 -0500] "GET /BLA/resoluciones/AUTOS%202012/2770.pdf HTTP/1.1" 200 264816
66.249.64.101 - - [02/Sep/2015:00:32:31 -0500] "GET /BLA/resoluciones/RESOLUCIONES%202010/1998.pdf HTTP/1.1" 200 337692
66.249.64.106 - - [02/Sep/2015:00:32:32 -0500] "GET /BLA/resoluciones/AUTOS%202011/5959.pdf HTTP/1.1" 200 178161
186.30.170.39 - - [02/Sep/2015:00:32:39 -0500] "GET /galeria/galeria/jquery.fancybox.css?v=2.1.5 HTTP/1.1" 200 4895
186.30.170.39 - - [02/Sep/2015:00:32:39 -0500] "GET /BLA/boletinlegal/js/jquery.scrollShow.js HTTP/1.1" 200 4586
186.30.170.39 - - [02/Sep/2015:00:32:39 -0500] "GET /galeria/galeria/jquery.fancybox.js?v=2.1.5 HTTP/1.1" 200 48706
66.249.64.248 - - [02/Sep/2015:00:32:55 -0500] "GET /POT-2013/Cartografia/09_EEP.pdf HTTP/1.1" 304 -
188.165.15.177 - - [02/Sep/2015:00:33:00 -0500] "GET /comunicados/ HTTP/1.1" 301 336
186.30.170.39 - - [02/Sep/2015:00:33:02 -0500] "GET /galeria/galeria/jquery.fancybox.js?v=2.1.5 HTTP/1.1" 304 -
186.30.170.39 - - [02/Sep/2015:00:33:02 -0500] "GET /galeria/galeria/jquery.fancybox.css?v=2.1.5 HTTP/1.1" 304 -
186.30.170.39 - - [02/Sep/2015:00:33:02 -0500] "GET /BLA/boletinlegal/js/jquery.scrollShow.js HTTP/1.1" 304 -
23.121.197.46 - - [02/Sep/2015:00:33:31 -0500] "PUT /webdav/wickd.php HTTP/1.1" 405 938
190.26.162.135 - - [02/Sep/2015:00:33:37 -0500] "GET /galeria/galeria/jquery.fancybox.css?v=2.1.5 HTTP/1.1" 304 -
190.26.162.135 - - [02/Sep/2015:00:33:37 -0500] "GET /galeria/galeria/jquery.fancybox.js?v=2.1.5 HTTP/1.1" 304 -
190.26.162.135 - - [02/Sep/2015:00:33:37 -0500] "GET /BLA/boletinlegal/js/jquery.scrollShow.js HTTP/1.1" 304 -
66.249.64.96 - - [02/Sep/2015:00:33:56 -0500] "GET /BLA/resoluciones/RESOLUCIONES%202009/8404.pdf HTTP/1.1" 200 410677
84.205.244.132 - - [02/Sep/2015:00:33:56 -0500] "GET /galeria/galeria/jquery.fancybox.js?v=2.1.5 HTTP/1.0" 200 48706
84.205.244.132 - - [02/Sep/2015:00:33:56 -0500] "GET /BLA/boletinlegal/js/jquery.scrollShow.js HTTP/1.0" 200 4586
84.205.244.132 - - [02/Sep/2015:00:33:58 -0500] "GET /galeria/galeria/jquery.fancybox.css?v=2.1.5 HTTP/1.0" 200 4895
201.234.75.11 - - [02/Sep/2015:00:34:37 -0500] "GET /galeria/nivo-slider/demo/images/2Ecoyoga.jpg HTTP/1.1" 304 -
201.245.238.3 - - [02/Sep/2015:00:34:45 -0500] "GET /wp-content/uploads/2015/08/fotos1b.png HTTP/1.1" 301 362
201.245.238.3 - - [02/Sep/2015:00:34:45 -0500] "GET /wp-content/uploads/2015/08/banner2.png HTTP/1.1" 301 362
201.245.238.3 - - [02/Sep/2015:00:34:45 -0500] "GET /wp-content/uploads/2015/08/fotos2b.png HTTP/1.1" 301 362
201.245.238.3 - - [02/Sep/2015:00:34:45 -0500] "GET /wp-content/uploads/2015/08/danos.png HTTP/1.1" 301 360
201.245.238.3 - - [02/Sep/2015:00:34:45 -0500] "GET /wp-content/uploads/2015/08/fotos3b.png HTTP/1.1" 301 362
201.245.238.3 - - [02/Sep/2015:00:34:45 -0500] "GET /wp-content/uploads/2015/07/recuadros-2.png HTTP/1.1" 301 366
201.245.238.3 - - [02/Sep/2015:00:34:45 -0500] "GET /wp-content/uploads/2015/07/UNO.png HTTP/1.1" 301 358
201.245.238.3 - - [02/Sep/2015:00:34:45 -0500] "GET /wp-content/uploads/2015/07/DOS.png HTTP/1.1" 301 358
201.245.238.3 - - [02/Sep/2015:00:34:45 -0500] "GET /wp-content/uploads/2015/07/TERCER.png HTTP/1.1" 301 361
201.245.238.3 - - [02/Sep/2015:00:34:45 -0500] "GET /wp-content/uploads/2015/07/CUARTO.png HTTP/1.1" 301 361
201.245.238.3 - - [02/Sep/2015:00:34:45 -0500] "GET /wp-content/uploads/2015/07/franja.jpg HTTP/1.1" 301 361
201.245.238.3 - - [02/Sep/2015:00:34:45 -0500] "GET /wp-content/uploads/2015/07/logos.png HTTP/1.1" 301 360
201.245.238.3 - - [02/Sep/2015:00:34:45 -0500] "GET /wp-content/uploads/2015/07/cuadro-azulconverde.png HTTP/1.1" 301 374
201.245.238.3 - - [02/Sep/2015:00:34:45 -0500] "GET /wp-content/uploads/2015/07/imagencum.png HTTP/1.1" 301 364
201.245.238.3 - - [02/Sep/2015:00:34:45 -0500] "GET /wp-content/uploads/2015/07/logovamospa.png HTTP/1.1" 301 366
201.245.238.3 - - [02/Sep/2015:00:34:45 -0500] "GET /wp-content/uploads/2015/07/logocambio.png HTTP/1.1" 301 365
201.245.238.3 - - [02/Sep/2015:00:34:45 -0500] "GET /wp-content/uploads/2015/06/Untitled-1.png HTTP/1.1" 301 365
201.245.238.3 - - [02/Sep/2015:00:34:45 -0500] "GET /wp-content/uploads/2015/07/recuadro_1.jpg HTTP/1.1" 301 365
66.249.64.106 - - [02/Sep/2015:00:34:47 -0500] "GET /BLA/resoluciones/AUTOS%202013/0765.pdf HTTP/1.1" 200 1472531
151.80.31.138 - - [02/Sep/2015:00:34:52 -0500] "GET /BLA/resoluciones/AUTOS%202006/AUTOS%202006%201601%20-%201700/00001667.tif HTTP/1.1" 200 140794
74.86.158.107 - - [02/Sep/2015:00:34:54 -0500] "HEAD / HTTP/1.1" 200 -
61.135.190.102 - - [02/Sep/2015:00:35:05 -0500] "GET /BLA/boletinlegal/js/jquery.scrollShow.js HTTP/1.1" 200 4586
191.76.156.212 - - [02/Sep/2015:00:35:12 -0500] "GET /POT-2013/Cartografia/36_Est_Funcional_servicios_Est_Socioeconomica_Espacial%20Area%20.pdf HTTP/1.1" 200 2689602
66.249.64.101 - - [02/Sep/2015:00:35:31 -0500] "GET /BLA/resoluciones/RESOLUCIONES%202011/1079.pdf HTTP/1.1" 200 66955
66.249.64.253 - - [02/Sep/2015:00:35:32 -0500] "GET /Autoliquidacion/index.php?dir=Solicitudes+relacionadas+con+calidad+del+aire+auditiva+y+visual%2FEvaluaci%F3n+de+estudios+de+Emisiones+con+miras+a+verificar+el+cumplimiento+de+las+normas+de+emisiones%2F HTTP/1.1" 200 2914
66.249.64.24 - - [02/Sep/2015:00:35:36 -0500] "GET /robots.txt HTTP/1.1" 301 334
66.249.64.19 - - [02/Sep/2015:00:35:36 -0500] "GET / HTTP/1.1" 301 324
190.26.162.135 - - [02/Sep/2015:00:36:00 -0500] "GET /BLA/boletinlegal/js/jquery.scrollShow.js HTTP/1.1" 304 -
190.26.162.135 - - [02/Sep/2015:00:36:00 -0500] "GET /galeria/galeria/jquery.fancybox.js?v=2.1.5 HTTP/1.1" 304 -
190.26.162.135 - - [02/Sep/2015:00:36:00 -0500] "GET /galeria/galeria/jquery.fancybox.css?v=2.1.5 HTTP/1.1" 304 -
179.15.194.85 - - [02/Sep/2015:00:36:09 -0500] "GET /BLA/resoluciones/RESOLUCIONES%202007/RES%202007%20501%20AL%20600/RESOLUCION%200507%20DE%202007.pdf HTTP/1.1" 200 317943
151.80.31.138 - - [02/Sep/2015:00:36:12 -0500] "GET /BLA/resoluciones/AUTOS%202006/AUTOS%202006%20801-900/00000830.tif HTTP/1.1" 200 103610
66.249.64.101 - - [02/Sep/2015:00:36:18 -0500] "GET /BLA/resoluciones/AUTOS%202014/3291.pdf HTTP/1.1" 200 429732
84.205.244.132 - - [02/Sep/2015:00:36:22 -0500] "GET /galeria/galeria/jquery.fancybox.js?v=2.1.5 HTTP/1.0" 304 -
84.205.244.132 - - [02/Sep/2015:00:36:22 -0500] "GET /galeria/galeria/jquery.fancybox.css?v=2.1.5 HTTP/1.0" 304 -
84.205.244.132 - - [02/Sep/2015:00:36:23 -0500] "GET /BLA/boletinlegal/js/jquery.scrollShow.js HTTP/1.0" 304 -
66.249.64.106 - - [02/Sep/2015:00:36:59 -0500] "GET /BLA/resoluciones/RESOLUCIONES%202009/3842.pdf HTTP/1.1" 200 784236
186.28.91.121 - - [02/Sep/2015:00:37:09 -0500] "GET /BLA/resoluciones/AUTOS%202013/0785.pdf HTTP/1.1" 200 1562464
186.28.91.121 - - [02/Sep/2015:00:37:11 -0500] "GET /BLA/resoluciones/AUTOS%202013/0785.pdf HTTP/1.1" 206 55136
186.28.91.121 - - [02/Sep/2015:00:37:12 -0500] "GET /BLA/resoluciones/AUTOS%202013/0785.pdf HTTP/1.1" 206 65536
186.28.91.121 - - [02/Sep/2015:00:37:13 -0500] "GET /BLA/resoluciones/AUTOS%202013/0785.pdf HTTP/1.1" 206 65536
186.28.91.121 - - [02/Sep/2015:00:37:13 -0500] "GET /BLA/resoluciones/AUTOS%202013/0785.pdf HTTP/1.1" 206 65536
186.28.91.121 - - [02/Sep/2015:00:37:13 -0500] "GET /BLA/resoluciones/AUTOS%202013/0785.pdf HTTP/1.1" 206 65536
186.28.91.121 - - [02/Sep/2015:00:37:14 -0500] "GET /BLA/resoluciones/AUTOS%202013/0785.pdf HTTP/1.1" 206 65536
186.28.91.121 - - [02/Sep/2015:00:37:14 -0500] "GET /BLA/resoluciones/AUTOS%202013/0785.pdf HTTP/1.1" 206 65536
186.28.91.121 - - [02/Sep/2015:00:37:14 -0500] "GET /BLA/resoluciones/AUTOS%202013/0785.pdf HTTP/1.1" 206 65536
186.28.91.121 - - [02/Sep/2015:00:37:15 -0500] "GET /BLA/resoluciones/AUTOS%202013/0785.pdf HTTP/1.1" 206 65536
186.28.91.121 - - [02/Sep/2015:00:37:16 -0500] "GET /BLA/resoluciones/AUTOS%202013/0785.pdf HTTP/1.1" 206 65536
186.28.91.121 - - [02/Sep/2015:00:37:16 -0500] "GET /BLA/resoluciones/RESOLUCIONES%202014/0353.pdf HTTP/1.1" 200 1863863
186.28.91.121 - - [02/Sep/2015:00:37:16 -0500] "GET /BLA/resoluciones/AUTOS%202013/0785.pdf HTTP/1.1" 206 65536
190.234.106.239 - - [02/Sep/2015:00:37:17 -0500] "GET /galeria/galeria/jquery.fancybox.css?v=2.1.5 HTTP/1.1" 200 4895
190.234.106.239 - - [02/Sep/2015:00:37:17 -0500] "GET /BLA/boletinlegal/js/jquery.scrollShow.js HTTP/1.1" 200 4586
190.234.106.239 - - [02/Sep/2015:00:37:17 -0500] "GET /galeria/galeria/jquery.fancybox.js?v=2.1.5 HTTP/1.1" 200 48706
186.28.91.121 - - [02/Sep/2015:00:37:17 -0500] "GET /BLA/resoluciones/AUTOS%202013/0785.pdf HTTP/1.1" 206 65536
186.28.91.121 - - [02/Sep/2015:00:37:17 -0500] "GET /BLA/resoluciones/AUTOS%202013/0785.pdf HTTP/1.1" 206 65536
186.28.91.121 - - [02/Sep/2015:00:37:17 -0500] "GET /BLA/resoluciones/AUTOS%202013/0785.pdf HTTP/1.1" 206 65536
186.28.91.121 - - [02/Sep/2015:00:37:18 -0500] "GET /BLA/resoluciones/RESOLUCIONES%202014/0353.pdf HTTP/1.1" 206 65536
186.28.91.121 - - [02/Sep/2015:00:37:18 -0500] "GET /BLA/resoluciones/AUTOS%202013/0785.pdf HTTP/1.1" 206 65536
186.28.91.121 - - [02/Sep/2015:00:37:19 -0500] "GET /BLA/resoluciones/RESOLUCIONES%202014/0353.pdf HTTP/1.1" 206 28855
186.28.91.121 - - [02/Sep/2015:00:37:20 -0500] "GET /BLA/resoluciones/AUTOS%202013/0785.pdf HTTP/1.1" 206 65536
186.28.91.121 - - [02/Sep/2015:00:37:20 -0500] "GET /BLA/resoluciones/RESOLUCIONES%202014/0353.pdf HTTP/1.1" 206 65536
186.28.91.121 - - [02/Sep/2015:00:37:21 -0500] "GET /favicon.ico HTTP/1.1" 200 7782
186.28.91.121 - - [02/Sep/2015:00:37:22 -0500] "GET /BLA/resoluciones/RESOLUCIONES%202014/0353.pdf HTTP/1.1" 206 65536
186.28.91.121 - - [02/Sep/2015:00:37:22 -0500] "GET /BLA/resoluciones/RESOLUCIONES%202014/0353.pdf HTTP/1.1" 206 65536
186.28.91.121 - - [02/Sep/2015:00:37:22 -0500] "GET /BLA/resoluciones/RESOLUCIONES%202014/0353.pdf HTTP/1.1" 206 65536
186.28.91.121 - - [02/Sep/2015:00:37:22 -0500] "GET /BLA/resoluciones/RESOLUCIONES%202014/0353.pdf HTTP/1.1" 206 65536
186.28.91.121 - - [02/Sep/2015:00:37:22 -0500] "GET /BLA/resoluciones/RESOLUCIONES%202014/0353.pdf HTTP/1.1" 206 65536
186.28.91.121 - - [02/Sep/2015:00:37:23 -0500] "GET /BLA/resoluciones/RESOLUCIONES%202014/0353.pdf HTTP/1.1" 206 65536
186.28.91.121 - - [02/Sep/2015:00:37:23 -0500] "GET /BLA/resoluciones/RESOLUCIONES%202014/0353.pdf HTTP/1.1" 206 65536
186.28.91.121 - - [02/Sep/2015:00:37:24 -0500] "GET /BLA/resoluciones/RESOLUCIONES%202014/0353.pdf HTTP/1.1" 206 65536
186.28.91.121 - - [02/Sep/2015:00:37:24 -0500] "GET /BLA/resoluciones/RESOLUCIONES%202014/0353.pdf HTTP/1.1" 206 65536
186.28.91.121 - - [02/Sep/2015:00:37:25 -0500] "GET /BLA/resoluciones/RESOLUCIONES%202014/0353.pdf HTTP/1.1" 206 65536
186.28.91.121 - - [02/Sep/2015:00:37:25 -0500] "GET /BLA/resoluciones/RESOLUCIONES%202014/0353.pdf HTTP/1.1" 206 65536
186.28.91.121 - - [02/Sep/2015:00:37:26 -0500] "GET /BLA/resoluciones/RESOLUCIONES%202014/0353.pdf HTTP/1.1" 206 65536
190.234.106.239 - - [02/Sep/2015:00:37:26 -0500] "GET /BLA/boletinlegal/js/jquery.scrollShow.js HTTP/1.1" 304 -
190.234.106.239 - - [02/Sep/2015:00:37:26 -0500] "GET /galeria/galeria/jquery.fancybox.css?v=2.1.5 HTTP/1.1" 304 -
190.234.106.239 - - [02/Sep/2015:00:37:26 -0500] "GET /galeria/galeria/jquery.fancybox.js?v=2.1.5 HTTP/1.1" 304 -
186.28.91.121 - - [02/Sep/2015:00:37:26 -0500] "GET /BLA/resoluciones/RESOLUCIONES%202014/0353.pdf HTTP/1.1" 206 65536
186.28.91.121 - - [02/Sep/2015:00:37:27 -0500] "GET /BLA/resoluciones/RESOLUCIONES%202014/0353.pdf HTTP/1.1" 206 65536
186.28.91.121 - - [02/Sep/2015:00:37:27 -0500] "GET /BLA/resoluciones/RESOLUCIONES%202014/0353.pdf HTTP/1.1" 206 65536
186.28.91.121 - - [02/Sep/2015:00:37:29 -0500] "GET /BLA/resoluciones/RESOLUCIONES%202014/0353.pdf HTTP/1.1" 206 65536
186.28.91.121 - - [02/Sep/2015:00:37:29 -0500] "GET /BLA/resoluciones/RESOLUCIONES%202014/0353.pdf HTTP/1.1" 206 65536
186.28.91.121 - - [02/Sep/2015:00:37:31 -0500] "GET /BLA/resoluciones/RESOLUCIONES%202014/0353.pdf HTTP/1.1" 206 65536
186.28.91.121 - - [02/Sep/2015:00:37:31 -0500] "GET /BLA/resoluciones/RESOLUCIONES%202014/0353.pdf HTTP/1.1" 206 65536
186.28.91.121 - - [02/Sep/2015:00:37:32 -0500] "GET /BLA/resoluciones/RESOLUCIONES%202014/0353.pdf HTTP/1.1" 206 65536
186.28.91.121 - - [02/Sep/2015:00:37:33 -0500] "GET /BLA/resoluciones/RESOLUCIONES%202014/0353.pdf HTTP/1.1" 206 65536
186.28.91.121 - - [02/Sep/2015:00:37:34 -0500] "GET /BLA/resoluciones/RESOLUCIONES%202014/0353.pdf HTTP/1.1" 206 65536
190.71.235.242 - - [02/Sep/2015:00:38:03 -0500] "GET /galeria/galeria/jquery.fancybox.css?v=2.1.5 HTTP/1.1" 200 4895
190.71.235.242 - - [02/Sep/2015:00:38:03 -0500] "GET /BLA/boletinlegal/js/jquery.scrollShow.js HTTP/1.1" 200 4586
190.71.235.242 - - [02/Sep/2015:00:38:03 -0500] "GET /galeria/galeria/jquery.fancybox.js?v=2.1.5 HTTP/1.1" 200 48706
190.71.235.242 - - [02/Sep/2015:00:38:05 -0500] "GET /BLA/boletinlegal/js/jquery.scrollShow.js HTTP/1.1" 304 -
190.71.235.242 - - [02/Sep/2015:00:38:05 -0500] "GET /galeria/galeria/jquery.fancybox.js?v=2.1.5 HTTP/1.1" 304 -
190.71.235.242 - - [02/Sep/2015:00:38:05 -0500] "GET /galeria/galeria/jquery.fancybox.css?v=2.1.5 HTTP/1.1" 304 -
66.249.64.248 - - [02/Sep/2015:00:38:05 -0500] "GET / HTTP/1.1" 200 10190
66.249.64.106 - - [02/Sep/2015:00:38:30 -0500] "GET /BLA/resoluciones/RESOLUCIONES%202014/3394.pdf HTTP/1.1" 200 209246
66.249.64.106 - - [02/Sep/2015:00:38:42 -0500] "GET /BLA/resoluciones/RESOLUCIONES%202007/RES%202007%201601%20AL%201725/RESOLUCION%201616%20DE%202007.pdf HTTP/1.1" 200 606710
66.249.64.106 - - [02/Sep/2015:00:38:43 -0500] "GET /BLA/resoluciones/AUTOS%202011/3368.pdf HTTP/1.1" 200 373236
66.249.64.96 - - [02/Sep/2015:00:39:10 -0500] "GET /BLA/resoluciones/AUTOS%202014/6261.pdf HTTP/1.1" 304 -
66.249.64.96 - - [02/Sep/2015:00:39:39 -0500] "GET /galeria/galeria/fotos/loro3P.jpg HTTP/1.1" 304 -
74.86.158.107 - - [02/Sep/2015:00:39:54 -0500] "HEAD / HTTP/1.1" 200 -
151.80.31.138 - - [02/Sep/2015:00:40:34 -0500] "GET /BLA/resoluciones/RESOLUCIONES%202006/RES%202006%201451-1500/00001456.tif HTTP/1.1" 200 178232
66.249.64.106 - - [02/Sep/2015:00:41:05 -0500] "GET /BLA/resoluciones/RESOLUCIONES%202009/5713.pdf HTTP/1.1" 200 472290
84.205.244.132 - - [02/Sep/2015:00:41:32 -0500] "GET /galeria/carrusel/Carrusel/jquery.thumbnailScroller.js HTTP/1.0" 200 8157
84.205.244.132 - - [02/Sep/2015:00:41:37 -0500] "GET /galeria/nivo-slider/demo/demo.html HTTP/1.0" 200 5212
84.205.244.132 - - [02/Sep/2015:00:41:38 -0500] "GET /galeria/carrusel/Carrusel/jquery-ui-1.8.13.custom.min.js HTTP/1.0" 200 10800
84.205.244.132 - - [02/Sep/2015:00:41:41 -0500] "GET /galeria/nivo-slider/themes/default/default.css HTTP/1.0" 200 1569
66.249.64.96 - - [02/Sep/2015:00:41:41 -0500] "GET /BLA/resoluciones/AUTOS%202013/0219.pdf HTTP/1.1" 304 -
84.205.244.132 - - [02/Sep/2015:00:41:44 -0500] "GET /galeria/carrusel/Carrusel/jquery.thumbnailScroller.css HTTP/1.0" 200 2066
66.249.64.96 - - [02/Sep/2015:00:41:46 -0500] "GET /BLA/resoluciones/RESOLUCIONES%202007/RES%202007%203701%20AL%203800/RESOLUCION%203746%20%20DE%202007.pdf HTTP/1.1" 200 245252
84.205.244.132 - - [02/Sep/2015:00:41:47 -0500] "GET /galeria/nivo-slider/themes/orman/orman.css HTTP/1.0" 200 2152
84.205.244.132 - - [02/Sep/2015:00:41:47 -0500] "GET /galeria/nivo-slider/nivo-slider.css HTTP/1.0" 200 1507
84.205.244.132 - - [02/Sep/2015:00:41:51 -0500] "GET /galeria/nivo-slider/demo/style.css HTTP/1.0" 200 2222
84.205.244.132 - - [02/Sep/2015:00:41:52 -0500] "GET /galeria/nivo-slider/demo/scripts/jquery-1.7.1.min.js HTTP/1.0" 200 93868
84.205.244.132 - - [02/Sep/2015:00:41:53 -0500] "GET /galeria/nivo-slider/themes/pascal/pascal.css HTTP/1.0" 200 2258
66.249.64.101 - - [02/Sep/2015:00:41:59 -0500] "GET /BLA/resoluciones/RESOLUCIONES%202009/2581.pdf HTTP/1.1" 200 495754
66.249.64.101 - - [02/Sep/2015:00:42:18 -0500] "GET /BLA/resoluciones/RESOLUCIONES%202014/3163.pdf HTTP/1.1" 304 -
66.249.64.101 - - [02/Sep/2015:00:42:34 -0500] "GET /BLA/resoluciones/RESOLUCIONES%202009/6119.pdf HTTP/1.1" 200 316720
66.249.64.101 - - [02/Sep/2015:00:42:50 -0500] "GET /BLA/resoluciones/AUTOS%202009/0730.pdf HTTP/1.1" 304 -
186.28.220.206 - - [02/Sep/2015:00:42:59 -0500] "GET /galeria/galeria/jquery.fancybox.css?v=2.1.5 HTTP/1.1" 200 4895
186.28.220.206 - - [02/Sep/2015:00:42:59 -0500] "GET /BLA/boletinlegal/js/jquery.scrollShow.js HTTP/1.1" 200 4586
186.28.220.206 - - [02/Sep/2015:00:42:59 -0500] "GET /galeria/galeria/jquery.fancybox.js?v=2.1.5 HTTP/1.1" 200 48706
151.80.31.138 - - [02/Sep/2015:00:43:38 -0500] "GET /BLA/resoluciones/RESOLUCIONES%202002/RES%202002%201151-1200/20021196.tif HTTP/1.1" 200 96892
66.249.64.106 - - [02/Sep/2015:00:44:03 -0500] "GET /BLA/resoluciones/AUTOS%202013/0944.pdf HTTP/1.1" 304 -
180.76.15.19 - - [02/Sep/2015:00:44:09 -0500] "GET /galeria/nivo-slider/demo/?C=M;O=A HTTP/1.1" 200 2279
151.80.31.138 - - [02/Sep/2015:00:44:17 -0500] "GET /BLA/resoluciones/RESOLUCIONES%202002/RES%202002%201501-1550/20021539.tif HTTP/1.1" 200 174792
151.80.31.138 - - [02/Sep/2015:00:44:19 -0500] "GET /BLA/resoluciones/RESOLUCIONES%202005/RES%202005%20401-450/00000407.tif HTTP/1.1" 200 448738
190.25.71.233 - - [02/Sep/2015:00:44:30 -0500] "GET /BLA/resoluciones/RESOLUCIONES%202012/1356.pdf HTTP/1.1" 200 282950
190.25.71.233 - - [02/Sep/2015:00:44:30 -0500] "GET /favicon.ico HTTP/1.1" 200 7782
151.80.31.138 - - [02/Sep/2015:00:44:28 -0500] "GET /BLA/resoluciones/index.php?dir=AUTOS%202011/&sort=date&order=desc HTTP/1.1" 200 555426
201.245.238.3 - - [02/Sep/2015:00:44:40 -0500] "GET /carta-de-bogota-america-en-defensa-del-agua-la-tierra-y-la-vida/ HTTP/1.1" 301 388
151.80.31.138 - - [02/Sep/2015:00:44:45 -0500] "GET /BLA/resoluciones/RESOLUCIONES%202004/RES%202004%201951-2000/00001971.tif HTTP/1.1" 200 169236
66.249.64.101 - - [02/Sep/2015:00:44:51 -0500] "GET /BLA/resoluciones/RESOLUCIONES%202007/RES%202007%204001%20AL%204100/RESOLUCION%204058%20DE%202007.pdf HTTP/1.1" 200 249580
66.249.64.106 - - [02/Sep/2015:00:44:52 -0500] "GET /BLA/resoluciones/AUTOS%202013/1591.pdf HTTP/1.1" 200 397980
74.86.158.107 - - [02/Sep/2015:00:44:54 -0500] "HEAD / HTTP/1.1" 200 -
191.76.156.212 - - [02/Sep/2015:00:44:59 -0500] "GET /POT-2013/Cartografia/36_Est_Funcional_servicios_Est_Socioeconomica_Espacial%20Area%20.pdf HTTP/1.1" 200 2689602
190.26.153.73 - - [02/Sep/2015:00:45:10 -0500] "GET /BLA/resoluciones/RESOLUCIONES%202010/7440.pdf HTTP/1.1" 200 442812
190.26.153.73 - - [02/Sep/2015:00:45:11 -0500] "GET /favicon.ico HTTP/1.1" 200 7782
66.249.64.106 - - [02/Sep/2015:00:45:19 -0500] "GET /BLA/resoluciones/RESOLUCIONES%202008/1581.pdf HTTP/1.1" 304 -
181.52.198.39 - - [02/Sep/2015:00:45:25 -0500] "GET /BLA/boletinlegal/js/jquery.scrollShow.js HTTP/1.1" 200 4586
181.52.198.39 - - [02/Sep/2015:00:45:25 -0500] "GET /galeria/galeria/jquery.fancybox.js?v=2.1.5 HTTP/1.1" 200 48706
181.52.198.39 - - [02/Sep/2015:00:45:25 -0500] "GET /galeria/galeria/jquery.fancybox.css?v=2.1.5 HTTP/1.1" 200 4895
66.249.64.64 - - [02/Sep/2015:00:45:31 -0500] "GET /robots.txt HTTP/1.1" 302 312
66.249.64.74 - - [02/Sep/2015:00:45:31 -0500] "GET / HTTP/1.1" 302 302
181.52.198.39 - - [02/Sep/2015:00:45:34 -0500] "GET /galeria/galeria/jquery.fancybox.css?v=2.1.5 HTTP/1.1" 304 -
181.52.198.39 - - [02/Sep/2015:00:45:34 -0500] "GET /BLA/boletinlegal/js/jquery.scrollShow.js HTTP/1.1" 304 -
181.52.198.39 - - [02/Sep/2015:00:45:34 -0500] "GET /galeria/galeria/jquery.fancybox.js?v=2.1.5 HTTP/1.1" 304 -
190.156.113.216 - - [02/Sep/2015:00:46:22 -0500] "GET /BLA/boletinlegal/js/jquery.scrollShow.js HTTP/1.1" 200 4586
190.156.113.216 - - [02/Sep/2015:00:46:22 -0500] "GET /galeria/galeria/jquery.fancybox.css?v=2.1.5 HTTP/1.1" 200 4895
190.156.113.216 - - [02/Sep/2015:00:46:22 -0500] "GET /galeria/galeria/jquery.fancybox.js?v=2.1.5 HTTP/1.1" 200 48706
151.80.31.138 - - [02/Sep/2015:00:46:23 -0500] "GET /BLA/resoluciones/index.php?dir=AUTOS+2006%2FAUTOS+2006+2601+-+2700%2F HTTP/1.1" 200 22189
190.156.113.216 - - [02/Sep/2015:00:46:33 -0500] "GET /galeria/galeria/jquery.fancybox.css?v=2.1.5 HTTP/1.1" 304 -
190.156.113.216 - - [02/Sep/2015:00:46:33 -0500] "GET /BLA/boletinlegal/js/jquery.scrollShow.js HTTP/1.1" 304 -
190.156.113.216 - - [02/Sep/2015:00:46:33 -0500] "GET /galeria/galeria/jquery.fancybox.js?v=2.1.5 HTTP/1.1" 304 -
66.249.64.96 - - [02/Sep/2015:00:46:51 -0500] "GET /BLA/resoluciones/RESOLUCIONES%202008/5248.pdf HTTP/1.1" 200 329090
66.249.64.106 - - [02/Sep/2015:00:47:00 -0500] "GET /portalsiaccapacitaciones/Soportes%20Capacitaciones%20A%C3%B1o%202014/0124.%20Criterios%20Sostenibilidad%20para%2010%20ByS%20Adicionales%2010,%2012%20y%2015-12-14.pdf HTTP/1.1" 404 1018
186.29.204.244 - - [02/Sep/2015:00:47:15 -0500] "GET /galeria/galeria/jquery.fancybox.css?v=2.1.5 HTTP/1.1" 200 4895
186.29.204.244 - - [02/Sep/2015:00:47:15 -0500] "GET /BLA/boletinlegal/js/jquery.scrollShow.js HTTP/1.1" 200 4586
186.29.204.244 - - [02/Sep/2015:00:47:15 -0500] "GET /galeria/galeria/jquery.fancybox.js?v=2.1.5 HTTP/1.1" 200 48706
157.55.39.242 - - [02/Sep/2015:00:47:33 -0500] "GET /galeria/nivo-slider/demo/demo.html HTTP/1.1" 200 5212
151.80.31.138 - - [02/Sep/2015:00:48:01 -0500] "GET /BLA/resoluciones/RESOLUCIONES%202006/RES%202006%201651-1700/00001681.tif HTTP/1.1" 200 565800
66.249.64.101 - - [02/Sep/2015:00:48:01 -0500] "GET /BLA/resoluciones/RESOLUCIONES%202011/0810.pdf HTTP/1.1" 304 -
66.249.64.106 - - [02/Sep/2015:00:48:05 -0500] "GET /BLA/resoluciones/Notificaciones/AUTOS%202014/5755.doc HTTP/1.1" 200 202240
93.188.164.210 - - [02/Sep/2015:00:48:23 -0500] "GET / HTTP/1.1" 200 10190
66.249.64.96 - - [02/Sep/2015:00:48:28 -0500] "GET /BLA/resoluciones/AUTOS%202012/0511.pdf HTTP/1.1" 200 215341
151.80.31.138 - - [02/Sep/2015:00:48:53 -0500] "GET /BLA/resoluciones/RESOLUCIONES%202003/RES%202003%201001-1050/1002.tif HTTP/1.1" 200 131820
151.80.31.138 - - [02/Sep/2015:00:49:43 -0500] "GET /BLA/resoluciones/RESOLUCIONES%202002/RES%202002%201551-1600/20021577.tif HTTP/1.1" 200 91130
190.157.174.5 - - [02/Sep/2015:00:49:49 -0500] "GET /galeria/galeria/jquery.fancybox.css?v=2.1.5 HTTP/1.1" 200 4895
190.157.174.5 - - [02/Sep/2015:00:49:49 -0500] "GET /BLA/boletinlegal/js/jquery.scrollShow.js HTTP/1.1" 200 4586
190.157.174.5 - - [02/Sep/2015:00:49:49 -0500] "GET /galeria/galeria/jquery.fancybox.js?v=2.1.5 HTTP/1.1" 200 48706
68.180.230.190 - - [02/Sep/2015:00:49:51 -0500] "GET /BLA/boletinlegal/jurisprudencia.php HTTP/1.1" 200 12511
74.86.158.107 - - [02/Sep/2015:00:49:54 -0500] "HEAD / HTTP/1.1" 200 -
66.249.64.96 - - [02/Sep/2015:00:50:02 -0500] "GET /BLA/resoluciones/RESOLUCIONES%202004/RES%202004%201001-1050/00001045.tif HTTP/1.1" 200 171538
66.249.64.106 - - [02/Sep/2015:00:50:09 -0500] "GET /BLA/resoluciones/AUTOS%202014/6921.pdf HTTP/1.1" 200 160788
190.157.174.5 - - [02/Sep/2015:00:50:16 -0500] "GET /galeria/galeria/jquery.fancybox.css?v=2.1.5 HTTP/1.1" 304 -
190.157.174.5 - - [02/Sep/2015:00:50:16 -0500] "GET /galeria/galeria/jquery.fancybox.js?v=2.1.5 HTTP/1.1" 304 -
190.157.174.5 - - [02/Sep/2015:00:50:16 -0500] "GET /BLA/boletinlegal/js/jquery.scrollShow.js HTTP/1.1" 304 -
151.80.31.138 - - [02/Sep/2015:00:50:18 -0500] "GET /BLA/resoluciones/index.php?dir=RESOLUCIONES+2002%2FRES+2002+351-400%2F HTTP/1.1" 200 12209
190.234.106.239 - - [02/Sep/2015:00:50:07 -0500] "GET /videos/CRRFFS.mp4 HTTP/1.1" 200 286784363
66.249.64.106 - - [02/Sep/2015:00:50:34 -0500] "GET /BLA/resoluciones/RESOLUCIONES%202009/0318.pdf HTTP/1.1" 200 272129
151.80.31.138 - - [02/Sep/2015:00:50:35 -0500] "GET /BLA/resoluciones/RESOLUCIONES%202002/RES%202002%20151-200/2002RES170.tif HTTP/1.1" 200 53384
66.249.64.106 - - [02/Sep/2015:00:51:01 -0500] "GET /BLA/resoluciones/RESOLUCIONES%202007/RES%202007%202001%20AL%202100/RESOLUCION%202080%20DE%202007.pdf HTTP/1.1" 304 -
66.249.64.96 - - [02/Sep/2015:00:51:04 -0500] "GET /BLA/resoluciones/AUTOS%202012/0095.pdf HTTP/1.1" 200 169405
66.249.64.101 - - [02/Sep/2015:00:51:19 -0500] "GET /galeria/galeria/fotos/mico1P.jpg HTTP/1.1" 304 -
66.249.64.96 - - [02/Sep/2015:00:51:26 -0500] "GET /BLA/resoluciones/RESOLUCIONES%202010/0262.pdf HTTP/1.1" 200 702653
181.55.136.25 - - [02/Sep/2015:00:51:37 -0500] "GET /BLA/boletinlegal/jurisprudencia/analisis/CUADRO%20SENTENCIA%20T-299%20DE%202008.doc HTTP/1.1" 200 40960
66.249.64.101 - - [02/Sep/2015:00:51:48 -0500] "GET /BLA/resoluciones/RESOLUCIONES%202009/7283.pdf HTTP/1.1" 304 -
66.249.64.96 - - [02/Sep/2015:00:51:49 -0500] "GET /BLA/resoluciones/RESOLUCIONES%202009/8359.pdf HTTP/1.1" 304 -
66.249.64.101 - - [02/Sep/2015:00:52:17 -0500] "GET /BLA/resoluciones/RESOLUCIONES%202009/6483.pdf HTTP/1.1" 200 109114
66.249.64.101 - - [02/Sep/2015:00:52:44 -0500] "GET /BLA/resoluciones/AUTOS%202014/1928.pdf HTTP/1.1" 304 -
66.249.64.96 - - [02/Sep/2015:00:53:03 -0500] "GET /BLA/resoluciones/RESOLUCIONES%202009/0948.pdf HTTP/1.1" 200 551756
157.55.39.53 - - [02/Sep/2015:00:53:11 -0500] "GET /galeria/galeria/fotos/Humedal-Santa-Mar%C3%ADa-del-Lago2G.jpg HTTP/1.1" 200 313606
190.66.191.39 - - [02/Sep/2015:00:53:22 -0500] "GET /galeria/galeria/jquery.fancybox.css?v=2.1.5 HTTP/1.1" 200 4895
190.66.191.39 - - [02/Sep/2015:00:53:22 -0500] "GET /BLA/boletinlegal/js/jquery.scrollShow.js HTTP/1.1" 200 4586
190.66.191.39 - - [02/Sep/2015:00:53:22 -0500] "GET /galeria/galeria/jquery.fancybox.js?v=2.1.5 HTTP/1.1" 200 48706
157.55.39.53 - - [02/Sep/2015:00:53:40 -0500] "GET /galeria/galeria/fotos/Huemdal-el-Tunjo1G.jpg HTTP/1.1" 200 393262
190.66.191.39 - - [02/Sep/2015:00:53:56 -0500] "GET /galeria/galeria/jquery.fancybox.css?v=2.1.5 HTTP/1.1" 304 -
190.66.191.39 - - [02/Sep/2015:00:53:56 -0500] "GET /BLA/boletinlegal/js/jquery.scrollShow.js HTTP/1.1" 304 -
190.66.191.39 - - [02/Sep/2015:00:53:56 -0500] "GET /galeria/galeria/jquery.fancybox.js?v=2.1.5 HTTP/1.1" 304 -
66.249.64.96 - - [02/Sep/2015:00:54:01 -0500] "GET /BLA/resoluciones/RESOLUCIONES%202008/4613.pdf HTTP/1.1" 200 249513
66.249.64.96 - - [02/Sep/2015:00:54:02 -0500] "GET /BLA/resoluciones/RESOLUCIONES%202011/0296.pdf HTTP/1.1" 200 550790
186.118.225.226 - - [02/Sep/2015:00:54:03 -0500] "GET /galeria/galeria/jquery.fancybox.css?v=2.1.5 HTTP/1.1" 200 4895
66.249.64.106 - - [02/Sep/2015:00:54:25 -0500] "GET /BLA/resoluciones/RESOLUCIONES%202013/0524.pdf HTTP/1.1" 304 -
151.80.31.138 - - [02/Sep/2015:00:54:30 -0500] "GET /BLA/resoluciones/RESOLUCIONES%202006/RES%202006%202351-2400/00002353.tif HTTP/1.1" 200 170294
186.118.225.226 - - [02/Sep/2015:00:54:32 -0500] "GET /galeria/galeria/jquery.fancybox.css?v=2.1.5 HTTP/1.1" 304 -
186.118.225.226 - - [02/Sep/2015:00:54:32 -0500] "GET /BLA/boletinlegal/js/jquery.scrollShow.js HTTP/1.1" 304 -
186.118.225.226 - - [02/Sep/2015:00:54:32 -0500] "GET /galeria/galeria/jquery.fancybox.js?v=2.1.5 HTTP/1.1" 304 -
151.80.31.138 - - [02/Sep/2015:00:54:32 -0500] "GET /BLA/resoluciones/RESOLUCIONES%202004/RES%202004%20351-400/00000385.tif HTTP/1.1" 200 436372
66.249.64.106 - - [02/Sep/2015:00:54:43 -0500] "GET /BLA/resoluciones/AUTOS%202011/5767.pdf HTTP/1.1" 200 324686
151.80.31.138 - - [02/Sep/2015:00:54:48 -0500] "GET /BLA/resoluciones/RESOLUCIONES%202006/RES%202006%202501-2550/00002545.tif HTTP/1.1" 200 229224
74.86.158.107 - - [02/Sep/2015:00:54:54 -0500] "HEAD / HTTP/1.1" 200 -
200.118.21.221 - - [02/Sep/2015:00:55:27 -0500] "GET /galeria/galeria/jquery.fancybox.css?v=2.1.5 HTTP/1.1" 200 4895
200.118.21.221 - - [02/Sep/2015:00:55:27 -0500] "GET /BLA/boletinlegal/js/jquery.scrollShow.js HTTP/1.1" 200 4586
200.118.21.221 - - [02/Sep/2015:00:55:27 -0500] "GET /galeria/galeria/jquery.fancybox.js?v=2.1.5 HTTP/1.1" 200 48706
66.249.64.106 - - [02/Sep/2015:00:55:51 -0500] "GET /planesacc/pdf/ecosis/educac.pdf HTTP/1.1" 404 1018
66.249.64.101 - - [02/Sep/2015:00:56:14 -0500] "GET /BLA/resoluciones/RESOLUCIONES%202009/4374.pdf HTTP/1.1" 200 1126149
181.58.78.216 - - [02/Sep/2015:00:56:47 -0500] "GET /galeria/galeria/jquery.fancybox.css?v=2.1.5 HTTP/1.1" 200 4895
181.58.78.216 - - [02/Sep/2015:00:56:47 -0500] "GET /galeria/galeria/jquery.fancybox.js?v=2.1.5 HTTP/1.1" 200 48706
181.58.78.216 - - [02/Sep/2015:00:56:47 -0500] "GET /BLA/boletinlegal/js/jquery.scrollShow.js HTTP/1.1" 200 4586
66.249.64.96 - - [02/Sep/2015:00:57:01 -0500] "GET /BLA/resoluciones/RESOLUCIONES%202009/4230.pdf HTTP/1.1" 304 -
66.249.64.96 - - [02/Sep/2015:00:57:05 -0500] "GET /BLA/resoluciones/AUTOS%202012/1634.pdf HTTP/1.1" 200 316450
181.58.78.216 - - [02/Sep/2015:00:57:12 -0500] "GET /BLA/boletinlegal/js/jquery.scrollShow.js HTTP/1.1" 304 -
181.58.78.216 - - [02/Sep/2015:00:57:07 -0500] "GET /videos/CRRFFS.mp4 HTTP/1.1" 200 286784363
181.58.78.216 - - [02/Sep/2015:00:57:13 -0500] "GET /galeria/galeria/jquery.fancybox.css?v=2.1.5 HTTP/1.1" 304 -
181.58.78.216 - - [02/Sep/2015:00:57:13 -0500] "GET /galeria/galeria/jquery.fancybox.js?v=2.1.5 HTTP/1.1" 304 -
181.58.78.216 - - [02/Sep/2015:00:57:16 -0500] "GET /galeria/galeria/jquery.fancybox.js?v=2.1.5 HTTP/1.1" 304 -
181.58.78.216 - - [02/Sep/2015:00:57:17 -0500] "GET /videos/CRRFFS.mp4 HTTP/1.1" 206 1
66.249.64.101 - - [02/Sep/2015:00:57:34 -0500] "GET /BLA/resoluciones/RESOLUCIONES%202007/RES%202007%20401%20AL%20500/RESOLUCION%200410%20DE%202007.pdf HTTP/1.1" 200 698344
66.249.64.96 - - [02/Sep/2015:00:58:07 -0500] "GET /BLA/resoluciones/AUTOS%202012/1781.pdf HTTP/1.1" 304 -
66.249.64.106 - - [02/Sep/2015:00:59:22 -0500] "GET /BLA/resoluciones/RESOLUCIONES%202007/RES%202007%203401%20AL%203500/RESOLUCION%203478%20DE%202007.pdf HTTP/1.1" 200 166968
200.118.21.221 - - [02/Sep/2015:00:59:28 -0500] "GET /BLA/boletinlegal/js/jquery.scrollShow.js HTTP/1.1" 304 -
200.118.21.221 - - [02/Sep/2015:00:59:28 -0500] "GET /galeria/galeria/jquery.fancybox.css?v=2.1.5 HTTP/1.1" 304 -
200.118.21.221 - - [02/Sep/2015:00:59:28 -0500] "GET /galeria/galeria/jquery.fancybox.js?v=2.1.5 HTTP/1.1" 304 -
66.249.64.96 - - [02/Sep/2015:00:59:34 -0500] "GET /BLA/resoluciones/RESOLUCIONES%202009/9279.pdf HTTP/1.1" 200 588613
66.249.64.106 - - [02/Sep/2015:00:59:39 -0500] "GET /BLA/resoluciones/RESOLUCIONES%202008/3445.pdf HTTP/1.1" 200 253408
74.86.158.107 - - [02/Sep/2015:00:59:54 -0500] "HEAD / HTTP/1.1" 200 -
66.249.64.101 - - [02/Sep/2015:01:00:01 -0500] "GET /BLA/resoluciones/RESOLUCIONES%202007/RES%202007%20301%20AL%20400/RESOLUCION%200317%20DE%202007.pdf HTTP/1.1" 200 435531
66.249.64.96 - - [02/Sep/2015:01:00:02 -0500] "GET /BLA/resoluciones/RESOLUCIONES%202014/0386.pdf HTTP/1.1" 200 508568
190.157.48.219 - - [02/Sep/2015:01:00:30 -0500] "GET / HTTP/1.1" 301 324
190.157.48.219 - - [02/Sep/2015:01:00:34 -0500] "GET /wp-content/uploads/2015/08/banner2.png HTTP/1.1" 301 362
190.157.48.219 - - [02/Sep/2015:01:00:36 -0500] "GET /wp-content/uploads/2015/08/fotos1b.png HTTP/1.1" 301 362
190.157.48.219 - - [02/Sep/2015:01:00:36 -0500] "GET /wp-content/uploads/2015/08/fotos2b.png HTTP/1.1" 301 362
190.157.48.219 - - [02/Sep/2015:01:00:36 -0500] "GET /wp-content/uploads/2015/08/fotos3b.png HTTP/1.1" 301 362
190.157.48.219 - - [02/Sep/2015:01:00:36 -0500] "GET /wp-content/uploads/2015/07/recuadros-2.png HTTP/1.1" 301 366
190.157.48.219 - - [02/Sep/2015:01:00:36 -0500] "GET /wp-content/uploads/2015/08/danos.png HTTP/1.1" 301 360
190.157.48.219 - - [02/Sep/2015:01:00:36 -0500] "GET /wp-content/uploads/2015/07/UNO.png HTTP/1.1" 301 358
190.157.48.219 - - [02/Sep/2015:01:00:36 -0500] "GET /wp-content/uploads/2015/06/Untitled-1.png HTTP/1.1" 301 365
190.157.48.219 - - [02/Sep/2015:01:00:37 -0500] "GET /wp-content/uploads/2015/07/logos.png HTTP/1.1" 301 360
190.157.48.219 - - [02/Sep/2015:01:00:37 -0500] "GET /wp-content/uploads/2015/07/franja.jpg HTTP/1.1" 301 361
190.157.48.219 - - [02/Sep/2015:01:00:37 -0500] "GET /wp-content/uploads/2015/07/logovamospa.png HTTP/1.1" 301 366
190.157.48.219 - - [02/Sep/2015:01:00:39 -0500] "GET /wp-content/uploads/2015/07/cuadro-azulconverde.png HTTP/1.1" 301 374
190.157.48.219 - - [02/Sep/2015:01:00:39 -0500] "GET /wp-content/uploads/2015/07/imagencum.png HTTP/1.1" 301 364
190.157.48.219 - - [02/Sep/2015:01:00:39 -0500] "GET /wp-content/uploads/2015/07/logocambio.png HTTP/1.1" 301 365
190.157.48.219 - - [02/Sep/2015:01:00:39 -0500] "GET /wp-content/uploads/2015/07/TERCER.png HTTP/1.1" 301 361
190.157.48.219 - - [02/Sep/2015:01:00:39 -0500] "GET /wp-content/uploads/2015/07/recuadro_1.jpg HTTP/1.1" 301 365
190.157.48.219 - - [02/Sep/2015:01:00:40 -0500] "GET /wp-content/uploads/2015/07/DOS.png HTTP/1.1" 301 358
190.157.48.219 - - [02/Sep/2015:01:00:40 -0500] "GET /wp-content/uploads/2015/07/CUARTO.png HTTP/1.1" 301 361
181.58.78.216 - - [02/Sep/2015:00:57:18 -0500] "GET /videos/CRRFFS.mp4 HTTP/1.1" 206 286049251
66.249.64.96 - - [02/Sep/2015:01:00:48 -0500] "GET /BLA/resoluciones/RESOLUCIONES%202008/3127.pdf HTTP/1.1" 200 234404
66.249.64.243 - - [02/Sep/2015:01:01:41 -0500] "GET /ecodirectorio/files/res/pages/page_0054.swf HTTP/1.1" 200 243964
66.249.64.106 - - [02/Sep/2015:01:03:01 -0500] "GET /BLA/resoluciones/AUTOS%202011/3265.pdf HTTP/1.1" 200 189215
66.249.64.101 - - [02/Sep/2015:01:03:02 -0500] "GET /BLA/resoluciones/RESOLUCIONES%202007/RES%202007%20601%20AL%20700/RESOLUCION%200641%20DE%202007.pdf HTTP/1.1" 200 437655
66.249.64.96 - - [02/Sep/2015:01:03:03 -0500] "GET /galeria/galeria/fotos/boa10P.jpg HTTP/1.1" 304 -
66.249.64.101 - - [02/Sep/2015:01:03:34 -0500] "GET /BLA/resoluciones/AUTOS%202012/1690.pdf HTTP/1.1" 304 -
190.252.104.127 - - [02/Sep/2015:01:03:52 -0500] "GET /galeria/galeria/jquery.fancybox.css?v=2.1.5 HTTP/1.1" 200 4895
190.252.104.127 - - [02/Sep/2015:01:03:52 -0500] "GET /BLA/boletinlegal/js/jquery.scrollShow.js HTTP/1.1" 200 4586
190.252.104.127 - - [02/Sep/2015:01:03:52 -0500] "GET /galeria/galeria/jquery.fancybox.js?v=2.1.5 HTTP/1.1" 200 48706
66.249.64.29 - - [02/Sep/2015:01:03:56 -0500] "GET /wp-login.php HTTP/1.1" 301 336
190.252.104.127 - - [02/Sep/2015:01:04:01 -0500] "GET /galeria/galeria/jquery.fancybox.css?v=2.1.5 HTTP/1.1" 304 -
190.252.104.127 - - [02/Sep/2015:01:04:01 -0500] "GET /BLA/boletinlegal/js/jquery.scrollShow.js HTTP/1.1" 304 -
190.252.104.127 - - [02/Sep/2015:01:04:01 -0500] "GET /galeria/galeria/jquery.fancybox.js?v=2.1.5 HTTP/1.1" 304 -
200.118.43.156 - - [02/Sep/2015:01:04:11 -0500] "GET /BLA/boletinlegal/js/jquery.scrollShow.js HTTP/1.1" 200 4586
200.118.43.156 - - [02/Sep/2015:01:04:11 -0500] "GET /galeria/galeria/jquery.fancybox.js?v=2.1.5 HTTP/1.1" 200 48706
200.118.43.156 - - [02/Sep/2015:01:04:12 -0500] "GET /galeria/galeria/jquery.fancybox.css?v=2.1.5 HTTP/1.1" 200 4895
66.249.64.106 - - [02/Sep/2015:01:04:19 -0500] "GET /BLA/resoluciones/RESOLUCIONES%202008/2183.pdf HTTP/1.1" 200 356929
66.249.64.106 - - [02/Sep/2015:01:04:29 -0500] "GET /BLA/resoluciones/RESOLUCIONES%202008/5223.pdf HTTP/1.1" 200 332035
190.252.104.127 - - [02/Sep/2015:01:04:35 -0500] "GET /galeria/galeria/jquery.fancybox.css?v=2.1.5 HTTP/1.1" 304 -
190.252.104.127 - - [02/Sep/2015:01:04:35 -0500] "GET /BLA/boletinlegal/js/jquery.scrollShow.js HTTP/1.1" 304 -
190.252.104.127 - - [02/Sep/2015:01:04:35 -0500] "GET /galeria/galeria/jquery.fancybox.js?v=2.1.5 HTTP/1.1" 304 -
151.80.31.138 - - [02/Sep/2015:01:04:41 -0500] "GET /BLA/resoluciones/RESOLUCIONES%202003/RES%202003%20101-150/2003RES141.tif HTTP/1.1" 200 154108
74.86.158.107 - - [02/Sep/2015:01:04:54 -0500] "HEAD / HTTP/1.1" 200 -
151.80.31.138 - - [02/Sep/2015:01:05:59 -0500] "GET /BLA/resoluciones/index.php?dir=RESOLUCIONES%202005/RES%202005%20451-500/&sort=date&order=asc HTTP/1.1" 200 12244
66.249.64.106 - - [02/Sep/2015:01:06:10 -0500] "GET /BLA/resoluciones/AUTOS%202011/7383.pdf HTTP/1.1" 200 142755
66.249.64.106 - - [02/Sep/2015:01:06:12 -0500] "GET /BLA/resoluciones/AUTOS%202014/6912.pdf HTTP/1.1" 304 -
66.249.64.96 - - [02/Sep/2015:01:06:15 -0500] "GET /BLA/resoluciones/RESOLUCIONES%202014/0354.pdf HTTP/1.1" 304 -
66.249.64.106 - - [02/Sep/2015:01:06:44 -0500] "GET /BLA/resoluciones/RESOLUCIONES%202009/5253.pdf HTTP/1.1" 200 499351
66.249.64.101 - - [02/Sep/2015:01:07:17 -0500] "GET /BLA/resoluciones/RESOLUCIONES%202011/5794.pdf HTTP/1.1" 304 -
186.31.221.206 - - [02/Sep/2015:01:08:14 -0500] "GET /agenda-ingles/ HTTP/1.1" 301 338
66.249.64.101 - - [02/Sep/2015:01:09:21 -0500] "GET /BLA/resoluciones/RESOLUCIONES%202011/6971.pdf HTTP/1.1" 304 -
66.249.64.101 - - [02/Sep/2015:01:09:24 -0500] "GET /BLA/resoluciones/AUTOS%202013/2286.pdf HTTP/1.1" 200 624742
66.249.64.101 - - [02/Sep/2015:01:09:27 -0500] "GET /BLA/resoluciones/RESOLUCIONES%202009/5455.pdf HTTP/1.1" 200 499675
66.249.64.101 - - [02/Sep/2015:01:09:53 -0500] "GET /BLA/resoluciones/RESOLUCIONES%202009/9059.pdf HTTP/1.1" 200 506792
74.86.158.107 - - [02/Sep/2015:01:09:54 -0500] "HEAD / HTTP/1.1" 200 -
68.180.230.228 - - [02/Sep/2015:01:10:26 -0500] "GET /robots.txt HTTP/1.1" 404 1019
68.180.230.228 - - [02/Sep/2015:01:10:27 -0500] "GET / HTTP/1.1" 304 -
66.249.64.106 - - [02/Sep/2015:01:11:40 -0500] "GET /BLA/resoluciones/RESOLUCIONES%202009/1200.pdf HTTP/1.1" 200 464218
151.80.31.138 - - [02/Sep/2015:01:12:19 -0500] "GET /BLA/resoluciones/RESOLUCIONES%202003/RES%202003%202101-2150/20032116.tif HTTP/1.1" 200 383302
66.249.64.96 - - [02/Sep/2015:01:12:32 -0500] "GET /BLA/resoluciones/RESOLUCIONES%202010/6085.pdf HTTP/1.1" 200 3019834
66.249.64.101 - - [02/Sep/2015:01:12:37 -0500] "GET /BLA/resoluciones/RESOLUCIONES%202010/1798.pdf HTTP/1.1" 200 520167
66.249.64.106 - - [02/Sep/2015:01:12:40 -0500] "GET /BLA/resoluciones/RESOLUCIONES%202009/9453.pdf HTTP/1.1" 200 490891
66.249.64.96 - - [02/Sep/2015:01:12:46 -0500] "GET /BLA/resoluciones/RESOLUCIONES%202008/5281.pdf HTTP/1.1" 200 278997
66.249.64.101 - - [02/Sep/2015:01:13:01 -0500] "GET /BLA/resoluciones/RESOLUCIONES%202013/0574.pdf HTTP/1.1" 304 -
151.80.31.138 - - [02/Sep/2015:01:13:03 -0500] "GET /BLA/resoluciones/RESOLUCIONES%202002/RES%202002%201351-1400/20021371.tif HTTP/1.1" 200 117088
66.249.64.106 - - [02/Sep/2015:01:13:08 -0500] "GET /BLA/resoluciones/RESOLUCIONES%202007/RES%202007%202401%20AL%202500/RESOLUCION%202473%20DE%202007.pdf HTTP/1.1" 200 186311
66.249.64.96 - - [02/Sep/2015:01:13:54 -0500] "GET /BLA/resoluciones/RESOLUCIONES%202004/RES%202004%201001-1050/00001010.tif HTTP/1.1" 200 57382
180.76.15.160 - - [02/Sep/2015:01:14:09 -0500] "GET /SIG/Gestion%20Recursos%20Financieros/126PA02-PR26%20REGISTRO%20INGRESOS%20NO%20TRIBUTARIO%20FDO.CTA.PGA.pdf HTTP/1.1" 200 692401
66.249.64.106 - - [02/Sep/2015:01:14:36 -0500] "GET /galeria/galeria/fotos/boa11P.jpg HTTP/1.1" 304 -
74.86.158.107 - - [02/Sep/2015:01:14:54 -0500] "HEAD / HTTP/1.1" 200 -
66.249.64.106 - - [02/Sep/2015:01:15:16 -0500] "GET /BLA/resoluciones/AUTOS%202011/7786.pdf HTTP/1.1" 200 146704
66.249.64.101 - - [02/Sep/2015:01:15:41 -0500] "GET /BLA/resoluciones/RESOLUCIONES%202009/2833.pdf HTTP/1.1" 200 481383
66.249.64.106 - - [02/Sep/2015:01:15:42 -0500] "GET /BLA/resoluciones/RESOLUCIONES%202009/8450.pdf HTTP/1.1" 200 125568
66.249.64.101 - - [02/Sep/2015:01:16:25 -0500] "GET /BLA/resoluciones/AUTOS%202011/7134.pdf HTTP/1.1" 200 160364
151.80.31.138 - - [02/Sep/2015:01:17:10 -0500] "GET /BLA/resoluciones/RESOLUCIONES%202004/RES%202004%201851-1900/INDEX.DAT HTTP/1.1" 200 2000
66.249.64.101 - - [02/Sep/2015:01:17:47 -0500] "GET /BLA/resoluciones/RESOLUCIONES%202007/RES%202007%202301%20AL%202400/RESOLUCION%202336%20DE%202007.pdf HTTP/1.1" 200 264342
151.80.31.138 - - [02/Sep/2015:01:17:47 -0500] "GET /autoliquidacion/index.php?dir=Solicitudes%20relacionadas%20con%20calidad%20del%20aire%20auditiva%20y%20visual/Evaluaci%C3%83%C2%83%C3%82%C2%B3n%20de%20permisos%20de%20emisi%C3%83%C2%83%C3%82%C2%B3n%20para%20fuentes%20fijas/&sort=name&order=asc HTTP/1.1" 200 6986
66.249.64.101 - - [02/Sep/2015:01:17:55 -0500] "GET /BLA/resoluciones/RESOLUCIONES%202009/5786.pdf HTTP/1.1" 200 926041
176.31.7.206 - - [02/Sep/2015:01:18:23 -0500] "GET / HTTP/1.1" 200 10190
151.80.31.138 - - [02/Sep/2015:01:18:27 -0500] "GET /BLA/resoluciones/RESOLUCIONES%202003/RES%202003%20701-750/734.tif HTTP/1.1" 200 62688
66.249.64.101 - - [02/Sep/2015:01:18:52 -0500] "GET /BLA/resoluciones/AUTOS%202010/5456.pdf HTTP/1.1" 200 402465
66.249.64.106 - - [02/Sep/2015:01:18:53 -0500] "GET /BLA/resoluciones/RESOLUCIONES%202012/1898.pdf HTTP/1.1" 304 -
157.55.39.246 - - [02/Sep/2015:01:19:24 -0500] "GET /robots.txt HTTP/1.1" 404 1018
157.55.39.247 - - [02/Sep/2015:01:19:25 -0500] "GET /galeria/galeria/jquery.fancybox.js?v=2.1.5 HTTP/1.1" 200 48706
66.249.64.96 - - [02/Sep/2015:01:19:44 -0500] "GET /galeria/nivo-slider/demo/demo.html HTTP/1.1" 200 5212
66.249.64.106 - - [02/Sep/2015:01:19:48 -0500] "GET /galeria/nivo-slider/themes/default/default.css HTTP/1.1" 200 1569
66.249.64.96 - - [02/Sep/2015:01:19:48 -0500] "GET /galeria/nivo-slider/nivo-slider.css HTTP/1.1" 200 1507
66.249.64.106 - - [02/Sep/2015:01:19:49 -0500] "GET /galeria/nivo-slider/themes/pascal/pascal.css HTTP/1.1" 200 2258
66.249.64.101 - - [02/Sep/2015:01:19:50 -0500] "GET /galeria/nivo-slider/themes/orman/orman.css HTTP/1.1" 200 2152
66.249.64.96 - - [02/Sep/2015:01:19:50 -0500] "GET /galeria/nivo-slider/demo/style.css HTTP/1.1" 200 2222
66.249.64.106 - - [02/Sep/2015:01:19:51 -0500] "GET /galeria/nivo-slider/jquery.nivo.slider.pack.js HTTP/1.1" 200 11561
66.249.64.101 - - [02/Sep/2015:01:19:52 -0500] "GET /galeria/nivo-slider/demo/scripts/jquery-1.7.1.min.js HTTP/1.1" 200 93868
74.86.158.107 - - [02/Sep/2015:01:19:54 -0500] "HEAD / HTTP/1.1" 200 -
181.143.148.42 - - [02/Sep/2015:01:19:55 -0500] "GET /BLA/resoluciones/RESOLUCIONES%202008/5477.pdf HTTP/1.1" 200 209880
181.143.148.42 - - [02/Sep/2015:01:19:56 -0500] "GET /favicon.ico HTTP/1.1" 200 7782
185.61.39.3 - - [02/Sep/2015:01:20:06 -0500] "GET /galeria/galeria/jquery.fancybox.js?v=2.1.5 HTTP/1.1" 200 48706
176.195.179.89 - - [02/Sep/2015:01:20:06 -0500] "GET /BLA/boletinlegal/js/jquery.scrollShow.js HTTP/1.1" 200 4586
151.80.31.138 - - [02/Sep/2015:01:20:08 -0500] "GET /BLA/resoluciones/RESOLUCIONES%202003/ANEXOS%20RES%202048/00000010.tif HTTP/1.1" 200 262844
66.249.64.106 - - [02/Sep/2015:01:20:37 -0500] "GET /BLA/resoluciones/RESOLUCIONES%202010/4775.pdf HTTP/1.1" 304 -
66.249.64.101 - - [02/Sep/2015:01:20:38 -0500] "GET /BLA/resoluciones/RESOLUCIONES%202009/6567.pdf HTTP/1.1" 200 419422
157.55.39.242 - - [02/Sep/2015:01:20:57 -0500] "GET /BLA/boletinlegal/js/jquery.scrollShow.js HTTP/1.1" 200 4586
151.80.31.138 - - [02/Sep/2015:01:20:59 -0500] "GET /BLA/resoluciones/RESOLUCIONES%202005/RES%202005%201901-1950/00001916.tif HTTP/1.1" 200 134328
180.76.15.163 - - [02/Sep/2015:01:21:44 -0500] "GET / HTTP/1.1" 200 10190
66.249.64.106 - - [02/Sep/2015:01:22:00 -0500] "GET /BLA/resoluciones/AUTOS%202007/0967.pdf HTTP/1.1" 200 469381
66.249.64.106 - - [02/Sep/2015:01:22:01 -0500] "GET /BLA/resoluciones/RESOLUCIONES%202007/RES%202007%20401%20AL%20500/RESOLUCION%200444%20DE%202007.pdf HTTP/1.1" 200 1405488
66.249.64.96 - - [02/Sep/2015:01:22:23 -0500] "GET /Autoliquidacion/TR%C3%81MITES%20AGUAS%20SUPERFICIALES/Aplicativo%20Eval%202015.htm HTTP/1.1" 200 373
151.80.31.138 - - [02/Sep/2015:01:22:34 -0500] "GET /BLA/resoluciones/RESOLUCIONES%202006/RES%202006%202651-2700/00002675.tif HTTP/1.1" 200 300428
180.76.15.27 - - [02/Sep/2015:01:22:39 -0500] "GET / HTTP/1.1" 200 10190
151.80.31.138 - - [02/Sep/2015:01:23:00 -0500] "GET /BLA/resoluciones/RESOLUCIONES%202006/RES%202006%20%202801-2850/00002836.tif HTTP/1.1" 200 233612
66.249.88.233 - - [02/Sep/2015:01:24:22 -0500] "GET /galeria/galeria/jquery.fancybox.css?v=2.1.5 HTTP/1.1" 200 4895
66.249.88.223 - - [02/Sep/2015:01:24:23 -0500] "GET /BLA/boletinlegal/js/jquery.scrollShow.js HTTP/1.1" 200 4586
66.249.88.228 - - [02/Sep/2015:01:24:23 -0500] "GET /galeria/galeria/jquery.fancybox.js?v=2.1.5 HTTP/1.1" 200 48706
66.249.88.228 - - [02/Sep/2015:01:24:28 -0500] "GET /BLA/boletinlegal/js/jquery.scrollShow.js HTTP/1.1" 304 -
66.249.88.233 - - [02/Sep/2015:01:24:28 -0500] "GET /galeria/galeria/jquery.fancybox.css?v=2.1.5 HTTP/1.1" 304 -
66.249.88.233 - - [02/Sep/2015:01:24:28 -0500] "GET /galeria/galeria/jquery.fancybox.js?v=2.1.5 HTTP/1.1" 304 -
74.86.158.107 - - [02/Sep/2015:01:24:54 -0500] "HEAD / HTTP/1.1" 200 -
66.249.64.106 - - [02/Sep/2015:01:25:03 -0500] "GET /BLA/resoluciones/RESOLUCIONES%202011/4851.pdf HTTP/1.1" 304 -
66.249.64.106 - - [02/Sep/2015:01:25:04 -0500] "GET /autoliquidacion/Grupo%20Forestal%20-%20Industria%20de%20la%20Madera/Formulario%20para%20la%20Relaci%C3%B3n%20de%20Salvoconductos_facturas_remisiones_CARA2.pdf HTTP/1.1" 304 -
66.249.64.106 - - [02/Sep/2015:01:25:07 -0500] "GET /BLA/resoluciones/AUTOS%202014/6748.pdf HTTP/1.1" 200 400792
66.249.64.96 - - [02/Sep/2015:01:25:08 -0500] "GET /BLA/resoluciones/RESOLUCIONES%202009/8328.pdf HTTP/1.1" 200 413358
62.210.84.178 - - [02/Sep/2015:01:26:05 -0500] "GET /galeria/galeria/jquery.fancybox.css?v=2.1.5 HTTP/1.1" 200 4895
66.249.64.101 - - [02/Sep/2015:01:26:15 -0500] "GET /galeria/galeria/fotos/micos5P.jpg HTTP/1.1" 304 -
66.249.64.96 - - [02/Sep/2015:01:26:57 -0500] "GET /BLA/resoluciones/RESOLUCIONES%202009/0068.pdf HTTP/1.1" 200 251189
52.2.72.125 - - [02/Sep/2015:01:27:16 -0500] "GET /robots.txt HTTP/1.1" 301 334
52.2.72.125 - - [02/Sep/2015:01:27:16 -0500] "GET / HTTP/1.1" 301 324
123.125.71.40 - - [02/Sep/2015:01:28:05 -0500] "GET / HTTP/1.1" 200 10190
