186.98.19.119 - - [15/Sep/2015:10:26:21 -0500] "GET /galeria/nivo-slider/demo/images/Plan-Quinquenal.jpg HTTP/1.1" 200 412438
186.98.19.119 - - [15/Sep/2015:10:26:21 -0500] "GET /galeria/nivo-slider/demo/images/Banner-ecolecta2015.jpg HTTP/1.1" 200 223335
186.98.19.119 - - [15/Sep/2015:10:26:22 -0500] "GET /galeria/nivo-slider/demo/images/Foro-Nacional-Ambiente-y-Posconflicto.jpg HTTP/1.1" 200 248595
186.98.19.119 - - [15/Sep/2015:10:26:22 -0500] "GET /galeria/nivo-slider/demo/images/Encuentro-Nacional-Educacion-Nacional.jpg HTTP/1.1" 200 85068
186.98.19.119 - - [15/Sep/2015:10:26:23 -0500] "GET /galeria/nivo-slider/demo/images/Banner-Participaci%C3%B3n-PYBA_sep.jpg HTTP/1.1" 200 172916
186.98.19.119 - - [15/Sep/2015:10:26:23 -0500] "GET /galeria/nivo-slider/demo/images/PREDAcamp.jpg HTTP/1.1" 200 295358
201.216.18.240 - - [15/Sep/2015:10:26:23 -0500] "GET /wp-content/uploads/2015/08/danos.png HTTP/1.1" 301 360
201.216.18.240 - - [15/Sep/2015:10:26:23 -0500] "GET /wp-content/uploads/2015/08/fotos2b.png HTTP/1.1" 301 362
201.216.18.240 - - [15/Sep/2015:10:26:23 -0500] "GET /wp-content/uploads/2015/08/fotos3b.png HTTP/1.1" 301 362
201.216.18.240 - - [15/Sep/2015:10:26:23 -0500] "GET /wp-content/uploads/2015/08/banner2.png HTTP/1.1" 301 362
201.216.18.240 - - [15/Sep/2015:10:26:23 -0500] "GET /wp-content/uploads/2015/08/fotos1b.png HTTP/1.1" 301 362
201.216.18.240 - - [15/Sep/2015:10:26:23 -0500] "GET /wp-content/uploads/2015/07/UNO.png HTTP/1.1" 301 358
201.216.18.240 - - [15/Sep/2015:10:26:23 -0500] "GET /wp-content/uploads/2015/07/DOS.png HTTP/1.1" 301 358
201.216.18.240 - - [15/Sep/2015:10:26:23 -0500] "GET /wp-content/uploads/2015/07/CUARTO.png HTTP/1.1" 301 361
201.216.18.240 - - [15/Sep/2015:10:26:23 -0500] "GET /wp-content/uploads/2015/07/TERCER.png HTTP/1.1" 301 361
201.216.18.240 - - [15/Sep/2015:10:26:23 -0500] "GET /wp-content/uploads/2015/07/franja.jpg HTTP/1.1" 301 361
201.216.18.240 - - [15/Sep/2015:10:26:23 -0500] "GET /wp-content/uploads/2015/07/cuadro-azulconverde.png HTTP/1.1" 301 374
201.216.18.240 - - [15/Sep/2015:10:26:23 -0500] "GET /wp-content/uploads/2015/07/logos.png HTTP/1.1" 301 360
201.216.18.240 - - [15/Sep/2015:10:26:23 -0500] "GET /wp-content/uploads/2015/07/imagencum.png HTTP/1.1" 301 364
201.216.18.240 - - [15/Sep/2015:10:26:23 -0500] "GET /wp-content/uploads/2015/07/logocambio.png HTTP/1.1" 301 365
201.216.18.240 - - [15/Sep/2015:10:26:23 -0500] "GET /wp-content/uploads/2015/07/logovamospa.png HTTP/1.1" 301 366
201.216.18.240 - - [15/Sep/2015:10:26:23 -0500] "GET /wp-content/uploads/2015/06/Untitled-1.png HTTP/1.1" 301 365
201.216.18.240 - - [15/Sep/2015:10:26:23 -0500] "GET /wp-content/uploads/2015/07/recuadro_1.jpg HTTP/1.1" 301 365
200.118.11.205 - - [15/Sep/2015:10:26:23 -0500] "POST /forms/lservlet;jsessionid=ac16012b30d61bfdbfeebc0e481b8d8b9f0bd21999d0.e3iSbxaKaheRe38Ka34Oa3eLbxf0n6jAmljGr5XDqQLvpAe HTTP/1.1" 200 2
200.118.11.205 - - [15/Sep/2015:10:26:23 -0500] "POST /forms/lservlet;jsessionid=ac16012b30d61bfdbfeebc0e481b8d8b9f0bd21999d0.e3iSbxaKaheRe38Ka34Oa3eLbxf0n6jAmljGr5XDqQLvpAe HTTP/1.1" 200 2394
200.118.11.205 - - [15/Sep/2015:10:26:23 -0500] "GET /imagenes/Srch_frw.gif HTTP/1.1" 200 925
186.98.19.119 - - [15/Sep/2015:10:26:24 -0500] "GET /galeria/nivo-slider/demo/images/4Simple_Slider.png HTTP/1.1" 200 11722
200.118.11.205 - - [15/Sep/2015:10:26:24 -0500] "POST /forms/lservlet;jsessionid=ac16012b30d61bfdbfeebc0e481b8d8b9f0bd21999d0.e3iSbxaKaheRe38Ka34Oa3eLbxf0n6jAmljGr5XDqQLvpAe HTTP/1.1" 200 10
186.98.19.119 - - [15/Sep/2015:10:26:24 -0500] "GET /galeria/nivo-slider/themes/default/loading.gif HTTP/1.1" 200 1737
186.98.19.119 - - [15/Sep/2015:10:26:24 -0500] "GET /galeria/nivo-slider/demo/images/Semana-PYBA.jpg HTTP/1.1" 200 103786
186.98.19.119 - - [15/Sep/2015:10:26:24 -0500] "GET /galeria/nivo-slider/demo/images/banner-llantas2.jpg HTTP/1.1" 200 204644
186.98.19.119 - - [15/Sep/2015:10:26:24 -0500] "GET /galeria/nivo-slider/demo/images/9Signos.jpg HTTP/1.1" 200 81776
186.98.19.119 - - [15/Sep/2015:10:26:25 -0500] "GET /galeria/nivo-slider/demo/images/Comparendo-ambiental-Banner.jpg HTTP/1.1" 200 83731
186.98.19.119 - - [15/Sep/2015:10:26:25 -0500] "GET /galeria/nivo-slider/demo/images/Ruta-vertimientos-01.jpg HTTP/1.1" 200 130151
200.118.11.205 - - [15/Sep/2015:10:26:25 -0500] "POST /forms/lservlet;jsessionid=ac16012b30d61bfdbfeebc0e481b8d8b9f0bd21999d0.e3iSbxaKaheRe38Ka34Oa3eLbxf0n6jAmljGr5XDqQLvpAe HTTP/1.1" 200 24
186.98.19.119 - - [15/Sep/2015:10:26:25 -0500] "GET /galeria/nivo-slider/demo/images/bolsas-06.jpg HTTP/1.1" 200 90982
200.118.11.205 - - [15/Sep/2015:10:26:25 -0500] "POST /forms/lservlet;jsessionid=ac16012b30d61bfdbfeebc0e481b8d8b9f0bd21999d0.e3iSbxaKaheRe38Ka34Oa3eLbxf0n6jAmljGr5XDqQLvpAe HTTP/1.1" 200 3819
186.98.19.119 - - [15/Sep/2015:10:26:26 -0500] "GET /galeria/nivo-slider/demo/images/Conoce-los-humedales.jpg HTTP/1.1" 200 294036
186.98.19.119 - - [15/Sep/2015:10:26:26 -0500] "GET /galeria/nivo-slider/demo/images/ecolecta-Dic2014.png HTTP/1.1" 200 288593
200.118.11.205 - - [15/Sep/2015:10:26:26 -0500] "POST /forms/lservlet;jsessionid=ac16012b30d61bfdbfeebc0e481b8d8b9f0bd21999d0.e3iSbxaKaheRe38Ka34Oa3eLbxf0n6jAmljGr5XDqQLvpAe HTTP/1.1" 200 2
200.118.11.205 - - [15/Sep/2015:10:26:28 -0500] "POST /forms/lservlet;jsessionid=ac16012b30d61bfdbfeebc0e481b8d8b9f0bd21999d0.e3iSbxaKaheRe38Ka34Oa3eLbxf0n6jAmljGr5XDqQLvpAe HTTP/1.1" 200 10
190.131.200.170 - - [15/Sep/2015:10:26:28 -0500] "GET /galeria/nivo-slider/demo/demo.html HTTP/1.1" 200 4248
200.118.11.205 - - [15/Sep/2015:10:26:28 -0500] "POST /forms/lservlet;jsessionid=ac16012b30d61bfdbfeebc0e481b8d8b9f0bd21999d0.e3iSbxaKaheRe38Ka34Oa3eLbxf0n6jAmljGr5XDqQLvpAe HTTP/1.1" 200 75
186.29.233.161 - - [15/Sep/2015:10:26:28 -0500] "GET /BLA/boletinlegal/consulta_actos.php?tipo=resoluciones&no=3844&usuario=&sector=&fecha=2010&resuelve= HTTP/1.1" 200 1155
190.131.200.170 - - [15/Sep/2015:10:26:29 -0500] "GET /galeria/nivo-slider/demo/images/Plan-Quinquenal.jpg HTTP/1.1" 304 -
190.131.200.170 - - [15/Sep/2015:10:26:29 -0500] "GET /galeria/nivo-slider/demo/images/Encuentro-Nacional-Educacion-Nacional.jpg HTTP/1.1" 304 -
190.131.200.170 - - [15/Sep/2015:10:26:29 -0500] "GET /galeria/nivo-slider/demo/images/Banner-Participaci%C3%B3n-PYBA_sep.jpg HTTP/1.1" 304 -
200.118.11.205 - - [15/Sep/2015:10:26:29 -0500] "POST /forms/lservlet;jsessionid=ac16012b30d61bfdbfeebc0e481b8d8b9f0bd21999d0.e3iSbxaKaheRe38Ka34Oa3eLbxf0n6jAmljGr5XDqQLvpAe HTTP/1.1" 200 2
190.131.200.170 - - [15/Sep/2015:10:26:29 -0500] "GET /galeria/nivo-slider/demo/images/banner-llantas2.jpg HTTP/1.1" 304 -
190.131.200.170 - - [15/Sep/2015:10:26:29 -0500] "GET /galeria/nivo-slider/demo/images/Comparendo-ambiental-Banner.jpg HTTP/1.1" 304 -
200.118.11.205 - - [15/Sep/2015:10:26:29 -0500] "POST /forms/lservlet;jsessionid=ac16012b30d61bfdbfeebc0e481b8d8b9f0bd21999d0.e3iSbxaKaheRe38Ka34Oa3eLbxf0n6jAmljGr5XDqQLvpAe HTTP/1.1" 200 349
200.118.11.205 - - [15/Sep/2015:10:26:29 -0500] "POST /forms/lservlet;jsessionid=ac16012b30d61bfdbfeebc0e481b8d8b9f0bd21999d0.e3iSbxaKaheRe38Ka34Oa3eLbxf0n6jAmljGr5XDqQLvpAe HTTP/1.1" 200 2
190.131.200.170 - - [15/Sep/2015:10:26:30 -0500] "GET /videos/Ecolecta-posconsumo.flv HTTP/1.1" 200 17485724
201.245.179.194 - - [15/Sep/2015:10:26:30 -0500] "GET /galeria/galeria/jquery.fancybox.js?v=2.1.5 HTTP/1.1" 304 -
201.245.179.194 - - [15/Sep/2015:10:26:30 -0500] "GET /BLA/boletinlegal/js/jquery.scrollShow.js HTTP/1.1" 304 -
200.118.11.205 - - [15/Sep/2015:10:26:30 -0500] "POST /forms/lservlet;jsessionid=ac16012b30d61bfdbfeebc0e481b8d8b9f0bd21999d0.e3iSbxaKaheRe38Ka34Oa3eLbxf0n6jAmljGr5XDqQLvpAe HTTP/1.1" 200 55
186.98.19.119 - - [15/Sep/2015:10:26:31 -0500] "GET /galeria/nivo-slider/themes/default/bullets.png HTTP/1.1" 200 1281
186.98.19.119 - - [15/Sep/2015:10:26:31 -0500] "GET /galeria/nivo-slider/themes/default/arrows.png HTTP/1.1" 200 824
200.118.11.205 - - [15/Sep/2015:10:26:32 -0500] "POST /forms/lservlet;jsessionid=ac16012b30d61bfdbfeebc0e481b8d8b9f0bd21999d0.e3iSbxaKaheRe38Ka34Oa3eLbxf0n6jAmljGr5XDqQLvpAe HTTP/1.1" 200 2
200.118.11.205 - - [15/Sep/2015:10:26:32 -0500] "POST /forms/lservlet;jsessionid=ac16012b30d61bfdbfeebc0e481b8d8b9f0bd21999d0.e3iSbxaKaheRe38Ka34Oa3eLbxf0n6jAmljGr5XDqQLvpAe HTTP/1.1" 200 2342
186.29.233.161 - - [15/Sep/2015:10:26:32 -0500] "GET /BLA/resoluciones/RESOLUCIONES%202010/3844.pdf HTTP/1.1" 200 1054762
200.118.11.205 - - [15/Sep/2015:10:26:32 -0500] "GET /imagenes/Srch_frw.gif HTTP/1.1" 200 925
200.118.11.205 - - [15/Sep/2015:10:26:32 -0500] "POST /forms/lservlet;jsessionid=ac16012b30d61bfdbfeebc0e481b8d8b9f0bd21999d0.e3iSbxaKaheRe38Ka34Oa3eLbxf0n6jAmljGr5XDqQLvpAe HTTP/1.1" 200 10
186.29.233.161 - - [15/Sep/2015:10:26:33 -0500] "GET /BLA/resoluciones/RESOLUCIONES%202010/3844.pdf HTTP/1.1" 206 65536
186.29.233.161 - - [15/Sep/2015:10:26:33 -0500] "GET /BLA/resoluciones/RESOLUCIONES%202010/3844.pdf HTTP/1.1" 206 6186
201.245.179.194 - - [15/Sep/2015:10:26:33 -0500] "GET /galeria/galeria/jquery.fancybox.css?v=2.1.5 HTTP/1.1" 304 -
186.29.233.161 - - [15/Sep/2015:10:26:33 -0500] "GET /BLA/resoluciones/RESOLUCIONES%202010/3844.pdf HTTP/1.1" 206 65536
186.29.233.161 - - [15/Sep/2015:10:26:33 -0500] "GET /BLA/resoluciones/RESOLUCIONES%202010/3844.pdf HTTP/1.1" 206 65536
200.118.11.205 - - [15/Sep/2015:10:26:33 -0500] "POST /forms/lservlet;jsessionid=ac16012b30d61bfdbfeebc0e481b8d8b9f0bd21999d0.e3iSbxaKaheRe38Ka34Oa3eLbxf0n6jAmljGr5XDqQLvpAe HTTP/1.1" 200 24
186.29.233.161 - - [15/Sep/2015:10:25:56 -0500] "GET /BLA/boletinlegal/index.php? HTTP/1.1" 200 36811
200.118.11.205 - - [15/Sep/2015:10:26:34 -0500] "POST /forms/lservlet;jsessionid=ac16012b30d61bfdbfeebc0e481b8d8b9f0bd21999d0.e3iSbxaKaheRe38Ka34Oa3eLbxf0n6jAmljGr5XDqQLvpAe HTTP/1.1" 200 3428
200.118.11.205 - - [15/Sep/2015:10:26:34 -0500] "POST /forms/lservlet;jsessionid=ac16012b30d61bfdbfeebc0e481b8d8b9f0bd21999d0.e3iSbxaKaheRe38Ka34Oa3eLbxf0n6jAmljGr5XDqQLvpAe HTTP/1.1" 200 2
186.29.233.161 - - [15/Sep/2015:10:26:35 -0500] "GET /BLA/resoluciones/RESOLUCIONES%202010/3844.pdf HTTP/1.1" 206 65536
186.29.233.161 - - [15/Sep/2015:10:26:35 -0500] "GET /BLA/resoluciones/RESOLUCIONES%202010/3844.pdf HTTP/1.1" 206 65536
186.29.233.161 - - [15/Sep/2015:10:26:35 -0500] "GET /BLA/resoluciones/RESOLUCIONES%202010/3844.pdf HTTP/1.1" 206 65536
186.29.233.161 - - [15/Sep/2015:10:26:35 -0500] "GET /BLA/resoluciones/RESOLUCIONES%202010/3844.pdf HTTP/1.1" 206 65536
186.113.49.71 - - [15/Sep/2015:10:26:35 -0500] "POST /forms/lservlet;jsessionid=ac16012b30d6d1ecf9643a5249b49863b930ca22dc5e.e3iSbxaKaheRe38Ka34Oa3eLbxf0n6jAmljGr5XDqQLvpAe HTTP/1.1" 200 380
200.118.11.205 - - [15/Sep/2015:10:26:36 -0500] "POST /forms/lservlet;jsessionid=ac16012b30d61bfdbfeebc0e481b8d8b9f0bd21999d0.e3iSbxaKaheRe38Ka34Oa3eLbxf0n6jAmljGr5XDqQLvpAe HTTP/1.1" 200 2
186.113.49.71 - - [15/Sep/2015:10:26:36 -0500] "POST /forms/lservlet;jsessionid=ac16012b30d6d1ecf9643a5249b49863b930ca22dc5e.e3iSbxaKaheRe38Ka34Oa3eLbxf0n6jAmljGr5XDqQLvpAe HTTP/1.1" 200 2027
200.118.11.205 - - [15/Sep/2015:10:26:36 -0500] "POST /forms/lservlet;jsessionid=ac16012b30d61bfdbfeebc0e481b8d8b9f0bd21999d0.e3iSbxaKaheRe38Ka34Oa3eLbxf0n6jAmljGr5XDqQLvpAe HTTP/1.1" 200 138
186.113.49.71 - - [15/Sep/2015:10:26:36 -0500] "POST /forms/lservlet;jsessionid=ac16012b30d6d1ecf9643a5249b49863b930ca22dc5e.e3iSbxaKaheRe38Ka34Oa3eLbxf0n6jAmljGr5XDqQLvpAe HTTP/1.1" 200 78
186.29.233.161 - - [15/Sep/2015:10:26:36 -0500] "GET /BLA/resoluciones/RESOLUCIONES%202010/3844.pdf HTTP/1.1" 206 65536
186.29.233.161 - - [15/Sep/2015:10:26:36 -0500] "GET /BLA/resoluciones/RESOLUCIONES%202010/3844.pdf HTTP/1.1" 206 65536
200.118.11.205 - - [15/Sep/2015:10:26:37 -0500] "POST /forms/lservlet;jsessionid=ac16012b30d61bfdbfeebc0e481b8d8b9f0bd21999d0.e3iSbxaKaheRe38Ka34Oa3eLbxf0n6jAmljGr5XDqQLvpAe HTTP/1.1" 200 2
186.29.233.161 - - [15/Sep/2015:10:26:37 -0500] "GET /BLA/resoluciones/RESOLUCIONES%202010/3844.pdf HTTP/1.1" 206 65536
186.29.233.161 - - [15/Sep/2015:10:26:37 -0500] "GET /BLA/resoluciones/RESOLUCIONES%202010/3844.pdf HTTP/1.1" 206 65536
186.113.49.71 - - [15/Sep/2015:10:26:37 -0500] "POST /forms/lservlet;jsessionid=ac16012b30d6d1ecf9643a5249b49863b930ca22dc5e.e3iSbxaKaheRe38Ka34Oa3eLbxf0n6jAmljGr5XDqQLvpAe HTTP/1.1" 200 86
200.118.11.205 - - [15/Sep/2015:10:26:38 -0500] "POST /forms/lservlet;jsessionid=ac16012b30d61bfdbfeebc0e481b8d8b9f0bd21999d0.e3iSbxaKaheRe38Ka34Oa3eLbxf0n6jAmljGr5XDqQLvpAe HTTP/1.1" 200 2
186.113.49.71 - - [15/Sep/2015:10:26:37 -0500] "POST /forms/lservlet;jsessionid=ac16012b30d6d1ecf9643a5249b49863b930ca22dc5e.e3iSbxaKaheRe38Ka34Oa3eLbxf0n6jAmljGr5XDqQLvpAe HTTP/1.1" 200 -
186.29.233.161 - - [15/Sep/2015:10:26:38 -0500] "GET /BLA/resoluciones/RESOLUCIONES%202010/3844.pdf HTTP/1.1" 206 65536
186.29.233.161 - - [15/Sep/2015:10:26:38 -0500] "GET /BLA/resoluciones/RESOLUCIONES%202010/3844.pdf HTTP/1.1" 206 65536
186.29.233.161 - - [15/Sep/2015:10:26:39 -0500] "GET /BLA/resoluciones/RESOLUCIONES%202010/3844.pdf HTTP/1.1" 206 65536
200.118.11.205 - - [15/Sep/2015:10:26:39 -0500] "POST /forms/lservlet;jsessionid=ac16012b30d61bfdbfeebc0e481b8d8b9f0bd21999d0.e3iSbxaKaheRe38Ka34Oa3eLbxf0n6jAmljGr5XDqQLvpAe HTTP/1.1" 200 128
186.29.233.161 - - [15/Sep/2015:10:26:39 -0500] "GET /BLA/resoluciones/RESOLUCIONES%202010/3844.pdf HTTP/1.1" 206 65536
190.147.40.194 - - [15/Sep/2015:10:26:39 -0500] "GET /PORTAL_SIAC/Resoluci%c3%b3n%20242%20de%202014%20(Lineamientos%20PIGA).pdf HTTP/1.1" 200 522095
190.147.40.194 - - [15/Sep/2015:10:26:39 -0500] "GET /favicon.ico HTTP/1.1" 200 7782
190.147.40.194 - - [15/Sep/2015:10:26:41 -0500] "GET /portalsiaccapacitaciones/MATRIZ%20NORMATIVA%20AMBIENTAL.pdf HTTP/1.1" 404 1314
66.249.79.227 - - [15/Sep/2015:10:26:42 -0500] "GET /BLA/resoluciones/AUTOS%202008/1678.pdf HTTP/1.1" 200 211156
190.26.119.3 - - [15/Sep/2015:10:26:42 -0500] "GET /videos/Ecolecta-posconsumo.flv HTTP/1.1" 206 1
200.118.11.205 - - [15/Sep/2015:10:26:44 -0500] "POST /forms/lservlet;jsessionid=ac16012b30d61bfdbfeebc0e481b8d8b9f0bd21999d0.e3iSbxaKaheRe38Ka34Oa3eLbxf0n6jAmljGr5XDqQLvpAe HTTP/1.1" 200 2
200.118.11.205 - - [15/Sep/2015:10:26:44 -0500] "POST /forms/lservlet;jsessionid=ac16012b30d61bfdbfeebc0e481b8d8b9f0bd21999d0.e3iSbxaKaheRe38Ka34Oa3eLbxf0n6jAmljGr5XDqQLvpAe HTTP/1.1" 200 2396
200.118.11.205 - - [15/Sep/2015:10:26:44 -0500] "GET /imagenes/Srch_frw.gif HTTP/1.1" 200 925
190.26.119.3 - - [15/Sep/2015:10:26:44 -0500] "GET /videos/Ecolecta-posconsumo.flv HTTP/1.1" 200 17485724
200.118.11.205 - - [15/Sep/2015:10:26:44 -0500] "POST /forms/lservlet;jsessionid=ac16012b30d61bfdbfeebc0e481b8d8b9f0bd21999d0.e3iSbxaKaheRe38Ka34Oa3eLbxf0n6jAmljGr5XDqQLvpAe HTTP/1.1" 200 10
200.118.11.205 - - [15/Sep/2015:10:26:46 -0500] "POST /forms/lservlet;jsessionid=ac16012b30d61bfdbfeebc0e481b8d8b9f0bd21999d0.e3iSbxaKaheRe38Ka34Oa3eLbxf0n6jAmljGr5XDqQLvpAe HTTP/1.1" 200 24
200.118.11.205 - - [15/Sep/2015:10:26:46 -0500] "POST /forms/lservlet;jsessionid=ac16012b30d61bfdbfeebc0e481b8d8b9f0bd21999d0.e3iSbxaKaheRe38Ka34Oa3eLbxf0n6jAmljGr5XDqQLvpAe HTTP/1.1" 200 3767
200.118.11.205 - - [15/Sep/2015:10:26:47 -0500] "POST /forms/lservlet;jsessionid=ac16012b30d61bfdbfeebc0e481b8d8b9f0bd21999d0.e3iSbxaKaheRe38Ka34Oa3eLbxf0n6jAmljGr5XDqQLvpAe HTTP/1.1" 200 2
200.118.11.205 - - [15/Sep/2015:10:26:48 -0500] "POST /forms/lservlet;jsessionid=ac16012b30d61bfdbfeebc0e481b8d8b9f0bd21999d0.e3iSbxaKaheRe38Ka34Oa3eLbxf0n6jAmljGr5XDqQLvpAe HTTP/1.1" 200 10
200.118.11.205 - - [15/Sep/2015:10:26:49 -0500] "POST /forms/lservlet;jsessionid=ac16012b30d61bfdbfeebc0e481b8d8b9f0bd21999d0.e3iSbxaKaheRe38Ka34Oa3eLbxf0n6jAmljGr5XDqQLvpAe HTTP/1.1" 200 75
200.118.11.205 - - [15/Sep/2015:10:26:50 -0500] "POST /forms/lservlet;jsessionid=ac16012b30d61bfdbfeebc0e481b8d8b9f0bd21999d0.e3iSbxaKaheRe38Ka34Oa3eLbxf0n6jAmljGr5XDqQLvpAe HTTP/1.1" 200 2
200.118.11.205 - - [15/Sep/2015:10:26:50 -0500] "POST /forms/lservlet;jsessionid=ac16012b30d61bfdbfeebc0e481b8d8b9f0bd21999d0.e3iSbxaKaheRe38Ka34Oa3eLbxf0n6jAmljGr5XDqQLvpAe HTTP/1.1" 200 170
200.118.11.205 - - [15/Sep/2015:10:26:50 -0500] "POST /forms/lservlet;jsessionid=ac16012b30d61bfdbfeebc0e481b8d8b9f0bd21999d0.e3iSbxaKaheRe38Ka34Oa3eLbxf0n6jAmljGr5XDqQLvpAe HTTP/1.1" 200 2
200.118.11.205 - - [15/Sep/2015:10:26:51 -0500] "POST /forms/lservlet;jsessionid=ac16012b30d61bfdbfeebc0e481b8d8b9f0bd21999d0.e3iSbxaKaheRe38Ka34Oa3eLbxf0n6jAmljGr5XDqQLvpAe HTTP/1.1" 200 2
66.249.79.81 - - [15/Sep/2015:10:26:50 -0500] "GET /Anexos%20estudio%20Organizacional%20SDA/index.php?dir=ANEXO%20No.%201-%20NORMAS%20LEGALES%20DE%20ESTRUCTURA%20Y%20PLANTA/Decreto%20175%20de%202009_files/&sort=date&order=asc HTTP/1.1" 200 8612
200.118.11.205 - - [15/Sep/2015:10:26:51 -0500] "POST /forms/lservlet;jsessionid=ac16012b30d61bfdbfeebc0e481b8d8b9f0bd21999d0.e3iSbxaKaheRe38Ka34Oa3eLbxf0n6jAmljGr5XDqQLvpAe HTTP/1.1" 200 119
201.245.192.253 - - [15/Sep/2015:10:26:53 -0500] "GET /galeria/galeria/jquery.fancybox.js?v=2.1.5 HTTP/1.1" 200 48706
201.245.192.253 - - [15/Sep/2015:10:26:53 -0500] "GET /galeria/galeria/jquery.fancybox.css?v=2.1.5 HTTP/1.1" 200 4895
201.245.192.253 - - [15/Sep/2015:10:26:53 -0500] "GET /galeria/carrusel/Carrusel/jquery-ui-1.8.13.custom.min.js HTTP/1.1" 200 10800
201.245.192.253 - - [15/Sep/2015:10:26:53 -0500] "GET /BLA/boletinlegal/js/jquery.scrollShow.js HTTP/1.1" 200 4586
201.245.192.253 - - [15/Sep/2015:10:26:53 -0500] "GET /galeria/carrusel/Carrusel/jquery.thumbnailScroller.css HTTP/1.1" 200 2066
201.245.192.253 - - [15/Sep/2015:10:26:53 -0500] "GET /galeria/carrusel/Carrusel/jquery.thumbnailScroller.js HTTP/1.1" 200 8157
201.245.192.253 - - [15/Sep/2015:10:26:55 -0500] "GET /galeria/nivo-slider/demo/demo.html HTTP/1.1" 200 4248
201.245.192.253 - - [15/Sep/2015:10:26:57 -0500] "GET /galeria/nivo-slider/themes/default/default.css HTTP/1.1" 200 1569
201.245.192.253 - - [15/Sep/2015:10:26:57 -0500] "GET /galeria/nivo-slider/themes/pascal/pascal.css HTTP/1.1" 200 2258
201.245.192.253 - - [15/Sep/2015:10:26:57 -0500] "GET /galeria/nivo-slider/themes/orman/orman.css HTTP/1.1" 200 2152
201.245.192.253 - - [15/Sep/2015:10:26:57 -0500] "GET /galeria/nivo-slider/nivo-slider.css HTTP/1.1" 200 1507
201.245.192.253 - - [15/Sep/2015:10:26:57 -0500] "GET /galeria/nivo-slider/demo/style.css HTTP/1.1" 200 2222
201.245.192.253 - - [15/Sep/2015:10:26:57 -0500] "GET /galeria/nivo-slider/jquery.nivo.slider.pack.js HTTP/1.1" 200 11561
201.245.192.253 - - [15/Sep/2015:10:26:57 -0500] "GET /galeria/nivo-slider/demo/scripts/jquery-1.7.1.min.js HTTP/1.1" 200 93868
201.245.192.253 - - [15/Sep/2015:10:26:58 -0500] "GET /galeria/nivo-slider/demo/images/movilizacion-22-septiembre.jpg HTTP/1.1" 200 71602
201.245.192.253 - - [15/Sep/2015:10:26:58 -0500] "GET /galeria/nivo-slider/demo/images/Encuentro-Nacional-Educacion-Nacional.jpg HTTP/1.1" 200 85068
201.245.192.253 - - [15/Sep/2015:10:26:58 -0500] "GET /galeria/nivo-slider/demo/images/Banner-ecolecta2015.jpg HTTP/1.1" 200 223335
201.245.192.253 - - [15/Sep/2015:10:26:58 -0500] "GET /galeria/nivo-slider/demo/images/Foro-Nacional-Ambiente-y-Posconflicto.jpg HTTP/1.1" 200 248595
201.245.192.253 - - [15/Sep/2015:10:26:58 -0500] "GET /galeria/nivo-slider/demo/images/Plan-Quinquenal.jpg HTTP/1.1" 200 412438
201.245.192.253 - - [15/Sep/2015:10:26:58 -0500] "GET /galeria/nivo-slider/demo/images/Banner-Participaci%C3%B3n-PYBA_sep.jpg HTTP/1.1" 200 172916
201.245.192.253 - - [15/Sep/2015:10:26:58 -0500] "GET /videos/Ecolecta-posconsumo.flv HTTP/1.1" 200 17485724
201.245.192.253 - - [15/Sep/2015:10:27:00 -0500] "GET /galeria/nivo-slider/demo/images/PREDAcamp.jpg HTTP/1.1" 200 295358
201.245.192.253 - - [15/Sep/2015:10:27:00 -0500] "GET /galeria/nivo-slider/demo/images/Semana-PYBA.jpg HTTP/1.1" 200 103786
200.118.11.205 - - [15/Sep/2015:10:27:00 -0500] "POST /forms/lservlet;jsessionid=ac16012b30d61bfdbfeebc0e481b8d8b9f0bd21999d0.e3iSbxaKaheRe38Ka34Oa3eLbxf0n6jAmljGr5XDqQLvpAe HTTP/1.1" 200 2
201.245.192.253 - - [15/Sep/2015:10:27:01 -0500] "GET /galeria/nivo-slider/demo/images/banner-llantas2.jpg HTTP/1.1" 200 204644
200.118.11.205 - - [15/Sep/2015:10:27:01 -0500] "POST /forms/lservlet;jsessionid=ac16012b30d61bfdbfeebc0e481b8d8b9f0bd21999d0.e3iSbxaKaheRe38Ka34Oa3eLbxf0n6jAmljGr5XDqQLvpAe HTTP/1.1" 200 225
201.245.192.253 - - [15/Sep/2015:10:27:01 -0500] "GET /galeria/nivo-slider/demo/images/9Signos.jpg HTTP/1.1" 200 81776
200.118.11.205 - - [15/Sep/2015:10:27:01 -0500] "GET /imagenes/Srch_frw.gif HTTP/1.1" 200 925
200.118.11.205 - - [15/Sep/2015:10:27:01 -0500] "POST /forms/lservlet;jsessionid=ac16012b30d61bfdbfeebc0e481b8d8b9f0bd21999d0.e3iSbxaKaheRe38Ka34Oa3eLbxf0n6jAmljGr5XDqQLvpAe HTTP/1.1" 200 14
201.245.192.253 - - [15/Sep/2015:10:27:01 -0500] "GET /galeria/nivo-slider/demo/images/Comparendo-ambiental-Banner.jpg HTTP/1.1" 200 83731
201.245.192.253 - - [15/Sep/2015:10:27:02 -0500] "GET /galeria/nivo-slider/demo/images/Ruta-vertimientos-01.jpg HTTP/1.1" 200 130151
201.245.192.253 - - [15/Sep/2015:10:27:02 -0500] "GET /galeria/nivo-slider/demo/images/bolsas-06.jpg HTTP/1.1" 200 90982
201.245.192.253 - - [15/Sep/2015:10:27:02 -0500] "GET /galeria/nivo-slider/demo/images/Conoce-los-humedales.jpg HTTP/1.1" 200 294036
200.118.11.205 - - [15/Sep/2015:10:27:03 -0500] "POST /forms/lservlet;jsessionid=ac16012b30d61bfdbfeebc0e481b8d8b9f0bd21999d0.e3iSbxaKaheRe38Ka34Oa3eLbxf0n6jAmljGr5XDqQLvpAe HTTP/1.1" 200 13
200.118.11.205 - - [15/Sep/2015:10:27:03 -0500] "POST /forms/lservlet;jsessionid=ac16012b30d61bfdbfeebc0e481b8d8b9f0bd21999d0.e3iSbxaKaheRe38Ka34Oa3eLbxf0n6jAmljGr5XDqQLvpAe HTTP/1.1" 200 7
201.245.192.253 - - [15/Sep/2015:10:27:03 -0500] "GET /galeria/nivo-slider/demo/images/ecolecta-Dic2014.png HTTP/1.1" 200 288593
201.245.192.253 - - [15/Sep/2015:10:27:03 -0500] "GET /galeria/nivo-slider/demo/images/4Simple_Slider.png HTTP/1.1" 200 11722
201.245.192.253 - - [15/Sep/2015:10:27:03 -0500] "GET /galeria/nivo-slider/themes/default/loading.gif HTTP/1.1" 200 1737
200.118.11.205 - - [15/Sep/2015:10:27:04 -0500] "POST /forms/lservlet;jsessionid=ac16012b30d61bfdbfeebc0e481b8d8b9f0bd21999d0.e3iSbxaKaheRe38Ka34Oa3eLbxf0n6jAmljGr5XDqQLvpAe HTTP/1.1" 200 12
200.118.11.205 - - [15/Sep/2015:10:27:04 -0500] "POST /forms/lservlet;jsessionid=ac16012b30d61bfdbfeebc0e481b8d8b9f0bd21999d0.e3iSbxaKaheRe38Ka34Oa3eLbxf0n6jAmljGr5XDqQLvpAe HTTP/1.1" 200 7
200.118.11.205 - - [15/Sep/2015:10:27:05 -0500] "POST /forms/lservlet;jsessionid=ac16012b30d61bfdbfeebc0e481b8d8b9f0bd21999d0.e3iSbxaKaheRe38Ka34Oa3eLbxf0n6jAmljGr5XDqQLvpAe HTTP/1.1" 200 12
200.118.11.205 - - [15/Sep/2015:10:27:05 -0500] "POST /forms/lservlet;jsessionid=ac16012b30d61bfdbfeebc0e481b8d8b9f0bd21999d0.e3iSbxaKaheRe38Ka34Oa3eLbxf0n6jAmljGr5XDqQLvpAe HTTP/1.1" 200 7
190.9.201.41 - - [15/Sep/2015:10:27:06 -0500] "POST /forms/lservlet;jsessionid=ac16012b30d6b8f726e8512643a2b84cd0ca827f8c0b.e3iSbxaKaheRe38Ka34Oa3eLbxf0n6jAmljGr5XDqQLvpAe HTTP/1.1" 200 2
200.118.11.205 - - [15/Sep/2015:10:27:06 -0500] "POST /forms/lservlet;jsessionid=ac16012b30d61bfdbfeebc0e481b8d8b9f0bd21999d0.e3iSbxaKaheRe38Ka34Oa3eLbxf0n6jAmljGr5XDqQLvpAe HTTP/1.1" 200 138
200.118.11.205 - - [15/Sep/2015:10:27:06 -0500] "POST /forms/lservlet;jsessionid=ac16012b30d61bfdbfeebc0e481b8d8b9f0bd21999d0.e3iSbxaKaheRe38Ka34Oa3eLbxf0n6jAmljGr5XDqQLvpAe HTTP/1.1" 200 9
201.245.192.253 - - [15/Sep/2015:10:27:07 -0500] "GET /galeria/nivo-slider/themes/default/arrows.png HTTP/1.1" 200 824
201.245.192.253 - - [15/Sep/2015:10:27:07 -0500] "GET /galeria/nivo-slider/themes/default/bullets.png HTTP/1.1" 200 1281
200.118.11.205 - - [15/Sep/2015:10:27:08 -0500] "POST /forms/lservlet;jsessionid=ac16012b30d61bfdbfeebc0e481b8d8b9f0bd21999d0.e3iSbxaKaheRe38Ka34Oa3eLbxf0n6jAmljGr5XDqQLvpAe HTTP/1.1" 200 44
200.118.11.205 - - [15/Sep/2015:10:27:11 -0500] "POST /forms/lservlet;jsessionid=ac16012b30d61bfdbfeebc0e481b8d8b9f0bd21999d0.e3iSbxaKaheRe38Ka34Oa3eLbxf0n6jAmljGr5XDqQLvpAe HTTP/1.1" 200 2
200.118.11.205 - - [15/Sep/2015:10:27:11 -0500] "POST /forms/lservlet;jsessionid=ac16012b30d61bfdbfeebc0e481b8d8b9f0bd21999d0.e3iSbxaKaheRe38Ka34Oa3eLbxf0n6jAmljGr5XDqQLvpAe HTTP/1.1" 200 4266
200.118.11.205 - - [15/Sep/2015:10:27:12 -0500] "POST /forms/lservlet;jsessionid=ac16012b30d61bfdbfeebc0e481b8d8b9f0bd21999d0.e3iSbxaKaheRe38Ka34Oa3eLbxf0n6jAmljGr5XDqQLvpAe HTTP/1.1" 200 2
200.118.11.205 - - [15/Sep/2015:10:27:14 -0500] "POST /forms/lservlet;jsessionid=ac16012b30d61bfdbfeebc0e481b8d8b9f0bd21999d0.e3iSbxaKaheRe38Ka34Oa3eLbxf0n6jAmljGr5XDqQLvpAe HTTP/1.1" 200 2
200.118.11.205 - - [15/Sep/2015:10:27:14 -0500] "POST /forms/lservlet;jsessionid=ac16012b30d61bfdbfeebc0e481b8d8b9f0bd21999d0.e3iSbxaKaheRe38Ka34Oa3eLbxf0n6jAmljGr5XDqQLvpAe HTTP/1.1" 200 2676
200.118.11.205 - - [15/Sep/2015:10:27:14 -0500] "GET /imagenes/Srch_frw.gif HTTP/1.1" 200 925
200.118.11.205 - - [15/Sep/2015:10:27:14 -0500] "POST /forms/lservlet;jsessionid=ac16012b30d61bfdbfeebc0e481b8d8b9f0bd21999d0.e3iSbxaKaheRe38Ka34Oa3eLbxf0n6jAmljGr5XDqQLvpAe HTTP/1.1" 200 10
181.48.74.138 - - [15/Sep/2015:10:27:14 -0500] "GET /galeria/galeria/jquery.fancybox.css?v=2.1.5 HTTP/1.1" 200 4895
181.48.74.138 - - [15/Sep/2015:10:27:14 -0500] "GET /galeria/carrusel/Carrusel/jquery.thumbnailScroller.css HTTP/1.1" 200 2066
181.48.74.138 - - [15/Sep/2015:10:27:14 -0500] "GET /BLA/boletinlegal/js/jquery.scrollShow.js HTTP/1.1" 200 4586
181.48.74.138 - - [15/Sep/2015:10:27:14 -0500] "GET /galeria/galeria/jquery.fancybox.js?v=2.1.5 HTTP/1.1" 200 48706
181.48.74.138 - - [15/Sep/2015:10:27:14 -0500] "GET /galeria/carrusel/Carrusel/jquery-ui-1.8.13.custom.min.js HTTP/1.1" 200 10800
181.48.74.138 - - [15/Sep/2015:10:27:14 -0500] "GET /galeria/carrusel/Carrusel/jquery.thumbnailScroller.js HTTP/1.1" 200 8157
66.249.79.227 - - [15/Sep/2015:10:27:15 -0500] "GET /BLA/resoluciones/AUTOS%202010/0104.pdf HTTP/1.1" 304 -
200.118.11.205 - - [15/Sep/2015:10:27:15 -0500] "POST /forms/lservlet;jsessionid=ac16012b30d61bfdbfeebc0e481b8d8b9f0bd21999d0.e3iSbxaKaheRe38Ka34Oa3eLbxf0n6jAmljGr5XDqQLvpAe HTTP/1.1" 200 7
181.48.74.138 - - [15/Sep/2015:10:27:16 -0500] "GET /galeria/nivo-slider/demo/demo.html HTTP/1.1" 200 4248
200.118.11.205 - - [15/Sep/2015:10:27:16 -0500] "POST /forms/lservlet;jsessionid=ac16012b30d61bfdbfeebc0e481b8d8b9f0bd21999d0.e3iSbxaKaheRe38Ka34Oa3eLbxf0n6jAmljGr5XDqQLvpAe HTTP/1.1" 200 3997
181.48.74.138 - - [15/Sep/2015:10:27:16 -0500] "GET /galeria/nivo-slider/themes/default/default.css HTTP/1.1" 200 1569
181.48.74.138 - - [15/Sep/2015:10:27:16 -0500] "GET /galeria/nivo-slider/themes/pascal/pascal.css HTTP/1.1" 200 2258
181.48.74.138 - - [15/Sep/2015:10:27:16 -0500] "GET /galeria/nivo-slider/themes/orman/orman.css HTTP/1.1" 200 2152
181.48.74.138 - - [15/Sep/2015:10:27:16 -0500] "GET /galeria/nivo-slider/nivo-slider.css HTTP/1.1" 200 1507
181.48.74.138 - - [15/Sep/2015:10:27:16 -0500] "GET /galeria/nivo-slider/demo/style.css HTTP/1.1" 200 2222
181.48.74.138 - - [15/Sep/2015:10:27:16 -0500] "GET /galeria/nivo-slider/demo/scripts/jquery-1.7.1.min.js HTTP/1.1" 200 93868
200.118.11.205 - - [15/Sep/2015:10:27:16 -0500] "POST /forms/lservlet;jsessionid=ac16012b30d61bfdbfeebc0e481b8d8b9f0bd21999d0.e3iSbxaKaheRe38Ka34Oa3eLbxf0n6jAmljGr5XDqQLvpAe HTTP/1.1" 200 2
181.48.74.138 - - [15/Sep/2015:10:27:16 -0500] "GET /galeria/nivo-slider/jquery.nivo.slider.pack.js HTTP/1.1" 200 11561
181.48.74.138 - - [15/Sep/2015:10:27:17 -0500] "GET /galeria/nivo-slider/demo/images/4Simple_Slider.png HTTP/1.1" 200 11722
181.48.74.138 - - [15/Sep/2015:10:27:17 -0500] "GET /galeria/nivo-slider/themes/default/loading.gif HTTP/1.1" 200 1737
181.48.74.138 - - [15/Sep/2015:10:27:18 -0500] "GET /galeria/nivo-slider/demo/images/movilizacion-22-septiembre.jpg HTTP/1.1" 200 71602
181.48.74.138 - - [15/Sep/2015:10:27:18 -0500] "GET /galeria/nivo-slider/demo/images/Banner-ecolecta2015.jpg HTTP/1.1" 200 223335
181.48.74.138 - - [15/Sep/2015:10:27:18 -0500] "GET /galeria/nivo-slider/demo/images/Plan-Quinquenal.jpg HTTP/1.1" 200 412438
181.48.74.138 - - [15/Sep/2015:10:27:19 -0500] "GET /galeria/nivo-slider/demo/images/Foro-Nacional-Ambiente-y-Posconflicto.jpg HTTP/1.1" 200 248595
181.48.74.138 - - [15/Sep/2015:10:27:19 -0500] "GET /galeria/nivo-slider/demo/images/Encuentro-Nacional-Educacion-Nacional.jpg HTTP/1.1" 200 85068
181.48.74.138 - - [15/Sep/2015:10:27:19 -0500] "GET /galeria/nivo-slider/demo/images/Banner-Participaci%C3%B3n-PYBA_sep.jpg HTTP/1.1" 200 172916
181.48.74.138 - - [15/Sep/2015:10:27:21 -0500] "GET /videos/Ecolecta-posconsumo.flv HTTP/1.1" 200 17485724
200.118.11.205 - - [15/Sep/2015:10:27:21 -0500] "POST /forms/lservlet;jsessionid=ac16012b30d61bfdbfeebc0e481b8d8b9f0bd21999d0.e3iSbxaKaheRe38Ka34Oa3eLbxf0n6jAmljGr5XDqQLvpAe HTTP/1.1" 200 2
200.118.11.205 - - [15/Sep/2015:10:27:22 -0500] "POST /forms/lservlet;jsessionid=ac16012b30d61bfdbfeebc0e481b8d8b9f0bd21999d0.e3iSbxaKaheRe38Ka34Oa3eLbxf0n6jAmljGr5XDqQLvpAe HTTP/1.1" 200 2259
201.245.192.253 - - [15/Sep/2015:10:27:22 -0500] "GET /videos/ArchivoSDA.flv HTTP/1.1" 200 31205279
200.118.11.205 - - [15/Sep/2015:10:27:22 -0500] "GET /imagenes/Srch_frw.gif HTTP/1.1" 200 925
200.118.11.205 - - [15/Sep/2015:10:27:22 -0500] "POST /forms/lservlet;jsessionid=ac16012b30d61bfdbfeebc0e481b8d8b9f0bd21999d0.e3iSbxaKaheRe38Ka34Oa3eLbxf0n6jAmljGr5XDqQLvpAe HTTP/1.1" 200 10
190.216.205.50 - - [15/Sep/2015:10:27:22 -0500] "GET /BLA/boletinlegal/js/jquery.scrollShow.js HTTP/1.1" 200 4586
190.216.205.50 - - [15/Sep/2015:10:27:22 -0500] "GET /galeria/galeria/jquery.fancybox.js?v=2.1.5 HTTP/1.1" 200 48706
181.48.74.138 - - [15/Sep/2015:10:27:22 -0500] "GET /galeria/nivo-slider/demo/images/PREDAcamp.jpg HTTP/1.1" 200 295358
190.216.205.50 - - [15/Sep/2015:10:27:23 -0500] "GET /galeria/galeria/jquery.fancybox.css?v=2.1.5 HTTP/1.1" 200 4895
200.118.11.205 - - [15/Sep/2015:10:27:23 -0500] "POST /forms/lservlet;jsessionid=ac16012b30d61bfdbfeebc0e481b8d8b9f0bd21999d0.e3iSbxaKaheRe38Ka34Oa3eLbxf0n6jAmljGr5XDqQLvpAe HTTP/1.1" 200 7
186.80.158.60 - - [15/Sep/2015:10:27:23 -0500] "GET /BLA/resoluciones/RESOLUCIONES%202007/RES%202007%201401%20AL%201500/RESOLUCION%201410%20DE%202007.pdf HTTP/1.1" 200 226083
190.216.205.50 - - [15/Sep/2015:10:27:24 -0500] "GET /galeria/carrusel/Carrusel/jquery.thumbnailScroller.css HTTP/1.1" 200 2066
186.80.158.60 - - [15/Sep/2015:10:27:24 -0500] "GET /favicon.ico HTTP/1.1" 200 7782
190.216.205.50 - - [15/Sep/2015:10:27:24 -0500] "GET /galeria/carrusel/Carrusel/jquery-ui-1.8.13.custom.min.js HTTP/1.1" 200 10800
200.118.11.205 - - [15/Sep/2015:10:27:23 -0500] "POST /forms/lservlet;jsessionid=ac16012b30d61bfdbfeebc0e481b8d8b9f0bd21999d0.e3iSbxaKaheRe38Ka34Oa3eLbxf0n6jAmljGr5XDqQLvpAe HTTP/1.1" 200 3994
181.48.74.138 - - [15/Sep/2015:10:27:24 -0500] "GET /galeria/nivo-slider/demo/images/Semana-PYBA.jpg HTTP/1.1" 200 103786
200.118.11.205 - - [15/Sep/2015:10:27:24 -0500] "POST /forms/lservlet;jsessionid=ac16012b30d61bfdbfeebc0e481b8d8b9f0bd21999d0.e3iSbxaKaheRe38Ka34Oa3eLbxf0n6jAmljGr5XDqQLvpAe HTTP/1.1" 200 2
190.216.205.50 - - [15/Sep/2015:10:27:24 -0500] "GET /galeria/carrusel/Carrusel/jquery.thumbnailScroller.js HTTP/1.1" 200 8157
181.48.74.138 - - [15/Sep/2015:10:27:25 -0500] "GET /galeria/nivo-slider/demo/images/banner-llantas2.jpg HTTP/1.1" 200 204644
190.14.249.174 - - [15/Sep/2015:10:27:25 -0500] "GET /galeria/galeria/jquery.fancybox.css?v=2.1.5 HTTP/1.1" 200 4895
190.14.249.174 - - [15/Sep/2015:10:27:25 -0500] "GET /BLA/boletinlegal/js/jquery.scrollShow.js HTTP/1.1" 200 4586
190.14.249.174 - - [15/Sep/2015:10:27:25 -0500] "GET /galeria/galeria/jquery.fancybox.js?v=2.1.5 HTTP/1.1" 200 48706
46.172.71.251 - - [15/Sep/2015:10:27:25 -0500] "GET /rom-0 HTTP/1.1" 404 1018
200.118.11.205 - - [15/Sep/2015:10:27:25 -0500] "POST /forms/lservlet;jsessionid=ac16012b30d61bfdbfeebc0e481b8d8b9f0bd21999d0.e3iSbxaKaheRe38Ka34Oa3eLbxf0n6jAmljGr5XDqQLvpAe HTTP/1.1" 200 10
190.14.249.174 - - [15/Sep/2015:10:27:25 -0500] "GET /galeria/galeria/jquery.fancybox.js?v=2.1.5 HTTP/1.1" 206 128
181.48.74.138 - - [15/Sep/2015:10:27:25 -0500] "GET /galeria/nivo-slider/demo/images/9Signos.jpg HTTP/1.1" 200 81776
200.118.11.205 - - [15/Sep/2015:10:27:26 -0500] "POST /forms/lservlet;jsessionid=ac16012b30d61bfdbfeebc0e481b8d8b9f0bd21999d0.e3iSbxaKaheRe38Ka34Oa3eLbxf0n6jAmljGr5XDqQLvpAe HTTP/1.1" 200 79
181.48.74.138 - - [15/Sep/2015:10:27:26 -0500] "GET /galeria/nivo-slider/demo/images/Comparendo-ambiental-Banner.jpg HTTP/1.1" 200 83731
190.216.205.50 - - [15/Sep/2015:10:27:26 -0500] "GET /galeria/nivo-slider/demo/demo.html HTTP/1.1" 200 4248
200.118.11.205 - - [15/Sep/2015:10:27:26 -0500] "POST /forms/lservlet;jsessionid=ac16012b30d61bfdbfeebc0e481b8d8b9f0bd21999d0.e3iSbxaKaheRe38Ka34Oa3eLbxf0n6jAmljGr5XDqQLvpAe HTTP/1.1" 200 2
200.118.11.205 - - [15/Sep/2015:10:27:26 -0500] "POST /forms/lservlet;jsessionid=ac16012b30d61bfdbfeebc0e481b8d8b9f0bd21999d0.e3iSbxaKaheRe38Ka34Oa3eLbxf0n6jAmljGr5XDqQLvpAe HTTP/1.1" 200 241
181.48.74.138 - - [15/Sep/2015:10:27:27 -0500] "GET /galeria/nivo-slider/demo/images/Ruta-vertimientos-01.jpg HTTP/1.1" 200 130151
181.48.74.138 - - [15/Sep/2015:10:27:27 -0500] "GET /galeria/nivo-slider/demo/images/bolsas-06.jpg HTTP/1.1" 200 90982
200.118.11.205 - - [15/Sep/2015:10:27:27 -0500] "POST /forms/lservlet;jsessionid=ac16012b30d61bfdbfeebc0e481b8d8b9f0bd21999d0.e3iSbxaKaheRe38Ka34Oa3eLbxf0n6jAmljGr5XDqQLvpAe HTTP/1.1" 200 2
186.80.158.60 - - [15/Sep/2015:10:27:27 -0500] "GET /BLA/resoluciones/RESOLUCIONES%202007/RES%202007%201401%20AL%201500/RESOLUCION%201410%20DE%202007.pdf HTTP/1.1" 206 32768
181.48.74.138 - - [15/Sep/2015:10:27:27 -0500] "GET /galeria/nivo-slider/demo/images/Conoce-los-humedales.jpg HTTP/1.1" 200 294036
181.48.74.138 - - [15/Sep/2015:10:27:27 -0500] "GET /galeria/nivo-slider/demo/images/ecolecta-Dic2014.png HTTP/1.1" 200 288593
200.118.11.205 - - [15/Sep/2015:10:27:27 -0500] "POST /forms/lservlet;jsessionid=ac16012b30d61bfdbfeebc0e481b8d8b9f0bd21999d0.e3iSbxaKaheRe38Ka34Oa3eLbxf0n6jAmljGr5XDqQLvpAe HTTP/1.1" 200 2
200.118.11.205 - - [15/Sep/2015:10:27:28 -0500] "POST /forms/lservlet;jsessionid=ac16012b30d61bfdbfeebc0e481b8d8b9f0bd21999d0.e3iSbxaKaheRe38Ka34Oa3eLbxf0n6jAmljGr5XDqQLvpAe HTTP/1.1" 200 128
190.216.205.50 - - [15/Sep/2015:10:27:28 -0500] "GET /galeria/nivo-slider/themes/default/default.css HTTP/1.1" 200 1569
190.216.205.50 - - [15/Sep/2015:10:27:28 -0500] "GET /galeria/nivo-slider/themes/pascal/pascal.css HTTP/1.1" 200 2258
190.216.205.50 - - [15/Sep/2015:10:27:28 -0500] "GET /galeria/nivo-slider/themes/orman/orman.css HTTP/1.1" 200 2152
190.216.205.50 - - [15/Sep/2015:10:27:29 -0500] "GET /galeria/nivo-slider/nivo-slider.css HTTP/1.1" 200 1507
190.216.205.50 - - [15/Sep/2015:10:27:29 -0500] "GET /galeria/nivo-slider/demo/scripts/jquery-1.7.1.min.js HTTP/1.1" 200 93868
190.216.205.50 - - [15/Sep/2015:10:27:29 -0500] "GET /galeria/nivo-slider/demo/style.css HTTP/1.1" 200 2222
190.216.205.50 - - [15/Sep/2015:10:27:29 -0500] "GET /galeria/nivo-slider/demo/images/movilizacion-22-septiembre.jpg HTTP/1.1" 200 71602
190.216.205.50 - - [15/Sep/2015:10:27:29 -0500] "GET /galeria/nivo-slider/jquery.nivo.slider.pack.js HTTP/1.1" 200 11561
190.216.205.50 - - [15/Sep/2015:10:27:29 -0500] "GET /galeria/nivo-slider/demo/images/Banner-ecolecta2015.jpg HTTP/1.1" 200 223335
190.216.205.50 - - [15/Sep/2015:10:27:29 -0500] "GET /galeria/nivo-slider/demo/images/Plan-Quinquenal.jpg HTTP/1.1" 200 412438
190.216.205.50 - - [15/Sep/2015:10:27:29 -0500] "GET /galeria/nivo-slider/demo/images/4Simple_Slider.png HTTP/1.1" 200 11722
200.118.11.205 - - [15/Sep/2015:10:27:29 -0500] "POST /forms/lservlet;jsessionid=ac16012b30d61bfdbfeebc0e481b8d8b9f0bd21999d0.e3iSbxaKaheRe38Ka34Oa3eLbxf0n6jAmljGr5XDqQLvpAe HTTP/1.1" 200 52
190.216.205.50 - - [15/Sep/2015:10:27:30 -0500] "GET /galeria/nivo-slider/themes/default/loading.gif HTTP/1.1" 200 1737
186.80.158.60 - - [15/Sep/2015:10:27:30 -0500] "GET /BLA/resoluciones/RESOLUCIONES%202007/RES%202007%201401%20AL%201500/RESOLUCION%201410%20DE%202007.pdf HTTP/1.1" 206 193315
200.118.11.205 - - [15/Sep/2015:10:27:30 -0500] "POST /forms/lservlet;jsessionid=ac16012b30d61bfdbfeebc0e481b8d8b9f0bd21999d0.e3iSbxaKaheRe38Ka34Oa3eLbxf0n6jAmljGr5XDqQLvpAe HTTP/1.1" 200 2
190.216.205.50 - - [15/Sep/2015:10:27:30 -0500] "GET /galeria/nivo-slider/demo/images/Foro-Nacional-Ambiente-y-Posconflicto.jpg HTTP/1.1" 200 248595
200.118.11.205 - - [15/Sep/2015:10:27:31 -0500] "POST /forms/lservlet;jsessionid=ac16012b30d61bfdbfeebc0e481b8d8b9f0bd21999d0.e3iSbxaKaheRe38Ka34Oa3eLbxf0n6jAmljGr5XDqQLvpAe HTTP/1.1" 200 2
200.118.11.205 - - [15/Sep/2015:10:27:31 -0500] "POST /forms/lservlet;jsessionid=ac16012b30d61bfdbfeebc0e481b8d8b9f0bd21999d0.e3iSbxaKaheRe38Ka34Oa3eLbxf0n6jAmljGr5XDqQLvpAe HTTP/1.1" 200 2369
190.216.205.50 - - [15/Sep/2015:10:27:31 -0500] "GET /galeria/nivo-slider/demo/images/Encuentro-Nacional-Educacion-Nacional.jpg HTTP/1.1" 200 85068
200.118.11.205 - - [15/Sep/2015:10:27:31 -0500] "GET /imagenes/Srch_frw.gif HTTP/1.1" 200 925
200.118.11.205 - - [15/Sep/2015:10:27:31 -0500] "POST /forms/lservlet;jsessionid=ac16012b30d61bfdbfeebc0e481b8d8b9f0bd21999d0.e3iSbxaKaheRe38Ka34Oa3eLbxf0n6jAmljGr5XDqQLvpAe HTTP/1.1" 200 10
201.245.192.253 - - [15/Sep/2015:10:27:32 -0500] "GET /galeria/galeria/jquery.fancybox.js?v=2.1.5 HTTP/1.1" 304 -
201.245.192.253 - - [15/Sep/2015:10:27:32 -0500] "GET /galeria/galeria/jquery.fancybox.css?v=2.1.5 HTTP/1.1" 304 -
201.245.192.253 - - [15/Sep/2015:10:27:32 -0500] "GET /galeria/nivo-slider/demo/demo.html HTTP/1.1" 200 4248
190.216.205.50 - - [15/Sep/2015:10:27:32 -0500] "GET /galeria/nivo-slider/demo/images/Banner-Participaci%C3%B3n-PYBA_sep.jpg HTTP/1.1" 200 172916
181.61.160.214 - - [15/Sep/2015:10:27:32 -0500] "POST /isolucionsda/Administracion/SalaEdicion/ArticuloMenu.asp HTTP/1.1" 200 18672
200.118.11.205 - - [15/Sep/2015:10:27:33 -0500] "POST /forms/lservlet;jsessionid=ac16012b30d61bfdbfeebc0e481b8d8b9f0bd21999d0.e3iSbxaKaheRe38Ka34Oa3eLbxf0n6jAmljGr5XDqQLvpAe HTTP/1.1" 200 21
200.118.11.205 - - [15/Sep/2015:10:27:33 -0500] "POST /forms/lservlet;jsessionid=ac16012b30d61bfdbfeebc0e481b8d8b9f0bd21999d0.e3iSbxaKaheRe38Ka34Oa3eLbxf0n6jAmljGr5XDqQLvpAe HTTP/1.1" 200 3457
200.118.11.205 - - [15/Sep/2015:10:27:33 -0500] "POST /forms/lservlet;jsessionid=ac16012b30d61bfdbfeebc0e481b8d8b9f0bd21999d0.e3iSbxaKaheRe38Ka34Oa3eLbxf0n6jAmljGr5XDqQLvpAe HTTP/1.1" 200 2
201.245.192.253 - - [15/Sep/2015:10:27:34 -0500] "GET /galeria/nivo-slider/demo/images/movilizacion-22-septiembre.jpg HTTP/1.1" 200 71602
201.245.192.253 - - [15/Sep/2015:10:27:34 -0500] "GET /galeria/nivo-slider/demo/images/Banner-ecolecta2015.jpg HTTP/1.1" 304 -
201.245.192.253 - - [15/Sep/2015:10:27:34 -0500] "GET /galeria/nivo-slider/demo/images/Plan-Quinquenal.jpg HTTP/1.1" 200 412438
201.245.192.253 - - [15/Sep/2015:10:27:34 -0500] "GET /galeria/nivo-slider/demo/images/Banner-Participaci%C3%B3n-PYBA_sep.jpg HTTP/1.1" 304 -
201.245.192.253 - - [15/Sep/2015:10:27:34 -0500] "GET /galeria/nivo-slider/demo/images/Foro-Nacional-Ambiente-y-Posconflicto.jpg HTTP/1.1" 304 -
201.245.192.253 - - [15/Sep/2015:10:27:34 -0500] "GET /galeria/nivo-slider/demo/images/PREDAcamp.jpg HTTP/1.1" 304 -
201.245.192.253 - - [15/Sep/2015:10:27:34 -0500] "GET /galeria/nivo-slider/demo/images/Encuentro-Nacional-Educacion-Nacional.jpg HTTP/1.1" 200 85068
201.245.192.253 - - [15/Sep/2015:10:27:34 -0500] "GET /galeria/nivo-slider/demo/images/Semana-PYBA.jpg HTTP/1.1" 304 -
201.245.192.253 - - [15/Sep/2015:10:27:34 -0500] "GET /galeria/nivo-slider/demo/images/Conoce-los-humedales.jpg HTTP/1.1" 304 -
190.216.205.50 - - [15/Sep/2015:10:27:34 -0500] "GET /galeria/nivo-slider/demo/images/PREDAcamp.jpg HTTP/1.1" 200 295358
190.216.205.50 - - [15/Sep/2015:10:27:34 -0500] "GET /galeria/nivo-slider/demo/images/Semana-PYBA.jpg HTTP/1.1" 200 103786
190.216.205.50 - - [15/Sep/2015:10:27:34 -0500] "GET /galeria/nivo-slider/demo/images/banner-llantas2.jpg HTTP/1.1" 200 204644
190.216.205.50 - - [15/Sep/2015:10:27:34 -0500] "GET /galeria/nivo-slider/demo/images/9Signos.jpg HTTP/1.1" 200 81776
181.48.74.138 - - [15/Sep/2015:10:27:35 -0500] "GET /galeria/nivo-slider/themes/default/arrows.png HTTP/1.1" 200 824
190.216.205.50 - - [15/Sep/2015:10:27:35 -0500] "GET /galeria/nivo-slider/demo/images/Comparendo-ambiental-Banner.jpg HTTP/1.1" 200 83731
181.48.74.138 - - [15/Sep/2015:10:27:35 -0500] "GET /galeria/nivo-slider/themes/default/bullets.png HTTP/1.1" 200 1281
190.216.205.50 - - [15/Sep/2015:10:27:38 -0500] "GET /galeria/nivo-slider/demo/images/Ruta-vertimientos-01.jpg HTTP/1.1" 200 130151
200.118.11.205 - - [15/Sep/2015:10:27:38 -0500] "POST /forms/lservlet;jsessionid=ac16012b30d61bfdbfeebc0e481b8d8b9f0bd21999d0.e3iSbxaKaheRe38Ka34Oa3eLbxf0n6jAmljGr5XDqQLvpAe HTTP/1.1" 200 2
200.118.11.205 - - [15/Sep/2015:10:27:38 -0500] "POST /forms/lservlet;jsessionid=ac16012b30d61bfdbfeebc0e481b8d8b9f0bd21999d0.e3iSbxaKaheRe38Ka34Oa3eLbxf0n6jAmljGr5XDqQLvpAe HTTP/1.1" 200 2391
200.118.11.205 - - [15/Sep/2015:10:27:38 -0500] "GET /imagenes/Srch_frw.gif HTTP/1.1" 200 925
200.118.11.205 - - [15/Sep/2015:10:27:38 -0500] "POST /forms/lservlet;jsessionid=ac16012b30d61bfdbfeebc0e481b8d8b9f0bd21999d0.e3iSbxaKaheRe38Ka34Oa3eLbxf0n6jAmljGr5XDqQLvpAe HTTP/1.1" 200 10
190.216.205.50 - - [15/Sep/2015:10:27:38 -0500] "GET /galeria/nivo-slider/demo/images/bolsas-06.jpg HTTP/1.1" 200 90982
190.216.205.50 - - [15/Sep/2015:10:27:38 -0500] "GET /galeria/nivo-slider/demo/images/Conoce-los-humedales.jpg HTTP/1.1" 200 294036
190.216.205.50 - - [15/Sep/2015:10:27:38 -0500] "GET /galeria/nivo-slider/demo/images/ecolecta-Dic2014.png HTTP/1.1" 200 288593
181.61.160.214 - - [15/Sep/2015:10:27:39 -0500] "POST /isolucionsda/Administracion/SalaEdicion/ArticuloMenu.asp HTTP/1.1" 200 24505
200.118.11.205 - - [15/Sep/2015:10:27:40 -0500] "POST /forms/lservlet;jsessionid=ac16012b30d61bfdbfeebc0e481b8d8b9f0bd21999d0.e3iSbxaKaheRe38Ka34Oa3eLbxf0n6jAmljGr5XDqQLvpAe HTTP/1.1" 200 21
66.249.79.213 - - [15/Sep/2015:10:27:40 -0500] "GET /BLA/resoluciones/RESOLUCIONES%202008/3585.pdf HTTP/1.1" 200 204509
200.118.11.205 - - [15/Sep/2015:10:27:40 -0500] "POST /forms/lservlet;jsessionid=ac16012b30d61bfdbfeebc0e481b8d8b9f0bd21999d0.e3iSbxaKaheRe38Ka34Oa3eLbxf0n6jAmljGr5XDqQLvpAe HTTP/1.1" 200 4143
200.118.11.205 - - [15/Sep/2015:10:27:40 -0500] "POST /forms/lservlet;jsessionid=ac16012b30d61bfdbfeebc0e481b8d8b9f0bd21999d0.e3iSbxaKaheRe38Ka34Oa3eLbxf0n6jAmljGr5XDqQLvpAe HTTP/1.1" 200 2
200.118.11.205 - - [15/Sep/2015:10:27:41 -0500] "POST /forms/lservlet;jsessionid=ac16012b30d61bfdbfeebc0e481b8d8b9f0bd21999d0.e3iSbxaKaheRe38Ka34Oa3eLbxf0n6jAmljGr5XDqQLvpAe HTTP/1.1" 200 10
200.118.11.205 - - [15/Sep/2015:10:27:42 -0500] "POST /forms/lservlet;jsessionid=ac16012b30d61bfdbfeebc0e481b8d8b9f0bd21999d0.e3iSbxaKaheRe38Ka34Oa3eLbxf0n6jAmljGr5XDqQLvpAe HTTP/1.1" 200 72
200.118.11.205 - - [15/Sep/2015:10:27:43 -0500] "POST /forms/lservlet;jsessionid=ac16012b30d61bfdbfeebc0e481b8d8b9f0bd21999d0.e3iSbxaKaheRe38Ka34Oa3eLbxf0n6jAmljGr5XDqQLvpAe HTTP/1.1" 200 2
200.118.11.205 - - [15/Sep/2015:10:27:43 -0500] "POST /forms/lservlet;jsessionid=ac16012b30d61bfdbfeebc0e481b8d8b9f0bd21999d0.e3iSbxaKaheRe38Ka34Oa3eLbxf0n6jAmljGr5XDqQLvpAe HTTP/1.1" 200 241
200.118.11.205 - - [15/Sep/2015:10:27:43 -0500] "POST /forms/lservlet;jsessionid=ac16012b30d61bfdbfeebc0e481b8d8b9f0bd21999d0.e3iSbxaKaheRe38Ka34Oa3eLbxf0n6jAmljGr5XDqQLvpAe HTTP/1.1" 200 2
200.118.11.205 - - [15/Sep/2015:10:27:44 -0500] "POST /forms/lservlet;jsessionid=ac16012b30d61bfdbfeebc0e481b8d8b9f0bd21999d0.e3iSbxaKaheRe38Ka34Oa3eLbxf0n6jAmljGr5XDqQLvpAe HTTP/1.1" 200 2
66.249.79.220 - - [15/Sep/2015:10:27:45 -0500] "GET /BLA/resoluciones/RESOLUCIONES%202014/1878.pdf HTTP/1.1" 200 452070
200.118.11.205 - - [15/Sep/2015:10:27:45 -0500] "POST /forms/lservlet;jsessionid=ac16012b30d61bfdbfeebc0e481b8d8b9f0bd21999d0.e3iSbxaKaheRe38Ka34Oa3eLbxf0n6jAmljGr5XDqQLvpAe HTTP/1.1" 200 128
200.118.11.205 - - [15/Sep/2015:10:27:45 -0500] "POST /forms/lservlet;jsessionid=ac16012b30d61bfdbfeebc0e481b8d8b9f0bd21999d0.e3iSbxaKaheRe38Ka34Oa3eLbxf0n6jAmljGr5XDqQLvpAe HTTP/1.1" 200 52
200.118.11.205 - - [15/Sep/2015:10:27:47 -0500] "POST /forms/lservlet;jsessionid=ac16012b30d61bfdbfeebc0e481b8d8b9f0bd21999d0.e3iSbxaKaheRe38Ka34Oa3eLbxf0n6jAmljGr5XDqQLvpAe HTTP/1.1" 200 2
200.118.11.205 - - [15/Sep/2015:10:27:47 -0500] "POST /forms/lservlet;jsessionid=ac16012b30d61bfdbfeebc0e481b8d8b9f0bd21999d0.e3iSbxaKaheRe38Ka34Oa3eLbxf0n6jAmljGr5XDqQLvpAe HTTP/1.1" 200 2369
200.118.11.205 - - [15/Sep/2015:10:27:47 -0500] "GET /imagenes/Srch_frw.gif HTTP/1.1" 200 925
200.118.11.205 - - [15/Sep/2015:10:27:47 -0500] "POST /forms/lservlet;jsessionid=ac16012b30d61bfdbfeebc0e481b8d8b9f0bd21999d0.e3iSbxaKaheRe38Ka34Oa3eLbxf0n6jAmljGr5XDqQLvpAe HTTP/1.1" 200 10
200.118.11.205 - - [15/Sep/2015:10:27:49 -0500] "POST /forms/lservlet;jsessionid=ac16012b30d61bfdbfeebc0e481b8d8b9f0bd21999d0.e3iSbxaKaheRe38Ka34Oa3eLbxf0n6jAmljGr5XDqQLvpAe HTTP/1.1" 200 21
200.118.11.205 - - [15/Sep/2015:10:27:49 -0500] "POST /forms/lservlet;jsessionid=ac16012b30d61bfdbfeebc0e481b8d8b9f0bd21999d0.e3iSbxaKaheRe38Ka34Oa3eLbxf0n6jAmljGr5XDqQLvpAe HTTP/1.1" 200 3454
200.118.11.205 - - [15/Sep/2015:10:27:49 -0500] "POST /forms/lservlet;jsessionid=ac16012b30d61bfdbfeebc0e481b8d8b9f0bd21999d0.e3iSbxaKaheRe38Ka34Oa3eLbxf0n6jAmljGr5XDqQLvpAe HTTP/1.1" 200 2
181.61.160.214 - - [15/Sep/2015:10:27:52 -0500] "GET /isolucionsda/javascript/ClickValidation.js HTTP/1.1" 404 1245
181.61.160.214 - - [15/Sep/2015:10:27:52 -0500] "GET /isolucionsda/g/Img_Lado01H.gif HTTP/1.1" 200 59
181.61.160.214 - - [15/Sep/2015:10:27:52 -0500] "GET /isolucionsda/JavaScript/Validaciones.js HTTP/1.1" 200 2940
181.61.160.214 - - [15/Sep/2015:10:27:52 -0500] "GET /isolucionsda/g/Img_TitDocumentos.gif HTTP/1.1" 200 109
181.61.160.214 - - [15/Sep/2015:10:27:52 -0500] "GET /isolucionsda/g/Img_Lado02H.gif HTTP/1.1" 200 59
186.154.196.18 - - [15/Sep/2015:10:27:52 -0500] "GET /videos/Ecolecta-posconsumo.flv HTTP/1.0" 200 17485724
181.61.160.214 - - [15/Sep/2015:10:27:52 -0500] "GET /isolucionsda/g/Img_Lado06H.gif HTTP/1.1" 200 44
181.61.160.214 - - [15/Sep/2015:10:27:52 -0500] "GET /isolucionsda/g/Img_Lado03H.gif HTTP/1.1" 200 44
181.61.160.214 - - [15/Sep/2015:10:27:52 -0500] "GET /isolucionsda/g/Img_Lado05H.gif HTTP/1.1" 200 50
181.61.160.214 - - [15/Sep/2015:10:27:52 -0500] "GET /isolucionsda/g/Img_TitFlujo.gif HTTP/1.1" 200 91
181.61.160.214 - - [15/Sep/2015:10:27:52 -0500] "GET /isolucionsda/Administracion/SalaEdicion/g/GifTransparente.gif HTTP/1.1" 404 1245
181.61.160.214 - - [15/Sep/2015:10:27:53 -0500] "GET /isolucionsda/g/Ico_EnviarFlujoDes.gif HTTP/1.1" 200 112
181.61.160.214 - - [15/Sep/2015:10:27:53 -0500] "GET /isolucionsda/g/Ico_Comentario.gif HTTP/1.1" 200 104
190.14.249.174 - - [15/Sep/2015:10:27:53 -0500] "GET /BLA/boletinlegal/js/jquery.scrollShow.js HTTP/1.1" 304 -
190.14.249.174 - - [15/Sep/2015:10:27:53 -0500] "GET /galeria/galeria/jquery.fancybox.css?v=2.1.5 HTTP/1.1" 304 -
190.14.249.174 - - [15/Sep/2015:10:27:53 -0500] "GET /galeria/galeria/jquery.fancybox.js?v=2.1.5 HTTP/1.1" 304 -
181.61.160.214 - - [15/Sep/2015:10:27:53 -0500] "GET /isolucionsda/Administracion/Graficas/vacio1x1.gif HTTP/1.1" 404 1245
181.61.160.214 - - [15/Sep/2015:10:27:53 -0500] "GET /isolucionsda/g/Ico_MarcarNuevo.gif HTTP/1.1" 200 165
181.61.160.214 - - [15/Sep/2015:10:27:51 -0500] "GET /isolucionsda/Administracion/SalaEdicion/HTMLExtendido/tiny_mce.js HTTP/1.1" 200 426003
190.216.205.50 - - [15/Sep/2015:10:27:55 -0500] "GET /galeria/nivo-slider/themes/default/arrows.png HTTP/1.1" 200 824
200.118.11.205 - - [15/Sep/2015:10:27:55 -0500] "POST /forms/lservlet;jsessionid=ac16012b30d61bfdbfeebc0e481b8d8b9f0bd21999d0.e3iSbxaKaheRe38Ka34Oa3eLbxf0n6jAmljGr5XDqQLvpAe HTTP/1.1" 200 2
190.216.205.50 - - [15/Sep/2015:10:27:55 -0500] "GET /galeria/nivo-slider/themes/default/bullets.png HTTP/1.1" 200 1281
200.118.11.205 - - [15/Sep/2015:10:27:55 -0500] "POST /forms/lservlet;jsessionid=ac16012b30d61bfdbfeebc0e481b8d8b9f0bd21999d0.e3iSbxaKaheRe38Ka34Oa3eLbxf0n6jAmljGr5XDqQLvpAe HTTP/1.1" 200 2391
200.118.11.205 - - [15/Sep/2015:10:27:55 -0500] "GET /imagenes/Srch_frw.gif HTTP/1.1" 200 925
200.118.11.205 - - [15/Sep/2015:10:27:55 -0500] "POST /forms/lservlet;jsessionid=ac16012b30d61bfdbfeebc0e481b8d8b9f0bd21999d0.e3iSbxaKaheRe38Ka34Oa3eLbxf0n6jAmljGr5XDqQLvpAe HTTP/1.1" 200 10
181.61.160.214 - - [15/Sep/2015:10:27:55 -0500] "GET /isolucionsda/javascript/ClickValidation.js HTTP/1.1" 404 1245
181.61.160.214 - - [15/Sep/2015:10:27:55 -0500] "GET /isolucionsda/g/Ico_SigVersion.gif HTTP/1.1" 200 226
181.61.160.214 - - [15/Sep/2015:10:27:55 -0500] "GET /isolucionsda/g/Ico_CopiarDoc.gif HTTP/1.1" 200 125
181.61.160.214 - - [15/Sep/2015:10:27:55 -0500] "GET /isolucionsda/g/Ico_SigVersionMenor.gif HTTP/1.1" 200 100
181.61.160.214 - - [15/Sep/2015:10:27:55 -0500] "GET /isolucionsda/g/Ico_Tema.gif HTTP/1.1" 200 167
181.61.160.214 - - [15/Sep/2015:10:27:55 -0500] "GET /isolucionsda/Administracion/Graficas/vacio1x1.gif HTTP/1.1" 404 1245
181.61.160.214 - - [15/Sep/2015:10:27:55 -0500] "GET /isolucionsda/g/Bgr_Lado01.gif HTTP/1.1" 200 45
181.61.160.214 - - [15/Sep/2015:10:27:55 -0500] "GET /isolucionsda/g/Img_Lado04H.gif HTTP/1.1" 200 53
181.61.160.214 - - [15/Sep/2015:10:27:55 -0500] "GET /isolucionsda/Administracion/SalaEdicion/g/GifTransparente.gif HTTP/1.1" 404 1245
200.118.11.205 - - [15/Sep/2015:10:27:56 -0500] "POST /forms/lservlet;jsessionid=ac16012b30d61bfdbfeebc0e481b8d8b9f0bd21999d0.e3iSbxaKaheRe38Ka34Oa3eLbxf0n6jAmljGr5XDqQLvpAe HTTP/1.1" 200 21
200.118.11.205 - - [15/Sep/2015:10:27:56 -0500] "POST /forms/lservlet;jsessionid=ac16012b30d61bfdbfeebc0e481b8d8b9f0bd21999d0.e3iSbxaKaheRe38Ka34Oa3eLbxf0n6jAmljGr5XDqQLvpAe HTTP/1.1" 200 3824
200.118.11.205 - - [15/Sep/2015:10:27:57 -0500] "POST /forms/lservlet;jsessionid=ac16012b30d61bfdbfeebc0e481b8d8b9f0bd21999d0.e3iSbxaKaheRe38Ka34Oa3eLbxf0n6jAmljGr5XDqQLvpAe HTTP/1.1" 200 2
181.61.160.214 - - [15/Sep/2015:10:27:51 -0500] "GET /isolucionsda/Administracion/SalaEdicion/Articulo.asp?Id_Articulo=8326 HTTP/1.1" 200 339215
66.249.79.220 - - [15/Sep/2015:10:27:58 -0500] "GET /BLA/resoluciones/RESOLUCIONES%202009/8047.pdf HTTP/1.1" 200 416512
