!C99Shell v. 1.0 pre-release build #13!

Software: Apache. PHP/5.5.15 

uname -a: Windows NT SVR-DMZ 6.1 build 7600 (Windows Server 2008 R2 Enterprise Edition) i586 

SYSTEM 

Safe-mode: OFF (not secure)

E:\nuevo\apache\logs\   drwxrwxrwx
Free 9.41 GB of 239.26 GB (3.93%)
Detected drives: [ a ] [ c ] [ d ] [ e ] [ f ]
Home    Back    Forward    UPDIR    Refresh    Search    Buffer    Encoder    Tools    Proc.    FTP brute    Sec.    SQL    PHP-code    Update    Feedback    Self remove    Logout    


Viewing file:     access.2015.09.15.log (15.86 MB)      -rw-rw-rw-
Select action/file-type:
(+) | (+) | (+) | Code (+) | Session (+) | (+) | SDB (+) | (+) | (+) | (+) | (+) | (+) |
66.249.79.227 - - [15/Sep/2015:00:00:22 -0500] "GET /BLA/resoluciones/RESOLUCIONES%202010/1617.pdf HTTP/1.1" 304 -
187.150.50.222 - - [15/Sep/2015:00:00:38 -0500] "GET /wp-content/uploads/2015/08/fotos1b.png HTTP/1.1" 301 362
187.150.50.222 - - [15/Sep/2015:00:00:38 -0500] "GET /wp-content/uploads/2015/08/danos.png HTTP/1.1" 301 360
187.150.50.222 - - [15/Sep/2015:00:00:38 -0500] "GET /wp-content/uploads/2015/07/UNO.png HTTP/1.1" 301 358
187.150.50.222 - - [15/Sep/2015:00:00:38 -0500] "GET /wp-content/uploads/2015/08/banner2.png HTTP/1.1" 301 362
187.150.50.222 - - [15/Sep/2015:00:00:38 -0500] "GET /wp-content/uploads/2015/08/fotos3b.png HTTP/1.1" 301 362
187.150.50.222 - - [15/Sep/2015:00:00:38 -0500] "GET /wp-content/uploads/2015/08/fotos2b.png HTTP/1.1" 301 362
187.150.50.222 - - [15/Sep/2015:00:00:38 -0500] "GET /wp-content/uploads/2015/07/CUARTO.png HTTP/1.1" 301 361
187.150.50.222 - - [15/Sep/2015:00:00:38 -0500] "GET /wp-content/uploads/2015/07/TERCER.png HTTP/1.1" 301 361
187.150.50.222 - - [15/Sep/2015:00:00:38 -0500] "GET /wp-content/uploads/2015/07/logos.png HTTP/1.1" 301 360
187.150.50.222 - - [15/Sep/2015:00:00:38 -0500] "GET /wp-content/uploads/2015/07/imagencum.png HTTP/1.1" 301 364
187.150.50.222 - - [15/Sep/2015:00:00:38 -0500] "GET /wp-content/uploads/2015/07/DOS.png HTTP/1.1" 301 358
187.150.50.222 - - [15/Sep/2015:00:00:38 -0500] "GET /wp-content/uploads/2015/07/recuadro_1.jpg HTTP/1.1" 301 365
187.150.50.222 - - [15/Sep/2015:00:00:38 -0500] "GET /wp-content/uploads/2015/07/franja.jpg HTTP/1.1" 301 361
187.150.50.222 - - [15/Sep/2015:00:00:38 -0500] "GET /wp-content/uploads/2015/07/cuadro-azulconverde.png HTTP/1.1" 301 374
187.150.50.222 - - [15/Sep/2015:00:00:38 -0500] "GET /wp-content/uploads/2015/07/logovamospa.png HTTP/1.1" 301 366
187.150.50.222 - - [15/Sep/2015:00:00:38 -0500] "GET /wp-content/uploads/2015/06/Untitled-1.png HTTP/1.1" 301 365
187.150.50.222 - - [15/Sep/2015:00:00:38 -0500] "GET /wp-content/uploads/2015/07/logocambio.png HTTP/1.1" 301 365
190.9.201.41 - - [15/Sep/2015:00:01:25 -0500] "POST /forms/lservlet;jsessionid=ac16012b30d6eac83bf72cbe4d708549c62caab65f26.e3iSbxaKaheRe38Ka34Oa3eLbxf0n6jAmljGr5XDqQLvpAe HTTP/1.1" 200 124
66.249.79.87 - - [15/Sep/2015:00:00:31 -0500] "GET /BLA/boletinlegal/index.php HTTP/1.1" 200 49099
190.9.201.41 - - [15/Sep/2015:00:01:27 -0500] "POST /forms/lservlet;jsessionid=ac16012b30d6eac83bf72cbe4d708549c62caab65f26.e3iSbxaKaheRe38Ka34Oa3eLbxf0n6jAmljGr5XDqQLvpAe HTTP/1.1" 200 2330
190.9.201.41 - - [15/Sep/2015:00:01:29 -0500] "POST /forms/lservlet;jsessionid=ac16012b30d6eac83bf72cbe4d708549c62caab65f26.e3iSbxaKaheRe38Ka34Oa3eLbxf0n6jAmljGr5XDqQLvpAe HTTP/1.1" 200 27
190.9.201.41 - - [15/Sep/2015:00:01:31 -0500] "POST /forms/lservlet;jsessionid=ac16012b30d6eac83bf72cbe4d708549c62caab65f26.e3iSbxaKaheRe38Ka34Oa3eLbxf0n6jAmljGr5XDqQLvpAe HTTP/1.1" 200 21
190.9.201.41 - - [15/Sep/2015:00:01:31 -0500] "POST /forms/lservlet;jsessionid=ac16012b30d6eac83bf72cbe4d708549c62caab65f26.e3iSbxaKaheRe38Ka34Oa3eLbxf0n6jAmljGr5XDqQLvpAe HTTP/1.1" 200 14
190.9.201.41 - - [15/Sep/2015:00:01:32 -0500] "POST /forms/lservlet;jsessionid=ac16012b30d6eac83bf72cbe4d708549c62caab65f26.e3iSbxaKaheRe38Ka34Oa3eLbxf0n6jAmljGr5XDqQLvpAe HTTP/1.1" 200 14
190.9.201.41 - - [15/Sep/2015:00:01:34 -0500] "POST /forms/lservlet;jsessionid=ac16012b30d6eac83bf72cbe4d708549c62caab65f26.e3iSbxaKaheRe38Ka34Oa3eLbxf0n6jAmljGr5XDqQLvpAe HTTP/1.1" 200 14
190.9.201.41 - - [15/Sep/2015:00:01:35 -0500] "POST /forms/lservlet;jsessionid=ac16012b30d6eac83bf72cbe4d708549c62caab65f26.e3iSbxaKaheRe38Ka34Oa3eLbxf0n6jAmljGr5XDqQLvpAe HTTP/1.1" 200 14
190.9.201.41 - - [15/Sep/2015:00:01:37 -0500] "POST /forms/lservlet;jsessionid=ac16012b30d6eac83bf72cbe4d708549c62caab65f26.e3iSbxaKaheRe38Ka34Oa3eLbxf0n6jAmljGr5XDqQLvpAe HTTP/1.1" 200 4484
190.9.201.41 - - [15/Sep/2015:00:01:37 -0500] "POST /forms/lservlet;jsessionid=ac16012b30d6eac83bf72cbe4d708549c62caab65f26.e3iSbxaKaheRe38Ka34Oa3eLbxf0n6jAmljGr5XDqQLvpAe HTTP/1.1" 200 20
66.249.79.227 - - [15/Sep/2015:00:01:43 -0500] "GET /BLA/resoluciones/AUTOS%202008/2120.pdf HTTP/1.1" 200 149957
66.249.79.227 - - [15/Sep/2015:00:01:44 -0500] "GET /BLA/resoluciones/RESOLUCIONES%202009/2187.pdf HTTP/1.1" 200 622188
66.249.79.227 - - [15/Sep/2015:00:01:45 -0500] "GET /BLA/resoluciones/AUTOS%202008/3154.pdf HTTP/1.1" 200 73654
66.249.79.227 - - [15/Sep/2015:00:01:48 -0500] "GET /BLA/resoluciones/AUTOS%202010/5471.pdf HTTP/1.1" 200 200754
66.249.79.213 - - [15/Sep/2015:00:01:59 -0500] "GET /BLA/resoluciones/AUTOS%202008/0086.pdf HTTP/1.1" 200 86925
190.9.201.41 - - [15/Sep/2015:00:02:01 -0500] "POST /forms/lservlet;jsessionid=ac16012b30d6eac83bf72cbe4d708549c62caab65f26.e3iSbxaKaheRe38Ka34Oa3eLbxf0n6jAmljGr5XDqQLvpAe HTTP/1.1" 200 107
74.86.158.107 - - [15/Sep/2015:00:02:10 -0500] "HEAD / HTTP/1.1" 200 -
66.249.79.213 - - [15/Sep/2015:00:02:28 -0500] "GET /BLA/resoluciones/RESOLUCIONES%202005/RES%202005%20651-700/00000675.tif HTTP/1.1" 200 189100
66.249.79.213 - - [15/Sep/2015:00:02:31 -0500] "GET /BLA/resoluciones/AUTOS%202008/1722.pdf HTTP/1.1" 200 239914
190.9.201.41 - - [15/Sep/2015:00:02:52 -0500] "POST /forms/lservlet;jsessionid=ac16012b30d6eac83bf72cbe4d708549c62caab65f26.e3iSbxaKaheRe38Ka34Oa3eLbxf0n6jAmljGr5XDqQLvpAe HTTP/1.1" 200 142
181.128.194.48 - - [15/Sep/2015:00:03:01 -0500] "GET /POT-2013/Cartografia/29_EDIFICABILIDAD.pdf HTTP/1.1" 200 3041378
181.128.194.48 - - [15/Sep/2015:00:03:01 -0500] "GET /POT-2013/Cartografia/29_EDIFICABILIDAD.pdf HTTP/1.1" 206 26722
181.128.194.48 - - [15/Sep/2015:00:03:02 -0500] "GET /POT-2013/Cartografia/29_EDIFICABILIDAD.pdf HTTP/1.1" 206 65536
181.128.194.48 - - [15/Sep/2015:00:03:02 -0500] "GET /POT-2013/Cartografia/29_EDIFICABILIDAD.pdf HTTP/1.1" 206 262144
181.128.194.48 - - [15/Sep/2015:00:03:02 -0500] "GET /POT-2013/Cartografia/29_EDIFICABILIDAD.pdf HTTP/1.1" 206 131072
181.128.194.48 - - [15/Sep/2015:00:03:02 -0500] "GET /POT-2013/Cartografia/29_EDIFICABILIDAD.pdf HTTP/1.1" 206 196608
181.128.194.48 - - [15/Sep/2015:00:03:02 -0500] "GET /POT-2013/Cartografia/29_EDIFICABILIDAD.pdf HTTP/1.1" 206 65536
181.128.194.48 - - [15/Sep/2015:00:03:03 -0500] "GET /POT-2013/Cartografia/29_EDIFICABILIDAD.pdf HTTP/1.1" 206 65536
181.128.194.48 - - [15/Sep/2015:00:03:03 -0500] "GET /POT-2013/Cartografia/29_EDIFICABILIDAD.pdf HTTP/1.1" 206 589824
181.128.194.48 - - [15/Sep/2015:00:03:03 -0500] "GET /POT-2013/Cartografia/29_EDIFICABILIDAD.pdf HTTP/1.1" 206 65536
181.128.194.48 - - [15/Sep/2015:00:03:04 -0500] "GET /POT-2013/Cartografia/29_EDIFICABILIDAD.pdf HTTP/1.1" 206 131072
181.128.194.48 - - [15/Sep/2015:00:03:06 -0500] "GET /POT-2013/Cartografia/29_EDIFICABILIDAD.pdf HTTP/1.1" 206 65536
181.128.194.48 - - [15/Sep/2015:00:03:06 -0500] "GET /POT-2013/Cartografia/29_EDIFICABILIDAD.pdf HTTP/1.1" 206 65536
181.128.194.48 - - [15/Sep/2015:00:03:06 -0500] "GET /POT-2013/Cartografia/29_EDIFICABILIDAD.pdf HTTP/1.1" 206 65536
181.128.194.48 - - [15/Sep/2015:00:03:06 -0500] "GET /POT-2013/Cartografia/29_EDIFICABILIDAD.pdf HTTP/1.1" 206 65536
181.128.194.48 - - [15/Sep/2015:00:03:06 -0500] "GET /POT-2013/Cartografia/29_EDIFICABILIDAD.pdf HTTP/1.1" 206 393216
181.128.194.48 - - [15/Sep/2015:00:03:07 -0500] "GET /POT-2013/Cartografia/29_EDIFICABILIDAD.pdf HTTP/1.1" 206 65536
181.128.194.48 - - [15/Sep/2015:00:03:11 -0500] "GET /favicon.ico HTTP/1.1" 200 7782
190.9.201.41 - - [15/Sep/2015:00:03:33 -0500] "POST /forms/lservlet;jsessionid=ac16012b30d6eac83bf72cbe4d708549c62caab65f26.e3iSbxaKaheRe38Ka34Oa3eLbxf0n6jAmljGr5XDqQLvpAe HTTP/1.1" 200 2
190.9.201.41 - - [15/Sep/2015:00:03:41 -0500] "POST /forms/lservlet;jsessionid=ac16012b30d6eac83bf72cbe4d708549c62caab65f26.e3iSbxaKaheRe38Ka34Oa3eLbxf0n6jAmljGr5XDqQLvpAe HTTP/1.1" 200 97
190.9.201.41 - - [15/Sep/2015:00:03:44 -0500] "POST /forms/lservlet;jsessionid=ac16012b30d6eac83bf72cbe4d708549c62caab65f26.e3iSbxaKaheRe38Ka34Oa3eLbxf0n6jAmljGr5XDqQLvpAe HTTP/1.1" 200 117
190.9.201.41 - - [15/Sep/2015:00:03:47 -0500] "POST /forms/lservlet;jsessionid=ac16012b30d6eac83bf72cbe4d708549c62caab65f26.e3iSbxaKaheRe38Ka34Oa3eLbxf0n6jAmljGr5XDqQLvpAe HTTP/1.1" 200 105
190.62.119.201 - - [15/Sep/2015:00:04:38 -0500] "GET /BLA/boletinlegal/js/jquery.scrollShow.js HTTP/1.1" 200 4586
181.131.55.154 - - [15/Sep/2015:00:04:43 -0500] "GET /BLA/boletinlegal/consulta.php?menu=publicidad HTTP/1.1" 200 25319
66.249.79.227 - - [15/Sep/2015:00:04:53 -0500] "GET / HTTP/1.1" 200 10190
66.249.79.227 - - [15/Sep/2015:00:04:54 -0500] "GET /BLA/resoluciones/RESOLUCIONES%202007/RES%202007%202901%20AL%203000/RESOLUCION%202928%20DE%202007.pdf HTTP/1.1" 200 245301
201.245.226.102 - - [15/Sep/2015:00:05:05 -0500] "GET /BLA/resoluciones/AUTOS%202013/3199.pdf HTTP/1.1" 200 732771
201.245.226.102 - - [15/Sep/2015:00:05:05 -0500] "GET /favicon.ico HTTP/1.1" 200 7782
201.245.226.102 - - [15/Sep/2015:00:05:06 -0500] "GET /BLA/resoluciones/AUTOS%202013/3199.pdf HTTP/1.1" 206 32768
201.245.226.102 - - [15/Sep/2015:00:05:07 -0500] "GET /BLA/resoluciones/AUTOS%202013/3199.pdf HTTP/1.1" 206 700003
66.249.79.213 - - [15/Sep/2015:00:05:07 -0500] "GET /BLA/resoluciones/AUTOS%202011/4863.pdf HTTP/1.1" 200 210514
190.9.201.41 - - [15/Sep/2015:00:05:33 -0500] "POST /forms/lservlet;jsessionid=ac16012b30d6eac83bf72cbe4d708549c62caab65f26.e3iSbxaKaheRe38Ka34Oa3eLbxf0n6jAmljGr5XDqQLvpAe HTTP/1.1" 200 2
66.249.79.213 - - [15/Sep/2015:00:05:34 -0500] "GET /BLA/resoluciones/AUTOS%202012/0743.pdf HTTP/1.1" 200 172066
66.249.79.213 - - [15/Sep/2015:00:05:48 -0500] "GET /BLA/resoluciones/RESOLUCIONES%202009/6593.pdf HTTP/1.1" 304 -
66.249.79.213 - - [15/Sep/2015:00:05:48 -0500] "GET /BLA/resoluciones/AUTOS%202012/0524.pdf HTTP/1.1" 304 -
66.249.79.227 - - [15/Sep/2015:00:06:14 -0500] "GET /BLA/resoluciones/RESOLUCIONES%202012/1055.pdf HTTP/1.1" 200 1162207
74.86.158.107 - - [15/Sep/2015:00:07:10 -0500] "HEAD / HTTP/1.1" 200 -
190.9.201.41 - - [15/Sep/2015:00:07:33 -0500] "POST /forms/lservlet;jsessionid=ac16012b30d6eac83bf72cbe4d708549c62caab65f26.e3iSbxaKaheRe38Ka34Oa3eLbxf0n6jAmljGr5XDqQLvpAe HTTP/1.1" 200 2
186.87.172.186 - - [15/Sep/2015:00:07:51 -0500] "GET /BLA/resoluciones/RESOLUCIONES%202007/RES%202007%203201%20AL%203300/RESOLUCION%203288%20DE%202007.pdf HTTP/1.1" 200 50972
186.87.172.186 - - [15/Sep/2015:00:07:52 -0500] "GET /favicon.ico HTTP/1.1" 200 7782
66.249.79.220 - - [15/Sep/2015:00:08:03 -0500] "GET /BLA/resoluciones/RESOLUCIONES%202010/0242.pdf HTTP/1.1" 304 -
66.249.79.146 - - [15/Sep/2015:00:08:07 -0500] "GET /ngg_tag/bogota/nggallery/thumbnails/page/1 HTTP/1.1" 301 366
66.249.79.93 - - [15/Sep/2015:00:08:10 -0500] "GET /Anexos%20estudio%20Organizacional%20SDA/index.php?dir=ANEXO+No.+1-+NORMAS+LEGALES+DE+ESTRUCTURA+Y+PLANTA%2FRESE%D1A+HIST%D3RICA+SDA-NORMAS%2FDecreto+562+de+2006+-+Establece+planta+de+cargos+de+SDA.jsp_files%2F HTTP/1.1" 200 11289
152.61.193.99 - - [15/Sep/2015:00:08:32 -0500] "HEAD / HTTP/1.1" 200 -
152.61.193.99 - - [15/Sep/2015:00:08:33 -0500] "GET /arcgis/services/Calidad_del_Agua_WQI/MapServer/WMSServer?SERVICE=WMS&REQUEST=GetCapabilities HTTP/1.1" 200 32135
152.61.193.99 - - [15/Sep/2015:00:08:33 -0500] "GET /arcgis/services/Calidad_del_Agua_WQI/MapServer/WMSServer?SERVICE=WMS&REQUEST=GetCapabilities HTTP/1.1" 200 32135
152.61.193.99 - - [15/Sep/2015:00:08:34 -0500] "GET /arcgis/services/Calidad_del_Agua_WQI/MapServer/WMSServer?SERVICE=WMS&REQUEST=GetCapabilities HTTP/1.1" 200 32135
152.61.193.99 - - [15/Sep/2015:00:08:35 -0500] "GET /arcgis/services/Calidad_del_Agua_WQI/MapServer/WMSServer?SERVICE=WMS&REQUEST=GetCapabilities HTTP/1.1" 200 32135
152.61.193.99 - - [15/Sep/2015:00:08:36 -0500] "GET /arcgis/services/Calidad_del_Agua_WQI/MapServer/WMSServer?VERSION=1.1.1&REQUEST=GetMap&LAYERS=0&SRS=EPSG:4326&BBOX=-74.473395,3.674381,-73.963300,4.920569&WIDTH=250&HEIGHT=250&FORMAT=image/bmp&STYLES=& HTTP/1.1" 200 188054
66.249.79.220 - - [15/Sep/2015:00:08:47 -0500] "GET /BLA/resoluciones/RESOLUCIONES%202007/RES%202007%20801%20AL%20900/RESOLUCION%200870%20DE%202007.pdf HTTP/1.1" 200 354049
66.249.79.227 - - [15/Sep/2015:00:09:03 -0500] "GET /BLA/resoluciones/AUTOS%202008/0520.pdf HTTP/1.1" 304 -
190.9.201.41 - - [15/Sep/2015:00:09:11 -0500] "POST /forms/lservlet;jsessionid=ac16012b30d6eac83bf72cbe4d708549c62caab65f26.e3iSbxaKaheRe38Ka34Oa3eLbxf0n6jAmljGr5XDqQLvpAe HTTP/1.1" 200 2
190.9.201.41 - - [15/Sep/2015:00:09:11 -0500] "POST /forms/lservlet;jsessionid=ac16012b30d6eac83bf72cbe4d708549c62caab65f26.e3iSbxaKaheRe38Ka34Oa3eLbxf0n6jAmljGr5XDqQLvpAe HTTP/1.1" 200 90
190.9.201.41 - - [15/Sep/2015:00:09:11 -0500] "POST /forms/lservlet;jsessionid=ac16012b30d6eac83bf72cbe4d708549c62caab65f26.e3iSbxaKaheRe38Ka34Oa3eLbxf0n6jAmljGr5XDqQLvpAe HTTP/1.1" 200 2
190.9.201.41 - - [15/Sep/2015:00:09:12 -0500] "POST /forms/lservlet;jsessionid=ac16012b30d6eac83bf72cbe4d708549c62caab65f26.e3iSbxaKaheRe38Ka34Oa3eLbxf0n6jAmljGr5XDqQLvpAe HTTP/1.1" 200 2
190.9.201.41 - - [15/Sep/2015:00:09:13 -0500] "POST /forms/lservlet;jsessionid=ac16012b30d6eac83bf72cbe4d708549c62caab65f26.e3iSbxaKaheRe38Ka34Oa3eLbxf0n6jAmljGr5XDqQLvpAe HTTP/1.1" 200 20
190.9.201.41 - - [15/Sep/2015:00:09:14 -0500] "POST /forms/lservlet;jsessionid=ac16012b30d6eac83bf72cbe4d708549c62caab65f26.e3iSbxaKaheRe38Ka34Oa3eLbxf0n6jAmljGr5XDqQLvpAe HTTP/1.1" 200 2
190.9.201.41 - - [15/Sep/2015:00:09:14 -0500] "POST /forms/lservlet;jsessionid=ac16012b30d6eac83bf72cbe4d708549c62caab65f26.e3iSbxaKaheRe38Ka34Oa3eLbxf0n6jAmljGr5XDqQLvpAe HTTP/1.1" 200 14
190.9.201.41 - - [15/Sep/2015:00:09:15 -0500] "POST /forms/lservlet;jsessionid=ac16012b30d6eac83bf72cbe4d708549c62caab65f26.e3iSbxaKaheRe38Ka34Oa3eLbxf0n6jAmljGr5XDqQLvpAe HTTP/1.1" 200 14
190.9.201.41 - - [15/Sep/2015:00:09:16 -0500] "POST /forms/lservlet;jsessionid=ac16012b30d6eac83bf72cbe4d708549c62caab65f26.e3iSbxaKaheRe38Ka34Oa3eLbxf0n6jAmljGr5XDqQLvpAe HTTP/1.1" 200 94
190.9.201.41 - - [15/Sep/2015:00:09:17 -0500] "POST /forms/lservlet;jsessionid=ac16012b30d6eac83bf72cbe4d708549c62caab65f26.e3iSbxaKaheRe38Ka34Oa3eLbxf0n6jAmljGr5XDqQLvpAe HTTP/1.1" 200 7
66.249.79.220 - - [15/Sep/2015:00:09:17 -0500] "GET /BLA/resoluciones/RESOLUCIONES%202008/4877.pdf HTTP/1.1" 304 -
190.9.201.41 - - [15/Sep/2015:00:09:29 -0500] "GET /reports/rwservlet/getjobid360403?server=rep_srvapsda HTTP/1.1" 200 52450
190.9.201.41 - - [15/Sep/2015:00:09:30 -0500] "POST /forms/lservlet;jsessionid=ac16012b30d6eac83bf72cbe4d708549c62caab65f26.e3iSbxaKaheRe38Ka34Oa3eLbxf0n6jAmljGr5XDqQLvpAe HTTP/1.1" 200 2
190.9.201.41 - - [15/Sep/2015:00:09:30 -0500] "POST /forms/lservlet;jsessionid=ac16012b30d6eac83bf72cbe4d708549c62caab65f26.e3iSbxaKaheRe38Ka34Oa3eLbxf0n6jAmljGr5XDqQLvpAe HTTP/1.1" 200 99
190.9.201.41 - - [15/Sep/2015:00:09:31 -0500] "POST /forms/lservlet;jsessionid=ac16012b30d6eac83bf72cbe4d708549c62caab65f26.e3iSbxaKaheRe38Ka34Oa3eLbxf0n6jAmljGr5XDqQLvpAe HTTP/1.1" 200 7
190.9.201.41 - - [15/Sep/2015:00:09:31 -0500] "GET /reports/rwservlet/getjobid360404?server=rep_srvapsda HTTP/1.1" 200 83777
190.9.201.41 - - [15/Sep/2015:00:09:33 -0500] "POST /forms/lservlet;jsessionid=ac16012b30d6eac83bf72cbe4d708549c62caab65f26.e3iSbxaKaheRe38Ka34Oa3eLbxf0n6jAmljGr5XDqQLvpAe HTTP/1.1" 200 2
190.9.201.41 - - [15/Sep/2015:00:09:57 -0500] "POST /forms/lservlet;jsessionid=ac16012b30d6eac83bf72cbe4d708549c62caab65f26.e3iSbxaKaheRe38Ka34Oa3eLbxf0n6jAmljGr5XDqQLvpAe HTTP/1.1" 200 2
190.9.201.41 - - [15/Sep/2015:00:09:57 -0500] "POST /forms/lservlet;jsessionid=ac16012b30d6eac83bf72cbe4d708549c62caab65f26.e3iSbxaKaheRe38Ka34Oa3eLbxf0n6jAmljGr5XDqQLvpAe HTTP/1.1" 200 14
190.9.201.41 - - [15/Sep/2015:00:10:01 -0500] "POST /forms/lservlet;jsessionid=ac16012b30d6eac83bf72cbe4d708549c62caab65f26.e3iSbxaKaheRe38Ka34Oa3eLbxf0n6jAmljGr5XDqQLvpAe HTTP/1.1" 200 65
190.9.201.41 - - [15/Sep/2015:00:10:01 -0500] "POST /forms/lservlet;jsessionid=ac16012b30d6eac83bf72cbe4d708549c62caab65f26.e3iSbxaKaheRe38Ka34Oa3eLbxf0n6jAmljGr5XDqQLvpAe HTTP/1.1" 200 7
190.26.192.21 - - [15/Sep/2015:00:10:13 -0500] "GET /BLA/resoluciones/RESOLUCIONES%202007/RES%202007%203001%20AL%203100/RESOLUCION%203030%20DE%202007.pdf HTTP/1.1" 200 1279313
190.26.192.21 - - [15/Sep/2015:00:10:13 -0500] "GET /favicon.ico HTTP/1.1" 200 7782
190.26.192.21 - - [15/Sep/2015:00:10:13 -0500] "GET /BLA/resoluciones/RESOLUCIONES%202007/RES%202007%203001%20AL%203100/RESOLUCION%203030%20DE%202007.pdf HTTP/1.1" 206 32768
190.26.192.21 - - [15/Sep/2015:00:10:13 -0500] "GET /BLA/resoluciones/RESOLUCIONES%202007/RES%202007%203001%20AL%203100/RESOLUCION%203030%20DE%202007.pdf HTTP/1.1" 206 1246545
181.135.200.166 - - [15/Sep/2015:00:10:24 -0500] "GET /BLA/boletinlegal/consulta_actos.php?tipo=resoluciones&no=&usuario=&sector=VERTIMIENTOS&fecha=2014&resuelve= HTTP/1.1" 200 33890
66.249.79.220 - - [15/Sep/2015:00:10:46 -0500] "GET /BLA/resoluciones/RESOLUCIONES%202007/RES%202007%202301%20AL%202400/RESOLUCION%202331%20DE%202007.pdf HTTP/1.1" 200 109526
66.249.79.213 - - [15/Sep/2015:00:11:10 -0500] "GET /BLA/resoluciones/RESOLUCIONES%202005/RES%202005%20651-700/00000682.tif HTTP/1.1" 200 81820
66.249.79.220 - - [15/Sep/2015:00:11:12 -0500] "GET /BLA/resoluciones/RESOLUCIONES%202012/1309.pdf HTTP/1.1" 200 944414
66.249.79.227 - - [15/Sep/2015:00:11:15 -0500] "GET /BLA/resoluciones/AUTOS%202007/0226.pdf HTTP/1.1" 200 32240
66.249.79.227 - - [15/Sep/2015:00:11:31 -0500] "GET /BLA/resoluciones/RESOLUCIONES%202007/RES%202007%202101%20AL%202200/RESOLUCION%202171%20DE%202007.pdf HTTP/1.1" 200 687939
190.9.201.41 - - [15/Sep/2015:00:11:34 -0500] "POST /forms/lservlet;jsessionid=ac16012b30d6eac83bf72cbe4d708549c62caab65f26.e3iSbxaKaheRe38Ka34Oa3eLbxf0n6jAmljGr5XDqQLvpAe HTTP/1.1" 200 2
181.135.200.166 - - [15/Sep/2015:00:11:47 -0500] "GET /BLA/resoluciones/RESOLUCIONES%202014/2024.pdf HTTP/1.1" 200 713794
181.135.200.166 - - [15/Sep/2015:00:11:48 -0500] "GET /BLA/resoluciones/RESOLUCIONES%202014/2024.pdf HTTP/1.1" 206 32768
66.249.79.213 - - [15/Sep/2015:00:11:49 -0500] "GET /BLA/resoluciones/RESOLUCIONES%202008/5419.pdf HTTP/1.1" 200 205432
181.135.200.166 - - [15/Sep/2015:00:11:56 -0500] "GET /BLA/resoluciones/RESOLUCIONES%202014/2024.pdf HTTP/1.1" 206 681026
66.249.79.81 - - [15/Sep/2015:00:12:08 -0500] "GET / HTTP/1.1" 200 10190
74.86.158.107 - - [15/Sep/2015:00:12:10 -0500] "HEAD / HTTP/1.1" 200 -
66.249.79.81 - - [15/Sep/2015:00:12:20 -0500] "GET /Anexos%20estudio%20Organizacional%20SDA/ANEXO%20No.%201-%20NORMAS%20LEGALES%20DE%20ESTRUCTURA%20Y%20PLANTA/RESE%C3%91A%20HIST%C3%93RICA%20SDA-NORMAS/Decreto%20561%20de%202006%20-%20Establece%20estructura%20de%20la%20SDA.jsp_files/play.png HTTP/1.1" 200 1218
66.249.79.220 - - [15/Sep/2015:00:12:26 -0500] "GET /BLA/resoluciones/RESOLUCIONES%202012/0195.pdf HTTP/1.1" 304 -
66.249.79.81 - - [15/Sep/2015:00:12:49 -0500] "GET /Autoliquidacion/index.php?dir=Grupo%20Forestal%20-%20Industria%20de%20la%20Madera/&sort=date&order=asc HTTP/1.1" 200 6556
173.252.88.91 - - [15/Sep/2015:00:13:16 -0500] "GET /wp-content/uploads/2015/08/fondo.png HTTP/1.1" 301 360
66.249.79.227 - - [15/Sep/2015:00:13:25 -0500] "GET /galeria/nivo-slider/themes/default/default.css HTTP/1.1" 200 1569
66.249.79.213 - - [15/Sep/2015:00:13:26 -0500] "GET /galeria/nivo-slider/jquery.nivo.slider.pack.js HTTP/1.1" 200 11561
66.249.79.220 - - [15/Sep/2015:00:13:27 -0500] "GET /galeria/nivo-slider/demo/style.css HTTP/1.1" 200 2222
66.249.79.220 - - [15/Sep/2015:00:13:28 -0500] "GET /galeria/nivo-slider/demo/scripts/jquery-1.7.1.min.js HTTP/1.1" 200 93868
66.249.79.220 - - [15/Sep/2015:00:13:28 -0500] "GET /BLA/boletinlegal/js/jquery.scrollShow.js HTTP/1.1" 200 4586
66.249.79.220 - - [15/Sep/2015:00:13:29 -0500] "GET /galeria/carrusel/Carrusel/jquery-ui-1.8.13.custom.min.js HTTP/1.1" 200 10800
66.249.79.213 - - [15/Sep/2015:00:13:30 -0500] "GET /galeria/nivo-slider/themes/pascal/pascal.css HTTP/1.1" 200 2258
66.249.79.227 - - [15/Sep/2015:00:13:31 -0500] "GET /galeria/nivo-slider/nivo-slider.css HTTP/1.1" 200 1507
66.249.79.213 - - [15/Sep/2015:00:13:31 -0500] "GET /galeria/galeria/jquery.fancybox.js?v=2.1.5 HTTP/1.1" 200 48706
66.249.79.227 - - [15/Sep/2015:00:13:32 -0500] "GET /galeria/galeria/jquery.fancybox.css?v=2.1.5 HTTP/1.1" 200 4895
66.249.79.220 - - [15/Sep/2015:00:13:32 -0500] "GET /galeria/carrusel/Carrusel/jquery.thumbnailScroller.js HTTP/1.1" 200 8157
66.249.79.213 - - [15/Sep/2015:00:13:33 -0500] "GET /galeria/carrusel/Carrusel/jquery.thumbnailScroller.css HTTP/1.1" 200 2066
66.249.79.213 - - [15/Sep/2015:00:13:33 -0500] "GET /galeria/nivo-slider/themes/orman/orman.css HTTP/1.1" 200 2152
190.9.201.41 - - [15/Sep/2015:00:13:34 -0500] "POST /forms/lservlet;jsessionid=ac16012b30d6eac83bf72cbe4d708549c62caab65f26.e3iSbxaKaheRe38Ka34Oa3eLbxf0n6jAmljGr5XDqQLvpAe HTTP/1.1" 200 2
66.249.79.213 - - [15/Sep/2015:00:14:13 -0500] "GET /robots.txt HTTP/1.1" 404 1018
66.249.79.227 - - [15/Sep/2015:00:14:13 -0500] "GET /BLA/resoluciones/RESOLUCIONES%202014/1493.pdf HTTP/1.1" 200 568157
66.249.79.220 - - [15/Sep/2015:00:14:15 -0500] "GET /Autoliquidacion/TR%C3%81MITES%20AGUAS%20SUPERFICIALES/FORMULARIO%20NACIONAL%20SOLICITUD%20-Concesion%20Aguas%20Superficiales.pdf HTTP/1.1" 304 -
66.249.79.213 - - [15/Sep/2015:00:14:26 -0500] "GET /BLA/resoluciones/AUTOS%202011/5666.pdf HTTP/1.1" 200 220581
66.249.79.227 - - [15/Sep/2015:00:14:39 -0500] "GET /BLA/resoluciones/AUTOS%202008/1369.pdf HTTP/1.1" 200 136236
66.249.79.213 - - [15/Sep/2015:00:14:54 -0500] "GET /BLA/resoluciones/AUTOS%202007/2703.pdf HTTP/1.1" 200 90463
152.61.128.66 - - [15/Sep/2015:00:15:02 -0500] "HEAD / HTTP/1.1" 200 -
152.61.128.66 - - [15/Sep/2015:00:15:02 -0500] "GET /arcgis/services/Calidad_del_Agua_WQI/MapServer/WMSServer?SERVICE=WMS&REQUEST=GetCapabilities HTTP/1.1" 200 32135
152.61.128.66 - - [15/Sep/2015:00:15:03 -0500] "GET /arcgis/services/Calidad_del_Agua_WQI/MapServer/WMSServer?SERVICE=WMS&REQUEST=GetCapabilities HTTP/1.0" 200 32135
152.61.128.66 - - [15/Sep/2015:00:15:04 -0500] "GET /arcgis/services/Calidad_del_Agua_WQI/MapServer/WMSServer?SERVICE=WMS&REQUEST=GetCapabilities HTTP/1.0" 200 32135
152.61.128.66 - - [15/Sep/2015:00:15:05 -0500] "GET /arcgis/services/Calidad_del_Agua_WQI/MapServer/WMSServer?SERVICE=WMS&REQUEST=GetCapabilities HTTP/1.0" 200 32135
66.249.79.227 - - [15/Sep/2015:00:15:07 -0500] "GET /BLA/resoluciones/RESOLUCIONES%202008/0141.pdf HTTP/1.1" 304 -
152.61.128.66 - - [15/Sep/2015:00:15:07 -0500] "GET /arcgis/services/Calidad_del_Agua_WQI/MapServer/WMSServer?VERSION=1.1.1&REQUEST=GetMap&LAYERS=0&SRS=EPSG:4326&BBOX=-74.473395,3.674381,-73.963300,4.920569&WIDTH=250&HEIGHT=250&FORMAT=image/bmp&STYLES=& HTTP/1.1" 200 188054
186.29.142.58 - - [15/Sep/2015:00:15:11 -0500] "POST /forms/lservlet;jsessionid=ac16012b30d64dc734fe573140b4b382ed19419f39cf.e3iSbxaKaheRe38Ka34Oa3eLbxf0n6jAmljGr5XDqQLvpAe HTTP/1.1" 200 13
66.249.79.227 - - [15/Sep/2015:00:15:12 -0500] "GET /BLA/resoluciones/RESOLUCIONES%202007/RES%202007%202801%20AL%202900/RESOLUCION%202888%20DE%202007.pdf HTTP/1.1" 200 171628
181.50.175.27 - - [15/Sep/2015:00:15:14 -0500] "GET /wp-content/uploads/2015/08/banner2.png HTTP/1.1" 301 362
181.50.175.27 - - [15/Sep/2015:00:15:18 -0500] "GET /wp-content/uploads/2015/08/fotos1b.png HTTP/1.1" 301 362
181.50.175.27 - - [15/Sep/2015:00:15:18 -0500] "GET /wp-content/uploads/2015/08/fotos3b.png HTTP/1.1" 301 362
181.50.175.27 - - [15/Sep/2015:00:15:18 -0500] "GET /wp-content/uploads/2015/07/TERCER.png HTTP/1.1" 301 361
181.50.175.27 - - [15/Sep/2015:00:15:18 -0500] "GET /wp-content/uploads/2015/07/franja.jpg HTTP/1.1" 301 361
181.50.175.27 - - [15/Sep/2015:00:15:18 -0500] "GET /wp-content/uploads/2015/07/cuadro-azulconverde.png HTTP/1.1" 301 374
181.50.175.27 - - [15/Sep/2015:00:15:18 -0500] "GET /wp-content/uploads/2015/08/fotos2b.png HTTP/1.1" 301 362
181.50.175.27 - - [15/Sep/2015:00:15:18 -0500] "GET /wp-content/uploads/2015/07/DOS.png HTTP/1.1" 301 358
181.50.175.27 - - [15/Sep/2015:00:15:18 -0500] "GET /wp-content/uploads/2015/07/logocambio.png HTTP/1.1" 301 365
181.50.175.27 - - [15/Sep/2015:00:15:18 -0500] "GET /wp-content/uploads/2015/08/danos.png HTTP/1.1" 301 360
181.50.175.27 - - [15/Sep/2015:00:15:18 -0500] "GET /wp-content/uploads/2015/07/UNO.png HTTP/1.1" 301 358
181.50.175.27 - - [15/Sep/2015:00:15:18 -0500] "GET /wp-content/uploads/2015/07/CUARTO.png HTTP/1.1" 301 361
181.50.175.27 - - [15/Sep/2015:00:15:18 -0500] "GET /wp-content/uploads/2015/06/Untitled-1.png HTTP/1.1" 301 365
181.50.175.27 - - [15/Sep/2015:00:15:18 -0500] "GET /wp-content/uploads/2015/07/logos.png HTTP/1.1" 301 360
181.50.175.27 - - [15/Sep/2015:00:15:18 -0500] "GET /wp-content/uploads/2015/07/logovamospa.png HTTP/1.1" 301 366
181.50.175.27 - - [15/Sep/2015:00:15:18 -0500] "GET /wp-content/uploads/2015/07/imagencum.png HTTP/1.1" 301 364
181.50.175.27 - - [15/Sep/2015:00:15:18 -0500] "GET /wp-content/uploads/2015/07/recuadro_1.jpg HTTP/1.1" 301 365
66.249.79.220 - - [15/Sep/2015:00:15:31 -0500] "GET /BLA/resoluciones/RESOLUCIONES%202011/6563.pdf HTTP/1.1" 304 -
190.9.201.41 - - [15/Sep/2015:00:15:34 -0500] "POST /forms/lservlet;jsessionid=ac16012b30d6eac83bf72cbe4d708549c62caab65f26.e3iSbxaKaheRe38Ka34Oa3eLbxf0n6jAmljGr5XDqQLvpAe HTTP/1.1" 200 2
92.56.10.91 - - [15/Sep/2015:00:16:50 -0500] "GET /wp-content/uploads/2015/08/banner2.png HTTP/1.1" 301 362
92.56.10.91 - - [15/Sep/2015:00:16:55 -0500] "GET /wp-content/uploads/2015/08/fotos1b.png HTTP/1.1" 301 362
92.56.10.91 - - [15/Sep/2015:00:16:55 -0500] "GET /wp-content/uploads/2015/08/fotos2b.png HTTP/1.1" 301 362
92.56.10.91 - - [15/Sep/2015:00:16:55 -0500] "GET /wp-content/uploads/2015/08/fotos3b.png HTTP/1.1" 301 362
92.56.10.91 - - [15/Sep/2015:00:16:55 -0500] "GET /wp-content/uploads/2015/08/danos.png HTTP/1.1" 301 360
92.56.10.91 - - [15/Sep/2015:00:16:55 -0500] "GET /wp-content/uploads/2015/07/UNO.png HTTP/1.1" 301 358
92.56.10.91 - - [15/Sep/2015:00:16:55 -0500] "GET /wp-content/uploads/2015/07/DOS.png HTTP/1.1" 301 358
92.56.10.91 - - [15/Sep/2015:00:16:55 -0500] "GET /wp-content/uploads/2015/07/logos.png HTTP/1.1" 301 360
92.56.10.91 - - [15/Sep/2015:00:16:55 -0500] "GET /wp-content/uploads/2015/07/cuadro-azulconverde.png HTTP/1.1" 301 374
92.56.10.91 - - [15/Sep/2015:00:16:56 -0500] "GET /wp-content/uploads/2015/07/franja.jpg HTTP/1.1" 301 361
92.56.10.91 - - [15/Sep/2015:00:16:59 -0500] "GET /wp-content/uploads/2015/07/TERCER.png HTTP/1.1" 301 361
92.56.10.91 - - [15/Sep/2015:00:17:00 -0500] "GET /wp-content/uploads/2015/07/logocambio.png HTTP/1.1" 301 365
92.56.10.91 - - [15/Sep/2015:00:17:00 -0500] "GET /wp-content/uploads/2015/06/Untitled-1.png HTTP/1.1" 301 365
92.56.10.91 - - [15/Sep/2015:00:17:00 -0500] "GET /wp-content/uploads/2015/07/CUARTO.png HTTP/1.1" 301 361
92.56.10.91 - - [15/Sep/2015:00:17:00 -0500] "GET /wp-content/uploads/2015/07/imagencum.png HTTP/1.1" 301 364
92.56.10.91 - - [15/Sep/2015:00:17:01 -0500] "GET /wp-content/uploads/2015/07/recuadro_1.jpg HTTP/1.1" 301 365
92.56.10.91 - - [15/Sep/2015:00:17:02 -0500] "GET /wp-content/uploads/2015/07/logovamospa.png HTTP/1.1" 301 366
74.86.158.107 - - [15/Sep/2015:00:17:10 -0500] "HEAD / HTTP/1.1" 200 -
66.249.79.213 - - [15/Sep/2015:00:17:23 -0500] "GET /BLA/resoluciones/AUTOS%202011/4358.pdf HTTP/1.1" 200 190352
66.249.79.227 - - [15/Sep/2015:00:17:27 -0500] "GET /BLA/resoluciones/RESOLUCIONES%202009/3959.pdf HTTP/1.1" 200 825954
176.31.7.206 - - [15/Sep/2015:00:17:30 -0500] "GET / HTTP/1.1" 200 10190
190.9.201.41 - - [15/Sep/2015:00:17:34 -0500] "POST /forms/lservlet;jsessionid=ac16012b30d6eac83bf72cbe4d708549c62caab65f26.e3iSbxaKaheRe38Ka34Oa3eLbxf0n6jAmljGr5XDqQLvpAe HTTP/1.1" 200 2
186.80.46.190 - - [15/Sep/2015:00:17:46 -0500] "GET /BLA/resoluciones/RESOLUCIONES%202013/2765.pdf HTTP/1.1" 200 521268
186.80.46.190 - - [15/Sep/2015:00:17:46 -0500] "GET /favicon.ico HTTP/1.1" 200 7782
186.80.46.190 - - [15/Sep/2015:00:17:46 -0500] "GET /BLA/resoluciones/RESOLUCIONES%202013/2765.pdf HTTP/1.1" 206 32768
186.80.46.190 - - [15/Sep/2015:00:17:47 -0500] "GET /BLA/resoluciones/RESOLUCIONES%202013/2765.pdf HTTP/1.1" 206 348589
186.80.46.190 - - [15/Sep/2015:00:17:48 -0500] "GET /BLA/resoluciones/RESOLUCIONES%202013/2765.pdf HTTP/1.1" 206 32768
186.80.46.190 - - [15/Sep/2015:00:17:48 -0500] "GET /BLA/resoluciones/RESOLUCIONES%202013/2765.pdf HTTP/1.1" 206 32768
186.80.46.190 - - [15/Sep/2015:00:17:48 -0500] "GET /BLA/resoluciones/RESOLUCIONES%202013/2765.pdf HTTP/1.1" 206 32768
186.80.46.190 - - [15/Sep/2015:00:17:49 -0500] "GET /BLA/resoluciones/RESOLUCIONES%202013/2765.pdf HTTP/1.1" 206 41607
66.249.79.220 - - [15/Sep/2015:00:17:50 -0500] "GET /BLA/resoluciones/RESOLUCIONES%202007/RES%202007%202901%20AL%203000/RESOLUCION%202994%20DE%202007.pdf HTTP/1.1" 200 349658
66.249.79.227 - - [15/Sep/2015:00:18:03 -0500] "GET /BLA/resoluciones/AUTOS%202013/1112.pdf HTTP/1.1" 200 673456
68.180.229.121 - - [15/Sep/2015:00:18:05 -0500] "GET /robots.txt HTTP/1.1" 301 334
66.249.79.220 - - [15/Sep/2015:00:18:17 -0500] "GET /BLA/resoluciones/RESOLUCIONES%202007/RES%202007%202901%20AL%203000/RESOLUCION%202933%20DE%202007.pdf HTTP/1.1" 200 402212
66.249.79.227 - - [15/Sep/2015:00:18:31 -0500] "GET /BLA/resoluciones/RESOLUCIONES%202010/1132.pdf HTTP/1.1" 304 -
66.249.79.227 - - [15/Sep/2015:00:18:51 -0500] "GET /BLA/resoluciones/RESOLUCIONES%202007/RES%202007%202001%20AL%202100/RESOLUCION%202080%20DE%202007.pdf HTTP/1.1" 304 -
190.9.201.41 - - [15/Sep/2015:00:19:34 -0500] "POST /forms/lservlet;jsessionid=ac16012b30d6eac83bf72cbe4d708549c62caab65f26.e3iSbxaKaheRe38Ka34Oa3eLbxf0n6jAmljGr5XDqQLvpAe HTTP/1.1" 200 2
66.249.79.220 - - [15/Sep/2015:00:19:44 -0500] "GET /BLA/resoluciones/AUTOS%202010/0192.pdf HTTP/1.1" 200 230705
180.76.15.146 - - [15/Sep/2015:00:19:52 -0500] "GET /BLA/boletinlegal/Directivas/2014/Directiva%20No.%204%20del%2006%20de%20Junio%20de%202014.pdf HTTP/1.1" 200 236794
66.249.79.81 - - [15/Sep/2015:00:20:23 -0500] "GET /BLA/boletinlegal/jurisprudencia/analisis/Analisis%20jurisprudencial%20Sentencia%20C-366-11.doc HTTP/1.1" 304 -
66.249.79.220 - - [15/Sep/2015:00:20:24 -0500] "GET /BLA/resoluciones/AUTOS%202007/0718.pdf HTTP/1.1" 200 286846
66.249.79.213 - - [15/Sep/2015:00:20:37 -0500] "GET /BLA/resoluciones/RESOLUCIONES%202007/RES%202007%202901%20AL%203000/RESOLUCION%202990%20DE%202007.pdf HTTP/1.1" 200 215793
66.249.79.220 - - [15/Sep/2015:00:20:53 -0500] "GET /BLA/resoluciones/RESOLUCIONES%202013/0350.pdf HTTP/1.1" 304 -
66.249.79.227 - - [15/Sep/2015:00:21:22 -0500] "GET /BLA/resoluciones/Notificaciones/AUTOS%202014/6507.doc HTTP/1.1" 304 -
66.249.79.227 - - [15/Sep/2015:00:21:22 -0500] "GET /BLA/resoluciones/AUTOS%202013/0857.pdf HTTP/1.1" 304 -
190.9.201.41 - - [15/Sep/2015:00:21:34 -0500] "POST /forms/lservlet;jsessionid=ac16012b30d6eac83bf72cbe4d708549c62caab65f26.e3iSbxaKaheRe38Ka34Oa3eLbxf0n6jAmljGr5XDqQLvpAe HTTP/1.1" 200 2
181.235.146.17 - - [15/Sep/2015:00:21:45 -0500] "GET /wp-content/uploads/2015/08/banner2.png HTTP/1.1" 301 362
181.235.146.17 - - [15/Sep/2015:00:21:45 -0500] "GET /wp-content/uploads/2015/08/fotos2b.png HTTP/1.1" 301 362
181.235.146.17 - - [15/Sep/2015:00:21:45 -0500] "GET /wp-content/uploads/2015/08/fotos1b.png HTTP/1.1" 301 362
181.235.146.17 - - [15/Sep/2015:00:21:45 -0500] "GET /wp-content/uploads/2015/08/fotos3b.png HTTP/1.1" 301 362
181.235.146.17 - - [15/Sep/2015:00:21:46 -0500] "GET /wp-content/uploads/2015/08/danos.png HTTP/1.1" 301 360
181.235.146.17 - - [15/Sep/2015:00:21:46 -0500] "GET /wp-content/uploads/2015/07/UNO.png HTTP/1.1" 301 358
181.235.146.17 - - [15/Sep/2015:00:21:47 -0500] "GET /wp-content/uploads/2015/07/DOS.png HTTP/1.1" 301 358
181.235.146.17 - - [15/Sep/2015:00:21:47 -0500] "GET /wp-content/uploads/2015/07/TERCER.png HTTP/1.1" 301 361
181.235.146.17 - - [15/Sep/2015:00:21:47 -0500] "GET /wp-content/uploads/2015/07/CUARTO.png HTTP/1.1" 301 361
181.235.146.17 - - [15/Sep/2015:00:21:47 -0500] "GET /wp-content/uploads/2015/07/franja.jpg HTTP/1.1" 301 361
181.235.146.17 - - [15/Sep/2015:00:21:47 -0500] "GET /wp-content/uploads/2015/07/logos.png HTTP/1.1" 301 360
181.235.146.17 - - [15/Sep/2015:00:21:47 -0500] "GET /wp-content/uploads/2015/07/cuadro-azulconverde.png HTTP/1.1" 301 374
181.235.146.17 - - [15/Sep/2015:00:21:47 -0500] "GET /wp-content/uploads/2015/07/imagencum.png HTTP/1.1" 301 364
181.235.146.17 - - [15/Sep/2015:00:21:47 -0500] "GET /wp-content/uploads/2015/07/logovamospa.png HTTP/1.1" 301 366
181.235.146.17 - - [15/Sep/2015:00:21:47 -0500] "GET /wp-content/uploads/2015/07/logocambio.png HTTP/1.1" 301 365
181.235.146.17 - - [15/Sep/2015:00:21:47 -0500] "GET /wp-content/uploads/2015/06/Untitled-1.png HTTP/1.1" 301 365
181.235.146.17 - - [15/Sep/2015:00:21:47 -0500] "GET /wp-content/uploads/2015/07/recuadro_1.jpg HTTP/1.1" 301 365
201.234.75.11 - - [15/Sep/2015:00:22:02 -0500] "GET /galeria/nivo-slider/themes/orman/orman.css HTTP/1.1" 304 -
66.249.79.213 - - [15/Sep/2015:00:22:02 -0500] "GET /BLA/resoluciones/AUTOS%202014/5732.pdf HTTP/1.1" 304 -
74.86.158.107 - - [15/Sep/2015:00:22:10 -0500] "HEAD / HTTP/1.1" 200 -
181.55.155.17 - - [15/Sep/2015:00:22:43 -0500] "GET /BLA/resoluciones/RESOLUCIONES%202010/6810.pdf HTTP/1.1" 200 1502426
181.55.155.17 - - [15/Sep/2015:00:22:44 -0500] "GET /favicon.ico HTTP/1.1" 200 7782
161.10.147.67 - - [15/Sep/2015:00:23:17 -0500] "GET /BLA/resoluciones/RESOLUCIONES%202013/1262.pdf HTTP/1.1" 206 32768
161.10.147.67 - - [15/Sep/2015:00:23:17 -0500] "GET /BLA/resoluciones/RESOLUCIONES%202013/1262.pdf HTTP/1.1" 206 7280869
66.249.79.213 - - [15/Sep/2015:00:23:33 -0500] "GET /BLA/resoluciones/RESOLUCIONES%202007/RES%202007%202901%20AL%203000/RESOLUCION%202967%20DE%202007.pdf HTTP/1.1" 200 745785
190.9.201.41 - - [15/Sep/2015:00:23:34 -0500] "POST /forms/lservlet;jsessionid=ac16012b30d6eac83bf72cbe4d708549c62caab65f26.e3iSbxaKaheRe38Ka34Oa3eLbxf0n6jAmljGr5XDqQLvpAe HTTP/1.1" 200 2
66.249.79.220 - - [15/Sep/2015:00:23:34 -0500] "GET /BLA/resoluciones/AUTOS%202014/2657.pdf HTTP/1.1" 200 542487
66.249.79.220 - - [15/Sep/2015:00:23:47 -0500] "GET /BLA/resoluciones/RESOLUCIONES%202007/RES%202007%202901%20AL%203000/RESOLUCION%202902%20DE%202007.pdf HTTP/1.1" 200 311330
66.249.79.220 - - [15/Sep/2015:00:24:02 -0500] "GET /BLA/resoluciones/RESOLUCIONES%202010/1931.pdf HTTP/1.1" 200 735226
66.249.79.227 - - [15/Sep/2015:00:24:33 -0500] "GET /BLA/resoluciones/RESOLUCIONES%202009/0914.pdf HTTP/1.1" 304 -
66.249.79.213 - - [15/Sep/2015:00:25:29 -0500] "GET /BLA/resoluciones/AUTOS%202014/1329.pdf HTTP/1.1" 304 -
190.9.201.41 - - [15/Sep/2015:00:25:34 -0500] "POST /forms/lservlet;jsessionid=ac16012b30d6eac83bf72cbe4d708549c62caab65f26.e3iSbxaKaheRe38Ka34Oa3eLbxf0n6jAmljGr5XDqQLvpAe HTTP/1.1" 200 2
66.249.79.220 - - [15/Sep/2015:00:26:34 -0500] "GET /BLA/resoluciones/AUTOS%202010/5892.pdf HTTP/1.1" 200 198039
66.249.79.227 - - [15/Sep/2015:00:26:35 -0500] "GET /BLA/resoluciones/RESOLUCIONES%202009/5761.pdf HTTP/1.1" 304 -
66.249.79.213 - - [15/Sep/2015:00:26:48 -0500] "GET /BLA/resoluciones/RESOLUCIONES%202010/2888.pdf HTTP/1.1" 200 487485
74.86.158.107 - - [15/Sep/2015:00:27:10 -0500] "HEAD / HTTP/1.1" 200 -
66.249.79.213 - - [15/Sep/2015:00:27:18 -0500] "GET /BLA/resoluciones/AUTOS%202009/0250.pdf HTTP/1.1" 200 87682
66.249.79.213 - - [15/Sep/2015:00:27:33 -0500] "GET /BLA/resoluciones/RESOLUCIONES%202007/RES%202007%201501%20AL%201600/RESOLUCION%201530%20DE%202007.pdf HTTP/1.1" 304 -
66.249.79.213 - - [15/Sep/2015:00:27:34 -0500] "GET /BLA/resoluciones/AUTOS%202012/0322.pdf HTTP/1.1" 304 -
190.9.201.41 - - [15/Sep/2015:00:27:34 -0500] "POST /forms/lservlet;jsessionid=ac16012b30d6eac83bf72cbe4d708549c62caab65f26.e3iSbxaKaheRe38Ka34Oa3eLbxf0n6jAmljGr5XDqQLvpAe HTTP/1.1" 200 2
66.249.79.220 - - [15/Sep/2015:00:27:35 -0500] "GET /BLA/resoluciones/RESOLUCIONES%202011/0679.pdf HTTP/1.1" 200 67857
66.249.79.220 - - [15/Sep/2015:00:28:42 -0500] "GET /BLA/resoluciones/AUTOS%202013/3455.pdf HTTP/1.1" 200 390259
190.9.201.41 - - [15/Sep/2015:00:29:35 -0500] "POST /forms/lservlet;jsessionid=ac16012b30d6eac83bf72cbe4d708549c62caab65f26.e3iSbxaKaheRe38Ka34Oa3eLbxf0n6jAmljGr5XDqQLvpAe HTTP/1.1" 200 2
66.249.79.213 - - [15/Sep/2015:00:29:43 -0500] "GET /BLA/resoluciones/AUTOS%202011/4546.pdf HTTP/1.1" 200 222769
66.249.79.213 - - [15/Sep/2015:00:29:46 -0500] "GET /BLA/resoluciones/AUTOS%202013/3063.pdf HTTP/1.1" 200 264799
190.252.129.190 - - [15/Sep/2015:00:30:04 -0500] "GET /BLA/resoluciones/RESOLUCIONES%202014/3900.pdf HTTP/1.1" 200 509544
66.249.79.213 - - [15/Sep/2015:00:30:15 -0500] "GET /BLA/resoluciones/RESOLUCIONES%202007/RES%202007%201101%20AL%201200/RESOLUCION%201170%20DE%202007.pdf HTTP/1.1" 200 240649
66.249.79.220 - - [15/Sep/2015:00:30:31 -0500] "GET /BLA/resoluciones/RESOLUCIONES%202008/4006.pdf HTTP/1.1" 200 372865
190.27.141.192 - - [15/Sep/2015:00:30:36 -0500] "GET /BLA/resoluciones/RESOLUCIONES%202007/RES%202007%202201%20AL%202300/RESOLUCION%202215%20DE%202007.pdf HTTP/1.1" 200 50786
190.27.141.192 - - [15/Sep/2015:00:30:37 -0500] "GET /favicon.ico HTTP/1.1" 200 7782
66.249.79.220 - - [15/Sep/2015:00:30:48 -0500] "GET /BLA/resoluciones/RESOLUCIONES%202007/RES%202007%202001%20AL%202100/RESOLUCION%202019%20DE%202007.pdf HTTP/1.1" 304 -
66.249.79.213 - - [15/Sep/2015:00:30:49 -0500] "GET /BLA/resoluciones/AUTOS%202013/1088.pdf HTTP/1.1" 304 -
190.9.201.41 - - [15/Sep/2015:00:31:35 -0500] "POST /forms/lservlet;jsessionid=ac16012b30d6eac83bf72cbe4d708549c62caab65f26.e3iSbxaKaheRe38Ka34Oa3eLbxf0n6jAmljGr5XDqQLvpAe HTTP/1.1" 200 2
74.86.158.107 - - [15/Sep/2015:00:32:10 -0500] "HEAD / HTTP/1.1" 200 -
66.249.79.227 - - [15/Sep/2015:00:32:53 -0500] "GET /BLA/resoluciones/AUTOS%202014/3574.pdf HTTP/1.1" 200 2356998
66.249.79.227 - - [15/Sep/2015:00:32:58 -0500] "GET /BLA/resoluciones/RESOLUCIONES%202011/1982.pdf HTTP/1.1" 200 530588
66.249.79.220 - - [15/Sep/2015:00:33:05 -0500] "GET /BLA/resoluciones/RESOLUCIONES%202008/2961.pdf HTTP/1.1" 200 309122
66.249.79.227 - - [15/Sep/2015:00:33:08 -0500] "GET /BLA/resoluciones/RESOLUCIONES%202009/4916.pdf HTTP/1.1" 200 1665766
66.249.79.213 - - [15/Sep/2015:00:33:18 -0500] "GET /BLA/resoluciones/RESOLUCIONES%202010/2270.pdf HTTP/1.1" 200 547588
66.249.79.227 - - [15/Sep/2015:00:33:31 -0500] "GET /BLA/resoluciones/AUTOS%202007/0831.pdf HTTP/1.1" 200 130077
186.29.126.115 - - [15/Sep/2015:00:33:32 -0500] "GET /BLA/resoluciones/AUTOS%202008/2401.pdf HTTP/1.1" 200 94086
186.29.126.115 - - [15/Sep/2015:00:33:34 -0500] "GET /BLA/resoluciones/AUTOS%202008/2401.pdf HTTP/1.1" 200 94086
190.9.201.41 - - [15/Sep/2015:00:33:35 -0500] "POST /forms/lservlet;jsessionid=ac16012b30d6eac83bf72cbe4d708549c62caab65f26.e3iSbxaKaheRe38Ka34Oa3eLbxf0n6jAmljGr5XDqQLvpAe HTTP/1.1" 200 2
66.249.79.213 - - [15/Sep/2015:00:33:43 -0500] "GET /BLA/resoluciones/AUTOS%202011/4813.pdf HTTP/1.1" 200 236127
66.249.79.227 - - [15/Sep/2015:00:33:56 -0500] "GET /BLA/resoluciones/RESOLUCIONES%202008/3371.pdf HTTP/1.1" 304 -
66.249.79.227 - - [15/Sep/2015:00:33:56 -0500] "GET /BLA/resoluciones/AUTOS%202008/0395.pdf HTTP/1.1" 304 -
190.9.201.41 - - [15/Sep/2015:00:35:35 -0500] "POST /forms/lservlet;jsessionid=ac16012b30d6eac83bf72cbe4d708549c62caab65f26.e3iSbxaKaheRe38Ka34Oa3eLbxf0n6jAmljGr5XDqQLvpAe HTTP/1.1" 200 2
66.249.79.220 - - [15/Sep/2015:00:36:03 -0500] "GET /BLA/resoluciones/RESOLUCIONES%202010/0108.pdf HTTP/1.1" 200 496981
66.249.79.227 - - [15/Sep/2015:00:36:04 -0500] "GET /BLA/resoluciones/RESOLUCIONES%202008/2878.pdf HTTP/1.1" 200 513516
186.29.126.115 - - [15/Sep/2015:00:36:17 -0500] "GET /BLA/resoluciones/AUTOS%202008/2401.pdf HTTP/1.1" 200 94086
66.249.79.220 - - [15/Sep/2015:00:36:17 -0500] "GET /BLA/resoluciones/RESOLUCIONES%202009/7446.pdf HTTP/1.1" 200 99035
186.29.126.115 - - [15/Sep/2015:00:36:18 -0500] "GET /BLA/resoluciones/AUTOS%202008/2401.pdf HTTP/1.1" 200 94086
66.249.79.213 - - [15/Sep/2015:00:36:33 -0500] "GET /BLA/resoluciones/RESOLUCIONES%202008/2731.pdf HTTP/1.1" 200 88809
66.249.79.220 - - [15/Sep/2015:00:36:42 -0500] "GET /BLA/resoluciones/AUTOS%202008/0395.pdf HTTP/1.1" 304 -
66.249.79.220 - - [15/Sep/2015:00:36:47 -0500] "GET /BLA/resoluciones/RESOLUCIONES%202010/0325.pdf HTTP/1.1" 200 105270
66.249.79.220 - - [15/Sep/2015:00:37:03 -0500] "GET /BLA/resoluciones/RESOLUCIONES%202007/RES%202007%204001%20AL%204100/RESOLUCION%204100%20DE%202007.pdf HTTP/1.1" 304 -
74.86.158.107 - - [15/Sep/2015:00:37:10 -0500] "HEAD / HTTP/1.1" 200 -
66.249.79.213 - - [15/Sep/2015:00:37:22 -0500] "GET /BLA/resoluciones/AUTOS%202014/2219.pdf HTTP/1.1" 304 -
66.249.79.213 - - [15/Sep/2015:00:37:22 -0500] "GET /BLA/resoluciones/RESOLUCIONES%202009/2790.pdf HTTP/1.1" 304 -
190.9.201.41 - - [15/Sep/2015:00:37:35 -0500] "POST /forms/lservlet;jsessionid=ac16012b30d6eac83bf72cbe4d708549c62caab65f26.e3iSbxaKaheRe38Ka34Oa3eLbxf0n6jAmljGr5XDqQLvpAe HTTP/1.1" 200 2
66.249.79.220 - - [15/Sep/2015:00:37:40 -0500] "GET /BLA/resoluciones/AUTOS%202013/0408.pdf HTTP/1.1" 200 902005
201.234.75.11 - - [15/Sep/2015:00:37:42 -0500] "GET /galeria/nivo-slider/demo/images/RdaNegociosFiltros.jpg HTTP/1.1" 304 -
66.249.79.227 - - [15/Sep/2015:00:39:03 -0500] "GET /BLA/resoluciones/RESOLUCIONES%202007/RES%202007%20701%20AL%20800/RESOLUCION%200724%20DE%202007.pdf HTTP/1.1" 304 -
66.249.79.213 - - [15/Sep/2015:00:39:08 -0500] "GET /BLA/resoluciones/RESOLUCIONES%202007/RES%202007%202601%20AL%202700/RESOLUCION%202601%20DE%202007.pdf HTTP/1.1" 304 -
66.249.79.227 - - [15/Sep/2015:00:39:20 -0500] "GET /BLA/resoluciones/RESOLUCIONES%202008/0881.pdf HTTP/1.1" 200 387961
201.244.250.84 - - [15/Sep/2015:00:39:35 -0500] "GET /BLA/boletinlegal/js/jquery.scrollShow.js HTTP/1.1" 200 4586
190.9.201.41 - - [15/Sep/2015:00:39:36 -0500] "POST /forms/lservlet;jsessionid=ac16012b30d6eac83bf72cbe4d708549c62caab65f26.e3iSbxaKaheRe38Ka34Oa3eLbxf0n6jAmljGr5XDqQLvpAe HTTP/1.1" 200 2
66.249.79.213 - - [15/Sep/2015:00:39:43 -0500] "GET /BLA/resoluciones/RESOLUCIONES%202007/RES%202007%202101%20AL%202200/RESOLUCION%202111%20DE%202007.pdf HTTP/1.1" 200 663144
66.249.79.220 - - [15/Sep/2015:00:39:52 -0500] "GET /BLA/resoluciones/RESOLUCIONES%202013/0985.pdf HTTP/1.1" 304 -
66.249.79.213 - - [15/Sep/2015:00:40:08 -0500] "GET /BLA/resoluciones/RESOLUCIONES%202009/2662.pdf HTTP/1.1" 200 849990
66.249.79.227 - - [15/Sep/2015:00:40:24 -0500] "GET /BLA/resoluciones/RESOLUCIONES%202007/RES%202007%203501%20AL%203600/RESOLUCION%203541%20DE%202007.pdf HTTP/1.1" 200 829220
66.249.79.220 - - [15/Sep/2015:00:40:40 -0500] "GET /BLA/resoluciones/AUTOS%202012/2144.pdf HTTP/1.1" 304 -
185.63.255.91 - - [15/Sep/2015:00:41:16 -0500] "GET /wp-login.php HTTP/1.0" 404 1015
185.63.255.91 - - [15/Sep/2015:00:41:17 -0500] "GET /administrator/index.php HTTP/1.0" 404 1015
185.63.255.91 - - [15/Sep/2015:00:41:17 -0500] "GET /user/ HTTP/1.0" 404 1015
190.9.201.41 - - [15/Sep/2015:00:41:36 -0500] "POST /forms/lservlet;jsessionid=ac16012b30d6eac83bf72cbe4d708549c62caab65f26.e3iSbxaKaheRe38Ka34Oa3eLbxf0n6jAmljGr5XDqQLvpAe HTTP/1.1" 200 2
66.249.79.227 - - [15/Sep/2015:00:42:03 -0500] "GET /BLA/resoluciones/RESOLUCIONES%202009/7670.pdf HTTP/1.1" 304 -
66.249.79.227 - - [15/Sep/2015:00:42:06 -0500] "GET /BLA/resoluciones/RESOLUCIONES%202008/4760.pdf HTTP/1.1" 200 917328
66.249.79.213 - - [15/Sep/2015:00:42:09 -0500] "GET /BLA/resoluciones/RESOLUCIONES%202010/4484.pdf HTTP/1.1" 200 785043
74.86.158.107 - - [15/Sep/2015:00:42:10 -0500] "HEAD / HTTP/1.1" 200 -
66.249.79.220 - - [15/Sep/2015:00:42:17 -0500] "GET /BLA/resoluciones/RESOLUCIONES%202013/0746.pdf HTTP/1.1" 200 1276884
66.249.79.220 - - [15/Sep/2015:00:42:30 -0500] "GET /autoliquidacion/TR%C3%81MITES%20VERTIMIENTOS/REGISTRO%20DE%20VERTIMIENTOS/LISTA%20DE%20CHEQUEO%20REGISTRO%20DE%20VERTIMIENTOS.xls HTTP/1.1" 304 -
66.249.79.213 - - [15/Sep/2015:00:42:44 -0500] "GET /BLA/resoluciones/AUTOS%202011/2445.pdf HTTP/1.1" 200 199380
66.249.79.213 - - [15/Sep/2015:00:42:57 -0500] "GET /BLA/resoluciones/RESOLUCIONES%202009/9758.pdf HTTP/1.1" 200 304121
190.9.201.41 - - [15/Sep/2015:00:43:36 -0500] "POST /forms/lservlet;jsessionid=ac16012b30d6eac83bf72cbe4d708549c62caab65f26.e3iSbxaKaheRe38Ka34Oa3eLbxf0n6jAmljGr5XDqQLvpAe HTTP/1.1" 200 2
181.135.200.166 - - [15/Sep/2015:00:43:40 -0500] "GET /BLA/boletinlegal/consulta_actos.php?tipo=resoluciones&no=&usuario=&sector=VERTIMIENTOS&fecha=2015&resuelve= HTTP/1.1" 200 10172
181.135.200.166 - - [15/Sep/2015:00:44:11 -0500] "GET /BLA/boletinlegal/consulta_actos.php?tipo=resoluciones&no=&usuario=&sector=RUIDO&fecha=2015&resuelve= HTTP/1.1" 200 623
181.135.200.166 - - [15/Sep/2015:00:44:26 -0500] "GET /BLA/boletinlegal/consulta_actos.php?tipo=resoluciones&no=&usuario=&sector=RUIDO&fecha=2014&resuelve= HTTP/1.1" 200 623
181.135.200.166 - - [15/Sep/2015:00:44:37 -0500] "GET /BLA/boletinlegal/consulta_actos.php?tipo=resoluciones&no=&usuario=&sector=RUIDO&fecha=2014&resuelve= HTTP/1.1" 200 623
181.135.200.166 - - [15/Sep/2015:00:44:58 -0500] "GET /BLA/boletinlegal/consulta_actos.php?tipo=resoluciones&no=&usuario=&sector=MINERIA&fecha=2014&resuelve= HTTP/1.1" 200 2494
181.135.200.166 - - [15/Sep/2015:00:45:24 -0500] "GET /BLA/boletinlegal/consulta_actos.php?tipo=resoluciones&no=&usuario=&sector=RESIDUOS&fecha=2014&resuelve= HTTP/1.1" 200 1242
190.9.201.41 - - [15/Sep/2015:00:45:36 -0500] "POST /forms/lservlet;jsessionid=ac16012b30d6eac83bf72cbe4d708549c62caab65f26.e3iSbxaKaheRe38Ka34Oa3eLbxf0n6jAmljGr5XDqQLvpAe HTTP/1.1" 200 2
181.135.200.166 - - [15/Sep/2015:00:46:00 -0500] "GET /BLA/boletinlegal/consulta_actos.php?tipo=resoluciones&no=&usuario=&sector=VERTIMIENTOS&fecha=2013&resuelve= HTTP/1.1" 200 49059
66.249.79.227 - - [15/Sep/2015:00:45:15 -0500] "GET /BLA/boletinlegal/ HTTP/1.1" 200 51063
66.249.79.220 - - [15/Sep/2015:00:46:07 -0500] "GET /BLA/resoluciones/RESOLUCIONES%202008/3477.pdf HTTP/1.1" 200 379507
66.249.79.220 - - [15/Sep/2015:00:46:08 -0500] "GET /BLA/resoluciones/AUTOS%202008/2825.pdf HTTP/1.1" 200 64154
66.249.79.227 - - [15/Sep/2015:00:46:37 -0500] "GET /BLA/resoluciones/AUTOS%202013/2025.pdf HTTP/1.1" 304 -
66.249.79.220 - - [15/Sep/2015:00:47:06 -0500] "GET /BLA/resoluciones/RESOLUCIONES%202008/1549.pdf HTTP/1.1" 200 261052
74.86.158.107 - - [15/Sep/2015:00:47:10 -0500] "HEAD / HTTP/1.1" 200 -
186.87.142.252 - - [15/Sep/2015:00:47:14 -0500] "-" 408 -
186.87.142.252 - - [15/Sep/2015:00:47:14 -0500] "-" 408 -
186.87.142.252 - - [15/Sep/2015:00:47:14 -0500] "-" 408 -
66.249.79.220 - - [15/Sep/2015:00:47:35 -0500] "GET /BLA/resoluciones/AUTOS%202011/7415.pdf HTTP/1.1" 200 202590
190.9.201.41 - - [15/Sep/2015:00:47:36 -0500] "POST /forms/lservlet;jsessionid=ac16012b30d6eac83bf72cbe4d708549c62caab65f26.e3iSbxaKaheRe38Ka34Oa3eLbxf0n6jAmljGr5XDqQLvpAe HTTP/1.1" 200 2
93.188.164.210 - - [15/Sep/2015:00:47:37 -0500] "GET / HTTP/1.1" 200 10190
66.249.79.213 - - [15/Sep/2015:00:48:13 -0500] "GET /BLA/resoluciones/AUTOS%202013/2492.pdf HTTP/1.1" 200 1086330
66.249.79.227 - - [15/Sep/2015:00:48:32 -0500] "GET /BLA/resoluciones/RESOLUCIONES%202011/1670.pdf HTTP/1.1" 200 80349
66.249.79.220 - - [15/Sep/2015:00:49:00 -0500] "GET /BLA/resoluciones/RESOLUCIONES%202013/1587.pdf HTTP/1.1" 200 3179262
66.249.79.213 - - [15/Sep/2015:00:49:28 -0500] "GET /BLA/resoluciones/RESOLUCIONES%202009/0361.pdf HTTP/1.1" 200 344547
190.9.201.41 - - [15/Sep/2015:00:49:36 -0500] "POST /forms/lservlet;jsessionid=ac16012b30d6eac83bf72cbe4d708549c62caab65f26.e3iSbxaKaheRe38Ka34Oa3eLbxf0n6jAmljGr5XDqQLvpAe HTTP/1.1" 200 2
190.9.201.41 - - [15/Sep/2015:00:49:55 -0500] "POST /forms/lservlet;jsessionid=ac16012b30d6eac83bf72cbe4d708549c62caab65f26.e3iSbxaKaheRe38Ka34Oa3eLbxf0n6jAmljGr5XDqQLvpAe HTTP/1.1" 200 71
66.249.79.220 - - [15/Sep/2015:00:49:56 -0500] "GET /BLA/resoluciones/AUTOS%202012/1915.pdf HTTP/1.1" 200 1984098
190.9.201.41 - - [15/Sep/2015:00:49:57 -0500] "POST /forms/lservlet;jsessionid=ac16012b30d6eac83bf72cbe4d708549c62caab65f26.e3iSbxaKaheRe38Ka34Oa3eLbxf0n6jAmljGr5XDqQLvpAe HTTP/1.1" 200 2163
191.79.100.23 - - [15/Sep/2015:00:49:58 -0500] "GET /BLA/resoluciones/AUTOS%202007/3042.pdf HTTP/1.1" 200 139473
191.79.100.23 - - [15/Sep/2015:00:50:00 -0500] "GET /BLA/resoluciones/AUTOS%202007/3042.pdf HTTP/1.1" 200 139473
190.9.201.41 - - [15/Sep/2015:00:50:14 -0500] "POST /forms/lservlet;jsessionid=ac16012b30d6eac83bf72cbe4d708549c62caab65f26.e3iSbxaKaheRe38Ka34Oa3eLbxf0n6jAmljGr5XDqQLvpAe HTTP/1.1" 200 24
190.9.201.41 - - [15/Sep/2015:00:50:14 -0500] "POST /forms/lservlet;jsessionid=ac16012b30d6eac83bf72cbe4d708549c62caab65f26.e3iSbxaKaheRe38Ka34Oa3eLbxf0n6jAmljGr5XDqQLvpAe HTTP/1.1" 200 5918
190.9.201.41 - - [15/Sep/2015:00:50:15 -0500] "POST /forms/lservlet;jsessionid=ac16012b30d6eac83bf72cbe4d708549c62caab65f26.e3iSbxaKaheRe38Ka34Oa3eLbxf0n6jAmljGr5XDqQLvpAe HTTP/1.1" 200 2
66.249.79.220 - - [15/Sep/2015:00:50:23 -0500] "GET /BLA/resoluciones/RESOLUCIONES%202014/3653.pdf HTTP/1.1" 304 -
190.9.201.41 - - [15/Sep/2015:00:50:39 -0500] "POST /forms/lservlet;jsessionid=ac16012b30d6eac83bf72cbe4d708549c62caab65f26.e3iSbxaKaheRe38Ka34Oa3eLbxf0n6jAmljGr5XDqQLvpAe HTTP/1.1" 200 62
190.9.201.41 - - [15/Sep/2015:00:50:49 -0500] "POST /forms/lservlet;jsessionid=ac16012b30d6eac83bf72cbe4d708549c62caab65f26.e3iSbxaKaheRe38Ka34Oa3eLbxf0n6jAmljGr5XDqQLvpAe HTTP/1.1" 200 2
190.9.201.41 - - [15/Sep/2015:00:50:49 -0500] "POST /forms/lservlet;jsessionid=ac16012b30d6eac83bf72cbe4d708549c62caab65f26.e3iSbxaKaheRe38Ka34Oa3eLbxf0n6jAmljGr5XDqQLvpAe HTTP/1.1" 200 20
190.9.201.41 - - [15/Sep/2015:00:50:49 -0500] "POST /forms/lservlet;jsessionid=ac16012b30d6eac83bf72cbe4d708549c62caab65f26.e3iSbxaKaheRe38Ka34Oa3eLbxf0n6jAmljGr5XDqQLvpAe HTTP/1.1" 200 2
