186.113.49.71 - - [15/Sep/2015:09:15:53 -0500] "POST /forms/lservlet;jsessionid=ac16012b30d6d1ecf9643a5249b49863b930ca22dc5e.e3iSbxaKaheRe38Ka34Oa3eLbxf0n6jAmljGr5XDqQLvpAe HTTP/1.1" 200 26
186.113.49.71 - - [15/Sep/2015:09:15:54 -0500] "POST /forms/lservlet;jsessionid=ac16012b30d6d1ecf9643a5249b49863b930ca22dc5e.e3iSbxaKaheRe38Ka34Oa3eLbxf0n6jAmljGr5XDqQLvpAe HTTP/1.1" 200 4687
186.113.49.71 - - [15/Sep/2015:09:15:54 -0500] "POST /forms/lservlet;jsessionid=ac16012b30d6d1ecf9643a5249b49863b930ca22dc5e.e3iSbxaKaheRe38Ka34Oa3eLbxf0n6jAmljGr5XDqQLvpAe HTTP/1.1" 200 20
66.249.79.227 - - [15/Sep/2015:09:15:55 -0500] "GET /BLA/resoluciones/RESOLUCIONES%202007/RES%202007%203201%20AL%203300/RESOLUCION%203212%20DE%202007.pdf HTTP/1.1" 304 -
186.113.49.71 - - [15/Sep/2015:09:16:02 -0500] "POST /forms/lservlet;jsessionid=ac16012b30d6d1ecf9643a5249b49863b930ca22dc5e.e3iSbxaKaheRe38Ka34Oa3eLbxf0n6jAmljGr5XDqQLvpAe HTTP/1.1" 200 2
186.113.49.71 - - [15/Sep/2015:09:16:02 -0500] "POST /forms/lservlet;jsessionid=ac16012b30d6d1ecf9643a5249b49863b930ca22dc5e.e3iSbxaKaheRe38Ka34Oa3eLbxf0n6jAmljGr5XDqQLvpAe HTTP/1.1" 200 2836
186.113.49.71 - - [15/Sep/2015:09:16:03 -0500] "POST /forms/lservlet;jsessionid=ac16012b30d6d1ecf9643a5249b49863b930ca22dc5e.e3iSbxaKaheRe38Ka34Oa3eLbxf0n6jAmljGr5XDqQLvpAe HTTP/1.1" 200 2
186.113.49.71 - - [15/Sep/2015:09:16:06 -0500] "POST /forms/lservlet;jsessionid=ac16012b30d6d1ecf9643a5249b49863b930ca22dc5e.e3iSbxaKaheRe38Ka34Oa3eLbxf0n6jAmljGr5XDqQLvpAe HTTP/1.1" 200 2
186.113.49.71 - - [15/Sep/2015:09:16:06 -0500] "POST /forms/lservlet;jsessionid=ac16012b30d6d1ecf9643a5249b49863b930ca22dc5e.e3iSbxaKaheRe38Ka34Oa3eLbxf0n6jAmljGr5XDqQLvpAe HTTP/1.1" 200 2268
186.113.49.71 - - [15/Sep/2015:09:16:06 -0500] "POST /forms/lservlet;jsessionid=ac16012b30d6d1ecf9643a5249b49863b930ca22dc5e.e3iSbxaKaheRe38Ka34Oa3eLbxf0n6jAmljGr5XDqQLvpAe HTTP/1.1" 200 10
186.113.49.71 - - [15/Sep/2015:09:16:08 -0500] "POST /forms/lservlet;jsessionid=ac16012b30d6d1ecf9643a5249b49863b930ca22dc5e.e3iSbxaKaheRe38Ka34Oa3eLbxf0n6jAmljGr5XDqQLvpAe HTTP/1.1" 200 2
186.113.49.71 - - [15/Sep/2015:09:16:08 -0500] "POST /forms/lservlet;jsessionid=ac16012b30d6d1ecf9643a5249b49863b930ca22dc5e.e3iSbxaKaheRe38Ka34Oa3eLbxf0n6jAmljGr5XDqQLvpAe HTTP/1.1" 200 3133
186.113.49.71 - - [15/Sep/2015:09:16:08 -0500] "POST /forms/lservlet;jsessionid=ac16012b30d6d1ecf9643a5249b49863b930ca22dc5e.e3iSbxaKaheRe38Ka34Oa3eLbxf0n6jAmljGr5XDqQLvpAe HTTP/1.1" 200 2
201.173.125.4 - - [15/Sep/2015:09:16:10 -0500] "GET /Anexos%20estudio%20Organizacional%20SDA/ANEXO%20No.%203-%20CONTRATACI%C3%93N%20%20OPS%C2%B4s%202008-2012/CONTRATOS%20SDA%202008%20POR%20DEPENDENCIA.xls HTTP/1.1" 200 371712
201.173.125.4 - - [15/Sep/2015:09:16:11 -0500] "GET /Anexos%20estudio%20Organizacional%20SDA/ANEXO%20No.%203-%20CONTRATACI%C3%93N%20%20OPS%C2%B4s%202008-2012/CONTRATOS%20SDA%202008%20POR%20DEPENDENCIA.xls HTTP/1.1" 200 371712
190.0.44.202 - - [15/Sep/2015:09:16:32 -0500] "GET /BLA/resoluciones/index.php?dir=RESOLUCIONES+2007%2FRES+2007+3201+AL+3300%2F HTTP/1.1" 200 27112
190.0.44.202 - - [15/Sep/2015:09:16:32 -0500] "GET /BLA/resoluciones/dlf/dirup.png HTTP/1.1" 200 644
190.0.44.202 - - [15/Sep/2015:09:16:32 -0500] "GET /BLA/resoluciones/dlf/styles.css HTTP/1.1" 200 3049
190.0.44.202 - - [15/Sep/2015:09:16:32 -0500] "GET /BLA/resoluciones/dlf/pdf.gif HTTP/1.1" 200 272
190.0.44.202 - - [15/Sep/2015:09:16:32 -0500] "GET /BLA/resoluciones/dlf/bg.gif HTTP/1.1" 200 54
186.113.49.71 - - [15/Sep/2015:09:16:36 -0500] "POST /forms/lservlet;jsessionid=ac16012b30d6d1ecf9643a5249b49863b930ca22dc5e.e3iSbxaKaheRe38Ka34Oa3eLbxf0n6jAmljGr5XDqQLvpAe HTTP/1.1" 200 2
190.9.201.41 - - [15/Sep/2015:09:16:53 -0500] "POST /forms/lservlet;jsessionid=ac16012b30d6b8f726e8512643a2b84cd0ca827f8c0b.e3iSbxaKaheRe38Ka34Oa3eLbxf0n6jAmljGr5XDqQLvpAe HTTP/1.1" 200 2
66.249.79.220 - - [15/Sep/2015:09:16:55 -0500] "GET /BLA/resoluciones/RESOLUCIONES%202007/RES%202007%202301%20AL%202400/RESOLUCION%202304%20DE%202007.pdf HTTP/1.1" 200 1302226
66.249.79.213 - - [15/Sep/2015:09:17:01 -0500] "GET /BLA/resoluciones/RESOLUCIONES%202008/4565.pdf HTTP/1.1" 200 117016
66.249.79.227 - - [15/Sep/2015:09:17:02 -0500] "GET /BLA/resoluciones/AUTOS%202013/0322.pdf HTTP/1.1" 200 1893900
66.249.79.93 - - [15/Sep/2015:09:17:07 -0500] "GET /galeria/galeria/fotos/Jaboque3G.jpg HTTP/1.1" 200 422286
66.249.79.213 - - [15/Sep/2015:09:17:19 -0500] "GET /BLA/resoluciones/RESOLUCIONES%202013/1138.pdf HTTP/1.1" 304 -
190.216.136.34 - - [15/Sep/2015:09:17:32 -0500] "GET /BLA/resoluciones/RESOLUCIONES%202010/2517.pdf HTTP/1.1" 200 372077
190.216.136.34 - - [15/Sep/2015:09:17:32 -0500] "GET /favicon.ico HTTP/1.1" 200 7782
66.249.79.213 - - [15/Sep/2015:09:17:36 -0500] "GET /BLA/resoluciones/RESOLUCIONES%202008/0012.pdf HTTP/1.1" 200 419630
66.249.79.227 - - [15/Sep/2015:09:17:55 -0500] "GET /BLA/resoluciones/RESOLUCIONES%202007/RES%202007%201401%20AL%201500/RESOLUCION%201420%20DE%202007.pdf HTTP/1.1" 200 306967
186.1.180.114 - - [15/Sep/2015:09:18:09 -0500] "GET /BLA/resoluciones/RESOLUCIONES%202009/7846.pdf HTTP/1.1" 200 222025
186.1.180.114 - - [15/Sep/2015:09:18:09 -0500] "GET /favicon.ico HTTP/1.1" 200 7782
186.85.79.140 - - [15/Sep/2015:09:18:10 -0500] "GET /forest/ HTTP/1.1" 404 1120
74.86.158.107 - - [15/Sep/2015:09:18:10 -0500] "HEAD / HTTP/1.1" 200 -
186.31.226.118 - - [15/Sep/2015:09:18:19 -0500] "GET /IsolucionSDA/FrameSetArticulo.asp?Pagina=/IsolucionSDA/bancoconocimiento/A/Anexo5_Entregayrecibodeherramienta_v7_0/Anexo5_Entregayrecibodeherramienta_v7_0.asp?IdArticulo=6813 HTTP/1.1" 200 7445
186.31.226.118 - - [15/Sep/2015:09:18:19 -0500] "GET /IsolucionSDA/Arriba.asp?Pagina=/IsolucionSDA/bancoconocimiento/A/Anexo5_Entregayrecibodeherramienta_v7_0/Anexo5_Entregayrecibodeherramienta_v7_0.asp?IdArticulo=6813 HTTP/1.1" 200 10614
186.31.226.118 - - [15/Sep/2015:09:18:19 -0500] "GET /IsolucionSDA/bancoconocimiento/A/Anexo5_Entregayrecibodeherramienta_v7_0/Anexo5_Entregayrecibodeherramienta_v7_0.asp?IdArticulo=6813 HTTP/1.1" 302 136
186.31.226.118 - - [15/Sep/2015:09:18:19 -0500] "GET /IsolucionSDA/bancoconocimiento/A/Anexo5_Entregayrecibodeherramienta_v7_0/anexo%20501.xls HTTP/1.1" 200 177664
186.113.49.71 - - [15/Sep/2015:09:18:24 -0500] "POST /forms/lservlet;jsessionid=ac16012b30d6d1ecf9643a5249b49863b930ca22dc5e.e3iSbxaKaheRe38Ka34Oa3eLbxf0n6jAmljGr5XDqQLvpAe HTTP/1.1" 200 2427
186.113.49.71 - - [15/Sep/2015:09:18:30 -0500] "POST /forms/lservlet;jsessionid=ac16012b30d6d1ecf9643a5249b49863b930ca22dc5e.e3iSbxaKaheRe38Ka34Oa3eLbxf0n6jAmljGr5XDqQLvpAe HTTP/1.1" 200 26
186.113.49.71 - - [15/Sep/2015:09:18:30 -0500] "POST /forms/lservlet;jsessionid=ac16012b30d6d1ecf9643a5249b49863b930ca22dc5e.e3iSbxaKaheRe38Ka34Oa3eLbxf0n6jAmljGr5XDqQLvpAe HTTP/1.1" 200 4273
186.113.49.71 - - [15/Sep/2015:09:18:31 -0500] "POST /forms/lservlet;jsessionid=ac16012b30d6d1ecf9643a5249b49863b930ca22dc5e.e3iSbxaKaheRe38Ka34Oa3eLbxf0n6jAmljGr5XDqQLvpAe HTTP/1.1" 200 2
186.113.49.71 - - [15/Sep/2015:09:18:36 -0500] "POST /forms/lservlet;jsessionid=ac16012b30d6d1ecf9643a5249b49863b930ca22dc5e.e3iSbxaKaheRe38Ka34Oa3eLbxf0n6jAmljGr5XDqQLvpAe HTTP/1.1" 200 2
176.31.7.206 - - [15/Sep/2015:09:18:39 -0500] "GET / HTTP/1.1" 200 10190
186.113.49.71 - - [15/Sep/2015:09:18:46 -0500] "POST /forms/lservlet;jsessionid=ac16012b30d6d1ecf9643a5249b49863b930ca22dc5e.e3iSbxaKaheRe38Ka34Oa3eLbxf0n6jAmljGr5XDqQLvpAe HTTP/1.1" 200 156
190.9.201.41 - - [15/Sep/2015:09:18:53 -0500] "POST /forms/lservlet;jsessionid=ac16012b30d6b8f726e8512643a2b84cd0ca827f8c0b.e3iSbxaKaheRe38Ka34Oa3eLbxf0n6jAmljGr5XDqQLvpAe HTTP/1.1" 200 2
186.113.49.71 - - [15/Sep/2015:09:19:06 -0500] "POST /forms/lservlet;jsessionid=ac16012b30d6d1ecf9643a5249b49863b930ca22dc5e.e3iSbxaKaheRe38Ka34Oa3eLbxf0n6jAmljGr5XDqQLvpAe HTTP/1.1" 200 2
186.113.49.71 - - [15/Sep/2015:09:19:06 -0500] "POST /forms/lservlet;jsessionid=ac16012b30d6d1ecf9643a5249b49863b930ca22dc5e.e3iSbxaKaheRe38Ka34Oa3eLbxf0n6jAmljGr5XDqQLvpAe HTTP/1.1" 200 14
186.113.49.71 - - [15/Sep/2015:09:19:07 -0500] "POST /forms/lservlet;jsessionid=ac16012b30d6d1ecf9643a5249b49863b930ca22dc5e.e3iSbxaKaheRe38Ka34Oa3eLbxf0n6jAmljGr5XDqQLvpAe HTTP/1.1" 200 133
186.113.49.71 - - [15/Sep/2015:09:19:07 -0500] "POST /forms/lservlet;jsessionid=ac16012b30d6d1ecf9643a5249b49863b930ca22dc5e.e3iSbxaKaheRe38Ka34Oa3eLbxf0n6jAmljGr5XDqQLvpAe HTTP/1.1" 200 11
186.113.49.71 - - [15/Sep/2015:09:19:08 -0500] "GET /reports/rwservlet/getjobid360451?server=rep_srvapsda HTTP/1.1" 200 396624
66.249.79.227 - - [15/Sep/2015:09:19:16 -0500] "GET /BLA/resoluciones/RESOLUCIONES%202002/RES%202002%20651-700/00000686.tif HTTP/1.1" 200 195976
186.113.49.71 - - [15/Sep/2015:09:19:18 -0500] "POST /forms/lservlet;jsessionid=ac16012b30d6d1ecf9643a5249b49863b930ca22dc5e.e3iSbxaKaheRe38Ka34Oa3eLbxf0n6jAmljGr5XDqQLvpAe HTTP/1.1" 200 2
186.113.49.71 - - [15/Sep/2015:09:19:19 -0500] "POST /forms/lservlet;jsessionid=ac16012b30d6d1ecf9643a5249b49863b930ca22dc5e.e3iSbxaKaheRe38Ka34Oa3eLbxf0n6jAmljGr5XDqQLvpAe HTTP/1.1" 200 115
186.113.49.71 - - [15/Sep/2015:09:19:19 -0500] "POST /forms/lservlet;jsessionid=ac16012b30d6d1ecf9643a5249b49863b930ca22dc5e.e3iSbxaKaheRe38Ka34Oa3eLbxf0n6jAmljGr5XDqQLvpAe HTTP/1.1" 200 7
186.113.49.71 - - [15/Sep/2015:09:19:20 -0500] "GET /reports/rwservlet/getjobid360452?server=rep_srvapsda HTTP/1.1" 200 47711
179.50.65.3 - - [15/Sep/2015:09:19:22 -0500] "GET /BLA/boletinlegal/jurisprudencia/analisis/Analisis%20Jurisprudencia%20Sent%202000-00005-01.doc HTTP/1.1" 200 52736
186.31.226.118 - - [15/Sep/2015:09:19:50 -0500] "GET /IsolucionSDA/Session.asp HTTP/1.1" 200 6325
190.24.130.234 - - [15/Sep/2015:09:19:51 -0500] "GET /BLA/resoluciones/RESOLUCIONES%202010/4507.pdf HTTP/1.1" 200 528513
190.24.130.234 - - [15/Sep/2015:09:19:52 -0500] "GET /favicon.ico HTTP/1.1" 200 7782
190.24.130.234 - - [15/Sep/2015:09:19:52 -0500] "GET /BLA/resoluciones/RESOLUCIONES%202010/4507.pdf HTTP/1.1" 206 32768
190.24.130.234 - - [15/Sep/2015:09:19:52 -0500] "GET /BLA/resoluciones/RESOLUCIONES%202010/4507.pdf HTTP/1.1" 206 495745
66.249.79.227 - - [15/Sep/2015:09:20:00 -0500] "GET /BLA/resoluciones/RESOLUCIONES%202011/4823.pdf HTTP/1.1" 200 706854
66.249.79.213 - - [15/Sep/2015:09:20:05 -0500] "GET /BLA/resoluciones/RESOLUCIONES%202007/RES%202007%20801%20AL%20900/RESOLUCION%200858%20DE%202007.pdf HTTP/1.1" 200 1370190
186.113.49.71 - - [15/Sep/2015:09:20:12 -0500] "POST /forms/lservlet;jsessionid=ac16012b30d6d1ecf9643a5249b49863b930ca22dc5e.e3iSbxaKaheRe38Ka34Oa3eLbxf0n6jAmljGr5XDqQLvpAe HTTP/1.1" 200 2
186.113.49.71 - - [15/Sep/2015:09:20:12 -0500] "POST /forms/lservlet;jsessionid=ac16012b30d6d1ecf9643a5249b49863b930ca22dc5e.e3iSbxaKaheRe38Ka34Oa3eLbxf0n6jAmljGr5XDqQLvpAe HTTP/1.1" 200 14
186.113.49.71 - - [15/Sep/2015:09:20:13 -0500] "POST /forms/lservlet;jsessionid=ac16012b30d6d1ecf9643a5249b49863b930ca22dc5e.e3iSbxaKaheRe38Ka34Oa3eLbxf0n6jAmljGr5XDqQLvpAe HTTP/1.1" 200 14
186.113.49.71 - - [15/Sep/2015:09:20:14 -0500] "POST /forms/lservlet;jsessionid=ac16012b30d6d1ecf9643a5249b49863b930ca22dc5e.e3iSbxaKaheRe38Ka34Oa3eLbxf0n6jAmljGr5XDqQLvpAe HTTP/1.1" 200 115
186.113.49.71 - - [15/Sep/2015:09:20:15 -0500] "POST /forms/lservlet;jsessionid=ac16012b30d6d1ecf9643a5249b49863b930ca22dc5e.e3iSbxaKaheRe38Ka34Oa3eLbxf0n6jAmljGr5XDqQLvpAe HTTP/1.1" 200 7
186.113.49.71 - - [15/Sep/2015:09:20:15 -0500] "GET /reports/rwservlet/getjobid360453?server=rep_srvapsda HTTP/1.1" 200 47882
186.31.226.118 - - [15/Sep/2015:09:20:17 -0500] "GET /IsolucionSDA/FrameSetGeneral.asp?Pagina=Menu.asp&IdModulo=4 HTTP/1.1" 200 6583
186.31.226.118 - - [15/Sep/2015:09:20:17 -0500] "GET /IsolucionSDA/Encabezado.asp?Pagina=Menu.asp&IdModulo=4 HTTP/1.1" 200 15421
186.31.226.118 - - [15/Sep/2015:09:20:17 -0500] "GET /IsolucionSDA/BarraTitulos.asp?Pagina=Menu.asp&IdModulo=4 HTTP/1.1" 200 6985
186.31.226.118 - - [15/Sep/2015:09:20:17 -0500] "GET /IsolucionSDA/Menu.asp?Pagina=Menu.asp&IdModulo=4 HTTP/1.1" 200 9695
186.31.226.118 - - [15/Sep/2015:09:20:17 -0500] "GET /IsolucionSDA/BarraFavoritos.asp HTTP/1.1" 200 911
186.31.226.118 - - [15/Sep/2015:09:20:18 -0500] "GET /IsolucionSDA/Session.asp?Continue=1 HTTP/1.1" 200 6323
186.31.226.118 - - [15/Sep/2015:09:20:20 -0500] "GET /IsolucionSDA/bancoconocimiento/A/Anexo5_Entregayrecibodeherramienta_v7_0/anexo%20501.xls HTTP/1.1" 206 1
186.31.226.118 - - [15/Sep/2015:09:20:20 -0500] "GET /IsolucionSDA/bancoconocimiento/A/Anexo5_Entregayrecibodeherramienta_v7_0/anexo%20501.xls HTTP/1.1" 206 176577
186.31.226.118 - - [15/Sep/2015:09:20:25 -0500] "GET /IsolucionSDA/FramesetArticulo.asp?Pagina=BancoConocimiento%2FM%2FManejoespaciosparalaconservacion%5Fv7%2FManejoespaciosparalaconservacion%5Fv7%2Easp&IdArticulo=6809 HTTP/1.1" 200 7365
186.31.226.118 - - [15/Sep/2015:09:20:25 -0500] "GET /IsolucionSDA/Arriba.asp?Pagina=BancoConocimiento%2FM%2FManejoespaciosparalaconservacion%5Fv7%2FManejoespaciosparalaconservacion%5Fv7%2Easp&IdArticulo=6809 HTTP/1.1" 200 10585
186.31.226.118 - - [15/Sep/2015:09:20:25 -0500] "GET /IsolucionSDA/BancoConocimiento/M/Manejoespaciosparalaconservacion_v7/Manejoespaciosparalaconservacion_v7.asp?IdArticulo=6809 HTTP/1.1" 200 56973
186.113.49.71 - - [15/Sep/2015:09:20:36 -0500] "POST /forms/lservlet;jsessionid=ac16012b30d6d1ecf9643a5249b49863b930ca22dc5e.e3iSbxaKaheRe38Ka34Oa3eLbxf0n6jAmljGr5XDqQLvpAe HTTP/1.1" 200 2
66.249.79.220 - - [15/Sep/2015:09:20:44 -0500] "GET /BLA/resoluciones/AUTOS%202013/2307.pdf HTTP/1.1" 200 473603
190.9.201.41 - - [15/Sep/2015:09:20:53 -0500] "POST /forms/lservlet;jsessionid=ac16012b30d6b8f726e8512643a2b84cd0ca827f8c0b.e3iSbxaKaheRe38Ka34Oa3eLbxf0n6jAmljGr5XDqQLvpAe HTTP/1.1" 200 2
66.249.79.213 - - [15/Sep/2015:09:20:55 -0500] "GET /BLA/resoluciones/AUTOS%202011/5694.pdf HTTP/1.1" 200 207542
66.249.79.220 - - [15/Sep/2015:09:21:12 -0500] "GET /BLA/resoluciones/AUTOS%202011/7322.pdf HTTP/1.1" 304 -
66.249.79.213 - - [15/Sep/2015:09:21:13 -0500] "GET /BLA/resoluciones/AUTOS%202011/5917.pdf HTTP/1.1" 304 -
190.211.143.253 - - [15/Sep/2015:09:21:21 -0500] "GET /BLA/resoluciones/RESOLUCIONES%202007/RES%202007%202901%20AL%203000/RESOLUCION%202908%20DE%202007.pdf HTTP/1.0" 200 566408
190.211.143.253 - - [15/Sep/2015:09:21:24 -0500] "GET /favicon.ico HTTP/1.0" 200 7782
201.228.238.224 - - [15/Sep/2015:09:21:40 -0500] "GET /BLA/resoluciones/RESOLUCIONES%202007/RES%202007%201301%20AL%201400/RESOLUCION%201352%20DE%202007.pdf HTTP/1.1" 200 45890
201.228.238.224 - - [15/Sep/2015:09:21:40 -0500] "GET /favicon.ico HTTP/1.1" 200 7782
66.249.79.213 - - [15/Sep/2015:09:21:53 -0500] "GET /BLA/resoluciones/RESOLUCIONES%202012/0195.pdf HTTP/1.1" 304 -
186.31.226.118 - - [15/Sep/2015:09:22:00 -0500] "GET /IsolucionSDA/FrameSetArticulo.asp?Pagina=/IsolucionSDA/bancoconocimiento/A/Anexo7_Consolidadomensualdemantenimiento_v7_0/Anexo7_Consolidadomensualdemantenimiento_v7_0.asp?IdArticulo=6815 HTTP/1.1" 200 7493
186.31.226.118 - - [15/Sep/2015:09:22:00 -0500] "GET /IsolucionSDA/Arriba.asp?Pagina=/IsolucionSDA/bancoconocimiento/A/Anexo7_Consolidadomensualdemantenimiento_v7_0/Anexo7_Consolidadomensualdemantenimiento_v7_0.asp?IdArticulo=6815 HTTP/1.1" 200 10636
186.31.226.118 - - [15/Sep/2015:09:22:00 -0500] "GET /IsolucionSDA/bancoconocimiento/A/Anexo7_Consolidadomensualdemantenimiento_v7_0/Anexo7_Consolidadomensualdemantenimiento_v7_0.asp?IdArticulo=6815 HTTP/1.1" 302 136
186.31.226.118 - - [15/Sep/2015:09:22:00 -0500] "GET /IsolucionSDA/bancoconocimiento/A/Anexo7_Consolidadomensualdemantenimiento_v7_0/anexo%20701.xls HTTP/1.1" 200 711168
186.113.49.71 - - [15/Sep/2015:09:22:04 -0500] "POST /forms/lservlet;jsessionid=ac16012b30d6d1ecf9643a5249b49863b930ca22dc5e.e3iSbxaKaheRe38Ka34Oa3eLbxf0n6jAmljGr5XDqQLvpAe HTTP/1.1" 200 2286
186.113.49.71 - - [15/Sep/2015:09:22:04 -0500] "POST /forms/lservlet;jsessionid=ac16012b30d6d1ecf9643a5249b49863b930ca22dc5e.e3iSbxaKaheRe38Ka34Oa3eLbxf0n6jAmljGr5XDqQLvpAe HTTP/1.1" 200 2
186.113.49.71 - - [15/Sep/2015:09:22:05 -0500] "POST /forms/lservlet;jsessionid=ac16012b30d6d1ecf9643a5249b49863b930ca22dc5e.e3iSbxaKaheRe38Ka34Oa3eLbxf0n6jAmljGr5XDqQLvpAe HTTP/1.1" 200 48
186.113.49.71 - - [15/Sep/2015:09:22:13 -0500] "POST /forms/lservlet;jsessionid=ac16012b30d6d1ecf9643a5249b49863b930ca22dc5e.e3iSbxaKaheRe38Ka34Oa3eLbxf0n6jAmljGr5XDqQLvpAe HTTP/1.1" 200 26
186.113.49.71 - - [15/Sep/2015:09:22:13 -0500] "POST /forms/lservlet;jsessionid=ac16012b30d6d1ecf9643a5249b49863b930ca22dc5e.e3iSbxaKaheRe38Ka34Oa3eLbxf0n6jAmljGr5XDqQLvpAe HTTP/1.1" 200 4566
186.113.49.71 - - [15/Sep/2015:09:22:14 -0500] "POST /forms/lservlet;jsessionid=ac16012b30d6d1ecf9643a5249b49863b930ca22dc5e.e3iSbxaKaheRe38Ka34Oa3eLbxf0n6jAmljGr5XDqQLvpAe HTTP/1.1" 200 20
66.249.88.223 - - [15/Sep/2015:09:22:14 -0500] "GET /galeria/galeria/jquery.fancybox.js?v=2.1.5 HTTP/1.1" 200 48706
186.113.49.71 - - [15/Sep/2015:09:22:18 -0500] "POST /forms/lservlet;jsessionid=ac16012b30d6d1ecf9643a5249b49863b930ca22dc5e.e3iSbxaKaheRe38Ka34Oa3eLbxf0n6jAmljGr5XDqQLvpAe HTTP/1.1" 200 7
186.113.49.71 - - [15/Sep/2015:09:22:18 -0500] "POST /forms/lservlet;jsessionid=ac16012b30d6d1ecf9643a5249b49863b930ca22dc5e.e3iSbxaKaheRe38Ka34Oa3eLbxf0n6jAmljGr5XDqQLvpAe HTTP/1.1" 200 194
186.113.49.71 - - [15/Sep/2015:09:22:18 -0500] "POST /forms/lservlet;jsessionid=ac16012b30d6d1ecf9643a5249b49863b930ca22dc5e.e3iSbxaKaheRe38Ka34Oa3eLbxf0n6jAmljGr5XDqQLvpAe HTTP/1.1" 200 87
186.113.49.71 - - [15/Sep/2015:09:22:19 -0500] "POST /forms/lservlet;jsessionid=ac16012b30d6d1ecf9643a5249b49863b930ca22dc5e.e3iSbxaKaheRe38Ka34Oa3eLbxf0n6jAmljGr5XDqQLvpAe HTTP/1.1" 200 18
186.113.49.71 - - [15/Sep/2015:09:22:19 -0500] "POST /forms/lservlet;jsessionid=ac16012b30d6d1ecf9643a5249b49863b930ca22dc5e.e3iSbxaKaheRe38Ka34Oa3eLbxf0n6jAmljGr5XDqQLvpAe HTTP/1.1" 200 40
186.113.49.71 - - [15/Sep/2015:09:22:19 -0500] "POST /forms/lservlet;jsessionid=ac16012b30d6d1ecf9643a5249b49863b930ca22dc5e.e3iSbxaKaheRe38Ka34Oa3eLbxf0n6jAmljGr5XDqQLvpAe HTTP/1.1" 200 2
186.113.49.71 - - [15/Sep/2015:09:22:21 -0500] "POST /forms/lservlet;jsessionid=ac16012b30d6d1ecf9643a5249b49863b930ca22dc5e.e3iSbxaKaheRe38Ka34Oa3eLbxf0n6jAmljGr5XDqQLvpAe HTTP/1.1" 200 115
186.113.49.71 - - [15/Sep/2015:09:22:25 -0500] "POST /forms/lservlet;jsessionid=ac16012b30d6d1ecf9643a5249b49863b930ca22dc5e.e3iSbxaKaheRe38Ka34Oa3eLbxf0n6jAmljGr5XDqQLvpAe HTTP/1.1" 200 2
186.113.49.71 - - [15/Sep/2015:09:22:26 -0500] "POST /forms/lservlet;jsessionid=ac16012b30d6d1ecf9643a5249b49863b930ca22dc5e.e3iSbxaKaheRe38Ka34Oa3eLbxf0n6jAmljGr5XDqQLvpAe HTTP/1.1" 200 14
186.113.49.71 - - [15/Sep/2015:09:22:27 -0500] "POST /forms/lservlet;jsessionid=ac16012b30d6d1ecf9643a5249b49863b930ca22dc5e.e3iSbxaKaheRe38Ka34Oa3eLbxf0n6jAmljGr5XDqQLvpAe HTTP/1.1" 200 14
186.113.49.71 - - [15/Sep/2015:09:22:28 -0500] "POST /forms/lservlet;jsessionid=ac16012b30d6d1ecf9643a5249b49863b930ca22dc5e.e3iSbxaKaheRe38Ka34Oa3eLbxf0n6jAmljGr5XDqQLvpAe HTTP/1.1" 200 114
186.113.49.71 - - [15/Sep/2015:09:22:29 -0500] "POST /forms/lservlet;jsessionid=ac16012b30d6d1ecf9643a5249b49863b930ca22dc5e.e3iSbxaKaheRe38Ka34Oa3eLbxf0n6jAmljGr5XDqQLvpAe HTTP/1.1" 200 11
186.113.49.71 - - [15/Sep/2015:09:22:36 -0500] "POST /forms/lservlet;jsessionid=ac16012b30d6d1ecf9643a5249b49863b930ca22dc5e.e3iSbxaKaheRe38Ka34Oa3eLbxf0n6jAmljGr5XDqQLvpAe HTTP/1.1" 200 2
186.113.49.71 - - [15/Sep/2015:09:22:29 -0500] "GET /reports/rwservlet/getjobid360454?server=rep_srvapsda HTTP/1.1" 200 1894929
190.9.201.41 - - [15/Sep/2015:09:22:53 -0500] "POST /forms/lservlet;jsessionid=ac16012b30d6b8f726e8512643a2b84cd0ca827f8c0b.e3iSbxaKaheRe38Ka34Oa3eLbxf0n6jAmljGr5XDqQLvpAe HTTP/1.1" 200 2
66.249.79.220 - - [15/Sep/2015:09:23:00 -0500] "GET /BLA/resoluciones/RESOLUCIONES%202010/1160.pdf HTTP/1.1" 200 101312
66.249.79.227 - - [15/Sep/2015:09:23:01 -0500] "GET /BLA/resoluciones/RESOLUCIONES%202007/RES%202007%20801%20AL%20900/RESOLUCION%200870%20DE%202007.pdf HTTP/1.1" 200 354049
74.86.158.107 - - [15/Sep/2015:09:23:10 -0500] "HEAD / HTTP/1.1" 200 -
66.249.79.220 - - [15/Sep/2015:09:23:17 -0500] "GET /BLA/resoluciones/AUTOS%202008/2482.pdf HTTP/1.1" 200 287092
66.249.79.227 - - [15/Sep/2015:09:23:18 -0500] "GET /autoliquidacion/TR%C3%81MITES%20VERTIMIENTOS/REGISTRO%20DE%20VERTIMIENTOS/LISTA%20DE%20CHEQUEO%20REGISTRO%20DE%20VERTIMIENTOS.xls HTTP/1.1" 304 -
186.115.51.158 - - [15/Sep/2015:09:23:18 -0500] "GET /BLA/resoluciones/AUTOS%202010/1470.pdf HTTP/1.1" 200 271233
186.115.51.158 - - [15/Sep/2015:09:23:18 -0500] "GET /favicon.ico HTTP/1.1" 200 7782
186.113.49.71 - - [15/Sep/2015:09:23:24 -0500] "POST /forms/lservlet;jsessionid=ac16012b30d6d1ecf9643a5249b49863b930ca22dc5e.e3iSbxaKaheRe38Ka34Oa3eLbxf0n6jAmljGr5XDqQLvpAe HTTP/1.1" 200 154
66.249.79.227 - - [15/Sep/2015:09:23:33 -0500] "GET /BLA/resoluciones/RESOLUCIONES%202014/2584.pdf HTTP/1.1" 200 281525
186.113.49.71 - - [15/Sep/2015:09:23:34 -0500] "POST /forms/lservlet;jsessionid=ac16012b30d6d1ecf9643a5249b49863b930ca22dc5e.e3iSbxaKaheRe38Ka34Oa3eLbxf0n6jAmljGr5XDqQLvpAe HTTP/1.1" 200 2
186.113.49.71 - - [15/Sep/2015:09:23:34 -0500] "POST /forms/lservlet;jsessionid=ac16012b30d6d1ecf9643a5249b49863b930ca22dc5e.e3iSbxaKaheRe38Ka34Oa3eLbxf0n6jAmljGr5XDqQLvpAe HTTP/1.1" 200 87
186.113.49.71 - - [15/Sep/2015:09:23:35 -0500] "POST /forms/lservlet;jsessionid=ac16012b30d6d1ecf9643a5249b49863b930ca22dc5e.e3iSbxaKaheRe38Ka34Oa3eLbxf0n6jAmljGr5XDqQLvpAe HTTP/1.1" 200 2
186.113.49.71 - - [15/Sep/2015:09:23:35 -0500] "POST /forms/lservlet;jsessionid=ac16012b30d6d1ecf9643a5249b49863b930ca22dc5e.e3iSbxaKaheRe38Ka34Oa3eLbxf0n6jAmljGr5XDqQLvpAe HTTP/1.1" 200 2
190.0.245.42 - - [15/Sep/2015:09:23:36 -0500] "GET /BLA/resoluciones/RESOLUCIONES%202007/RES%202007%20701%20AL%20800/RESOLUCION%200705%20DE%202007.pdf HTTP/1.1" 200 1060513
190.0.245.42 - - [15/Sep/2015:09:23:36 -0500] "GET /favicon.ico HTTP/1.1" 200 7782
186.113.49.71 - - [15/Sep/2015:09:23:36 -0500] "POST /forms/lservlet;jsessionid=ac16012b30d6d1ecf9643a5249b49863b930ca22dc5e.e3iSbxaKaheRe38Ka34Oa3eLbxf0n6jAmljGr5XDqQLvpAe HTTP/1.1" 200 38
190.0.245.42 - - [15/Sep/2015:09:23:37 -0500] "GET /BLA/resoluciones/RESOLUCIONES%202007/RES%202007%20701%20AL%20800/RESOLUCION%200705%20DE%202007.pdf HTTP/1.1" 206 32768
190.0.245.42 - - [15/Sep/2015:09:23:37 -0500] "GET /BLA/resoluciones/RESOLUCIONES%202007/RES%202007%20701%20AL%20800/RESOLUCION%200705%20DE%202007.pdf HTTP/1.1" 206 1027745
186.113.49.71 - - [15/Sep/2015:09:23:38 -0500] "POST /forms/lservlet;jsessionid=ac16012b30d6d1ecf9643a5249b49863b930ca22dc5e.e3iSbxaKaheRe38Ka34Oa3eLbxf0n6jAmljGr5XDqQLvpAe HTTP/1.1" 200 2
186.113.49.71 - - [15/Sep/2015:09:23:38 -0500] "POST /forms/lservlet;jsessionid=ac16012b30d6d1ecf9643a5249b49863b930ca22dc5e.e3iSbxaKaheRe38Ka34Oa3eLbxf0n6jAmljGr5XDqQLvpAe HTTP/1.1" 200 18
186.113.49.71 - - [15/Sep/2015:09:23:38 -0500] "POST /forms/lservlet;jsessionid=ac16012b30d6d1ecf9643a5249b49863b930ca22dc5e.e3iSbxaKaheRe38Ka34Oa3eLbxf0n6jAmljGr5XDqQLvpAe HTTP/1.1" 200 2
186.113.49.71 - - [15/Sep/2015:09:23:39 -0500] "POST /forms/lservlet;jsessionid=ac16012b30d6d1ecf9643a5249b49863b930ca22dc5e.e3iSbxaKaheRe38Ka34Oa3eLbxf0n6jAmljGr5XDqQLvpAe HTTP/1.1" 200 2
186.113.49.71 - - [15/Sep/2015:09:23:40 -0500] "POST /forms/lservlet;jsessionid=ac16012b30d6d1ecf9643a5249b49863b930ca22dc5e.e3iSbxaKaheRe38Ka34Oa3eLbxf0n6jAmljGr5XDqQLvpAe HTTP/1.1" 200 35
66.249.79.227 - - [15/Sep/2015:09:23:49 -0500] "GET /BLA/resoluciones/RESOLUCIONES%202009/8394.pdf HTTP/1.1" 200 424863
186.113.49.71 - - [15/Sep/2015:09:24:00 -0500] "POST /forms/lservlet;jsessionid=ac16012b30d6d1ecf9643a5249b49863b930ca22dc5e.e3iSbxaKaheRe38Ka34Oa3eLbxf0n6jAmljGr5XDqQLvpAe HTTP/1.1" 200 2
186.113.49.71 - - [15/Sep/2015:09:24:00 -0500] "POST /forms/lservlet;jsessionid=ac16012b30d6d1ecf9643a5249b49863b930ca22dc5e.e3iSbxaKaheRe38Ka34Oa3eLbxf0n6jAmljGr5XDqQLvpAe HTTP/1.1" 200 120
186.113.49.71 - - [15/Sep/2015:09:24:00 -0500] "POST /forms/lservlet;jsessionid=ac16012b30d6d1ecf9643a5249b49863b930ca22dc5e.e3iSbxaKaheRe38Ka34Oa3eLbxf0n6jAmljGr5XDqQLvpAe HTTP/1.1" 200 7
186.113.49.71 - - [15/Sep/2015:09:24:01 -0500] "POST /forms/lservlet;jsessionid=ac16012b30d6d1ecf9643a5249b49863b930ca22dc5e.e3iSbxaKaheRe38Ka34Oa3eLbxf0n6jAmljGr5XDqQLvpAe HTTP/1.1" 200 2
186.113.49.71 - - [15/Sep/2015:09:24:01 -0500] "POST /forms/lservlet;jsessionid=ac16012b30d6d1ecf9643a5249b49863b930ca22dc5e.e3iSbxaKaheRe38Ka34Oa3eLbxf0n6jAmljGr5XDqQLvpAe HTTP/1.1" 200 41
186.113.49.71 - - [15/Sep/2015:09:24:01 -0500] "POST /forms/lservlet;jsessionid=ac16012b30d6d1ecf9643a5249b49863b930ca22dc5e.e3iSbxaKaheRe38Ka34Oa3eLbxf0n6jAmljGr5XDqQLvpAe HTTP/1.1" 200 7
186.113.49.71 - - [15/Sep/2015:09:24:04 -0500] "POST /forms/lservlet;jsessionid=ac16012b30d6d1ecf9643a5249b49863b930ca22dc5e.e3iSbxaKaheRe38Ka34Oa3eLbxf0n6jAmljGr5XDqQLvpAe HTTP/1.1" 200 49
66.249.79.227 - - [15/Sep/2015:09:24:05 -0500] "GET /BLA/resoluciones/AUTOS%202013/1088.pdf HTTP/1.1" 304 -
66.249.79.81 - - [15/Sep/2015:09:24:05 -0500] "GET /POT-2013/Cartografia/09_EEP.pdf HTTP/1.1" 304 -
186.113.49.71 - - [15/Sep/2015:09:24:05 -0500] "POST /forms/lservlet;jsessionid=ac16012b30d6d1ecf9643a5249b49863b930ca22dc5e.e3iSbxaKaheRe38Ka34Oa3eLbxf0n6jAmljGr5XDqQLvpAe HTTP/1.1" 200 40
186.113.49.71 - - [15/Sep/2015:09:24:07 -0500] "POST /forms/lservlet;jsessionid=ac16012b30d6d1ecf9643a5249b49863b930ca22dc5e.e3iSbxaKaheRe38Ka34Oa3eLbxf0n6jAmljGr5XDqQLvpAe HTTP/1.1" 200 124
186.113.49.71 - - [15/Sep/2015:09:24:08 -0500] "POST /forms/lservlet;jsessionid=ac16012b30d6d1ecf9643a5249b49863b930ca22dc5e.e3iSbxaKaheRe38Ka34Oa3eLbxf0n6jAmljGr5XDqQLvpAe HTTP/1.1" 200 2015
186.113.49.71 - - [15/Sep/2015:09:24:08 -0500] "POST /forms/lservlet;jsessionid=ac16012b30d6d1ecf9643a5249b49863b930ca22dc5e.e3iSbxaKaheRe38Ka34Oa3eLbxf0n6jAmljGr5XDqQLvpAe HTTP/1.1" 200 78
190.242.113.154 - - [15/Sep/2015:09:24:09 -0500] "GET /BLA/resoluciones/AUTOS%202009/2285.pdf HTTP/1.1" 200 86360
186.113.49.71 - - [15/Sep/2015:09:24:11 -0500] "POST /forms/lservlet;jsessionid=ac16012b30d6d1ecf9643a5249b49863b930ca22dc5e.e3iSbxaKaheRe38Ka34Oa3eLbxf0n6jAmljGr5XDqQLvpAe HTTP/1.1" 200 34761
186.113.49.71 - - [15/Sep/2015:09:24:12 -0500] "GET /imagenes/listval.gif HTTP/1.1" 200 905
186.113.49.71 - - [15/Sep/2015:09:24:12 -0500] "POST /forms/lservlet;jsessionid=ac16012b30d6d1ecf9643a5249b49863b930ca22dc5e.e3iSbxaKaheRe38Ka34Oa3eLbxf0n6jAmljGr5XDqQLvpAe HTTP/1.1" 200 7
186.113.49.71 - - [15/Sep/2015:09:24:12 -0500] "POST /forms/lservlet;jsessionid=ac16012b30d6d1ecf9643a5249b49863b930ca22dc5e.e3iSbxaKaheRe38Ka34Oa3eLbxf0n6jAmljGr5XDqQLvpAe HTTP/1.1" 200 34
186.113.49.71 - - [15/Sep/2015:09:24:12 -0500] "POST /forms/lservlet;jsessionid=ac16012b30d6d1ecf9643a5249b49863b930ca22dc5e.e3iSbxaKaheRe38Ka34Oa3eLbxf0n6jAmljGr5XDqQLvpAe HTTP/1.1" 200 2
186.113.49.71 - - [15/Sep/2015:09:24:13 -0500] "POST /forms/lservlet;jsessionid=ac16012b30d6d1ecf9643a5249b49863b930ca22dc5e.e3iSbxaKaheRe38Ka34Oa3eLbxf0n6jAmljGr5XDqQLvpAe HTTP/1.1" 200 610
186.113.49.71 - - [15/Sep/2015:09:24:14 -0500] "POST /forms/lservlet;jsessionid=ac16012b30d6d1ecf9643a5249b49863b930ca22dc5e.e3iSbxaKaheRe38Ka34Oa3eLbxf0n6jAmljGr5XDqQLvpAe HTTP/1.1" 200 51
186.113.49.71 - - [15/Sep/2015:09:24:24 -0500] "POST /forms/lservlet;jsessionid=ac16012b30d6d1ecf9643a5249b49863b930ca22dc5e.e3iSbxaKaheRe38Ka34Oa3eLbxf0n6jAmljGr5XDqQLvpAe HTTP/1.1" 200 26
186.113.49.71 - - [15/Sep/2015:09:24:24 -0500] "POST /forms/lservlet;jsessionid=ac16012b30d6d1ecf9643a5249b49863b930ca22dc5e.e3iSbxaKaheRe38Ka34Oa3eLbxf0n6jAmljGr5XDqQLvpAe HTTP/1.1" 200 4741
186.113.49.71 - - [15/Sep/2015:09:24:25 -0500] "POST /forms/lservlet;jsessionid=ac16012b30d6d1ecf9643a5249b49863b930ca22dc5e.e3iSbxaKaheRe38Ka34Oa3eLbxf0n6jAmljGr5XDqQLvpAe HTTP/1.1" 200 20
186.113.49.71 - - [15/Sep/2015:09:24:36 -0500] "POST /forms/lservlet;jsessionid=ac16012b30d6d1ecf9643a5249b49863b930ca22dc5e.e3iSbxaKaheRe38Ka34Oa3eLbxf0n6jAmljGr5XDqQLvpAe HTTP/1.1" 200 2
186.113.49.71 - - [15/Sep/2015:09:24:40 -0500] "POST /forms/lservlet;jsessionid=ac16012b30d6d1ecf9643a5249b49863b930ca22dc5e.e3iSbxaKaheRe38Ka34Oa3eLbxf0n6jAmljGr5XDqQLvpAe HTTP/1.1" 200 2
186.113.49.71 - - [15/Sep/2015:09:24:40 -0500] "POST /forms/lservlet;jsessionid=ac16012b30d6d1ecf9643a5249b49863b930ca22dc5e.e3iSbxaKaheRe38Ka34Oa3eLbxf0n6jAmljGr5XDqQLvpAe HTTP/1.1" 200 3559
186.113.49.71 - - [15/Sep/2015:09:24:40 -0500] "POST /forms/lservlet;jsessionid=ac16012b30d6d1ecf9643a5249b49863b930ca22dc5e.e3iSbxaKaheRe38Ka34Oa3eLbxf0n6jAmljGr5XDqQLvpAe HTTP/1.1" 200 2
186.113.49.71 - - [15/Sep/2015:09:24:45 -0500] "POST /forms/lservlet;jsessionid=ac16012b30d6d1ecf9643a5249b49863b930ca22dc5e.e3iSbxaKaheRe38Ka34Oa3eLbxf0n6jAmljGr5XDqQLvpAe HTTP/1.1" 200 2
186.113.49.71 - - [15/Sep/2015:09:24:45 -0500] "POST /forms/lservlet;jsessionid=ac16012b30d6d1ecf9643a5249b49863b930ca22dc5e.e3iSbxaKaheRe38Ka34Oa3eLbxf0n6jAmljGr5XDqQLvpAe HTTP/1.1" 200 3247
186.113.49.71 - - [15/Sep/2015:09:24:46 -0500] "POST /forms/lservlet;jsessionid=ac16012b30d6d1ecf9643a5249b49863b930ca22dc5e.e3iSbxaKaheRe38Ka34Oa3eLbxf0n6jAmljGr5XDqQLvpAe HTTP/1.1" 200 2
66.249.79.213 - - [15/Sep/2015:09:24:46 -0500] "GET /BLA/resoluciones/RESOLUCIONES%202007/RES%202007%201%20AL%20100/RESOLUCION%200015%20DE%202007.pdf HTTP/1.1" 304 -
186.113.49.71 - - [15/Sep/2015:09:24:50 -0500] "POST /forms/lservlet;jsessionid=ac16012b30d6d1ecf9643a5249b49863b930ca22dc5e.e3iSbxaKaheRe38Ka34Oa3eLbxf0n6jAmljGr5XDqQLvpAe HTTP/1.1" 200 2
186.113.49.71 - - [15/Sep/2015:09:24:50 -0500] "POST /forms/lservlet;jsessionid=ac16012b30d6d1ecf9643a5249b49863b930ca22dc5e.e3iSbxaKaheRe38Ka34Oa3eLbxf0n6jAmljGr5XDqQLvpAe HTTP/1.1" 200 14
186.113.49.71 - - [15/Sep/2015:09:24:52 -0500] "POST /forms/lservlet;jsessionid=ac16012b30d6d1ecf9643a5249b49863b930ca22dc5e.e3iSbxaKaheRe38Ka34Oa3eLbxf0n6jAmljGr5XDqQLvpAe HTTP/1.1" 200 14
190.9.201.41 - - [15/Sep/2015:09:24:53 -0500] "POST /forms/lservlet;jsessionid=ac16012b30d6b8f726e8512643a2b84cd0ca827f8c0b.e3iSbxaKaheRe38Ka34Oa3eLbxf0n6jAmljGr5XDqQLvpAe HTTP/1.1" 200 2
186.113.49.71 - - [15/Sep/2015:09:24:53 -0500] "POST /forms/lservlet;jsessionid=ac16012b30d6d1ecf9643a5249b49863b930ca22dc5e.e3iSbxaKaheRe38Ka34Oa3eLbxf0n6jAmljGr5XDqQLvpAe HTTP/1.1" 200 133
186.113.49.71 - - [15/Sep/2015:09:24:53 -0500] "POST /forms/lservlet;jsessionid=ac16012b30d6d1ecf9643a5249b49863b930ca22dc5e.e3iSbxaKaheRe38Ka34Oa3eLbxf0n6jAmljGr5XDqQLvpAe HTTP/1.1" 200 2
190.0.59.122 - - [15/Sep/2015:09:24:55 -0500] "GET /BLA/resoluciones/RESOLUCIONES%202013/0084.pdf HTTP/1.1" 200 2600458
190.0.59.122 - - [15/Sep/2015:09:24:56 -0500] "GET /BLA/resoluciones/RESOLUCIONES%202013/0084.pdf HTTP/1.1" 206 32768
190.0.59.122 - - [15/Sep/2015:09:24:56 -0500] "GET /BLA/resoluciones/RESOLUCIONES%202013/0084.pdf HTTP/1.1" 206 2567690
190.0.59.122 - - [15/Sep/2015:09:24:58 -0500] "GET /favicon.ico HTTP/1.1" 200 7782
186.113.49.71 - - [15/Sep/2015:09:24:54 -0500] "GET /reports/rwservlet/getjobid360455?server=rep_srvapsda HTTP/1.1" 200 1895870
200.122.228.50 - - [15/Sep/2015:09:25:22 -0500] "GET /galeria/galeria/fotos/3humedal-Burro3G.jpg HTTP/1.1" 200 74809
200.122.228.50 - - [15/Sep/2015:09:25:27 -0500] "GET /galeria/galeria/fotos/1humedal-Burro1G.jpg HTTP/1.1" 200 132804
186.113.49.71 - - [15/Sep/2015:09:25:33 -0500] "POST /forms/lservlet;jsessionid=ac16012b30d6d1ecf9643a5249b49863b930ca22dc5e.e3iSbxaKaheRe38Ka34Oa3eLbxf0n6jAmljGr5XDqQLvpAe HTTP/1.1" 200 2
186.113.49.71 - - [15/Sep/2015:09:25:33 -0500] "POST /forms/lservlet;jsessionid=ac16012b30d6d1ecf9643a5249b49863b930ca22dc5e.e3iSbxaKaheRe38Ka34Oa3eLbxf0n6jAmljGr5XDqQLvpAe HTTP/1.1" 200 14
186.113.49.71 - - [15/Sep/2015:09:25:34 -0500] "POST /forms/lservlet;jsessionid=ac16012b30d6d1ecf9643a5249b49863b930ca22dc5e.e3iSbxaKaheRe38Ka34Oa3eLbxf0n6jAmljGr5XDqQLvpAe HTTP/1.1" 200 14
186.113.49.71 - - [15/Sep/2015:09:25:36 -0500] "POST /forms/lservlet;jsessionid=ac16012b30d6d1ecf9643a5249b49863b930ca22dc5e.e3iSbxaKaheRe38Ka34Oa3eLbxf0n6jAmljGr5XDqQLvpAe HTTP/1.1" 200 118
186.113.49.71 - - [15/Sep/2015:09:25:36 -0500] "POST /forms/lservlet;jsessionid=ac16012b30d6d1ecf9643a5249b49863b930ca22dc5e.e3iSbxaKaheRe38Ka34Oa3eLbxf0n6jAmljGr5XDqQLvpAe HTTP/1.1" 200 2
190.147.216.191 - - [15/Sep/2015:09:25:46 -0500] "GET /Autoliquidacion/ HTTP/1.1" 200 6375
190.147.216.191 - - [15/Sep/2015:09:25:46 -0500] "GET /Autoliquidacion/dlf/styles.css HTTP/1.1" 200 3045
190.147.216.191 - - [15/Sep/2015:09:25:46 -0500] "GET /Autoliquidacion/dlf/folder.png HTTP/1.1" 200 410
190.147.216.191 - - [15/Sep/2015:09:25:46 -0500] "GET /Autoliquidacion/dlf/bg.gif HTTP/1.1" 200 54
190.147.216.191 - - [15/Sep/2015:09:25:46 -0500] "GET /favicon.ico HTTP/1.1" 200 7782
186.113.49.71 - - [15/Sep/2015:09:25:36 -0500] "GET /reports/rwservlet/getjobid360456?server=rep_srvapsda HTTP/1.1" 200 1895870
186.113.49.71 - - [15/Sep/2015:09:25:51 -0500] "POST /forms/lservlet;jsessionid=ac16012b30d6d1ecf9643a5249b49863b930ca22dc5e.e3iSbxaKaheRe38Ka34Oa3eLbxf0n6jAmljGr5XDqQLvpAe HTTP/1.1" 200 2
186.113.49.71 - - [15/Sep/2015:09:25:52 -0500] "POST /forms/lservlet;jsessionid=ac16012b30d6d1ecf9643a5249b49863b930ca22dc5e.e3iSbxaKaheRe38Ka34Oa3eLbxf0n6jAmljGr5XDqQLvpAe HTTP/1.1" 200 14
186.113.49.71 - - [15/Sep/2015:09:25:53 -0500] "POST /forms/lservlet;jsessionid=ac16012b30d6d1ecf9643a5249b49863b930ca22dc5e.e3iSbxaKaheRe38Ka34Oa3eLbxf0n6jAmljGr5XDqQLvpAe HTTP/1.1" 200 14
186.113.49.71 - - [15/Sep/2015:09:25:54 -0500] "POST /forms/lservlet;jsessionid=ac16012b30d6d1ecf9643a5249b49863b930ca22dc5e.e3iSbxaKaheRe38Ka34Oa3eLbxf0n6jAmljGr5XDqQLvpAe HTTP/1.1" 200 115
186.113.49.71 - - [15/Sep/2015:09:25:54 -0500] "POST /forms/lservlet;jsessionid=ac16012b30d6d1ecf9643a5249b49863b930ca22dc5e.e3iSbxaKaheRe38Ka34Oa3eLbxf0n6jAmljGr5XDqQLvpAe HTTP/1.1" 200 2
186.113.49.71 - - [15/Sep/2015:09:25:55 -0500] "GET /reports/rwservlet/getjobid360457?server=rep_srvapsda HTTP/1.1" 200 48180
190.147.216.191 - - [15/Sep/2015:09:26:00 -0500] "GET /Autoliquidacion/index.php?dir=Solicitud+de+expedici%F3n+de+certificados+de+estado+de+conservaci%F3n+ambiental+%28CECA%29%2F HTTP/1.1" 200 2892
190.147.216.191 - - [15/Sep/2015:09:26:00 -0500] "GET /Autoliquidacion/dlf/pdf.gif HTTP/1.1" 200 272
190.147.216.191 - - [15/Sep/2015:09:26:00 -0500] "GET /Autoliquidacion/dlf/dirup.png HTTP/1.1" 200 644
186.113.49.71 - - [15/Sep/2015:09:26:00 -0500] "POST /forms/lservlet;jsessionid=ac16012b30d6d1ecf9643a5249b49863b930ca22dc5e.e3iSbxaKaheRe38Ka34Oa3eLbxf0n6jAmljGr5XDqQLvpAe HTTP/1.1" 200 2
186.113.49.71 - - [15/Sep/2015:09:26:00 -0500] "POST /forms/lservlet;jsessionid=ac16012b30d6d1ecf9643a5249b49863b930ca22dc5e.e3iSbxaKaheRe38Ka34Oa3eLbxf0n6jAmljGr5XDqQLvpAe HTTP/1.1" 200 115
186.113.49.71 - - [15/Sep/2015:09:26:01 -0500] "POST /forms/lservlet;jsessionid=ac16012b30d6d1ecf9643a5249b49863b930ca22dc5e.e3iSbxaKaheRe38Ka34Oa3eLbxf0n6jAmljGr5XDqQLvpAe HTTP/1.1" 200 2
186.113.49.71 - - [15/Sep/2015:09:26:01 -0500] "GET /reports/rwservlet/getjobid360458?server=rep_srvapsda HTTP/1.1" 200 47711
190.147.216.191 - - [15/Sep/2015:09:26:06 -0500] "GET /Autoliquidacion/Solicitud%20de%20expedici%C3%B3n%20de%20certificados%20de%20estado%20de%20conservaci%C3%B3n%20ambiental%20(CECA)/Ver%20toda%20la%20informaci%C3%B3n%20sobre%20expedici%C3%B3n%20de%20certificados........pdf HTTP/1.1" 200 107952
66.249.79.220 - - [15/Sep/2015:09:26:10 -0500] "GET /BLA/resoluciones/RESOLUCIONES%202008/1259.pdf HTTP/1.1" 200 367172
66.249.79.213 - - [15/Sep/2015:09:26:12 -0500] "GET /BLA/resoluciones/RESOLUCIONES%202007/RES%202007%203701%20AL%203800/RESOLUCION%203726%20DE%202007.pdf HTTP/1.1" 200 568583
66.249.79.213 - - [15/Sep/2015:09:26:23 -0500] "GET /BLA/resoluciones/RESOLUCIONES%202009/7186.pdf HTTP/1.1" 200 1315292
66.249.79.213 - - [15/Sep/2015:09:26:26 -0500] "GET /BLA/resoluciones/RESOLUCIONES%202007/RES%202007%201401%20AL%201500/RESOLUCION%201412%20DE%202007.pdf HTTP/1.1" 200 219173
66.249.79.213 - - [15/Sep/2015:09:26:35 -0500] "GET /BLA/resoluciones/RESOLUCIONES%202009/9140.pdf HTTP/1.1" 200 392496
186.113.49.71 - - [15/Sep/2015:09:26:36 -0500] "POST /forms/lservlet;jsessionid=ac16012b30d6d1ecf9643a5249b49863b930ca22dc5e.e3iSbxaKaheRe38Ka34Oa3eLbxf0n6jAmljGr5XDqQLvpAe HTTP/1.1" 200 2
186.113.49.71 - - [15/Sep/2015:09:26:42 -0500] "POST /forms/lservlet;jsessionid=ac16012b30d6d1ecf9643a5249b49863b930ca22dc5e.e3iSbxaKaheRe38Ka34Oa3eLbxf0n6jAmljGr5XDqQLvpAe HTTP/1.1" 200 2
186.113.49.71 - - [15/Sep/2015:09:26:42 -0500] "POST /forms/lservlet;jsessionid=ac16012b30d6d1ecf9643a5249b49863b930ca22dc5e.e3iSbxaKaheRe38Ka34Oa3eLbxf0n6jAmljGr5XDqQLvpAe HTTP/1.1" 200 3255
186.113.49.71 - - [15/Sep/2015:09:26:42 -0500] "POST /forms/lservlet;jsessionid=ac16012b30d6d1ecf9643a5249b49863b930ca22dc5e.e3iSbxaKaheRe38Ka34Oa3eLbxf0n6jAmljGr5XDqQLvpAe HTTP/1.1" 200 2
181.143.223.98 - - [15/Sep/2015:09:26:48 -0500] "GET /BLA/resoluciones/RESOLUCIONES%202007/RES%202007%202301%20AL%202400/RESOLUCION%202343%20DE%202007.pdf HTTP/1.1" 200 316335
66.249.79.227 - - [15/Sep/2015:09:26:48 -0500] "GET /BLA/resoluciones/AUTOS%202008/2012.pdf HTTP/1.1" 200 82718
181.143.223.98 - - [15/Sep/2015:09:26:48 -0500] "GET /BLA/resoluciones/RESOLUCIONES%202007/RES%202007%202301%20AL%202400/RESOLUCION%202343%20DE%202007.pdf HTTP/1.1" 206 32768
181.143.223.98 - - [15/Sep/2015:09:26:48 -0500] "GET /BLA/resoluciones/RESOLUCIONES%202007/RES%202007%202301%20AL%202400/RESOLUCION%202343%20DE%202007.pdf HTTP/1.1" 206 283567
181.143.223.98 - - [15/Sep/2015:09:26:48 -0500] "GET /favicon.ico HTTP/1.1" 200 7782
186.113.49.71 - - [15/Sep/2015:09:26:50 -0500] "POST /forms/lservlet;jsessionid=ac16012b30d6d1ecf9643a5249b49863b930ca22dc5e.e3iSbxaKaheRe38Ka34Oa3eLbxf0n6jAmljGr5XDqQLvpAe HTTP/1.1" 200 2
200.32.80.33 - - [15/Sep/2015:09:26:50 -0500] "GET /BLA/resoluciones/RESOLUCIONES%202010/7473.pdf HTTP/1.1" 200 515170
186.113.49.71 - - [15/Sep/2015:09:26:50 -0500] "POST /forms/lservlet;jsessionid=ac16012b30d6d1ecf9643a5249b49863b930ca22dc5e.e3iSbxaKaheRe38Ka34Oa3eLbxf0n6jAmljGr5XDqQLvpAe HTTP/1.1" 200 14
186.113.49.71 - - [15/Sep/2015:09:26:51 -0500] "POST /forms/lservlet;jsessionid=ac16012b30d6d1ecf9643a5249b49863b930ca22dc5e.e3iSbxaKaheRe38Ka34Oa3eLbxf0n6jAmljGr5XDqQLvpAe HTTP/1.1" 200 14
200.32.80.33 - - [15/Sep/2015:09:26:52 -0500] "GET /favicon.ico HTTP/1.1" 200 7782
186.113.49.71 - - [15/Sep/2015:09:26:52 -0500] "POST /forms/lservlet;jsessionid=ac16012b30d6d1ecf9643a5249b49863b930ca22dc5e.e3iSbxaKaheRe38Ka34Oa3eLbxf0n6jAmljGr5XDqQLvpAe HTTP/1.1" 200 114
186.113.49.71 - - [15/Sep/2015:09:26:52 -0500] "POST /forms/lservlet;jsessionid=ac16012b30d6d1ecf9643a5249b49863b930ca22dc5e.e3iSbxaKaheRe38Ka34Oa3eLbxf0n6jAmljGr5XDqQLvpAe HTTP/1.1" 200 2
190.9.201.41 - - [15/Sep/2015:09:26:53 -0500] "POST /forms/lservlet;jsessionid=ac16012b30d6b8f726e8512643a2b84cd0ca827f8c0b.e3iSbxaKaheRe38Ka34Oa3eLbxf0n6jAmljGr5XDqQLvpAe HTTP/1.1" 200 2
186.113.49.71 - - [15/Sep/2015:09:26:53 -0500] "GET /reports/rwservlet/getjobid360459?server=rep_srvapsda HTTP/1.1" 200 47912
180.76.15.14 - - [15/Sep/2015:09:26:59 -0500] "GET /SIG/ECS/126PM04-PR87.pdf HTTP/1.1" 200 2104449
66.249.79.220 - - [15/Sep/2015:09:27:00 -0500] "GET /BLA/resoluciones/RESOLUCIONES%202014/0393.pdf HTTP/1.1" 200 515733
190.85.100.113 - - [15/Sep/2015:09:27:01 -0500] "GET /galeria/galeria/fotos/juan-amarillo4G.jpg HTTP/1.1" 200 202445
186.113.49.71 - - [15/Sep/2015:09:27:02 -0500] "POST /forms/lservlet;jsessionid=ac16012b30d6d1ecf9643a5249b49863b930ca22dc5e.e3iSbxaKaheRe38Ka34Oa3eLbxf0n6jAmljGr5XDqQLvpAe HTTP/1.1" 200 2
186.113.49.71 - - [15/Sep/2015:09:27:03 -0500] "POST /forms/lservlet;jsessionid=ac16012b30d6d1ecf9643a5249b49863b930ca22dc5e.e3iSbxaKaheRe38Ka34Oa3eLbxf0n6jAmljGr5XDqQLvpAe HTTP/1.1" 200 3042
186.113.49.71 - - [15/Sep/2015:09:27:03 -0500] "POST /forms/lservlet;jsessionid=ac16012b30d6d1ecf9643a5249b49863b930ca22dc5e.e3iSbxaKaheRe38Ka34Oa3eLbxf0n6jAmljGr5XDqQLvpAe HTTP/1.1" 200 2
191.153.227.209 - - [15/Sep/2015:09:27:08 -0500] "GET /wp-content/uploads/2015/08/banner2.png HTTP/1.1" 301 362
186.113.49.71 - - [15/Sep/2015:09:27:09 -0500] "POST /forms/lservlet;jsessionid=ac16012b30d6d1ecf9643a5249b49863b930ca22dc5e.e3iSbxaKaheRe38Ka34Oa3eLbxf0n6jAmljGr5XDqQLvpAe HTTP/1.1" 200 2
186.113.49.71 - - [15/Sep/2015:09:27:09 -0500] "POST /forms/lservlet;jsessionid=ac16012b30d6d1ecf9643a5249b49863b930ca22dc5e.e3iSbxaKaheRe38Ka34Oa3eLbxf0n6jAmljGr5XDqQLvpAe HTTP/1.1" 200 2912
186.113.49.71 - - [15/Sep/2015:09:27:09 -0500] "POST /forms/lservlet;jsessionid=ac16012b30d6d1ecf9643a5249b49863b930ca22dc5e.e3iSbxaKaheRe38Ka34Oa3eLbxf0n6jAmljGr5XDqQLvpAe HTTP/1.1" 200 2
191.153.227.209 - - [15/Sep/2015:09:27:10 -0500] "GET /wp-content/uploads/2015/08/fotos1b.png HTTP/1.1" 301 362
191.153.227.209 - - [15/Sep/2015:09:27:10 -0500] "GET /wp-content/uploads/2015/08/fotos2b.png HTTP/1.1" 301 362
191.153.227.209 - - [15/Sep/2015:09:27:10 -0500] "GET /wp-content/uploads/2015/08/fotos3b.png HTTP/1.1" 301 362
191.153.227.209 - - [15/Sep/2015:09:27:10 -0500] "GET /wp-content/uploads/2015/08/danos.png HTTP/1.1" 301 360
191.153.227.209 - - [15/Sep/2015:09:27:11 -0500] "GET /wp-content/uploads/2015/07/UNO.png HTTP/1.1" 301 358
181.118.151.10 - - [15/Sep/2015:09:27:12 -0500] "GET /BLA/boletinlegal/jurisprudencia/analisis/CUADRO%20SENTENCIA%20C-222%20DE%202011.doc HTTP/1.0" 200 34816
186.113.49.71 - - [15/Sep/2015:09:27:12 -0500] "POST /forms/lservlet;jsessionid=ac16012b30d6d1ecf9643a5249b49863b930ca22dc5e.e3iSbxaKaheRe38Ka34Oa3eLbxf0n6jAmljGr5XDqQLvpAe HTTP/1.1" 200 2
191.153.227.209 - - [15/Sep/2015:09:27:13 -0500] "GET /wp-content/uploads/2015/07/franja.jpg HTTP/1.1" 301 361
66.249.79.220 - - [15/Sep/2015:09:27:13 -0500] "GET /BLA/resoluciones/RESOLUCIONES%202007/RES%202007%202601%20AL%202700/RESOLUCION%202601%20DE%202007.pdf HTTP/1.1" 304 -
186.113.49.71 - - [15/Sep/2015:09:27:13 -0500] "POST /forms/lservlet;jsessionid=ac16012b30d6d1ecf9643a5249b49863b930ca22dc5e.e3iSbxaKaheRe38Ka34Oa3eLbxf0n6jAmljGr5XDqQLvpAe HTTP/1.1" 200 2914
186.113.49.71 - - [15/Sep/2015:09:27:13 -0500] "POST /forms/lservlet;jsessionid=ac16012b30d6d1ecf9643a5249b49863b930ca22dc5e.e3iSbxaKaheRe38Ka34Oa3eLbxf0n6jAmljGr5XDqQLvpAe HTTP/1.1" 200 2
66.249.79.227 - - [15/Sep/2015:09:27:13 -0500] "GET /BLA/resoluciones/RESOLUCIONES%202010/0242.pdf HTTP/1.1" 304 -
191.153.227.209 - - [15/Sep/2015:09:27:14 -0500] "GET /wp-content/uploads/2015/07/CUARTO.png HTTP/1.1" 301 361
191.153.227.209 - - [15/Sep/2015:09:27:14 -0500] "GET /wp-content/uploads/2015/07/DOS.png HTTP/1.1" 301 358
191.153.227.209 - - [15/Sep/2015:09:27:14 -0500] "GET /wp-content/uploads/2015/07/TERCER.png HTTP/1.1" 301 361
191.153.227.209 - - [15/Sep/2015:09:27:15 -0500] "GET /wp-content/uploads/2015/07/imagencum.png HTTP/1.1" 301 364
191.153.227.209 - - [15/Sep/2015:09:27:15 -0500] "GET /wp-content/uploads/2015/07/cuadro-azulconverde.png HTTP/1.1" 301 374
191.153.227.209 - - [15/Sep/2015:09:27:15 -0500] "GET /wp-content/uploads/2015/07/logovamospa.png HTTP/1.1" 301 366
191.153.227.209 - - [15/Sep/2015:09:27:15 -0500] "GET /wp-content/uploads/2015/07/logocambio.png HTTP/1.1" 301 365
191.153.227.209 - - [15/Sep/2015:09:27:16 -0500] "GET /wp-content/uploads/2015/07/logos.png HTTP/1.1" 301 360
191.153.227.209 - - [15/Sep/2015:09:27:16 -0500] "GET /wp-content/uploads/2015/06/Untitled-1.png HTTP/1.1" 301 365
191.153.227.209 - - [15/Sep/2015:09:27:16 -0500] "GET /wp-content/uploads/2015/07/recuadro_1.jpg HTTP/1.1" 301 365
186.113.49.71 - - [15/Sep/2015:09:27:17 -0500] "POST /forms/lservlet;jsessionid=ac16012b30d6d1ecf9643a5249b49863b930ca22dc5e.e3iSbxaKaheRe38Ka34Oa3eLbxf0n6jAmljGr5XDqQLvpAe HTTP/1.1" 200 2
186.113.49.71 - - [15/Sep/2015:09:27:18 -0500] "POST /forms/lservlet;jsessionid=ac16012b30d6d1ecf9643a5249b49863b930ca22dc5e.e3iSbxaKaheRe38Ka34Oa3eLbxf0n6jAmljGr5XDqQLvpAe HTTP/1.1" 200 90
186.113.49.71 - - [15/Sep/2015:09:27:18 -0500] "POST /forms/lservlet;jsessionid=ac16012b30d6d1ecf9643a5249b49863b930ca22dc5e.e3iSbxaKaheRe38Ka34Oa3eLbxf0n6jAmljGr5XDqQLvpAe HTTP/1.1" 200 2
186.113.49.71 - - [15/Sep/2015:09:27:19 -0500] "POST /forms/lservlet;jsessionid=ac16012b30d6d1ecf9643a5249b49863b930ca22dc5e.e3iSbxaKaheRe38Ka34Oa3eLbxf0n6jAmljGr5XDqQLvpAe HTTP/1.1" 200 2
186.113.49.71 - - [15/Sep/2015:09:27:20 -0500] "POST /forms/lservlet;jsessionid=ac16012b30d6d1ecf9643a5249b49863b930ca22dc5e.e3iSbxaKaheRe38Ka34Oa3eLbxf0n6jAmljGr5XDqQLvpAe HTTP/1.1" 200 30
186.113.49.71 - - [15/Sep/2015:09:27:21 -0500] "POST /forms/lservlet;jsessionid=ac16012b30d6d1ecf9643a5249b49863b930ca22dc5e.e3iSbxaKaheRe38Ka34Oa3eLbxf0n6jAmljGr5XDqQLvpAe HTTP/1.1" 200 2
186.113.49.71 - - [15/Sep/2015:09:27:21 -0500] "POST /forms/lservlet;jsessionid=ac16012b30d6d1ecf9643a5249b49863b930ca22dc5e.e3iSbxaKaheRe38Ka34Oa3eLbxf0n6jAmljGr5XDqQLvpAe HTTP/1.1" 200 14
66.249.79.227 - - [15/Sep/2015:09:27:22 -0500] "GET /BLA/resoluciones/RESOLUCIONES%202002/RES%202002%20651-700/00000652.tif HTTP/1.1" 200 101194
186.113.49.71 - - [15/Sep/2015:09:27:22 -0500] "POST /forms/lservlet;jsessionid=ac16012b30d6d1ecf9643a5249b49863b930ca22dc5e.e3iSbxaKaheRe38Ka34Oa3eLbxf0n6jAmljGr5XDqQLvpAe HTTP/1.1" 200 14
186.113.49.71 - - [15/Sep/2015:09:27:24 -0500] "POST /forms/lservlet;jsessionid=ac16012b30d6d1ecf9643a5249b49863b930ca22dc5e.e3iSbxaKaheRe38Ka34Oa3eLbxf0n6jAmljGr5XDqQLvpAe HTTP/1.1" 200 14
186.113.49.71 - - [15/Sep/2015:09:27:25 -0500] "POST /forms/lservlet;jsessionid=ac16012b30d6d1ecf9643a5249b49863b930ca22dc5e.e3iSbxaKaheRe38Ka34Oa3eLbxf0n6jAmljGr5XDqQLvpAe HTTP/1.1" 200 14
186.113.49.71 - - [15/Sep/2015:09:27:27 -0500] "POST /forms/lservlet;jsessionid=ac16012b30d6d1ecf9643a5249b49863b930ca22dc5e.e3iSbxaKaheRe38Ka34Oa3eLbxf0n6jAmljGr5XDqQLvpAe HTTP/1.1" 200 132
186.113.49.71 - - [15/Sep/2015:09:27:27 -0500] "POST /forms/lservlet;jsessionid=ac16012b30d6d1ecf9643a5249b49863b930ca22dc5e.e3iSbxaKaheRe38Ka34Oa3eLbxf0n6jAmljGr5XDqQLvpAe HTTP/1.1" 200 2
190.131.197.195 - - [15/Sep/2015:09:27:28 -0500] "GET /dama/libreria/jpg/externos/2006/piga.jpg HTTP/1.1" 404 1015
190.131.197.195 - - [15/Sep/2015:09:27:28 -0500] "GET /dama/libreria/jpg/externos/2006/piga.jpg HTTP/1.1" 404 1015
186.31.226.118 - - [15/Sep/2015:09:27:33 -0500] "GET /IsolucionSDA/FrameSetArticulo.asp?Pagina=/IsolucionSDA/bancoconocimiento/A/Anexo8_Actadecompromisoparaprestamodelauditorio_v7_0/Anexo8_Actadecompromisoparaprestamodelauditorio_v7_0.asp?IdArticulo=6816 HTTP/1.1" 200 7549
186.31.226.118 - - [15/Sep/2015:09:27:33 -0500] "GET /IsolucionSDA/Arriba.asp?Pagina=/IsolucionSDA/bancoconocimiento/A/Anexo8_Actadecompromisoparaprestamodelauditorio_v7_0/Anexo8_Actadecompromisoparaprestamodelauditorio_v7_0.asp?IdArticulo=6816 HTTP/1.1" 200 10670
186.31.226.118 - - [15/Sep/2015:09:27:33 -0500] "GET /IsolucionSDA/bancoconocimiento/A/Anexo8_Actadecompromisoparaprestamodelauditorio_v7_0/Anexo8_Actadecompromisoparaprestamodelauditorio_v7_0.asp?IdArticulo=6816 HTTP/1.1" 302 136
190.131.197.195 - - [15/Sep/2015:09:27:36 -0500] "GET /dama/libreria/jpg/externos/2006/piga.jpg HTTP/1.1" 404 1015
190.131.197.195 - - [15/Sep/2015:09:27:36 -0500] "GET /dama/libreria/jpg/externos/2006/piga.jpg HTTP/1.1" 404 1015
186.31.226.118 - - [15/Sep/2015:09:27:33 -0500] "GET /IsolucionSDA/bancoconocimiento/A/Anexo8_Actadecompromisoparaprestamodelauditorio_v7_0/anexo%20801.xls HTTP/1.1" 200 700928
181.61.165.220 - - [15/Sep/2015:09:27:45 -0500] "GET /wp-content/uploads/2015/07/UNO.png HTTP/1.1" 301 358
181.61.165.220 - - [15/Sep/2015:09:27:45 -0500] "GET /wp-content/uploads/2015/08/fotos1b.png HTTP/1.1" 301 362
181.61.165.220 - - [15/Sep/2015:09:27:45 -0500] "GET /wp-content/uploads/2015/08/fotos3b.png HTTP/1.1" 301 362
181.61.165.220 - - [15/Sep/2015:09:27:45 -0500] "GET /wp-content/uploads/2015/08/fotos2b.png HTTP/1.1" 301 362
181.61.165.220 - - [15/Sep/2015:09:27:45 -0500] "GET /wp-content/uploads/2015/08/danos.png HTTP/1.1" 301 360
181.61.165.220 - - [15/Sep/2015:09:27:45 -0500] "GET /wp-content/uploads/2015/08/banner2.png HTTP/1.1" 301 362
181.61.165.220 - - [15/Sep/2015:09:27:45 -0500] "GET /wp-content/uploads/2015/07/DOS.png HTTP/1.1" 301 358
181.61.165.220 - - [15/Sep/2015:09:27:45 -0500] "GET /wp-content/uploads/2015/07/TERCER.png HTTP/1.1" 301 361
181.61.165.220 - - [15/Sep/2015:09:27:45 -0500] "GET /wp-content/uploads/2015/07/CUARTO.png HTTP/1.1" 301 361
181.61.165.220 - - [15/Sep/2015:09:27:45 -0500] "GET /wp-content/uploads/2015/07/franja.jpg HTTP/1.1" 301 361
181.61.165.220 - - [15/Sep/2015:09:27:45 -0500] "GET /wp-content/uploads/2015/07/logocambio.png HTTP/1.1" 301 365
181.61.165.220 - - [15/Sep/2015:09:27:45 -0500] "GET /wp-content/uploads/2015/06/Untitled-1.png HTTP/1.1" 301 365
181.61.165.220 - - [15/Sep/2015:09:27:45 -0500] "GET /wp-content/uploads/2015/07/recuadro_1.jpg HTTP/1.1" 301 365
181.61.165.220 - - [15/Sep/2015:09:27:45 -0500] "GET /wp-content/uploads/2015/07/logos.png HTTP/1.1" 301 360
181.61.165.220 - - [15/Sep/2015:09:27:45 -0500] "GET /wp-content/uploads/2015/07/cuadro-azulconverde.png HTTP/1.1" 301 374
181.61.165.220 - - [15/Sep/2015:09:27:45 -0500] "GET /wp-content/uploads/2015/07/imagencum.png HTTP/1.1" 301 364
181.61.165.220 - - [15/Sep/2015:09:27:45 -0500] "GET /wp-content/uploads/2015/07/logovamospa.png HTTP/1.1" 301 366
66.249.79.220 - - [15/Sep/2015:09:27:49 -0500] "GET /BLA/resoluciones/RESOLUCIONES%202009/2790.pdf HTTP/1.1" 304 -
74.86.158.107 - - [15/Sep/2015:09:28:11 -0500] "HEAD / HTTP/1.1" 200 -
186.113.49.71 - - [15/Sep/2015:09:28:36 -0500] "POST /forms/lservlet;jsessionid=ac16012b30d6d1ecf9643a5249b49863b930ca22dc5e.e3iSbxaKaheRe38Ka34Oa3eLbxf0n6jAmljGr5XDqQLvpAe HTTP/1.1" 200 2
186.113.49.71 - - [15/Sep/2015:09:27:31 -0500] "GET /reports/rwservlet/getjobid360460?server=rep_srvapsda HTTP/1.1" 200 11603234
190.9.201.41 - - [15/Sep/2015:09:28:53 -0500] "POST /forms/lservlet;jsessionid=ac16012b30d6b8f726e8512643a2b84cd0ca827f8c0b.e3iSbxaKaheRe38Ka34Oa3eLbxf0n6jAmljGr5XDqQLvpAe HTTP/1.1" 200 2
186.113.49.71 - - [15/Sep/2015:09:29:15 -0500] "POST /forms/lservlet;jsessionid=ac16012b30d6d1ecf9643a5249b49863b930ca22dc5e.e3iSbxaKaheRe38Ka34Oa3eLbxf0n6jAmljGr5XDqQLvpAe HTTP/1.1" 200 2
186.113.49.71 - - [15/Sep/2015:09:29:15 -0500] "POST /forms/lservlet;jsessionid=ac16012b30d6d1ecf9643a5249b49863b930ca22dc5e.e3iSbxaKaheRe38Ka34Oa3eLbxf0n6jAmljGr5XDqQLvpAe HTTP/1.1" 200 2234
