190.146.200.61 - - [15/Sep/2015:05:34:46 -0500] "POST /forms/lservlet;jsessionid=ac16012b30d641d1283fcd2742908e68fbb721b56a8c.e3iSbxaKaheRe38Ka34Oa3eLbxf0n6jAmljGr5XDqQLvpAe HTTP/1.1" 200 418
66.249.79.227 - - [15/Sep/2015:05:34:47 -0500] "GET /BLA/resoluciones/RESOLUCIONES%202008/5684.pdf HTTP/1.1" 200 212136
66.249.79.220 - - [15/Sep/2015:05:35:02 -0500] "GET /BLA/resoluciones/RESOLUCIONES%202008/5271.pdf HTTP/1.1" 200 412695
190.146.200.61 - - [15/Sep/2015:05:35:04 -0500] "POST /forms/lservlet;jsessionid=ac16012b30d641d1283fcd2742908e68fbb721b56a8c.e3iSbxaKaheRe38Ka34Oa3eLbxf0n6jAmljGr5XDqQLvpAe HTTP/1.1" 200 78
190.146.200.61 - - [15/Sep/2015:05:35:05 -0500] "POST /forms/lservlet;jsessionid=ac16012b30d641d1283fcd2742908e68fbb721b56a8c.e3iSbxaKaheRe38Ka34Oa3eLbxf0n6jAmljGr5XDqQLvpAe HTTP/1.1" 200 2
190.146.200.61 - - [15/Sep/2015:05:35:05 -0500] "POST /forms/lservlet;jsessionid=ac16012b30d641d1283fcd2742908e68fbb721b56a8c.e3iSbxaKaheRe38Ka34Oa3eLbxf0n6jAmljGr5XDqQLvpAe HTTP/1.1" 200 2052
190.146.200.61 - - [15/Sep/2015:05:35:06 -0500] "POST /forms/lservlet;jsessionid=ac16012b30d641d1283fcd2742908e68fbb721b56a8c.e3iSbxaKaheRe38Ka34Oa3eLbxf0n6jAmljGr5XDqQLvpAe HTTP/1.1" 200 78
190.146.200.61 - - [15/Sep/2015:05:35:07 -0500] "POST /forms/lservlet;jsessionid=ac16012b30d641d1283fcd2742908e68fbb721b56a8c.e3iSbxaKaheRe38Ka34Oa3eLbxf0n6jAmljGr5XDqQLvpAe HTTP/1.1" 200 86
190.146.200.61 - - [15/Sep/2015:05:35:07 -0500] "POST /forms/lservlet;jsessionid=ac16012b30d641d1283fcd2742908e68fbb721b56a8c.e3iSbxaKaheRe38Ka34Oa3eLbxf0n6jAmljGr5XDqQLvpAe HTTP/1.1" 200 -
66.249.79.220 - - [15/Sep/2015:05:35:17 -0500] "GET /BLA/resoluciones/RESOLUCIONES%202008/5462.pdf HTTP/1.1" 200 227765
66.249.79.213 - - [15/Sep/2015:05:35:32 -0500] "GET /BLA/resoluciones/RESOLUCIONES%202010/2826.pdf HTTP/1.1" 304 -
74.86.158.107 - - [15/Sep/2015:05:37:10 -0500] "HEAD / HTTP/1.1" 200 -
66.249.79.220 - - [15/Sep/2015:05:37:13 -0500] "GET /BLA/resoluciones/RESOLUCIONES%202009/8350.pdf HTTP/1.1" 200 404028
191.95.251.247 - - [15/Sep/2015:05:37:20 -0500] "GET /wp-content/uploads/2015/08/banner2.png HTTP/1.1" 301 362
191.95.251.247 - - [15/Sep/2015:05:37:20 -0500] "GET /wp-content/uploads/2015/08/fotos1b.png HTTP/1.1" 301 362
191.95.251.247 - - [15/Sep/2015:05:37:20 -0500] "GET /wp-content/uploads/2015/08/fotos2b.png HTTP/1.1" 301 362
191.95.251.247 - - [15/Sep/2015:05:37:20 -0500] "GET /wp-content/uploads/2015/08/fotos3b.png HTTP/1.1" 301 362
191.95.251.247 - - [15/Sep/2015:05:37:20 -0500] "GET /wp-content/uploads/2015/08/danos.png HTTP/1.1" 301 360
191.95.251.247 - - [15/Sep/2015:05:37:21 -0500] "GET /wp-content/uploads/2015/07/imagencum.png HTTP/1.1" 301 364
191.95.251.247 - - [15/Sep/2015:05:37:21 -0500] "GET /wp-content/uploads/2015/07/logovamospa.png HTTP/1.1" 301 366
191.95.251.247 - - [15/Sep/2015:05:37:21 -0500] "GET /wp-content/uploads/2015/07/cuadro-azulconverde.png HTTP/1.1" 301 374
191.95.251.247 - - [15/Sep/2015:05:37:22 -0500] "GET /wp-content/uploads/2015/07/DOS.png HTTP/1.1" 301 358
191.95.251.247 - - [15/Sep/2015:05:37:23 -0500] "GET /wp-content/uploads/2015/07/CUARTO.png HTTP/1.1" 301 361
191.95.251.247 - - [15/Sep/2015:05:37:24 -0500] "GET /wp-content/uploads/2015/07/TERCER.png HTTP/1.1" 301 361
191.95.251.247 - - [15/Sep/2015:05:37:24 -0500] "GET /wp-content/uploads/2015/07/UNO.png HTTP/1.1" 301 358
191.95.251.247 - - [15/Sep/2015:05:37:24 -0500] "GET /wp-content/uploads/2015/07/logocambio.png HTTP/1.1" 301 365
191.95.251.247 - - [15/Sep/2015:05:37:24 -0500] "GET /wp-content/uploads/2015/07/franja.jpg HTTP/1.1" 301 361
191.95.251.247 - - [15/Sep/2015:05:37:25 -0500] "GET /wp-content/uploads/2015/07/logos.png HTTP/1.1" 301 360
191.95.251.247 - - [15/Sep/2015:05:37:25 -0500] "GET /wp-content/uploads/2015/06/Untitled-1.png HTTP/1.1" 301 365
191.95.251.247 - - [15/Sep/2015:05:37:25 -0500] "GET /wp-content/uploads/2015/07/recuadro_1.jpg HTTP/1.1" 301 365
66.249.79.227 - - [15/Sep/2015:05:37:59 -0500] "GET /BLA/resoluciones/RESOLUCIONES%202008/3804.pdf HTTP/1.1" 200 477277
66.249.79.220 - - [15/Sep/2015:05:38:13 -0500] "GET /BLA/resoluciones/AUTOS%202013/0765.pdf HTTP/1.1" 200 1472531
66.249.79.227 - - [15/Sep/2015:05:38:27 -0500] "GET /BLA/resoluciones/RESOLUCIONES%202008/0599.pdf HTTP/1.1" 200 303697
66.249.79.227 - - [15/Sep/2015:05:38:41 -0500] "GET /BLA/resoluciones/AUTOS%202014/5648.pdf HTTP/1.1" 200 607456
66.249.79.213 - - [15/Sep/2015:05:38:43 -0500] "GET /BLA/resoluciones/RESOLUCIONES%202010/2505.pdf HTTP/1.1" 304 -
66.249.79.227 - - [15/Sep/2015:05:39:10 -0500] "GET /BLA/resoluciones/RESOLUCIONES%202009/8884.pdf HTTP/1.1" 200 351992
66.249.79.213 - - [15/Sep/2015:05:40:41 -0500] "GET /BLA/resoluciones/RESOLUCIONES%202009/1461.pdf HTTP/1.1" 200 662771
66.249.79.227 - - [15/Sep/2015:05:40:43 -0500] "GET /BLA/resoluciones/AUTOS%202011/1894.pdf HTTP/1.1" 200 157157
66.249.79.227 - - [15/Sep/2015:05:40:44 -0500] "GET /BLA/resoluciones/AUTOS%202008/2240.pdf HTTP/1.1" 200 155651
66.249.79.227 - - [15/Sep/2015:05:40:55 -0500] "GET /BLA/resoluciones/AUTOS%202011/3557.pdf HTTP/1.1" 200 228426
180.76.15.140 - - [15/Sep/2015:05:40:59 -0500] "GET /SIG/ECS/126PM04-PR100.pdf HTTP/1.1" 200 4266976
66.249.79.227 - - [15/Sep/2015:05:41:09 -0500] "GET /BLA/resoluciones/AUTOS%202009/2281.pdf HTTP/1.1" 200 122261
66.249.79.213 - - [15/Sep/2015:05:41:23 -0500] "GET /BLA/resoluciones/RESOLUCIONES%202008/4150.pdf HTTP/1.1" 200 488244
213.37.169.63 - - [15/Sep/2015:05:41:27 -0500] "GET / HTTP/1.1" 200 10190
66.249.79.220 - - [15/Sep/2015:05:41:37 -0500] "GET /BLA/resoluciones/RESOLUCIONES%202008/0076.pdf HTTP/1.1" 304 -
66.249.79.213 - - [15/Sep/2015:05:41:37 -0500] "GET /BLA/resoluciones/RESOLUCIONES%202009/7670.pdf HTTP/1.1" 304 -
54.209.56.214 - - [15/Sep/2015:05:41:48 -0500] "GET /robots.txt HTTP/1.1" 404 1019
54.209.56.214 - - [15/Sep/2015:05:41:54 -0500] "GET / HTTP/1.1" 200 10190
74.86.158.107 - - [15/Sep/2015:05:42:10 -0500] "HEAD / HTTP/1.1" 200 -
66.249.79.220 - - [15/Sep/2015:05:42:12 -0500] "GET /BLA/resoluciones/AUTOS%202013/2928.pdf HTTP/1.1" 304 -
66.249.79.213 - - [15/Sep/2015:05:42:18 -0500] "GET /BLA/resoluciones/RESOLUCIONES%202008/3154.pdf HTTP/1.1" 200 88819
66.249.79.220 - - [15/Sep/2015:05:42:31 -0500] "GET /BLA/resoluciones/RESOLUCIONES%202011/1849.pdf HTTP/1.1" 304 -
66.249.79.81 - - [15/Sep/2015:05:43:03 -0500] "GET /galeria/galeria/fotos/Cedro.jpg HTTP/1.1" 200 370519
66.249.79.213 - - [15/Sep/2015:05:43:09 -0500] "GET /BLA/resoluciones/AUTOS%202014/1002.pdf HTTP/1.1" 200 456088
66.249.79.220 - - [15/Sep/2015:05:43:47 -0500] "GET /BLA/resoluciones/RESOLUCIONES%202007/RES%202007%201401%20AL%201500/RESOLUCION%201405%20DE%202007.pdf HTTP/1.1" 200 216229
66.249.79.220 - - [15/Sep/2015:05:43:55 -0500] "GET /BLA/resoluciones/RESOLUCIONES%202008/2214.pdf HTTP/1.1" 200 457013
66.249.79.213 - - [15/Sep/2015:05:44:09 -0500] "GET /BLA/resoluciones/RESOLUCIONES%202009/0079.pdf HTTP/1.1" 304 -
66.249.79.227 - - [15/Sep/2015:05:44:24 -0500] "GET /BLA/resoluciones/RESOLUCIONES%202012/1230.pdf HTTP/1.1" 304 -
66.249.79.213 - - [15/Sep/2015:05:44:37 -0500] "GET /BLA/resoluciones/RESOLUCIONES%202011/5904.pdf HTTP/1.1" 200 693242
66.249.79.227 - - [15/Sep/2015:05:44:50 -0500] "GET /BLA/resoluciones/AUTOS%202007/2720.pdf HTTP/1.1" 304 -
66.249.79.213 - - [15/Sep/2015:05:45:52 -0500] "GET /galeria/galeria/fotos/Humedal-techo1G.jpg HTTP/1.1" 304 -
66.249.79.227 - - [15/Sep/2015:05:46:01 -0500] "GET /BLA/resoluciones/RESOLUCIONES%202009/8045.pdf HTTP/1.1" 200 414626
66.249.79.213 - - [15/Sep/2015:05:46:09 -0500] "GET /BLA/resoluciones/AUTOS%202013/0244.pdf HTTP/1.1" 304 -
66.249.79.227 - - [15/Sep/2015:05:46:12 -0500] "GET /BLA/resoluciones/RESOLUCIONES%202008/4352.pdf HTTP/1.1" 200 513595
66.249.79.220 - - [15/Sep/2015:05:46:15 -0500] "GET /BLA/resoluciones/RESOLUCIONES%202008/0796.pdf HTTP/1.1" 200 317671
66.249.79.227 - - [15/Sep/2015:05:46:24 -0500] "GET /BLA/resoluciones/RESOLUCIONES%202009/2544.pdf HTTP/1.1" 200 491430
66.249.79.213 - - [15/Sep/2015:05:46:39 -0500] "GET /BLA/resoluciones/RESOLUCIONES%202008/1355.pdf HTTP/1.1" 200 1076489
66.249.79.213 - - [15/Sep/2015:05:46:52 -0500] "GET /BLA/resoluciones/RESOLUCIONES%202007/RES%202007%202701%20AL%202800/RESOLUCION%202742%20%20DE%202007.pdf HTTP/1.1" 200 646850
66.249.79.213 - - [15/Sep/2015:05:47:08 -0500] "GET /BLA/resoluciones/RESOLUCIONES%202014/2112.pdf HTTP/1.1" 200 309573
74.86.158.107 - - [15/Sep/2015:05:47:10 -0500] "HEAD / HTTP/1.1" 200 -
66.249.79.213 - - [15/Sep/2015:05:47:22 -0500] "GET /BLA/resoluciones/RESOLUCIONES%202011/6102.pdf HTTP/1.1" 304 -
93.188.164.210 - - [15/Sep/2015:05:47:31 -0500] "GET / HTTP/1.1" 200 10190
66.249.79.220 - - [15/Sep/2015:05:47:36 -0500] "GET /BLA/resoluciones/RESOLUCIONES%202014/0913.pdf HTTP/1.1" 200 748793
66.249.79.213 - - [15/Sep/2015:05:49:20 -0500] "GET /BLA/resoluciones/RESOLUCIONES%202007/RES%202007%203401%20AL%203500/RESOLUCION%203469%20DE%202007.pdf HTTP/1.1" 304 -
66.249.79.220 - - [15/Sep/2015:05:49:35 -0500] "GET /BLA/resoluciones/RESOLUCIONES%202009/8959.pdf HTTP/1.1" 200 340444
181.129.113.42 - - [15/Sep/2015:05:49:43 -0500] "GET /galeria/galeria/fotos/mirador3G.jpg HTTP/1.1" 200 131992
38.111.147.0 - - [15/Sep/2015:05:50:04 -0500] "GET /BLA/resoluciones/AUTOS%202015/1476.pdf HTTP/1.0" 200 709228
181.129.113.42 - - [15/Sep/2015:05:50:08 -0500] "GET /galeria/galeria/fotos/mirador4G.jpg HTTP/1.1" 200 159827
66.249.79.227 - - [15/Sep/2015:05:50:25 -0500] "GET /BLA/resoluciones/RESOLUCIONES%202008/5419.pdf HTTP/1.1" 200 205432
207.46.13.106 - - [15/Sep/2015:05:51:50 -0500] "GET /robots.txt HTTP/1.1" 404 1018
207.46.13.106 - - [15/Sep/2015:05:51:56 -0500] "GET /BLA/resoluciones/AUTOS%202015/0188.pdf HTTP/1.1" 200 1084995
66.249.79.213 - - [15/Sep/2015:05:52:04 -0500] "GET /BLA/resoluciones/AUTOS%202014/5475.pdf HTTP/1.1" 200 566341
74.86.158.107 - - [15/Sep/2015:05:52:10 -0500] "HEAD / HTTP/1.1" 200 -
66.249.79.213 - - [15/Sep/2015:05:52:33 -0500] "GET /BLA/resoluciones/AUTOS%202011/4529.pdf HTTP/1.1" 200 190734
66.249.79.213 - - [15/Sep/2015:05:52:44 -0500] "GET /BLA/resoluciones/RESOLUCIONES%202012/1230.pdf HTTP/1.1" 304 -
66.249.79.213 - - [15/Sep/2015:05:53:00 -0500] "GET /BLA/resoluciones/RESOLUCIONES%202008/3461.pdf HTTP/1.1" 200 254396
66.249.79.220 - - [15/Sep/2015:05:53:14 -0500] "GET /BLA/resoluciones/AUTOS%202009/2157.pdf HTTP/1.1" 200 87380
66.249.79.213 - - [15/Sep/2015:05:53:29 -0500] "GET /BLA/resoluciones/RESOLUCIONES%202007/RES%202007%203401%20AL%203500/RESOLUCION%203461%20DE%202007.pdf HTTP/1.1" 304 -
66.249.79.227 - - [15/Sep/2015:05:53:58 -0500] "GET /BLA/resoluciones/RESOLUCIONES%202009/6506.pdf HTTP/1.1" 304 -
66.249.79.220 - - [15/Sep/2015:05:53:59 -0500] "GET /galeria/galeria/fotos/2Humedal-techo2G.jpg HTTP/1.1" 304 -
157.55.39.145 - - [15/Sep/2015:05:54:30 -0500] "GET /SIG/Gesti%C3%B3n%20de%20Recursos%20F%C3%ADsicos/126PA04-PR24.pdf HTTP/1.1" 200 60685
66.249.79.227 - - [15/Sep/2015:05:54:39 -0500] "GET /BLA/resoluciones/RESOLUCIONES%202009/8390.pdf HTTP/1.1" 200 482213
66.249.79.227 - - [15/Sep/2015:05:54:56 -0500] "GET /portel_dama/libreria/pdf/pdf_entrenubes/a1.pdf HTTP/1.1" 404 1018
66.249.79.220 - - [15/Sep/2015:05:55:02 -0500] "GET /BLA/resoluciones/RESOLUCIONES%202009/8716.pdf HTTP/1.1" 200 509997
66.249.79.213 - - [15/Sep/2015:05:55:29 -0500] "GET /BLA/resoluciones/RESOLUCIONES%202007/RES%202007%201301%20AL%201400/RESOLUCION%201365%20DE%202007.pdf HTTP/1.1" 200 301087
66.249.79.213 - - [15/Sep/2015:05:55:31 -0500] "GET /BLA/resoluciones/RESOLUCIONES%202008/1831.pdf HTTP/1.1" 200 265640
66.249.79.220 - - [15/Sep/2015:05:55:31 -0500] "GET /BLA/resoluciones/RESOLUCIONES%202009/6700.pdf HTTP/1.1" 200 56698
66.249.79.220 - - [15/Sep/2015:05:55:48 -0500] "GET /BLA/resoluciones/index.php?dir=Notificaciones%2F HTTP/1.1" 200 4330
89.138.68.32 - - [15/Sep/2015:05:55:58 -0500] "POST /xmlrpc.php HTTP/1.1" 301 334
66.249.79.213 - - [15/Sep/2015:05:56:06 -0500] "GET /BLA/resoluciones/RESOLUCIONES%202009/4828.pdf HTTP/1.1" 200 428696
66.249.79.220 - - [15/Sep/2015:05:56:07 -0500] "GET /BLA/resoluciones/RESOLUCIONES%202009/5609.pdf HTTP/1.1" 200 433820
66.249.79.213 - - [15/Sep/2015:05:56:20 -0500] "GET /BLA/resoluciones/RESOLUCIONES%202008/5224.pdf HTTP/1.1" 200 332306
66.249.79.213 - - [15/Sep/2015:05:56:33 -0500] "GET /BLA/resoluciones/AUTOS%202014/5902.pdf HTTP/1.1" 200 425723
66.249.79.213 - - [15/Sep/2015:05:56:42 -0500] "GET /BLA/resoluciones/RESOLUCIONES%202011/6563.pdf HTTP/1.1" 304 -
88.201.213.238 - - [15/Sep/2015:05:56:53 -0500] "POST /xmlrpc.php HTTP/1.1" 301 334
74.86.158.107 - - [15/Sep/2015:05:57:10 -0500] "HEAD / HTTP/1.1" 200 -
66.249.79.227 - - [15/Sep/2015:05:58:31 -0500] "GET /BLA/resoluciones/RESOLUCIONES%202009/5761.pdf HTTP/1.1" 304 -
66.249.79.213 - - [15/Sep/2015:05:58:46 -0500] "GET /BLA/resoluciones/AUTOS%202008/1012.pdf HTTP/1.1" 200 253137
66.249.79.220 - - [15/Sep/2015:05:59:02 -0500] "GET /BLA/resoluciones/RESOLUCIONES%202008/1605.pdf HTTP/1.1" 200 295757
66.249.79.227 - - [15/Sep/2015:05:59:19 -0500] "GET /BLA/resoluciones/RESOLUCIONES%202010/1493.pdf HTTP/1.1" 200 516539
66.249.79.220 - - [15/Sep/2015:05:59:35 -0500] "GET /BLA/resoluciones/AUTOS%202011/5860.pdf HTTP/1.1" 200 300551
152.61.128.66 - - [15/Sep/2015:05:59:40 -0500] "HEAD / HTTP/1.1" 200 -
152.61.128.66 - - [15/Sep/2015:05:59:40 -0500] "GET /arcgis/services/Calidad_del_Agua_WQI/MapServer/WMSServer?SERVICE=WMS&REQUEST=GetCapabilities HTTP/1.1" 200 32135
152.61.128.66 - - [15/Sep/2015:05:59:41 -0500] "GET /arcgis/services/Calidad_del_Agua_WQI/MapServer/WMSServer?SERVICE=WMS&REQUEST=GetCapabilities HTTP/1.0" 200 32135
152.61.128.66 - - [15/Sep/2015:05:59:42 -0500] "GET /arcgis/services/Calidad_del_Agua_WQI/MapServer/WMSServer?SERVICE=WMS&REQUEST=GetCapabilities HTTP/1.0" 200 32135
152.61.128.66 - - [15/Sep/2015:05:59:43 -0500] "GET /arcgis/services/Calidad_del_Agua_WQI/MapServer/WMSServer?SERVICE=WMS&REQUEST=GetCapabilities HTTP/1.0" 200 32135
152.61.128.66 - - [15/Sep/2015:05:59:44 -0500] "GET /arcgis/services/Calidad_del_Agua_WQI/MapServer/WMSServer?VERSION=1.1.1&REQUEST=GetMap&LAYERS=0&SRS=EPSG:4326&BBOX=-74.473395,3.674381,-73.963300,4.920569&WIDTH=250&HEIGHT=250&FORMAT=image/bmp&STYLES=& HTTP/1.1" 200 188054
66.249.79.220 - - [15/Sep/2015:05:59:51 -0500] "GET /BLA/resoluciones/RESOLUCIONES%202007/RES%202007%203601%20AL%203700/RESOLUCION%203635%20DE%202007.pdf HTTP/1.1" 304 -
181.48.224.34 - - [15/Sep/2015:05:59:52 -0500] "GET /wp-content/uploads/2015/08/fotos1b.png HTTP/1.1" 301 362
181.48.224.34 - - [15/Sep/2015:05:59:52 -0500] "GET /wp-content/uploads/2015/08/banner2.png HTTP/1.1" 301 362
181.48.224.34 - - [15/Sep/2015:05:59:52 -0500] "GET /wp-content/uploads/2015/08/fotos2b.png HTTP/1.1" 301 362
181.48.224.34 - - [15/Sep/2015:05:59:52 -0500] "GET /wp-content/uploads/2015/08/fotos3b.png HTTP/1.1" 301 362
181.48.224.34 - - [15/Sep/2015:05:59:52 -0500] "GET /wp-content/uploads/2015/08/danos.png HTTP/1.1" 301 360
181.48.224.34 - - [15/Sep/2015:05:59:52 -0500] "GET /wp-content/uploads/2015/07/logos.png HTTP/1.1" 301 360
181.48.224.34 - - [15/Sep/2015:05:59:52 -0500] "GET /wp-content/uploads/2015/07/DOS.png HTTP/1.1" 301 358
181.48.224.34 - - [15/Sep/2015:05:59:52 -0500] "GET /wp-content/uploads/2015/07/CUARTO.png HTTP/1.1" 301 361
66.249.79.213 - - [15/Sep/2015:05:59:52 -0500] "GET /BLA/resoluciones/RESOLUCIONES%202007/RES%202007%202101%20AL%202200/RESOLUCION%202116%20DE%202007.pdf HTTP/1.1" 304 -
66.249.79.220 - - [15/Sep/2015:05:59:52 -0500] "GET /BLA/resoluciones/RESOLUCIONES%202008/3371.pdf HTTP/1.1" 304 -
181.48.224.34 - - [15/Sep/2015:05:59:52 -0500] "GET /wp-content/uploads/2015/07/UNO.png HTTP/1.1" 301 358
181.48.224.34 - - [15/Sep/2015:05:59:52 -0500] "GET /wp-content/uploads/2015/07/TERCER.png HTTP/1.1" 301 361
181.48.224.34 - - [15/Sep/2015:05:59:52 -0500] "GET /wp-content/uploads/2015/07/franja.jpg HTTP/1.1" 301 361
181.48.224.34 - - [15/Sep/2015:05:59:52 -0500] "GET /wp-content/uploads/2015/07/cuadro-azulconverde.png HTTP/1.1" 301 374
181.48.224.34 - - [15/Sep/2015:05:59:52 -0500] "GET /wp-content/uploads/2015/07/imagencum.png HTTP/1.1" 301 364
181.48.224.34 - - [15/Sep/2015:05:59:52 -0500] "GET /wp-content/uploads/2015/07/logocambio.png HTTP/1.1" 301 365
181.48.224.34 - - [15/Sep/2015:05:59:52 -0500] "GET /wp-content/uploads/2015/07/recuadro_1.jpg HTTP/1.1" 301 365
181.48.224.34 - - [15/Sep/2015:05:59:52 -0500] "GET /wp-content/uploads/2015/06/Untitled-1.png HTTP/1.1" 301 365
181.48.224.34 - - [15/Sep/2015:05:59:53 -0500] "GET /wp-content/uploads/2015/07/logovamospa.png HTTP/1.1" 301 366
66.249.79.227 - - [15/Sep/2015:06:01:04 -0500] "GET /BLA/resoluciones/RESOLUCIONES%202013/1527.pdf HTTP/1.1" 200 605045
66.249.79.93 - - [15/Sep/2015:06:01:29 -0500] "GET /ifweb/4.html HTTP/1.1" 404 1019
66.249.79.213 - - [15/Sep/2015:06:01:30 -0500] "GET /BLA/resoluciones/AUTOS%202013/0131.pdf HTTP/1.1" 304 -
66.249.79.227 - - [15/Sep/2015:06:01:59 -0500] "GET /BLA/resoluciones/RESOLUCIONES%202012/0937.pdf HTTP/1.1" 200 496303
66.249.79.213 - - [15/Sep/2015:06:02:00 -0500] "GET /BLA/resoluciones/RESOLUCIONES%202008/2276.pdf HTTP/1.1" 200 198406
74.86.158.107 - - [15/Sep/2015:06:02:10 -0500] "HEAD / HTTP/1.1" 200 -
66.249.79.213 - - [15/Sep/2015:06:02:12 -0500] "GET /BLA/resoluciones/AUTOS%202011/7754.pdf HTTP/1.1" 200 248125
66.249.79.220 - - [15/Sep/2015:06:02:13 -0500] "GET /BLA/resoluciones/RESOLUCIONES%202002/RES%202002%20651-700/00000653.tif HTTP/1.1" 200 94178
66.249.79.220 - - [15/Sep/2015:06:02:17 -0500] "GET /BLA/resoluciones/RESOLUCIONES%202008/1783.pdf HTTP/1.1" 200 283888
66.249.79.220 - - [15/Sep/2015:06:02:25 -0500] "GET /BLA/resoluciones/RESOLUCIONES%202009/5803.pdf HTTP/1.1" 200 397860
66.249.79.213 - - [15/Sep/2015:06:02:40 -0500] "GET /BLA/resoluciones/AUTOS%202013/2928.pdf HTTP/1.1" 304 -
66.249.79.87 - - [15/Sep/2015:06:03:11 -0500] "GET /galeria/galeria/fotos/Nogal.jpg HTTP/1.1" 200 365859
66.249.79.227 - - [15/Sep/2015:06:03:34 -0500] "GET /BLA/resoluciones/RESOLUCIONES%202008/1739.pdf HTTP/1.1" 200 294517
66.249.79.178 - - [15/Sep/2015:06:04:40 -0500] "GET /BLA/resoluciones/RESOLUCIONES%202007/RES%202007%203201%20AL%203300/RESOLUCION%203212%20DE%202007.pdf HTTP/1.1" 304 -
66.249.79.185 - - [15/Sep/2015:06:04:41 -0500] "GET /BLA/resoluciones/AUTOS%202012/0175.pdf HTTP/1.1" 200 186579
66.249.79.185 - - [15/Sep/2015:06:04:42 -0500] "GET /BLA/resoluciones/RESOLUCIONES%202008/1680.pdf HTTP/1.1" 200 107681
66.249.79.81 - - [15/Sep/2015:06:04:42 -0500] "GET /BLA/boletinlegal/Circulares/2010/Circular%2006%20de%208%20de%20septiembre%20de%202010.pdf HTTP/1.1" 304 -
66.249.79.185 - - [15/Sep/2015:06:04:53 -0500] "GET /BLA/resoluciones/RESOLUCIONES%202008/3341.pdf HTTP/1.1" 200 233653
62.81.66.66 - - [15/Sep/2015:06:05:05 -0500] "POST /xmlrpc.php HTTP/1.1" 301 334
66.249.79.220 - - [15/Sep/2015:06:05:34 -0500] "GET /autoliquidacion/Grupo%20Forestal%20-%20Silvicultura/Estructura%20del%20SIADAMA.xls HTTP/1.1" 200 1761792
66.249.79.220 - - [15/Sep/2015:06:05:36 -0500] "GET /BLA/resoluciones/AUTOS%202014/0047.pdf HTTP/1.1" 200 441462
66.249.79.220 - - [15/Sep/2015:06:06:08 -0500] "GET /BLA/resoluciones/RESOLUCIONES%202007/RES%202007%202301%20AL%202400/RESOLUCION%202341%20DE%202007.pdf HTTP/1.1" 304 -
180.76.15.148 - - [15/Sep/2015:06:06:23 -0500] "GET /noticias-3/noticias/ HTTP/1.1" 301 344
66.249.79.87 - - [15/Sep/2015:06:07:02 -0500] "GET /Anexos%20estudio%20Organizacional%20SDA/index.php?dir=ANEXO%20No.%208%20-%20MATRICES%20DE%20REGISTRO%20Y%20DE%20SALIDA%20MEDICI%D3N%20CARGAS%20LABORALES%20SDA/7.%20Direcci%F3n%20Legal%20Ambiental/&sort=name&order=desc HTTP/1.1" 200 2962
74.86.158.107 - - [15/Sep/2015:06:07:10 -0500] "HEAD / HTTP/1.1" 200 -
66.249.79.227 - - [15/Sep/2015:06:07:57 -0500] "GET /BLA/resoluciones/RESOLUCIONES%202009/7902.pdf HTTP/1.1" 200 472895
66.249.79.227 - - [15/Sep/2015:06:08:19 -0500] "GET /BLA/resoluciones/AUTOS%202012/1689.pdf HTTP/1.1" 200 531829
66.249.79.227 - - [15/Sep/2015:06:08:34 -0500] "GET /BLA/resoluciones/RESOLUCIONES%202010/6671.pdf HTTP/1.1" 200 612818
66.249.79.213 - - [15/Sep/2015:06:08:49 -0500] "GET /BLA/resoluciones/RESOLUCIONES%202008/3207.pdf HTTP/1.1" 200 152119
66.249.79.185 - - [15/Sep/2015:06:09:04 -0500] "GET /BLA/resoluciones/AUTOS%202010/0806.pdf HTTP/1.1" 304 -
66.249.79.227 - - [15/Sep/2015:06:09:24 -0500] "GET /BLA/resoluciones/RESOLUCIONES%202007/RES%202007%201726%20AL%201800/RESOLUCION%201764%20DE%202007.pdf HTTP/1.1" 304 -
66.249.88.149 - - [15/Sep/2015:06:09:48 -0500] "GET /wp-content/uploads/2015/07/UNO.png HTTP/1.1" 301 358
66.249.88.149 - - [15/Sep/2015:06:09:48 -0500] "GET /wp-content/uploads/2015/08/banner2.png HTTP/1.1" 301 362
66.249.88.154 - - [15/Sep/2015:06:09:48 -0500] "GET /wp-content/uploads/2015/07/logos.png HTTP/1.1" 301 360
66.249.88.159 - - [15/Sep/2015:06:09:48 -0500] "GET /wp-content/uploads/2015/07/imagencum.png HTTP/1.1" 301 364
66.249.88.159 - - [15/Sep/2015:06:09:48 -0500] "GET /wp-content/uploads/2015/07/cuadro-azulconverde.png HTTP/1.1" 301 374
66.249.88.154 - - [15/Sep/2015:06:09:48 -0500] "GET /wp-content/uploads/2015/07/logocambio.png HTTP/1.1" 301 365
66.249.88.149 - - [15/Sep/2015:06:09:48 -0500] "GET /wp-content/uploads/2015/07/franja.jpg HTTP/1.1" 301 361
66.249.88.159 - - [15/Sep/2015:06:09:48 -0500] "GET /wp-content/uploads/2015/07/CUARTO.png HTTP/1.1" 301 361
66.249.88.149 - - [15/Sep/2015:06:09:48 -0500] "GET /wp-content/uploads/2015/07/TERCER.png HTTP/1.1" 301 361
66.249.88.159 - - [15/Sep/2015:06:09:48 -0500] "GET /wp-content/uploads/2015/06/Untitled-1.png HTTP/1.1" 301 365
66.249.88.154 - - [15/Sep/2015:06:09:48 -0500] "GET /wp-content/uploads/2015/07/logovamospa.png HTTP/1.1" 301 366
66.249.88.159 - - [15/Sep/2015:06:09:48 -0500] "GET /wp-content/uploads/2015/07/recuadro_1.jpg HTTP/1.1" 301 365
66.249.88.149 - - [15/Sep/2015:06:09:50 -0500] "GET /wp-content/uploads/2015/07/DOS.png HTTP/1.1" 301 358
66.249.88.149 - - [15/Sep/2015:06:09:51 -0500] "GET /wp-content/uploads/2015/08/fotos3b.png HTTP/1.1" 301 362
66.249.88.149 - - [15/Sep/2015:06:09:51 -0500] "GET /wp-content/uploads/2015/08/fotos2b.png HTTP/1.1" 301 362
66.249.88.159 - - [15/Sep/2015:06:09:51 -0500] "GET /wp-content/uploads/2015/08/fotos1b.png HTTP/1.1" 301 362
66.249.88.159 - - [15/Sep/2015:06:09:51 -0500] "GET /wp-content/uploads/2015/08/danos.png HTTP/1.1" 301 360
66.249.79.227 - - [15/Sep/2015:06:11:13 -0500] "GET /BLA/resoluciones/AUTOS%202014/4423.pdf HTTP/1.1" 200 545830
66.249.79.227 - - [15/Sep/2015:06:11:23 -0500] "GET /BLA/resoluciones/RESOLUCIONES%202002/RES%202002%20651-700/00000665.tif HTTP/1.1" 200 46266
180.76.15.30 - - [15/Sep/2015:06:11:59 -0500] "GET /SIG/ECS/126PM04-PR35.pdf HTTP/1.1" 200 2913733
66.249.79.185 - - [15/Sep/2015:06:12:02 -0500] "GET /BLA/resoluciones/RESOLUCIONES%202007/RES%202007%20801%20AL%20900/RESOLUCION%200870%20DE%202007.pdf HTTP/1.1" 200 354049
66.249.79.220 - - [15/Sep/2015:06:12:16 -0500] "GET /BLA/resoluciones/RESOLUCIONES%202009/6497.pdf HTTP/1.1" 200 431671
66.249.79.213 - - [15/Sep/2015:06:12:31 -0500] "GET /BLA/resoluciones/AUTOS%202011/5528.pdf HTTP/1.1" 200 208305
217.126.208.195 - - [15/Sep/2015:06:12:44 -0500] "GET /BLA/resoluciones/RESOLUCIONES%202014/0970.pdf HTTP/1.1" 206 32768
66.249.79.213 - - [15/Sep/2015:06:12:45 -0500] "GET /BLA/resoluciones/RESOLUCIONES%202014/1998.pdf HTTP/1.1" 304 -
66.249.79.213 - - [15/Sep/2015:06:13:00 -0500] "GET /sia/ HTTP/1.1" 304 -
74.86.158.107 - - [15/Sep/2015:06:13:11 -0500] "HEAD / HTTP/1.1" 200 -
66.249.88.149 - - [15/Sep/2015:06:13:18 -0500] "GET /wp-content/uploads/2015/08/banner2.png HTTP/1.1" 301 362
66.249.88.149 - - [15/Sep/2015:06:13:18 -0500] "GET /wp-content/uploads/2015/08/fotos1b.png HTTP/1.1" 301 362
66.249.88.154 - - [15/Sep/2015:06:13:18 -0500] "GET /wp-content/uploads/2015/07/TERCER.png HTTP/1.1" 301 361
66.249.88.149 - - [15/Sep/2015:06:13:18 -0500] "GET /wp-content/uploads/2015/07/franja.jpg HTTP/1.1" 301 361
66.249.88.159 - - [15/Sep/2015:06:13:18 -0500] "GET /wp-content/uploads/2015/08/danos.png HTTP/1.1" 301 360
66.249.88.159 - - [15/Sep/2015:06:13:18 -0500] "GET /wp-content/uploads/2015/07/cuadro-azulconverde.png HTTP/1.1" 301 374
66.249.88.159 - - [15/Sep/2015:06:13:18 -0500] "GET /wp-content/uploads/2015/07/UNO.png HTTP/1.1" 301 358
66.249.88.154 - - [15/Sep/2015:06:13:18 -0500] "GET /wp-content/uploads/2015/08/fotos3b.png HTTP/1.1" 301 362
66.249.88.154 - - [15/Sep/2015:06:13:18 -0500] "GET /wp-content/uploads/2015/07/DOS.png HTTP/1.1" 301 358
66.249.88.149 - - [15/Sep/2015:06:13:18 -0500] "GET /wp-content/uploads/2015/08/fotos2b.png HTTP/1.1" 301 362
66.249.88.149 - - [15/Sep/2015:06:13:18 -0500] "GET /wp-content/uploads/2015/07/logovamospa.png HTTP/1.1" 301 366
66.249.88.149 - - [15/Sep/2015:06:13:18 -0500] "GET /wp-content/uploads/2015/07/logocambio.png HTTP/1.1" 301 365
66.249.88.154 - - [15/Sep/2015:06:13:18 -0500] "GET /wp-content/uploads/2015/07/recuadro_1.jpg HTTP/1.1" 301 365
66.249.88.154 - - [15/Sep/2015:06:13:18 -0500] "GET /wp-content/uploads/2015/07/CUARTO.png HTTP/1.1" 301 361
66.249.88.154 - - [15/Sep/2015:06:13:18 -0500] "GET /wp-content/uploads/2015/07/imagencum.png HTTP/1.1" 301 364
66.249.88.159 - - [15/Sep/2015:06:13:18 -0500] "GET /wp-content/uploads/2015/07/logos.png HTTP/1.1" 301 360
66.249.88.154 - - [15/Sep/2015:06:13:18 -0500] "GET /wp-content/uploads/2015/06/Untitled-1.png HTTP/1.1" 301 365
200.69.103.254 - - [15/Sep/2015:06:15:01 -0500] "GET /wp-content/uploads/2015/08/fotos2b.png HTTP/1.0" 301 362
200.69.103.254 - - [15/Sep/2015:06:15:01 -0500] "GET /wp-content/uploads/2015/08/fotos1b.png HTTP/1.0" 301 362
200.69.103.254 - - [15/Sep/2015:06:15:01 -0500] "GET /wp-content/uploads/2015/08/banner2.png HTTP/1.0" 301 362
200.69.103.254 - - [15/Sep/2015:06:15:01 -0500] "GET /wp-content/uploads/2015/07/UNO.png HTTP/1.0" 301 358
200.69.103.254 - - [15/Sep/2015:06:15:01 -0500] "GET /wp-content/uploads/2015/08/fotos3b.png HTTP/1.0" 301 362
200.69.103.254 - - [15/Sep/2015:06:15:01 -0500] "GET /wp-content/uploads/2015/08/danos.png HTTP/1.0" 301 360
200.69.103.254 - - [15/Sep/2015:06:15:03 -0500] "GET /wp-content/uploads/2015/07/DOS.png HTTP/1.0" 301 358
200.69.103.254 - - [15/Sep/2015:06:15:03 -0500] "GET /wp-content/uploads/2015/07/TERCER.png HTTP/1.0" 301 361
200.69.103.254 - - [15/Sep/2015:06:15:03 -0500] "GET /wp-content/uploads/2015/07/CUARTO.png HTTP/1.0" 301 361
200.69.103.254 - - [15/Sep/2015:06:15:03 -0500] "GET /wp-content/uploads/2015/07/franja.jpg HTTP/1.0" 301 361
66.249.79.220 - - [15/Sep/2015:06:15:11 -0500] "GET /BLA/resoluciones/RESOLUCIONES%202008/5121.pdf HTTP/1.1" 200 613496
66.249.79.87 - - [15/Sep/2015:06:15:12 -0500] "GET /BLA/boletinlegal/Directivas/2009/Directiva%20No.%20del%2023%20de%20Diciembre%20de%202009.pdf HTTP/1.1" 304 -
66.249.79.185 - - [15/Sep/2015:06:15:27 -0500] "GET /BLA/resoluciones/RESOLUCIONES%202008/4203.pdf HTTP/1.1" 200 202631
66.249.79.192 - - [15/Sep/2015:06:15:43 -0500] "GET /BLA/resoluciones/RESOLUCIONES%202009/6369.pdf HTTP/1.1" 200 487949
200.69.103.254 - - [15/Sep/2015:06:15:49 -0500] "GET /wp-content/uploads/2015/07/logocambio.png HTTP/1.0" 301 365
200.69.103.254 - - [15/Sep/2015:06:15:49 -0500] "GET /wp-content/uploads/2015/07/logovamospa.png HTTP/1.0" 301 366
200.69.103.254 - - [15/Sep/2015:06:15:50 -0500] "GET /wp-content/uploads/2015/07/imagencum.png HTTP/1.0" 301 364
200.69.103.254 - - [15/Sep/2015:06:15:54 -0500] "GET /wp-content/uploads/2015/06/Untitled-1.png HTTP/1.0" 301 365
200.69.103.254 - - [15/Sep/2015:06:15:57 -0500] "GET /wp-content/uploads/2015/07/logos.png HTTP/1.0" 301 360
200.69.103.254 - - [15/Sep/2015:06:15:58 -0500] "GET /wp-content/uploads/2015/07/cuadro-azulconverde.png HTTP/1.0" 301 374
66.249.79.220 - - [15/Sep/2015:06:15:59 -0500] "GET /Residuos/curtiembres/curtiembres.html HTTP/1.1" 304 -
66.249.79.213 - - [15/Sep/2015:06:16:00 -0500] "GET /BLA/resoluciones/RESOLUCIONES%202008/5717.pdf HTTP/1.1" 200 250039
200.69.103.254 - - [15/Sep/2015:06:16:00 -0500] "GET /wp-content/uploads/2015/07/recuadro_1.jpg HTTP/1.0" 301 365
66.249.79.185 - - [15/Sep/2015:06:17:39 -0500] "GET /BLA/resoluciones/RESOLUCIONES%202008/4506.pdf HTTP/1.1" 200 680732
74.86.158.107 - - [15/Sep/2015:06:18:11 -0500] "HEAD / HTTP/1.1" 200 -
66.249.79.220 - - [15/Sep/2015:06:18:12 -0500] "GET /BLA/resoluciones/RESOLUCIONES%202008/1196.pdf HTTP/1.1" 200 223692
66.249.79.220 - - [15/Sep/2015:06:18:13 -0500] "GET /BLA/resoluciones/RESOLUCIONES%202008/2057.pdf HTTP/1.1" 200 211572
66.249.79.213 - - [15/Sep/2015:06:18:26 -0500] "GET /BLA/resoluciones/AUTOS%202007/1005.pdf HTTP/1.1" 200 126219
176.31.7.206 - - [15/Sep/2015:06:18:35 -0500] "GET / HTTP/1.1" 200 10190
190.216.136.150 - - [15/Sep/2015:06:18:40 -0500] "GET /wp-content/uploads/2015/07/franja.jpg HTTP/1.1" 301 361
190.216.136.150 - - [15/Sep/2015:06:18:40 -0500] "GET /wp-content/uploads/2015/08/fotos2b.png HTTP/1.1" 301 362
190.216.136.150 - - [15/Sep/2015:06:18:40 -0500] "GET /wp-content/uploads/2015/08/fotos3b.png HTTP/1.1" 301 362
190.216.136.150 - - [15/Sep/2015:06:18:40 -0500] "GET /wp-content/uploads/2015/08/fotos1b.png HTTP/1.1" 301 362
190.13.109.249 - - [15/Sep/2015:06:18:40 -0500] "GET /wp-content/uploads/2015/07/recuadro_1.jpg HTTP/1.1" 301 365
190.13.109.249 - - [15/Sep/2015:06:18:40 -0500] "GET /wp-content/uploads/2015/08/banner2.png HTTP/1.1" 301 362
190.216.136.150 - - [15/Sep/2015:06:18:40 -0500] "GET /wp-content/uploads/2015/08/danos.png HTTP/1.1" 301 360
190.13.109.249 - - [15/Sep/2015:06:18:40 -0500] "GET /wp-content/uploads/2015/07/UNO.png HTTP/1.1" 301 358
190.13.109.249 - - [15/Sep/2015:06:18:40 -0500] "GET /wp-content/uploads/2015/07/logocambio.png HTTP/1.1" 301 365
190.13.109.249 - - [15/Sep/2015:06:18:40 -0500] "GET /wp-content/uploads/2015/07/DOS.png HTTP/1.1" 301 358
190.13.109.249 - - [15/Sep/2015:06:18:40 -0500] "GET /wp-content/uploads/2015/07/cuadro-azulconverde.png HTTP/1.1" 301 374
190.13.109.249 - - [15/Sep/2015:06:18:40 -0500] "GET /wp-content/uploads/2015/07/logos.png HTTP/1.1" 301 360
190.216.136.150 - - [15/Sep/2015:06:18:40 -0500] "GET /wp-content/uploads/2015/07/imagencum.png HTTP/1.1" 301 364
190.216.136.150 - - [15/Sep/2015:06:18:40 -0500] "GET /wp-content/uploads/2015/07/CUARTO.png HTTP/1.1" 301 361
190.13.109.249 - - [15/Sep/2015:06:18:40 -0500] "GET /wp-content/uploads/2015/07/TERCER.png HTTP/1.1" 301 361
190.13.109.249 - - [15/Sep/2015:06:18:40 -0500] "GET /wp-content/uploads/2015/06/Untitled-1.png HTTP/1.1" 301 365
66.249.79.227 - - [15/Sep/2015:06:18:40 -0500] "GET /BLA/resoluciones/RESOLUCIONES%202008/0574.pdf HTTP/1.1" 200 406689
190.216.136.150 - - [15/Sep/2015:06:18:40 -0500] "GET /wp-content/uploads/2015/07/logovamospa.png HTTP/1.1" 301 366
66.249.79.227 - - [15/Sep/2015:06:18:53 -0500] "GET /BLA/resoluciones/RESOLUCIONES%202008/2003.pdf HTTP/1.1" 200 244927
181.135.148.171 - - [15/Sep/2015:06:18:59 -0500] "GET /wp-content/uploads/2015/08/fotos1b.png HTTP/1.1" 301 362
181.135.148.171 - - [15/Sep/2015:06:18:59 -0500] "GET /wp-content/uploads/2015/08/fotos3b.png HTTP/1.1" 301 362
181.135.148.171 - - [15/Sep/2015:06:18:59 -0500] "GET /wp-content/uploads/2015/08/fotos2b.png HTTP/1.1" 301 362
181.135.148.171 - - [15/Sep/2015:06:18:59 -0500] "GET /wp-content/uploads/2015/08/banner2.png HTTP/1.1" 301 362
181.135.148.171 - - [15/Sep/2015:06:18:59 -0500] "GET /wp-content/uploads/2015/08/danos.png HTTP/1.1" 301 360
181.135.148.171 - - [15/Sep/2015:06:18:59 -0500] "GET /wp-content/uploads/2015/07/UNO.png HTTP/1.1" 301 358
181.135.148.171 - - [15/Sep/2015:06:18:59 -0500] "GET /wp-content/uploads/2015/07/DOS.png HTTP/1.1" 301 358
181.135.148.171 - - [15/Sep/2015:06:18:59 -0500] "GET /wp-content/uploads/2015/07/TERCER.png HTTP/1.1" 301 361
181.135.148.171 - - [15/Sep/2015:06:18:59 -0500] "GET /wp-content/uploads/2015/07/CUARTO.png HTTP/1.1" 301 361
181.135.148.171 - - [15/Sep/2015:06:19:00 -0500] "GET /wp-content/uploads/2015/07/cuadro-azulconverde.png HTTP/1.1" 301 374
181.135.148.171 - - [15/Sep/2015:06:19:00 -0500] "GET /wp-content/uploads/2015/07/logos.png HTTP/1.1" 301 360
181.135.148.171 - - [15/Sep/2015:06:19:00 -0500] "GET /wp-content/uploads/2015/07/imagencum.png HTTP/1.1" 301 364
181.135.148.171 - - [15/Sep/2015:06:19:00 -0500] "GET /wp-content/uploads/2015/07/logovamospa.png HTTP/1.1" 301 366
181.135.148.171 - - [15/Sep/2015:06:19:00 -0500] "GET /wp-content/uploads/2015/07/logocambio.png HTTP/1.1" 301 365
181.135.148.171 - - [15/Sep/2015:06:19:00 -0500] "GET /wp-content/uploads/2015/06/Untitled-1.png HTTP/1.1" 301 365
181.135.148.171 - - [15/Sep/2015:06:19:00 -0500] "GET /wp-content/uploads/2015/07/recuadro_1.jpg HTTP/1.1" 301 365
181.135.148.171 - - [15/Sep/2015:06:19:00 -0500] "GET /wp-content/uploads/2015/07/franja.jpg HTTP/1.1" 301 361
181.135.148.171 - - [15/Sep/2015:06:19:00 -0500] "GET /wp-content/uploads/2015/07/UNO.png HTTP/1.1" 301 358
181.135.148.171 - - [15/Sep/2015:06:19:00 -0500] "GET /wp-content/uploads/2015/07/DOS.png HTTP/1.1" 301 358
181.135.148.171 - - [15/Sep/2015:06:19:00 -0500] "GET /wp-content/uploads/2015/07/TERCER.png HTTP/1.1" 301 361
66.249.79.213 - - [15/Sep/2015:06:19:08 -0500] "GET /BLA/resoluciones/RESOLUCIONES%202007/RES%202007%20601%20AL%20700/RESOLUCION%200690%20DE%202007.pdf HTTP/1.1" 304 -
66.249.79.192 - - [15/Sep/2015:06:19:31 -0500] "GET /BLA/resoluciones/RESOLUCIONES%202002/RES%202002%20651-700/00000664.tif HTTP/1.1" 200 45072
66.249.79.227 - - [15/Sep/2015:06:20:59 -0500] "GET /BLA/resoluciones/RESOLUCIONES%202009/3957.pdf HTTP/1.1" 200 948979
66.249.79.178 - - [15/Sep/2015:06:21:21 -0500] "GET /BLA/resoluciones/RESOLUCIONES%202008/1099.pdf HTTP/1.1" 304 -
66.249.79.171 - - [15/Sep/2015:06:21:24 -0500] "GET /BLA/resoluciones/RESOLUCIONES%202008/3096.pdf HTTP/1.1" 200 209494
66.249.79.178 - - [15/Sep/2015:06:21:27 -0500] "GET /BLA/resoluciones/RESOLUCIONES%202008/0266.pdf HTTP/1.1" 200 47700
66.249.79.227 - - [15/Sep/2015:06:21:37 -0500] "GET /BLA/resoluciones/RESOLUCIONES%202008/1712.pdf HTTP/1.1" 200 254269
66.249.79.213 - - [15/Sep/2015:06:21:40 -0500] "GET /BLA/resoluciones/RESOLUCIONES%202008/4725.pdf HTTP/1.1" 200 450196
66.249.79.227 - - [15/Sep/2015:06:21:53 -0500] "GET /BLA/resoluciones/RESOLUCIONES%202008/2165.pdf HTTP/1.1" 200 363418
66.249.79.213 - - [15/Sep/2015:06:22:10 -0500] "GET /BLA/resoluciones/AUTOS%202010/5252.pdf HTTP/1.1" 200 164813
66.249.79.213 - - [15/Sep/2015:06:22:26 -0500] "GET /BLA/resoluciones/RESOLUCIONES%202008/0142.pdf HTTP/1.1" 200 247175
54.77.20.194 - - [15/Sep/2015:06:22:32 -0500] "GET /arcgis/services/Calidad_del_Agua_WQI/MapServer/WMSServer?request=GetCapabilities&service=WMS HTTP/1.1" 200 32135
66.249.88.154 - - [15/Sep/2015:06:22:41 -0500] "GET /wp-content/uploads/2015/08/banner2.png HTTP/1.1" 301 362
66.249.88.149 - - [15/Sep/2015:06:22:41 -0500] "GET /wp-content/uploads/2015/08/danos.png HTTP/1.1" 301 360
66.249.88.149 - - [15/Sep/2015:06:22:41 -0500] "GET /wp-content/uploads/2015/07/franja.jpg HTTP/1.1" 301 361
66.249.88.159 - - [15/Sep/2015:06:22:41 -0500] "GET /wp-content/uploads/2015/07/imagencum.png HTTP/1.1" 301 364
66.249.88.159 - - [15/Sep/2015:06:22:41 -0500] "GET /wp-content/uploads/2015/07/logocambio.png HTTP/1.1" 301 365
66.249.88.149 - - [15/Sep/2015:06:22:41 -0500] "GET /wp-content/uploads/2015/07/logovamospa.png HTTP/1.1" 301 366
66.249.88.149 - - [15/Sep/2015:06:22:41 -0500] "GET /wp-content/uploads/2015/07/TERCER.png HTTP/1.1" 301 361
66.249.88.159 - - [15/Sep/2015:06:22:41 -0500] "GET /wp-content/uploads/2015/07/logos.png HTTP/1.1" 301 360
66.249.88.149 - - [15/Sep/2015:06:22:41 -0500] "GET /wp-content/uploads/2015/07/CUARTO.png HTTP/1.1" 301 361
66.249.88.154 - - [15/Sep/2015:06:22:41 -0500] "GET /wp-content/uploads/2015/07/UNO.png HTTP/1.1" 301 358
66.249.88.154 - - [15/Sep/2015:06:22:41 -0500] "GET /wp-content/uploads/2015/08/fotos2b.png HTTP/1.1" 301 362
66.249.88.159 - - [15/Sep/2015:06:22:41 -0500] "GET /wp-content/uploads/2015/06/Untitled-1.png HTTP/1.1" 301 365
66.249.88.159 - - [15/Sep/2015:06:22:41 -0500] "GET /wp-content/uploads/2015/08/fotos1b.png HTTP/1.1" 301 362
66.249.88.159 - - [15/Sep/2015:06:22:41 -0500] "GET /wp-content/uploads/2015/08/fotos3b.png HTTP/1.1" 301 362
66.249.88.154 - - [15/Sep/2015:06:22:41 -0500] "GET /wp-content/uploads/2015/07/cuadro-azulconverde.png HTTP/1.1" 301 374
66.249.88.159 - - [15/Sep/2015:06:22:41 -0500] "GET /wp-content/uploads/2015/07/recuadro_1.jpg HTTP/1.1" 301 365
66.249.88.159 - - [15/Sep/2015:06:22:41 -0500] "GET /wp-content/uploads/2015/07/DOS.png HTTP/1.1" 301 358
66.249.79.220 - - [15/Sep/2015:06:22:43 -0500] "GET /BLA/resoluciones/RESOLUCIONES%202009/7283.pdf HTTP/1.1" 304 -
74.86.158.107 - - [15/Sep/2015:06:23:11 -0500] "HEAD / HTTP/1.1" 200 -
186.113.10.143 - - [15/Sep/2015:06:24:20 -0500] "GET /galeria/nivo-slider/demo/demo.html HTTP/1.1" 304 -
66.249.79.87 - - [15/Sep/2015:06:24:32 -0500] "GET /Autoliquidacion/index.php?dir=Grupo%20Forestal%20-%20Industria%20de%20la%20Madera/&sort=date&order=asc HTTP/1.1" 200 6556
66.249.79.71 - - [15/Sep/2015:06:24:36 -0500] "GET /robots.txt HTTP/1.1" 302 308
66.249.79.71 - - [15/Sep/2015:06:24:36 -0500] "GET / HTTP/1.1" 302 298
66.249.79.220 - - [15/Sep/2015:06:24:45 -0500] "GET /BLA/resoluciones/AUTOS%202009/0250.pdf HTTP/1.1" 200 87682
66.249.79.220 - - [15/Sep/2015:06:24:45 -0500] "GET /BLA/resoluciones/RESOLUCIONES%202007/RES%202007%202401%20AL%202500/RESOLUCION%202490%20DE%202007.pdf HTTP/1.1" 304 -
66.249.79.220 - - [15/Sep/2015:06:24:58 -0500] "GET /BLA/resoluciones/RESOLUCIONES%202007/RES%202007%201501%20AL%201600/RESOLUCION%201514%20DE%202007.pdf HTTP/1.1" 200 276249
66.249.79.171 - - [15/Sep/2015:06:25:25 -0500] "GET /BLA/boletinlegal/ HTTP/1.1" 200 51063
66.249.79.220 - - [15/Sep/2015:06:26:18 -0500] "GET /BLA/resoluciones/AUTOS%202011/2513.pdf HTTP/1.1" 200 285040
66.249.79.227 - - [15/Sep/2015:06:26:25 -0500] "GET /BLA/resoluciones/AUTOS%202011/6758.pdf HTTP/1.1" 200 238088
66.249.79.220 - - [15/Sep/2015:06:26:31 -0500] "GET /desprendiblespago/controlador HTTP/1.1" 200 2321
66.249.79.213 - - [15/Sep/2015:06:26:37 -0500] "GET /autoliquidacion/Solicitud%20de%20expedici%C3%B3n%20de%20certificados%20de%20estado%20de%20conservaci%C3%B3n%20ambiental%20(CECA)/FORMULARIO%20DE%20SOLICITUD%20DE%20CECA.pdf HTTP/1.1" 304 -
66.249.79.220 - - [15/Sep/2015:06:26:37 -0500] "GET /BLA/resoluciones/RESOLUCIONES%202011/1027.pdf HTTP/1.1" 200 78349
66.249.79.220 - - [15/Sep/2015:06:26:38 -0500] "GET /BLA/resoluciones/RESOLUCIONES%202007/RES%202007%201%20AL%20100/RESOLUCION%200070%20DE%202007.pdf HTTP/1.1" 304 -
66.249.79.93 - - [15/Sep/2015:06:27:13 -0500] "GET /galeria/galeria/fotos/2Nogal.jpg HTTP/1.1" 200 36928
66.249.79.220 - - [15/Sep/2015:06:27:16 -0500] "GET /BLA/resoluciones/RESOLUCIONES%202013/0350.pdf HTTP/1.1" 304 -
173.252.88.94 - - [15/Sep/2015:06:27:22 -0500] "GET /wp-content/uploads/2015/08/carta-fot.png HTTP/1.1" 301 364
66.249.79.93 - - [15/Sep/2015:06:27:30 -0500] "GET /POT-2013/Cartografia/09_EEP.pdf HTTP/1.1" 304 -
66.249.79.171 - - [15/Sep/2015:06:27:33 -0500] "GET /BLA/resoluciones/RESOLUCIONES%202007/RES%202007%202201%20AL%202300/RESOLUCION%202297%20DE%202007.pdf HTTP/1.1" 304 -
66.249.79.178 - - [15/Sep/2015:06:27:34 -0500] "GET /BLA/resoluciones/AUTOS%202007/0563.pdf HTTP/1.1" 200 137996
66.249.79.213 - - [15/Sep/2015:06:27:41 -0500] "GET /BLA/resoluciones/RESOLUCIONES%202002/RES%202002%20651-700/00000663.tif HTTP/1.1" 200 47004
74.86.158.107 - - [15/Sep/2015:06:28:11 -0500] "HEAD / HTTP/1.1" 200 -
66.249.79.227 - - [15/Sep/2015:06:28:30 -0500] "GET /BLA/resoluciones/RESOLUCIONES%202010/7870.pdf HTTP/1.1" 200 394585
66.249.79.220 - - [15/Sep/2015:06:28:45 -0500] "GET /BLA/resoluciones/RESOLUCIONES%202008/3535.pdf HTTP/1.1" 200 182003
191.95.243.224 - - [15/Sep/2015:06:29:01 -0500] "GET /forest/login.do HTTP/1.1" 404 1120
66.249.79.227 - - [15/Sep/2015:06:29:05 -0500] "GET /BLA/resoluciones/RESOLUCIONES%202009/8225.pdf HTTP/1.1" 304 -
66.249.79.227 - - [15/Sep/2015:06:29:12 -0500] "GET /BLA/resoluciones/RESOLUCIONES%202009/1594.pdf HTTP/1.1" 200 640766
142.4.215.116 - - [15/Sep/2015:06:29:58 -0500] "GET /robots.txt HTTP/1.0" 404 1015
142.4.215.116 - - [15/Sep/2015:06:29:59 -0500] "GET / HTTP/1.1" 206 10190
66.249.79.220 - - [15/Sep/2015:06:30:31 -0500] "GET /BLA/resoluciones/RESOLUCIONES%202011/2098.pdf HTTP/1.1" 200 241795
66.249.79.220 - - [15/Sep/2015:06:30:45 -0500] "GET /BLA/resoluciones/RESOLUCIONES%202009/6111.pdf HTTP/1.1" 200 613694
95.76.112.129 - - [15/Sep/2015:06:30:58 -0500] "POST /xmlrpc.php HTTP/1.1" 301 334
66.249.79.220 - - [15/Sep/2015:06:31:00 -0500] "GET /BLA/resoluciones/RESOLUCIONES%202008/1139.pdf HTTP/1.1" 200 326669
66.249.79.171 - - [15/Sep/2015:06:31:15 -0500] "GET /BLA/resoluciones/RESOLUCIONES%202007/RES%202007%204201%20AL%204300/RESOLUCION%204298%20DE%202007.pdf HTTP/1.1" 200 185791
66.249.79.171 - - [15/Sep/2015:06:31:29 -0500] "GET /BLA/resoluciones/RESOLUCIONES%202007/RES%202007%20901%20AL%201000/RESOLUCION%200986%20DE%202007.pdf HTTP/1.1" 304 -
66.249.79.220 - - [15/Sep/2015:06:31:35 -0500] "GET /BLA/resoluciones/RESOLUCIONES%202007/RES%202007%20601%20AL%20700/RESOLUCION%200688%20DE%202007.pdf HTTP/1.1" 200 1588303
66.249.79.220 - - [15/Sep/2015:06:31:50 -0500] "GET /BLA/resoluciones/RESOLUCIONES%202009/9413.pdf HTTP/1.1" 304 -
66.249.79.213 - - [15/Sep/2015:06:31:51 -0500] "GET /BLA/resoluciones/RESOLUCIONES%202011/1025.pdf HTTP/1.1" 304 -
123.125.71.70 - - [15/Sep/2015:06:32:35 -0500] "GET / HTTP/1.1" 200 10190
191.108.55.197 - - [15/Sep/2015:06:32:43 -0500] "GET /BLA/resoluciones/RESOLUCIONES%202010/7156.pdf HTTP/1.1" 200 72689
191.108.55.197 - - [15/Sep/2015:06:32:47 -0500] "GET /BLA/resoluciones/RESOLUCIONES%202010/7156.pdf HTTP/1.1" 206 67249
74.86.158.107 - - [15/Sep/2015:06:33:11 -0500] "HEAD / HTTP/1.1" 200 -
66.249.79.213 - - [15/Sep/2015:06:33:41 -0500] "GET /BLA/resoluciones/AUTOS%202009/3013.pdf HTTP/1.1" 200 184976
66.249.79.220 - - [15/Sep/2015:06:34:08 -0500] "GET /BLA/resoluciones/RESOLUCIONES%202007/RES%202007%20901%20AL%201000/RESOLUCION%200925%20DE%202007.pdf HTTP/1.1" 200 326761
186.28.100.61 - - [15/Sep/2015:06:34:14 -0500] "GET /wp-content/uploads/2015/08/fotos1b.png HTTP/1.1" 301 362
186.28.100.61 - - [15/Sep/2015:06:34:14 -0500] "GET /wp-content/uploads/2015/08/fotos3b.png HTTP/1.1" 301 362
186.28.100.61 - - [15/Sep/2015:06:34:14 -0500] "GET /wp-content/uploads/2015/08/banner2.png HTTP/1.1" 301 362
186.28.100.61 - - [15/Sep/2015:06:34:14 -0500] "GET /wp-content/uploads/2015/08/fotos2b.png HTTP/1.1" 301 362
186.28.100.61 - - [15/Sep/2015:06:34:14 -0500] "GET /wp-content/uploads/2015/08/danos.png HTTP/1.1" 301 360
186.28.100.61 - - [15/Sep/2015:06:34:14 -0500] "GET /wp-content/uploads/2015/07/UNO.png HTTP/1.1" 301 358
186.28.100.61 - - [15/Sep/2015:06:34:14 -0500] "GET /wp-content/uploads/2015/07/DOS.png HTTP/1.1" 301 358
186.28.100.61 - - [15/Sep/2015:06:34:14 -0500] "GET /wp-content/uploads/2015/07/TERCER.png HTTP/1.1" 301 361
186.28.100.61 - - [15/Sep/2015:06:34:14 -0500] "GET /wp-content/uploads/2015/07/franja.jpg HTTP/1.1" 301 361
186.28.100.61 - - [15/Sep/2015:06:34:14 -0500] "GET /wp-content/uploads/2015/07/logos.png HTTP/1.1" 301 360
186.28.100.61 - - [15/Sep/2015:06:34:14 -0500] "GET /wp-content/uploads/2015/07/cuadro-azulconverde.png HTTP/1.1" 301 374
186.28.100.61 - - [15/Sep/2015:06:34:14 -0500] "GET /wp-content/uploads/2015/07/CUARTO.png HTTP/1.1" 301 361
186.28.100.61 - - [15/Sep/2015:06:34:14 -0500] "GET /wp-content/uploads/2015/07/imagencum.png HTTP/1.1" 301 364
186.28.100.61 - - [15/Sep/2015:06:34:14 -0500] "GET /wp-content/uploads/2015/07/logovamospa.png HTTP/1.1" 301 366
186.28.100.61 - - [15/Sep/2015:06:34:14 -0500] "GET /wp-content/uploads/2015/07/logocambio.png HTTP/1.1" 301 365
186.28.100.61 - - [15/Sep/2015:06:34:14 -0500] "GET /wp-content/uploads/2015/07/recuadro_1.jpg HTTP/1.1" 301 365
186.28.100.61 - - [15/Sep/2015:06:34:14 -0500] "GET /wp-content/uploads/2015/06/Untitled-1.png HTTP/1.1" 301 365
66.249.79.220 - - [15/Sep/2015:06:34:21 -0500] "GET /BLA/resoluciones/RESOLUCIONES%202007/RES%202007%20301%20AL%20400/RESOLUCION%200383%20DE%202007.pdf HTTP/1.1" 304 -
66.249.79.227 - - [15/Sep/2015:06:34:22 -0500] "GET /BLA/resoluciones/AUTOS%202007/3525.pdf HTTP/1.1" 200 70762
66.249.79.178 - - [15/Sep/2015:06:35:09 -0500] "GET /BLA/resoluciones/RESOLUCIONES%202007/RES%202007%202901%20AL%203000/RESOLUCION%202980%20DE%202007.pdf HTTP/1.1" 304 -
66.249.79.93 - - [15/Sep/2015:06:35:12 -0500] "GET /Autoliquidacion/Solicitudes%20relacionadas%20con%20calidad%20del%20aire%20auditiva%20y%20visual/Evaluaci%C3%B3n%20para%20Certificaci%C3%B3n%20en%20materia%20de%20Revisi%C3%B3n%20de%20Gases/lista%20de%20chequeo%20certificacion%20en%20materia%20de%20revision%20de%20gases.pdf HTTP/1.1" 304 -
191.95.243.224 - - [15/Sep/2015:06:35:16 -0500] "GET /forest/login.do HTTP/1.1" 404 1120
66.249.79.213 - - [15/Sep/2015:06:35:51 -0500] "GET /BLA/resoluciones/RESOLUCIONES%202002/RES%202002%20651-700/00000696.tif HTTP/1.1" 200 140738
191.104.229.184 - - [15/Sep/2015:06:36:18 -0500] "GET /BLA/resoluciones/RESOLUCIONES%202007/RES%202007%204101%20AL%204200/RESOLUCION%204141%20DE%202007.pdf HTTP/1.1" 200 603303
191.95.243.224 - - [15/Sep/2015:06:36:18 -0500] "GET /forest/login.do HTTP/1.1" 404 1120
191.104.229.184 - - [15/Sep/2015:06:36:19 -0500] "GET /BLA/resoluciones/RESOLUCIONES%202007/RES%202007%204101%20AL%204200/RESOLUCION%204141%20DE%202007.pdf HTTP/1.1" 200 603303
66.249.79.213 - - [15/Sep/2015:06:36:41 -0500] "GET /BLA/resoluciones/RESOLUCIONES%202009/4057.pdf HTTP/1.1" 200 451545
66.249.79.220 - - [15/Sep/2015:06:36:45 -0500] "GET /BLA/resoluciones/AUTOS%202008/0520.pdf HTTP/1.1" 304 -
177.252.132.146 - - [15/Sep/2015:06:36:54 -0500] "GET /wp-content/uploads/2015/08/banner2.png HTTP/1.1" 301 362
66.249.79.178 - - [15/Sep/2015:06:36:54 -0500] "GET /BLA/resoluciones/AUTOS%202007/3742.pdf HTTP/1.1" 200 179761
191.95.243.224 - - [15/Sep/2015:06:36:55 -0500] "GET /forest/login.do HTTP/1.1" 404 1120
177.252.132.146 - - [15/Sep/2015:06:37:01 -0500] "GET /wp-content/uploads/2015/08/fotos2b.png HTTP/1.1" 301 362
177.252.132.146 - - [15/Sep/2015:06:37:01 -0500] "GET /wp-content/uploads/2015/08/fotos1b.png HTTP/1.1" 301 362
177.252.132.146 - - [15/Sep/2015:06:37:01 -0500] "GET /wp-content/uploads/2015/08/fotos3b.png HTTP/1.1" 301 362
177.252.132.146 - - [15/Sep/2015:06:37:01 -0500] "GET /wp-content/uploads/2015/07/DOS.png HTTP/1.1" 301 358
177.252.132.146 - - [15/Sep/2015:06:37:01 -0500] "GET /wp-content/uploads/2015/08/danos.png HTTP/1.1" 301 360
177.252.132.146 - - [15/Sep/2015:06:37:01 -0500] "GET /wp-content/uploads/2015/07/UNO.png HTTP/1.1" 301 358
177.252.132.146 - - [15/Sep/2015:06:37:03 -0500] "GET /wp-content/uploads/2015/07/cuadro-azulconverde.png HTTP/1.1" 301 374
177.252.132.146 - - [15/Sep/2015:06:37:03 -0500] "GET /wp-content/uploads/2015/07/imagencum.png HTTP/1.1" 301 364
177.252.132.146 - - [15/Sep/2015:06:37:03 -0500] "GET /wp-content/uploads/2015/07/logos.png HTTP/1.1" 301 360
66.249.79.178 - - [15/Sep/2015:06:37:07 -0500] "GET /BLA/resoluciones/RESOLUCIONES%202010/6929.pdf HTTP/1.1" 200 2955525
177.252.132.146 - - [15/Sep/2015:06:37:11 -0500] "GET /wp-content/uploads/2015/07/TERCER.png HTTP/1.1" 301 361
177.252.132.146 - - [15/Sep/2015:06:37:11 -0500] "GET /wp-content/uploads/2015/07/CUARTO.png HTTP/1.1" 301 361
177.252.132.146 - - [15/Sep/2015:06:37:12 -0500] "GET /wp-content/uploads/2015/07/logovamospa.png HTTP/1.1" 301 366
177.252.132.146 - - [15/Sep/2015:06:37:15 -0500] "GET /wp-content/uploads/2015/07/logocambio.png HTTP/1.1" 301 365
177.252.132.146 - - [15/Sep/2015:06:37:15 -0500] "GET /wp-content/uploads/2015/06/Untitled-1.png HTTP/1.1" 301 365
177.252.132.146 - - [15/Sep/2015:06:37:18 -0500] "GET /wp-content/uploads/2015/07/franja.jpg HTTP/1.1" 301 361
66.249.79.227 - - [15/Sep/2015:06:37:21 -0500] "GET /BLA/resoluciones/RESOLUCIONES%202009/5529.pdf HTTP/1.1" 200 561665
177.252.132.146 - - [15/Sep/2015:06:37:24 -0500] "GET /wp-content/uploads/2015/07/recuadro_1.jpg HTTP/1.1" 301 365
191.95.243.224 - - [15/Sep/2015:06:37:29 -0500] "GET /forest/login.do HTTP/1.1" 404 1120
66.249.79.227 - - [15/Sep/2015:06:37:34 -0500] "GET /BLA/resoluciones/RESOLUCIONES%202009/2268.pdf HTTP/1.1" 304 -
66.249.79.220 - - [15/Sep/2015:06:37:59 -0500] "GET /BLA/resoluciones/AUTOS%202011/7772.pdf HTTP/1.1" 304 -
74.86.158.107 - - [15/Sep/2015:06:38:11 -0500] "HEAD / HTTP/1.1" 200 -
186.28.192.226 - - [15/Sep/2015:06:39:14 -0500] "GET /forest/login.do HTTP/1.1" 404 1120
186.28.192.226 - - [15/Sep/2015:06:39:15 -0500] "GET /favicon.ico HTTP/1.1" 200 7782
66.249.79.227 - - [15/Sep/2015:06:39:21 -0500] "GET /BLA/resoluciones/RESOLUCIONES%202009/1258.pdf HTTP/1.1" 200 711243
66.249.79.227 - - [15/Sep/2015:06:39:51 -0500] "GET /BLA/resoluciones/RESOLUCIONES%202010/7863.pdf HTTP/1.1" 200 174032
66.249.79.87 - - [15/Sep/2015:06:39:52 -0500] "GET /SIG/Gesti%C3%B3n%20de%20Recursos%20F%C3%ADsicos/126PA04-PR25.pdf HTTP/1.1" 200 59222
186.83.198.200 - - [15/Sep/2015:06:39:57 -0500] "GET /wp-content/uploads/2015/08/fotos3b.png HTTP/1.1" 301 362
186.83.198.200 - - [15/Sep/2015:06:39:57 -0500] "GET /wp-content/uploads/2015/08/fotos1b.png HTTP/1.1" 301 362
186.83.198.200 - - [15/Sep/2015:06:39:57 -0500] "GET /wp-content/uploads/2015/08/fotos2b.png HTTP/1.1" 301 362
186.83.198.200 - - [15/Sep/2015:06:39:57 -0500] "GET /wp-content/uploads/2015/08/danos.png HTTP/1.1" 301 360
186.83.198.200 - - [15/Sep/2015:06:39:57 -0500] "GET /wp-content/uploads/2015/08/banner2.png HTTP/1.1" 301 362
186.83.198.200 - - [15/Sep/2015:06:39:57 -0500] "GET /wp-content/uploads/2015/07/CUARTO.png HTTP/1.1" 301 361
186.83.198.200 - - [15/Sep/2015:06:39:57 -0500] "GET /wp-content/uploads/2015/07/DOS.png HTTP/1.1" 301 358
186.83.198.200 - - [15/Sep/2015:06:39:57 -0500] "GET /wp-content/uploads/2015/07/TERCER.png HTTP/1.1" 301 361
186.83.198.200 - - [15/Sep/2015:06:39:58 -0500] "GET /wp-content/uploads/2015/07/franja.jpg HTTP/1.1" 301 361
186.83.198.200 - - [15/Sep/2015:06:39:58 -0500] "GET /wp-content/uploads/2015/07/logovamospa.png HTTP/1.1" 301 366
186.83.198.200 - - [15/Sep/2015:06:39:58 -0500] "GET /wp-content/uploads/2015/07/imagencum.png HTTP/1.1" 301 364
