186.145.116.24 - - [28/Sep/2015:01:04:51 -0500] "GET /galeria/galeria/jquery.fancybox.js?v=2.1.5 HTTP/1.1" 200 48706
66.249.67.156 - - [28/Sep/2015:01:04:56 -0500] "GET /BLA/resoluciones/RESOLUCIONES%202007/RES%202007%202201%20AL%202300/RESOLUCION%202279%20DE%202007.pdf HTTP/1.1" 200 987219
186.144.190.246 - - [28/Sep/2015:01:05:01 -0500] "GET /galeria/galeria/jquery.fancybox.js?v=2.1.5 HTTP/1.1" 200 48706
186.144.190.246 - - [28/Sep/2015:01:05:01 -0500] "GET /galeria/galeria/jquery.fancybox.css?v=2.1.5 HTTP/1.1" 200 4895
186.144.190.246 - - [28/Sep/2015:01:05:01 -0500] "GET /BLA/boletinlegal/js/jquery.scrollShow.js HTTP/1.1" 200 4586
186.144.190.246 - - [28/Sep/2015:01:05:12 -0500] "GET /BLA/boletinlegal/js/jquery.scrollShow.js HTTP/1.1" 200 4586
186.144.190.246 - - [28/Sep/2015:01:05:12 -0500] "GET /galeria/galeria/jquery.fancybox.js?v=2.1.5 HTTP/1.1" 200 48706
186.144.190.246 - - [28/Sep/2015:01:05:12 -0500] "GET /galeria/galeria/jquery.fancybox.css?v=2.1.5 HTTP/1.1" 200 4895
66.249.67.174 - - [28/Sep/2015:01:05:37 -0500] "GET /BLA/resoluciones/RESOLUCIONES%202013/0589.pdf HTTP/1.1" 200 881782
66.249.67.174 - - [28/Sep/2015:01:05:58 -0500] "GET /BLA/resoluciones/RESOLUCIONES%202003/RES%202003%201751-1800/20031792.tif HTTP/1.1" 200 47156
66.249.67.174 - - [28/Sep/2015:01:06:18 -0500] "GET /BLA/resoluciones/RESOLUCIONES%202007/RES%202007%202401%20AL%202500/RESOLUCION%202403%20DE%202007.pdf HTTP/1.1" 200 1767227
66.249.67.174 - - [28/Sep/2015:01:06:58 -0500] "GET /BLA/resoluciones/RESOLUCIONES%202010/2181.pdf HTTP/1.1" 200 487397
74.86.158.107 - - [28/Sep/2015:01:06:58 -0500] "HEAD / HTTP/1.1" 200 -
66.249.67.156 - - [28/Sep/2015:01:07:24 -0500] "GET /BLA/resoluciones/AUTOS%202013/0432.pdf HTTP/1.1" 200 1394826
66.249.67.174 - - [28/Sep/2015:01:07:26 -0500] "GET /BLA/resoluciones/AUTOS%202013/2305.pdf HTTP/1.1" 200 466912
66.249.67.165 - - [28/Sep/2015:01:07:39 -0500] "GET /BLA/resoluciones/RESOLUCIONES%202010/4088.pdf HTTP/1.1" 200 518107
66.249.67.156 - - [28/Sep/2015:01:07:55 -0500] "GET /BLA/resoluciones/RESOLUCIONES%202003/RES%202003%201001-1050/1024.tif HTTP/1.1" 200 78664
66.249.67.174 - - [28/Sep/2015:01:08:20 -0500] "GET /BLA/resoluciones/AUTOS%202007/1626.pdf HTTP/1.1" 200 92006
201.141.78.122 - - [28/Sep/2015:01:08:26 -0500] "GET /galeria/galeria/jquery.fancybox.js?v=2.1.5 HTTP/1.1" 200 48706
201.141.78.122 - - [28/Sep/2015:01:08:26 -0500] "GET /BLA/boletinlegal/js/jquery.scrollShow.js HTTP/1.1" 200 4586
201.141.78.122 - - [28/Sep/2015:01:08:26 -0500] "GET /galeria/galeria/jquery.fancybox.css?v=2.1.5 HTTP/1.1" 200 4895
201.141.78.122 - - [28/Sep/2015:01:08:39 -0500] "GET /BLA/boletinlegal/js/jquery.scrollShow.js HTTP/1.1" 304 -
201.141.78.122 - - [28/Sep/2015:01:08:39 -0500] "GET /galeria/galeria/jquery.fancybox.js?v=2.1.5 HTTP/1.1" 304 -
201.141.78.122 - - [28/Sep/2015:01:08:39 -0500] "GET /galeria/galeria/jquery.fancybox.css?v=2.1.5 HTTP/1.1" 304 -
190.250.33.17 - - [28/Sep/2015:01:08:57 -0500] "GET /galeria/galeria/jquery.fancybox.css?v=2.1.5 HTTP/1.1" 200 4895
190.250.33.17 - - [28/Sep/2015:01:08:57 -0500] "GET /BLA/boletinlegal/js/jquery.scrollShow.js HTTP/1.1" 200 4586
190.250.33.17 - - [28/Sep/2015:01:08:57 -0500] "GET /galeria/galeria/jquery.fancybox.js?v=2.1.5 HTTP/1.1" 200 48706
54.209.56.214 - - [28/Sep/2015:01:08:57 -0500] "GET /robots.txt HTTP/1.1" 404 1018
66.249.67.156 - - [28/Sep/2015:01:09:01 -0500] "GET /BLA/resoluciones/RESOLUCIONES%202010/3748.pdf HTTP/1.1" 200 391150
66.249.67.165 - - [28/Sep/2015:01:09:42 -0500] "GET /BLA/resoluciones/RESOLUCIONES%202009/8688.pdf HTTP/1.1" 200 522038
151.80.31.130 - - [28/Sep/2015:01:09:44 -0500] "GET /SIG/index.php?dir=Gestion%20Documental/&sort=date&order=asc HTTP/1.1" 200 5567
54.209.56.214 - - [28/Sep/2015:01:10:04 -0500] "GET /BLA/resoluciones/AUTOS%202009/1197.pdf HTTP/1.1" 200 124904
66.249.67.93 - - [28/Sep/2015:01:10:23 -0500] "GET /videos/galeria-cronicas/skin/ HTTP/1.1" 200 1446
66.249.67.165 - - [28/Sep/2015:01:11:04 -0500] "GET /BLA/resoluciones/AUTOS%202011/7232.pdf HTTP/1.1" 200 186715
66.249.67.174 - - [28/Sep/2015:01:11:45 -0500] "GET /BLA/resoluciones/RESOLUCIONES%202007/RES%202007%203601%20AL%203700/RESOLUCION%203631%20DE%202007.pdf HTTP/1.1" 200 400480
74.86.158.107 - - [28/Sep/2015:01:11:58 -0500] "HEAD / HTTP/1.1" 200 -
66.249.67.165 - - [28/Sep/2015:01:12:25 -0500] "GET /BLA/resoluciones/RESOLUCIONES%202007/RES%202007%20201%20AL%20300/RESOLUCION%200274%20DE%202007.pdf HTTP/1.1" 200 240745
66.249.67.174 - - [28/Sep/2015:01:13:06 -0500] "GET /BLA/resoluciones/RESOLUCIONES%202009/6907.pdf HTTP/1.1" 200 494131
66.249.67.174 - - [28/Sep/2015:01:13:24 -0500] "GET /BLA/resoluciones/RESOLUCIONES%202007/RES%202007%202601%20AL%202700/RESOLUCION%202664%20DE%202007.pdf HTTP/1.1" 304 -
66.249.67.156 - - [28/Sep/2015:01:13:25 -0500] "GET /BLA/resoluciones/RESOLUCIONES%202014/5704.pdf HTTP/1.1" 200 3092942
66.249.67.174 - - [28/Sep/2015:01:13:45 -0500] "GET /BLA/resoluciones/RESOLUCIONES%202007/RES%202007%20801%20AL%20900/RESOLUCION%200878%20DE%202007.pdf HTTP/1.1" 304 -
66.249.67.81 - - [28/Sep/2015:01:13:47 -0500] "GET /portalsiaccapacitaciones/Listas%20de%20Asistencia%202014/Lista%20de%20Asistencia%20Sesi%C3%B3n%20Riesgos%20PIGA%2017-02-2015.pdf HTTP/1.1" 404 1019
66.249.67.165 - - [28/Sep/2015:01:14:18 -0500] "GET /BLA/resoluciones/RESOLUCIONES%202014/2872.pdf HTTP/1.1" 304 -
66.249.67.156 - - [28/Sep/2015:01:14:28 -0500] "GET /BLA/resoluciones/RESOLUCIONES%202010/6536.pdf HTTP/1.1" 200 134225
186.113.10.143 - - [28/Sep/2015:01:14:38 -0500] "GET /galeria/nivo-slider/demo/images/acuerdo_569.jpg HTTP/1.1" 304 -
180.76.15.30 - - [28/Sep/2015:01:14:46 -0500] "GET /BLA/boletinlegal/circulares/2012IE017270.pdf HTTP/1.1" 200 233051
66.249.67.156 - - [28/Sep/2015:01:15:09 -0500] "GET /BLA/resoluciones/AUTOS%202013/1178.pdf HTTP/1.1" 200 446319
180.76.15.158 - - [28/Sep/2015:01:15:33 -0500] "GET / HTTP/1.1" 302 298
173.252.88.85 - - [28/Sep/2015:01:15:38 -0500] "GET /wp-content/uploads/2015/08/carta-fot.png HTTP/1.1" 301 364
66.249.67.165 - - [28/Sep/2015:01:15:50 -0500] "GET /BLA/resoluciones/AUTOS%202014/5869.pdf HTTP/1.1" 200 134301
180.76.15.33 - - [28/Sep/2015:01:16:02 -0500] "GET / HTTP/1.1" 302 298
66.249.67.156 - - [28/Sep/2015:01:16:24 -0500] "GET /sig/Manual%20de%20Procesos%20y%20Procedimientos/126PM05%20Educacion%20Ambiental/ HTTP/1.1" 404 1018
66.249.67.156 - - [28/Sep/2015:01:16:25 -0500] "GET /resoluciones/RESOLUCIONES%202010/0221.pdf HTTP/1.1" 404 1018
66.249.67.165 - - [28/Sep/2015:01:16:31 -0500] "GET /BLA/resoluciones/AUTOS%202011/7706.pdf HTTP/1.1" 200 1586266
66.249.67.165 - - [28/Sep/2015:01:16:58 -0500] "GET /BLA/resoluciones/RESOLUCIONES%202010/6439.pdf HTTP/1.1" 304 -
74.86.158.107 - - [28/Sep/2015:01:16:58 -0500] "HEAD / HTTP/1.1" 200 -
66.249.67.174 - - [28/Sep/2015:01:17:12 -0500] "GET /BLA/resoluciones/RESOLUCIONES%202007/RES%202007%20601%20AL%20700/RESOLUCION%200661%20DE%202007.pdf HTTP/1.1" 200 474858
189.202.61.82 - - [28/Sep/2015:01:17:23 -0500] "GET /galeria/galeria/jquery.fancybox.js?v=2.1.5 HTTP/1.1" 200 48706
189.202.61.82 - - [28/Sep/2015:01:17:23 -0500] "GET /BLA/boletinlegal/js/jquery.scrollShow.js HTTP/1.1" 200 4586
189.202.61.82 - - [28/Sep/2015:01:17:23 -0500] "GET /galeria/galeria/jquery.fancybox.css?v=2.1.5 HTTP/1.1" 200 4895
189.202.61.82 - - [28/Sep/2015:01:17:37 -0500] "GET /galeria/galeria/jquery.fancybox.js?v=2.1.5 HTTP/1.1" 200 48706
189.202.61.82 - - [28/Sep/2015:01:17:37 -0500] "GET /BLA/boletinlegal/js/jquery.scrollShow.js HTTP/1.1" 200 4586
189.202.61.82 - - [28/Sep/2015:01:17:37 -0500] "GET /galeria/galeria/jquery.fancybox.css?v=2.1.5 HTTP/1.1" 200 4895
66.249.67.156 - - [28/Sep/2015:01:17:53 -0500] "GET /BLA/resoluciones/RESOLUCIONES%202009/4835.pdf HTTP/1.1" 200 414597
69.196.253.30 - - [28/Sep/2015:01:18:00 -0500] "HEAD /PORTAL_SIAC/swf/Residuos/curtiembres/files/search/searchtext.xml HTTP/1.1" 200 -
69.196.253.30 - - [28/Sep/2015:01:18:01 -0500] "GET /PORTAL_SIAC/swf/Residuos/curtiembres/files/search/searchtext.xml HTTP/1.1" 200 240047
189.202.61.82 - - [28/Sep/2015:01:17:52 -0500] "GET /videos/CRRFFS.mp4 HTTP/1.1" 200 286784363
66.249.67.165 - - [28/Sep/2015:01:18:33 -0500] "GET /BLA/resoluciones/RESOLUCIONES%202007/RES%202007%201301%20AL%201400/RESOLUCION%201361%20DE%202007.pdf HTTP/1.1" 200 102603
54.77.20.194 - - [28/Sep/2015:01:18:56 -0500] "GET /arcgis/services/Calidad_del_Agua_WQI/MapServer/WMSServer?request=GetCapabilities&service=WFS HTTP/1.1" 200 315
66.249.67.156 - - [28/Sep/2015:01:19:14 -0500] "GET /BLA/resoluciones/RESOLUCIONES%202012/1648.pdf HTTP/1.1" 200 796453
66.249.67.93 - - [28/Sep/2015:01:19:34 -0500] "GET /portalsiaccapacitaciones/Soportes%20Capacitaciones%202014/0116.%20Presentaci%C3%B3n%20Manejo%20Silvicultural%2011-11-14.pdf HTTP/1.1" 404 1019
66.249.67.174 - - [28/Sep/2015:01:19:34 -0500] "GET /BLA/resoluciones/RESOLUCIONES%202011/3274.pdf HTTP/1.1" 200 226890
66.249.67.174 - - [28/Sep/2015:01:19:55 -0500] "GET /BLA/resoluciones/RESOLUCIONES%202009/2841.pdf HTTP/1.1" 200 395325
54.209.56.214 - - [28/Sep/2015:01:20:06 -0500] "GET /robots.txt HTTP/1.1" 404 1018
66.249.67.165 - - [28/Sep/2015:01:20:36 -0500] "GET /BLA/resoluciones/RESOLUCIONES%202012/1331.pdf HTTP/1.1" 200 1001517
54.209.56.214 - - [28/Sep/2015:01:20:40 -0500] "GET /BLA/resoluciones/AUTOS%202009/1313.pdf HTTP/1.1" 200 193361
66.249.67.165 - - [28/Sep/2015:01:21:17 -0500] "GET /BLA/resoluciones/AUTOS%202014/0394.pdf HTTP/1.1" 200 1133652
66.249.67.165 - - [28/Sep/2015:01:21:58 -0500] "GET /BLA/resoluciones/AUTOS%202009/1584.pdf HTTP/1.1" 200 124758
74.86.158.107 - - [28/Sep/2015:01:21:58 -0500] "HEAD / HTTP/1.1" 200 -
66.249.67.174 - - [28/Sep/2015:01:22:39 -0500] "GET /BLA/resoluciones/RESOLUCIONES%202011/3209.pdf HTTP/1.1" 200 279339
46.229.170.197 - - [28/Sep/2015:01:22:39 -0500] "GET / HTTP/1.1" 200 10190
66.249.67.156 - - [28/Sep/2015:01:22:44 -0500] "GET /portalsiaccapacitaciones/0031.%20Presentaci%C3%B3n%20residuos%20peligrosos%20-%20Bienes%20Inservibles%20-%201%20de%20Agosto.pdf HTTP/1.1" 404 1018
189.202.61.82 - - [28/Sep/2015:01:19:50 -0500] "GET /videos/CRRFFS.mp4 HTTP/1.1" 206 281825015
181.62.48.70 - - [28/Sep/2015:01:22:57 -0500] "GET /galeria/carrusel/Carrusel/jquery.thumbnailScroller.css HTTP/1.1" 200 2066
181.62.48.70 - - [28/Sep/2015:01:22:57 -0500] "GET /galeria/galeria/jquery.fancybox.css?v=2.1.5 HTTP/1.1" 200 4895
181.62.48.70 - - [28/Sep/2015:01:22:57 -0500] "GET /galeria/galeria/jquery.fancybox.js?v=2.1.5 HTTP/1.1" 200 48706
181.62.48.70 - - [28/Sep/2015:01:22:57 -0500] "GET /galeria/carrusel/Carrusel/jquery-ui-1.8.13.custom.min.js HTTP/1.1" 200 10800
181.62.48.70 - - [28/Sep/2015:01:22:57 -0500] "GET /galeria/carrusel/Carrusel/jquery.thumbnailScroller.js HTTP/1.1" 200 8157
181.62.48.70 - - [28/Sep/2015:01:22:58 -0500] "GET /galeria/galeria/fotos/Movilizacion12P.jpg HTTP/1.1" 200 9230
181.62.48.70 - - [28/Sep/2015:01:22:58 -0500] "GET /BLA/boletinlegal/js/jquery.scrollShow.js HTTP/1.1" 200 4586
181.62.48.70 - - [28/Sep/2015:01:22:58 -0500] "GET /galeria/galeria/fotos/Movilizacion4P.jpg HTTP/1.1" 200 8828
181.62.48.70 - - [28/Sep/2015:01:22:58 -0500] "GET /galeria/galeria/fotos/Movilizacion7P.jpg HTTP/1.1" 200 8214
181.62.48.70 - - [28/Sep/2015:01:22:58 -0500] "GET /galeria/galeria/fotos/Movilizacion6P.jpg HTTP/1.1" 200 9026
181.62.48.70 - - [28/Sep/2015:01:22:58 -0500] "GET /galeria/galeria/fotos/Movilizacion2P.jpg HTTP/1.1" 200 8550
181.62.48.70 - - [28/Sep/2015:01:23:00 -0500] "GET /galeria/galeria/fotos/Movilizacion14P.jpg HTTP/1.1" 200 9394
181.62.48.70 - - [28/Sep/2015:01:23:01 -0500] "GET /galeria/nivo-slider/demo/demo.html HTTP/1.1" 200 3556
181.62.48.70 - - [28/Sep/2015:01:23:04 -0500] "GET /galeria/nivo-slider/themes/pascal/pascal.css HTTP/1.1" 200 2258
181.62.48.70 - - [28/Sep/2015:01:23:04 -0500] "GET /galeria/nivo-slider/themes/orman/orman.css HTTP/1.1" 200 2152
181.62.48.70 - - [28/Sep/2015:01:23:04 -0500] "GET /galeria/nivo-slider/demo/style.css HTTP/1.1" 200 2222
181.62.48.70 - - [28/Sep/2015:01:23:04 -0500] "GET /galeria/nivo-slider/nivo-slider.css HTTP/1.1" 200 1507
181.62.48.70 - - [28/Sep/2015:01:23:04 -0500] "GET /galeria/nivo-slider/themes/default/default.css HTTP/1.1" 200 1569
181.62.48.70 - - [28/Sep/2015:01:23:04 -0500] "GET /galeria/nivo-slider/demo/scripts/jquery-1.7.1.min.js HTTP/1.1" 200 93868
181.62.48.70 - - [28/Sep/2015:01:23:05 -0500] "GET /galeria/nivo-slider/jquery.nivo.slider.pack.js HTTP/1.1" 200 11561
181.62.48.70 - - [28/Sep/2015:01:23:05 -0500] "GET /galeria/nivo-slider/demo/images/La-SDA-se-suma-a-la-Gran-Movilizacion.jpg HTTP/1.1" 200 92233
181.62.48.70 - - [28/Sep/2015:01:23:05 -0500] "GET /galeria/nivo-slider/demo/images/Semana-PYBA.jpg HTTP/1.1" 200 103786
181.62.48.70 - - [28/Sep/2015:01:23:06 -0500] "GET /galeria/nivo-slider/demo/images/Plan-Quinquenal.jpg HTTP/1.1" 200 412438
181.62.48.70 - - [28/Sep/2015:01:23:07 -0500] "GET /galeria/nivo-slider/demo/images/PREDAcamp.jpg HTTP/1.1" 200 295358
181.62.48.70 - - [28/Sep/2015:01:23:10 -0500] "GET /galeria/nivo-slider/demo/images/4Simple_Slider.png HTTP/1.1" 200 11722
181.62.48.70 - - [28/Sep/2015:01:23:12 -0500] "GET /galeria/nivo-slider/themes/default/loading.gif HTTP/1.1" 200 1737
181.62.48.70 - - [28/Sep/2015:01:23:15 -0500] "GET /galeria/nivo-slider/demo/images/banner-llantas2.jpg HTTP/1.1" 200 204644
181.62.48.70 - - [28/Sep/2015:01:23:15 -0500] "GET /galeria/nivo-slider/demo/images/9Signos.jpg HTTP/1.1" 200 81776
66.249.67.174 - - [28/Sep/2015:01:23:20 -0500] "GET /BLA/resoluciones/RESOLUCIONES%202009/5096.pdf HTTP/1.1" 200 503573
181.62.48.70 - - [28/Sep/2015:01:23:21 -0500] "GET /galeria/nivo-slider/demo/images/Comparendo-ambiental-Banner.jpg HTTP/1.1" 200 83731
181.62.48.70 - - [28/Sep/2015:01:23:21 -0500] "GET /galeria/nivo-slider/demo/images/Ruta-vertimientos-01.jpg HTTP/1.1" 200 130151
181.62.48.70 - - [28/Sep/2015:01:23:22 -0500] "GET /galeria/nivo-slider/demo/images/bolsas-06.jpg HTTP/1.1" 200 90982
181.62.48.70 - - [28/Sep/2015:01:23:22 -0500] "GET /galeria/nivo-slider/demo/images/Conoce-los-humedales.jpg HTTP/1.1" 200 294036
186.80.57.193 - - [28/Sep/2015:01:23:24 -0500] "GET /BLA/boletinlegal/js/jquery.scrollShow.js HTTP/1.1" 200 4586
186.80.57.193 - - [28/Sep/2015:01:23:24 -0500] "GET /galeria/galeria/jquery.fancybox.js?v=2.1.5 HTTP/1.1" 200 48706
186.80.57.193 - - [28/Sep/2015:01:23:24 -0500] "GET /galeria/galeria/jquery.fancybox.css?v=2.1.5 HTTP/1.1" 200 4895
186.80.57.193 - - [28/Sep/2015:01:23:24 -0500] "GET /galeria/carrusel/Carrusel/jquery-ui-1.8.13.custom.min.js HTTP/1.1" 200 10800
186.80.57.193 - - [28/Sep/2015:01:23:24 -0500] "GET /galeria/carrusel/Carrusel/jquery.thumbnailScroller.css HTTP/1.1" 200 2066
186.80.57.193 - - [28/Sep/2015:01:23:24 -0500] "GET /galeria/carrusel/Carrusel/jquery.thumbnailScroller.js HTTP/1.1" 200 8157
186.80.57.193 - - [28/Sep/2015:01:23:24 -0500] "GET /galeria/galeria/fotos/Movilizacion12P.jpg HTTP/1.1" 200 9230
186.80.57.193 - - [28/Sep/2015:01:23:24 -0500] "GET /galeria/galeria/fotos/Movilizacion4P.jpg HTTP/1.1" 200 8828
186.80.57.193 - - [28/Sep/2015:01:23:24 -0500] "GET /galeria/galeria/fotos/Movilizacion6P.jpg HTTP/1.1" 200 9026
186.80.57.193 - - [28/Sep/2015:01:23:24 -0500] "GET /galeria/galeria/fotos/Movilizacion2P.jpg HTTP/1.1" 200 8550
186.80.57.193 - - [28/Sep/2015:01:23:24 -0500] "GET /galeria/galeria/fotos/Movilizacion7P.jpg HTTP/1.1" 200 8214
186.80.57.193 - - [28/Sep/2015:01:23:24 -0500] "GET /galeria/galeria/fotos/Movilizacion14P.jpg HTTP/1.1" 200 9394
186.80.57.193 - - [28/Sep/2015:01:23:25 -0500] "GET /galeria/nivo-slider/demo/demo.html HTTP/1.1" 200 3556
186.80.57.193 - - [28/Sep/2015:01:23:25 -0500] "GET /galeria/nivo-slider/themes/pascal/pascal.css HTTP/1.1" 200 2258
186.80.57.193 - - [28/Sep/2015:01:23:25 -0500] "GET /galeria/nivo-slider/themes/default/default.css HTTP/1.1" 200 1569
186.80.57.193 - - [28/Sep/2015:01:23:25 -0500] "GET /galeria/nivo-slider/nivo-slider.css HTTP/1.1" 200 1507
186.80.57.193 - - [28/Sep/2015:01:23:25 -0500] "GET /galeria/nivo-slider/demo/style.css HTTP/1.1" 200 2222
186.80.57.193 - - [28/Sep/2015:01:23:25 -0500] "GET /galeria/nivo-slider/themes/orman/orman.css HTTP/1.1" 200 2152
186.80.57.193 - - [28/Sep/2015:01:23:25 -0500] "GET /galeria/nivo-slider/demo/scripts/jquery-1.7.1.min.js HTTP/1.1" 200 93868
186.80.57.193 - - [28/Sep/2015:01:23:25 -0500] "GET /galeria/nivo-slider/jquery.nivo.slider.pack.js HTTP/1.1" 200 11561
186.80.57.193 - - [28/Sep/2015:01:23:25 -0500] "GET /galeria/nivo-slider/demo/images/La-SDA-se-suma-a-la-Gran-Movilizacion.jpg HTTP/1.1" 200 92233
186.80.57.193 - - [28/Sep/2015:01:23:25 -0500] "GET /galeria/nivo-slider/demo/images/Semana-PYBA.jpg HTTP/1.1" 200 103786
186.80.57.193 - - [28/Sep/2015:01:23:25 -0500] "GET /galeria/nivo-slider/demo/images/Plan-Quinquenal.jpg HTTP/1.1" 200 412438
186.80.57.193 - - [28/Sep/2015:01:23:25 -0500] "GET /galeria/nivo-slider/demo/images/PREDAcamp.jpg HTTP/1.1" 200 295358
186.80.57.193 - - [28/Sep/2015:01:23:26 -0500] "GET /galeria/nivo-slider/demo/images/banner-llantas2.jpg HTTP/1.1" 200 204644
186.80.57.193 - - [28/Sep/2015:01:23:26 -0500] "GET /galeria/nivo-slider/demo/images/9Signos.jpg HTTP/1.1" 200 81776
181.62.48.70 - - [28/Sep/2015:01:23:26 -0500] "GET /galeria/nivo-slider/demo/images/ecolecta-Dic2014.png HTTP/1.1" 200 288593
186.80.57.193 - - [28/Sep/2015:01:23:26 -0500] "GET /galeria/nivo-slider/demo/images/Comparendo-ambiental-Banner.jpg HTTP/1.1" 200 83731
186.80.57.193 - - [28/Sep/2015:01:23:26 -0500] "GET /galeria/nivo-slider/demo/images/Ruta-vertimientos-01.jpg HTTP/1.1" 200 130151
186.80.57.193 - - [28/Sep/2015:01:23:26 -0500] "GET /galeria/nivo-slider/demo/images/bolsas-06.jpg HTTP/1.1" 200 90982
186.80.57.193 - - [28/Sep/2015:01:23:27 -0500] "GET /galeria/nivo-slider/demo/images/Conoce-los-humedales.jpg HTTP/1.1" 200 294036
186.80.57.193 - - [28/Sep/2015:01:23:27 -0500] "GET /galeria/nivo-slider/demo/images/4Simple_Slider.png HTTP/1.1" 200 11722
186.80.57.193 - - [28/Sep/2015:01:23:27 -0500] "GET /galeria/nivo-slider/themes/default/loading.gif HTTP/1.1" 200 1737
186.80.57.193 - - [28/Sep/2015:01:23:27 -0500] "GET /galeria/nivo-slider/demo/images/ecolecta-Dic2014.png HTTP/1.1" 200 288593
186.80.57.193 - - [28/Sep/2015:01:23:28 -0500] "GET /galeria/nivo-slider/themes/default/bullets.png HTTP/1.1" 200 1281
186.80.57.193 - - [28/Sep/2015:01:23:29 -0500] "GET /galeria/nivo-slider/themes/default/arrows.png HTTP/1.1" 200 824
181.62.48.70 - - [28/Sep/2015:01:23:35 -0500] "GET /galeria/nivo-slider/themes/default/arrows.png HTTP/1.1" 200 824
181.62.48.70 - - [28/Sep/2015:01:23:35 -0500] "GET /galeria/nivo-slider/themes/default/bullets.png HTTP/1.1" 200 1281
181.62.48.70 - - [28/Sep/2015:01:23:51 -0500] "GET /galeria/galeria/jquery.fancybox.css?v=2.1.5 HTTP/1.1" 304 -
181.62.48.70 - - [28/Sep/2015:01:23:51 -0500] "GET /galeria/galeria/jquery.fancybox.js?v=2.1.5 HTTP/1.1" 304 -
181.62.48.70 - - [28/Sep/2015:01:23:51 -0500] "GET /BLA/boletinlegal/js/jquery.scrollShow.js HTTP/1.1" 304 -
66.249.67.87 - - [28/Sep/2015:01:24:02 -0500] "GET /ecodirectorio/files/res/languages/ HTTP/1.1" 200 2676
173.252.73.100 - - [28/Sep/2015:01:24:26 -0500] "GET /wp-content/uploads/2015/07/banner-invitacionvaticanopetro.jpg HTTP/1.1" 301 385
66.249.67.156 - - [28/Sep/2015:01:24:41 -0500] "GET /BLA/resoluciones/RESOLUCIONES%202009/5535.pdf HTTP/1.1" 200 484247
54.209.56.214 - - [28/Sep/2015:01:24:43 -0500] "GET /robots.txt HTTP/1.1" 404 1018
181.62.48.70 - - [28/Sep/2015:01:25:08 -0500] "GET /autoliquidacion HTTP/1.1" 301 310
181.62.48.70 - - [28/Sep/2015:01:25:08 -0500] "GET /autoliquidacion/ HTTP/1.1" 200 6375
181.62.48.70 - - [28/Sep/2015:01:25:08 -0500] "GET /autoliquidacion/dlf/folder.png HTTP/1.1" 200 410
181.62.48.70 - - [28/Sep/2015:01:25:08 -0500] "GET /autoliquidacion/dlf/styles.css HTTP/1.1" 200 3045
181.62.48.70 - - [28/Sep/2015:01:25:08 -0500] "GET /autoliquidacion/dlf/bg.gif HTTP/1.1" 200 54
181.62.48.70 - - [28/Sep/2015:01:25:20 -0500] "GET /autoliquidacion/index.php?dir=Grupo+Forestal+-+Silvicultura%2F HTTP/1.1" 200 4955
181.62.48.70 - - [28/Sep/2015:01:25:20 -0500] "GET /autoliquidacion/dlf/dirup.png HTTP/1.1" 200 644
181.62.48.70 - - [28/Sep/2015:01:25:20 -0500] "GET /autoliquidacion/dlf/html.gif HTTP/1.1" 200 632
181.62.48.70 - - [28/Sep/2015:01:25:20 -0500] "GET /autoliquidacion/dlf/unknown.png HTTP/1.1" 200 266
181.62.48.70 - - [28/Sep/2015:01:25:20 -0500] "GET /autoliquidacion/dlf/xls.gif HTTP/1.1" 200 636
66.249.67.165 - - [28/Sep/2015:01:25:22 -0500] "GET /BLA/resoluciones/RESOLUCIONES%202003/RES%202003%201751-1800/20031773.tif HTTP/1.1" 200 1566764
66.249.67.93 - - [28/Sep/2015:01:25:24 -0500] "GET /Anexos%20estudio%20Organizacional%20SDA/index.php?dir=ANEXO+No.+8+-+MATRICES+DE+REGISTRO+Y+DE+SALIDA+MEDICI%D3N+CARGAS+LABORALES+SDA%2F5.+Direcci%F3n+de+Gesti%F3n%2F HTTP/1.1" 200 2931
181.62.48.70 - - [28/Sep/2015:01:25:28 -0500] "GET /autoliquidacion/Grupo%20Forestal%20-%20Silvicultura/Ficha%20t%C3%A9cnica%20de%20registro%20(Ficha%202).docx HTTP/1.1" 200 668170
66.249.67.165 - - [28/Sep/2015:01:25:45 -0500] "GET /BLA/resoluciones/RESOLUCIONES%202011/3116.pdf HTTP/1.1" 304 -
66.249.67.156 - - [28/Sep/2015:01:25:49 -0500] "GET /Autoliquidacion/index.php?dir=TR%C1MITES%20ACEITES-RESIDUOS-ESTACIONES/&sort=date&order=asc HTTP/1.1" 200 2822
66.249.67.165 - - [28/Sep/2015:01:25:50 -0500] "GET /BLA/resoluciones/AUTOS%202013/1797.pdf HTTP/1.1" 200 2262896
66.249.67.174 - - [28/Sep/2015:01:26:03 -0500] "GET /BLA/resoluciones/AUTOS%202014/1309.pdf HTTP/1.1" 200 314798
54.77.20.194 - - [28/Sep/2015:01:26:14 -0500] "GET /arcgis/services/Calidad_del_Agua_WQI/MapServer/WMSServer?request=GetCapabilities&service=WFS HTTP/1.1" 200 315
66.249.67.174 - - [28/Sep/2015:01:26:44 -0500] "GET /BLA/resoluciones/AUTOS%202013/0199.pdf HTTP/1.1" 200 502480
74.86.158.107 - - [28/Sep/2015:01:26:58 -0500] "HEAD / HTTP/1.1" 200 -
66.249.67.93 - - [28/Sep/2015:01:27:25 -0500] "GET /Autoliquidacion/index.php?dir=TR%C1MITES%20ACEITES-RESIDUOS-ESTACIONES/REG.%20GENERADOR/&sort=date&order=desc HTTP/1.1" 200 3497
201.234.75.11 - - [28/Sep/2015:01:27:30 -0500] "GET /galeria/nivo-slider/demo/images/Biotaxis-Man.jpg HTTP/1.1" 304 -
66.249.67.174 - - [28/Sep/2015:01:28:06 -0500] "GET /BLA/resoluciones/AUTOS%202011/0191.pdf HTTP/1.1" 200 178591
66.249.67.165 - - [28/Sep/2015:01:28:28 -0500] "GET /BLA/resoluciones/AUTOS%202011/4148.pdf HTTP/1.1" 200 220685
66.249.67.174 - - [28/Sep/2015:01:28:47 -0500] "GET /BLA/resoluciones/AUTOS%202007/1531.pdf HTTP/1.1" 200 93974
66.249.67.174 - - [28/Sep/2015:01:28:53 -0500] "GET /BLA/resoluciones/RESOLUCIONES%202008/0407.pdf HTTP/1.1" 304 -
66.249.67.174 - - [28/Sep/2015:01:28:55 -0500] "GET /BLA/resoluciones/RESOLUCIONES%202010/0523.pdf HTTP/1.1" 304 -
66.249.67.165 - - [28/Sep/2015:01:28:56 -0500] "GET /BLA/resoluciones/RESOLUCIONES%202007/RES%202007%202801%20AL%202900/RESOLUCION%202817%20DE%202007.pdf HTTP/1.1" 304 -
66.249.67.81 - - [28/Sep/2015:01:29:01 -0500] "GET /portalsiaccapacitaciones/Soportes%20Capacitaciones%202013/0025.%20Diagnostico%20Energetico%20SDA%204%20de%20Julio.pdf HTTP/1.1" 404 1019
66.249.67.174 - - [28/Sep/2015:01:29:28 -0500] "GET /BLA/resoluciones/AUTOS%202013/2855.pdf HTTP/1.1" 200 1795883
180.76.15.161 - - [28/Sep/2015:01:29:46 -0500] "GET /POT-2013/Cartografia/08_Respuesta_Sismica_V1_2013.pdf HTTP/1.1" 200 4432706
66.249.67.174 - - [28/Sep/2015:01:30:08 -0500] "GET /BLA/resoluciones/AUTOS%202014/4388.pdf HTTP/1.1" 200 142663
66.249.67.174 - - [28/Sep/2015:01:30:25 -0500] "GET /Autoliquidacion/dlf/styles.css HTTP/1.1" 200 3045
66.249.67.156 - - [28/Sep/2015:01:30:49 -0500] "GET /BLA/resoluciones/AUTOS%202014/5958.pdf HTTP/1.1" 200 2128308
66.249.67.165 - - [28/Sep/2015:01:31:30 -0500] "GET /BLA/resoluciones/RESOLUCIONES%202010/6996.pdf HTTP/1.1" 200 260187
54.209.56.214 - - [28/Sep/2015:01:31:45 -0500] "GET /robots.txt HTTP/1.1" 404 1018
66.249.67.87 - - [28/Sep/2015:01:31:54 -0500] "GET /portalsiaccapacitaciones/Soportes%20Capacitaciones%202014/0066.%20Presentaci%C3%B3n%20Resoluci%C3%B3n%20242%20de%202014%2004-03-2014.pdf HTTP/1.1" 404 1019
66.249.67.87 - - [28/Sep/2015:01:31:57 -0500] "GET /portalsiaccapacitaciones/Soportes%20Capacitaciones%202014/0132.%20Presentaci%C3%B3n%20Evento%20Cierre%20Gestores%2027%20Febrero%202015%20(3).ppt HTTP/1.1" 404 1019
74.86.158.107 - - [28/Sep/2015:01:31:58 -0500] "HEAD / HTTP/1.1" 200 -
66.249.67.174 - - [28/Sep/2015:01:32:11 -0500] "GET /BLA/resoluciones/RESOLUCIONES%202011/4125.pdf HTTP/1.1" 200 391570
68.180.229.121 - - [28/Sep/2015:01:32:14 -0500] "GET /?p=1525 HTTP/1.1" 301 331
66.249.67.165 - - [28/Sep/2015:01:32:52 -0500] "GET /BLA/resoluciones/RESOLUCIONES%202010/6718.pdf HTTP/1.1" 200 570303
66.249.67.81 - - [28/Sep/2015:01:33:14 -0500] "GET /PruebasSTORM/StormSDA_pruebas/userFiles/user_files/93/ HTTP/1.1" 200 1756
66.249.67.165 - - [28/Sep/2015:01:33:25 -0500] "GET /BLA/resoluciones/RESOLUCIONES%202003/RES%202003%201001-1050/1012.tif HTTP/1.1" 200 251740
66.249.67.165 - - [28/Sep/2015:01:33:33 -0500] "GET /BLA/resoluciones/RESOLUCIONES%202010/4514.pdf HTTP/1.1" 200 375773
49.146.220.111 - - [28/Sep/2015:01:33:39 -0500] "POST /xmlrpc.php HTTP/1.1" 301 334
66.249.67.156 - - [28/Sep/2015:01:34:14 -0500] "GET /BLA/resoluciones/RESOLUCIONES%202007/RES%202007%20101%20AL%20200/RESOLUCION%200115%20%20DE%202007.pdf HTTP/1.1" 200 430546
69.196.253.30 - - [28/Sep/2015:01:34:35 -0500] "HEAD /PORTAL_SIAC/swf/Residuos/curtiembres/files/search/searchtext.xml HTTP/1.1" 200 -
69.196.253.30 - - [28/Sep/2015:01:34:36 -0500] "GET /PORTAL_SIAC/swf/Residuos/curtiembres/files/search/searchtext.xml HTTP/1.1" 200 240047
66.249.67.174 - - [28/Sep/2015:01:34:54 -0500] "GET /BLA/resoluciones/RESOLUCIONES%202009/2070.pdf HTTP/1.1" 200 649019
66.249.67.165 - - [28/Sep/2015:01:34:55 -0500] "GET /Autoliquidacion/Cobro%20Clasificacion%20Uso%20De%20Vivenda%20En%20Suelo%20Restringido/Aplicativo.html HTTP/1.1" 200 359
66.249.67.174 - - [28/Sep/2015:01:34:57 -0500] "GET /BLA/resoluciones/RESOLUCIONES%202008/4064.pdf HTTP/1.1" 200 257196
181.53.153.3 - - [28/Sep/2015:01:35:05 -0500] "GET /galeria/nivo-slider/demo/demo.html HTTP/1.1" 200 3556
181.53.153.3 - - [28/Sep/2015:01:35:05 -0500] "GET /galeria/nivo-slider/themes/default/default.css HTTP/1.1" 200 1569
181.53.153.3 - - [28/Sep/2015:01:35:06 -0500] "GET /galeria/nivo-slider/themes/orman/orman.css HTTP/1.1" 200 2152
181.53.153.3 - - [28/Sep/2015:01:35:06 -0500] "GET /galeria/nivo-slider/themes/pascal/pascal.css HTTP/1.1" 200 2258
181.53.153.3 - - [28/Sep/2015:01:35:06 -0500] "GET /galeria/nivo-slider/nivo-slider.css HTTP/1.1" 200 1507
181.53.153.3 - - [28/Sep/2015:01:35:06 -0500] "GET /galeria/nivo-slider/demo/style.css HTTP/1.1" 200 2222
181.53.153.3 - - [28/Sep/2015:01:35:06 -0500] "GET /galeria/nivo-slider/demo/images/La-SDA-se-suma-a-la-Gran-Movilizacion.jpg HTTP/1.1" 200 92233
181.53.153.3 - - [28/Sep/2015:01:35:06 -0500] "GET /galeria/nivo-slider/demo/images/Semana-PYBA.jpg HTTP/1.1" 200 103786
181.53.153.3 - - [28/Sep/2015:01:35:06 -0500] "GET /galeria/nivo-slider/demo/images/Plan-Quinquenal.jpg HTTP/1.1" 200 412438
181.53.153.3 - - [28/Sep/2015:01:35:06 -0500] "GET /galeria/nivo-slider/demo/images/banner-llantas2.jpg HTTP/1.1" 200 204644
181.53.153.3 - - [28/Sep/2015:01:35:06 -0500] "GET /galeria/nivo-slider/demo/images/9Signos.jpg HTTP/1.1" 200 81776
181.53.153.3 - - [28/Sep/2015:01:35:06 -0500] "GET /galeria/nivo-slider/demo/images/PREDAcamp.jpg HTTP/1.1" 200 295358
181.53.153.3 - - [28/Sep/2015:01:35:06 -0500] "GET /galeria/nivo-slider/demo/images/Comparendo-ambiental-Banner.jpg HTTP/1.1" 200 83731
181.53.153.3 - - [28/Sep/2015:01:35:06 -0500] "GET /galeria/nivo-slider/demo/images/Ruta-vertimientos-01.jpg HTTP/1.1" 200 130151
181.53.153.3 - - [28/Sep/2015:01:35:06 -0500] "GET /galeria/nivo-slider/demo/images/bolsas-06.jpg HTTP/1.1" 200 90982
181.53.153.3 - - [28/Sep/2015:01:35:06 -0500] "GET /galeria/nivo-slider/jquery.nivo.slider.pack.js HTTP/1.1" 200 11561
181.53.153.3 - - [28/Sep/2015:01:35:06 -0500] "GET /galeria/nivo-slider/demo/scripts/jquery-1.7.1.min.js HTTP/1.1" 200 93868
181.53.153.3 - - [28/Sep/2015:01:35:06 -0500] "GET /galeria/nivo-slider/demo/images/Conoce-los-humedales.jpg HTTP/1.1" 200 294036
181.53.153.3 - - [28/Sep/2015:01:35:06 -0500] "GET /galeria/nivo-slider/demo/images/ecolecta-Dic2014.png HTTP/1.1" 200 288593
181.53.153.3 - - [28/Sep/2015:01:35:07 -0500] "GET /galeria/nivo-slider/demo/images/4Simple_Slider.png HTTP/1.1" 200 11722
181.53.153.3 - - [28/Sep/2015:01:35:07 -0500] "GET /galeria/nivo-slider/themes/default/loading.gif HTTP/1.1" 200 1737
181.53.153.3 - - [28/Sep/2015:01:35:09 -0500] "GET /galeria/nivo-slider/themes/default/arrows.png HTTP/1.1" 200 824
181.53.153.3 - - [28/Sep/2015:01:35:09 -0500] "GET /galeria/nivo-slider/themes/default/bullets.png HTTP/1.1" 200 1281
66.249.67.156 - - [28/Sep/2015:01:35:36 -0500] "GET /BLA/resoluciones/RESOLUCIONES%202007/RES%202007%201501%20AL%201600/RESOLUCION%201512%20%20DE%202007.pdf HTTP/1.1" 200 704059
191.95.251.223 - - [28/Sep/2015:01:36:02 -0500] "GET /galeria/galeria/jquery.fancybox.css?v=2.1.5 HTTP/1.1" 200 4895
191.95.251.223 - - [28/Sep/2015:01:36:02 -0500] "GET /BLA/boletinlegal/js/jquery.scrollShow.js HTTP/1.1" 200 4586
191.95.251.223 - - [28/Sep/2015:01:36:02 -0500] "GET /galeria/galeria/jquery.fancybox.js?v=2.1.5 HTTP/1.1" 200 48706
66.249.67.156 - - [28/Sep/2015:01:36:17 -0500] "GET /BLA/resoluciones/RESOLUCIONES%202009/3905.pdf HTTP/1.1" 200 468885
191.95.251.223 - - [28/Sep/2015:01:36:57 -0500] "GET /galeria/galeria/jquery.fancybox.css?v=2.1.5 HTTP/1.1" 304 -
66.249.67.156 - - [28/Sep/2015:01:36:57 -0500] "GET /BLA/resoluciones/RESOLUCIONES%202007/RES%202007%203601%20AL%203700/RESOLUCION%203622%20DE%202007.pdf HTTP/1.1" 200 769103
191.95.251.223 - - [28/Sep/2015:01:36:58 -0500] "GET /BLA/boletinlegal/js/jquery.scrollShow.js HTTP/1.1" 304 -
191.95.251.223 - - [28/Sep/2015:01:36:58 -0500] "GET /galeria/galeria/jquery.fancybox.js?v=2.1.5 HTTP/1.1" 304 -
74.86.158.107 - - [28/Sep/2015:01:36:58 -0500] "HEAD / HTTP/1.1" 200 -
66.249.67.156 - - [28/Sep/2015:01:37:38 -0500] "GET /BLA/resoluciones/RESOLUCIONES%202007/RES%202007%20801%20AL%20900/RESOLUCION%200827%20DE%202007.pdf HTTP/1.1" 200 222252
66.249.67.93 - - [28/Sep/2015:01:38:04 -0500] "GET /portalsiaccapacitaciones/Soportes%20Capacitaciones%202014/0091.%20Anexos%20Decreto%204741%20de%202005%2010-09-14.pdf HTTP/1.1" 404 1019
66.249.67.165 - - [28/Sep/2015:01:38:05 -0500] "GET /Autoliquidacion/TR%C3%81MITES%20AGUAS%20SUBTERR%C3%81NEAS/126PM04-PR93-PR%C3%93RROGA%20CONCESI%C3%93N%20AGUAS%20SUBTERR%C3%81NEAS/-PR93-F-A2-V1.0(1)-LISTA%20CHEQUEO.xls HTTP/1.1" 200 195072
66.249.67.165 - - [28/Sep/2015:01:38:19 -0500] "GET /BLA/resoluciones/RESOLUCIONES%202010/5810.pdf HTTP/1.1" 200 304342
66.249.67.165 - - [28/Sep/2015:01:38:24 -0500] "GET /BLA/resoluciones/RESOLUCIONES%202010/0319.pdf HTTP/1.1" 304 -
178.197.239.210 - - [28/Sep/2015:01:38:28 -0500] "GET / HTTP/1.1" 302 302
178.197.239.210 - - [28/Sep/2015:01:38:35 -0500] "GET /wp-content/uploads/2015/08/banner2.png HTTP/1.1" 301 362
178.197.239.210 - - [28/Sep/2015:01:38:35 -0500] "GET /wp-content/uploads/2015/08/fotos1b.png HTTP/1.1" 301 362
178.197.239.210 - - [28/Sep/2015:01:38:35 -0500] "GET /wp-content/uploads/2015/08/fotos2b.png HTTP/1.1" 301 362
178.197.239.210 - - [28/Sep/2015:01:38:35 -0500] "GET /wp-content/uploads/2015/08/fotos3b.png HTTP/1.1" 301 362
178.197.239.210 - - [28/Sep/2015:01:38:35 -0500] "GET /wp-content/uploads/2015/08/danos.png HTTP/1.1" 301 360
178.197.239.210 - - [28/Sep/2015:01:38:35 -0500] "GET /wp-content/uploads/2015/07/UNO.png HTTP/1.1" 301 358
178.197.239.210 - - [28/Sep/2015:01:38:35 -0500] "GET /wp-content/uploads/2015/07/DOS.png HTTP/1.1" 301 358
178.197.239.210 - - [28/Sep/2015:01:38:35 -0500] "GET /wp-content/uploads/2015/07/TERCER.png HTTP/1.1" 301 361
178.197.239.210 - - [28/Sep/2015:01:38:35 -0500] "GET /wp-content/uploads/2015/07/CUARTO.png HTTP/1.1" 301 361
66.249.67.174 - - [28/Sep/2015:01:39:00 -0500] "GET /BLA/resoluciones/RESOLUCIONES%202011/3099.pdf HTTP/1.1" 200 871338
180.76.15.32 - - [28/Sep/2015:01:39:10 -0500] "GET /BLA/resoluciones/index.php?dir=AUTOS%202011/&sort=size&order=asc HTTP/1.1" 200 528331
201.234.75.11 - - [28/Sep/2015:01:39:31 -0500] "GET /galeria/nivo-slider/themes/orman/orman.css HTTP/1.1" 304 -
66.249.67.165 - - [28/Sep/2015:01:39:41 -0500] "GET /BLA/resoluciones/RESOLUCIONES%202014/1132.pdf HTTP/1.1" 200 568628
157.55.39.245 - - [28/Sep/2015:01:40:04 -0500] "GET /BLA/boletinlegal/Circulares/2014/Circular%20No.%203%20del%2014%20de%20Noviembre%20de%202014.pdf HTTP/1.1" 200 104132
66.249.67.156 - - [28/Sep/2015:01:40:22 -0500] "GET /BLA/resoluciones/RESOLUCIONES%202014/2009.pdf HTTP/1.1" 200 3768723
186.118.229.73 - - [28/Sep/2015:01:40:59 -0500] "GET /galeria/galeria/jquery.fancybox.js?v=2.1.5 HTTP/1.1" 200 48706
186.118.229.73 - - [28/Sep/2015:01:40:59 -0500] "GET /BLA/boletinlegal/js/jquery.scrollShow.js HTTP/1.1" 200 4586
186.118.229.73 - - [28/Sep/2015:01:40:59 -0500] "GET /galeria/galeria/jquery.fancybox.css?v=2.1.5 HTTP/1.1" 200 4895
66.249.67.156 - - [28/Sep/2015:01:41:03 -0500] "GET /BLA/resoluciones/RESOLUCIONES%202011/0259.pdf HTTP/1.1" 200 205307
186.118.229.73 - - [28/Sep/2015:01:41:09 -0500] "GET /BLA/boletinlegal/js/jquery.scrollShow.js HTTP/1.1" 200 4586
186.118.229.73 - - [28/Sep/2015:01:41:09 -0500] "GET /galeria/galeria/jquery.fancybox.js?v=2.1.5 HTTP/1.1" 200 48706
186.118.229.73 - - [28/Sep/2015:01:41:09 -0500] "GET /galeria/galeria/jquery.fancybox.css?v=2.1.5 HTTP/1.1" 200 4895
66.249.67.165 - - [28/Sep/2015:01:41:14 -0500] "GET /BLA/resoluciones/RESOLUCIONES%202008/0986.pdf HTTP/1.1" 304 -
66.249.67.156 - - [28/Sep/2015:01:41:15 -0500] "GET /BLA/resoluciones/AUTOS%202008/3467.pdf HTTP/1.1" 304 -
66.249.67.93 - - [28/Sep/2015:01:41:19 -0500] "GET /portalsiaccapacitaciones/Soportes%20Capacitaciones%202014/0068.%20Relacion%2014001-%20NTD%20-%20PIGA%20AJUSTADA%20LINEAMIENTOS%2029-04.pdf HTTP/1.1" 404 1019
66.249.67.165 - - [28/Sep/2015:01:41:41 -0500] "GET /autoliquidacion/Grupo%20Forestal%20-%20Industria%20de%20la%20Madera/APLICATIVO%20COSTO%20REGISTRO%20DE%20LIBRO%20DE%20OPERACIONES%20FLORA%202015%20DEF.xls HTTP/1.1" 404 1018
66.249.67.174 - - [28/Sep/2015:01:41:44 -0500] "GET /BLA/resoluciones/AUTOS%202011/0322.pdf HTTP/1.1" 200 190132
74.86.158.107 - - [28/Sep/2015:01:41:58 -0500] "HEAD / HTTP/1.1" 200 -
46.229.170.197 - - [28/Sep/2015:01:41:59 -0500] "GET / HTTP/1.1" 200 10190
66.249.67.174 - - [28/Sep/2015:01:42:25 -0500] "GET /BLA/resoluciones/Notificaciones/AUTOS%202014/3791.doc HTTP/1.1" 200 98816
66.249.67.165 - - [28/Sep/2015:01:42:46 -0500] "GET /BLA/resoluciones/RESOLUCIONES%202008/2410.pdf HTTP/1.1" 200 196532
181.61.0.145 - - [28/Sep/2015:01:43:41 -0500] "GET /BLA/boletinlegal/js/jquery.scrollShow.js HTTP/1.1" 200 4586
181.61.0.145 - - [28/Sep/2015:01:43:41 -0500] "GET /galeria/galeria/jquery.fancybox.js?v=2.1.5 HTTP/1.1" 200 48706
181.61.0.145 - - [28/Sep/2015:01:43:41 -0500] "GET /galeria/galeria/jquery.fancybox.css?v=2.1.5 HTTP/1.1" 200 4895
181.61.0.145 - - [28/Sep/2015:01:43:43 -0500] "GET /galeria/carrusel/Carrusel/jquery.thumbnailScroller.css HTTP/1.1" 200 2066
181.61.0.145 - - [28/Sep/2015:01:43:43 -0500] "GET /galeria/carrusel/Carrusel/jquery.thumbnailScroller.js HTTP/1.1" 200 8157
181.61.0.145 - - [28/Sep/2015:01:43:43 -0500] "GET /galeria/carrusel/Carrusel/jquery-ui-1.8.13.custom.min.js HTTP/1.1" 200 10800
181.61.0.145 - - [28/Sep/2015:01:43:44 -0500] "GET /galeria/galeria/fotos/Movilizacion4P.jpg HTTP/1.1" 200 8828
181.61.0.145 - - [28/Sep/2015:01:43:44 -0500] "GET /galeria/galeria/fotos/Movilizacion12P.jpg HTTP/1.1" 200 9230
181.61.0.145 - - [28/Sep/2015:01:43:44 -0500] "GET /galeria/galeria/fotos/Movilizacion2P.jpg HTTP/1.1" 200 8550
181.61.0.145 - - [28/Sep/2015:01:43:44 -0500] "GET /galeria/galeria/fotos/Movilizacion6P.jpg HTTP/1.1" 200 9026
181.61.0.145 - - [28/Sep/2015:01:43:45 -0500] "GET /galeria/galeria/fotos/Movilizacion14P.jpg HTTP/1.1" 200 9394
181.61.0.145 - - [28/Sep/2015:01:43:45 -0500] "GET /galeria/galeria/fotos/Movilizacion7P.jpg HTTP/1.1" 200 8214
181.61.0.145 - - [28/Sep/2015:01:43:46 -0500] "GET /galeria/nivo-slider/demo/demo.html HTTP/1.1" 200 3556
66.249.67.165 - - [28/Sep/2015:01:43:46 -0500] "GET /BLA/resoluciones/AUTOS%202014/5538.pdf HTTP/1.1" 200 134033
181.61.0.145 - - [28/Sep/2015:01:43:55 -0500] "GET /galeria/nivo-slider/themes/orman/orman.css HTTP/1.1" 200 2152
181.61.0.145 - - [28/Sep/2015:01:43:55 -0500] "GET /galeria/nivo-slider/themes/default/default.css HTTP/1.1" 200 1569
181.61.0.145 - - [28/Sep/2015:01:43:55 -0500] "GET /galeria/nivo-slider/themes/pascal/pascal.css HTTP/1.1" 200 2258
181.61.0.145 - - [28/Sep/2015:01:43:55 -0500] "GET /galeria/nivo-slider/nivo-slider.css HTTP/1.1" 200 1507
181.61.0.145 - - [28/Sep/2015:01:43:55 -0500] "GET /galeria/nivo-slider/demo/style.css HTTP/1.1" 200 2222
181.61.0.145 - - [28/Sep/2015:01:43:55 -0500] "GET /galeria/nivo-slider/jquery.nivo.slider.pack.js HTTP/1.1" 200 11561
181.61.0.145 - - [28/Sep/2015:01:43:55 -0500] "GET /galeria/nivo-slider/demo/scripts/jquery-1.7.1.min.js HTTP/1.1" 200 93868
181.61.0.145 - - [28/Sep/2015:01:43:55 -0500] "GET /galeria/nivo-slider/demo/images/La-SDA-se-suma-a-la-Gran-Movilizacion.jpg HTTP/1.1" 200 92233
181.61.0.145 - - [28/Sep/2015:01:43:55 -0500] "GET /galeria/nivo-slider/demo/images/Semana-PYBA.jpg HTTP/1.1" 200 103786
181.61.0.145 - - [28/Sep/2015:01:43:55 -0500] "GET /galeria/nivo-slider/demo/images/PREDAcamp.jpg HTTP/1.1" 200 295358
181.61.0.145 - - [28/Sep/2015:01:43:55 -0500] "GET /galeria/nivo-slider/demo/images/Plan-Quinquenal.jpg HTTP/1.1" 200 412438
181.61.0.145 - - [28/Sep/2015:01:43:55 -0500] "GET /galeria/nivo-slider/demo/images/banner-llantas2.jpg HTTP/1.1" 200 204644
181.61.0.145 - - [28/Sep/2015:01:43:56 -0500] "GET /galeria/nivo-slider/demo/images/9Signos.jpg HTTP/1.1" 200 81776
181.61.0.145 - - [28/Sep/2015:01:43:56 -0500] "GET /galeria/nivo-slider/demo/images/Comparendo-ambiental-Banner.jpg HTTP/1.1" 200 83731
181.61.0.145 - - [28/Sep/2015:01:43:57 -0500] "GET /galeria/nivo-slider/demo/images/Ruta-vertimientos-01.jpg HTTP/1.1" 200 130151
181.61.0.145 - - [28/Sep/2015:01:43:57 -0500] "GET /galeria/nivo-slider/demo/images/bolsas-06.jpg HTTP/1.1" 200 90982
181.61.0.145 - - [28/Sep/2015:01:43:58 -0500] "GET /galeria/nivo-slider/demo/images/Conoce-los-humedales.jpg HTTP/1.1" 200 294036
181.61.0.145 - - [28/Sep/2015:01:43:58 -0500] "GET /galeria/nivo-slider/demo/images/ecolecta-Dic2014.png HTTP/1.1" 200 288593
181.61.0.145 - - [28/Sep/2015:01:43:58 -0500] "GET /galeria/nivo-slider/demo/images/4Simple_Slider.png HTTP/1.1" 200 11722
181.61.0.145 - - [28/Sep/2015:01:43:58 -0500] "GET /galeria/nivo-slider/themes/default/loading.gif HTTP/1.1" 200 1737
181.61.0.145 - - [28/Sep/2015:01:43:59 -0500] "GET /galeria/nivo-slider/themes/default/arrows.png HTTP/1.1" 200 824
181.61.0.145 - - [28/Sep/2015:01:43:59 -0500] "GET /galeria/nivo-slider/themes/default/bullets.png HTTP/1.1" 200 1281
66.249.67.165 - - [28/Sep/2015:01:44:24 -0500] "GET /sig/Manual%20de%20Procesos%20y%20Procedimientos/126PA01%20Gestion%20Talento%20Humano/126PA01-PR19%20%20Traslados.pdf HTTP/1.1" 404 1018
66.249.67.81 - - [28/Sep/2015:01:44:25 -0500] "GET /portalsiaccapacitaciones/Soportes%20Capacitaciones%202013/0045.%20Presentaci%C3%B3n%20Socializaci%C3%B3n%20Instructivo%20Huella%20de%20Carbono%2003-10-2013.pdf HTTP/1.1" 404 1019
66.249.67.165 - - [28/Sep/2015:01:44:27 -0500] "GET /BLA/resoluciones/AUTOS%202011/2057.pdf HTTP/1.1" 200 160585
66.249.67.174 - - [28/Sep/2015:01:44:44 -0500] "GET /BLA/resoluciones/RESOLUCIONES%202003/RES%202003%201751-1800/20031762.tif HTTP/1.1" 200 156348
66.249.67.174 - - [28/Sep/2015:01:45:08 -0500] "GET /BLA/resoluciones/RESOLUCIONES%202014/0207.pdf HTTP/1.1" 200 728775
181.61.0.145 - - [28/Sep/2015:01:45:18 -0500] "GET /galeria/galeria/jquery.fancybox.css?v=2.1.5 HTTP/1.1" 304 -
181.61.0.145 - - [28/Sep/2015:01:45:18 -0500] "GET /galeria/galeria/jquery.fancybox.js?v=2.1.5 HTTP/1.1" 304 -
181.61.0.145 - - [28/Sep/2015:01:45:18 -0500] "GET /BLA/boletinlegal/js/jquery.scrollShow.js HTTP/1.1" 304 -
66.249.67.174 - - [28/Sep/2015:01:45:19 -0500] "GET /BLA/resoluciones/RESOLUCIONES%202009/4230.pdf HTTP/1.1" 304 -
66.249.67.165 - - [28/Sep/2015:01:45:49 -0500] "GET /BLA/resoluciones/RESOLUCIONES%202009/8641.pdf HTTP/1.1" 200 314177
69.196.253.30 - - [28/Sep/2015:01:46:25 -0500] "HEAD /PORTAL_SIAC/swf/Residuos/curtiembres/files/search/searchtext.xml HTTP/1.1" 200 -
69.196.253.30 - - [28/Sep/2015:01:46:26 -0500] "GET /PORTAL_SIAC/swf/Residuos/curtiembres/files/search/searchtext.xml HTTP/1.1" 200 240047
66.249.67.174 - - [28/Sep/2015:01:46:30 -0500] "GET /BLA/resoluciones/AUTOS%202014/0072.pdf HTTP/1.1" 200 1091209
181.61.0.145 - - [28/Sep/2015:01:46:37 -0500] "GET /galeria/galeria/jquery.fancybox.css?v=2.1.5 HTTP/1.1" 304 -
181.61.0.145 - - [28/Sep/2015:01:46:37 -0500] "GET /BLA/boletinlegal/js/jquery.scrollShow.js HTTP/1.1" 304 -
181.61.0.145 - - [28/Sep/2015:01:46:37 -0500] "GET /galeria/galeria/jquery.fancybox.js?v=2.1.5 HTTP/1.1" 304 -
74.86.158.107 - - [28/Sep/2015:01:46:58 -0500] "HEAD / HTTP/1.1" 200 -
66.249.67.156 - - [28/Sep/2015:01:47:11 -0500] "GET /BLA/resoluciones/RESOLUCIONES%202014/3941.pdf HTTP/1.1" 200 1107203
66.249.67.174 - - [28/Sep/2015:01:47:34 -0500] "GET /autoliquidacion/TR%C3%81MITES%20VERTIMIENTOS/Aplicativo%20Eval%202014.xlsx HTTP/1.1" 404 1018
66.249.67.156 - - [28/Sep/2015:01:47:35 -0500] "GET /BLA/resoluciones/RESOLUCIONES%202014/3163.pdf HTTP/1.1" 304 -
66.249.67.93 - - [28/Sep/2015:01:47:52 -0500] "GET /Autoliquidacion/Solicitudes%20relacionadas%20con%20calidad%20del%20aire%20auditiva%20y%20visual/Acompa%C3%B1amiento%20para%20muestreo%20isocin%C3%A9tico%20y%20o%20determinaciones%20de%20emisiones%20a%20fuentes%20fijas/lineamientos%20Construccion%20Mues%20Emision%20.pdf HTTP/1.1" 200 352369
66.249.67.174 - - [28/Sep/2015:01:48:33 -0500] "GET /BLA/resoluciones/AUTOS%202013/0761.pdf HTTP/1.1" 200 1680685
66.249.67.165 - - [28/Sep/2015:01:49:13 -0500] "GET /BLA/resoluciones/RESOLUCIONES%202014/0732.pdf HTTP/1.1" 200 763544
66.249.67.156 - - [28/Sep/2015:01:49:54 -0500] "GET /BLA/resoluciones/RESOLUCIONES%202014/0610.pdf HTTP/1.1" 200 561342
66.249.67.156 - - [28/Sep/2015:01:50:35 -0500] "GET /BLA/resoluciones/AUTOS%202014/0729.pdf HTTP/1.1" 200 555115
66.249.67.165 - - [28/Sep/2015:01:50:36 -0500] "GET /sig/Manual%20de%20Procesos%20y%20Procedimientos/ANEXOS/126PA01%20-%20Gestion%20del%20Talento%20Humano/126PA01-PR17/ HTTP/1.1" 404 1018
66.249.65.227 - - [28/Sep/2015:01:50:36 -0500] "GET /BLA/resoluciones/RESOLUCIONES%202009/7291.pdf HTTP/1.1" 200 265775
66.249.67.156 - - [28/Sep/2015:01:51:16 -0500] "GET /BLA/resoluciones/RESOLUCIONES%202007/RES%202007%202201%20AL%202300/RESOLUCION%202215%20DE%202007.pdf HTTP/1.1" 200 50786
180.76.15.16 - - [28/Sep/2015:01:51:30 -0500] "GET /StormSDA/userFiles%20-%20Copy%2019-07-2012/user_files/formulas/2/?C=D;O=A HTTP/1.1" 200 898
66.249.67.174 - - [28/Sep/2015:01:51:57 -0500] "GET /BLA/resoluciones/AUTOS%202009/0532.pdf HTTP/1.1" 200 253829
74.86.158.107 - - [28/Sep/2015:01:51:58 -0500] "HEAD / HTTP/1.1" 200 -
66.249.67.156 - - [28/Sep/2015:01:52:38 -0500] "GET /BLA/resoluciones/RESOLUCIONES%202013/0503.pdf HTTP/1.1" 200 1314240
201.170.65.62 - - [28/Sep/2015:01:52:38 -0500] "GET /BLA/resoluciones/RESOLUCIONES%202009/5913.pdf HTTP/1.1" 200 454121
66.249.67.156 - - [28/Sep/2015:01:53:19 -0500] "GET /BLA/resoluciones/RESOLUCIONES%202010/2563.pdf HTTP/1.1" 200 494206
186.28.211.29 - - [28/Sep/2015:01:53:20 -0500] "GET /BLA/boletinlegal/js/jquery.scrollShow.js HTTP/1.1" 200 4586
186.28.211.29 - - [28/Sep/2015:01:53:20 -0500] "GET /galeria/galeria/jquery.fancybox.css?v=2.1.5 HTTP/1.1" 200 4895
186.28.211.29 - - [28/Sep/2015:01:53:20 -0500] "GET /galeria/galeria/jquery.fancybox.js?v=2.1.5 HTTP/1.1" 200 48706
186.28.211.29 - - [28/Sep/2015:01:53:29 -0500] "GET /BLA/boletinlegal/js/jquery.scrollShow.js HTTP/1.1" 304 -
186.28.211.29 - - [28/Sep/2015:01:53:29 -0500] "GET /galeria/galeria/jquery.fancybox.js?v=2.1.5 HTTP/1.1" 304 -
186.28.211.29 - - [28/Sep/2015:01:53:29 -0500] "GET /galeria/galeria/jquery.fancybox.css?v=2.1.5 HTTP/1.1" 304 -
66.249.67.165 - - [28/Sep/2015:01:53:59 -0500] "GET /BLA/resoluciones/RESOLUCIONES%202003/RES%202003%201001-1050/1008.tif HTTP/1.1" 200 185108
66.249.67.165 - - [28/Sep/2015:01:54:01 -0500] "GET /BLA/resoluciones/RESOLUCIONES%202014/2831.pdf HTTP/1.1" 200 646631
186.146.141.171 - - [28/Sep/2015:01:54:35 -0500] "GET /galeria/galeria/jquery.fancybox.css?v=2.1.5 HTTP/1.1" 200 4895
186.146.141.171 - - [28/Sep/2015:01:54:35 -0500] "GET /BLA/boletinlegal/js/jquery.scrollShow.js HTTP/1.1" 200 4586
186.146.141.171 - - [28/Sep/2015:01:54:35 -0500] "GET /galeria/galeria/jquery.fancybox.js?v=2.1.5 HTTP/1.1" 200 48706
186.146.141.171 - - [28/Sep/2015:01:54:40 -0500] "GET /BLA/boletinlegal/js/jquery.scrollShow.js HTTP/1.1" 304 -
186.146.141.171 - - [28/Sep/2015:01:54:40 -0500] "GET /galeria/galeria/jquery.fancybox.js?v=2.1.5 HTTP/1.1" 304 -
186.146.141.171 - - [28/Sep/2015:01:54:40 -0500] "GET /galeria/galeria/jquery.fancybox.css?v=2.1.5 HTTP/1.1" 304 -
66.249.67.156 - - [28/Sep/2015:01:54:41 -0500] "GET /BLA/resoluciones/RESOLUCIONES%202007/RES%202007%204101%20AL%204200/RESOLUCION%204102%20DE%202007.pdf HTTP/1.1" 200 13222310
66.249.67.165 - - [28/Sep/2015:01:55:21 -0500] "GET /BLA/resoluciones/RESOLUCIONES%202014/3462.pdf HTTP/1.1" 200 736168
66.249.67.156 - - [28/Sep/2015:01:56:02 -0500] "GET /BLA/resoluciones/RESOLUCIONES%202010/4517.pdf HTTP/1.1" 200 433282
157.55.39.76 - - [28/Sep/2015:01:56:04 -0500] "GET /robots.txt HTTP/1.1" 404 1018
157.55.39.76 - - [28/Sep/2015:01:56:10 -0500] "GET /BLA/boletinlegal?/ HTTP/1.1" 301 313
66.249.67.156 - - [28/Sep/2015:01:56:43 -0500] "GET /BLA/resoluciones/AUTOS%202009/1922.pdf HTTP/1.1" 200 197536
74.86.158.107 - - [28/Sep/2015:01:56:58 -0500] "HEAD / HTTP/1.1" 200 -
66.249.67.165 - - [28/Sep/2015:01:57:14 -0500] "GET /BLA/resoluciones/RESOLUCIONES%202010/0387.pdf HTTP/1.1" 200 107054
66.249.67.156 - - [28/Sep/2015:01:57:24 -0500] "GET /BLA/resoluciones/RESOLUCIONES%202009/8010.pdf HTTP/1.1" 200 778729
66.249.67.156 - - [28/Sep/2015:01:58:05 -0500] "GET /BLA/resoluciones/RESOLUCIONES%202009/0318.pdf HTTP/1.1" 200 272129
66.249.67.165 - - [28/Sep/2015:01:58:46 -0500] "GET /BLA/resoluciones/AUTOS%202011/3603.pdf HTTP/1.1" 200 427933
186.146.141.171 - - [28/Sep/2015:01:58:52 -0500] "GET /galeria/carrusel/Carrusel/jquery-ui-1.8.13.custom.min.js HTTP/1.1" 200 10800
186.146.141.171 - - [28/Sep/2015:01:58:52 -0500] "GET /galeria/carrusel/Carrusel/jquery.thumbnailScroller.css HTTP/1.1" 200 2066
186.146.141.171 - - [28/Sep/2015:01:58:52 -0500] "GET /galeria/carrusel/Carrusel/jquery.thumbnailScroller.js HTTP/1.1" 200 8157
186.146.141.171 - - [28/Sep/2015:01:58:52 -0500] "GET /galeria/nivo-slider/demo/demo.html HTTP/1.1" 200 3556
186.146.141.171 - - [28/Sep/2015:01:58:52 -0500] "GET /galeria/nivo-slider/themes/default/default.css HTTP/1.1" 200 1569
186.146.141.171 - - [28/Sep/2015:01:58:52 -0500] "GET /galeria/nivo-slider/themes/orman/orman.css HTTP/1.1" 200 2152
186.146.141.171 - - [28/Sep/2015:01:58:52 -0500] "GET /galeria/nivo-slider/themes/pascal/pascal.css HTTP/1.1" 200 2258
186.146.141.171 - - [28/Sep/2015:01:58:52 -0500] "GET /galeria/nivo-slider/demo/style.css HTTP/1.1" 200 2222
186.146.141.171 - - [28/Sep/2015:01:58:52 -0500] "GET /galeria/nivo-slider/nivo-slider.css HTTP/1.1" 200 1507
186.146.141.171 - - [28/Sep/2015:01:58:52 -0500] "GET /galeria/nivo-slider/demo/scripts/jquery-1.7.1.min.js HTTP/1.1" 200 93868
186.146.141.171 - - [28/Sep/2015:01:58:52 -0500] "GET /galeria/nivo-slider/jquery.nivo.slider.pack.js HTTP/1.1" 200 11561
186.146.141.171 - - [28/Sep/2015:01:58:53 -0500] "GET /galeria/nivo-slider/demo/images/4Simple_Slider.png HTTP/1.1" 200 11722
186.146.141.171 - - [28/Sep/2015:01:58:53 -0500] "GET /galeria/nivo-slider/themes/default/loading.gif HTTP/1.1" 200 1737
186.146.141.171 - - [28/Sep/2015:01:58:53 -0500] "GET /galeria/galeria/fotos/Movilizacion12P.jpg HTTP/1.1" 200 9230
186.146.141.171 - - [28/Sep/2015:01:58:53 -0500] "GET /galeria/galeria/fotos/Movilizacion2P.jpg HTTP/1.1" 200 8550
186.146.141.171 - - [28/Sep/2015:01:58:53 -0500] "GET /galeria/galeria/fotos/Movilizacion4P.jpg HTTP/1.1" 200 8828
186.146.141.171 - - [28/Sep/2015:01:58:53 -0500] "GET /galeria/galeria/fotos/Movilizacion6P.jpg HTTP/1.1" 200 9026
186.146.141.171 - - [28/Sep/2015:01:58:53 -0500] "GET /galeria/galeria/fotos/Movilizacion14P.jpg HTTP/1.1" 200 9394
186.146.141.171 - - [28/Sep/2015:01:58:53 -0500] "GET /galeria/galeria/fotos/Movilizacion7P.jpg HTTP/1.1" 200 8214
186.146.141.171 - - [28/Sep/2015:01:58:53 -0500] "GET /galeria/nivo-slider/demo/images/La-SDA-se-suma-a-la-Gran-Movilizacion.jpg HTTP/1.1" 200 92233
186.146.141.171 - - [28/Sep/2015:01:58:53 -0500] "GET /galeria/nivo-slider/demo/images/Semana-PYBA.jpg HTTP/1.1" 200 103786
186.146.141.171 - - [28/Sep/2015:01:58:54 -0500] "GET /galeria/nivo-slider/demo/images/Plan-Quinquenal.jpg HTTP/1.1" 200 412438
186.146.141.171 - - [28/Sep/2015:01:58:54 -0500] "GET /galeria/nivo-slider/demo/images/PREDAcamp.jpg HTTP/1.1" 200 295358
186.146.141.171 - - [28/Sep/2015:01:58:54 -0500] "GET /galeria/nivo-slider/demo/images/banner-llantas2.jpg HTTP/1.1" 200 204644
186.146.141.171 - - [28/Sep/2015:01:58:54 -0500] "GET /galeria/nivo-slider/demo/images/9Signos.jpg HTTP/1.1" 200 81776
186.146.141.171 - - [28/Sep/2015:01:58:54 -0500] "GET /galeria/nivo-slider/demo/images/Comparendo-ambiental-Banner.jpg HTTP/1.1" 200 83731
186.146.141.171 - - [28/Sep/2015:01:58:54 -0500] "GET /galeria/nivo-slider/demo/images/Ruta-vertimientos-01.jpg HTTP/1.1" 200 130151
186.146.141.171 - - [28/Sep/2015:01:58:54 -0500] "GET /galeria/nivo-slider/demo/images/bolsas-06.jpg HTTP/1.1" 200 90982
186.146.141.171 - - [28/Sep/2015:01:58:54 -0500] "GET /galeria/nivo-slider/demo/images/Conoce-los-humedales.jpg HTTP/1.1" 200 294036
