190.26.120.89 - - [01/Oct/2015:08:36:54 -0500] "GET /galeria/nivo-slider/demo/images/Semana-PYBA.jpg HTTP/1.1" 200 103786
190.26.120.89 - - [01/Oct/2015:08:36:55 -0500] "GET /galeria/nivo-slider/demo/images/Plan-Quinquenal.jpg HTTP/1.1" 200 412438
190.26.120.89 - - [01/Oct/2015:08:36:55 -0500] "GET /galeria/nivo-slider/demo/images/PREDAcamp.jpg HTTP/1.1" 200 295358
190.26.120.89 - - [01/Oct/2015:08:36:55 -0500] "GET /galeria/nivo-slider/demo/images/4Simple_Slider.png HTTP/1.1" 200 11722
190.26.120.89 - - [01/Oct/2015:08:36:55 -0500] "GET /galeria/nivo-slider/themes/default/loading.gif HTTP/1.1" 200 1737
190.26.120.89 - - [01/Oct/2015:08:36:56 -0500] "GET /galeria/nivo-slider/demo/images/banner-llantas2.jpg HTTP/1.1" 200 204644
190.26.120.89 - - [01/Oct/2015:08:36:57 -0500] "GET /galeria/nivo-slider/demo/images/9Signos.jpg HTTP/1.1" 200 81776
190.26.120.89 - - [01/Oct/2015:08:36:57 -0500] "GET /galeria/nivo-slider/demo/images/Comparendo-ambiental-Banner.jpg HTTP/1.1" 200 83731
190.26.120.89 - - [01/Oct/2015:08:36:57 -0500] "GET /galeria/nivo-slider/demo/images/Ruta-vertimientos-01.jpg HTTP/1.1" 200 130151
190.26.120.89 - - [01/Oct/2015:08:36:57 -0500] "GET /galeria/nivo-slider/demo/images/bolsas-06.jpg HTTP/1.1" 200 90982
190.26.120.89 - - [01/Oct/2015:08:36:57 -0500] "GET /galeria/nivo-slider/demo/images/Conoce-los-humedales.jpg HTTP/1.1" 200 294036
190.26.120.89 - - [01/Oct/2015:08:36:57 -0500] "GET /galeria/nivo-slider/demo/images/ecolecta-Dic2014.png HTTP/1.1" 200 288593
190.26.120.89 - - [01/Oct/2015:08:36:57 -0500] "GET /galeria/nivo-slider/demo/scripts/jquery-1.7.1.min.js HTTP/1.1" 200 93868
190.26.120.89 - - [01/Oct/2015:08:36:57 -0500] "GET /galeria/nivo-slider/jquery.nivo.slider.pack.js HTTP/1.1" 200 11561
190.85.128.202 - - [01/Oct/2015:08:36:58 -0500] "GET /BLA/resoluciones/RESOLUCIONES%202007/RES%202007%20701%20AL%20800/RESOLUCION%200705%20DE%202007.pdf HTTP/1.1" 206 1027745
190.26.120.89 - - [01/Oct/2015:08:36:59 -0500] "GET /galeria/nivo-slider/themes/default/arrows.png HTTP/1.1" 200 824
190.26.120.89 - - [01/Oct/2015:08:36:59 -0500] "GET /galeria/nivo-slider/themes/default/bullets.png HTTP/1.1" 200 1281
157.55.39.81 - - [01/Oct/2015:08:37:11 -0500] "GET /BLA/resoluciones/AUTOS%202008/2800.pdf HTTP/1.1" 200 102533
201.245.192.253 - - [01/Oct/2015:08:37:14 -0500] "GET /galeria/galeria/jquery.fancybox.js?v=2.1.5 HTTP/1.1" 304 -
186.29.6.13 - - [01/Oct/2015:08:37:14 -0500] "GET /huelladecarbono/index.html HTTP/1.1" 200 5211
201.245.192.253 - - [01/Oct/2015:08:37:14 -0500] "GET /galeria/galeria/jquery.fancybox.css?v=2.1.5 HTTP/1.1" 304 -
186.29.6.13 - - [01/Oct/2015:08:37:14 -0500] "GET /huelladecarbono/estilos.css HTTP/1.1" 200 4034
186.29.6.13 - - [01/Oct/2015:08:37:15 -0500] "GET /huelladecarbono/Imagenes/btn_gris.png HTTP/1.1" 200 3006
66.249.64.71 - - [01/Oct/2015:08:37:14 -0500] "GET /BLA/resoluciones/AUTOS%202012/1039.pdf HTTP/1.1" 200 183895
186.29.6.13 - - [01/Oct/2015:08:37:15 -0500] "GET /huelladecarbono/Imagenes/btn_gris2.png HTTP/1.1" 200 4298
186.29.6.13 - - [01/Oct/2015:08:37:15 -0500] "GET /huelladecarbono/Imagenes/btn_gris4.png HTTP/1.1" 200 2999
186.29.6.13 - - [01/Oct/2015:08:37:15 -0500] "GET /huelladecarbono/Imagenes/btn_gris3.png HTTP/1.1" 200 4357
186.29.6.13 - - [01/Oct/2015:08:37:15 -0500] "GET /huelladecarbono/Imagenes/btn_gris5.png HTTP/1.1" 200 4459
186.29.6.13 - - [01/Oct/2015:08:37:15 -0500] "GET /huelladecarbono/Imagenes/fondo_header.jpg HTTP/1.1" 200 28877
186.29.6.13 - - [01/Oct/2015:08:37:15 -0500] "GET /huelladecarbono/Imagenes/campana_title.jpg HTTP/1.1" 200 5453
186.29.6.13 - - [01/Oct/2015:08:37:16 -0500] "GET /huelladecarbono/Imagenes/btn_verde3.png HTTP/1.1" 200 4302
186.29.6.13 - - [01/Oct/2015:08:37:16 -0500] "GET /huelladecarbono/Imagenes/btn_verde5.png HTTP/1.1" 200 4384
186.29.6.13 - - [01/Oct/2015:08:37:16 -0500] "GET /huelladecarbono/Imagenes/btn_verde.png HTTP/1.1" 200 3266
186.29.6.13 - - [01/Oct/2015:08:37:16 -0500] "GET /huelladecarbono/Imagenes/btn_verde4.png HTTP/1.1" 200 3343
186.29.6.13 - - [01/Oct/2015:08:37:16 -0500] "GET /huelladecarbono/Imagenes/btn_verde2.png HTTP/1.1" 200 4064
207.46.13.176 - - [01/Oct/2015:08:37:17 -0500] "GET /BLA/resoluciones/AUTOS%202011/7754.pdf HTTP/1.1" 200 248125
157.55.39.225 - - [01/Oct/2015:08:37:21 -0500] "GET /BLA/resoluciones/AUTOS%202011/6192.pdf HTTP/1.1" 200 535715
157.55.39.225 - - [01/Oct/2015:08:37:21 -0500] "GET /BLA/resoluciones/AUTOS%202015/1971.pdf HTTP/1.1" 200 738245
157.55.39.225 - - [01/Oct/2015:08:37:22 -0500] "GET /BLA/resoluciones/AUTOS%202011/1312.pdf HTTP/1.1" 200 156085
157.55.39.225 - - [01/Oct/2015:08:37:22 -0500] "GET /BLA/resoluciones/AUTOS%202010/5469.pdf HTTP/1.1" 200 378058
157.55.39.225 - - [01/Oct/2015:08:37:24 -0500] "GET /BLA/resoluciones/AUTOS%202007/0794.pdf HTTP/1.1" 200 138767
207.46.13.1 - - [01/Oct/2015:08:37:26 -0500] "GET /BLA/resoluciones/AUTOS%202007/2013.pdf HTTP/1.1" 200 191832
207.46.13.1 - - [01/Oct/2015:08:37:26 -0500] "GET /BLA/resoluciones/AUTOS%202011/7356.pdf HTTP/1.1" 200 217777
181.49.188.4 - - [01/Oct/2015:08:37:31 -0500] "GET /galeria/galeria/jquery.fancybox.css?v=2.1.5 HTTP/1.1" 200 4895
181.49.188.4 - - [01/Oct/2015:08:37:31 -0500] "GET /BLA/boletinlegal/js/jquery.scrollShow.js HTTP/1.1" 304 -
181.49.188.4 - - [01/Oct/2015:08:37:31 -0500] "GET /galeria/galeria/jquery.fancybox.js?v=2.1.5 HTTP/1.1" 200 48706
207.46.13.176 - - [01/Oct/2015:08:37:31 -0500] "GET /BLA/resoluciones/AUTOS%202007/2995.pdf HTTP/1.1" 200 84263
207.46.13.176 - - [01/Oct/2015:08:37:32 -0500] "GET /BLA/resoluciones/AUTOS%202011/1798.pdf HTTP/1.1" 200 160647
207.46.13.176 - - [01/Oct/2015:08:37:32 -0500] "GET /BLA/resoluciones/AUTOS%202012/1612.pdf HTTP/1.1" 200 420757
207.46.13.176 - - [01/Oct/2015:08:37:33 -0500] "GET /BLA/resoluciones/AUTOS%202014/0949.pdf HTTP/1.1" 200 510817
186.154.220.190 - - [01/Oct/2015:08:37:34 -0500] "GET /galeria/carrusel/Carrusel/jquery.thumbnailScroller.css HTTP/1.1" 200 2066
186.154.220.190 - - [01/Oct/2015:08:37:34 -0500] "GET /galeria/carrusel/Carrusel/jquery-ui-1.8.13.custom.min.js HTTP/1.1" 200 10800
186.154.220.190 - - [01/Oct/2015:08:37:34 -0500] "GET /galeria/carrusel/Carrusel/jquery.thumbnailScroller.js HTTP/1.1" 200 8157
186.154.220.190 - - [01/Oct/2015:08:37:34 -0500] "GET /galeria/nivo-slider/demo/demo.html HTTP/1.1" 200 3905
186.154.220.190 - - [01/Oct/2015:08:37:34 -0500] "GET /galeria/nivo-slider/themes/default/default.css HTTP/1.1" 200 1569
186.154.220.190 - - [01/Oct/2015:08:37:34 -0500] "GET /galeria/nivo-slider/themes/pascal/pascal.css HTTP/1.1" 200 2258
186.154.220.190 - - [01/Oct/2015:08:37:34 -0500] "GET /galeria/nivo-slider/themes/orman/orman.css HTTP/1.1" 200 2152
186.154.220.190 - - [01/Oct/2015:08:37:34 -0500] "GET /galeria/nivo-slider/nivo-slider.css HTTP/1.1" 200 1507
186.154.220.190 - - [01/Oct/2015:08:37:34 -0500] "GET /galeria/nivo-slider/demo/style.css HTTP/1.1" 200 2222
186.154.220.190 - - [01/Oct/2015:08:37:34 -0500] "GET /galeria/nivo-slider/demo/scripts/jquery-1.7.1.min.js HTTP/1.1" 200 93868
186.154.220.190 - - [01/Oct/2015:08:37:34 -0500] "GET /galeria/nivo-slider/jquery.nivo.slider.pack.js HTTP/1.1" 200 11561
186.154.220.190 - - [01/Oct/2015:08:37:34 -0500] "GET /galeria/nivo-slider/demo/images/4Simple_Slider.png HTTP/1.1" 200 11722
186.154.220.190 - - [01/Oct/2015:08:37:34 -0500] "GET /galeria/nivo-slider/themes/default/loading.gif HTTP/1.1" 200 1737
186.154.220.190 - - [01/Oct/2015:08:37:34 -0500] "GET /galeria/nivo-slider/demo/images/La-SDA-se-suma-a-la-Gran-Movilizacion.jpg HTTP/1.1" 200 92233
186.154.220.190 - - [01/Oct/2015:08:37:34 -0500] "GET /galeria/nivo-slider/demo/images/simulacro-nacional.jpg HTTP/1.1" 200 241925
186.154.220.190 - - [01/Oct/2015:08:37:34 -0500] "GET /galeria/nivo-slider/demo/images/simulacro-busqueda-rescate-urbano.jpg HTTP/1.1" 200 251375
186.154.220.190 - - [01/Oct/2015:08:37:34 -0500] "GET /galeria/nivo-slider/demo/images/Semana-PYBA.jpg HTTP/1.1" 200 103786
66.249.64.76 - - [01/Oct/2015:08:37:36 -0500] "GET /BLA/resoluciones/AUTOS%202010/6146.pdf HTTP/1.1" 200 138137
186.154.220.190 - - [01/Oct/2015:08:37:36 -0500] "GET /galeria/nivo-slider/demo/images/Plan-Quinquenal.jpg HTTP/1.1" 200 412438
186.154.220.190 - - [01/Oct/2015:08:37:36 -0500] "GET /galeria/nivo-slider/demo/images/PREDAcamp.jpg HTTP/1.1" 200 295358
186.154.220.190 - - [01/Oct/2015:08:37:36 -0500] "GET /galeria/nivo-slider/demo/images/banner-llantas2.jpg HTTP/1.1" 200 204644
186.154.220.190 - - [01/Oct/2015:08:37:37 -0500] "GET /galeria/nivo-slider/demo/images/9Signos.jpg HTTP/1.1" 200 81776
186.154.220.190 - - [01/Oct/2015:08:37:37 -0500] "GET /galeria/nivo-slider/demo/images/Comparendo-ambiental-Banner.jpg HTTP/1.1" 200 83731
186.154.220.190 - - [01/Oct/2015:08:37:37 -0500] "GET /galeria/nivo-slider/demo/images/Ruta-vertimientos-01.jpg HTTP/1.1" 200 130151
186.154.220.190 - - [01/Oct/2015:08:37:38 -0500] "GET /galeria/nivo-slider/demo/images/bolsas-06.jpg HTTP/1.1" 200 90982
186.154.220.190 - - [01/Oct/2015:08:37:38 -0500] "GET /galeria/nivo-slider/demo/images/Conoce-los-humedales.jpg HTTP/1.1" 200 294036
186.154.220.190 - - [01/Oct/2015:08:37:38 -0500] "GET /galeria/nivo-slider/demo/images/ecolecta-Dic2014.png HTTP/1.1" 200 288593
157.55.39.81 - - [01/Oct/2015:08:37:39 -0500] "GET /BLA/resoluciones/AUTOS%202009/1738.pdf HTTP/1.1" 200 102136
157.55.39.81 - - [01/Oct/2015:08:37:39 -0500] "GET /BLA/resoluciones/AUTOS%202009/0725.pdf HTTP/1.1" 200 265524
157.55.39.81 - - [01/Oct/2015:08:37:42 -0500] "GET /BLA/resoluciones/AUTOS%202008/0395.pdf HTTP/1.1" 200 701297
157.55.39.81 - - [01/Oct/2015:08:37:43 -0500] "GET /BLA/resoluciones/AUTOS%202014/4625.pdf HTTP/1.1" 200 520622
207.46.13.1 - - [01/Oct/2015:08:37:43 -0500] "GET /BLA/resoluciones/Autos%202008/2152.pdf HTTP/1.1" 200 91230
207.46.13.1 - - [01/Oct/2015:08:37:44 -0500] "GET /BLA/resoluciones/AUTOS%202010/5246.pdf HTTP/1.1" 200 248769
207.46.13.1 - - [01/Oct/2015:08:37:45 -0500] "GET /BLA/resoluciones/AUTOS%202010/2424.pdf HTTP/1.1" 200 1460038
207.46.13.1 - - [01/Oct/2015:08:37:45 -0500] "GET /BLA/resoluciones/AUTOS%202008/3115.pdf HTTP/1.1" 200 71283
181.147.220.232 - - [01/Oct/2015:08:37:48 -0500] "GET /galeria/nivo-slider/demo/demo.html HTTP/1.1" 304 -
181.147.220.232 - - [01/Oct/2015:08:37:49 -0500] "GET /galeria/nivo-slider/demo/images/simulacro-nacional.jpg HTTP/1.1" 304 -
181.147.220.232 - - [01/Oct/2015:08:37:49 -0500] "GET /galeria/nivo-slider/demo/images/simulacro-busqueda-rescate-urbano.jpg HTTP/1.1" 304 -
66.249.64.76 - - [01/Oct/2015:08:37:57 -0500] "GET /BLA/resoluciones/RESOLUCIONES%202011/0142.pdf HTTP/1.1" 200 353645
207.46.13.1 - - [01/Oct/2015:08:37:58 -0500] "GET /BLA/resoluciones/AUTOS%202010/6947.pdf HTTP/1.1" 200 205865
181.49.188.4 - - [01/Oct/2015:08:38:02 -0500] "GET /galeria/galeria/jquery.fancybox.css?v=2.1.5 HTTP/1.1" 304 -
181.49.188.4 - - [01/Oct/2015:08:38:03 -0500] "GET /BLA/boletinlegal/js/jquery.scrollShow.js HTTP/1.1" 304 -
181.49.188.4 - - [01/Oct/2015:08:38:03 -0500] "GET /galeria/galeria/jquery.fancybox.js?v=2.1.5 HTTP/1.1" 304 -
157.55.39.81 - - [01/Oct/2015:08:38:08 -0500] "GET /BLA/resoluciones/RESOLUCIONES%202007/RES%202007%202301%20AL%202400/RESOLUCION%202388%20DE%202007.pdf HTTP/1.1" 200 118300
190.24.251.185 - - [01/Oct/2015:08:38:11 -0500] "GET /galeria/galeria/jquery.fancybox.css?v=2.1.5 HTTP/1.1" 304 -
190.24.251.185 - - [01/Oct/2015:08:38:11 -0500] "GET /BLA/boletinlegal/js/jquery.scrollShow.js HTTP/1.1" 304 -
190.24.251.185 - - [01/Oct/2015:08:38:11 -0500] "GET /galeria/galeria/jquery.fancybox.js?v=2.1.5 HTTP/1.1" 304 -
190.84.247.115 - - [01/Oct/2015:08:38:16 -0500] "GET /galeria/nivo-slider/demo/demo.html HTTP/1.1" 200 3905
190.84.247.115 - - [01/Oct/2015:08:38:16 -0500] "GET /galeria/nivo-slider/themes/default/default.css HTTP/1.1" 304 -
190.84.247.115 - - [01/Oct/2015:08:38:16 -0500] "GET /galeria/nivo-slider/demo/images/La-SDA-se-suma-a-la-Gran-Movilizacion.jpg HTTP/1.1" 304 -
190.84.247.115 - - [01/Oct/2015:08:38:16 -0500] "GET /galeria/nivo-slider/demo/images/simulacro-busqueda-rescate-urbano.jpg HTTP/1.1" 200 251375
190.84.247.115 - - [01/Oct/2015:08:38:16 -0500] "GET /galeria/nivo-slider/demo/images/simulacro-nacional.jpg HTTP/1.1" 200 241925
207.46.13.176 - - [01/Oct/2015:08:38:17 -0500] "GET /BLA/resoluciones/AUTOS%202013/0591.pdf HTTP/1.1" 200 3062895
207.46.13.176 - - [01/Oct/2015:08:38:18 -0500] "GET /BLA/resoluciones/AUTOS%202011/4415.pdf HTTP/1.1" 200 165314
207.46.13.176 - - [01/Oct/2015:08:38:18 -0500] "GET /BLA/resoluciones/AUTOS%202007/0620.pdf HTTP/1.1" 200 66762
66.249.64.76 - - [01/Oct/2015:08:38:18 -0500] "GET /BLA/resoluciones/AUTOS%202010/5615.pdf HTTP/1.1" 200 369204
207.46.13.176 - - [01/Oct/2015:08:38:19 -0500] "GET /BLA/resoluciones/AUTOS%202008/1398.pdf HTTP/1.1" 200 165950
181.49.73.243 - - [01/Oct/2015:08:38:23 -0500] "POST /forms/lservlet;jsessionid=ac16012b30d676533dc669d74c368264f14524b53be3.e3iSbxaKaheRe38Ka34Oa3eLbxf0n6jAmljGr5XDqQLvpAe HTTP/1.1" 200 2
157.55.39.81 - - [01/Oct/2015:08:38:25 -0500] "GET /BLA/resoluciones/AUTOS%202014/5823.pdf HTTP/1.1" 200 468014
157.55.39.81 - - [01/Oct/2015:08:38:26 -0500] "GET /BLA/resoluciones/AUTOS%202008/0048.pdf HTTP/1.1" 200 82009
157.55.39.81 - - [01/Oct/2015:08:38:28 -0500] "GET /BLA/resoluciones/AUTOS%202011/4943.pdf HTTP/1.1" 200 203832
157.55.39.225 - - [01/Oct/2015:08:38:31 -0500] "GET /BLA/resoluciones/Autos%202008/3133.pdf HTTP/1.1" 200 96564
157.55.39.225 - - [01/Oct/2015:08:38:32 -0500] "GET /BLA/resoluciones/AUTOS%202008/1954.pdf HTTP/1.1" 200 91082
190.24.251.185 - - [01/Oct/2015:08:38:32 -0500] "GET /galeria/galeria/jquery.fancybox.css?v=2.1.5 HTTP/1.1" 304 -
190.24.251.185 - - [01/Oct/2015:08:38:32 -0500] "GET /BLA/boletinlegal/js/jquery.scrollShow.js HTTP/1.1" 304 -
190.24.251.185 - - [01/Oct/2015:08:38:32 -0500] "GET /galeria/galeria/jquery.fancybox.js?v=2.1.5 HTTP/1.1" 304 -
157.55.39.225 - - [01/Oct/2015:08:38:32 -0500] "GET /BLA/resoluciones/RESOLUCIONES%202008/0446.pdf HTTP/1.1" 200 401592
157.55.39.225 - - [01/Oct/2015:08:38:33 -0500] "GET /BLA/resoluciones/RESOLUCIONES%202008/0317.pdf HTTP/1.1" 200 823706
157.55.39.225 - - [01/Oct/2015:08:38:33 -0500] "GET /BLA/resoluciones/AUTOS%202009/3284.pdf HTTP/1.1" 200 67497
157.55.39.225 - - [01/Oct/2015:08:38:34 -0500] "GET /BLA/resoluciones/AUTOS%202008/1963.pdf HTTP/1.1" 200 96814
201.245.192.253 - - [01/Oct/2015:08:38:38 -0500] "GET /isolucionsda/Administracion/SalaEdicion/BuscarVarios.asp?Form=Admon&Campo1=textoObjeto74_8&Campo2=Objeto74_8&ListaSucursales=1&items=&tabla=Area&primeravez=true HTTP/1.1" 200 26604
66.249.64.76 - - [01/Oct/2015:08:38:40 -0500] "GET /BLA/resoluciones/RESOLUCIONES%202011/3532.pdf HTTP/1.1" 200 254209
201.245.192.253 - - [01/Oct/2015:08:38:40 -0500] "POST /isolucionsda/Administracion/SalaEdicion/BuscarVarios.asp HTTP/1.1" 200 11911
157.55.39.81 - - [01/Oct/2015:08:38:44 -0500] "GET /BLA/resoluciones/AUTOS%202014/3363.pdf HTTP/1.1" 200 367372
157.55.39.81 - - [01/Oct/2015:08:38:44 -0500] "GET /BLA/resoluciones/AUTOS%202011/5564.pdf HTTP/1.1" 200 272235
201.245.192.253 - - [01/Oct/2015:08:38:44 -0500] "GET /isolucionsda/Administracion/SalaEdicion/BuscarVarios.asp?Form=Admon&Campo1=textoObjeto74_9&Campo2=Objeto74_9&ListaSucursales=1&items=&tabla=Cargo&primeravez=true HTTP/1.1" 200 47693
207.46.13.176 - - [01/Oct/2015:08:38:49 -0500] "GET /BLA/resoluciones/RESOLUCIONES%202008/0064.pdf HTTP/1.1" 200 448612
207.46.13.176 - - [01/Oct/2015:08:38:50 -0500] "GET /BLA/resoluciones/AUTOS%202009/0610.pdf HTTP/1.1" 200 121799
201.245.192.253 - - [01/Oct/2015:08:38:50 -0500] "GET /isolucionsda/Administracion/SalaEdicion/BuscarVarios.asp?Form=Admon&Campo1=textoObjeto74_9&Campo2=Objeto74_9&ListaSucursales=1&items=&tabla=Cargo&primeravez=true HTTP/1.1" 200 47693
207.46.13.176 - - [01/Oct/2015:08:38:50 -0500] "GET /BLA/resoluciones/AUTOS%202007/2768.pdf HTTP/1.1" 200 139593
207.46.13.176 - - [01/Oct/2015:08:38:51 -0500] "GET /BLA/resoluciones/AUTOS%202014/1264.pdf HTTP/1.1" 200 204358
201.245.192.253 - - [01/Oct/2015:08:38:52 -0500] "POST /isolucionsda/Administracion/SalaEdicion/BuscarVarios.asp HTTP/1.1" 200 18082
207.46.13.176 - - [01/Oct/2015:08:38:53 -0500] "GET /BLA/resoluciones/AUTOS%202013/0843.pdf HTTP/1.1" 200 228738
207.46.13.1 - - [01/Oct/2015:08:38:53 -0500] "GET /BLA/resoluciones/AUTOS%202010/4350.pdf HTTP/1.1" 200 147460
207.46.13.1 - - [01/Oct/2015:08:38:54 -0500] "GET /BLA/resoluciones/AUTOS%202007/1057.pdf HTTP/1.1" 200 61747
207.46.13.1 - - [01/Oct/2015:08:38:55 -0500] "GET /BLA/resoluciones/AUTOS%202014/4069.pdf HTTP/1.1" 200 503194
180.76.15.28 - - [01/Oct/2015:08:38:57 -0500] "GET /BLA/boletinlegal/Circulares/2013/Circular%20No.%205%20del%2013%20de%20junio%20de%202013.pdf HTTP/1.1" 200 110904
74.86.158.107 - - [01/Oct/2015:08:39:00 -0500] "HEAD / HTTP/1.1" 200 -
66.249.64.71 - - [01/Oct/2015:08:39:01 -0500] "GET /BLA/resoluciones/RESOLUCIONES%202010/0787.pdf HTTP/1.1" 200 102744
190.27.198.210 - - [01/Oct/2015:08:39:04 -0500] "GET /galeria/galeria/jquery.fancybox.css?v=2.1.5 HTTP/1.1" 200 4895
190.27.198.210 - - [01/Oct/2015:08:39:04 -0500] "GET /galeria/carrusel/Carrusel/jquery.thumbnailScroller.css HTTP/1.1" 200 2066
190.27.198.210 - - [01/Oct/2015:08:39:04 -0500] "GET /galeria/nivo-slider/demo/demo.html HTTP/1.1" 200 3905
190.27.198.210 - - [01/Oct/2015:08:39:05 -0500] "GET /galeria/nivo-slider/themes/default/default.css HTTP/1.1" 200 1569
190.27.198.210 - - [01/Oct/2015:08:39:05 -0500] "GET /galeria/nivo-slider/themes/pascal/pascal.css HTTP/1.1" 200 2258
190.27.198.210 - - [01/Oct/2015:08:39:05 -0500] "GET /galeria/nivo-slider/themes/orman/orman.css HTTP/1.1" 200 2152
190.27.198.210 - - [01/Oct/2015:08:39:05 -0500] "GET /galeria/nivo-slider/nivo-slider.css HTTP/1.1" 200 1507
190.27.198.210 - - [01/Oct/2015:08:39:05 -0500] "GET /galeria/nivo-slider/demo/style.css HTTP/1.1" 200 2222
190.27.198.210 - - [01/Oct/2015:08:39:05 -0500] "GET /galeria/nivo-slider/demo/images/La-SDA-se-suma-a-la-Gran-Movilizacion.jpg HTTP/1.1" 200 92233
190.27.198.210 - - [01/Oct/2015:08:39:05 -0500] "GET /galeria/nivo-slider/demo/images/Ruta-vertimientos-01.jpg HTTP/1.1" 200 130151
190.27.198.210 - - [01/Oct/2015:08:39:05 -0500] "GET /galeria/nivo-slider/demo/images/Comparendo-ambiental-Banner.jpg HTTP/1.1" 200 83731
190.27.198.210 - - [01/Oct/2015:08:39:05 -0500] "GET /galeria/nivo-slider/demo/images/PREDAcamp.jpg HTTP/1.1" 200 295358
190.27.198.210 - - [01/Oct/2015:08:39:05 -0500] "GET /galeria/nivo-slider/demo/images/9Signos.jpg HTTP/1.1" 200 81776
190.27.198.210 - - [01/Oct/2015:08:39:05 -0500] "GET /galeria/nivo-slider/demo/images/banner-llantas2.jpg HTTP/1.1" 200 204644
190.27.198.210 - - [01/Oct/2015:08:39:05 -0500] "GET /galeria/nivo-slider/demo/images/bolsas-06.jpg HTTP/1.1" 200 90982
190.27.198.210 - - [01/Oct/2015:08:39:05 -0500] "GET /galeria/nivo-slider/demo/images/Conoce-los-humedales.jpg HTTP/1.1" 200 294036
190.27.198.210 - - [01/Oct/2015:08:39:05 -0500] "GET /galeria/nivo-slider/demo/images/Plan-Quinquenal.jpg HTTP/1.1" 200 412438
190.27.198.210 - - [01/Oct/2015:08:39:05 -0500] "GET /galeria/nivo-slider/demo/images/Semana-PYBA.jpg HTTP/1.1" 200 103786
190.27.198.210 - - [01/Oct/2015:08:39:05 -0500] "GET /galeria/nivo-slider/demo/images/simulacro-busqueda-rescate-urbano.jpg HTTP/1.1" 200 251375
190.27.198.210 - - [01/Oct/2015:08:39:05 -0500] "GET /galeria/nivo-slider/demo/images/4Simple_Slider.png HTTP/1.1" 200 11722
190.27.198.210 - - [01/Oct/2015:08:39:05 -0500] "GET /galeria/nivo-slider/themes/default/loading.gif HTTP/1.1" 200 1737
157.55.39.225 - - [01/Oct/2015:08:39:06 -0500] "GET /BLA/resoluciones/Autos%202008/0708.pdf HTTP/1.1" 200 148591
157.55.39.225 - - [01/Oct/2015:08:39:06 -0500] "GET /BLA/resoluciones/AUTOS%202008/1310.pdf HTTP/1.1" 200 225852
157.55.39.225 - - [01/Oct/2015:08:39:07 -0500] "GET /BLA/resoluciones/AUTOS%202009/2248.pdf HTTP/1.1" 200 123137
157.55.39.225 - - [01/Oct/2015:08:39:07 -0500] "GET /BLA/resoluciones/AUTOS%202008/2524.pdf HTTP/1.1" 200 100299
190.27.198.210 - - [01/Oct/2015:08:39:08 -0500] "GET /galeria/nivo-slider/demo/images/simulacro-nacional.jpg HTTP/1.1" 200 241925
190.27.198.210 - - [01/Oct/2015:08:39:08 -0500] "GET /galeria/nivo-slider/demo/images/ecolecta-Dic2014.png HTTP/1.1" 200 288593
157.55.39.225 - - [01/Oct/2015:08:39:08 -0500] "GET /BLA/resoluciones/AUTOS%202010/1446.pdf HTTP/1.1" 200 170782
157.55.39.225 - - [01/Oct/2015:08:39:08 -0500] "GET /BLA/resoluciones/AUTOS%202008/0277.pdf HTTP/1.1" 200 188096
157.55.39.225 - - [01/Oct/2015:08:39:09 -0500] "GET /BLA/resoluciones/AUTOS%202011/7503.pdf HTTP/1.1" 200 145331
201.244.55.205 - - [01/Oct/2015:08:39:09 -0500] "GET /IsolucionSDA/bancoconocimiento/R/RegistrodeIngresosNoTributariosdelFondoCuentaP_G_A__v4/RegistrodeIngresosNoTributariosdelFondoCuentaP_G_A__v4.asp?IdArticulo=4925 HTTP/1.1" 200 138696
190.27.198.210 - - [01/Oct/2015:08:39:11 -0500] "GET /BLA/boletinlegal/js/jquery.scrollShow.js HTTP/1.1" 200 4586
190.27.198.210 - - [01/Oct/2015:08:39:11 -0500] "GET /galeria/galeria/jquery.fancybox.js?v=2.1.5 HTTP/1.1" 200 48706
190.27.198.210 - - [01/Oct/2015:08:39:11 -0500] "GET /galeria/carrusel/Carrusel/jquery-ui-1.8.13.custom.min.js HTTP/1.1" 200 10800
190.27.198.210 - - [01/Oct/2015:08:39:11 -0500] "GET /galeria/carrusel/Carrusel/jquery.thumbnailScroller.js HTTP/1.1" 200 8157
190.27.198.210 - - [01/Oct/2015:08:39:11 -0500] "GET /galeria/nivo-slider/demo/demo.html HTTP/1.1" 304 -
207.46.13.176 - - [01/Oct/2015:08:39:12 -0500] "GET /BLA/resoluciones/Autos%202008/2777.pdf HTTP/1.1" 200 122084
207.46.13.176 - - [01/Oct/2015:08:39:13 -0500] "GET /BLA/resoluciones/Autos%202008/0459.pdf HTTP/1.1" 200 144089
190.27.198.210 - - [01/Oct/2015:08:39:13 -0500] "GET /galeria/nivo-slider/themes/pascal/pascal.css HTTP/1.1" 304 -
190.27.198.210 - - [01/Oct/2015:08:39:13 -0500] "GET /galeria/nivo-slider/nivo-slider.css HTTP/1.1" 304 -
190.27.198.210 - - [01/Oct/2015:08:39:13 -0500] "GET /galeria/nivo-slider/demo/style.css HTTP/1.1" 304 -
190.27.198.210 - - [01/Oct/2015:08:39:13 -0500] "GET /galeria/nivo-slider/themes/orman/orman.css HTTP/1.1" 304 -
190.27.198.210 - - [01/Oct/2015:08:39:13 -0500] "GET /galeria/nivo-slider/themes/default/default.css HTTP/1.1" 304 -
190.27.198.210 - - [01/Oct/2015:08:39:13 -0500] "GET /galeria/nivo-slider/demo/images/simulacro-nacional.jpg HTTP/1.1" 304 -
190.27.198.210 - - [01/Oct/2015:08:39:13 -0500] "GET /galeria/nivo-slider/demo/images/simulacro-busqueda-rescate-urbano.jpg HTTP/1.1" 304 -
190.27.198.210 - - [01/Oct/2015:08:39:13 -0500] "GET /galeria/nivo-slider/demo/images/Plan-Quinquenal.jpg HTTP/1.1" 304 -
190.27.198.210 - - [01/Oct/2015:08:39:13 -0500] "GET /galeria/nivo-slider/demo/images/PREDAcamp.jpg HTTP/1.1" 304 -
190.27.198.210 - - [01/Oct/2015:08:39:13 -0500] "GET /galeria/nivo-slider/demo/images/Semana-PYBA.jpg HTTP/1.1" 304 -
190.27.198.210 - - [01/Oct/2015:08:39:13 -0500] "GET /galeria/nivo-slider/demo/images/La-SDA-se-suma-a-la-Gran-Movilizacion.jpg HTTP/1.1" 304 -
190.27.198.210 - - [01/Oct/2015:08:39:13 -0500] "GET /galeria/nivo-slider/demo/images/banner-llantas2.jpg HTTP/1.1" 304 -
190.27.198.210 - - [01/Oct/2015:08:39:13 -0500] "GET /galeria/nivo-slider/demo/images/Comparendo-ambiental-Banner.jpg HTTP/1.1" 304 -
190.27.198.210 - - [01/Oct/2015:08:39:13 -0500] "GET /galeria/nivo-slider/demo/images/bolsas-06.jpg HTTP/1.1" 304 -
190.27.198.210 - - [01/Oct/2015:08:39:13 -0500] "GET /galeria/nivo-slider/demo/images/Ruta-vertimientos-01.jpg HTTP/1.1" 304 -
190.27.198.210 - - [01/Oct/2015:08:39:13 -0500] "GET /galeria/nivo-slider/demo/images/9Signos.jpg HTTP/1.1" 304 -
190.27.198.210 - - [01/Oct/2015:08:39:13 -0500] "GET /galeria/nivo-slider/demo/images/Conoce-los-humedales.jpg HTTP/1.1" 304 -
190.27.198.210 - - [01/Oct/2015:08:39:13 -0500] "GET /galeria/nivo-slider/demo/images/ecolecta-Dic2014.png HTTP/1.1" 304 -
190.27.198.210 - - [01/Oct/2015:08:39:13 -0500] "GET /galeria/nivo-slider/demo/images/4Simple_Slider.png HTTP/1.1" 304 -
190.27.198.210 - - [01/Oct/2015:08:39:13 -0500] "GET /galeria/nivo-slider/themes/default/loading.gif HTTP/1.1" 304 -
190.27.198.210 - - [01/Oct/2015:08:39:13 -0500] "GET /galeria/nivo-slider/demo/scripts/jquery-1.7.1.min.js HTTP/1.1" 200 93868
190.27.198.210 - - [01/Oct/2015:08:39:13 -0500] "GET /galeria/nivo-slider/jquery.nivo.slider.pack.js HTTP/1.1" 200 11561
190.27.198.210 - - [01/Oct/2015:08:39:14 -0500] "GET /galeria/nivo-slider/themes/default/arrows.png HTTP/1.1" 200 824
190.27.198.210 - - [01/Oct/2015:08:39:14 -0500] "GET /galeria/nivo-slider/themes/default/bullets.png HTTP/1.1" 200 1281
157.55.39.81 - - [01/Oct/2015:08:39:19 -0500] "GET /BLA/resoluciones/AUTOS%202013/1342.pdf HTTP/1.1" 200 447209
66.249.64.71 - - [01/Oct/2015:08:39:22 -0500] "GET /BLA/resoluciones/RESOLUCIONES%202011/3901.pdf HTTP/1.1" 200 535718
207.46.13.176 - - [01/Oct/2015:08:39:24 -0500] "GET /BLA/resoluciones/AUTOS%202013/0123.pdf HTTP/1.1" 200 3273681
207.46.13.176 - - [01/Oct/2015:08:39:25 -0500] "GET /BLA/resoluciones/Autos%202008/0226.pdf HTTP/1.1" 200 103929
207.46.13.176 - - [01/Oct/2015:08:39:25 -0500] "GET /BLA/resoluciones/AUTOS%202014/0043.pdf HTTP/1.1" 200 1204227
207.46.13.176 - - [01/Oct/2015:08:39:26 -0500] "GET /BLA/resoluciones/AUTOS%202011/5069.pdf HTTP/1.1" 200 547561
207.46.13.176 - - [01/Oct/2015:08:39:26 -0500] "GET /BLA/resoluciones/AUTOS%202007/1490.pdf HTTP/1.1" 200 40087
201.245.192.253 - - [01/Oct/2015:08:39:27 -0500] "GET /galeria/nivo-slider/demo/demo.html HTTP/1.1" 200 3905
201.245.192.253 - - [01/Oct/2015:08:39:29 -0500] "GET /galeria/nivo-slider/demo/images/simulacro-nacional.jpg HTTP/1.1" 200 241925
201.245.192.253 - - [01/Oct/2015:08:39:29 -0500] "GET /galeria/nivo-slider/demo/images/simulacro-busqueda-rescate-urbano.jpg HTTP/1.1" 200 251375
207.46.13.1 - - [01/Oct/2015:08:39:29 -0500] "GET /BLA/resoluciones/AUTOS%202007/1922.pdf HTTP/1.1" 200 105348
201.245.192.253 - - [01/Oct/2015:08:39:29 -0500] "GET /galeria/galeria/jquery.fancybox.js?v=2.1.5 HTTP/1.1" 304 -
201.245.192.253 - - [01/Oct/2015:08:39:29 -0500] "GET /galeria/galeria/jquery.fancybox.css?v=2.1.5 HTTP/1.1" 304 -
207.46.13.1 - - [01/Oct/2015:08:39:29 -0500] "GET /BLA/resoluciones/AUTOS%202011/2988.pdf HTTP/1.1" 200 214507
66.249.64.71 - - [01/Oct/2015:08:39:31 -0500] "GET /BLA/resoluciones/RESOLUCIONES%202008/5154.pdf HTTP/1.1" 200 212604
201.245.192.253 - - [01/Oct/2015:08:39:32 -0500] "GET /galeria/galeria/jquery.fancybox.js?v=2.1.5 HTTP/1.1" 304 -
201.245.192.253 - - [01/Oct/2015:08:39:32 -0500] "GET /galeria/galeria/jquery.fancybox.css?v=2.1.5 HTTP/1.1" 304 -
66.249.64.71 - - [01/Oct/2015:08:39:33 -0500] "GET /BLA/resoluciones/RESOLUCIONES%202009/4116.pdf HTTP/1.1" 200 673048
157.55.39.81 - - [01/Oct/2015:08:39:41 -0500] "GET /BLA/resoluciones/Autos%202008/0100.pdf HTTP/1.1" 200 294315
157.55.39.81 - - [01/Oct/2015:08:39:41 -0500] "GET /BLA/resoluciones/AUTOS%202008/0631.pdf HTTP/1.1" 200 95429
157.55.39.81 - - [01/Oct/2015:08:39:42 -0500] "GET /BLA/resoluciones/AUTOS%202011/4863.pdf HTTP/1.1" 200 210514
66.249.64.71 - - [01/Oct/2015:08:39:43 -0500] "GET /BLA/resoluciones/RESOLUCIONES%202011/3405.pdf HTTP/1.1" 200 600892
201.245.192.253 - - [01/Oct/2015:08:39:50 -0500] "GET /isolucionsda/Administracion/SalaEdicion/BuscarVarios.asp?Form=Admon&Campo1=textoObjeto75_8&Campo2=Objeto75_8&ListaSucursales=1&items=&tabla=Area&primeravez=true HTTP/1.1" 200 26604
201.245.192.253 - - [01/Oct/2015:08:39:52 -0500] "POST /isolucionsda/Administracion/SalaEdicion/BuscarVarios.asp HTTP/1.1" 200 11911
207.46.13.1 - - [01/Oct/2015:08:39:52 -0500] "GET /BLA/resoluciones/AUTOS%202010/4496.pdf HTTP/1.1" 200 328935
207.46.13.176 - - [01/Oct/2015:08:39:57 -0500] "GET /BLA/resoluciones/AUTOS%202009/0918.pdf HTTP/1.1" 200 122011
208.30.41.59 - - [01/Oct/2015:08:40:02 -0500] "GET /crossdomain.xml HTTP/1.1" 404 1184
208.30.41.59 - - [01/Oct/2015:08:40:02 -0500] "GET /arcgis/services/Calidad_del_Agua_WQI/MapServer/WMSServer?HEIGHT=909&STYLES=&LAYERS=3%2C4%2C5%2C6%2C7&BBOX=%2D74%2E09224467102179%2C4%2E51430872648649%2C%2D74%2E09072181597806%2C4%2E5153901915136405&VERSION=1%2E1%2E1&TRANSPARENT=TRUE&SERVICE=WMS&SRS=EPSG%3A4686&REQUEST=GetMap&FORMAT=image%2Fpng&WIDTH=1280 HTTP/1.1" 200 6701
186.1.182.242 - - [01/Oct/2015:08:40:03 -0500] "GET /BLA/resoluciones/RESOLUCIONES%202012/0631.pdf HTTP/1.1" 200 838442
66.249.64.71 - - [01/Oct/2015:08:40:05 -0500] "GET /BLA/resoluciones/RESOLUCIONES%202011/4585.pdf HTTP/1.1" 200 436843
190.26.103.243 - - [01/Oct/2015:08:40:06 -0500] "GET /galeria/nivo-slider/demo/demo.html HTTP/1.1" 304 -
66.249.64.66 - - [01/Oct/2015:08:40:08 -0500] "GET /BLA/resoluciones/AUTOS%202008/1212.pdf HTTP/1.1" 200 87267
200.4.25.111 - - [01/Oct/2015:08:40:09 -0500] "GET /galeria/galeria/jquery.fancybox.css?v=2.1.5 HTTP/1.1" 200 4895
190.26.103.243 - - [01/Oct/2015:08:40:12 -0500] "GET /galeria/nivo-slider/demo/demo.html HTTP/1.1" 304 -
200.4.25.111 - - [01/Oct/2015:08:40:13 -0500] "GET /galeria/galeria/jquery.fancybox.css?v=2.1.5 HTTP/1.1" 304 -
200.4.29.2 - - [01/Oct/2015:08:40:13 -0500] "GET /galeria/galeria/jquery.fancybox.js?v=2.1.5 HTTP/1.1" 304 -
200.4.25.111 - - [01/Oct/2015:08:40:13 -0500] "GET /BLA/boletinlegal/js/jquery.scrollShow.js HTTP/1.1" 304 -
200.4.25.111 - - [01/Oct/2015:08:40:14 -0500] "GET /BLA/boletinlegal/js/jquery.scrollShow.js HTTP/1.1" 304 -
137.183.232.27 - - [01/Oct/2015:08:40:15 -0500] "GET /galeria/galeria/jquery.fancybox.js?v=2.1.5 HTTP/1.1" 304 -
207.46.13.1 - - [01/Oct/2015:08:40:17 -0500] "GET /BLA/resoluciones/RESOLUCIONES%202008/0026.pdf HTTP/1.1" 200 843258
190.242.80.1 - - [01/Oct/2015:08:40:18 -0500] "GET /galeria/galeria/jquery.fancybox.js?v=2.1.5 HTTP/1.1" 200 48706
190.242.80.1 - - [01/Oct/2015:08:40:18 -0500] "GET /BLA/boletinlegal/js/jquery.scrollShow.js HTTP/1.1" 200 4586
190.242.80.1 - - [01/Oct/2015:08:40:18 -0500] "GET /galeria/galeria/jquery.fancybox.css?v=2.1.5 HTTP/1.1" 200 4895
201.245.161.196 - - [01/Oct/2015:08:40:20 -0500] "GET /Anexos%20estudio%20Organizacional%20SDA/ANEXO%20No.%203-%20CONTRATACI%C3%93N%20%20OPS%C2%B4s%202008-2012/CONTRATOS%20SDA%202009%20POR%20DEPENDENCIA%20(1).xls HTTP/1.1" 200 461824
207.46.13.176 - - [01/Oct/2015:08:40:22 -0500] "GET /BLA/resoluciones/AUTOS%202007/3621.pdf HTTP/1.1" 200 265351
181.49.73.243 - - [01/Oct/2015:08:40:23 -0500] "POST /forms/lservlet;jsessionid=ac16012b30d676533dc669d74c368264f14524b53be3.e3iSbxaKaheRe38Ka34Oa3eLbxf0n6jAmljGr5XDqQLvpAe HTTP/1.1" 200 2
201.245.192.253 - - [01/Oct/2015:08:40:24 -0500] "GET /isolucionsda/Administracion/SalaEdicion/BuscarVarios.asp?Form=Admon&Campo1=textoObjeto75_9&Campo2=Objeto75_9&ListaSucursales=1&items=&tabla=Cargo&primeravez=true HTTP/1.1" 200 47693
207.46.13.176 - - [01/Oct/2015:08:40:24 -0500] "GET /BLA/resoluciones/AUTOS%202014/5753.pdf HTTP/1.1" 200 426053
66.249.64.253 - - [01/Oct/2015:08:40:25 -0500] "GET /BLA/boletinlegal/Circulares/2012/Circular%20No.%201%20del%2017%20de%20Enero%20de%202012.pdf HTTP/1.1" 200 1118749
201.245.192.253 - - [01/Oct/2015:08:40:27 -0500] "POST /isolucionsda/Administracion/SalaEdicion/BuscarVarios.asp HTTP/1.1" 200 13371
66.249.64.66 - - [01/Oct/2015:08:40:27 -0500] "GET /BLA/resoluciones/RESOLUCIONES%202011/4502.pdf HTTP/1.1" 200 272096
157.55.39.81 - - [01/Oct/2015:08:40:27 -0500] "GET /BLA/resoluciones/AUTOS%202007/0484.pdf HTTP/1.1" 200 23989
186.98.74.214 - - [01/Oct/2015:08:40:29 -0500] "GET /galeria/galeria/jquery.fancybox.css?v=2.1.5 HTTP/1.1" 200 4895
186.98.74.214 - - [01/Oct/2015:08:40:29 -0500] "GET /galeria/galeria/jquery.fancybox.js?v=2.1.5 HTTP/1.1" 200 48706
186.98.74.214 - - [01/Oct/2015:08:40:29 -0500] "GET /galeria/carrusel/Carrusel/jquery.thumbnailScroller.css HTTP/1.1" 200 2066
186.98.74.214 - - [01/Oct/2015:08:40:29 -0500] "GET /galeria/carrusel/Carrusel/jquery-ui-1.8.13.custom.min.js HTTP/1.1" 200 10800
186.98.74.214 - - [01/Oct/2015:08:40:29 -0500] "GET /BLA/boletinlegal/js/jquery.scrollShow.js HTTP/1.1" 200 4586
186.98.74.214 - - [01/Oct/2015:08:40:30 -0500] "GET /galeria/carrusel/Carrusel/jquery.thumbnailScroller.js HTTP/1.1" 200 8157
66.249.64.71 - - [01/Oct/2015:08:40:30 -0500] "GET /BLA/resoluciones/RESOLUCIONES%202011/2412.pdf HTTP/1.1" 200 117912
207.46.13.176 - - [01/Oct/2015:08:40:33 -0500] "GET /BLA/resoluciones/AUTOS%202011/2786.pdf HTTP/1.1" 200 241641
66.249.64.243 - - [01/Oct/2015:08:40:34 -0500] "GET /apple-app-site-association HTTP/1.1" 404 1019
186.98.74.214 - - [01/Oct/2015:08:40:34 -0500] "GET /galeria/nivo-slider/demo/demo.html HTTP/1.1" 200 3905
186.98.74.214 - - [01/Oct/2015:08:40:34 -0500] "GET /galeria/nivo-slider/themes/default/default.css HTTP/1.1" 200 1569
186.98.74.214 - - [01/Oct/2015:08:40:34 -0500] "GET /galeria/nivo-slider/demo/style.css HTTP/1.1" 200 2222
186.98.74.214 - - [01/Oct/2015:08:40:34 -0500] "GET /galeria/nivo-slider/nivo-slider.css HTTP/1.1" 200 1507
186.98.74.214 - - [01/Oct/2015:08:40:34 -0500] "GET /galeria/nivo-slider/themes/pascal/pascal.css HTTP/1.1" 200 2258
186.98.74.214 - - [01/Oct/2015:08:40:34 -0500] "GET /galeria/nivo-slider/themes/orman/orman.css HTTP/1.1" 200 2152
186.98.74.214 - - [01/Oct/2015:08:40:34 -0500] "GET /galeria/nivo-slider/demo/scripts/jquery-1.7.1.min.js HTTP/1.1" 200 93868
186.98.74.214 - - [01/Oct/2015:08:40:34 -0500] "GET /galeria/nivo-slider/demo/images/simulacro-nacional.jpg HTTP/1.1" 200 241925
186.98.74.214 - - [01/Oct/2015:08:40:34 -0500] "GET /galeria/nivo-slider/demo/images/simulacro-busqueda-rescate-urbano.jpg HTTP/1.1" 200 251375
186.98.74.214 - - [01/Oct/2015:08:40:34 -0500] "GET /galeria/nivo-slider/demo/images/La-SDA-se-suma-a-la-Gran-Movilizacion.jpg HTTP/1.1" 200 92233
186.98.74.214 - - [01/Oct/2015:08:40:34 -0500] "GET /galeria/nivo-slider/jquery.nivo.slider.pack.js HTTP/1.1" 200 11561
186.98.74.214 - - [01/Oct/2015:08:40:34 -0500] "GET /galeria/nivo-slider/demo/images/Semana-PYBA.jpg HTTP/1.1" 200 103786
186.98.74.214 - - [01/Oct/2015:08:40:35 -0500] "GET /galeria/nivo-slider/demo/images/Plan-Quinquenal.jpg HTTP/1.1" 200 412438
190.26.96.250 - - [01/Oct/2015:08:40:35 -0500] "GET /galeria/nivo-slider/themes/default/default.css HTTP/1.1" 304 -
190.26.96.250 - - [01/Oct/2015:08:40:35 -0500] "GET /galeria/nivo-slider/demo/images/La-SDA-se-suma-a-la-Gran-Movilizacion.jpg HTTP/1.1" 304 -
186.98.74.214 - - [01/Oct/2015:08:40:35 -0500] "GET /galeria/nivo-slider/demo/images/PREDAcamp.jpg HTTP/1.1" 200 295358
190.242.80.1 - - [01/Oct/2015:08:40:39 -0500] "GET /galeria/galeria/jquery.fancybox.js?v=2.1.5 HTTP/1.1" 200 48706
190.242.80.1 - - [01/Oct/2015:08:40:39 -0500] "GET /BLA/boletinlegal/js/jquery.scrollShow.js HTTP/1.1" 200 4586
190.242.80.1 - - [01/Oct/2015:08:40:39 -0500] "GET /galeria/galeria/jquery.fancybox.css?v=2.1.5 HTTP/1.1" 200 4895
201.245.192.253 - - [01/Oct/2015:08:40:43 -0500] "GET /videos/ArchivoSDA.flv HTTP/1.1" 200 31205279
201.245.192.253 - - [01/Oct/2015:08:40:46 -0500] "GET /isolucionsda/Administracion/SalaEdicion/BuscarVarios.asp?Form=Admon&Campo1=textoObjeto75_9&Campo2=Objeto75_9&ListaSucursales=1&items=47&tabla=Cargo&primeravez=true HTTP/1.1" 200 47727
66.249.64.76 - - [01/Oct/2015:08:40:47 -0500] "GET /BLA/resoluciones/RESOLUCIONES%202008/2429.pdf HTTP/1.1" 200 199111
201.245.192.253 - - [01/Oct/2015:08:40:48 -0500] "POST /isolucionsda/Administracion/SalaEdicion/BuscarVarios.asp HTTP/1.1" 200 12560
201.245.161.196 - - [01/Oct/2015:08:40:55 -0500] "GET /Anexos%20estudio%20Organizacional%20SDA/ANEXO%20No.%203-%20CONTRATACI%C3%93N%20%20OPS%C2%B4s%202008-2012/CONTRATOS%20SDA%202009%20POR%20DEPENDENCIA%20(1).xls HTTP/1.1" 206 1
201.245.161.196 - - [01/Oct/2015:08:40:55 -0500] "GET /Anexos%20estudio%20Organizacional%20SDA/ANEXO%20No.%203-%20CONTRATACI%C3%93N%20%20OPS%C2%B4s%202008-2012/CONTRATOS%20SDA%202009%20POR%20DEPENDENCIA%20(1).xls HTTP/1.1" 206 458633
201.245.192.253 - - [01/Oct/2015:08:41:00 -0500] "GET /isolucionsda/Administracion/SalaEdicion/BuscarVarios.asp?Form=Admon&Campo1=textoObjeto75_9&Campo2=Objeto75_9&ListaSucursales=1&items=47,73&tabla=Cargo&primeravez=true HTTP/1.1" 200 47762
200.40.229.150 - - [01/Oct/2015:08:41:02 -0500] "GET /wp-content/uploads/2015/08/banner2.png HTTP/1.1" 301 362
157.55.39.81 - - [01/Oct/2015:08:41:03 -0500] "GET /BLA/resoluciones/Autos%202008/0877.pdf HTTP/1.1" 200 75629
103.195.3.42 - - [01/Oct/2015:08:41:04 -0500] "POST /xmlrpc.php HTTP/1.1" 301 334
201.245.192.253 - - [01/Oct/2015:08:41:06 -0500] "GET /isolucionsda/Session.asp HTTP/1.1" 200 6197
66.249.64.76 - - [01/Oct/2015:08:41:08 -0500] "GET /BLA/resoluciones/RESOLUCIONES%202011/2072.pdf HTTP/1.1" 200 511509
201.245.192.253 - - [01/Oct/2015:08:41:10 -0500] "POST /isolucionsda/Administracion/SalaEdicion/BuscarVarios.asp HTTP/1.1" 200 13779
201.245.192.253 - - [01/Oct/2015:08:41:10 -0500] "POST /isolucionsda/Administracion/SalaEdicion/BuscarVarios.asp HTTP/1.1" 200 13779
200.40.229.150 - - [01/Oct/2015:08:41:11 -0500] "GET /wp-content/uploads/2015/08/fotos3b.png HTTP/1.1" 301 362
200.40.229.150 - - [01/Oct/2015:08:41:11 -0500] "GET /wp-content/uploads/2015/07/UNO.png HTTP/1.1" 301 358
200.40.229.150 - - [01/Oct/2015:08:41:11 -0500] "GET /wp-content/uploads/2015/08/danos.png HTTP/1.1" 301 360
200.40.229.150 - - [01/Oct/2015:08:41:11 -0500] "GET /wp-content/uploads/2015/08/fotos2b.png HTTP/1.1" 301 362
200.40.229.150 - - [01/Oct/2015:08:41:11 -0500] "GET /wp-content/uploads/2015/07/DOS.png HTTP/1.1" 301 358
200.40.229.150 - - [01/Oct/2015:08:41:11 -0500] "GET /wp-content/uploads/2015/08/fotos1b.png HTTP/1.1" 301 362
200.40.229.150 - - [01/Oct/2015:08:41:12 -0500] "GET /wp-content/uploads/2015/07/CUARTO.png HTTP/1.1" 301 361
200.40.229.150 - - [01/Oct/2015:08:41:12 -0500] "GET /wp-content/uploads/2015/07/TERCER.png HTTP/1.1" 301 361
207.46.13.1 - - [01/Oct/2015:08:41:23 -0500] "GET /BLA/resoluciones/AUTOS%202009/1745.pdf HTTP/1.1" 200 189952
190.245.221.248 - - [01/Oct/2015:08:41:29 -0500] "GET /BLA/boletinlegal/js/jquery.scrollShow.js HTTP/1.1" 200 4586
190.245.221.248 - - [01/Oct/2015:08:41:29 -0500] "GET /galeria/galeria/jquery.fancybox.js?v=2.1.5 HTTP/1.1" 200 48706
190.245.221.248 - - [01/Oct/2015:08:41:29 -0500] "GET /galeria/galeria/jquery.fancybox.css?v=2.1.5 HTTP/1.1" 200 4895
66.249.64.76 - - [01/Oct/2015:08:41:30 -0500] "GET /BLA/resoluciones/RESOLUCIONES%202011/3837.pdf HTTP/1.1" 200 549297
157.55.39.225 - - [01/Oct/2015:08:41:30 -0500] "GET /BLA/resoluciones/AUTOS%202014/1681.pdf HTTP/1.1" 200 579168
157.55.39.225 - - [01/Oct/2015:08:41:30 -0500] "GET /BLA/resoluciones/AUTOS%202011/1353.pdf HTTP/1.1" 200 195719
157.55.39.225 - - [01/Oct/2015:08:41:31 -0500] "GET /BLA/resoluciones/AUTOS%202014/5785.pdf HTTP/1.1" 200 196991
157.55.39.225 - - [01/Oct/2015:08:41:31 -0500] "GET /BLA/resoluciones/AUTOS%202007/2344.pdf HTTP/1.1" 200 252265
157.55.39.225 - - [01/Oct/2015:08:41:32 -0500] "GET /BLA/resoluciones/Autos%202008/1558.pdf HTTP/1.1" 200 85597
190.245.221.248 - - [01/Oct/2015:08:41:40 -0500] "GET /BLA/boletinlegal/js/jquery.scrollShow.js HTTP/1.1" 304 -
190.245.221.248 - - [01/Oct/2015:08:41:40 -0500] "GET /galeria/galeria/jquery.fancybox.js?v=2.1.5 HTTP/1.1" 304 -
190.245.221.248 - - [01/Oct/2015:08:41:40 -0500] "GET /galeria/galeria/jquery.fancybox.css?v=2.1.5 HTTP/1.1" 304 -
157.55.39.81 - - [01/Oct/2015:08:41:42 -0500] "GET /BLA/resoluciones/AUTOS%202015/0286.pdf HTTP/1.1" 200 450784
157.55.39.81 - - [01/Oct/2015:08:41:43 -0500] "GET /BLA/resoluciones/AUTOS%202009/2406.pdf HTTP/1.1" 200 103246
157.55.39.81 - - [01/Oct/2015:08:41:43 -0500] "GET /BLA/resoluciones/AUTOS%202013/2524.pdf HTTP/1.1" 200 1816183
157.55.39.81 - - [01/Oct/2015:08:41:45 -0500] "GET /BLA/resoluciones/AUTOS%202014/4862.pdf HTTP/1.1" 200 507174
207.46.13.1 - - [01/Oct/2015:08:41:47 -0500] "GET /BLA/resoluciones/AUTOS%202010/1666.pdf HTTP/1.1" 200 3628178
207.46.13.1 - - [01/Oct/2015:08:41:47 -0500] "GET /BLA/resoluciones/AUTOS%202009/1079.pdf HTTP/1.1" 200 95758
207.46.13.1 - - [01/Oct/2015:08:41:49 -0500] "GET /BLA/resoluciones/AUTOS%202014/5675.pdf HTTP/1.1" 200 236918
208.30.41.59 - - [01/Oct/2015:08:41:50 -0500] "GET /crossdomain.xml HTTP/1.1" 404 1184
208.30.41.59 - - [01/Oct/2015:08:41:51 -0500] "GET /arcgis/services/Calidad_del_Agua_WQI/MapServer/WMSServer?HEIGHT=909&STYLES=&LAYERS=3%2C4%2C5%2C6%2C7&BBOX=%2D74%2E09224110183028%2C4%2E514317649465262%2C%2D74%2E09071824678655%2C4%2E515399114492412&VERSION=1%2E1%2E1&TRANSPARENT=TRUE&SERVICE=WMS&SRS=EPSG%3A4686&REQUEST=GetMap&FORMAT=image%2Fpng&WIDTH=1280 HTTP/1.1" 200 6701
66.249.64.66 - - [01/Oct/2015:08:41:51 -0500] "GET /BLA/resoluciones/RESOLUCIONES%202008/3104.pdf HTTP/1.1" 200 455048
207.46.13.176 - - [01/Oct/2015:08:41:54 -0500] "GET /BLA/resoluciones/AUTOS%202011/6618.pdf HTTP/1.1" 200 229576
181.60.148.2 - - [01/Oct/2015:08:42:02 -0500] "GET /BLA/boletinlegal/js/jquery.scrollShow.js HTTP/1.1" 200 4586
181.60.148.2 - - [01/Oct/2015:08:42:02 -0500] "GET /galeria/galeria/jquery.fancybox.js?v=2.1.5 HTTP/1.1" 200 48706
181.60.148.2 - - [01/Oct/2015:08:42:02 -0500] "GET /galeria/galeria/jquery.fancybox.css?v=2.1.5 HTTP/1.1" 200 4895
181.60.148.2 - - [01/Oct/2015:08:42:02 -0500] "GET /galeria/carrusel/Carrusel/jquery.thumbnailScroller.css HTTP/1.1" 200 2066
181.60.148.2 - - [01/Oct/2015:08:42:02 -0500] "GET /galeria/carrusel/Carrusel/jquery-ui-1.8.13.custom.min.js HTTP/1.1" 200 10800
181.60.148.2 - - [01/Oct/2015:08:42:02 -0500] "GET /galeria/carrusel/Carrusel/jquery.thumbnailScroller.js HTTP/1.1" 200 8157
181.60.148.2 - - [01/Oct/2015:08:42:03 -0500] "GET /galeria/nivo-slider/demo/demo.html HTTP/1.1" 200 3905
181.60.148.2 - - [01/Oct/2015:08:42:03 -0500] "GET /galeria/nivo-slider/themes/default/default.css HTTP/1.1" 200 1569
181.60.148.2 - - [01/Oct/2015:08:42:03 -0500] "GET /galeria/nivo-slider/themes/pascal/pascal.css HTTP/1.1" 200 2258
181.60.148.2 - - [01/Oct/2015:08:42:03 -0500] "GET /galeria/nivo-slider/themes/orman/orman.css HTTP/1.1" 200 2152
181.60.148.2 - - [01/Oct/2015:08:42:03 -0500] "GET /galeria/nivo-slider/nivo-slider.css HTTP/1.1" 200 1507
181.60.148.2 - - [01/Oct/2015:08:42:03 -0500] "GET /galeria/nivo-slider/demo/style.css HTTP/1.1" 200 2222
181.60.148.2 - - [01/Oct/2015:08:42:03 -0500] "GET /galeria/nivo-slider/demo/scripts/jquery-1.7.1.min.js HTTP/1.1" 200 93868
181.60.148.2 - - [01/Oct/2015:08:42:03 -0500] "GET /galeria/nivo-slider/jquery.nivo.slider.pack.js HTTP/1.1" 200 11561
181.60.148.2 - - [01/Oct/2015:08:42:03 -0500] "GET /galeria/nivo-slider/demo/images/4Simple_Slider.png HTTP/1.1" 200 11722
181.60.148.2 - - [01/Oct/2015:08:42:03 -0500] "GET /galeria/nivo-slider/themes/default/loading.gif HTTP/1.1" 200 1737
181.60.148.2 - - [01/Oct/2015:08:42:04 -0500] "GET /galeria/nivo-slider/demo/images/La-SDA-se-suma-a-la-Gran-Movilizacion.jpg HTTP/1.1" 200 92233
181.60.148.2 - - [01/Oct/2015:08:42:04 -0500] "GET /galeria/nivo-slider/demo/images/simulacro-nacional.jpg HTTP/1.1" 200 241925
181.60.148.2 - - [01/Oct/2015:08:42:04 -0500] "GET /galeria/nivo-slider/demo/images/simulacro-busqueda-rescate-urbano.jpg HTTP/1.1" 200 251375
181.60.148.2 - - [01/Oct/2015:08:42:04 -0500] "GET /galeria/nivo-slider/demo/images/Semana-PYBA.jpg HTTP/1.1" 200 103786
181.60.148.2 - - [01/Oct/2015:08:42:04 -0500] "GET /galeria/nivo-slider/demo/images/Plan-Quinquenal.jpg HTTP/1.1" 200 412438
181.60.148.2 - - [01/Oct/2015:08:42:05 -0500] "GET /galeria/nivo-slider/demo/images/PREDAcamp.jpg HTTP/1.1" 200 295358
181.60.148.2 - - [01/Oct/2015:08:42:05 -0500] "GET /galeria/nivo-slider/demo/images/banner-llantas2.jpg HTTP/1.1" 200 204644
181.60.148.2 - - [01/Oct/2015:08:42:05 -0500] "GET /galeria/nivo-slider/demo/images/9Signos.jpg HTTP/1.1" 200 81776
181.62.209.125 - - [01/Oct/2015:08:42:06 -0500] "GET /galeria/galeria/jquery.fancybox.css?v=2.1.5 HTTP/1.1" 200 4895
181.62.209.125 - - [01/Oct/2015:08:42:06 -0500] "GET /galeria/galeria/jquery.fancybox.js?v=2.1.5 HTTP/1.1" 200 48706
181.62.209.125 - - [01/Oct/2015:08:42:06 -0500] "GET /BLA/boletinlegal/js/jquery.scrollShow.js HTTP/1.1" 200 4586
181.60.148.2 - - [01/Oct/2015:08:42:06 -0500] "GET /galeria/nivo-slider/demo/images/Comparendo-ambiental-Banner.jpg HTTP/1.1" 200 83731
181.60.148.2 - - [01/Oct/2015:08:42:06 -0500] "GET /galeria/nivo-slider/demo/images/Ruta-vertimientos-01.jpg HTTP/1.1" 200 130151
181.60.148.2 - - [01/Oct/2015:08:42:07 -0500] "GET /galeria/nivo-slider/demo/images/bolsas-06.jpg HTTP/1.1" 200 90982
181.60.148.2 - - [01/Oct/2015:08:42:07 -0500] "GET /galeria/nivo-slider/demo/images/Conoce-los-humedales.jpg HTTP/1.1" 200 294036
181.60.148.2 - - [01/Oct/2015:08:42:07 -0500] "GET /galeria/nivo-slider/demo/images/ecolecta-Dic2014.png HTTP/1.1" 200 288593
181.60.148.2 - - [01/Oct/2015:08:42:09 -0500] "GET /galeria/nivo-slider/themes/default/bullets.png HTTP/1.1" 200 1281
181.60.148.2 - - [01/Oct/2015:08:42:09 -0500] "GET /galeria/nivo-slider/themes/default/arrows.png HTTP/1.1" 200 824
208.30.41.59 - - [01/Oct/2015:08:42:10 -0500] "GET /crossdomain.xml HTTP/1.1" 404 1184
208.30.41.59 - - [01/Oct/2015:08:42:10 -0500] "GET /arcgis/services/Calidad_del_Agua_WQI/MapServer/WMSServer?HEIGHT=909&STYLES=&LAYERS=3%2C4%2C5%2C6%2C7&BBOX=%2D74%2E09205100849688%2C4%2E514385009320216%2C%2D74%2E09052815345315%2C4%2E515466474347366&VERSION=1%2E1%2E1&TRANSPARENT=TRUE&SERVICE=WMS&SRS=EPSG%3A4686&REQUEST=GetMap&FORMAT=image%2Fpng&WIDTH=1280 HTTP/1.1" 200 6701
66.249.64.76 - - [01/Oct/2015:08:42:12 -0500] "GET /BLA/resoluciones/RESOLUCIONES%202009/2810.pdf HTTP/1.1" 200 534476
157.55.39.225 - - [01/Oct/2015:08:42:15 -0500] "GET /BLA/resoluciones/AUTOS%202013/3688.pdf HTTP/1.1" 200 508005
157.55.39.225 - - [01/Oct/2015:08:42:15 -0500] "GET /BLA/resoluciones/AUTOS%202014/4709.pdf HTTP/1.1" 200 564742
157.55.39.225 - - [01/Oct/2015:08:42:16 -0500] "GET /BLA/resoluciones/AUTOS%202013/2064.pdf HTTP/1.1" 200 775840
181.49.73.243 - - [01/Oct/2015:08:42:23 -0500] "POST /forms/lservlet;jsessionid=ac16012b30d676533dc669d74c368264f14524b53be3.e3iSbxaKaheRe38Ka34Oa3eLbxf0n6jAmljGr5XDqQLvpAe HTTP/1.1" 200 2
181.60.148.2 - - [01/Oct/2015:08:42:23 -0500] "GET /BLA/boletinlegal/js/jquery.scrollShow.js HTTP/1.1" 304 -
181.60.148.2 - - [01/Oct/2015:08:42:23 -0500] "GET /galeria/galeria/jquery.fancybox.css?v=2.1.5 HTTP/1.1" 304 -
181.60.148.2 - - [01/Oct/2015:08:42:24 -0500] "GET /galeria/galeria/jquery.fancybox.js?v=2.1.5 HTTP/1.1" 304 -
190.255.251.115 - - [01/Oct/2015:08:42:24 -0500] "GET /BLA/boletinlegal/js/jquery.scrollShow.js HTTP/1.1" 200 4586
190.255.251.115 - - [01/Oct/2015:08:42:24 -0500] "GET /galeria/galeria/jquery.fancybox.css?v=2.1.5 HTTP/1.1" 200 4895
190.255.251.115 - - [01/Oct/2015:08:42:24 -0500] "GET /galeria/galeria/jquery.fancybox.js?v=2.1.5 HTTP/1.1" 200 48706
207.46.13.176 - - [01/Oct/2015:08:42:25 -0500] "GET /BLA/resoluciones/AUTOS%202013/2839.pdf HTTP/1.1" 200 418157
207.46.13.176 - - [01/Oct/2015:08:42:26 -0500] "GET /BLA/resoluciones/AUTOS%202013/2332.pdf HTTP/1.1" 200 245911
207.46.13.176 - - [01/Oct/2015:08:42:27 -0500] "GET /BLA/resoluciones/AUTOS%202007/2259.pdf HTTP/1.1" 200 72046
186.154.251.186 - - [01/Oct/2015:08:42:28 -0500] "GET /BLA/boletinlegal/js/jquery.scrollShow.js HTTP/1.1" 200 4586
186.154.251.186 - - [01/Oct/2015:08:42:28 -0500] "GET /galeria/carrusel/Carrusel/jquery.thumbnailScroller.css HTTP/1.1" 200 2066
186.154.251.186 - - [01/Oct/2015:08:42:28 -0500] "GET /galeria/galeria/jquery.fancybox.css?v=2.1.5 HTTP/1.1" 200 4895
186.154.251.186 - - [01/Oct/2015:08:42:28 -0500] "GET /galeria/carrusel/Carrusel/jquery.thumbnailScroller.js HTTP/1.1" 200 8157
186.154.251.186 - - [01/Oct/2015:08:42:28 -0500] "GET /galeria/carrusel/Carrusel/jquery-ui-1.8.13.custom.min.js HTTP/1.1" 200 10800
186.154.251.186 - - [01/Oct/2015:08:42:28 -0500] "GET /galeria/galeria/jquery.fancybox.js?v=2.1.5 HTTP/1.1" 200 48706
157.55.39.81 - - [01/Oct/2015:08:42:29 -0500] "GET /BLA/resoluciones/AUTOS%202008/2513.pdf HTTP/1.1" 200 74458
157.55.39.81 - - [01/Oct/2015:08:42:29 -0500] "GET /BLA/resoluciones/AUTOS%202008/1562.pdf HTTP/1.1" 200 91233
190.255.251.115 - - [01/Oct/2015:08:42:32 -0500] "GET /BLA/boletinlegal/js/jquery.scrollShow.js HTTP/1.1" 304 -
190.255.251.115 - - [01/Oct/2015:08:42:32 -0500] "GET /galeria/galeria/jquery.fancybox.css?v=2.1.5 HTTP/1.1" 304 -
190.255.251.115 - - [01/Oct/2015:08:42:32 -0500] "GET /galeria/galeria/jquery.fancybox.js?v=2.1.5 HTTP/1.1" 304 -
66.249.64.76 - - [01/Oct/2015:08:42:34 -0500] "GET /BLA/resoluciones/RESOLUCIONES%202008/5419.pdf HTTP/1.1" 200 205432
181.62.209.125 - - [01/Oct/2015:08:42:34 -0500] "GET /galeria/galeria/jquery.fancybox.js?v=2.1.5 HTTP/1.1" 304 -
181.62.209.125 - - [01/Oct/2015:08:42:34 -0500] "GET /BLA/boletinlegal/js/jquery.scrollShow.js HTTP/1.1" 304 -
181.62.209.125 - - [01/Oct/2015:08:42:34 -0500] "GET /galeria/galeria/jquery.fancybox.css?v=2.1.5 HTTP/1.1" 304 -
152.200.179.44 - - [01/Oct/2015:08:42:38 -0500] "GET /galeria/galeria/jquery.fancybox.js?v=2.1.5 HTTP/1.1" 304 -
152.200.179.44 - - [01/Oct/2015:08:42:39 -0500] "GET /galeria/galeria/jquery.fancybox.css?v=2.1.5 HTTP/1.1" 304 -
157.55.39.81 - - [01/Oct/2015:08:42:44 -0500] "GET /BLA/resoluciones/AUTOS%202008/2943.pdf HTTP/1.1" 200 55677
186.154.251.186 - - [01/Oct/2015:08:42:52 -0500] "GET /galeria/nivo-slider/demo/demo.html HTTP/1.1" 200 3905
207.46.13.176 - - [01/Oct/2015:08:42:53 -0500] "GET /BLA/resoluciones/AUTOS%202009/1622.pdf HTTP/1.1" 200 140546
186.154.251.186 - - [01/Oct/2015:08:42:53 -0500] "GET /galeria/nivo-slider/themes/default/default.css HTTP/1.1" 200 1569
186.154.251.186 - - [01/Oct/2015:08:42:53 -0500] "GET /galeria/nivo-slider/themes/pascal/pascal.css HTTP/1.1" 200 2258
186.154.251.186 - - [01/Oct/2015:08:42:53 -0500] "GET /galeria/nivo-slider/nivo-slider.css HTTP/1.1" 200 1507
186.154.251.186 - - [01/Oct/2015:08:42:53 -0500] "GET /galeria/nivo-slider/demo/scripts/jquery-1.7.1.min.js HTTP/1.1" 200 93868
186.154.251.186 - - [01/Oct/2015:08:42:53 -0500] "GET /galeria/nivo-slider/jquery.nivo.slider.pack.js HTTP/1.1" 200 11561
186.154.251.186 - - [01/Oct/2015:08:42:53 -0500] "GET /galeria/nivo-slider/demo/style.css HTTP/1.1" 200 2222
186.154.251.186 - - [01/Oct/2015:08:42:53 -0500] "GET /galeria/nivo-slider/demo/images/La-SDA-se-suma-a-la-Gran-Movilizacion.jpg HTTP/1.1" 200 92233
