201.245.192.253 - - [01/Oct/2015:07:33:16 -0500] "GET /isolucionsda/NotaMejora.asp?CodSucursal=&ID_NotaMejora=383&Accion=ModificarForma HTTP/1.1" 200 80714
207.46.13.176 - - [01/Oct/2015:07:33:18 -0500] "GET /BLA/resoluciones/AUTOS%202008/2710.pdf HTTP/1.1" 200 99384
66.249.64.96 - - [01/Oct/2015:07:33:26 -0500] "GET /BLA/resoluciones/AUTOS%202010/6437.pdf HTTP/1.1" 200 62219
207.46.13.1 - - [01/Oct/2015:07:33:33 -0500] "GET /BLA/resoluciones/AUTOS%202011/4239.pdf HTTP/1.1" 200 209925
207.46.13.1 - - [01/Oct/2015:07:33:34 -0500] "GET /BLA/resoluciones/AUTOS%202008/2052.pdf HTTP/1.1" 200 216831
207.46.13.1 - - [01/Oct/2015:07:33:35 -0500] "GET /BLA/resoluciones/AUTOS%202013/3081.pdf HTTP/1.1" 200 2145514
207.46.13.1 - - [01/Oct/2015:07:33:37 -0500] "GET /BLA/resoluciones/AUTOS%202007/2310.pdf HTTP/1.1" 200 41009
207.46.13.1 - - [01/Oct/2015:07:33:37 -0500] "GET /BLA/resoluciones/Autos%202008/2321.pdf HTTP/1.1" 200 89607
207.46.13.1 - - [01/Oct/2015:07:33:38 -0500] "GET /BLA/boletinlegal/conceptos.php HTTP/1.1" 200 6122
207.46.13.1 - - [01/Oct/2015:07:33:38 -0500] "GET /BLA/resoluciones/AUTOS%202011/6327.pdf HTTP/1.1" 200 222488
207.46.13.1 - - [01/Oct/2015:07:33:39 -0500] "GET /BLA/resoluciones/AUTOS%202014/1017.pdf HTTP/1.1" 200 452662
207.46.13.1 - - [01/Oct/2015:07:33:39 -0500] "GET /BLA/resoluciones/RESOLUCIONES%202007/RES%202007%202301%20AL%202400/RESOLUCION%202387%20DE%202007.pdf HTTP/1.1" 200 1154246
157.55.39.81 - - [01/Oct/2015:07:33:41 -0500] "GET /BLA/resoluciones/AUTOS%202015/0805.pdf HTTP/1.1" 200 546047
66.249.64.96 - - [01/Oct/2015:07:33:48 -0500] "GET /BLA/resoluciones/RESOLUCIONES%202009/7466.pdf HTTP/1.1" 200 712510
68.180.228.54 - - [01/Oct/2015:07:33:49 -0500] "GET /dama/libreria/php/decide.php?patron=03.1305020113&numm=7 HTTP/1.1" 404 1019
201.245.192.253 - - [01/Oct/2015:07:33:51 -0500] "GET /galeria/galeria/jquery.fancybox.js?v=2.1.5 HTTP/1.1" 304 -
201.245.192.253 - - [01/Oct/2015:07:33:51 -0500] "GET /galeria/galeria/jquery.fancybox.css?v=2.1.5 HTTP/1.1" 304 -
201.245.192.253 - - [01/Oct/2015:07:33:52 -0500] "GET /galeria/nivo-slider/demo/demo.html HTTP/1.1" 200 3905
201.245.192.253 - - [01/Oct/2015:07:33:52 -0500] "GET /galeria/nivo-slider/demo/images/La-SDA-se-suma-a-la-Gran-Movilizacion.jpg HTTP/1.1" 200 92233
201.245.192.253 - - [01/Oct/2015:07:33:52 -0500] "GET /galeria/nivo-slider/demo/images/simulacro-nacional.jpg HTTP/1.1" 200 241925
201.245.192.253 - - [01/Oct/2015:07:33:52 -0500] "GET /galeria/nivo-slider/demo/images/Semana-PYBA.jpg HTTP/1.1" 200 103786
201.245.192.253 - - [01/Oct/2015:07:33:52 -0500] "GET /galeria/nivo-slider/demo/images/simulacro-busqueda-rescate-urbano.jpg HTTP/1.1" 200 251375
201.245.192.253 - - [01/Oct/2015:07:33:52 -0500] "GET /galeria/nivo-slider/demo/images/Plan-Quinquenal.jpg HTTP/1.1" 200 412438
201.245.192.253 - - [01/Oct/2015:07:33:52 -0500] "GET /galeria/nivo-slider/demo/images/PREDAcamp.jpg HTTP/1.1" 200 295358
207.46.13.176 - - [01/Oct/2015:07:33:52 -0500] "GET /BLA/resoluciones/AUTOS%202008/2731.pdf HTTP/1.1" 200 99928
201.245.192.253 - - [01/Oct/2015:07:33:52 -0500] "GET /galeria/nivo-slider/demo/images/banner-llantas2.jpg HTTP/1.1" 200 204644
207.46.13.176 - - [01/Oct/2015:07:33:53 -0500] "GET /BLA/resoluciones/AUTOS%202010/3010.pdf HTTP/1.1" 200 1437028
201.245.192.253 - - [01/Oct/2015:07:33:53 -0500] "GET /galeria/nivo-slider/themes/default/loading.gif HTTP/1.1" 200 1737
201.245.192.253 - - [01/Oct/2015:07:33:53 -0500] "GET /galeria/nivo-slider/demo/images/4Simple_Slider.png HTTP/1.1" 200 11722
201.245.192.253 - - [01/Oct/2015:07:33:53 -0500] "GET /galeria/nivo-slider/demo/images/9Signos.jpg HTTP/1.1" 200 81776
201.245.192.253 - - [01/Oct/2015:07:33:53 -0500] "GET /galeria/nivo-slider/demo/images/Comparendo-ambiental-Banner.jpg HTTP/1.1" 200 83731
201.245.192.253 - - [01/Oct/2015:07:33:53 -0500] "GET /galeria/nivo-slider/demo/images/Ruta-vertimientos-01.jpg HTTP/1.1" 200 130151
201.245.192.253 - - [01/Oct/2015:07:33:54 -0500] "GET /galeria/nivo-slider/demo/images/bolsas-06.jpg HTTP/1.1" 200 90982
201.245.192.253 - - [01/Oct/2015:07:33:54 -0500] "GET /galeria/nivo-slider/demo/images/Conoce-los-humedales.jpg HTTP/1.1" 200 294036
201.245.192.253 - - [01/Oct/2015:07:33:54 -0500] "GET /galeria/nivo-slider/demo/images/ecolecta-Dic2014.png HTTP/1.1" 200 288593
201.245.192.253 - - [01/Oct/2015:07:33:56 -0500] "GET /galeria/nivo-slider/themes/default/arrows.png HTTP/1.1" 200 824
201.245.192.253 - - [01/Oct/2015:07:33:56 -0500] "GET /galeria/nivo-slider/themes/default/bullets.png HTTP/1.1" 200 1281
207.46.13.176 - - [01/Oct/2015:07:33:56 -0500] "GET /BLA/resoluciones/AUTOS%202011/6786.pdf HTTP/1.1" 200 142850
157.55.39.81 - - [01/Oct/2015:07:33:57 -0500] "GET /BLA/resoluciones/AUTOS%202011/6816.pdf HTTP/1.1" 200 225352
157.55.39.81 - - [01/Oct/2015:07:33:58 -0500] "GET /BLA/resoluciones/AUTOS%202011/6838.pdf HTTP/1.1" 200 162475
74.86.158.107 - - [01/Oct/2015:07:34:00 -0500] "HEAD / HTTP/1.1" 200 -
157.55.39.225 - - [01/Oct/2015:07:34:11 -0500] "GET /BLA/resoluciones/AUTOS%202013/1607.pdf HTTP/1.1" 200 140193
66.249.64.101 - - [01/Oct/2015:07:34:14 -0500] "GET /BLA/resoluciones/RESOLUCIONES%202010/5546.pdf HTTP/1.1" 200 340663
157.55.39.81 - - [01/Oct/2015:07:34:16 -0500] "GET /BLA/resoluciones/AUTOS%202007/3305.pdf HTTP/1.1" 200 73971
157.55.39.225 - - [01/Oct/2015:07:34:21 -0500] "GET /BLA/resoluciones/AUTOS%202010/5524.pdf HTTP/1.1" 200 203254
201.245.192.253 - - [01/Oct/2015:07:34:21 -0500] "GET /isolucionsda/Logout.asp HTTP/1.1" 200 5926
201.245.192.253 - - [01/Oct/2015:07:34:21 -0500] "GET /isolucionsda/ControlDeInicio.asp HTTP/1.1" 200 739
66.249.64.101 - - [01/Oct/2015:07:34:22 -0500] "GET /BLA/resoluciones/RESOLUCIONES%202010/1304.pdf HTTP/1.1" 200 109468
66.249.64.101 - - [01/Oct/2015:07:34:22 -0500] "GET /BLA/resoluciones/RESOLUCIONES%202008/1779.pdf HTTP/1.1" 200 325637
201.245.192.253 - - [01/Oct/2015:07:34:22 -0500] "GET /isolucionsda/IdentificaUsuario.asp?Pagina1=FrameSetGeneral.asp& HTTP/1.1" 200 5090
207.46.13.176 - - [01/Oct/2015:07:34:29 -0500] "GET /BLA/resoluciones/AUTOS%202009/0899.pdf HTTP/1.1" 200 124007
66.249.64.101 - - [01/Oct/2015:07:34:30 -0500] "GET /BLA/resoluciones/RESOLUCIONES%202011/3584.pdf HTTP/1.1" 200 547300
157.55.39.81 - - [01/Oct/2015:07:34:33 -0500] "GET /BLA/resoluciones/AUTOS%202014/5749.pdf HTTP/1.1" 200 506472
201.245.192.253 - - [01/Oct/2015:07:34:42 -0500] "POST /isolucionsda/IdentificaUsuario.asp?Pagina1=FrameSetGeneral.asp& HTTP/1.1" 302 173
201.245.192.253 - - [01/Oct/2015:07:34:42 -0500] "GET /isolucionsda/FrameSetGeneral.asp?Pagina1=FrameSetGeneral.asp& HTTP/1.1" 200 6613
201.245.192.253 - - [01/Oct/2015:07:34:42 -0500] "POST /isolucionsda/IdentificaUsuario.asp?Pagina1=FrameSetGeneral.asp& HTTP/1.1" 302 173
201.245.192.253 - - [01/Oct/2015:07:34:42 -0500] "GET /isolucionsda/FrameSetGeneral.asp?Pagina1=FrameSetGeneral.asp& HTTP/1.1" 200 6613
201.245.192.253 - - [01/Oct/2015:07:34:43 -0500] "GET /isolucionsda/BarraTitulos.asp?Pagina1=FrameSetGeneral.asp&&Pagina=MagazinHome.asp HTTP/1.1" 200 6972
201.245.192.253 - - [01/Oct/2015:07:34:43 -0500] "GET /isolucionsda/BarraFavoritos.asp HTTP/1.1" 200 911
66.249.64.96 - - [01/Oct/2015:07:34:43 -0500] "GET /BLA/resoluciones/RESOLUCIONES%202007/RES%202007%204001%20AL%204100/RESOLUCION%204022%20DE%202007.pdf HTTP/1.1" 304 -
201.245.192.253 - - [01/Oct/2015:07:34:43 -0500] "GET /isolucionsda/MagazinHome.asp HTTP/1.1" 200 25941
201.245.192.253 - - [01/Oct/2015:07:34:43 -0500] "GET /isolucionsda/Encabezado.asp?Pagina1=FrameSetGeneral.asp&&Pagina=MagazinHome.asp HTTP/1.1" 200 15420
201.245.192.253 - - [01/Oct/2015:07:34:44 -0500] "GET /isolucionsda/Session.asp?Continue=1 HTTP/1.1" 200 6323
201.245.192.253 - - [01/Oct/2015:07:34:44 -0500] "GET /isolucionsda/TareasSFRedirect.asp HTTP/1.1" 302 195
201.245.192.253 - - [01/Oct/2015:07:34:44 -0500] "GET /isolucionsda/g/Bgr_Destacado3399CC.jpg HTTP/1.1" 404 1245
201.245.192.253 - - [01/Oct/2015:07:34:44 -0500] "GET /isolucionsda/Login.aspx?TARGET=SFContainerFiltrado.aspx&number=53576950507065544553 HTTP/1.1" 302 886
201.245.192.253 - - [01/Oct/2015:07:34:46 -0500] "GET /isolucionsda/SFContainerFiltrado.aspx?Number=53576950507065544553 HTTP/1.1" 200 14314
201.245.192.253 - - [01/Oct/2015:07:34:46 -0500] "GET /isolucionsda/DetalleTareas.aspx?Number=53576950507065544553 HTTP/1.1" 200 5355
201.245.192.253 - - [01/Oct/2015:07:34:46 -0500] "GET /isolucionsda/infowndcore.js HTTP/1.1" 404 1245
201.245.192.253 - - [01/Oct/2015:07:34:46 -0500] "GET /isolucionsda/infowndpublic.js HTTP/1.1" 404 1245
201.245.192.253 - - [01/Oct/2015:07:34:46 -0500] "GET /isolucionsda/auxlib.js HTTP/1.1" 404 1245
207.46.13.176 - - [01/Oct/2015:07:34:50 -0500] "GET /BLA/resoluciones/Autos%202008/0786.pdf HTTP/1.1" 200 80193
186.80.59.103 - - [01/Oct/2015:07:34:50 -0500] "GET /BLA/boletinlegal/js/jquery.scrollShow.js HTTP/1.1" 200 4586
207.46.13.176 - - [01/Oct/2015:07:34:50 -0500] "GET /BLA/resoluciones/AUTOS%202008/2641.pdf HTTP/1.1" 200 82110
186.80.59.103 - - [01/Oct/2015:07:34:51 -0500] "GET /galeria/galeria/jquery.fancybox.js?v=2.1.5 HTTP/1.1" 200 48706
186.80.59.103 - - [01/Oct/2015:07:34:51 -0500] "GET /galeria/galeria/jquery.fancybox.css?v=2.1.5 HTTP/1.1" 200 4895
186.80.59.103 - - [01/Oct/2015:07:34:51 -0500] "GET /galeria/carrusel/Carrusel/jquery.thumbnailScroller.css HTTP/1.1" 200 2066
186.80.59.103 - - [01/Oct/2015:07:34:51 -0500] "GET /galeria/carrusel/Carrusel/jquery-ui-1.8.13.custom.min.js HTTP/1.1" 200 10800
186.80.59.103 - - [01/Oct/2015:07:34:51 -0500] "GET /galeria/carrusel/Carrusel/jquery.thumbnailScroller.js HTTP/1.1" 200 8157
186.80.59.103 - - [01/Oct/2015:07:34:54 -0500] "GET /galeria/nivo-slider/demo/demo.html HTTP/1.1" 200 3905
157.55.39.226 - - [01/Oct/2015:07:34:55 -0500] "GET /BLA/resoluciones/AUTOS%202012/2315.pdf HTTP/1.1" 200 647716
157.55.39.226 - - [01/Oct/2015:07:34:55 -0500] "GET /BLA/resoluciones/AUTOS%202013/1865.pdf HTTP/1.1" 200 1051727
186.80.59.103 - - [01/Oct/2015:07:34:56 -0500] "GET /galeria/nivo-slider/themes/default/default.css HTTP/1.1" 200 1569
186.80.59.103 - - [01/Oct/2015:07:34:56 -0500] "GET /galeria/nivo-slider/themes/pascal/pascal.css HTTP/1.1" 200 2258
186.80.59.103 - - [01/Oct/2015:07:34:56 -0500] "GET /galeria/nivo-slider/themes/orman/orman.css HTTP/1.1" 200 2152
186.80.59.103 - - [01/Oct/2015:07:34:56 -0500] "GET /galeria/nivo-slider/nivo-slider.css HTTP/1.1" 200 1507
186.80.59.103 - - [01/Oct/2015:07:34:56 -0500] "GET /galeria/nivo-slider/demo/scripts/jquery-1.7.1.min.js HTTP/1.1" 200 93868
186.80.59.103 - - [01/Oct/2015:07:34:56 -0500] "GET /galeria/nivo-slider/demo/style.css HTTP/1.1" 200 2222
186.80.59.103 - - [01/Oct/2015:07:34:56 -0500] "GET /galeria/nivo-slider/jquery.nivo.slider.pack.js HTTP/1.1" 200 11561
186.80.59.103 - - [01/Oct/2015:07:34:56 -0500] "GET /galeria/nivo-slider/demo/images/La-SDA-se-suma-a-la-Gran-Movilizacion.jpg HTTP/1.1" 200 92233
186.80.59.103 - - [01/Oct/2015:07:34:56 -0500] "GET /galeria/nivo-slider/demo/images/Semana-PYBA.jpg HTTP/1.1" 200 103786
186.80.59.103 - - [01/Oct/2015:07:34:56 -0500] "GET /galeria/nivo-slider/demo/images/simulacro-nacional.jpg HTTP/1.1" 200 241925
186.80.59.103 - - [01/Oct/2015:07:34:56 -0500] "GET /galeria/nivo-slider/demo/images/simulacro-busqueda-rescate-urbano.jpg HTTP/1.1" 200 251375
186.80.59.103 - - [01/Oct/2015:07:34:56 -0500] "GET /galeria/nivo-slider/demo/images/Plan-Quinquenal.jpg HTTP/1.1" 200 412438
186.80.59.103 - - [01/Oct/2015:07:34:56 -0500] "GET /galeria/nivo-slider/demo/images/PREDAcamp.jpg HTTP/1.1" 200 295358
186.80.59.103 - - [01/Oct/2015:07:34:57 -0500] "GET /galeria/nivo-slider/demo/images/banner-llantas2.jpg HTTP/1.1" 200 204644
186.80.59.103 - - [01/Oct/2015:07:34:57 -0500] "GET /galeria/nivo-slider/demo/images/9Signos.jpg HTTP/1.1" 200 81776
186.80.59.103 - - [01/Oct/2015:07:34:57 -0500] "GET /galeria/nivo-slider/demo/images/Comparendo-ambiental-Banner.jpg HTTP/1.1" 200 83731
186.80.59.103 - - [01/Oct/2015:07:34:57 -0500] "GET /galeria/nivo-slider/demo/images/Ruta-vertimientos-01.jpg HTTP/1.1" 200 130151
186.80.59.103 - - [01/Oct/2015:07:34:57 -0500] "GET /galeria/nivo-slider/demo/images/bolsas-06.jpg HTTP/1.1" 200 90982
186.80.59.103 - - [01/Oct/2015:07:34:57 -0500] "GET /galeria/nivo-slider/demo/images/Conoce-los-humedales.jpg HTTP/1.1" 200 294036
186.80.59.103 - - [01/Oct/2015:07:34:57 -0500] "GET /galeria/nivo-slider/demo/images/ecolecta-Dic2014.png HTTP/1.1" 200 288593
186.80.59.103 - - [01/Oct/2015:07:34:57 -0500] "GET /galeria/nivo-slider/demo/images/4Simple_Slider.png HTTP/1.1" 200 11722
186.80.59.103 - - [01/Oct/2015:07:34:57 -0500] "GET /galeria/nivo-slider/themes/default/loading.gif HTTP/1.1" 200 1737
157.55.39.225 - - [01/Oct/2015:07:34:58 -0500] "GET /BLA/resoluciones/AUTOS%202013/0199.pdf HTTP/1.1" 200 502480
157.55.39.225 - - [01/Oct/2015:07:34:58 -0500] "GET /BLA/resoluciones/AUTOS%202007/0527.pdf HTTP/1.1" 200 98013
186.80.59.103 - - [01/Oct/2015:07:34:58 -0500] "GET /galeria/nivo-slider/themes/default/arrows.png HTTP/1.1" 200 824
186.80.59.103 - - [01/Oct/2015:07:34:58 -0500] "GET /galeria/nivo-slider/themes/default/bullets.png HTTP/1.1" 200 1281
157.55.39.225 - - [01/Oct/2015:07:34:59 -0500] "GET /BLA/resoluciones/RESOLUCIONES%202008/0562.pdf HTTP/1.1" 200 129650
190.248.9.5 - - [01/Oct/2015:07:35:02 -0500] "GET /galeria/galeria/jquery.fancybox.js?v=2.1.5 HTTP/1.1" 200 48706
190.248.9.5 - - [01/Oct/2015:07:35:02 -0500] "GET /BLA/boletinlegal/js/jquery.scrollShow.js HTTP/1.1" 200 4586
190.248.9.5 - - [01/Oct/2015:07:35:02 -0500] "GET /galeria/galeria/jquery.fancybox.css?v=2.1.5 HTTP/1.1" 200 4895
190.145.107.17 - - [01/Oct/2015:07:35:04 -0500] "GET /galeria/carrusel/Carrusel/jquery.thumbnailScroller.css HTTP/1.1" 200 2066
190.145.107.17 - - [01/Oct/2015:07:35:04 -0500] "GET /galeria/carrusel/Carrusel/jquery-ui-1.8.13.custom.min.js HTTP/1.1" 200 10800
190.145.107.17 - - [01/Oct/2015:07:35:04 -0500] "GET /galeria/carrusel/Carrusel/jquery.thumbnailScroller.js HTTP/1.1" 200 8157
207.46.13.176 - - [01/Oct/2015:07:35:07 -0500] "GET /BLA/resoluciones/AUTOS%202011/6047.pdf HTTP/1.1" 200 386341
66.249.64.101 - - [01/Oct/2015:07:35:12 -0500] "GET /BLA/resoluciones/RESOLUCIONES%202010/0348.pdf HTTP/1.1" 200 349846
190.145.107.17 - - [01/Oct/2015:07:35:13 -0500] "GET /galeria/nivo-slider/demo/demo.html HTTP/1.1" 200 3905
190.248.9.5 - - [01/Oct/2015:07:35:13 -0500] "GET /BLA/boletinlegal/js/jquery.scrollShow.js HTTP/1.1" 200 4586
190.248.9.5 - - [01/Oct/2015:07:35:13 -0500] "GET /galeria/galeria/jquery.fancybox.js?v=2.1.5 HTTP/1.1" 200 48706
207.46.13.1 - - [01/Oct/2015:07:35:15 -0500] "GET /BLA/resoluciones/AUTOS%202008/1055.pdf HTTP/1.1" 200 97218
207.46.13.1 - - [01/Oct/2015:07:35:16 -0500] "GET /BLA/resoluciones/AUTOS%202008/3201.pdf HTTP/1.1" 200 261978
190.248.9.5 - - [01/Oct/2015:07:35:16 -0500] "GET /galeria/galeria/jquery.fancybox.css?v=2.1.5 HTTP/1.1" 200 4895
207.46.13.1 - - [01/Oct/2015:07:35:17 -0500] "GET /BLA/resoluciones/AUTOS%202011/1768.pdf HTTP/1.1" 200 247767
207.46.13.1 - - [01/Oct/2015:07:35:17 -0500] "GET /BLA/resoluciones/AUTOS%202008/2734.pdf HTTP/1.1" 200 109247
180.76.15.23 - - [01/Oct/2015:07:35:17 -0500] "GET / HTTP/1.1" 200 10190
207.46.13.1 - - [01/Oct/2015:07:35:17 -0500] "GET /BLA/resoluciones/AUTOS%202009/1492.pdf HTTP/1.1" 200 112201
207.46.13.1 - - [01/Oct/2015:07:35:18 -0500] "GET /BLA/resoluciones/AUTOS%202007/0531.pdf HTTP/1.1" 200 91796
207.46.13.1 - - [01/Oct/2015:07:35:18 -0500] "GET /BLA/resoluciones/AUTOS%202013/2400.pdf HTTP/1.1" 200 851917
207.46.13.1 - - [01/Oct/2015:07:35:19 -0500] "GET /BLA/resoluciones/AUTOS%202009/2953.pdf HTTP/1.1" 200 186071
207.46.13.1 - - [01/Oct/2015:07:35:19 -0500] "GET /BLA/resoluciones/AUTOS%202011/3221.pdf HTTP/1.1" 200 313051
190.26.222.66 - - [01/Oct/2015:07:35:20 -0500] "GET /galeria/nivo-slider/demo/demo.html HTTP/1.0" 200 3905
190.26.222.66 - - [01/Oct/2015:07:35:20 -0500] "GET /galeria/nivo-slider/demo/images/La-SDA-se-suma-a-la-Gran-Movilizacion.jpg HTTP/1.0" 200 92233
190.26.222.66 - - [01/Oct/2015:07:35:20 -0500] "GET /galeria/nivo-slider/demo/images/simulacro-nacional.jpg HTTP/1.0" 200 241925
190.26.222.66 - - [01/Oct/2015:07:35:20 -0500] "GET /galeria/nivo-slider/demo/images/Semana-PYBA.jpg HTTP/1.0" 304 -
190.26.222.66 - - [01/Oct/2015:07:35:20 -0500] "GET /galeria/nivo-slider/demo/images/simulacro-busqueda-rescate-urbano.jpg HTTP/1.0" 200 251375
190.26.222.66 - - [01/Oct/2015:07:35:20 -0500] "GET /galeria/nivo-slider/demo/images/Plan-Quinquenal.jpg HTTP/1.0" 304 -
190.26.222.66 - - [01/Oct/2015:07:35:20 -0500] "GET /galeria/nivo-slider/demo/images/PREDAcamp.jpg HTTP/1.0" 304 -
190.26.222.66 - - [01/Oct/2015:07:35:20 -0500] "GET /galeria/nivo-slider/demo/images/banner-llantas2.jpg HTTP/1.0" 304 -
190.26.222.66 - - [01/Oct/2015:07:35:20 -0500] "GET /galeria/nivo-slider/demo/images/Comparendo-ambiental-Banner.jpg HTTP/1.0" 304 -
207.46.13.1 - - [01/Oct/2015:07:35:20 -0500] "GET /BLA/resoluciones/AUTOS%202013/3655.pdf HTTP/1.1" 200 455637
207.46.13.1 - - [01/Oct/2015:07:35:20 -0500] "GET /BLA/resoluciones/AUTOS%202008/0254.pdf HTTP/1.1" 200 183957
190.145.107.17 - - [01/Oct/2015:07:35:21 -0500] "GET /galeria/nivo-slider/themes/default/default.css HTTP/1.1" 200 1569
207.46.13.1 - - [01/Oct/2015:07:35:21 -0500] "GET /BLA/resoluciones/AUTOS%202012/0463.pdf HTTP/1.1" 200 269859
207.46.13.1 - - [01/Oct/2015:07:35:22 -0500] "GET /BLA/resoluciones/AUTOS%202008/2825.pdf HTTP/1.1" 200 64154
66.249.64.101 - - [01/Oct/2015:07:35:22 -0500] "GET /BLA/resoluciones/RESOLUCIONES%202007/RES%202007%201901%20AL%202000/RESOLUCION%201901%20DE%202007.pdf HTTP/1.1" 304 -
207.46.13.1 - - [01/Oct/2015:07:35:22 -0500] "GET /BLA/resoluciones/Autos%202008/1267.pdf HTTP/1.1" 200 153313
207.46.13.1 - - [01/Oct/2015:07:35:23 -0500] "GET /BLA/resoluciones/AUTOS%202014/6711.pdf HTTP/1.1" 200 461841
207.46.13.1 - - [01/Oct/2015:07:35:23 -0500] "GET /BLA/resoluciones/AUTOS%202007/3195.pdf HTTP/1.1" 200 82181
207.46.13.1 - - [01/Oct/2015:07:35:24 -0500] "GET /BLA/resoluciones/AUTOS%202008/0469.pdf HTTP/1.1" 200 158682
207.46.13.1 - - [01/Oct/2015:07:35:24 -0500] "GET /BLA/resoluciones/AUTOS%202009/2418.pdf HTTP/1.1" 200 100222
207.46.13.1 - - [01/Oct/2015:07:35:25 -0500] "GET /BLA/resoluciones/AUTOS%202010/5583.pdf HTTP/1.1" 200 158593
190.145.107.17 - - [01/Oct/2015:07:35:25 -0500] "GET /galeria/nivo-slider/nivo-slider.css HTTP/1.1" 200 1507
190.145.107.17 - - [01/Oct/2015:07:35:25 -0500] "GET /galeria/nivo-slider/demo/style.css HTTP/1.1" 200 2222
190.145.107.17 - - [01/Oct/2015:07:35:25 -0500] "GET /galeria/nivo-slider/themes/orman/orman.css HTTP/1.1" 200 2152
190.145.107.17 - - [01/Oct/2015:07:35:25 -0500] "GET /galeria/nivo-slider/themes/pascal/pascal.css HTTP/1.1" 200 2258
207.46.13.1 - - [01/Oct/2015:07:35:25 -0500] "GET /BLA/resoluciones/AUTOS%202012/2545.pdf HTTP/1.1" 200 1912194
207.46.13.1 - - [01/Oct/2015:07:35:26 -0500] "GET /BLA/resoluciones/AUTOS%202014/0615.pdf HTTP/1.1" 200 87551
190.145.107.17 - - [01/Oct/2015:07:35:26 -0500] "GET /galeria/nivo-slider/jquery.nivo.slider.pack.js HTTP/1.1" 200 11561
190.145.107.17 - - [01/Oct/2015:07:35:26 -0500] "GET /galeria/nivo-slider/demo/scripts/jquery-1.7.1.min.js HTTP/1.1" 200 93868
190.145.107.17 - - [01/Oct/2015:07:35:27 -0500] "GET /galeria/nivo-slider/demo/images/simulacro-busqueda-rescate-urbano.jpg HTTP/1.1" 200 251375
190.145.107.17 - - [01/Oct/2015:07:35:27 -0500] "GET /galeria/nivo-slider/demo/images/simulacro-nacional.jpg HTTP/1.1" 200 241925
190.145.107.17 - - [01/Oct/2015:07:35:27 -0500] "GET /galeria/nivo-slider/demo/images/4Simple_Slider.png HTTP/1.1" 200 11722
190.145.107.17 - - [01/Oct/2015:07:35:31 -0500] "GET /galeria/nivo-slider/demo/images/La-SDA-se-suma-a-la-Gran-Movilizacion.jpg HTTP/1.1" 200 92233
66.249.64.96 - - [01/Oct/2015:07:35:34 -0500] "GET /BLA/resoluciones/RESOLUCIONES%202011/5561.pdf HTTP/1.1" 200 868780
190.145.107.17 - - [01/Oct/2015:07:35:35 -0500] "GET /galeria/nivo-slider/themes/default/loading.gif HTTP/1.1" 200 1737
190.145.107.17 - - [01/Oct/2015:07:35:37 -0500] "GET /galeria/nivo-slider/demo/images/Semana-PYBA.jpg HTTP/1.1" 200 103786
157.55.39.225 - - [01/Oct/2015:07:35:40 -0500] "GET /BLA/resoluciones/AUTOS%202011/4191.pdf HTTP/1.1" 200 221093
157.55.39.225 - - [01/Oct/2015:07:35:40 -0500] "GET /BLA/resoluciones/AUTOS%202013/2121.pdf HTTP/1.1" 200 400234
157.55.39.81 - - [01/Oct/2015:07:35:40 -0500] "GET /BLA/resoluciones/AUTOS%202007/2926.pdf HTTP/1.1" 200 438311
157.55.39.225 - - [01/Oct/2015:07:35:41 -0500] "GET /BLA/resoluciones/AUTOS%202007/2227.pdf HTTP/1.1" 200 131378
157.55.39.81 - - [01/Oct/2015:07:35:41 -0500] "GET /BLA/resoluciones/AUTOS%202008/0050.pdf HTTP/1.1" 200 92088
157.55.39.81 - - [01/Oct/2015:07:35:41 -0500] "GET /BLA/resoluciones/AUTOS%202014/1109.pdf HTTP/1.1" 200 420955
157.55.39.226 - - [01/Oct/2015:07:35:42 -0500] "GET /BLA/resoluciones/Autos%202008/3186.pdf HTTP/1.1" 200 177381
157.55.39.226 - - [01/Oct/2015:07:35:42 -0500] "GET /BLA/resoluciones/AUTOS%202008/0058.pdf HTTP/1.1" 200 65090
157.55.39.81 - - [01/Oct/2015:07:35:42 -0500] "GET /BLA/resoluciones/AUTOS%202009/3446.pdf HTTP/1.1" 200 99046
190.145.107.17 - - [01/Oct/2015:07:35:48 -0500] "GET /galeria/nivo-slider/demo/images/Plan-Quinquenal.jpg HTTP/1.1" 200 412438
190.145.107.17 - - [01/Oct/2015:07:35:50 -0500] "GET /galeria/nivo-slider/demo/images/PREDAcamp.jpg HTTP/1.1" 200 295358
207.46.13.176 - - [01/Oct/2015:07:35:51 -0500] "GET /BLA/resoluciones/AUTOS%202013/2322.pdf HTTP/1.1" 200 415952
190.145.107.17 - - [01/Oct/2015:07:35:52 -0500] "GET /galeria/nivo-slider/demo/images/banner-llantas2.jpg HTTP/1.1" 200 204644
190.145.107.17 - - [01/Oct/2015:07:35:52 -0500] "GET /galeria/nivo-slider/demo/images/9Signos.jpg HTTP/1.1" 200 81776
190.145.107.17 - - [01/Oct/2015:07:35:53 -0500] "GET /galeria/nivo-slider/demo/images/Comparendo-ambiental-Banner.jpg HTTP/1.1" 200 83731
180.76.15.134 - - [01/Oct/2015:07:35:53 -0500] "GET / HTTP/1.1" 200 10190
190.145.107.17 - - [01/Oct/2015:07:35:54 -0500] "GET /galeria/nivo-slider/demo/images/Ruta-vertimientos-01.jpg HTTP/1.1" 200 130151
190.145.107.17 - - [01/Oct/2015:07:35:54 -0500] "GET /galeria/nivo-slider/demo/images/bolsas-06.jpg HTTP/1.1" 200 90982
190.145.107.17 - - [01/Oct/2015:07:35:54 -0500] "GET /galeria/nivo-slider/demo/images/Conoce-los-humedales.jpg HTTP/1.1" 200 294036
190.145.107.17 - - [01/Oct/2015:07:35:55 -0500] "GET /galeria/nivo-slider/demo/images/ecolecta-Dic2014.png HTTP/1.1" 200 288593
190.156.129.169 - - [01/Oct/2015:07:35:55 -0500] "GET /galeria/galeria/jquery.fancybox.css?v=2.1.5 HTTP/1.1" 200 4895
190.156.129.169 - - [01/Oct/2015:07:35:55 -0500] "GET /BLA/boletinlegal/js/jquery.scrollShow.js HTTP/1.1" 200 4586
190.156.129.169 - - [01/Oct/2015:07:35:55 -0500] "GET /galeria/galeria/jquery.fancybox.js?v=2.1.5 HTTP/1.1" 200 48706
66.249.64.106 - - [01/Oct/2015:07:35:55 -0500] "GET /BLA/resoluciones/AUTOS%202008/0189.pdf HTTP/1.1" 200 99103
157.55.39.225 - - [01/Oct/2015:07:35:56 -0500] "GET /BLA/resoluciones/AUTOS%202014/0564.pdf HTTP/1.1" 200 826466
66.249.88.233 - - [01/Oct/2015:07:36:00 -0500] "GET /galeria/galeria/jquery.fancybox.css?v=2.1.5 HTTP/1.1" 200 4895
66.249.88.228 - - [01/Oct/2015:07:36:00 -0500] "GET /galeria/carrusel/Carrusel/jquery.thumbnailScroller.css HTTP/1.1" 200 2066
66.249.88.228 - - [01/Oct/2015:07:36:00 -0500] "GET /BLA/boletinlegal/js/jquery.scrollShow.js HTTP/1.1" 200 4586
66.249.88.223 - - [01/Oct/2015:07:36:00 -0500] "GET /galeria/galeria/jquery.fancybox.js?v=2.1.5 HTTP/1.1" 200 48706
66.249.88.233 - - [01/Oct/2015:07:36:00 -0500] "GET /galeria/carrusel/Carrusel/jquery.thumbnailScroller.js HTTP/1.1" 200 8157
66.249.88.233 - - [01/Oct/2015:07:36:00 -0500] "GET /galeria/carrusel/Carrusel/jquery-ui-1.8.13.custom.min.js HTTP/1.1" 200 10800
66.249.88.233 - - [01/Oct/2015:07:36:04 -0500] "GET /galeria/nivo-slider/demo/demo.html HTTP/1.1" 200 3905
190.156.129.169 - - [01/Oct/2015:07:36:07 -0500] "GET /BLA/boletinlegal/js/jquery.scrollShow.js HTTP/1.1" 304 -
190.156.129.169 - - [01/Oct/2015:07:36:07 -0500] "GET /galeria/galeria/jquery.fancybox.css?v=2.1.5 HTTP/1.1" 304 -
190.156.129.169 - - [01/Oct/2015:07:36:07 -0500] "GET /galeria/galeria/jquery.fancybox.js?v=2.1.5 HTTP/1.1" 304 -
66.249.88.228 - - [01/Oct/2015:07:36:08 -0500] "GET /galeria/nivo-slider/themes/default/default.css HTTP/1.1" 200 1569
66.249.88.228 - - [01/Oct/2015:07:36:08 -0500] "GET /galeria/nivo-slider/themes/orman/orman.css HTTP/1.1" 200 2152
66.249.88.223 - - [01/Oct/2015:07:36:08 -0500] "GET /galeria/nivo-slider/jquery.nivo.slider.pack.js HTTP/1.1" 200 11561
66.249.88.233 - - [01/Oct/2015:07:36:08 -0500] "GET /galeria/nivo-slider/themes/pascal/pascal.css HTTP/1.1" 200 2258
66.249.88.233 - - [01/Oct/2015:07:36:08 -0500] "GET /galeria/nivo-slider/demo/scripts/jquery-1.7.1.min.js HTTP/1.1" 200 93868
66.249.88.233 - - [01/Oct/2015:07:36:08 -0500] "GET /galeria/nivo-slider/demo/style.css HTTP/1.1" 200 2222
66.249.88.228 - - [01/Oct/2015:07:36:08 -0500] "GET /galeria/nivo-slider/nivo-slider.css HTTP/1.1" 200 1507
66.249.88.228 - - [01/Oct/2015:07:36:08 -0500] "GET /galeria/nivo-slider/demo/images/banner-llantas2.jpg HTTP/1.1" 200 204644
66.249.88.228 - - [01/Oct/2015:07:36:08 -0500] "GET /galeria/nivo-slider/demo/images/9Signos.jpg HTTP/1.1" 200 81776
66.249.88.228 - - [01/Oct/2015:07:36:08 -0500] "GET /galeria/nivo-slider/demo/images/La-SDA-se-suma-a-la-Gran-Movilizacion.jpg HTTP/1.1" 200 92233
66.249.88.228 - - [01/Oct/2015:07:36:08 -0500] "GET /galeria/nivo-slider/demo/images/simulacro-nacional.jpg HTTP/1.1" 200 241925
66.249.88.228 - - [01/Oct/2015:07:36:08 -0500] "GET /galeria/nivo-slider/demo/images/Semana-PYBA.jpg HTTP/1.1" 200 103786
66.249.88.228 - - [01/Oct/2015:07:36:08 -0500] "GET /galeria/nivo-slider/demo/images/ecolecta-Dic2014.png HTTP/1.1" 200 288593
66.249.88.223 - - [01/Oct/2015:07:36:08 -0500] "GET /galeria/nivo-slider/demo/images/bolsas-06.jpg HTTP/1.1" 200 90982
66.249.88.228 - - [01/Oct/2015:07:36:08 -0500] "GET /galeria/nivo-slider/demo/images/simulacro-busqueda-rescate-urbano.jpg HTTP/1.1" 200 251375
66.249.88.223 - - [01/Oct/2015:07:36:08 -0500] "GET /galeria/nivo-slider/demo/images/PREDAcamp.jpg HTTP/1.1" 200 295358
66.249.88.233 - - [01/Oct/2015:07:36:08 -0500] "GET /galeria/nivo-slider/demo/images/Plan-Quinquenal.jpg HTTP/1.1" 200 412438
66.249.88.233 - - [01/Oct/2015:07:36:08 -0500] "GET /galeria/nivo-slider/demo/images/Ruta-vertimientos-01.jpg HTTP/1.1" 200 130151
66.249.88.233 - - [01/Oct/2015:07:36:08 -0500] "GET /galeria/nivo-slider/demo/images/Comparendo-ambiental-Banner.jpg HTTP/1.1" 200 83731
66.249.88.233 - - [01/Oct/2015:07:36:08 -0500] "GET /galeria/nivo-slider/themes/default/loading.gif HTTP/1.1" 200 1737
66.249.88.233 - - [01/Oct/2015:07:36:08 -0500] "GET /galeria/nivo-slider/demo/images/4Simple_Slider.png HTTP/1.1" 200 11722
66.249.88.223 - - [01/Oct/2015:07:36:11 -0500] "GET /galeria/nivo-slider/demo/images/Conoce-los-humedales.jpg HTTP/1.1" 200 294036
66.249.88.228 - - [01/Oct/2015:07:36:16 -0500] "GET /galeria/nivo-slider/themes/default/bullets.png HTTP/1.1" 200 1281
66.249.88.233 - - [01/Oct/2015:07:36:16 -0500] "GET /galeria/nivo-slider/themes/default/arrows.png HTTP/1.1" 200 824
66.249.64.106 - - [01/Oct/2015:07:36:16 -0500] "GET /BLA/resoluciones/RESOLUCIONES%202011/3894.pdf HTTP/1.1" 200 578162
200.118.227.34 - - [01/Oct/2015:07:36:17 -0500] "GET /galeria/galeria/jquery.fancybox.css?v=2.1.5 HTTP/1.1" 200 4895
200.118.227.34 - - [01/Oct/2015:07:36:17 -0500] "GET /BLA/boletinlegal/js/jquery.scrollShow.js HTTP/1.1" 200 4586
200.118.227.34 - - [01/Oct/2015:07:36:17 -0500] "GET /galeria/galeria/jquery.fancybox.js?v=2.1.5 HTTP/1.1" 200 48706
207.46.13.176 - - [01/Oct/2015:07:36:18 -0500] "GET /BLA/resoluciones/AUTOS%202010/1313.pdf HTTP/1.1" 200 530049
31.184.238.101 - - [01/Oct/2015:07:36:26 -0500] "GET /BLA/resoluciones/RESOLUCIONES%202013/0780.pdf HTTP/1.0" 200 3186838
181.56.157.254 - - [01/Oct/2015:07:36:29 -0500] "GET /galeria/galeria/jquery.fancybox.css?v=2.1.5 HTTP/1.1" 304 -
181.56.157.254 - - [01/Oct/2015:07:36:29 -0500] "GET /galeria/galeria/jquery.fancybox.js?v=2.1.5 HTTP/1.1" 304 -
207.46.13.1 - - [01/Oct/2015:07:36:32 -0500] "GET /BLA/resoluciones/AUTOS%202007/3637.pdf HTTP/1.1" 200 191986
207.46.13.1 - - [01/Oct/2015:07:36:33 -0500] "GET /BLA/resoluciones/AUTOS%202015/1067.pdf HTTP/1.1" 200 854774
207.46.13.1 - - [01/Oct/2015:07:36:33 -0500] "GET /BLA/resoluciones/AUTOS%202011/3871.pdf HTTP/1.1" 200 267179
200.24.27.166 - - [01/Oct/2015:07:36:33 -0500] "GET /BLA/boletinlegal/js/jquery.scrollShow.js HTTP/1.1" 200 4586
200.24.27.166 - - [01/Oct/2015:07:36:33 -0500] "GET /galeria/galeria/jquery.fancybox.css?v=2.1.5 HTTP/1.1" 200 4895
200.24.27.166 - - [01/Oct/2015:07:36:33 -0500] "GET /galeria/galeria/jquery.fancybox.js?v=2.1.5 HTTP/1.1" 200 48706
207.46.13.1 - - [01/Oct/2015:07:36:34 -0500] "GET /BLA/resoluciones/AUTOS%202010/1497.pdf HTTP/1.1" 200 1478500
207.46.13.1 - - [01/Oct/2015:07:36:34 -0500] "GET /BLA/resoluciones/AUTOS%202008/0366.pdf HTTP/1.1" 200 175465
207.46.13.1 - - [01/Oct/2015:07:36:35 -0500] "GET /BLA/resoluciones/AUTOS%202007/1127.pdf HTTP/1.1" 200 24095
31.184.238.101 - - [01/Oct/2015:07:36:35 -0500] "GET / HTTP/1.0" 200 10190
207.46.13.1 - - [01/Oct/2015:07:36:35 -0500] "GET /BLA/resoluciones/RESOLUCIONES%202008/0420.pdf HTTP/1.1" 200 297190
207.46.13.1 - - [01/Oct/2015:07:36:36 -0500] "GET /BLA/resoluciones/AUTOS%202014/2861.pdf HTTP/1.1" 200 317432
207.46.13.1 - - [01/Oct/2015:07:36:36 -0500] "GET /BLA/resoluciones/AUTOS%202013/3162.pdf HTTP/1.1" 200 572302
207.46.13.1 - - [01/Oct/2015:07:36:37 -0500] "GET /BLA/resoluciones/AUTOS%202011/4171.pdf HTTP/1.1" 200 200355
207.46.13.1 - - [01/Oct/2015:07:36:37 -0500] "GET /BLA/resoluciones/AUTOS%202013/2438.pdf HTTP/1.1" 200 211128
66.249.64.101 - - [01/Oct/2015:07:36:37 -0500] "GET /BLA/resoluciones/RESOLUCIONES%202011/4646.pdf HTTP/1.1" 200 628826
207.46.13.1 - - [01/Oct/2015:07:36:38 -0500] "GET /BLA/resoluciones/AUTOS%202009/2558.pdf HTTP/1.1" 200 101109
200.24.27.166 - - [01/Oct/2015:07:36:40 -0500] "GET /BLA/boletinlegal/js/jquery.scrollShow.js HTTP/1.1" 304 -
200.24.27.166 - - [01/Oct/2015:07:36:40 -0500] "GET /galeria/galeria/jquery.fancybox.js?v=2.1.5 HTTP/1.1" 304 -
200.24.27.166 - - [01/Oct/2015:07:36:40 -0500] "GET /galeria/galeria/jquery.fancybox.css?v=2.1.5 HTTP/1.1" 304 -
207.46.13.1 - - [01/Oct/2015:07:36:41 -0500] "GET /BLA/resoluciones/AUTOS%202008/1544.pdf HTTP/1.1" 200 78024
200.118.227.34 - - [01/Oct/2015:07:36:41 -0500] "GET /BLA/boletinlegal/js/jquery.scrollShow.js HTTP/1.1" 200 4586
200.118.227.34 - - [01/Oct/2015:07:36:41 -0500] "GET /galeria/galeria/jquery.fancybox.css?v=2.1.5 HTTP/1.1" 200 4895
200.118.227.34 - - [01/Oct/2015:07:36:41 -0500] "GET /galeria/galeria/jquery.fancybox.js?v=2.1.5 HTTP/1.1" 200 48706
207.46.13.1 - - [01/Oct/2015:07:36:42 -0500] "GET /BLA/resoluciones/Autos%202008/1635.pdf HTTP/1.1" 200 67911
207.46.13.1 - - [01/Oct/2015:07:36:42 -0500] "GET /BLA/resoluciones/AUTOS%202009/1217.pdf HTTP/1.1" 200 123865
157.55.39.81 - - [01/Oct/2015:07:36:47 -0500] "GET /BLA/resoluciones/Autos%202008/0626.pdf HTTP/1.1" 200 98233
200.91.207.154 - - [01/Oct/2015:07:36:49 -0500] "GET /galeria/galeria/jquery.fancybox.css?v=2.1.5 HTTP/1.1" 200 4895
200.91.207.154 - - [01/Oct/2015:07:36:49 -0500] "GET /galeria/carrusel/Carrusel/jquery.thumbnailScroller.css HTTP/1.1" 200 2066
200.91.207.154 - - [01/Oct/2015:07:36:50 -0500] "GET /galeria/nivo-slider/demo/demo.html HTTP/1.1" 200 3905
200.91.207.154 - - [01/Oct/2015:07:36:51 -0500] "GET /galeria/nivo-slider/themes/default/default.css HTTP/1.1" 200 1569
200.91.207.154 - - [01/Oct/2015:07:36:51 -0500] "GET /galeria/nivo-slider/themes/orman/orman.css HTTP/1.1" 200 2152
200.91.207.154 - - [01/Oct/2015:07:36:51 -0500] "GET /galeria/nivo-slider/nivo-slider.css HTTP/1.1" 200 1507
200.91.207.154 - - [01/Oct/2015:07:36:51 -0500] "GET /galeria/nivo-slider/demo/style.css HTTP/1.1" 200 2222
200.91.207.154 - - [01/Oct/2015:07:36:51 -0500] "GET /galeria/nivo-slider/themes/pascal/pascal.css HTTP/1.1" 200 2258
200.91.207.154 - - [01/Oct/2015:07:36:51 -0500] "GET /galeria/nivo-slider/demo/images/La-SDA-se-suma-a-la-Gran-Movilizacion.jpg HTTP/1.1" 304 -
200.91.207.154 - - [01/Oct/2015:07:36:51 -0500] "GET /galeria/nivo-slider/demo/images/simulacro-nacional.jpg HTTP/1.1" 200 241925
200.91.207.154 - - [01/Oct/2015:07:36:51 -0500] "GET /galeria/nivo-slider/demo/images/simulacro-busqueda-rescate-urbano.jpg HTTP/1.1" 200 251375
200.91.207.154 - - [01/Oct/2015:07:36:52 -0500] "GET /galeria/nivo-slider/demo/images/4Simple_Slider.png HTTP/1.1" 200 11722
200.91.207.154 - - [01/Oct/2015:07:36:52 -0500] "GET /galeria/nivo-slider/themes/default/loading.gif HTTP/1.1" 200 1737
200.91.207.154 - - [01/Oct/2015:07:36:52 -0500] "GET /galeria/nivo-slider/demo/images/Semana-PYBA.jpg HTTP/1.1" 200 103786
200.91.207.154 - - [01/Oct/2015:07:36:52 -0500] "GET /galeria/nivo-slider/demo/images/Plan-Quinquenal.jpg HTTP/1.1" 200 412438
200.91.207.154 - - [01/Oct/2015:07:36:52 -0500] "GET /galeria/nivo-slider/demo/images/PREDAcamp.jpg HTTP/1.1" 200 295358
200.91.207.154 - - [01/Oct/2015:07:36:52 -0500] "GET /galeria/nivo-slider/demo/images/banner-llantas2.jpg HTTP/1.1" 200 204644
200.91.207.154 - - [01/Oct/2015:07:36:53 -0500] "GET /galeria/nivo-slider/demo/images/9Signos.jpg HTTP/1.1" 200 81776
200.91.207.154 - - [01/Oct/2015:07:36:53 -0500] "GET /galeria/nivo-slider/demo/images/Comparendo-ambiental-Banner.jpg HTTP/1.1" 200 83731
207.46.13.176 - - [01/Oct/2015:07:36:54 -0500] "GET /BLA/resoluciones/AUTOS%202008/0720.pdf HTTP/1.1" 200 177393
200.91.207.154 - - [01/Oct/2015:07:36:54 -0500] "GET /galeria/nivo-slider/demo/images/Ruta-vertimientos-01.jpg HTTP/1.1" 200 130151
200.91.207.154 - - [01/Oct/2015:07:36:54 -0500] "GET /galeria/nivo-slider/demo/images/bolsas-06.jpg HTTP/1.1" 200 90982
207.46.13.176 - - [01/Oct/2015:07:36:54 -0500] "GET /BLA/resoluciones/AUTOS%202011/1939.pdf HTTP/1.1" 200 160095
200.91.207.154 - - [01/Oct/2015:07:36:54 -0500] "GET /galeria/nivo-slider/demo/images/Conoce-los-humedales.jpg HTTP/1.1" 200 294036
200.91.207.154 - - [01/Oct/2015:07:36:54 -0500] "GET /galeria/nivo-slider/demo/images/ecolecta-Dic2014.png HTTP/1.1" 200 288593
207.46.13.176 - - [01/Oct/2015:07:36:54 -0500] "GET /BLA/resoluciones/AUTOS%202012/2689.pdf HTTP/1.1" 200 289899
207.46.13.176 - - [01/Oct/2015:07:36:55 -0500] "GET /BLA/resoluciones/AUTOS%202008/0336.pdf HTTP/1.1" 200 287924
207.46.13.176 - - [01/Oct/2015:07:36:55 -0500] "GET /BLA/resoluciones/AUTOS%202012/1335.pdf HTTP/1.1" 200 161368
200.91.207.154 - - [01/Oct/2015:07:36:57 -0500] "GET /galeria/nivo-slider/themes/default/arrows.png HTTP/1.1" 200 824
200.91.207.154 - - [01/Oct/2015:07:36:57 -0500] "GET /galeria/nivo-slider/themes/default/bullets.png HTTP/1.1" 200 1281
66.249.64.101 - - [01/Oct/2015:07:36:59 -0500] "GET /BLA/resoluciones/RESOLUCIONES%202009/7556.pdf HTTP/1.1" 200 505423
157.55.39.81 - - [01/Oct/2015:07:37:00 -0500] "GET /BLA/resoluciones/AUTOS%202007/0449.pdf HTTP/1.1" 200 107491
179.56.98.115 - - [01/Oct/2015:07:37:07 -0500] "GET /galeria/galeria/jquery.fancybox.js?v=2.1.5 HTTP/1.1" 200 48706
179.56.98.115 - - [01/Oct/2015:07:37:07 -0500] "GET /BLA/boletinlegal/js/jquery.scrollShow.js HTTP/1.1" 200 4586
179.56.98.115 - - [01/Oct/2015:07:37:07 -0500] "GET /galeria/galeria/jquery.fancybox.css?v=2.1.5 HTTP/1.1" 200 4895
201.245.192.253 - - [01/Oct/2015:07:37:12 -0500] "GET /galeria/galeria/jquery.fancybox.js?v=2.1.5 HTTP/1.1" 304 -
201.245.192.253 - - [01/Oct/2015:07:37:12 -0500] "GET /galeria/galeria/jquery.fancybox.css?v=2.1.5 HTTP/1.1" 304 -
201.245.192.253 - - [01/Oct/2015:07:37:12 -0500] "GET /galeria/nivo-slider/demo/demo.html HTTP/1.1" 200 3905
201.236.223.133 - - [01/Oct/2015:07:37:13 -0500] "GET /galeria/nivo-slider/demo/demo.html HTTP/1.1" 200 3905
201.245.192.253 - - [01/Oct/2015:07:37:13 -0500] "GET /galeria/nivo-slider/demo/images/Plan-Quinquenal.jpg HTTP/1.1" 304 -
201.245.192.253 - - [01/Oct/2015:07:37:13 -0500] "GET /galeria/nivo-slider/demo/images/simulacro-busqueda-rescate-urbano.jpg HTTP/1.1" 200 251375
201.245.192.253 - - [01/Oct/2015:07:37:13 -0500] "GET /galeria/nivo-slider/demo/images/simulacro-nacional.jpg HTTP/1.1" 200 241925
157.55.39.81 - - [01/Oct/2015:07:37:13 -0500] "GET /BLA/resoluciones/AUTOS%202007/0321.pdf HTTP/1.1" 200 49164
201.236.223.133 - - [01/Oct/2015:07:37:13 -0500] "GET /galeria/nivo-slider/themes/default/default.css HTTP/1.1" 304 -
201.236.223.133 - - [01/Oct/2015:07:37:13 -0500] "GET /galeria/nivo-slider/demo/images/simulacro-busqueda-rescate-urbano.jpg HTTP/1.1" 200 251375
201.236.223.133 - - [01/Oct/2015:07:37:13 -0500] "GET /galeria/nivo-slider/demo/images/simulacro-nacional.jpg HTTP/1.1" 200 241925
190.145.107.17 - - [01/Oct/2015:07:37:15 -0500] "GET /BLA/boletinlegal/js/jquery.scrollShow.js HTTP/1.1" 304 -
190.145.107.17 - - [01/Oct/2015:07:37:15 -0500] "GET /galeria/galeria/jquery.fancybox.css?v=2.1.5 HTTP/1.1" 304 -
190.145.107.17 - - [01/Oct/2015:07:37:15 -0500] "GET /galeria/galeria/jquery.fancybox.js?v=2.1.5 HTTP/1.1" 304 -
66.249.64.101 - - [01/Oct/2015:07:37:20 -0500] "GET /BLA/resoluciones/RESOLUCIONES%202010/0379.pdf HTTP/1.1" 200 109630
207.46.13.176 - - [01/Oct/2015:07:37:29 -0500] "GET /BLA/resoluciones/AUTOS%202011/6623.pdf HTTP/1.1" 200 610473
66.249.64.101 - - [01/Oct/2015:07:37:32 -0500] "GET /BLA/resoluciones/AUTOS%202012/2498.pdf HTTP/1.1" 304 -
157.55.39.225 - - [01/Oct/2015:07:37:39 -0500] "GET /BLA/resoluciones/AUTOS%202010/4570.pdf HTTP/1.1" 200 134320
66.249.64.96 - - [01/Oct/2015:07:37:41 -0500] "GET /BLA/resoluciones/RESOLUCIONES%202010/0340.pdf HTTP/1.1" 200 355702
157.55.39.226 - - [01/Oct/2015:07:37:54 -0500] "GET /BLA/resoluciones/AUTOS%202014/3670.pdf HTTP/1.1" 200 286190
190.84.202.55 - - [01/Oct/2015:07:37:56 -0500] "GET /videos/ArchivoSDA.flv HTTP/1.1" 304 -
157.55.39.81 - - [01/Oct/2015:07:37:58 -0500] "GET /BLA/resoluciones/AUTOS%202007/2535.pdf HTTP/1.1" 200 224479
66.249.64.96 - - [01/Oct/2015:07:38:03 -0500] "GET /BLA/resoluciones/AUTOS%202009/2142.pdf HTTP/1.1" 200 85857
207.46.13.1 - - [01/Oct/2015:07:38:04 -0500] "GET /BLA/resoluciones/AUTOS%202010/5359.pdf HTTP/1.1" 200 1998462
207.46.13.1 - - [01/Oct/2015:07:38:05 -0500] "GET /BLA/resoluciones/AUTOS%202008/0369.pdf HTTP/1.1" 200 284164
207.46.13.1 - - [01/Oct/2015:07:38:06 -0500] "GET /BLA/resoluciones/AUTOS%202011/3028.pdf HTTP/1.1" 200 160600
207.46.13.1 - - [01/Oct/2015:07:38:06 -0500] "GET /BLA/resoluciones/AUTOS%202011/0898.pdf HTTP/1.1" 200 101400
207.46.13.1 - - [01/Oct/2015:07:38:07 -0500] "GET /BLA/resoluciones/AUTOS%202013/0912.pdf HTTP/1.1" 200 985915
207.46.13.1 - - [01/Oct/2015:07:38:07 -0500] "GET /BLA/resoluciones/AUTOS%202008/2812.pdf HTTP/1.1" 200 70273
207.46.13.1 - - [01/Oct/2015:07:38:08 -0500] "GET /BLA/resoluciones/AUTOS%202007/0197.pdf HTTP/1.1" 200 313633
157.55.39.225 - - [01/Oct/2015:07:38:10 -0500] "GET /BLA/resoluciones/Autos%202008/2083.pdf HTTP/1.1" 200 107769
157.55.39.81 - - [01/Oct/2015:07:38:16 -0500] "GET /BLA/resoluciones/AUTOS%202011/3943.pdf HTTP/1.1" 200 318607
157.55.39.81 - - [01/Oct/2015:07:38:16 -0500] "GET /BLA/resoluciones/AUTOS%202007/0282.pdf HTTP/1.1" 200 185591
207.46.13.176 - - [01/Oct/2015:07:38:20 -0500] "GET /BLA/resoluciones/AUTOS%202014/4974.pdf HTTP/1.1" 200 443216
66.249.64.106 - - [01/Oct/2015:07:38:24 -0500] "GET /BLA/resoluciones/RESOLUCIONES%202010/0565.pdf HTTP/1.1" 200 97215
157.55.39.81 - - [01/Oct/2015:07:38:26 -0500] "GET /BLA/resoluciones/RESOLUCIONES%202008/1523.pdf HTTP/1.1" 200 274038
157.55.39.81 - - [01/Oct/2015:07:38:27 -0500] "GET /BLA/resoluciones/AUTOS%202008/1324.pdf HTTP/1.1" 200 230236
157.55.39.81 - - [01/Oct/2015:07:38:27 -0500] "GET /BLA/resoluciones/AUTOS%202014/2067.pdf HTTP/1.1" 200 478439
190.14.231.34 - - [01/Oct/2015:07:38:34 -0500] "GET /galeria/galeria/jquery.fancybox.css?v=2.1.5 HTTP/1.0" 200 4895
190.14.231.34 - - [01/Oct/2015:07:38:34 -0500] "GET /BLA/boletinlegal/js/jquery.scrollShow.js HTTP/1.0" 200 4586
190.14.231.34 - - [01/Oct/2015:07:38:34 -0500] "GET /galeria/galeria/jquery.fancybox.js?v=2.1.5 HTTP/1.0" 200 48706
66.249.64.96 - - [01/Oct/2015:07:38:37 -0500] "GET /BLA/resoluciones/RESOLUCIONES%202009/3787.pdf HTTP/1.1" 304 -
207.46.13.176 - - [01/Oct/2015:07:38:38 -0500] "GET /BLA/resoluciones/AUTOS%202007/1242.pdf HTTP/1.1" 200 72524
190.184.201.10 - - [01/Oct/2015:07:38:41 -0500] "GET /BLA/boletinlegal/js/jquery.scrollShow.js HTTP/1.1" 200 4586
190.184.201.10 - - [01/Oct/2015:07:38:41 -0500] "GET /galeria/galeria/jquery.fancybox.js?v=2.1.5 HTTP/1.1" 200 48706
190.184.201.10 - - [01/Oct/2015:07:38:41 -0500] "GET /galeria/galeria/jquery.fancybox.css?v=2.1.5 HTTP/1.1" 200 4895
190.14.231.34 - - [01/Oct/2015:07:38:43 -0500] "GET /galeria/galeria/jquery.fancybox.css?v=2.1.5 HTTP/1.0" 304 -
190.14.231.34 - - [01/Oct/2015:07:38:43 -0500] "GET /BLA/boletinlegal/js/jquery.scrollShow.js HTTP/1.0" 304 -
190.14.231.34 - - [01/Oct/2015:07:38:43 -0500] "GET /galeria/galeria/jquery.fancybox.js?v=2.1.5 HTTP/1.0" 304 -
66.249.64.106 - - [01/Oct/2015:07:38:45 -0500] "GET /BLA/resoluciones/RESOLUCIONES%202011/5716.pdf HTTP/1.1" 200 632000
190.184.201.10 - - [01/Oct/2015:07:38:48 -0500] "GET /galeria/galeria/jquery.fancybox.css?v=2.1.5 HTTP/1.1" 304 -
190.184.201.10 - - [01/Oct/2015:07:38:48 -0500] "GET /BLA/boletinlegal/js/jquery.scrollShow.js HTTP/1.1" 304 -
190.184.201.10 - - [01/Oct/2015:07:38:48 -0500] "GET /galeria/galeria/jquery.fancybox.js?v=2.1.5 HTTP/1.1" 304 -
157.55.39.226 - - [01/Oct/2015:07:38:55 -0500] "GET /BLA/resoluciones/AUTOS%202011/7734.pdf HTTP/1.1" 200 224988
186.154.250.18 - - [01/Oct/2015:07:38:58 -0500] "GET /galeria/galeria/jquery.fancybox.js?v=2.1.5 HTTP/1.1" 304 -
186.154.250.18 - - [01/Oct/2015:07:38:58 -0500] "GET /galeria/galeria/jquery.fancybox.css?v=2.1.5 HTTP/1.1" 304 -
201.245.192.253 - - [01/Oct/2015:07:38:59 -0500] "GET /galeria/nivo-slider/demo/demo.html HTTP/1.1" 200 3905
157.55.39.81 - - [01/Oct/2015:07:39:00 -0500] "GET /BLA/resoluciones/AUTOS%202008/0511.pdf HTTP/1.1" 200 57845
74.86.158.107 - - [01/Oct/2015:07:39:00 -0500] "HEAD / HTTP/1.1" 200 -
201.245.192.253 - - [01/Oct/2015:07:39:01 -0500] "GET /galeria/nivo-slider/demo/images/La-SDA-se-suma-a-la-Gran-Movilizacion.jpg HTTP/1.1" 304 -
201.245.192.253 - - [01/Oct/2015:07:39:01 -0500] "GET /galeria/nivo-slider/demo/images/simulacro-nacional.jpg HTTP/1.1" 200 241925
201.245.192.253 - - [01/Oct/2015:07:39:01 -0500] "GET /galeria/nivo-slider/demo/images/simulacro-busqueda-rescate-urbano.jpg HTTP/1.1" 200 251375
66.249.64.106 - - [01/Oct/2015:07:39:06 -0500] "GET /BLA/resoluciones/RESOLUCIONES%202010/1699.pdf HTTP/1.1" 200 307584
207.46.13.176 - - [01/Oct/2015:07:39:14 -0500] "GET /BLA/resoluciones/Autos%202008/2066.pdf HTTP/1.1" 200 194847
207.46.13.176 - - [01/Oct/2015:07:39:15 -0500] "GET /BLA/resoluciones/AUTOS%202014/3343.pdf HTTP/1.1" 200 589237
66.249.64.106 - - [01/Oct/2015:07:39:28 -0500] "GET /BLA/resoluciones/RESOLUCIONES%202009/4081.pdf HTTP/1.1" 200 608555
181.56.157.254 - - [01/Oct/2015:07:39:29 -0500] "GET /galeria/galeria/jquery.fancybox.js?v=2.1.5 HTTP/1.1" 304 -
181.56.157.254 - - [01/Oct/2015:07:39:29 -0500] "GET /galeria/galeria/jquery.fancybox.css?v=2.1.5 HTTP/1.1" 304 -
157.55.39.81 - - [01/Oct/2015:07:39:37 -0500] "GET /BLA/resoluciones/AUTOS%202011/5878.pdf HTTP/1.1" 200 504251
157.55.39.226 - - [01/Oct/2015:07:39:42 -0500] "GET /BLA/resoluciones/AUTOS%202011/5777.pdf HTTP/1.1" 200 202617
157.55.39.226 - - [01/Oct/2015:07:39:42 -0500] "GET /BLA/resoluciones/AUTOS%202011/4529.pdf HTTP/1.1" 200 190734
157.55.39.226 - - [01/Oct/2015:07:39:45 -0500] "GET /BLA/resoluciones/AUTOS%202008/0167.pdf HTTP/1.1" 200 119326
157.55.39.226 - - [01/Oct/2015:07:39:46 -0500] "GET /BLA/resoluciones/AUTOS%202011/0014.pdf HTTP/1.1" 200 159421
207.46.13.176 - - [01/Oct/2015:07:39:47 -0500] "GET /BLA/resoluciones/RESOLUCIONES%202008/1495.pdf HTTP/1.1" 200 327251
66.249.64.101 - - [01/Oct/2015:07:39:49 -0500] "GET /BLA/resoluciones/RESOLUCIONES%202010/0494.pdf HTTP/1.1" 200 119308
200.30.94.12 - - [01/Oct/2015:07:39:58 -0500] "GET /BLA/boletinlegal/js/jquery.scrollShow.js HTTP/1.1" 200 4586
200.30.94.12 - - [01/Oct/2015:07:39:58 -0500] "GET /galeria/galeria/jquery.fancybox.js?v=2.1.5 HTTP/1.1" 200 48706
200.30.94.12 - - [01/Oct/2015:07:39:58 -0500] "GET /galeria/galeria/jquery.fancybox.css?v=2.1.5 HTTP/1.1" 200 4895
186.28.206.223 - - [01/Oct/2015:07:40:07 -0500] "GET /galeria/galeria/jquery.fancybox.css?v=2.1.5 HTTP/1.1" 200 4895
186.28.206.223 - - [01/Oct/2015:07:40:07 -0500] "GET /BLA/boletinlegal/js/jquery.scrollShow.js HTTP/1.1" 200 4586
186.28.206.223 - - [01/Oct/2015:07:40:07 -0500] "GET /galeria/galeria/jquery.fancybox.js?v=2.1.5 HTTP/1.1" 200 48706
66.249.64.96 - - [01/Oct/2015:07:40:10 -0500] "GET /BLA/resoluciones/AUTOS%202010/0193.pdf HTTP/1.1" 200 261489
190.85.159.36 - - [01/Oct/2015:07:40:11 -0500] "GET /galeria/galeria/jquery.fancybox.css?v=2.1.5 HTTP/1.1" 200 4895
190.85.159.36 - - [01/Oct/2015:07:40:11 -0500] "GET /BLA/boletinlegal/js/jquery.scrollShow.js HTTP/1.1" 200 4586
190.85.159.36 - - [01/Oct/2015:07:40:11 -0500] "GET /galeria/galeria/jquery.fancybox.js?v=2.1.5 HTTP/1.1" 200 48706
207.46.13.1 - - [01/Oct/2015:07:40:13 -0500] "GET /BLA/resoluciones/AUTOS%202007/0855.pdf HTTP/1.1" 200 68781
207.46.13.1 - - [01/Oct/2015:07:40:13 -0500] "GET /BLA/resoluciones/AUTOS%202014/5808.pdf HTTP/1.1" 200 1521906
207.46.13.1 - - [01/Oct/2015:07:40:14 -0500] "GET /BLA/resoluciones/AUTOS%202013/1905.pdf HTTP/1.1" 200 273706
207.46.13.1 - - [01/Oct/2015:07:40:15 -0500] "GET /BLA/resoluciones/AUTOS%202008/2477.pdf HTTP/1.1" 200 172484
207.46.13.1 - - [01/Oct/2015:07:40:16 -0500] "GET /BLA/resoluciones/AUTOS%202010/0538.pdf HTTP/1.1" 200 215289
207.46.13.176 - - [01/Oct/2015:07:40:19 -0500] "GET /BLA/resoluciones/AUTOS%202012/1119.pdf HTTP/1.1" 200 180142
157.55.39.81 - - [01/Oct/2015:07:40:22 -0500] "GET /BLA/resoluciones/AUTOS%202013/3163.pdf HTTP/1.1" 200 482794
157.55.39.81 - - [01/Oct/2015:07:40:23 -0500] "GET /BLA/resoluciones/Autos%202008/2852.pdf HTTP/1.1" 200 97793
190.85.159.36 - - [01/Oct/2015:07:40:28 -0500] "GET /galeria/galeria/jquery.fancybox.css?v=2.1.5 HTTP/1.1" 304 -
190.85.159.36 - - [01/Oct/2015:07:40:28 -0500] "GET /BLA/boletinlegal/js/jquery.scrollShow.js HTTP/1.1" 304 -
190.85.159.36 - - [01/Oct/2015:07:40:29 -0500] "GET /galeria/galeria/jquery.fancybox.js?v=2.1.5 HTTP/1.1" 304 -
201.245.192.253 - - [01/Oct/2015:07:39:37 -0500] "GET /BLA/boletinlegal/ HTTP/1.1" 200 51063
66.249.64.106 - - [01/Oct/2015:07:40:31 -0500] "GET /BLA/resoluciones/RESOLUCIONES%202010/7344.pdf HTTP/1.1" 200 344051
201.245.192.253 - - [01/Oct/2015:07:40:33 -0500] "GET /BLA/boletinlegal/actos.php HTTP/1.1" 200 7551
157.55.39.81 - - [01/Oct/2015:07:40:34 -0500] "GET /BLA/resoluciones/RESOLUCIONES%202004/RES%202004%202101-2150/INDEX.DAT HTTP/1.1" 200 2000
201.245.192.253 - - [01/Oct/2015:07:40:34 -0500] "GET /BLA/resoluciones/ HTTP/1.1" 200 7916
201.245.192.253 - - [01/Oct/2015:07:40:39 -0500] "GET /BLA/resoluciones/index.php?dir=AUTOS+2012%2F HTTP/1.1" 200 256260
66.249.64.101 - - [01/Oct/2015:07:40:41 -0500] "GET /BLA/resoluciones/AUTOS%202008/1315.pdf HTTP/1.1" 200 126230
207.46.13.176 - - [01/Oct/2015:07:40:49 -0500] "GET /BLA/resoluciones/AUTOS%202011/0151.pdf HTTP/1.1" 200 129259
207.46.13.176 - - [01/Oct/2015:07:40:50 -0500] "GET /BLA/resoluciones/RESOLUCIONES%202008/2194.pdf HTTP/1.1" 200 464272
207.46.13.176 - - [01/Oct/2015:07:40:50 -0500] "GET /BLA/resoluciones/AUTOS%202008/0613.pdf HTTP/1.1" 200 163603
207.46.13.176 - - [01/Oct/2015:07:40:51 -0500] "GET /BLA/resoluciones/AUTOS%202014/3943.pdf HTTP/1.1" 200 623278
66.249.64.106 - - [01/Oct/2015:07:40:53 -0500] "GET /BLA/resoluciones/RESOLUCIONES%202007/RES%202007%20201%20AL%20300/RESOLUCION%200254%20DE%202007.pdf HTTP/1.1" 200 262329
157.55.39.81 - - [01/Oct/2015:07:41:12 -0500] "GET /BLA/resoluciones/AUTOS%202008/0363.pdf HTTP/1.1" 200 338709
66.249.64.101 - - [01/Oct/2015:07:41:13 -0500] "GET /BLA/resoluciones/RESOLUCIONES%202007/RES%202007%202201%20AL%202300/RESOLUCION%202243%20DE%202007.pdf HTTP/1.1" 304 -
66.249.64.101 - - [01/Oct/2015:07:41:14 -0500] "GET /BLA/resoluciones/RESOLUCIONES%202010/0388.pdf HTTP/1.1" 200 57684
157.55.39.225 - - [01/Oct/2015:07:41:16 -0500] "GET /BLA/resoluciones/Autos%202008/2250.pdf HTTP/1.1" 200 199728
157.55.39.225 - - [01/Oct/2015:07:41:26 -0500] "GET /BLA/resoluciones/RESOLUCIONES%202008/0237.pdf HTTP/1.1" 200 286275
157.55.39.225 - - [01/Oct/2015:07:41:28 -0500] "GET /BLA/resoluciones/AUTOS%202011/5666.pdf HTTP/1.1" 200 220581
207.46.13.1 - - [01/Oct/2015:07:41:31 -0500] "GET /BLA/resoluciones/AUTOS%202008/0969.pdf HTTP/1.1" 200 153779
207.46.13.1 - - [01/Oct/2015:07:41:33 -0500] "GET /BLA/resoluciones/AUTOS%202007/3669.pdf HTTP/1.1" 200 220434
207.46.13.1 - - [01/Oct/2015:07:41:34 -0500] "GET /BLA/resoluciones/AUTOS%202011/0216.pdf HTTP/1.1" 200 194813
207.46.13.1 - - [01/Oct/2015:07:41:34 -0500] "GET /BLA/resoluciones/AUTOS%202007/1173.pdf HTTP/1.1" 200 115479
207.46.13.1 - - [01/Oct/2015:07:41:35 -0500] "GET /BLA/resoluciones/AUTOS%202007/2731.pdf HTTP/1.1" 200 71667
66.249.64.96 - - [01/Oct/2015:07:41:35 -0500] "GET /BLA/resoluciones/AUTOS%202010/6622.pdf HTTP/1.1" 200 155113
201.245.192.253 - - [01/Oct/2015:07:41:50 -0500] "GET /isolucionsda/Logout.aspx HTTP/1.1" 200 648
201.245.192.253 - - [01/Oct/2015:07:41:51 -0500] "GET /isolucionsda/Logout.asp HTTP/1.1" 200 6054
201.245.192.253 - - [01/Oct/2015:07:41:51 -0500] "GET /isolucionsda/ControlDeInicio.asp HTTP/1.1" 200 739
201.245.192.253 - - [01/Oct/2015:07:41:51 -0500] "GET /isolucionsda/IdentificaUsuario.asp?Pagina1=FrameSetGeneral.asp& HTTP/1.1" 200 5090
201.245.192.253 - - [01/Oct/2015:07:41:53 -0500] "GET /galeria/galeria/jquery.fancybox.js?v=2.1.5 HTTP/1.1" 304 -
201.245.192.253 - - [01/Oct/2015:07:41:53 -0500] "GET /galeria/galeria/jquery.fancybox.css?v=2.1.5 HTTP/1.1" 304 -
207.46.13.176 - - [01/Oct/2015:07:41:54 -0500] "GET /BLA/resoluciones/AUTOS%202007/2913.pdf HTTP/1.1" 200 131507
