190.145.74.220 - - [01/Oct/2015:08:33:25 -0500] "GET /galeria/carrusel/Carrusel/jquery.thumbnailScroller.js HTTP/1.1" 200 8157
200.69.103.254 - - [01/Oct/2015:08:33:26 -0500] "GET /BLA/resoluciones/RESOLUCIONES%202011/6971.pdf HTTP/1.0" 206 32768
200.69.103.254 - - [01/Oct/2015:08:33:26 -0500] "GET /favicon.ico HTTP/1.0" 200 7782
66.249.64.71 - - [01/Oct/2015:08:33:26 -0500] "GET /BLA/resoluciones/RESOLUCIONES%202010/1933.pdf HTTP/1.1" 304 -
66.249.64.76 - - [01/Oct/2015:08:33:26 -0500] "GET /BLA/resoluciones/RESOLUCIONES%202012/0581.pdf HTTP/1.1" 304 -
190.145.74.220 - - [01/Oct/2015:08:33:27 -0500] "GET /galeria/nivo-slider/demo/demo.html HTTP/1.1" 200 3905
66.249.64.76 - - [01/Oct/2015:08:33:28 -0500] "GET /BLA/resoluciones/RESOLUCIONES%202007/RES%202007%203101%20AL%203200/RESOLUCION%203122%20DE%202007.pdf HTTP/1.1" 200 466751
190.145.74.220 - - [01/Oct/2015:08:33:30 -0500] "GET /galeria/nivo-slider/themes/default/default.css HTTP/1.1" 200 1569
190.145.74.220 - - [01/Oct/2015:08:33:30 -0500] "GET /galeria/nivo-slider/themes/pascal/pascal.css HTTP/1.1" 200 2258
190.145.74.220 - - [01/Oct/2015:08:33:30 -0500] "GET /galeria/nivo-slider/nivo-slider.css HTTP/1.1" 200 1507
190.145.74.220 - - [01/Oct/2015:08:33:30 -0500] "GET /galeria/nivo-slider/themes/orman/orman.css HTTP/1.1" 200 2152
190.145.74.220 - - [01/Oct/2015:08:33:30 -0500] "GET /galeria/nivo-slider/demo/images/La-SDA-se-suma-a-la-Gran-Movilizacion.jpg HTTP/1.1" 200 92233
190.145.74.220 - - [01/Oct/2015:08:33:30 -0500] "GET /galeria/nivo-slider/demo/style.css HTTP/1.1" 200 2222
190.145.74.220 - - [01/Oct/2015:08:33:30 -0500] "GET /galeria/nivo-slider/demo/scripts/jquery-1.7.1.min.js HTTP/1.1" 200 93868
190.145.74.220 - - [01/Oct/2015:08:33:30 -0500] "GET /galeria/nivo-slider/jquery.nivo.slider.pack.js HTTP/1.1" 200 11561
201.245.192.253 - - [01/Oct/2015:08:33:29 -0500] "POST /isolucionsda/Administracion/SalaEdicion/ArticuloMenu.asp HTTP/1.1" 200 18445
190.145.74.220 - - [01/Oct/2015:08:33:31 -0500] "GET /galeria/nivo-slider/demo/images/simulacro-nacional.jpg HTTP/1.1" 200 241925
190.145.74.220 - - [01/Oct/2015:08:33:31 -0500] "GET /galeria/nivo-slider/demo/images/simulacro-busqueda-rescate-urbano.jpg HTTP/1.1" 200 251375
190.145.74.220 - - [01/Oct/2015:08:33:31 -0500] "GET /galeria/nivo-slider/demo/images/Semana-PYBA.jpg HTTP/1.1" 200 103786
190.145.74.220 - - [01/Oct/2015:08:33:31 -0500] "GET /galeria/nivo-slider/demo/images/PREDAcamp.jpg HTTP/1.1" 200 295358
190.145.74.220 - - [01/Oct/2015:08:33:31 -0500] "GET /galeria/nivo-slider/demo/images/Plan-Quinquenal.jpg HTTP/1.1" 200 412438
190.145.74.220 - - [01/Oct/2015:08:33:31 -0500] "GET /galeria/nivo-slider/demo/images/banner-llantas2.jpg HTTP/1.1" 200 204644
190.145.74.220 - - [01/Oct/2015:08:33:31 -0500] "GET /galeria/nivo-slider/demo/images/4Simple_Slider.png HTTP/1.1" 200 11722
190.145.74.220 - - [01/Oct/2015:08:33:31 -0500] "GET /galeria/nivo-slider/themes/default/loading.gif HTTP/1.1" 200 1737
190.145.74.220 - - [01/Oct/2015:08:33:32 -0500] "GET /galeria/nivo-slider/demo/images/9Signos.jpg HTTP/1.1" 200 81776
190.145.74.220 - - [01/Oct/2015:08:33:32 -0500] "GET /galeria/nivo-slider/demo/images/Comparendo-ambiental-Banner.jpg HTTP/1.1" 200 83731
190.145.74.220 - - [01/Oct/2015:08:33:32 -0500] "GET /galeria/nivo-slider/demo/images/Ruta-vertimientos-01.jpg HTTP/1.1" 200 130151
190.145.74.220 - - [01/Oct/2015:08:33:32 -0500] "GET /galeria/nivo-slider/demo/images/bolsas-06.jpg HTTP/1.1" 200 90982
190.145.74.220 - - [01/Oct/2015:08:33:32 -0500] "GET /galeria/nivo-slider/demo/images/Conoce-los-humedales.jpg HTTP/1.1" 200 294036
190.145.74.220 - - [01/Oct/2015:08:33:33 -0500] "GET /galeria/nivo-slider/demo/images/ecolecta-Dic2014.png HTTP/1.1" 200 288593
207.46.13.176 - - [01/Oct/2015:08:33:34 -0500] "GET /BLA/resoluciones/AUTOS%202008/1988.pdf HTTP/1.1" 200 115665
201.245.192.253 - - [01/Oct/2015:08:33:34 -0500] "GET /isolucionsda/Administracion/SalaEdicion/Articulo.asp?Id_Articulo=8812 HTTP/1.1" 200 14710
207.46.13.176 - - [01/Oct/2015:08:33:35 -0500] "GET /BLA/resoluciones/AUTOS%202009/2749.pdf HTTP/1.1" 200 95890
157.253.145.24 - - [01/Oct/2015:08:33:35 -0500] "GET /BLA/boletinlegal/js/jquery.scrollShow.js HTTP/1.1" 200 4586
190.145.74.220 - - [01/Oct/2015:08:33:35 -0500] "GET /galeria/nivo-slider/themes/default/arrows.png HTTP/1.1" 200 824
190.145.74.220 - - [01/Oct/2015:08:33:35 -0500] "GET /galeria/nivo-slider/themes/default/bullets.png HTTP/1.1" 200 1281
207.46.13.176 - - [01/Oct/2015:08:33:35 -0500] "GET /BLA/resoluciones/AUTOS%202007/2294.pdf HTTP/1.1" 200 65898
157.253.145.24 - - [01/Oct/2015:08:33:36 -0500] "GET /galeria/galeria/jquery.fancybox.js?v=2.1.5 HTTP/1.1" 200 48706
157.253.145.24 - - [01/Oct/2015:08:33:36 -0500] "GET /galeria/galeria/jquery.fancybox.css?v=2.1.5 HTTP/1.1" 200 4895
190.25.102.25 - - [01/Oct/2015:08:33:37 -0500] "GET /BLA/boletinlegal/js/jquery.scrollShow.js HTTP/1.1" 200 4586
190.25.102.25 - - [01/Oct/2015:08:33:37 -0500] "GET /galeria/galeria/jquery.fancybox.js?v=2.1.5 HTTP/1.1" 200 48706
190.25.102.25 - - [01/Oct/2015:08:33:37 -0500] "GET /galeria/galeria/jquery.fancybox.css?v=2.1.5 HTTP/1.1" 200 4895
190.25.102.25 - - [01/Oct/2015:08:33:37 -0500] "GET /galeria/carrusel/Carrusel/jquery.thumbnailScroller.css HTTP/1.1" 200 2066
190.25.102.25 - - [01/Oct/2015:08:33:38 -0500] "GET /galeria/carrusel/Carrusel/jquery-ui-1.8.13.custom.min.js HTTP/1.1" 200 10800
190.25.102.25 - - [01/Oct/2015:08:33:38 -0500] "GET /galeria/carrusel/Carrusel/jquery.thumbnailScroller.js HTTP/1.1" 200 8157
190.25.102.25 - - [01/Oct/2015:08:33:40 -0500] "GET /galeria/nivo-slider/demo/demo.html HTTP/1.1" 200 3905
201.245.192.253 - - [01/Oct/2015:08:33:35 -0500] "GET /isolucionsda/Administracion/SalaEdicion/Articulo.asp?Id_Articulo=8812 HTTP/1.1" 200 328411
201.245.192.253 - - [01/Oct/2015:08:33:41 -0500] "GET /isolucionsda/javascript/ClickValidation.js HTTP/1.1" 404 1245
201.245.192.253 - - [01/Oct/2015:08:33:41 -0500] "GET /isolucionsda/Administracion/SalaEdicion/g/GifTransparente.gif HTTP/1.1" 404 1245
201.245.192.253 - - [01/Oct/2015:08:33:41 -0500] "GET /isolucionsda/Administracion/Graficas/vacio1x1.gif HTTP/1.1" 404 1245
190.25.102.25 - - [01/Oct/2015:08:33:41 -0500] "GET /galeria/nivo-slider/themes/default/default.css HTTP/1.1" 200 1569
190.25.102.25 - - [01/Oct/2015:08:33:41 -0500] "GET /galeria/nivo-slider/themes/pascal/pascal.css HTTP/1.1" 200 2258
190.25.102.25 - - [01/Oct/2015:08:33:42 -0500] "GET /galeria/nivo-slider/demo/style.css HTTP/1.1" 200 2222
190.25.102.25 - - [01/Oct/2015:08:33:42 -0500] "GET /galeria/nivo-slider/nivo-slider.css HTTP/1.1" 200 1507
190.25.102.25 - - [01/Oct/2015:08:33:42 -0500] "GET /galeria/nivo-slider/demo/images/La-SDA-se-suma-a-la-Gran-Movilizacion.jpg HTTP/1.1" 200 92233
190.25.102.25 - - [01/Oct/2015:08:33:42 -0500] "GET /galeria/nivo-slider/themes/orman/orman.css HTTP/1.1" 200 2152
190.25.102.25 - - [01/Oct/2015:08:33:42 -0500] "GET /galeria/nivo-slider/demo/images/simulacro-nacional.jpg HTTP/1.1" 200 241925
190.25.102.25 - - [01/Oct/2015:08:33:42 -0500] "GET /galeria/nivo-slider/demo/images/simulacro-busqueda-rescate-urbano.jpg HTTP/1.1" 200 251375
190.25.102.25 - - [01/Oct/2015:08:33:42 -0500] "GET /galeria/nivo-slider/demo/images/Semana-PYBA.jpg HTTP/1.1" 200 103786
190.25.102.25 - - [01/Oct/2015:08:33:42 -0500] "GET /galeria/nivo-slider/demo/images/Plan-Quinquenal.jpg HTTP/1.1" 200 412438
66.249.64.76 - - [01/Oct/2015:08:33:42 -0500] "GET /BLA/resoluciones/RESOLUCIONES%202010/0481.pdf HTTP/1.1" 200 103908
190.25.102.25 - - [01/Oct/2015:08:33:42 -0500] "GET /galeria/nivo-slider/demo/images/PREDAcamp.jpg HTTP/1.1" 200 295358
190.25.102.25 - - [01/Oct/2015:08:33:42 -0500] "GET /galeria/nivo-slider/demo/images/banner-llantas2.jpg HTTP/1.1" 200 204644
190.25.102.25 - - [01/Oct/2015:08:33:42 -0500] "GET /galeria/nivo-slider/demo/images/9Signos.jpg HTTP/1.1" 200 81776
190.25.102.25 - - [01/Oct/2015:08:33:42 -0500] "GET /galeria/nivo-slider/demo/images/Comparendo-ambiental-Banner.jpg HTTP/1.1" 200 83731
157.55.39.81 - - [01/Oct/2015:08:33:42 -0500] "GET /BLA/resoluciones/AUTOS%202007/1500.pdf HTTP/1.1" 200 110014
190.25.102.25 - - [01/Oct/2015:08:33:43 -0500] "GET /galeria/nivo-slider/demo/images/Ruta-vertimientos-01.jpg HTTP/1.1" 200 130151
190.25.102.25 - - [01/Oct/2015:08:33:43 -0500] "GET /galeria/nivo-slider/demo/images/bolsas-06.jpg HTTP/1.1" 200 90982
190.25.102.25 - - [01/Oct/2015:08:33:43 -0500] "GET /galeria/nivo-slider/demo/images/Conoce-los-humedales.jpg HTTP/1.1" 200 294036
190.25.102.25 - - [01/Oct/2015:08:33:43 -0500] "GET /galeria/nivo-slider/demo/images/ecolecta-Dic2014.png HTTP/1.1" 200 288593
190.25.102.25 - - [01/Oct/2015:08:33:44 -0500] "GET /galeria/nivo-slider/demo/scripts/jquery-1.7.1.min.js HTTP/1.1" 200 93868
157.55.39.81 - - [01/Oct/2015:08:33:44 -0500] "GET /BLA/resoluciones/AUTOS%202013/0157.pdf HTTP/1.1" 200 1720610
190.25.102.25 - - [01/Oct/2015:08:33:44 -0500] "GET /galeria/nivo-slider/jquery.nivo.slider.pack.js HTTP/1.1" 200 11561
190.25.102.25 - - [01/Oct/2015:08:33:44 -0500] "GET /galeria/nivo-slider/demo/images/4Simple_Slider.png HTTP/1.1" 200 11722
157.55.39.81 - - [01/Oct/2015:08:33:44 -0500] "GET /BLA/resoluciones/AUTOS%202008/0933.pdf HTTP/1.1" 200 85864
190.25.102.25 - - [01/Oct/2015:08:33:45 -0500] "GET /galeria/nivo-slider/themes/default/loading.gif HTTP/1.1" 200 1737
190.25.102.25 - - [01/Oct/2015:08:33:45 -0500] "GET /galeria/nivo-slider/themes/default/arrows.png HTTP/1.1" 200 824
190.25.102.25 - - [01/Oct/2015:08:33:45 -0500] "GET /galeria/nivo-slider/themes/default/bullets.png HTTP/1.1" 200 1281
161.22.133.239 - - [01/Oct/2015:08:33:46 -0500] "GET /BLA/boletinlegal/js/jquery.scrollShow.js HTTP/1.1" 200 4586
161.22.133.239 - - [01/Oct/2015:08:33:46 -0500] "GET /galeria/galeria/jquery.fancybox.css?v=2.1.5 HTTP/1.1" 200 4895
161.22.133.239 - - [01/Oct/2015:08:33:46 -0500] "GET /galeria/galeria/jquery.fancybox.js?v=2.1.5 HTTP/1.1" 200 48706
200.71.55.108 - - [01/Oct/2015:08:33:50 -0500] "GET /galeria/galeria/jquery.fancybox.js?v=2.1.5 HTTP/1.1" 200 48706
200.71.55.108 - - [01/Oct/2015:08:33:50 -0500] "GET /BLA/boletinlegal/js/jquery.scrollShow.js HTTP/1.1" 200 4586
200.71.55.108 - - [01/Oct/2015:08:33:50 -0500] "GET /galeria/galeria/jquery.fancybox.css?v=2.1.5 HTTP/1.1" 200 4895
186.154.143.250 - - [01/Oct/2015:08:33:52 -0500] "GET /galeria/galeria/jquery.fancybox.js?v=2.1.5 HTTP/1.1" 304 -
186.154.143.250 - - [01/Oct/2015:08:33:52 -0500] "GET /galeria/galeria/jquery.fancybox.css?v=2.1.5 HTTP/1.1" 304 -
186.39.17.128 - - [01/Oct/2015:08:33:53 -0500] "GET /galeria/nivo-slider/demo/demo.html HTTP/1.1" 200 3905
181.49.73.243 - - [01/Oct/2015:08:33:54 -0500] "GET /forms/frmservlet?config=sia HTTP/1.1" 200 4028
186.39.17.128 - - [01/Oct/2015:08:33:54 -0500] "GET /galeria/nivo-slider/themes/default/default.css HTTP/1.1" 200 1569
186.39.17.128 - - [01/Oct/2015:08:33:54 -0500] "GET /galeria/nivo-slider/themes/pascal/pascal.css HTTP/1.1" 200 2258
186.39.17.128 - - [01/Oct/2015:08:33:54 -0500] "GET /galeria/nivo-slider/themes/orman/orman.css HTTP/1.1" 200 2152
66.249.64.71 - - [01/Oct/2015:08:33:54 -0500] "GET /BLA/resoluciones/RESOLUCIONES%202008/3145.pdf HTTP/1.1" 200 462425
186.39.17.128 - - [01/Oct/2015:08:33:54 -0500] "GET /galeria/nivo-slider/nivo-slider.css HTTP/1.1" 200 1507
186.39.17.128 - - [01/Oct/2015:08:33:54 -0500] "GET /galeria/nivo-slider/demo/style.css HTTP/1.1" 200 2222
186.39.17.128 - - [01/Oct/2015:08:33:54 -0500] "GET /galeria/nivo-slider/demo/scripts/jquery-1.7.1.min.js HTTP/1.1" 200 93868
186.39.17.128 - - [01/Oct/2015:08:33:54 -0500] "GET /galeria/nivo-slider/jquery.nivo.slider.pack.js HTTP/1.1" 200 11561
186.39.17.128 - - [01/Oct/2015:08:33:54 -0500] "GET /galeria/nivo-slider/demo/images/La-SDA-se-suma-a-la-Gran-Movilizacion.jpg HTTP/1.1" 200 92233
186.39.17.128 - - [01/Oct/2015:08:33:54 -0500] "GET /galeria/nivo-slider/demo/images/simulacro-nacional.jpg HTTP/1.1" 200 241925
186.39.17.128 - - [01/Oct/2015:08:33:54 -0500] "GET /galeria/nivo-slider/demo/images/simulacro-busqueda-rescate-urbano.jpg HTTP/1.1" 200 251375
186.39.17.128 - - [01/Oct/2015:08:33:54 -0500] "GET /galeria/nivo-slider/demo/images/Semana-PYBA.jpg HTTP/1.1" 200 103786
186.39.17.128 - - [01/Oct/2015:08:33:55 -0500] "GET /galeria/nivo-slider/demo/images/4Simple_Slider.png HTTP/1.1" 200 11722
186.39.17.128 - - [01/Oct/2015:08:33:56 -0500] "GET /galeria/nivo-slider/themes/default/loading.gif HTTP/1.1" 200 1737
186.39.17.128 - - [01/Oct/2015:08:33:56 -0500] "GET /galeria/nivo-slider/demo/images/Plan-Quinquenal.jpg HTTP/1.1" 200 412438
186.39.17.128 - - [01/Oct/2015:08:33:56 -0500] "GET /galeria/nivo-slider/demo/images/PREDAcamp.jpg HTTP/1.1" 200 295358
186.39.17.128 - - [01/Oct/2015:08:33:56 -0500] "GET /galeria/nivo-slider/demo/images/banner-llantas2.jpg HTTP/1.1" 200 204644
186.39.17.128 - - [01/Oct/2015:08:33:57 -0500] "GET /galeria/nivo-slider/demo/images/9Signos.jpg HTTP/1.1" 200 81776
186.39.17.128 - - [01/Oct/2015:08:33:57 -0500] "GET /galeria/nivo-slider/demo/images/Comparendo-ambiental-Banner.jpg HTTP/1.1" 200 83731
157.55.39.81 - - [01/Oct/2015:08:33:57 -0500] "GET /BLA/resoluciones/AUTOS%202008/0569.pdf HTTP/1.1" 200 172671
186.39.17.128 - - [01/Oct/2015:08:33:58 -0500] "GET /galeria/nivo-slider/demo/images/Ruta-vertimientos-01.jpg HTTP/1.1" 200 130151
186.39.17.128 - - [01/Oct/2015:08:33:58 -0500] "GET /galeria/nivo-slider/demo/images/bolsas-06.jpg HTTP/1.1" 200 90982
186.39.17.128 - - [01/Oct/2015:08:33:58 -0500] "GET /galeria/nivo-slider/demo/images/Conoce-los-humedales.jpg HTTP/1.1" 200 294036
186.39.17.128 - - [01/Oct/2015:08:33:58 -0500] "GET /galeria/nivo-slider/demo/images/ecolecta-Dic2014.png HTTP/1.1" 200 288593
157.55.39.81 - - [01/Oct/2015:08:33:58 -0500] "GET /BLA/resoluciones/AUTOS%202008/2562.pdf HTTP/1.1" 200 229756
186.39.17.128 - - [01/Oct/2015:08:33:59 -0500] "GET /galeria/nivo-slider/themes/default/arrows.png HTTP/1.1" 200 824
186.39.17.128 - - [01/Oct/2015:08:33:59 -0500] "GET /galeria/nivo-slider/themes/default/bullets.png HTTP/1.1" 200 1281
74.86.158.107 - - [01/Oct/2015:08:34:00 -0500] "HEAD / HTTP/1.1" 200 -
207.46.13.1 - - [01/Oct/2015:08:34:02 -0500] "GET /BLA/resoluciones/RESOLUCIONES%202008/1782.pdf HTTP/1.1" 200 272352
207.46.13.1 - - [01/Oct/2015:08:34:02 -0500] "GET /BLA/resoluciones/AUTOS%202012/2123.pdf HTTP/1.1" 200 484750
161.22.133.239 - - [01/Oct/2015:08:34:02 -0500] "GET /BLA/boletinlegal/js/jquery.scrollShow.js HTTP/1.1" 304 -
161.22.133.239 - - [01/Oct/2015:08:34:02 -0500] "GET /galeria/galeria/jquery.fancybox.js?v=2.1.5 HTTP/1.1" 304 -
161.22.133.239 - - [01/Oct/2015:08:34:02 -0500] "GET /galeria/galeria/jquery.fancybox.css?v=2.1.5 HTTP/1.1" 304 -
207.46.13.1 - - [01/Oct/2015:08:34:03 -0500] "GET /BLA/resoluciones/AUTOS%202011/1331.pdf HTTP/1.1" 200 152045
66.249.64.66 - - [01/Oct/2015:08:34:04 -0500] "GET /BLA/resoluciones/RESOLUCIONES%202010/0581.pdf HTTP/1.1" 200 101224
190.25.102.25 - - [01/Oct/2015:08:34:04 -0500] "GET /BLA/boletinlegal/style.css HTTP/1.1" 200 9406
190.25.102.25 - - [01/Oct/2015:08:34:04 -0500] "GET /BLA/boletinlegal/styles2.css HTTP/1.1" 200 1838
190.25.102.25 - - [01/Oct/2015:08:34:04 -0500] "GET /BLA/boletinlegal/js/jquery.js HTTP/1.1" 200 57254
190.25.102.25 - - [01/Oct/2015:08:34:04 -0500] "GET /BLA/boletinlegal/js/jquery.scrollTo-min.js HTTP/1.1" 200 1150
190.25.102.25 - - [01/Oct/2015:08:34:04 -0500] "GET /BLA/boletinlegal/images/cabezote%20BLEGAL.jpg HTTP/1.1" 200 118164
190.25.102.25 - - [01/Oct/2015:08:34:05 -0500] "GET /BLA/boletinlegal/images/nuevo.gif HTTP/1.1" 200 26475
190.25.102.25 - - [01/Oct/2015:08:34:05 -0500] "GET /BLA/boletinlegal/images/historia.png HTTP/1.1" 200 52775
190.25.102.25 - - [01/Oct/2015:08:34:05 -0500] "GET /BLA/boletinlegal/images/screen_1.png HTTP/1.1" 200 202547
190.25.102.25 - - [01/Oct/2015:08:34:05 -0500] "GET /BLA/boletinlegal/images/launch.jpg HTTP/1.1" 200 14577
190.25.102.25 - - [01/Oct/2015:08:34:05 -0500] "GET /BLA/boletinlegal/images/arr_l.jpg HTTP/1.1" 200 1979
190.25.102.25 - - [01/Oct/2015:08:34:05 -0500] "GET /BLA/boletinlegal/images/subscribe-icon-big.png HTTP/1.1" 200 47702
190.25.102.25 - - [01/Oct/2015:08:34:05 -0500] "GET /BLA/boletinlegal/images/screen_2.png HTTP/1.1" 200 362502
190.25.102.25 - - [01/Oct/2015:08:34:05 -0500] "GET /BLA/boletinlegal/images/body_bg.jpg HTTP/1.1" 200 1601
190.25.102.25 - - [01/Oct/2015:08:34:05 -0500] "GET /BLA/boletinlegal/images/menu_rght.gif HTTP/1.1" 200 1627
190.25.102.25 - - [01/Oct/2015:08:34:05 -0500] "GET /BLA/boletinlegal/images/menu_lft.gif HTTP/1.1" 200 1713
190.25.102.25 - - [01/Oct/2015:08:34:05 -0500] "GET /BLA/boletinlegal/images/bg_top.jpg HTTP/1.1" 200 522
190.25.102.25 - - [01/Oct/2015:08:34:05 -0500] "GET /BLA/boletinlegal/images/menu_bg.jpg HTTP/1.1" 200 620
190.25.102.25 - - [01/Oct/2015:08:34:05 -0500] "GET /BLA/boletinlegal/images/screen_5.png HTTP/1.1" 200 368876
190.25.102.25 - - [01/Oct/2015:08:34:05 -0500] "GET /BLA/boletinlegal/images/screen_3.png HTTP/1.1" 200 210620
190.25.102.25 - - [01/Oct/2015:08:34:05 -0500] "GET /BLA/boletinlegal/images/text.jpg HTTP/1.1" 200 568
190.25.102.25 - - [01/Oct/2015:08:34:06 -0500] "GET /BLA/boletinlegal/images/footer_bg.jpg HTTP/1.1" 200 586
190.25.102.25 - - [01/Oct/2015:08:34:06 -0500] "GET /BLA/boletinlegal/images/arr_r.jpg HTTP/1.1" 200 1998
190.25.102.25 - - [01/Oct/2015:08:34:06 -0500] "GET /BLA/boletinlegal/images/hover.jpg HTTP/1.1" 200 640
190.25.102.25 - - [01/Oct/2015:08:34:06 -0500] "GET /BLA/boletinlegal/images/pdf.gif HTTP/1.1" 200 567
207.46.13.176 - - [01/Oct/2015:08:34:06 -0500] "GET /BLA/resoluciones/AUTOS%202014/3690.pdf HTTP/1.1" 200 221371
207.46.13.176 - - [01/Oct/2015:08:34:07 -0500] "GET /BLA/resoluciones/AUTOS%202014/5849.pdf HTTP/1.1" 200 474699
207.46.13.176 - - [01/Oct/2015:08:34:07 -0500] "GET /BLA/resoluciones/AUTOS%202011/4764.pdf HTTP/1.1" 200 258669
207.46.13.176 - - [01/Oct/2015:08:34:08 -0500] "GET /BLA/resoluciones/AUTOS%202011/3805.pdf HTTP/1.1" 200 174835
190.25.102.25 - - [01/Oct/2015:08:34:09 -0500] "GET /BLA/boletinlegal/actos.php HTTP/1.1" 200 7551
190.25.102.25 - - [01/Oct/2015:08:34:10 -0500] "GET /BLA/boletinlegal/js/ajax_actos.js HTTP/1.1" 200 1322
190.25.102.25 - - [01/Oct/2015:08:34:10 -0500] "GET /BLA/boletinlegal/js/lib.js HTTP/1.1" 200 6474
190.25.102.25 - - [01/Oct/2015:08:34:10 -0500] "GET /BLA/boletinlegal/niceforms.js HTTP/1.1" 200 22876
190.25.102.25 - - [01/Oct/2015:08:34:10 -0500] "GET /BLA/boletinlegal/js/popup.js HTTP/1.1" 200 1270
190.25.102.25 - - [01/Oct/2015:08:34:10 -0500] "GET /BLA/boletinlegal/niceforms-default.css HTTP/1.1" 200 6694
190.25.102.25 - - [01/Oct/2015:08:34:10 -0500] "GET /BLA/boletinlegal/js/jquery1.js HTTP/1.1" 200 29846
190.25.102.25 - - [01/Oct/2015:08:34:10 -0500] "GET /BLA/boletinlegal/images/green-yellow-blue-pink-th.png HTTP/1.1" 200 7394
190.25.102.25 - - [01/Oct/2015:08:34:10 -0500] "GET /BLA/boletinlegal/images/abajo.png HTTP/1.1" 200 96676
190.25.102.25 - - [01/Oct/2015:08:34:10 -0500] "GET /BLA/boletinlegal/images/footer_bg_l.jpg HTTP/1.1" 200 776
190.25.102.25 - - [01/Oct/2015:08:34:10 -0500] "GET /BLA/boletinlegal/img/0.png HTTP/1.1" 200 110
190.25.102.25 - - [01/Oct/2015:08:34:10 -0500] "GET /BLA/boletinlegal/img/button-right.png HTTP/1.1" 200 57878
190.25.102.25 - - [01/Oct/2015:08:34:10 -0500] "GET /BLA/boletinlegal/img/button.png HTTP/1.1" 200 43241
190.25.102.25 - - [01/Oct/2015:08:34:10 -0500] "GET /BLA/boletinlegal/img/select-left.png HTTP/1.1" 200 263
190.25.102.25 - - [01/Oct/2015:08:34:10 -0500] "GET /BLA/boletinlegal/img/button-left.png HTTP/1.1" 200 57071
190.25.102.25 - - [01/Oct/2015:08:34:10 -0500] "GET /BLA/boletinlegal/img/select-right.png HTTP/1.1" 200 44019
190.25.102.25 - - [01/Oct/2015:08:34:10 -0500] "GET /favicon.ico HTTP/1.1" 200 7782
200.69.103.254 - - [01/Oct/2015:08:34:11 -0500] "GET /BLA/resoluciones/RESOLUCIONES%202011/6971.pdf HTTP/1.0" 206 32768
200.69.103.254 - - [01/Oct/2015:08:34:11 -0500] "GET /BLA/resoluciones/RESOLUCIONES%202011/6971.pdf HTTP/1.0" 206 32768
200.69.103.254 - - [01/Oct/2015:08:34:12 -0500] "GET /BLA/resoluciones/RESOLUCIONES%202011/6971.pdf HTTP/1.0" 206 32768
200.69.103.254 - - [01/Oct/2015:08:34:12 -0500] "GET /BLA/resoluciones/RESOLUCIONES%202011/6971.pdf HTTP/1.0" 206 32768
207.46.13.176 - - [01/Oct/2015:08:34:13 -0500] "GET /BLA/resoluciones/AUTOS%202011/7067.pdf HTTP/1.1" 200 174534
200.69.103.254 - - [01/Oct/2015:08:34:13 -0500] "GET /BLA/resoluciones/RESOLUCIONES%202011/6971.pdf HTTP/1.0" 206 32768
200.69.103.254 - - [01/Oct/2015:08:34:13 -0500] "GET /BLA/resoluciones/RESOLUCIONES%202011/6971.pdf HTTP/1.0" 206 32768
200.69.103.254 - - [01/Oct/2015:08:34:14 -0500] "GET /BLA/resoluciones/RESOLUCIONES%202011/6971.pdf HTTP/1.0" 206 32768
200.69.103.254 - - [01/Oct/2015:08:34:15 -0500] "GET /BLA/resoluciones/RESOLUCIONES%202011/6971.pdf HTTP/1.0" 206 32768
200.69.103.254 - - [01/Oct/2015:08:34:16 -0500] "GET /BLA/resoluciones/RESOLUCIONES%202011/6971.pdf HTTP/1.0" 206 32768
190.25.102.25 - - [01/Oct/2015:08:34:16 -0500] "GET /BLA/boletinlegal/actos.php HTTP/1.1" 200 7551
200.69.103.254 - - [01/Oct/2015:08:34:17 -0500] "GET /BLA/resoluciones/RESOLUCIONES%202011/6971.pdf HTTP/1.0" 206 32768
200.69.103.254 - - [01/Oct/2015:08:34:17 -0500] "GET /BLA/resoluciones/RESOLUCIONES%202011/6971.pdf HTTP/1.0" 206 65536
207.46.13.1 - - [01/Oct/2015:08:34:17 -0500] "GET /BLA/resoluciones/AUTOS%202014/1408.pdf HTTP/1.1" 200 655094
200.69.103.254 - - [01/Oct/2015:08:34:18 -0500] "GET /BLA/resoluciones/RESOLUCIONES%202011/6971.pdf HTTP/1.0" 206 65536
181.49.73.243 - - [01/Oct/2015:08:34:19 -0500] "GET /forms/java/frmall_jinit.jar HTTP/1.1" 304 -
181.49.73.243 - - [01/Oct/2015:08:34:19 -0500] "GET /forms/java/icons.jar HTTP/1.1" 304 -
181.49.73.243 - - [01/Oct/2015:08:34:20 -0500] "GET /forms/java/java/awt/KeyboardFocusManager.class HTTP/1.1" 404 352
181.49.73.243 - - [01/Oct/2015:08:34:20 -0500] "GET /forms/java/java/awt/KeyboardFocusManager.class HTTP/1.1" 404 352
200.69.103.254 - - [01/Oct/2015:08:34:20 -0500] "GET /BLA/resoluciones/RESOLUCIONES%202011/6971.pdf HTTP/1.0" 206 65536
181.49.73.243 - - [01/Oct/2015:08:34:21 -0500] "GET /forms/java/java/awt/event/MouseWheelListener.class HTTP/1.1" 404 356
181.49.73.243 - - [01/Oct/2015:08:34:21 -0500] "GET /forms/java/java/awt/event/MouseWheelListener.class HTTP/1.1" 404 356
200.69.103.254 - - [01/Oct/2015:08:34:21 -0500] "GET /BLA/resoluciones/RESOLUCIONES%202011/6971.pdf HTTP/1.0" 206 80693
181.49.73.243 - - [01/Oct/2015:08:34:22 -0500] "GET /forms/java/oracle/forms/registry/Registry.dat HTTP/1.1" 200 4213
181.49.73.243 - - [01/Oct/2015:08:34:22 -0500] "GET /forms/java/oracle/forms/registry/default.dat HTTP/1.1" 404 350
181.49.73.243 - - [01/Oct/2015:08:34:22 -0500] "GET /forms/frmservlet?config=sia&acceptLanguage=es-CO&ifcmd=startsession HTTP/1.1" 200 119
181.49.73.243 - - [01/Oct/2015:08:34:22 -0500] "GET /forms/lservlet;jsessionid=ac16012b30d676533dc669d74c368264f14524b53be3.e3iSbxaKaheRe38Ka34Oa3eLbxf0n6jAmljGr5XDqQLvpAe?ifcmd=getinfo&ifhost=DanielRoa&ifip=192.168.0.13 HTTP/1.1" 200 8
181.49.73.243 - - [01/Oct/2015:08:34:22 -0500] "POST /forms/lservlet;jsessionid=ac16012b30d676533dc669d74c368264f14524b53be3.e3iSbxaKaheRe38Ka34Oa3eLbxf0n6jAmljGr5XDqQLvpAe HTTP/1.1" 200 8
181.49.73.243 - - [01/Oct/2015:08:34:23 -0500] "GET /forms/java/oracle/forms/engine/RunformBundle_es_CO.class HTTP/1.1" 404 362
181.49.73.243 - - [01/Oct/2015:08:34:23 -0500] "GET /forms/java/oracle/forms/engine/RunformBundle_es_CO.class HTTP/1.1" 404 362
181.49.73.243 - - [01/Oct/2015:08:34:23 -0500] "GET /forms/java/oracle/forms/engine/RunformBundle_es_CO.properties HTTP/1.1" 404 367
190.25.102.25 - - [01/Oct/2015:08:34:23 -0500] "GET /BLA/boletinlegal/normativa.php HTTP/1.1" 200 7023
190.25.102.25 - - [01/Oct/2015:08:34:24 -0500] "GET /BLA/boletinlegal/js/ajax_normativa.js HTTP/1.1" 200 1154
181.49.73.243 - - [01/Oct/2015:08:34:23 -0500] "POST /forms/lservlet;jsessionid=ac16012b30d676533dc669d74c368264f14524b53be3.e3iSbxaKaheRe38Ka34Oa3eLbxf0n6jAmljGr5XDqQLvpAe HTTP/1.1" 200 64000
66.249.64.76 - - [01/Oct/2015:08:34:24 -0500] "GET /BLA/resoluciones/RESOLUCIONES%202010/0884.pdf HTTP/1.1" 200 106000
181.49.73.243 - - [01/Oct/2015:08:34:24 -0500] "POST /forms/lservlet;jsessionid=ac16012b30d676533dc669d74c368264f14524b53be3.e3iSbxaKaheRe38Ka34Oa3eLbxf0n6jAmljGr5XDqQLvpAe HTTP/1.1" 200 64000
190.25.102.25 - - [01/Oct/2015:08:34:26 -0500] "GET /BLA/boletinlegal/norma_menu.php HTTP/1.1" 200 5344
181.49.73.243 - - [01/Oct/2015:08:34:26 -0500] "HEAD /imagenes/dama_logo.gif HTTP/1.1" 200 -
181.49.73.243 - - [01/Oct/2015:08:34:26 -0500] "POST /forms/lservlet;jsessionid=ac16012b30d676533dc669d74c368264f14524b53be3.e3iSbxaKaheRe38Ka34Oa3eLbxf0n6jAmljGr5XDqQLvpAe HTTP/1.1" 200 63623
181.49.73.243 - - [01/Oct/2015:08:34:26 -0500] "GET /imagenes/dama_logo.gif HTTP/1.1" 200 21482
190.25.102.25 - - [01/Oct/2015:08:34:26 -0500] "GET /BLA/boletinlegal/js/ajax.js HTTP/1.1" 200 772
190.25.102.25 - - [01/Oct/2015:08:34:27 -0500] "GET /BLA/boletinlegal/images/signo-mas.gif HTTP/1.1" 200 13689
190.25.102.25 - - [01/Oct/2015:08:34:27 -0500] "GET /BLA/boletinlegal/swfobject.js HTTP/1.1" 200 9763
190.25.102.25 - - [01/Oct/2015:08:34:27 -0500] "GET /BLA/boletinlegal/images/signo-menos.gif HTTP/1.1" 200 13454
181.49.73.243 - - [01/Oct/2015:08:34:27 -0500] "POST /forms/lservlet;jsessionid=ac16012b30d676533dc669d74c368264f14524b53be3.e3iSbxaKaheRe38Ka34Oa3eLbxf0n6jAmljGr5XDqQLvpAe HTTP/1.1" 200 2
181.49.73.243 - - [01/Oct/2015:08:34:27 -0500] "POST /forms/lservlet;jsessionid=ac16012b30d676533dc669d74c368264f14524b53be3.e3iSbxaKaheRe38Ka34Oa3eLbxf0n6jAmljGr5XDqQLvpAe HTTP/1.1" 200 2
190.25.102.25 - - [01/Oct/2015:08:34:27 -0500] "GET /BLA/boletinlegal/images/img_3.jpg HTTP/1.1" 200 1841
190.25.102.25 - - [01/Oct/2015:08:34:27 -0500] "GET /BLA/boletinlegal/carousel.swf HTTP/1.1" 200 63487
190.25.102.25 - - [01/Oct/2015:08:34:28 -0500] "GET /BLA/boletinlegal/settings.xml HTTP/1.1" 200 2059
190.25.102.25 - - [01/Oct/2015:08:34:28 -0500] "GET /BLA/boletinlegal/images.xml HTTP/1.1" 200 3941
190.25.102.25 - - [01/Oct/2015:08:34:29 -0500] "GET /BLA/boletinlegal/images/rui.png HTTP/1.1" 200 469106
190.25.102.25 - - [01/Oct/2015:08:34:29 -0500] "GET /BLA/boletinlegal/images/emis.png HTTP/1.1" 200 448203
190.25.102.25 - - [01/Oct/2015:08:34:29 -0500] "GET /BLA/boletinlegal/images/pev.png HTTP/1.1" 200 404876
190.25.102.25 - - [01/Oct/2015:08:34:29 -0500] "GET /BLA/boletinlegal/images/hidro.png HTTP/1.1" 200 517362
190.25.102.25 - - [01/Oct/2015:08:34:29 -0500] "GET /BLA/boletinlegal/images/flor.png HTTP/1.1" 200 587454
190.25.102.25 - - [01/Oct/2015:08:34:29 -0500] "GET /BLA/boletinlegal/images/faun.png HTTP/1.1" 200 613440
201.245.192.253 - - [01/Oct/2015:08:34:30 -0500] "GET /galeria/nivo-slider/demo/demo.html HTTP/1.1" 200 3905
190.25.102.25 - - [01/Oct/2015:08:34:31 -0500] "GET /BLA/boletinlegal/images/silvi.png HTTP/1.1" 200 588511
190.25.102.25 - - [01/Oct/2015:08:34:31 -0500] "GET /BLA/boletinlegal/images/hume.png HTTP/1.1" 200 481651
190.25.102.25 - - [01/Oct/2015:08:34:31 -0500] "GET /BLA/boletinlegal/images/vert.png HTTP/1.1" 200 485866
201.245.192.253 - - [01/Oct/2015:08:34:31 -0500] "GET /galeria/nivo-slider/demo/images/La-SDA-se-suma-a-la-Gran-Movilizacion.jpg HTTP/1.1" 304 -
201.245.192.253 - - [01/Oct/2015:08:34:31 -0500] "GET /galeria/nivo-slider/demo/images/simulacro-busqueda-rescate-urbano.jpg HTTP/1.1" 200 251375
201.245.192.253 - - [01/Oct/2015:08:34:31 -0500] "GET /galeria/nivo-slider/demo/images/simulacro-nacional.jpg HTTP/1.1" 200 241925
190.25.102.25 - - [01/Oct/2015:08:34:31 -0500] "GET /BLA/boletinlegal/images/resi.png HTTP/1.1" 200 556571
201.245.192.253 - - [01/Oct/2015:08:34:31 -0500] "GET /galeria/nivo-slider/demo/images/Plan-Quinquenal.jpg HTTP/1.1" 304 -
201.245.192.253 - - [01/Oct/2015:08:34:31 -0500] "GET /galeria/nivo-slider/demo/images/9Signos.jpg HTTP/1.1" 304 -
190.25.102.25 - - [01/Oct/2015:08:34:32 -0500] "GET /BLA/boletinlegal/images/lice.png HTTP/1.1" 200 487297
186.115.217.243 - - [01/Oct/2015:08:34:32 -0500] "GET /galeria/galeria/jquery.fancybox.js?v=2.1.5 HTTP/1.1" 304 -
186.115.217.243 - - [01/Oct/2015:08:34:33 -0500] "GET /galeria/galeria/jquery.fancybox.css?v=2.1.5 HTTP/1.1" 304 -
190.25.102.25 - - [01/Oct/2015:08:34:33 -0500] "GET /BLA/boletinlegal/images/pma.png HTTP/1.1" 200 530205
190.25.102.25 - - [01/Oct/2015:08:34:33 -0500] "GET /BLA/boletinlegal/images/cons.png HTTP/1.1" 200 545034
190.25.102.25 - - [01/Oct/2015:08:34:34 -0500] "GET /BLA/boletinlegal/actos.php HTTP/1.1" 200 7551
190.25.102.25 - - [01/Oct/2015:08:33:52 -0500] "GET /BLA/boletinlegal/index.php? HTTP/1.1" 200 40907
190.25.102.25 - - [01/Oct/2015:08:34:34 -0500] "GET /BLA/boletinlegal/images/comp-estr.png HTTP/1.1" 200 644020
190.25.102.25 - - [01/Oct/2015:08:34:35 -0500] "GET /BLA/boletinlegal/images/bla.png HTTP/1.1" 200 113997
157.55.39.81 - - [01/Oct/2015:08:34:35 -0500] "GET /BLA/resoluciones/AUTOS%202008/2577.pdf HTTP/1.1" 200 159159
186.115.217.243 - - [01/Oct/2015:08:34:35 -0500] "GET /galeria/nivo-slider/demo/demo.html HTTP/1.1" 200 3905
186.115.217.243 - - [01/Oct/2015:08:34:35 -0500] "GET /galeria/nivo-slider/demo/images/simulacro-nacional.jpg HTTP/1.1" 200 241925
186.115.217.243 - - [01/Oct/2015:08:34:35 -0500] "GET /galeria/nivo-slider/demo/images/simulacro-busqueda-rescate-urbano.jpg HTTP/1.1" 200 251375
157.55.39.81 - - [01/Oct/2015:08:34:35 -0500] "GET /BLA/resoluciones/AUTOS%202008/0002.pdf HTTP/1.1" 200 76647
190.25.102.25 - - [01/Oct/2015:08:34:36 -0500] "GET /BLA/boletinlegal/conceptos.php HTTP/1.1" 200 6122
190.25.102.25 - - [01/Oct/2015:08:34:36 -0500] "GET /BLA/boletinlegal/js/ajax_conceptos.js HTTP/1.1" 200 1326
186.115.217.243 - - [01/Oct/2015:08:34:36 -0500] "GET /galeria/nivo-slider/themes/default/default.css HTTP/1.1" 304 -
186.115.217.243 - - [01/Oct/2015:08:34:36 -0500] "GET /galeria/nivo-slider/demo/images/La-SDA-se-suma-a-la-Gran-Movilizacion.jpg HTTP/1.1" 304 -
186.115.217.243 - - [01/Oct/2015:08:34:36 -0500] "GET /galeria/nivo-slider/demo/images/Plan-Quinquenal.jpg HTTP/1.1" 304 -
190.25.102.25 - - [01/Oct/2015:08:34:38 -0500] "GET /BLA/boletinlegal/conceptos.php HTTP/1.1" 200 6122
157.55.39.225 - - [01/Oct/2015:08:34:41 -0500] "GET /BLA/resoluciones/AUTOS%202012/1548.pdf HTTP/1.1" 200 283892
157.55.39.225 - - [01/Oct/2015:08:34:41 -0500] "GET /BLA/resoluciones/AUTOS%202014/6427.pdf HTTP/1.1" 200 2253706
190.25.102.25 - - [01/Oct/2015:08:34:42 -0500] "GET /BLA/boletinlegal/consulta_conceptos.php?no=75&solicitante=&radicado_entrada=&fecha_concepto=2015&objeto= HTTP/1.1" 200 1181
157.55.39.225 - - [01/Oct/2015:08:34:42 -0500] "GET /BLA/resoluciones/AUTOS%202014/6630.pdf HTTP/1.1" 200 466301
157.55.39.225 - - [01/Oct/2015:08:34:42 -0500] "GET /BLA/resoluciones/AUTOS%202012/2451.pdf HTTP/1.1" 200 548829
157.55.39.226 - - [01/Oct/2015:08:34:43 -0500] "GET /BLA/resoluciones/AUTOS%202008/2852.pdf HTTP/1.1" 200 97793
157.253.145.24 - - [01/Oct/2015:08:34:43 -0500] "GET /BLA/boletinlegal/js/jquery.scrollShow.js HTTP/1.1" 304 -
157.253.145.24 - - [01/Oct/2015:08:34:43 -0500] "GET /galeria/galeria/jquery.fancybox.js?v=2.1.5 HTTP/1.1" 304 -
157.55.39.226 - - [01/Oct/2015:08:34:43 -0500] "GET /BLA/resoluciones/AUTOS%202013/3465.pdf HTTP/1.1" 200 295252
157.253.145.24 - - [01/Oct/2015:08:34:44 -0500] "GET /galeria/galeria/jquery.fancybox.css?v=2.1.5 HTTP/1.1" 304 -
157.55.39.226 - - [01/Oct/2015:08:34:44 -0500] "GET /BLA/resoluciones/AUTOS%202013/0387.pdf HTTP/1.1" 200 218742
66.249.64.71 - - [01/Oct/2015:08:34:46 -0500] "GET /BLA/resoluciones/RESOLUCIONES%202011/3908.pdf HTTP/1.1" 200 568622
207.46.13.1 - - [01/Oct/2015:08:34:46 -0500] "GET /BLA/resoluciones/AUTOS%202007/2165.pdf HTTP/1.1" 200 95268
190.25.102.25 - - [01/Oct/2015:08:34:49 -0500] "GET /BLA/boletinlegal/consulta_conceptos.php?no=76&solicitante=&radicado_entrada=&fecha_concepto=2015&objeto= HTTP/1.1" 200 879
157.55.39.81 - - [01/Oct/2015:08:34:54 -0500] "GET /BLA/resoluciones/AUTOS%202009/3355.pdf HTTP/1.1" 200 207632
66.249.64.66 - - [01/Oct/2015:08:35:07 -0500] "GET /BLA/resoluciones/RESOLUCIONES%202008/5435.pdf HTTP/1.1" 200 268319
207.46.13.1 - - [01/Oct/2015:08:35:07 -0500] "GET /BLA/resoluciones/AUTOS%202011/4356.pdf HTTP/1.1" 200 625225
207.46.13.176 - - [01/Oct/2015:08:35:12 -0500] "GET /BLA/resoluciones/RESOLUCIONES%202008/0112.pdf HTTP/1.1" 200 17636
207.46.13.176 - - [01/Oct/2015:08:35:13 -0500] "GET /BLA/resoluciones/AUTOS%202007/3385.pdf HTTP/1.1" 200 85528
207.46.13.176 - - [01/Oct/2015:08:35:16 -0500] "GET /BLA/resoluciones/Autos%202008/2489.pdf HTTP/1.1" 200 96678
207.46.13.176 - - [01/Oct/2015:08:35:17 -0500] "GET /BLA/resoluciones/AUTOS%202010/5611.pdf HTTP/1.1" 200 135689
190.25.102.25 - - [01/Oct/2015:08:35:20 -0500] "GET /BLA/boletinlegal/consulta_conceptos.php?no=82&solicitante=&radicado_entrada=&fecha_concepto=2015&objeto= HTTP/1.1" 200 1158
207.46.13.176 - - [01/Oct/2015:08:35:23 -0500] "GET /BLA/resoluciones/AUTOS%202011/4234.pdf HTTP/1.1" 200 196445
66.249.64.76 - - [01/Oct/2015:08:35:28 -0500] "GET /BLA/resoluciones/RESOLUCIONES%202011/3689.pdf HTTP/1.1" 200 721884
190.25.102.25 - - [01/Oct/2015:08:35:30 -0500] "GET /BLA/boletinlegal/consulta_conceptos.php?no=83&solicitante=&radicado_entrada=&fecha_concepto=2015&objeto= HTTP/1.1" 200 1109
181.63.233.129 - - [01/Oct/2015:08:35:30 -0500] "GET /BLA/boletinlegal/Circulares/2010/Circular%2006%20de%208%20de%20septiembre%20de%202010.pdf HTTP/1.1" 200 4657752
181.63.233.129 - - [01/Oct/2015:08:35:31 -0500] "GET /favicon.ico HTTP/1.1" 200 7782
207.46.13.1 - - [01/Oct/2015:08:35:31 -0500] "GET /BLA/resoluciones/AUTOS%202013/0579.pdf HTTP/1.1" 200 214198
181.63.233.129 - - [01/Oct/2015:08:35:34 -0500] "GET /BLA/boletinlegal/Circulares/2010/Circular%2006%20de%208%20de%20septiembre%20de%202010.pdf HTTP/1.1" 206 32768
181.63.233.129 - - [01/Oct/2015:08:35:34 -0500] "GET /BLA/boletinlegal/Circulares/2010/Circular%2006%20de%208%20de%20septiembre%20de%202010.pdf HTTP/1.1" 206 4624984
190.25.102.25 - - [01/Oct/2015:08:35:36 -0500] "GET /BLA/boletinlegal/consulta_conceptos.php?no=84&solicitante=&radicado_entrada=&fecha_concepto=2015&objeto= HTTP/1.1" 200 1116
201.245.192.253 - - [01/Oct/2015:08:35:41 -0500] "GET /videos/ArchivoSDA.flv HTTP/1.1" 200 31205279
186.29.6.13 - - [01/Oct/2015:08:35:43 -0500] "GET /galeria/carrusel/Carrusel/jquery.thumbnailScroller.css HTTP/1.1" 200 2066
186.29.6.13 - - [01/Oct/2015:08:35:43 -0500] "GET /galeria/carrusel/Carrusel/jquery-ui-1.8.13.custom.min.js HTTP/1.1" 200 10800
186.29.6.13 - - [01/Oct/2015:08:35:43 -0500] "GET /galeria/carrusel/Carrusel/jquery.thumbnailScroller.js HTTP/1.1" 200 8157
186.29.6.13 - - [01/Oct/2015:08:35:44 -0500] "GET /galeria/nivo-slider/demo/demo.html HTTP/1.1" 200 3905
190.25.102.25 - - [01/Oct/2015:08:35:44 -0500] "GET /BLA/boletinlegal/consulta_conceptos.php?no=85&solicitante=&radicado_entrada=&fecha_concepto=2015&objeto= HTTP/1.1" 200 1043
186.29.6.13 - - [01/Oct/2015:08:35:44 -0500] "GET /galeria/nivo-slider/themes/default/default.css HTTP/1.1" 200 1569
186.29.6.13 - - [01/Oct/2015:08:35:44 -0500] "GET /galeria/nivo-slider/themes/pascal/pascal.css HTTP/1.1" 200 2258
186.29.6.13 - - [01/Oct/2015:08:35:44 -0500] "GET /galeria/nivo-slider/themes/orman/orman.css HTTP/1.1" 200 2152
186.29.6.13 - - [01/Oct/2015:08:35:44 -0500] "GET /galeria/nivo-slider/nivo-slider.css HTTP/1.1" 200 1507
186.29.6.13 - - [01/Oct/2015:08:35:44 -0500] "GET /galeria/nivo-slider/demo/style.css HTTP/1.1" 200 2222
186.29.6.13 - - [01/Oct/2015:08:35:45 -0500] "GET /galeria/nivo-slider/jquery.nivo.slider.pack.js HTTP/1.1" 200 11561
186.29.6.13 - - [01/Oct/2015:08:35:45 -0500] "GET /galeria/nivo-slider/demo/images/La-SDA-se-suma-a-la-Gran-Movilizacion.jpg HTTP/1.1" 200 92233
186.29.6.13 - - [01/Oct/2015:08:35:45 -0500] "GET /galeria/nivo-slider/demo/scripts/jquery-1.7.1.min.js HTTP/1.1" 200 93868
186.29.6.13 - - [01/Oct/2015:08:35:45 -0500] "GET /galeria/nivo-slider/demo/images/simulacro-nacional.jpg HTTP/1.1" 200 241925
186.29.6.13 - - [01/Oct/2015:08:35:45 -0500] "GET /galeria/nivo-slider/demo/images/4Simple_Slider.png HTTP/1.1" 200 11722
186.29.6.13 - - [01/Oct/2015:08:35:45 -0500] "GET /galeria/nivo-slider/themes/default/loading.gif HTTP/1.1" 200 1737
186.29.6.13 - - [01/Oct/2015:08:35:45 -0500] "GET /galeria/nivo-slider/demo/images/simulacro-busqueda-rescate-urbano.jpg HTTP/1.1" 200 251375
186.29.6.13 - - [01/Oct/2015:08:35:46 -0500] "GET /galeria/nivo-slider/demo/images/Semana-PYBA.jpg HTTP/1.1" 200 103786
186.29.6.13 - - [01/Oct/2015:08:35:46 -0500] "GET /galeria/nivo-slider/demo/images/Plan-Quinquenal.jpg HTTP/1.1" 200 412438
201.245.192.253 - - [01/Oct/2015:08:35:48 -0500] "GET /galeria/carrusel/Carrusel/jquery.thumbnailScroller.css HTTP/1.1" 200 2066
201.245.192.253 - - [01/Oct/2015:08:35:48 -0500] "GET /galeria/galeria/jquery.fancybox.js?v=2.1.5 HTTP/1.1" 200 48706
201.245.192.253 - - [01/Oct/2015:08:35:48 -0500] "GET /BLA/boletinlegal/js/jquery.scrollShow.js HTTP/1.1" 200 4586
201.245.192.253 - - [01/Oct/2015:08:35:48 -0500] "GET /galeria/carrusel/Carrusel/jquery-ui-1.8.13.custom.min.js HTTP/1.1" 200 10800
201.245.192.253 - - [01/Oct/2015:08:35:48 -0500] "GET /galeria/carrusel/Carrusel/jquery.thumbnailScroller.js HTTP/1.1" 200 8157
201.245.192.253 - - [01/Oct/2015:08:35:48 -0500] "GET /galeria/galeria/jquery.fancybox.css?v=2.1.5 HTTP/1.1" 200 4895
186.29.6.13 - - [01/Oct/2015:08:35:49 -0500] "GET /galeria/nivo-slider/demo/images/PREDAcamp.jpg HTTP/1.1" 200 295358
186.29.6.13 - - [01/Oct/2015:08:35:49 -0500] "GET /galeria/nivo-slider/demo/images/banner-llantas2.jpg HTTP/1.1" 200 204644
157.55.39.226 - - [01/Oct/2015:08:35:49 -0500] "GET /BLA/resoluciones/AUTOS%202014/7056.pdf HTTP/1.1" 200 420363
66.249.64.76 - - [01/Oct/2015:08:35:49 -0500] "GET /BLA/resoluciones/RESOLUCIONES%202011/1526.pdf HTTP/1.1" 200 344696
186.29.6.13 - - [01/Oct/2015:08:35:49 -0500] "GET /galeria/nivo-slider/demo/images/9Signos.jpg HTTP/1.1" 200 81776
201.245.192.253 - - [01/Oct/2015:08:35:49 -0500] "GET /galeria/nivo-slider/demo/demo.html HTTP/1.1" 200 3905
186.29.6.13 - - [01/Oct/2015:08:35:50 -0500] "GET /galeria/nivo-slider/demo/images/Comparendo-ambiental-Banner.jpg HTTP/1.1" 200 83731
201.245.192.253 - - [01/Oct/2015:08:35:50 -0500] "GET /galeria/nivo-slider/themes/orman/orman.css HTTP/1.1" 200 2152
201.245.192.253 - - [01/Oct/2015:08:35:50 -0500] "GET /galeria/nivo-slider/themes/pascal/pascal.css HTTP/1.1" 200 2258
201.245.192.253 - - [01/Oct/2015:08:35:50 -0500] "GET /galeria/nivo-slider/demo/style.css HTTP/1.1" 200 2222
201.245.192.253 - - [01/Oct/2015:08:35:50 -0500] "GET /galeria/nivo-slider/nivo-slider.css HTTP/1.1" 200 1507
201.245.192.253 - - [01/Oct/2015:08:35:50 -0500] "GET /galeria/nivo-slider/demo/scripts/jquery-1.7.1.min.js HTTP/1.1" 200 93868
201.245.192.253 - - [01/Oct/2015:08:35:50 -0500] "GET /galeria/nivo-slider/jquery.nivo.slider.pack.js HTTP/1.1" 200 11561
201.245.192.253 - - [01/Oct/2015:08:35:50 -0500] "GET /galeria/nivo-slider/themes/default/default.css HTTP/1.1" 200 1569
201.245.192.253 - - [01/Oct/2015:08:35:50 -0500] "GET /galeria/nivo-slider/demo/images/La-SDA-se-suma-a-la-Gran-Movilizacion.jpg HTTP/1.1" 200 92233
201.245.192.253 - - [01/Oct/2015:08:35:50 -0500] "GET /galeria/nivo-slider/demo/images/simulacro-nacional.jpg HTTP/1.1" 200 241925
201.245.192.253 - - [01/Oct/2015:08:35:50 -0500] "GET /galeria/nivo-slider/demo/images/simulacro-busqueda-rescate-urbano.jpg HTTP/1.1" 200 251375
201.245.192.253 - - [01/Oct/2015:08:35:50 -0500] "GET /galeria/nivo-slider/demo/images/Semana-PYBA.jpg HTTP/1.1" 200 103786
201.245.192.253 - - [01/Oct/2015:08:35:50 -0500] "GET /galeria/nivo-slider/demo/images/Plan-Quinquenal.jpg HTTP/1.1" 200 412438
201.245.192.253 - - [01/Oct/2015:08:35:50 -0500] "GET /galeria/nivo-slider/demo/images/PREDAcamp.jpg HTTP/1.1" 200 295358
201.245.192.253 - - [01/Oct/2015:08:35:50 -0500] "GET /galeria/nivo-slider/demo/images/banner-llantas2.jpg HTTP/1.1" 200 204644
201.245.192.253 - - [01/Oct/2015:08:35:50 -0500] "GET /galeria/nivo-slider/demo/images/9Signos.jpg HTTP/1.1" 200 81776
201.245.192.253 - - [01/Oct/2015:08:35:51 -0500] "GET /galeria/nivo-slider/demo/images/Comparendo-ambiental-Banner.jpg HTTP/1.1" 200 83731
201.245.192.253 - - [01/Oct/2015:08:35:51 -0500] "GET /galeria/nivo-slider/demo/images/Ruta-vertimientos-01.jpg HTTP/1.1" 200 130151
201.245.192.253 - - [01/Oct/2015:08:35:51 -0500] "GET /galeria/nivo-slider/demo/images/bolsas-06.jpg HTTP/1.1" 200 90982
201.245.192.253 - - [01/Oct/2015:08:35:51 -0500] "GET /galeria/nivo-slider/demo/images/Conoce-los-humedales.jpg HTTP/1.1" 200 294036
186.29.6.13 - - [01/Oct/2015:08:35:51 -0500] "GET /galeria/nivo-slider/demo/images/Ruta-vertimientos-01.jpg HTTP/1.1" 200 130151
186.29.6.13 - - [01/Oct/2015:08:35:52 -0500] "GET /galeria/nivo-slider/demo/images/bolsas-06.jpg HTTP/1.1" 200 90982
201.245.192.253 - - [01/Oct/2015:08:35:52 -0500] "GET /galeria/nivo-slider/demo/images/ecolecta-Dic2014.png HTTP/1.1" 200 288593
186.29.6.13 - - [01/Oct/2015:08:35:52 -0500] "GET /galeria/nivo-slider/demo/images/ecolecta-Dic2014.png HTTP/1.1" 200 288593
186.29.6.13 - - [01/Oct/2015:08:35:52 -0500] "GET /galeria/nivo-slider/demo/images/Conoce-los-humedales.jpg HTTP/1.1" 200 294036
201.245.192.253 - - [01/Oct/2015:08:35:52 -0500] "GET /galeria/nivo-slider/themes/default/loading.gif HTTP/1.1" 200 1737
201.245.192.253 - - [01/Oct/2015:08:35:52 -0500] "GET /galeria/nivo-slider/demo/images/4Simple_Slider.png HTTP/1.1" 200 11722
190.25.102.25 - - [01/Oct/2015:08:35:52 -0500] "GET /BLA/boletinlegal/consulta_conceptos.php?no=86&solicitante=&radicado_entrada=&fecha_concepto=2015&objeto= HTTP/1.1" 200 1047
186.29.6.13 - - [01/Oct/2015:08:35:55 -0500] "GET /galeria/nivo-slider/themes/default/arrows.png HTTP/1.1" 200 824
186.29.6.13 - - [01/Oct/2015:08:35:55 -0500] "GET /galeria/nivo-slider/themes/default/bullets.png HTTP/1.1" 200 1281
157.55.39.81 - - [01/Oct/2015:08:35:56 -0500] "GET /BLA/resoluciones/AUTOS%202010/5273.pdf HTTP/1.1" 200 245033
190.25.102.25 - - [01/Oct/2015:08:35:56 -0500] "GET /BLA/boletinlegal/consulta_conceptos.php?no=87&solicitante=&radicado_entrada=&fecha_concepto=2015&objeto= HTTP/1.1" 200 567
201.245.192.253 - - [01/Oct/2015:08:35:59 -0500] "GET /galeria/nivo-slider/demo/images/simulacro-nacional.jpg HTTP/1.1" 200 241925
201.245.192.253 - - [01/Oct/2015:08:35:59 -0500] "GET /galeria/nivo-slider/demo/images/simulacro-busqueda-rescate-urbano.jpg HTTP/1.1" 200 251375
201.245.192.253 - - [01/Oct/2015:08:35:59 -0500] "GET /galeria/nivo-slider/demo/images/Plan-Quinquenal.jpg HTTP/1.1" 200 412438
201.245.192.253 - - [01/Oct/2015:08:35:59 -0500] "GET /galeria/nivo-slider/demo/images/Comparendo-ambiental-Banner.jpg HTTP/1.1" 200 83731
201.245.192.253 - - [01/Oct/2015:08:35:59 -0500] "GET /galeria/nivo-slider/demo/images/Conoce-los-humedales.jpg HTTP/1.1" 200 294036
201.245.192.253 - - [01/Oct/2015:08:35:59 -0500] "GET /galeria/nivo-slider/demo/images/ecolecta-Dic2014.png HTTP/1.1" 200 288593
200.29.103.65 - - [01/Oct/2015:08:36:00 -0500] "GET /BLA/resoluciones/RESOLUCIONES%202007/RES%202007%20101%20AL%20200/RESOLUCION%200137%20DE%202007.pdf HTTP/1.1" 200 306882
201.245.192.253 - - [01/Oct/2015:08:36:01 -0500] "GET /galeria/nivo-slider/themes/default/bullets.png HTTP/1.1" 200 1281
201.245.192.253 - - [01/Oct/2015:08:36:01 -0500] "GET /galeria/nivo-slider/themes/default/arrows.png HTTP/1.1" 200 824
200.29.103.65 - - [01/Oct/2015:08:36:03 -0500] "GET /favicon.ico HTTP/1.1" 200 7782
66.249.64.71 - - [01/Oct/2015:08:36:11 -0500] "GET /BLA/resoluciones/RESOLUCIONES%202010/0277.pdf HTTP/1.1" 200 124258
66.249.64.66 - - [01/Oct/2015:08:36:22 -0500] "GET /BLA/resoluciones/AUTOS%202009/1901.pdf HTTP/1.1" 200 316157
66.249.64.71 - - [01/Oct/2015:08:36:23 -0500] "GET /BLA/resoluciones/RESOLUCIONES%202013/1407.pdf HTTP/1.1" 200 712913
181.49.73.243 - - [01/Oct/2015:08:36:23 -0500] "POST /forms/lservlet;jsessionid=ac16012b30d676533dc669d74c368264f14524b53be3.e3iSbxaKaheRe38Ka34Oa3eLbxf0n6jAmljGr5XDqQLvpAe HTTP/1.1" 200 2
157.55.39.81 - - [01/Oct/2015:08:36:23 -0500] "GET /BLA/resoluciones/AUTOS%202010/6261.pdf HTTP/1.1" 200 150243
201.245.192.253 - - [01/Oct/2015:08:36:24 -0500] "GET /galeria/carrusel/Carrusel/jquery.thumbnailScroller.css HTTP/1.1" 304 -
157.55.39.81 - - [01/Oct/2015:08:36:23 -0500] "GET /BLA/resoluciones/AUTOS%202013/0293.pdf HTTP/1.1" 200 891023
201.245.192.253 - - [01/Oct/2015:08:36:24 -0500] "GET /galeria/carrusel/Carrusel/jquery-ui-1.8.13.custom.min.js HTTP/1.1" 304 -
201.245.192.253 - - [01/Oct/2015:08:36:25 -0500] "GET /galeria/carrusel/Carrusel/jquery.thumbnailScroller.js HTTP/1.1" 304 -
201.245.192.253 - - [01/Oct/2015:08:36:25 -0500] "GET /galeria/nivo-slider/demo/demo.html HTTP/1.1" 200 3905
201.245.192.253 - - [01/Oct/2015:08:36:26 -0500] "GET /galeria/nivo-slider/demo/images/La-SDA-se-suma-a-la-Gran-Movilizacion.jpg HTTP/1.1" 304 -
201.245.192.253 - - [01/Oct/2015:08:36:26 -0500] "GET /galeria/nivo-slider/demo/images/simulacro-busqueda-rescate-urbano.jpg HTTP/1.1" 200 251375
201.245.192.253 - - [01/Oct/2015:08:36:26 -0500] "GET /galeria/nivo-slider/demo/images/simulacro-nacional.jpg HTTP/1.1" 200 241925
201.245.192.253 - - [01/Oct/2015:08:36:26 -0500] "GET /galeria/nivo-slider/demo/images/Semana-PYBA.jpg HTTP/1.1" 304 -
201.245.192.253 - - [01/Oct/2015:08:36:26 -0500] "GET /galeria/nivo-slider/demo/images/Plan-Quinquenal.jpg HTTP/1.1" 304 -
201.245.192.253 - - [01/Oct/2015:08:36:26 -0500] "GET /galeria/nivo-slider/demo/images/PREDAcamp.jpg HTTP/1.1" 304 -
201.245.192.253 - - [01/Oct/2015:08:36:26 -0500] "GET /galeria/nivo-slider/demo/images/9Signos.jpg HTTP/1.1" 304 -
66.249.64.66 - - [01/Oct/2015:08:36:28 -0500] "GET /BLA/resoluciones/AUTOS%202014/2187.pdf HTTP/1.1" 304 -
66.249.64.66 - - [01/Oct/2015:08:36:32 -0500] "GET /BLA/resoluciones/AUTOS%202009/2187.pdf HTTP/1.1" 200 101464
157.55.39.225 - - [01/Oct/2015:08:36:33 -0500] "GET /BLA/resoluciones/AUTOS%202011/2141.pdf HTTP/1.1" 200 232333
157.55.39.225 - - [01/Oct/2015:08:36:36 -0500] "GET /BLA/resoluciones/AUTOS%202009/2712.pdf HTTP/1.1" 200 95063
157.55.39.225 - - [01/Oct/2015:08:36:36 -0500] "GET /BLA/resoluciones/AUTOS%202009/0860.pdf HTTP/1.1" 200 68943
201.245.192.253 - - [01/Oct/2015:08:36:37 -0500] "GET /videos/ArchivoSDA.flv HTTP/1.1" 206 29997919
157.55.39.81 - - [01/Oct/2015:08:36:39 -0500] "GET /BLA/resoluciones/AUTOS%202011/4107.pdf HTTP/1.1" 200 251429
157.55.39.81 - - [01/Oct/2015:08:36:40 -0500] "GET /BLA/resoluciones/AUTOS%202013/0662.pdf HTTP/1.1" 200 282991
190.85.128.202 - - [01/Oct/2015:08:36:41 -0500] "GET /BLA/resoluciones/RESOLUCIONES%202007/RES%202007%20701%20AL%20800/RESOLUCION%200705%20DE%202007.pdf HTTP/1.1" 200 1060513
190.85.128.202 - - [01/Oct/2015:08:36:41 -0500] "GET /favicon.ico HTTP/1.1" 200 7782
207.46.13.176 - - [01/Oct/2015:08:36:45 -0500] "GET /BLA/resoluciones/AUTOS%202014/0663.pdf HTTP/1.1" 200 779642
207.46.13.176 - - [01/Oct/2015:08:36:46 -0500] "GET /BLA/resoluciones/AUTOS%202009/2297.pdf HTTP/1.1" 200 137520
207.46.13.176 - - [01/Oct/2015:08:36:47 -0500] "GET /BLA/resoluciones/AUTOS%202010/4569.pdf HTTP/1.1" 200 132355
207.46.13.1 - - [01/Oct/2015:08:36:48 -0500] "GET /BLA/resoluciones/AUTOS%202009/1672.pdf HTTP/1.1" 200 124212
207.46.13.1 - - [01/Oct/2015:08:36:49 -0500] "GET /BLA/resoluciones/AUTOS%202008/1313.pdf HTTP/1.1" 200 315430
207.46.13.1 - - [01/Oct/2015:08:36:49 -0500] "GET /BLA/resoluciones/RESOLUCIONES%202008/0714.pdf HTTP/1.1" 200 549374
190.26.120.89 - - [01/Oct/2015:08:36:52 -0500] "GET /BLA/boletinlegal/js/jquery.scrollShow.js HTTP/1.1" 200 4586
190.26.120.89 - - [01/Oct/2015:08:36:52 -0500] "GET /galeria/galeria/jquery.fancybox.js?v=2.1.5 HTTP/1.1" 200 48706
190.26.120.89 - - [01/Oct/2015:08:36:52 -0500] "GET /galeria/galeria/jquery.fancybox.css?v=2.1.5 HTTP/1.1" 200 4895
190.26.120.89 - - [01/Oct/2015:08:36:52 -0500] "GET /galeria/carrusel/Carrusel/jquery.thumbnailScroller.css HTTP/1.1" 200 2066
190.26.120.89 - - [01/Oct/2015:08:36:52 -0500] "GET /galeria/carrusel/Carrusel/jquery-ui-1.8.13.custom.min.js HTTP/1.1" 200 10800
190.26.120.89 - - [01/Oct/2015:08:36:52 -0500] "GET /galeria/carrusel/Carrusel/jquery.thumbnailScroller.js HTTP/1.1" 200 8157
66.249.64.76 - - [01/Oct/2015:08:36:53 -0500] "GET /BLA/resoluciones/AUTOS%202009/2115.pdf HTTP/1.1" 200 87326
157.55.39.81 - - [01/Oct/2015:08:36:53 -0500] "GET /BLA/resoluciones/Autos%202008/0679.pdf HTTP/1.1" 200 85128
190.85.55.38 - - [01/Oct/2015:08:36:53 -0500] "GET /BLA/boletinlegal/js/jquery.scrollShow.js HTTP/1.1" 304 -
190.85.55.38 - - [01/Oct/2015:08:36:53 -0500] "GET /galeria/galeria/jquery.fancybox.js?v=2.1.5 HTTP/1.1" 304 -
190.85.55.38 - - [01/Oct/2015:08:36:53 -0500] "GET /galeria/galeria/jquery.fancybox.css?v=2.1.5 HTTP/1.1" 304 -
190.85.128.202 - - [01/Oct/2015:08:36:54 -0500] "GET /BLA/resoluciones/RESOLUCIONES%202007/RES%202007%20701%20AL%20800/RESOLUCION%200705%20DE%202007.pdf HTTP/1.1" 206 32768
190.26.120.89 - - [01/Oct/2015:08:36:54 -0500] "GET /galeria/nivo-slider/demo/demo.html HTTP/1.1" 200 3905
190.26.120.89 - - [01/Oct/2015:08:36:54 -0500] "GET /galeria/nivo-slider/themes/default/default.css HTTP/1.1" 200 1569
190.26.120.89 - - [01/Oct/2015:08:36:54 -0500] "GET /galeria/nivo-slider/themes/pascal/pascal.css HTTP/1.1" 200 2258
190.26.120.89 - - [01/Oct/2015:08:36:54 -0500] "GET /galeria/nivo-slider/themes/orman/orman.css HTTP/1.1" 200 2152
190.26.120.89 - - [01/Oct/2015:08:36:54 -0500] "GET /galeria/nivo-slider/nivo-slider.css HTTP/1.1" 200 1507
190.26.120.89 - - [01/Oct/2015:08:36:54 -0500] "GET /galeria/nivo-slider/demo/style.css HTTP/1.1" 200 2222
190.26.120.89 - - [01/Oct/2015:08:36:54 -0500] "GET /galeria/nivo-slider/demo/images/La-SDA-se-suma-a-la-Gran-Movilizacion.jpg HTTP/1.1" 200 92233
190.26.120.89 - - [01/Oct/2015:08:36:54 -0500] "GET /galeria/nivo-slider/demo/images/simulacro-nacional.jpg HTTP/1.1" 200 241925
190.26.120.89 - - [01/Oct/2015:08:36:54 -0500] "GET /galeria/nivo-slider/demo/images/simulacro-busqueda-rescate-urbano.jpg HTTP/1.1" 200 251375
