!C99Shell v. 1.0 pre-release build #13!

Software: Apache. PHP/5.5.15 

uname -a: Windows NT SVR-DMZ 6.1 build 7600 (Windows Server 2008 R2 Enterprise Edition) i586 

SYSTEM 

Safe-mode: OFF (not secure)

E:\nuevo\apache\logs\   drwxrwxrwx
Free 9.41 GB of 239.26 GB (3.93%)
Detected drives: [ a ] [ c ] [ d ] [ e ] [ f ]
Home    Back    Forward    UPDIR    Refresh    Search    Buffer    Encoder    Tools    Proc.    FTP brute    Sec.    SQL    PHP-code    Update    Feedback    Self remove    Logout    


Viewing file:     access.2015.10.02.log (8.19 MB)      -rw-rw-rw-
Select action/file-type:
(+) | (+) | (+) | Code (+) | Session (+) | (+) | SDB (+) | (+) | (+) | (+) | (+) | (+) |
66.249.64.101 - - [02/Oct/2015:00:00:08 -0500] "GET /BLA/resoluciones/RESOLUCIONES%202011/0817.pdf HTTP/1.1" 304 -
66.249.64.101 - - [02/Oct/2015:00:00:09 -0500] "GET /BLA/resoluciones/AUTOS%202014/7198.pdf HTTP/1.1" 200 1839878
66.249.64.96 - - [02/Oct/2015:00:00:24 -0500] "GET /BLA/resoluciones/RESOLUCIONES%202008/1021.pdf HTTP/1.1" 304 -
66.249.64.96 - - [02/Oct/2015:00:00:40 -0500] "GET /BLA/resoluciones/RESOLUCIONES%202007/RES%202007%202301%20AL%202400/RESOLUCION%202331%20DE%202007.pdf HTTP/1.1" 304 -
201.245.192.253 - - [02/Oct/2015:00:00:40 -0500] "POST /forms/lservlet;jsessionid=ac16012b30d62e507505f2c64e898405c7619f87fb44.e3iSbxaKaheRe38Ka34Oa3eLbxf0n6jAmljGr5XDqQLvpAe HTTP/1.1" 200 2
66.249.64.96 - - [02/Oct/2015:00:00:56 -0500] "GET /BLA/resoluciones/RESOLUCIONES%202014/1353.pdf HTTP/1.1" 200 834029
207.46.13.1 - - [02/Oct/2015:00:00:57 -0500] "GET /BLA/resoluciones/AUTOS%202015/0042.pdf HTTP/1.1" 200 833208
66.249.64.106 - - [02/Oct/2015:00:01:11 -0500] "GET /BLA/resoluciones/AUTOS%202011/0216.pdf HTTP/1.1" 304 -
187.131.227.194 - - [02/Oct/2015:00:01:16 -0500] "GET /galeria/galeria/jquery.fancybox.css?v=2.1.5 HTTP/1.1" 200 4895
187.131.227.194 - - [02/Oct/2015:00:01:16 -0500] "GET /BLA/boletinlegal/js/jquery.scrollShow.js HTTP/1.1" 200 4586
187.131.227.194 - - [02/Oct/2015:00:01:16 -0500] "GET /galeria/galeria/jquery.fancybox.js?v=2.1.5 HTTP/1.1" 200 48706
187.131.227.194 - - [02/Oct/2015:00:01:29 -0500] "GET /videos/CRRFFS.mp4 HTTP/1.1" 200 286784363
187.131.227.194 - - [02/Oct/2015:00:01:42 -0500] "GET /galeria/galeria/jquery.fancybox.css?v=2.1.5 HTTP/1.1" 304 -
187.131.227.194 - - [02/Oct/2015:00:01:42 -0500] "GET /BLA/boletinlegal/js/jquery.scrollShow.js HTTP/1.1" 304 -
187.131.227.194 - - [02/Oct/2015:00:01:42 -0500] "GET /galeria/galeria/jquery.fancybox.js?v=2.1.5 HTTP/1.1" 304 -
66.249.64.96 - - [02/Oct/2015:00:01:43 -0500] "GET /BLA/resoluciones/RESOLUCIONES%202007/RES%202007%20701%20AL%20800/RESOLUCION%200793%20DE%202007.pdf HTTP/1.1" 200 139010
66.249.64.106 - - [02/Oct/2015:00:01:44 -0500] "GET /BLA/resoluciones/RESOLUCIONES%202009/1587.pdf HTTP/1.1" 200 583409
187.131.227.194 - - [02/Oct/2015:00:01:49 -0500] "GET /videos/CRRFFS.mp4 HTTP/1.1" 206 1
161.18.148.251 - - [02/Oct/2015:00:01:55 -0500] "GET /BLA/boletinlegal/js/jquery.scrollShow.js HTTP/1.1" 200 4586
161.18.148.251 - - [02/Oct/2015:00:01:57 -0500] "GET /galeria/galeria/jquery.fancybox.js?v=2.1.5 HTTP/1.1" 200 48706
161.18.148.251 - - [02/Oct/2015:00:01:59 -0500] "GET /galeria/galeria/jquery.fancybox.css?v=2.1.5 HTTP/1.1" 200 4895
66.249.64.96 - - [02/Oct/2015:00:01:59 -0500] "GET /BLA/resoluciones/AUTOS%202012/2415.pdf HTTP/1.1" 200 180663
161.18.148.251 - - [02/Oct/2015:00:02:09 -0500] "GET /BLA/boletinlegal/js/jquery.scrollShow.js HTTP/1.1" 304 -
161.18.148.251 - - [02/Oct/2015:00:02:09 -0500] "GET /galeria/galeria/jquery.fancybox.js?v=2.1.5 HTTP/1.1" 304 -
161.18.148.251 - - [02/Oct/2015:00:02:10 -0500] "GET /galeria/galeria/jquery.fancybox.css?v=2.1.5 HTTP/1.1" 304 -
66.249.64.106 - - [02/Oct/2015:00:02:15 -0500] "GET /BLA/resoluciones/RESOLUCIONES%202010/0135.pdf HTTP/1.1" 200 384244
181.61.133.192 - - [02/Oct/2015:00:02:18 -0500] "GET /BLA/resoluciones/RESOLUCIONES%202007/RES%202007%203901%20AL%204000/RESOLUCION%203957%20DE%202007.pdf HTTP/1.1" 200 522966
66.249.64.106 - - [02/Oct/2015:00:02:30 -0500] "GET /BLA/resoluciones/RESOLUCIONES%202009/6830.pdf HTTP/1.1" 200 329687
66.249.64.96 - - [02/Oct/2015:00:02:31 -0500] "GET /BLA/resoluciones/RESOLUCIONES%202009/2209.pdf HTTP/1.1" 200 622375
201.245.192.253 - - [02/Oct/2015:00:02:41 -0500] "POST /forms/lservlet;jsessionid=ac16012b30d62e507505f2c64e898405c7619f87fb44.e3iSbxaKaheRe38Ka34Oa3eLbxf0n6jAmljGr5XDqQLvpAe HTTP/1.1" 200 2
74.86.158.107 - - [02/Oct/2015:00:02:41 -0500] "HEAD / HTTP/1.1" 200 -
66.249.64.101 - - [02/Oct/2015:00:02:47 -0500] "GET /BLA/resoluciones/RESOLUCIONES%202009/0857.pdf HTTP/1.1" 200 299623
66.249.64.248 - - [02/Oct/2015:00:03:03 -0500] "GET /BLA/boletinlegal/jurisprudencia/analisis/analisis%20sentencia%20C%20401%20de%202010.doc HTTP/1.1" 304 -
201.233.143.180 - - [02/Oct/2015:00:03:04 -0500] "GET /BLA/boletinlegal/js/jquery.scrollShow.js HTTP/1.1" 200 4586
201.233.143.180 - - [02/Oct/2015:00:03:04 -0500] "GET /galeria/galeria/jquery.fancybox.css?v=2.1.5 HTTP/1.1" 200 4895
201.233.143.180 - - [02/Oct/2015:00:03:04 -0500] "GET /galeria/galeria/jquery.fancybox.js?v=2.1.5 HTTP/1.1" 200 48706
201.233.143.180 - - [02/Oct/2015:00:03:13 -0500] "GET /BLA/boletinlegal/js/jquery.scrollShow.js HTTP/1.1" 200 4586
201.233.143.180 - - [02/Oct/2015:00:03:13 -0500] "GET /galeria/galeria/jquery.fancybox.js?v=2.1.5 HTTP/1.1" 200 48706
201.233.143.180 - - [02/Oct/2015:00:03:13 -0500] "GET /galeria/galeria/jquery.fancybox.css?v=2.1.5 HTTP/1.1" 200 4895
66.249.64.96 - - [02/Oct/2015:00:03:17 -0500] "GET /BLA/resoluciones/RESOLUCIONES%202009/6087.pdf HTTP/1.1" 200 544859
66.249.64.96 - - [02/Oct/2015:00:03:19 -0500] "GET /BLA/resoluciones/RESOLUCIONES%202010/0935.pdf HTTP/1.1" 200 107878
66.249.64.96 - - [02/Oct/2015:00:03:34 -0500] "GET /BLA/resoluciones/RESOLUCIONES%202010/4384.pdf HTTP/1.1" 200 494447
186.155.49.29 - - [02/Oct/2015:00:03:47 -0500] "-" 408 -
66.249.64.101 - - [02/Oct/2015:00:03:50 -0500] "GET /BLA/resoluciones/RESOLUCIONES%202009/9749.pdf HTTP/1.1" 200 318413
186.116.125.113 - - [02/Oct/2015:00:03:52 -0500] "GET /BLA/resoluciones/AUTOS%202013/0025.pdf HTTP/1.1" 200 1687332
186.116.125.113 - - [02/Oct/2015:00:03:52 -0500] "GET /favicon.ico HTTP/1.1" 200 7782
186.116.125.113 - - [02/Oct/2015:00:03:53 -0500] "GET /BLA/resoluciones/AUTOS%202013/0025.pdf HTTP/1.1" 206 32768
186.116.125.113 - - [02/Oct/2015:00:03:53 -0500] "GET /BLA/resoluciones/AUTOS%202013/0025.pdf HTTP/1.1" 206 1654564
186.145.58.46 - - [02/Oct/2015:00:03:57 -0500] "GET /galeria/galeria/jquery.fancybox.css?v=2.1.5 HTTP/1.1" 200 4895
186.145.58.46 - - [02/Oct/2015:00:03:57 -0500] "GET /galeria/carrusel/Carrusel/jquery-ui-1.8.13.custom.min.js HTTP/1.1" 200 10800
186.145.58.46 - - [02/Oct/2015:00:03:57 -0500] "GET /BLA/boletinlegal/js/jquery.scrollShow.js HTTP/1.1" 200 4586
186.145.58.46 - - [02/Oct/2015:00:03:57 -0500] "GET /galeria/galeria/jquery.fancybox.js?v=2.1.5 HTTP/1.1" 200 48706
186.145.58.46 - - [02/Oct/2015:00:03:57 -0500] "GET /galeria/carrusel/Carrusel/jquery.thumbnailScroller.css HTTP/1.1" 200 2066
186.145.58.46 - - [02/Oct/2015:00:03:57 -0500] "GET /galeria/carrusel/Carrusel/jquery.thumbnailScroller.js HTTP/1.1" 200 8157
186.145.58.46 - - [02/Oct/2015:00:03:59 -0500] "GET /galeria/nivo-slider/demo/demo.html HTTP/1.1" 200 3905
186.145.58.46 - - [02/Oct/2015:00:03:59 -0500] "GET /galeria/nivo-slider/themes/pascal/pascal.css HTTP/1.1" 200 2258
186.145.58.46 - - [02/Oct/2015:00:03:59 -0500] "GET /galeria/nivo-slider/themes/default/default.css HTTP/1.1" 200 1569
186.145.58.46 - - [02/Oct/2015:00:03:59 -0500] "GET /galeria/nivo-slider/themes/orman/orman.css HTTP/1.1" 200 2152
186.145.58.46 - - [02/Oct/2015:00:03:59 -0500] "GET /galeria/nivo-slider/demo/images/La-SDA-se-suma-a-la-Gran-Movilizacion.jpg HTTP/1.1" 200 92233
186.145.58.46 - - [02/Oct/2015:00:03:59 -0500] "GET /galeria/nivo-slider/demo/images/simulacro-nacional.jpg HTTP/1.1" 200 241925
186.145.58.46 - - [02/Oct/2015:00:03:59 -0500] "GET /galeria/nivo-slider/demo/images/Semana-PYBA.jpg HTTP/1.1" 200 103786
186.145.58.46 - - [02/Oct/2015:00:03:59 -0500] "GET /galeria/nivo-slider/nivo-slider.css HTTP/1.1" 200 1507
186.145.58.46 - - [02/Oct/2015:00:03:59 -0500] "GET /galeria/nivo-slider/demo/style.css HTTP/1.1" 200 2222
186.145.58.46 - - [02/Oct/2015:00:03:59 -0500] "GET /galeria/nivo-slider/demo/images/simulacro-busqueda-rescate-urbano.jpg HTTP/1.1" 200 251375
186.145.58.46 - - [02/Oct/2015:00:03:59 -0500] "GET /galeria/nivo-slider/demo/images/Plan-Quinquenal.jpg HTTP/1.1" 200 412438
186.145.58.46 - - [02/Oct/2015:00:03:59 -0500] "GET /galeria/nivo-slider/demo/images/PREDAcamp.jpg HTTP/1.1" 200 295358
186.145.58.46 - - [02/Oct/2015:00:03:59 -0500] "GET /galeria/nivo-slider/demo/images/banner-llantas2.jpg HTTP/1.1" 200 204644
186.145.58.46 - - [02/Oct/2015:00:03:59 -0500] "GET /galeria/nivo-slider/demo/images/Comparendo-ambiental-Banner.jpg HTTP/1.1" 200 83731
186.145.58.46 - - [02/Oct/2015:00:03:59 -0500] "GET /galeria/nivo-slider/demo/images/Ruta-vertimientos-01.jpg HTTP/1.1" 200 130151
186.145.58.46 - - [02/Oct/2015:00:04:00 -0500] "GET /galeria/nivo-slider/themes/default/loading.gif HTTP/1.1" 200 1737
186.145.58.46 - - [02/Oct/2015:00:04:00 -0500] "GET /galeria/nivo-slider/demo/images/4Simple_Slider.png HTTP/1.1" 200 11722
186.145.58.46 - - [02/Oct/2015:00:03:59 -0500] "GET /galeria/nivo-slider/demo/images/9Signos.jpg HTTP/1.1" 200 81776
186.145.58.46 - - [02/Oct/2015:00:03:59 -0500] "GET /galeria/nivo-slider/demo/images/ecolecta-Dic2014.png HTTP/1.1" 200 288593
186.145.58.46 - - [02/Oct/2015:00:03:59 -0500] "GET /galeria/nivo-slider/demo/images/bolsas-06.jpg HTTP/1.1" 200 90982
186.145.58.46 - - [02/Oct/2015:00:03:59 -0500] "GET /galeria/nivo-slider/demo/images/Conoce-los-humedales.jpg HTTP/1.1" 200 294036
66.249.64.101 - - [02/Oct/2015:00:04:04 -0500] "GET /BLA/resoluciones/RESOLUCIONES%202007/RES%202007%20801%20AL%20900/RESOLUCION%200847%20DE%202007.pdf HTTP/1.1" 200 648285
66.249.64.96 - - [02/Oct/2015:00:04:06 -0500] "GET /BLA/resoluciones/RESOLUCIONES%202009/1029.pdf HTTP/1.1" 200 210242
186.145.58.46 - - [02/Oct/2015:00:04:17 -0500] "GET /galeria/nivo-slider/jquery.nivo.slider.pack.js HTTP/1.1" 200 11561
186.145.58.46 - - [02/Oct/2015:00:04:17 -0500] "GET /galeria/nivo-slider/demo/scripts/jquery-1.7.1.min.js HTTP/1.1" 200 93868
186.145.58.46 - - [02/Oct/2015:00:04:17 -0500] "GET /galeria/nivo-slider/themes/default/arrows.png HTTP/1.1" 200 824
186.145.58.46 - - [02/Oct/2015:00:04:17 -0500] "GET /galeria/nivo-slider/themes/default/bullets.png HTTP/1.1" 200 1281
66.249.64.96 - - [02/Oct/2015:00:04:22 -0500] "GET /BLA/resoluciones/RESOLUCIONES%202009/9334.pdf HTTP/1.1" 200 1226710
186.146.160.198 - - [02/Oct/2015:00:04:23 -0500] "GET /BLA/boletinlegal/js/jquery.scrollShow.js HTTP/1.1" 304 -
186.146.160.198 - - [02/Oct/2015:00:04:23 -0500] "GET /galeria/carrusel/Carrusel/jquery.thumbnailScroller.css HTTP/1.1" 304 -
186.146.160.198 - - [02/Oct/2015:00:04:23 -0500] "GET /galeria/galeria/jquery.fancybox.js?v=2.1.5 HTTP/1.1" 304 -
186.146.160.198 - - [02/Oct/2015:00:04:23 -0500] "GET /galeria/galeria/jquery.fancybox.css?v=2.1.5 HTTP/1.1" 304 -
186.146.160.198 - - [02/Oct/2015:00:04:23 -0500] "GET /galeria/carrusel/Carrusel/jquery-ui-1.8.13.custom.min.js HTTP/1.1" 304 -
186.146.160.198 - - [02/Oct/2015:00:04:23 -0500] "GET /galeria/carrusel/Carrusel/jquery.thumbnailScroller.js HTTP/1.1" 304 -
186.146.160.198 - - [02/Oct/2015:00:04:25 -0500] "GET /galeria/nivo-slider/demo/demo.html HTTP/1.1" 304 -
186.146.160.198 - - [02/Oct/2015:00:04:26 -0500] "GET /galeria/nivo-slider/themes/default/default.css HTTP/1.1" 304 -
186.146.160.198 - - [02/Oct/2015:00:04:26 -0500] "GET /galeria/nivo-slider/themes/pascal/pascal.css HTTP/1.1" 304 -
186.146.160.198 - - [02/Oct/2015:00:04:26 -0500] "GET /galeria/nivo-slider/demo/style.css HTTP/1.1" 304 -
186.146.160.198 - - [02/Oct/2015:00:04:26 -0500] "GET /galeria/nivo-slider/demo/images/La-SDA-se-suma-a-la-Gran-Movilizacion.jpg HTTP/1.1" 304 -
186.146.160.198 - - [02/Oct/2015:00:04:26 -0500] "GET /galeria/nivo-slider/themes/orman/orman.css HTTP/1.1" 304 -
186.146.160.198 - - [02/Oct/2015:00:04:26 -0500] "GET /galeria/nivo-slider/nivo-slider.css HTTP/1.1" 304 -
186.146.160.198 - - [02/Oct/2015:00:04:26 -0500] "GET /galeria/nivo-slider/jquery.nivo.slider.pack.js HTTP/1.1" 304 -
186.146.160.198 - - [02/Oct/2015:00:04:26 -0500] "GET /galeria/nivo-slider/demo/scripts/jquery-1.7.1.min.js HTTP/1.1" 304 -
186.146.160.198 - - [02/Oct/2015:00:04:26 -0500] "GET /galeria/nivo-slider/demo/images/simulacro-busqueda-rescate-urbano.jpg HTTP/1.1" 304 -
186.146.160.198 - - [02/Oct/2015:00:04:26 -0500] "GET /galeria/nivo-slider/demo/images/simulacro-nacional.jpg HTTP/1.1" 304 -
186.146.160.198 - - [02/Oct/2015:00:04:26 -0500] "GET /galeria/nivo-slider/demo/images/Semana-PYBA.jpg HTTP/1.1" 304 -
186.146.160.198 - - [02/Oct/2015:00:04:26 -0500] "GET /galeria/nivo-slider/demo/images/Plan-Quinquenal.jpg HTTP/1.1" 304 -
186.146.160.198 - - [02/Oct/2015:00:04:26 -0500] "GET /galeria/nivo-slider/demo/images/PREDAcamp.jpg HTTP/1.1" 304 -
186.146.160.198 - - [02/Oct/2015:00:04:26 -0500] "GET /galeria/nivo-slider/demo/images/banner-llantas2.jpg HTTP/1.1" 304 -
186.146.160.198 - - [02/Oct/2015:00:04:26 -0500] "GET /galeria/nivo-slider/demo/images/9Signos.jpg HTTP/1.1" 304 -
186.146.160.198 - - [02/Oct/2015:00:04:26 -0500] "GET /galeria/nivo-slider/demo/images/Comparendo-ambiental-Banner.jpg HTTP/1.1" 304 -
186.146.160.198 - - [02/Oct/2015:00:04:26 -0500] "GET /galeria/nivo-slider/demo/images/Ruta-vertimientos-01.jpg HTTP/1.1" 304 -
186.146.160.198 - - [02/Oct/2015:00:04:26 -0500] "GET /galeria/nivo-slider/demo/images/ecolecta-Dic2014.png HTTP/1.1" 304 -
186.146.160.198 - - [02/Oct/2015:00:04:26 -0500] "GET /galeria/nivo-slider/demo/images/Conoce-los-humedales.jpg HTTP/1.1" 304 -
186.146.160.198 - - [02/Oct/2015:00:04:26 -0500] "GET /galeria/nivo-slider/demo/images/bolsas-06.jpg HTTP/1.1" 304 -
186.146.160.198 - - [02/Oct/2015:00:04:27 -0500] "GET /galeria/nivo-slider/demo/images/4Simple_Slider.png HTTP/1.1" 304 -
186.146.160.198 - - [02/Oct/2015:00:04:27 -0500] "GET /galeria/nivo-slider/themes/default/loading.gif HTTP/1.1" 304 -
186.146.160.198 - - [02/Oct/2015:00:04:28 -0500] "GET /galeria/nivo-slider/themes/default/arrows.png HTTP/1.1" 304 -
186.146.160.198 - - [02/Oct/2015:00:04:28 -0500] "GET /galeria/nivo-slider/themes/default/bullets.png HTTP/1.1" 304 -
66.249.64.106 - - [02/Oct/2015:00:04:38 -0500] "GET /BLA/resoluciones/AUTOS%202008/0923.pdf HTTP/1.1" 200 119008
201.245.192.253 - - [02/Oct/2015:00:04:41 -0500] "POST /forms/lservlet;jsessionid=ac16012b30d62e507505f2c64e898405c7619f87fb44.e3iSbxaKaheRe38Ka34Oa3eLbxf0n6jAmljGr5XDqQLvpAe HTTP/1.1" 200 2
66.249.64.106 - - [02/Oct/2015:00:04:53 -0500] "GET /BLA/resoluciones/RESOLUCIONES%202010/5667.pdf HTTP/1.1" 200 85938
66.249.64.96 - - [02/Oct/2015:00:04:54 -0500] "GET /BLA/resoluciones/AUTOS%202008/2326.pdf HTTP/1.1" 200 150119
66.249.64.96 - - [02/Oct/2015:00:05:10 -0500] "GET /BLA/resoluciones/RESOLUCIONES%202009/0137.pdf HTTP/1.1" 200 560755
66.249.64.106 - - [02/Oct/2015:00:05:26 -0500] "GET /BLA/resoluciones/RESOLUCIONES%202010/5519.pdf HTTP/1.1" 200 2763179
66.249.64.101 - - [02/Oct/2015:00:05:38 -0500] "GET /BLA/resoluciones/RESOLUCIONES%202013/0098.pdf HTTP/1.1" 200 548080
66.249.64.96 - - [02/Oct/2015:00:05:41 -0500] "GET /BLA/resoluciones/RESOLUCIONES%202009/4217.pdf HTTP/1.1" 200 645469
66.249.64.96 - - [02/Oct/2015:00:05:57 -0500] "GET /BLA/resoluciones/AUTOS%202008/2926.pdf HTTP/1.1" 200 81741
66.249.64.106 - - [02/Oct/2015:00:06:13 -0500] "GET /BLA/resoluciones/RESOLUCIONES%202010/2463.pdf HTTP/1.1" 200 499691
186.145.135.80 - - [02/Oct/2015:00:06:13 -0500] "GET /galeria/galeria/jquery.fancybox.js?v=2.1.5 HTTP/1.1" 304 -
186.145.135.80 - - [02/Oct/2015:00:06:13 -0500] "GET /galeria/galeria/jquery.fancybox.css?v=2.1.5 HTTP/1.1" 304 -
66.249.64.96 - - [02/Oct/2015:00:06:25 -0500] "GET /BLA/resoluciones/RESOLUCIONES%202007/RES%202007%203601%20AL%203700/RESOLUCION%203661%20DE%202007.pdf HTTP/1.1" 200 858622
66.249.64.101 - - [02/Oct/2015:00:06:29 -0500] "GET /BLA/resoluciones/AUTOS%202008/2063.pdf HTTP/1.1" 200 158636
201.245.192.253 - - [02/Oct/2015:00:06:41 -0500] "POST /forms/lservlet;jsessionid=ac16012b30d62e507505f2c64e898405c7619f87fb44.e3iSbxaKaheRe38Ka34Oa3eLbxf0n6jAmljGr5XDqQLvpAe HTTP/1.1" 200 2
66.249.64.101 - - [02/Oct/2015:00:06:45 -0500] "GET /BLA/resoluciones/AUTOS%202007/1912.pdf HTTP/1.1" 200 157164
66.249.64.96 - - [02/Oct/2015:00:07:01 -0500] "GET /BLA/resoluciones/RESOLUCIONES%202008/3192.pdf HTTP/1.1" 200 211123
66.249.64.101 - - [02/Oct/2015:00:07:17 -0500] "GET /BLA/resoluciones/AUTOS%202007/3574.pdf HTTP/1.1" 200 157776
66.249.64.106 - - [02/Oct/2015:00:07:33 -0500] "GET /BLA/resoluciones/RESOLUCIONES%202007/RES%202007%202301%20AL%202400/RESOLUCION%202372%20DE%202007.pdf HTTP/1.1" 200 169265
74.86.158.107 - - [02/Oct/2015:00:07:41 -0500] "HEAD / HTTP/1.1" 200 -
186.145.58.46 - - [02/Oct/2015:00:07:45 -0500] "GET /BLA/boletinlegal/js/jquery.scrollShow.js HTTP/1.1" 304 -
186.145.58.46 - - [02/Oct/2015:00:07:46 -0500] "GET /galeria/galeria/jquery.fancybox.js?v=2.1.5 HTTP/1.1" 304 -
186.145.58.46 - - [02/Oct/2015:00:07:46 -0500] "GET /galeria/galeria/jquery.fancybox.css?v=2.1.5 HTTP/1.1" 304 -
186.113.10.143 - - [02/Oct/2015:00:07:48 -0500] "GET /galeria/galeria/fotos/Movilizacion4P.jpg HTTP/1.1" 304 -
66.249.64.106 - - [02/Oct/2015:00:07:48 -0500] "GET /BLA/resoluciones/AUTOS%202008/2368.pdf HTTP/1.1" 200 310945
66.249.64.96 - - [02/Oct/2015:00:07:59 -0500] "GET /BLA/resoluciones/AUTOS%202014/1552.pdf HTTP/1.1" 200 706056
66.249.64.96 - - [02/Oct/2015:00:08:04 -0500] "GET /BLA/resoluciones/RESOLUCIONES%202007/RES%202007%203101%20AL%203200/RESOLUCION%203123%20DE%202007.pdf HTTP/1.1" 200 449311
186.115.68.166 - - [02/Oct/2015:00:08:13 -0500] "GET /BLA/resoluciones/AUTOS%202013/0025.pdf HTTP/1.1" 200 1687332
186.115.68.166 - - [02/Oct/2015:00:08:14 -0500] "GET /BLA/resoluciones/AUTOS%202013/0025.pdf HTTP/1.1" 206 32768
186.115.68.166 - - [02/Oct/2015:00:08:14 -0500] "GET /BLA/resoluciones/AUTOS%202013/0025.pdf HTTP/1.1" 206 1654564
187.131.227.194 - - [02/Oct/2015:00:01:49 -0500] "GET /videos/CRRFFS.mp4 HTTP/1.1" 206 284319235
66.249.64.106 - - [02/Oct/2015:00:08:20 -0500] "GET /BLA/resoluciones/AUTOS%202009/2007.pdf HTTP/1.1" 200 100229
66.249.64.106 - - [02/Oct/2015:00:08:36 -0500] "GET / HTTP/1.1" 200 10190
201.245.192.253 - - [02/Oct/2015:00:08:41 -0500] "POST /forms/lservlet;jsessionid=ac16012b30d62e507505f2c64e898405c7619f87fb44.e3iSbxaKaheRe38Ka34Oa3eLbxf0n6jAmljGr5XDqQLvpAe HTTP/1.1" 200 2
66.249.64.106 - - [02/Oct/2015:00:08:46 -0500] "GET /BLA/resoluciones/RESOLUCIONES%202012/1879.pdf HTTP/1.1" 200 1809484
66.249.64.101 - - [02/Oct/2015:00:08:52 -0500] "GET /BLA/resoluciones/AUTOS%202007/0512.pdf HTTP/1.1" 200 127836
191.102.216.52 - - [02/Oct/2015:00:08:53 -0500] "GET /galeria/galeria/jquery.fancybox.css?v=2.1.5 HTTP/1.1" 200 4895
191.102.216.52 - - [02/Oct/2015:00:08:53 -0500] "GET /BLA/boletinlegal/js/jquery.scrollShow.js HTTP/1.1" 200 4586
191.102.216.52 - - [02/Oct/2015:00:08:53 -0500] "GET /galeria/galeria/jquery.fancybox.js?v=2.1.5 HTTP/1.1" 200 48706
180.76.15.25 - - [02/Oct/2015:00:08:58 -0500] "GET /StormSDA/storm_silv/stormNewServer.jar HTTP/1.1" 200 373502
201.245.171.210 - - [02/Oct/2015:00:08:59 -0500] "GET /galeria/nivo-slider/demo/demo.html HTTP/1.1" 200 3905
201.245.171.210 - - [02/Oct/2015:00:08:59 -0500] "GET /galeria/nivo-slider/themes/default/default.css HTTP/1.1" 304 -
201.245.171.210 - - [02/Oct/2015:00:09:00 -0500] "GET /galeria/nivo-slider/demo/images/simulacro-nacional.jpg HTTP/1.1" 304 -
201.245.171.210 - - [02/Oct/2015:00:09:00 -0500] "GET /galeria/nivo-slider/demo/images/simulacro-busqueda-rescate-urbano.jpg HTTP/1.1" 304 -
191.102.216.52 - - [02/Oct/2015:00:09:01 -0500] "GET /BLA/boletinlegal/js/jquery.scrollShow.js HTTP/1.1" 304 -
191.102.216.52 - - [02/Oct/2015:00:09:01 -0500] "GET /galeria/galeria/jquery.fancybox.js?v=2.1.5 HTTP/1.1" 304 -
191.102.216.52 - - [02/Oct/2015:00:09:01 -0500] "GET /galeria/galeria/jquery.fancybox.css?v=2.1.5 HTTP/1.1" 304 -
66.249.64.96 - - [02/Oct/2015:00:09:08 -0500] "GET /BLA/resoluciones/RESOLUCIONES%202009/7757.pdf HTTP/1.1" 200 227957
66.249.64.96 - - [02/Oct/2015:00:09:24 -0500] "GET /BLA/resoluciones/AUTOS%202010/0802.pdf HTTP/1.1" 200 179549
66.249.64.106 - - [02/Oct/2015:00:09:33 -0500] "GET /BLA/resoluciones/RESOLUCIONES%202012/0334.pdf HTTP/1.1" 200 360967
66.249.64.101 - - [02/Oct/2015:00:09:40 -0500] "GET /BLA/resoluciones/RESOLUCIONES%202010/1541.pdf HTTP/1.1" 200 53478
66.249.64.106 - - [02/Oct/2015:00:09:56 -0500] "GET /BLA/resoluciones/RESOLUCIONES%202010/3750.pdf HTTP/1.1" 200 452688
66.249.64.101 - - [02/Oct/2015:00:10:11 -0500] "GET /BLA/resoluciones/RESOLUCIONES%202009/8197.pdf HTTP/1.1" 200 990002
181.61.188.240 - - [02/Oct/2015:00:10:13 -0500] "GET /BLA/boletinlegal/js/jquery.scrollShow.js HTTP/1.1" 200 4586
181.61.188.240 - - [02/Oct/2015:00:10:13 -0500] "GET /galeria/galeria/jquery.fancybox.js?v=2.1.5 HTTP/1.1" 200 48706
181.61.188.240 - - [02/Oct/2015:00:10:13 -0500] "GET /galeria/galeria/jquery.fancybox.css?v=2.1.5 HTTP/1.1" 200 4895
190.24.108.36 - - [02/Oct/2015:00:10:19 -0500] "GET /galeria/galeria/jquery.fancybox.js?v=2.1.5 HTTP/1.1" 304 -
190.24.108.36 - - [02/Oct/2015:00:10:19 -0500] "GET /BLA/boletinlegal/js/jquery.scrollShow.js HTTP/1.1" 304 -
190.24.108.36 - - [02/Oct/2015:00:10:19 -0500] "GET /galeria/galeria/jquery.fancybox.css?v=2.1.5 HTTP/1.1" 304 -
66.249.64.106 - - [02/Oct/2015:00:10:20 -0500] "GET /BLA/resoluciones/RESOLUCIONES%202010/6252.pdf HTTP/1.1" 200 595477
181.61.188.240 - - [02/Oct/2015:00:10:21 -0500] "GET /BLA/boletinlegal/js/jquery.scrollShow.js HTTP/1.1" 304 -
181.61.188.240 - - [02/Oct/2015:00:10:21 -0500] "GET /galeria/galeria/jquery.fancybox.js?v=2.1.5 HTTP/1.1" 304 -
181.61.188.240 - - [02/Oct/2015:00:10:21 -0500] "GET /galeria/galeria/jquery.fancybox.css?v=2.1.5 HTTP/1.1" 304 -
66.249.64.96 - - [02/Oct/2015:00:10:27 -0500] "GET /BLA/resoluciones/AUTOS%202008/2059.pdf HTTP/1.1" 200 212481
201.245.192.253 - - [02/Oct/2015:00:10:42 -0500] "POST /forms/lservlet;jsessionid=ac16012b30d62e507505f2c64e898405c7619f87fb44.e3iSbxaKaheRe38Ka34Oa3eLbxf0n6jAmljGr5XDqQLvpAe HTTP/1.1" 200 2
66.249.64.101 - - [02/Oct/2015:00:10:43 -0500] "GET /BLA/resoluciones/AUTOS%202007/2669.pdf HTTP/1.1" 200 505057
191.148.66.57 - - [02/Oct/2015:00:10:45 -0500] "GET /galeria/galeria/jquery.fancybox.css?v=2.1.5 HTTP/1.1" 200 4895
191.148.66.57 - - [02/Oct/2015:00:10:45 -0500] "GET /BLA/boletinlegal/js/jquery.scrollShow.js HTTP/1.1" 200 4586
191.148.66.57 - - [02/Oct/2015:00:10:45 -0500] "GET /galeria/galeria/jquery.fancybox.js?v=2.1.5 HTTP/1.1" 200 48706
186.155.163.214 - - [02/Oct/2015:00:10:49 -0500] "GET /galeria/galeria/jquery.fancybox.js?v=2.1.5 HTTP/1.1" 200 48706
186.155.163.214 - - [02/Oct/2015:00:10:49 -0500] "GET /galeria/galeria/jquery.fancybox.css?v=2.1.5 HTTP/1.1" 200 4895
186.155.163.214 - - [02/Oct/2015:00:10:49 -0500] "GET /BLA/boletinlegal/js/jquery.scrollShow.js HTTP/1.1" 200 4586
186.155.163.214 - - [02/Oct/2015:00:10:50 -0500] "GET /galeria/carrusel/Carrusel/jquery.thumbnailScroller.css HTTP/1.1" 200 2066
186.155.163.214 - - [02/Oct/2015:00:10:50 -0500] "GET /galeria/carrusel/Carrusel/jquery-ui-1.8.13.custom.min.js HTTP/1.1" 200 10800
186.155.163.214 - - [02/Oct/2015:00:10:50 -0500] "GET /galeria/carrusel/Carrusel/jquery.thumbnailScroller.js HTTP/1.1" 200 8157
191.148.66.57 - - [02/Oct/2015:00:10:56 -0500] "GET /galeria/galeria/jquery.fancybox.css?v=2.1.5 HTTP/1.1" 304 -
191.148.66.57 - - [02/Oct/2015:00:10:56 -0500] "GET /BLA/boletinlegal/js/jquery.scrollShow.js HTTP/1.1" 304 -
191.148.66.57 - - [02/Oct/2015:00:10:56 -0500] "GET /galeria/galeria/jquery.fancybox.js?v=2.1.5 HTTP/1.1" 304 -
66.249.64.106 - - [02/Oct/2015:00:10:59 -0500] "GET /BLA/resoluciones/RESOLUCIONES%202011/1075.pdf HTTP/1.1" 200 73859
66.249.64.96 - - [02/Oct/2015:00:11:07 -0500] "GET /BLA/resoluciones/RESOLUCIONES%202007/RES%202007%204001%20AL%204100/RESOLUCION%204091%20DE%202007.pdf HTTP/1.1" 200 788345
181.61.188.240 - - [02/Oct/2015:00:11:08 -0500] "GET /galeria/carrusel/Carrusel/jquery.thumbnailScroller.css HTTP/1.1" 200 2066
181.61.188.240 - - [02/Oct/2015:00:11:08 -0500] "GET /galeria/carrusel/Carrusel/jquery-ui-1.8.13.custom.min.js HTTP/1.1" 200 10800
181.61.188.240 - - [02/Oct/2015:00:11:09 -0500] "GET /galeria/carrusel/Carrusel/jquery.thumbnailScroller.js HTTP/1.1" 200 8157
181.61.188.240 - - [02/Oct/2015:00:11:09 -0500] "GET /galeria/nivo-slider/demo/demo.html HTTP/1.1" 200 3905
181.61.188.240 - - [02/Oct/2015:00:11:11 -0500] "GET /galeria/nivo-slider/themes/default/default.css HTTP/1.1" 200 1569
181.61.188.240 - - [02/Oct/2015:00:11:11 -0500] "GET /galeria/nivo-slider/themes/pascal/pascal.css HTTP/1.1" 200 2258
181.61.188.240 - - [02/Oct/2015:00:11:11 -0500] "GET /galeria/nivo-slider/themes/orman/orman.css HTTP/1.1" 200 2152
181.61.188.240 - - [02/Oct/2015:00:11:11 -0500] "GET /galeria/nivo-slider/nivo-slider.css HTTP/1.1" 200 1507
181.61.188.240 - - [02/Oct/2015:00:11:11 -0500] "GET /galeria/nivo-slider/demo/style.css HTTP/1.1" 200 2222
181.61.188.240 - - [02/Oct/2015:00:11:11 -0500] "GET /galeria/nivo-slider/demo/images/La-SDA-se-suma-a-la-Gran-Movilizacion.jpg HTTP/1.1" 200 92233
181.61.188.240 - - [02/Oct/2015:00:11:11 -0500] "GET /galeria/nivo-slider/demo/images/simulacro-nacional.jpg HTTP/1.1" 200 241925
181.61.188.240 - - [02/Oct/2015:00:11:11 -0500] "GET /galeria/nivo-slider/demo/images/simulacro-busqueda-rescate-urbano.jpg HTTP/1.1" 200 251375
181.61.188.240 - - [02/Oct/2015:00:11:11 -0500] "GET /galeria/nivo-slider/demo/images/Semana-PYBA.jpg HTTP/1.1" 200 103786
181.61.188.240 - - [02/Oct/2015:00:11:11 -0500] "GET /galeria/nivo-slider/demo/images/Plan-Quinquenal.jpg HTTP/1.1" 200 412438
181.61.188.240 - - [02/Oct/2015:00:11:11 -0500] "GET /galeria/nivo-slider/demo/scripts/jquery-1.7.1.min.js HTTP/1.1" 200 93868
181.61.188.240 - - [02/Oct/2015:00:11:11 -0500] "GET /galeria/nivo-slider/jquery.nivo.slider.pack.js HTTP/1.1" 200 11561
181.61.188.240 - - [02/Oct/2015:00:11:11 -0500] "GET /galeria/nivo-slider/demo/images/PREDAcamp.jpg HTTP/1.1" 200 295358
181.61.188.240 - - [02/Oct/2015:00:11:11 -0500] "GET /galeria/nivo-slider/demo/images/banner-llantas2.jpg HTTP/1.1" 200 204644
181.61.188.240 - - [02/Oct/2015:00:11:11 -0500] "GET /galeria/nivo-slider/demo/images/9Signos.jpg HTTP/1.1" 200 81776
181.61.188.240 - - [02/Oct/2015:00:11:11 -0500] "GET /galeria/nivo-slider/demo/images/Comparendo-ambiental-Banner.jpg HTTP/1.1" 200 83731
181.61.188.240 - - [02/Oct/2015:00:11:11 -0500] "GET /galeria/nivo-slider/demo/images/Ruta-vertimientos-01.jpg HTTP/1.1" 200 130151
181.61.188.240 - - [02/Oct/2015:00:11:12 -0500] "GET /galeria/nivo-slider/demo/images/bolsas-06.jpg HTTP/1.1" 200 90982
181.61.188.240 - - [02/Oct/2015:00:11:12 -0500] "GET /galeria/nivo-slider/demo/images/Conoce-los-humedales.jpg HTTP/1.1" 200 294036
181.61.188.240 - - [02/Oct/2015:00:11:12 -0500] "GET /galeria/nivo-slider/demo/images/ecolecta-Dic2014.png HTTP/1.1" 200 288593
181.61.188.240 - - [02/Oct/2015:00:11:13 -0500] "GET /galeria/nivo-slider/demo/images/4Simple_Slider.png HTTP/1.1" 200 11722
181.61.188.240 - - [02/Oct/2015:00:11:13 -0500] "GET /galeria/nivo-slider/themes/default/loading.gif HTTP/1.1" 200 1737
186.155.163.214 - - [02/Oct/2015:00:11:14 -0500] "GET /galeria/nivo-slider/demo/demo.html HTTP/1.1" 200 3905
66.249.64.106 - - [02/Oct/2015:00:11:15 -0500] "GET /BLA/resoluciones/RESOLUCIONES%202009/7813.pdf HTTP/1.1" 200 526507
181.61.188.240 - - [02/Oct/2015:00:11:19 -0500] "GET /galeria/nivo-slider/themes/default/arrows.png HTTP/1.1" 200 824
181.61.188.240 - - [02/Oct/2015:00:11:19 -0500] "GET /galeria/nivo-slider/themes/default/bullets.png HTTP/1.1" 200 1281
186.155.163.214 - - [02/Oct/2015:00:11:29 -0500] "GET /galeria/nivo-slider/themes/default/default.css HTTP/1.1" 200 1569
186.155.163.214 - - [02/Oct/2015:00:11:29 -0500] "GET /galeria/nivo-slider/themes/pascal/pascal.css HTTP/1.1" 200 2258
186.155.163.214 - - [02/Oct/2015:00:11:29 -0500] "GET /galeria/nivo-slider/themes/orman/orman.css HTTP/1.1" 200 2152
186.155.163.214 - - [02/Oct/2015:00:11:29 -0500] "GET /galeria/nivo-slider/nivo-slider.css HTTP/1.1" 200 1507
186.155.163.214 - - [02/Oct/2015:00:11:29 -0500] "GET /galeria/nivo-slider/demo/style.css HTTP/1.1" 200 2222
186.155.163.214 - - [02/Oct/2015:00:11:29 -0500] "GET /galeria/nivo-slider/demo/scripts/jquery-1.7.1.min.js HTTP/1.1" 200 93868
186.155.163.214 - - [02/Oct/2015:00:11:29 -0500] "GET /galeria/nivo-slider/jquery.nivo.slider.pack.js HTTP/1.1" 200 11561
186.155.163.214 - - [02/Oct/2015:00:11:30 -0500] "GET /galeria/nivo-slider/demo/images/La-SDA-se-suma-a-la-Gran-Movilizacion.jpg HTTP/1.1" 200 92233
186.155.163.214 - - [02/Oct/2015:00:11:30 -0500] "GET /galeria/nivo-slider/demo/images/simulacro-nacional.jpg HTTP/1.1" 200 241925
186.155.163.214 - - [02/Oct/2015:00:11:30 -0500] "GET /galeria/nivo-slider/demo/images/simulacro-busqueda-rescate-urbano.jpg HTTP/1.1" 200 251375
186.155.163.214 - - [02/Oct/2015:00:11:30 -0500] "GET /galeria/nivo-slider/demo/images/Semana-PYBA.jpg HTTP/1.1" 200 103786
186.155.163.214 - - [02/Oct/2015:00:11:30 -0500] "GET /galeria/nivo-slider/demo/images/Plan-Quinquenal.jpg HTTP/1.1" 200 412438
66.249.64.101 - - [02/Oct/2015:00:11:31 -0500] "GET /BLA/resoluciones/RESOLUCIONES%202009/1984.pdf HTTP/1.1" 200 660593
186.155.163.214 - - [02/Oct/2015:00:11:31 -0500] "GET /galeria/nivo-slider/demo/images/PREDAcamp.jpg HTTP/1.1" 200 295358
186.155.163.214 - - [02/Oct/2015:00:11:31 -0500] "GET /galeria/nivo-slider/demo/images/banner-llantas2.jpg HTTP/1.1" 200 204644
186.155.163.214 - - [02/Oct/2015:00:11:32 -0500] "GET /galeria/nivo-slider/demo/images/9Signos.jpg HTTP/1.1" 200 81776
186.155.163.214 - - [02/Oct/2015:00:11:34 -0500] "GET /galeria/nivo-slider/demo/images/4Simple_Slider.png HTTP/1.1" 200 11722
186.155.163.214 - - [02/Oct/2015:00:11:34 -0500] "GET /galeria/nivo-slider/themes/default/loading.gif HTTP/1.1" 200 1737
186.155.163.214 - - [02/Oct/2015:00:11:35 -0500] "GET /galeria/nivo-slider/demo/images/Comparendo-ambiental-Banner.jpg HTTP/1.1" 200 83731
186.155.163.214 - - [02/Oct/2015:00:11:35 -0500] "GET /galeria/nivo-slider/demo/images/Ruta-vertimientos-01.jpg HTTP/1.1" 200 130151
186.155.163.214 - - [02/Oct/2015:00:11:35 -0500] "GET /galeria/nivo-slider/demo/images/bolsas-06.jpg HTTP/1.1" 200 90982
186.155.163.214 - - [02/Oct/2015:00:11:35 -0500] "GET /galeria/nivo-slider/demo/images/Conoce-los-humedales.jpg HTTP/1.1" 200 294036
186.155.163.214 - - [02/Oct/2015:00:11:37 -0500] "GET /galeria/nivo-slider/demo/images/ecolecta-Dic2014.png HTTP/1.1" 200 288593
66.249.64.106 - - [02/Oct/2015:00:11:47 -0500] "GET /BLA/resoluciones/RESOLUCIONES%202010/2108.pdf HTTP/1.1" 200 581717
186.155.163.214 - - [02/Oct/2015:00:11:51 -0500] "GET /galeria/nivo-slider/themes/default/arrows.png HTTP/1.1" 200 824
186.155.163.214 - - [02/Oct/2015:00:11:52 -0500] "GET /galeria/nivo-slider/themes/default/bullets.png HTTP/1.1" 200 1281
66.249.64.101 - - [02/Oct/2015:00:12:03 -0500] "GET /BLA/resoluciones/AUTOS%202008/2694.pdf HTTP/1.1" 200 101373
201.184.28.229 - - [02/Oct/2015:00:12:03 -0500] "GET /galeria/galeria/fotos/mirador3G.jpg HTTP/1.1" 200 131992
66.249.64.96 - - [02/Oct/2015:00:12:18 -0500] "GET /BLA/resoluciones/AUTOS%202008/1608.pdf HTTP/1.1" 200 74752
186.31.149.222 - - [02/Oct/2015:00:12:26 -0500] "GET /galeria/galeria/jquery.fancybox.css?v=2.1.5 HTTP/1.1" 200 4895
186.31.149.222 - - [02/Oct/2015:00:12:26 -0500] "GET /BLA/boletinlegal/js/jquery.scrollShow.js HTTP/1.1" 200 4586
186.31.149.222 - - [02/Oct/2015:00:12:26 -0500] "GET /galeria/galeria/jquery.fancybox.js?v=2.1.5 HTTP/1.1" 200 48706
186.31.149.222 - - [02/Oct/2015:00:12:33 -0500] "GET /BLA/boletinlegal/js/jquery.scrollShow.js HTTP/1.1" 304 -
186.31.149.222 - - [02/Oct/2015:00:12:33 -0500] "GET /galeria/galeria/jquery.fancybox.js?v=2.1.5 HTTP/1.1" 304 -
186.31.149.222 - - [02/Oct/2015:00:12:33 -0500] "GET /galeria/galeria/jquery.fancybox.css?v=2.1.5 HTTP/1.1" 304 -
66.249.64.96 - - [02/Oct/2015:00:12:34 -0500] "GET /BLA/resoluciones/AUTOS%202008/2635.pdf HTTP/1.1" 200 63339
74.86.158.107 - - [02/Oct/2015:00:12:41 -0500] "HEAD / HTTP/1.1" 200 -
66.249.64.101 - - [02/Oct/2015:00:12:42 -0500] "GET /BLA/resoluciones/RESOLUCIONES%202013/1115.pdf HTTP/1.1" 200 208226
201.245.192.253 - - [02/Oct/2015:00:12:42 -0500] "POST /forms/lservlet;jsessionid=ac16012b30d62e507505f2c64e898405c7619f87fb44.e3iSbxaKaheRe38Ka34Oa3eLbxf0n6jAmljGr5XDqQLvpAe HTTP/1.1" 200 2
66.249.64.106 - - [02/Oct/2015:00:12:50 -0500] "GET /BLA/resoluciones/RESOLUCIONES%202009/4689.pdf HTTP/1.1" 200 838325
66.249.64.106 - - [02/Oct/2015:00:13:06 -0500] "GET /BLA/resoluciones/AUTOS%202008/0493.pdf HTTP/1.1" 200 333286
66.249.64.106 - - [02/Oct/2015:00:13:22 -0500] "GET /BLA/resoluciones/RESOLUCIONES%202009/4498.pdf HTTP/1.1" 200 491593
181.56.192.204 - - [02/Oct/2015:00:13:22 -0500] "GET /galeria/galeria/jquery.fancybox.css?v=2.1.5 HTTP/1.1" 200 4895
181.56.192.204 - - [02/Oct/2015:00:13:22 -0500] "GET /BLA/boletinlegal/js/jquery.scrollShow.js HTTP/1.1" 200 4586
181.56.192.204 - - [02/Oct/2015:00:13:22 -0500] "GET /galeria/galeria/jquery.fancybox.js?v=2.1.5 HTTP/1.1" 200 48706
66.249.64.106 - - [02/Oct/2015:00:13:23 -0500] "GET /BLA/resoluciones/AUTOS%202010/2607.pdf HTTP/1.1" 304 -
181.56.192.204 - - [02/Oct/2015:00:13:37 -0500] "GET /BLA/boletinlegal/js/jquery.scrollShow.js HTTP/1.1" 304 -
181.56.192.204 - - [02/Oct/2015:00:13:37 -0500] "GET /galeria/galeria/jquery.fancybox.js?v=2.1.5 HTTP/1.1" 304 -
181.56.192.204 - - [02/Oct/2015:00:13:37 -0500] "GET /galeria/galeria/jquery.fancybox.css?v=2.1.5 HTTP/1.1" 304 -
66.249.64.106 - - [02/Oct/2015:00:13:38 -0500] "GET /BLA/resoluciones/AUTOS%202012/1298.pdf HTTP/1.1" 200 194119
66.249.64.106 - - [02/Oct/2015:00:13:54 -0500] "GET /BLA/resoluciones/RESOLUCIONES%202009/2527.pdf HTTP/1.1" 200 434961
66.249.64.96 - - [02/Oct/2015:00:14:09 -0500] "GET /BLA/resoluciones/AUTOS%202006/AUTOS%202006%202801%20-%202900/00002858.tif HTTP/1.1" 200 79592
66.249.64.106 - - [02/Oct/2015:00:14:10 -0500] "GET /BLA/resoluciones/RESOLUCIONES%202009/2942.pdf HTTP/1.1" 200 657938
66.249.64.96 - - [02/Oct/2015:00:14:16 -0500] "GET /BLA/resoluciones/RESOLUCIONES%202011/3116.pdf HTTP/1.1" 200 441972
66.249.64.96 - - [02/Oct/2015:00:14:25 -0500] "GET /BLA/resoluciones/RESOLUCIONES%202009/2977.pdf HTTP/1.1" 200 472903
66.249.64.106 - - [02/Oct/2015:00:14:41 -0500] "GET /BLA/resoluciones/RESOLUCIONES%202009/0756.pdf HTTP/1.1" 200 349729
201.245.192.253 - - [02/Oct/2015:00:14:42 -0500] "POST /forms/lservlet;jsessionid=ac16012b30d62e507505f2c64e898405c7619f87fb44.e3iSbxaKaheRe38Ka34Oa3eLbxf0n6jAmljGr5XDqQLvpAe HTTP/1.1" 200 2
181.60.149.115 - - [02/Oct/2015:00:14:42 -0500] "GET /galeria/galeria/jquery.fancybox.css?v=2.1.5 HTTP/1.1" 200 4895
181.60.149.115 - - [02/Oct/2015:00:14:42 -0500] "GET /galeria/galeria/jquery.fancybox.js?v=2.1.5 HTTP/1.1" 200 48706
181.60.149.115 - - [02/Oct/2015:00:14:42 -0500] "GET /BLA/boletinlegal/js/jquery.scrollShow.js HTTP/1.1" 200 4586
181.60.149.115 - - [02/Oct/2015:00:14:49 -0500] "GET /BLA/boletinlegal/js/jquery.scrollShow.js HTTP/1.1" 304 -
181.60.149.115 - - [02/Oct/2015:00:14:49 -0500] "GET /galeria/galeria/jquery.fancybox.css?v=2.1.5 HTTP/1.1" 304 -
181.60.149.115 - - [02/Oct/2015:00:14:49 -0500] "GET /galeria/galeria/jquery.fancybox.js?v=2.1.5 HTTP/1.1" 304 -
66.249.64.106 - - [02/Oct/2015:00:14:57 -0500] "GET /BLA/resoluciones/AUTOS%202008/3390.pdf HTTP/1.1" 200 139894
66.249.64.106 - - [02/Oct/2015:00:15:03 -0500] "GET /BLA/resoluciones/RESOLUCIONES%202007/RES%202007%203601%20AL%203700/RESOLUCION%203613%20DE%202007.pdf HTTP/1.1" 200 401493
66.249.64.101 - - [02/Oct/2015:00:15:13 -0500] "GET /BLA/resoluciones/RESOLUCIONES%202010/2254.pdf HTTP/1.1" 200 485617
201.141.4.8 - - [02/Oct/2015:00:15:22 -0500] "GET /galeria/galeria/jquery.fancybox.css?v=2.1.5 HTTP/1.1" 200 4895
201.141.4.8 - - [02/Oct/2015:00:15:23 -0500] "GET /BLA/boletinlegal/js/jquery.scrollShow.js HTTP/1.1" 200 4586
201.141.4.8 - - [02/Oct/2015:00:15:23 -0500] "GET /galeria/galeria/jquery.fancybox.js?v=2.1.5 HTTP/1.1" 200 48706
66.249.64.253 - - [02/Oct/2015:00:15:27 -0500] "GET /Autoliquidacion/dlf/html.gif HTTP/1.1" 304 -
66.249.64.96 - - [02/Oct/2015:00:15:29 -0500] "GET /BLA/resoluciones/RESOLUCIONES%202009/3020.pdf HTTP/1.1" 200 604804
186.154.150.63 - - [02/Oct/2015:00:15:34 -0500] "GET /BLA/boletinlegal/jurisprudencia/analisis/analisis%20C-595-2010.doc HTTP/1.1" 200 39424
66.249.64.101 - - [02/Oct/2015:00:15:45 -0500] "GET /BLA/resoluciones/AUTOS%202008/2146.pdf HTTP/1.1" 200 100312
186.154.150.63 - - [02/Oct/2015:00:15:45 -0500] "GET /BLA/boletinlegal/jurisprudencia/analisis/analisis%20C-595-2010.doc HTTP/1.1" 206 1
186.154.150.63 - - [02/Oct/2015:00:15:45 -0500] "GET /BLA/boletinlegal/jurisprudencia/analisis/analisis%20C-595-2010.doc HTTP/1.1" 206 35044
66.249.64.106 - - [02/Oct/2015:00:15:50 -0500] "GET /BLA/resoluciones/RESOLUCIONES%202007/RES%202007%201901%20AL%202000/RESOLUCION%201918%20DE%202007.pdf HTTP/1.1" 200 336940
66.249.64.96 - - [02/Oct/2015:00:15:57 -0500] "GET /catalogoisis/imagenes/Turnbo1.gif HTTP/1.1" 304 -
66.249.64.106 - - [02/Oct/2015:00:16:01 -0500] "GET /BLA/resoluciones/RESOLUCIONES%202007/RES%202007%202301%20AL%202400/RESOLUCION%202308%20DE%202007.pdf HTTP/1.1" 200 1052061
66.249.64.106 - - [02/Oct/2015:00:16:05 -0500] "GET /galeria/galeria/fotos/Jaboque3G.jpg HTTP/1.1" 304 -
66.249.64.101 - - [02/Oct/2015:00:16:17 -0500] "GET /BLA/resoluciones/AUTOS%202008/2969.pdf HTTP/1.1" 200 79617
66.249.64.101 - - [02/Oct/2015:00:16:33 -0500] "GET /BLA/resoluciones/RESOLUCIONES%202009/8267.pdf HTTP/1.1" 200 289287
66.249.64.106 - - [02/Oct/2015:00:16:37 -0500] "GET /BLA/resoluciones/RESOLUCIONES%202014/3766.pdf HTTP/1.1" 200 538871
201.245.192.253 - - [02/Oct/2015:00:16:42 -0500] "POST /forms/lservlet;jsessionid=ac16012b30d62e507505f2c64e898405c7619f87fb44.e3iSbxaKaheRe38Ka34Oa3eLbxf0n6jAmljGr5XDqQLvpAe HTTP/1.1" 200 2
66.249.64.96 - - [02/Oct/2015:00:16:48 -0500] "GET /BLA/resoluciones/AUTOS%202008/1838.pdf HTTP/1.1" 200 168510
161.10.217.172 - - [02/Oct/2015:00:17:30 -0500] "GET /BLA/boletinlegal/js/jquery.scrollShow.js HTTP/1.1" 200 4586
161.10.217.172 - - [02/Oct/2015:00:17:30 -0500] "GET /galeria/galeria/jquery.fancybox.js?v=2.1.5 HTTP/1.1" 200 48706
161.10.217.172 - - [02/Oct/2015:00:17:30 -0500] "GET /galeria/galeria/jquery.fancybox.css?v=2.1.5 HTTP/1.1" 200 4895
161.10.217.172 - - [02/Oct/2015:00:17:41 -0500] "GET /BLA/boletinlegal/js/jquery.scrollShow.js HTTP/1.1" 304 -
161.10.217.172 - - [02/Oct/2015:00:17:41 -0500] "GET /galeria/galeria/jquery.fancybox.js?v=2.1.5 HTTP/1.1" 304 -
161.10.217.172 - - [02/Oct/2015:00:17:41 -0500] "GET /galeria/galeria/jquery.fancybox.css?v=2.1.5 HTTP/1.1" 304 -
74.86.158.107 - - [02/Oct/2015:00:17:41 -0500] "HEAD / HTTP/1.1" 200 -
66.249.64.96 - - [02/Oct/2015:00:17:42 -0500] "GET /BLA/resoluciones/RESOLUCIONES%202010/4039.pdf HTTP/1.1" 200 779251
66.249.64.106 - - [02/Oct/2015:00:17:44 -0500] "GET /BLA/resoluciones/RESOLUCIONES%202009/7034.pdf HTTP/1.1" 200 740247
66.249.64.106 - - [02/Oct/2015:00:17:45 -0500] "GET /BLA/resoluciones/RESOLUCIONES%202009/8303.pdf HTTP/1.1" 200 755158
66.249.64.106 - - [02/Oct/2015:00:17:47 -0500] "GET /BLA/resoluciones/RESOLUCIONES%202009/8633.pdf HTTP/1.1" 200 292275
66.249.64.106 - - [02/Oct/2015:00:17:52 -0500] "GET /BLA/resoluciones/RESOLUCIONES%202009/5743.pdf HTTP/1.1" 200 498545
66.249.64.101 - - [02/Oct/2015:00:18:08 -0500] "GET /BLA/resoluciones/RESOLUCIONES%202010/3920.pdf HTTP/1.1" 200 618804
181.61.114.36 - - [02/Oct/2015:00:18:09 -0500] "GET /BLA/boletinlegal/js/jquery.scrollShow.js HTTP/1.1" 200 4586
181.61.114.36 - - [02/Oct/2015:00:18:10 -0500] "GET /galeria/galeria/jquery.fancybox.css?v=2.1.5 HTTP/1.1" 200 4895
181.61.114.36 - - [02/Oct/2015:00:18:10 -0500] "GET /galeria/galeria/jquery.fancybox.js?v=2.1.5 HTTP/1.1" 200 48706
66.249.64.96 - - [02/Oct/2015:00:18:11 -0500] "GET /BLA/resoluciones/RESOLUCIONES%202009/9810.pdf HTTP/1.1" 200 399415
66.249.64.106 - - [02/Oct/2015:00:18:24 -0500] "GET /BLA/resoluciones/RESOLUCIONES%202009/0724.pdf HTTP/1.1" 200 165990
181.61.114.36 - - [02/Oct/2015:00:18:32 -0500] "GET /galeria/galeria/jquery.fancybox.css?v=2.1.5 HTTP/1.1" 304 -
181.61.114.36 - - [02/Oct/2015:00:18:32 -0500] "GET /BLA/boletinlegal/js/jquery.scrollShow.js HTTP/1.1" 304 -
181.61.114.36 - - [02/Oct/2015:00:18:32 -0500] "GET /galeria/galeria/jquery.fancybox.js?v=2.1.5 HTTP/1.1" 304 -
66.249.64.106 - - [02/Oct/2015:00:18:40 -0500] "GET /BLA/resoluciones/RESOLUCIONES%202009/2759.pdf HTTP/1.1" 200 413630
201.245.192.253 - - [02/Oct/2015:00:18:42 -0500] "POST /forms/lservlet;jsessionid=ac16012b30d62e507505f2c64e898405c7619f87fb44.e3iSbxaKaheRe38Ka34Oa3eLbxf0n6jAmljGr5XDqQLvpAe HTTP/1.1" 200 2
66.249.64.101 - - [02/Oct/2015:00:18:56 -0500] "GET /BLA/resoluciones/RESOLUCIONES%202011/0856.pdf HTTP/1.1" 200 352985
181.52.98.102 - - [02/Oct/2015:00:18:56 -0500] "GET /galeria/galeria/jquery.fancybox.css?v=2.1.5 HTTP/1.1" 200 4895
181.52.98.102 - - [02/Oct/2015:00:18:56 -0500] "GET /BLA/boletinlegal/js/jquery.scrollShow.js HTTP/1.1" 200 4586
181.52.98.102 - - [02/Oct/2015:00:18:56 -0500] "GET /galeria/galeria/jquery.fancybox.js?v=2.1.5 HTTP/1.1" 200 48706
181.52.98.102 - - [02/Oct/2015:00:19:04 -0500] "GET /galeria/galeria/jquery.fancybox.js?v=2.1.5 HTTP/1.1" 304 -
181.52.98.102 - - [02/Oct/2015:00:19:04 -0500] "GET /galeria/galeria/jquery.fancybox.css?v=2.1.5 HTTP/1.1" 304 -
181.52.98.102 - - [02/Oct/2015:00:19:04 -0500] "GET /BLA/boletinlegal/js/jquery.scrollShow.js HTTP/1.1" 304 -
66.249.64.96 - - [02/Oct/2015:00:19:11 -0500] "GET /BLA/resoluciones/AUTOS%202008/2013.pdf HTTP/1.1" 200 173242
66.249.64.101 - - [02/Oct/2015:00:19:27 -0500] "GET /BLA/resoluciones/RESOLUCIONES%202009/6002.pdf HTTP/1.1" 200 112176
66.249.64.106 - - [02/Oct/2015:00:19:43 -0500] "GET /BLA/resoluciones/RESOLUCIONES%202010/7784.pdf HTTP/1.1" 200 421955
66.249.64.96 - - [02/Oct/2015:00:19:45 -0500] "GET /BLA/resoluciones/AUTOS%202009/0046.pdf HTTP/1.1" 200 70340
66.249.64.101 - - [02/Oct/2015:00:19:59 -0500] "GET /BLA/resoluciones/AUTOS%202012/1878.pdf HTTP/1.1" 200 502947
186.146.160.207 - - [02/Oct/2015:00:20:14 -0500] "GET /galeria/galeria/jquery.fancybox.css?v=2.1.5 HTTP/1.1" 200 4895
186.146.160.207 - - [02/Oct/2015:00:20:14 -0500] "GET /BLA/boletinlegal/js/jquery.scrollShow.js HTTP/1.1" 200 4586
186.146.160.207 - - [02/Oct/2015:00:20:14 -0500] "GET /galeria/galeria/jquery.fancybox.js?v=2.1.5 HTTP/1.1" 200 48706
66.249.64.101 - - [02/Oct/2015:00:20:15 -0500] "GET /BLA/resoluciones/RESOLUCIONES%202010/2129.pdf HTTP/1.1" 200 108654
66.249.64.101 - - [02/Oct/2015:00:20:31 -0500] "GET /BLA/resoluciones/RESOLUCIONES%202009/0778.pdf HTTP/1.1" 200 262633
201.245.192.253 - - [02/Oct/2015:00:20:43 -0500] "POST /forms/lservlet;jsessionid=ac16012b30d62e507505f2c64e898405c7619f87fb44.e3iSbxaKaheRe38Ka34Oa3eLbxf0n6jAmljGr5XDqQLvpAe HTTP/1.1" 200 2
66.249.64.96 - - [02/Oct/2015:00:20:47 -0500] "GET /BLA/resoluciones/AUTOS%202008/2662.pdf HTTP/1.1" 200 116478
186.146.160.207 - - [02/Oct/2015:00:20:49 -0500] "GET /galeria/galeria/jquery.fancybox.css?v=2.1.5 HTTP/1.1" 304 -
186.146.160.207 - - [02/Oct/2015:00:20:49 -0500] "GET /BLA/boletinlegal/js/jquery.scrollShow.js HTTP/1.1" 304 -
186.146.160.207 - - [02/Oct/2015:00:20:49 -0500] "GET /galeria/galeria/jquery.fancybox.js?v=2.1.5 HTTP/1.1" 304 -
66.249.64.106 - - [02/Oct/2015:00:21:03 -0500] "GET /BLA/resoluciones/RESOLUCIONES%202009/3141.pdf HTTP/1.1" 200 476923
66.249.64.96 - - [02/Oct/2015:00:21:18 -0500] "GET /BLA/resoluciones/AUTOS%202008/1230.pdf HTTP/1.1" 200 79364
66.249.64.106 - - [02/Oct/2015:00:21:19 -0500] "GET /autoliquidacion/index.php?dir=Solicitudes+relacionadas+con+calidad+del+aire+auditiva+y+visual%2F HTTP/1.1" 200 5748
66.249.64.106 - - [02/Oct/2015:00:21:34 -0500] "GET /BLA/resoluciones/AUTOS%202012/1391.pdf HTTP/1.1" 200 271708
66.249.64.96 - - [02/Oct/2015:00:21:50 -0500] "GET /BLA/resoluciones/RESOLUCIONES%202009/1152.pdf HTTP/1.1" 200 566857
66.249.64.106 - - [02/Oct/2015:00:22:06 -0500] "GET /POT-2013/Cartografia/01_Clasificacion_Rural_V1_2013.pdf HTTP/1.1" 200 2522282
201.234.75.11 - - [02/Oct/2015:00:22:09 -0500] "GET /galeria/galeria/fotos/Movilizacion2P.jpg HTTP/1.1" 304 -
66.249.64.101 - - [02/Oct/2015:00:22:12 -0500] "GET /BLA/resoluciones/RESOLUCIONES%202009/1855.pdf HTTP/1.1" 200 526793
66.249.64.106 - - [02/Oct/2015:00:22:22 -0500] "GET /BLA/resoluciones/AUTOS%202007/0582.pdf HTTP/1.1" 200 313229
66.249.64.96 - - [02/Oct/2015:00:22:38 -0500] "GET /BLA/resoluciones/RESOLUCIONES%202008/0698.pdf HTTP/1.1" 200 89519
74.86.158.107 - - [02/Oct/2015:00:22:41 -0500] "HEAD / HTTP/1.1" 200 -
201.245.192.253 - - [02/Oct/2015:00:22:43 -0500] "POST /forms/lservlet;jsessionid=ac16012b30d62e507505f2c64e898405c7619f87fb44.e3iSbxaKaheRe38Ka34Oa3eLbxf0n6jAmljGr5XDqQLvpAe HTTP/1.1" 200 2
66.249.64.101 - - [02/Oct/2015:00:22:53 -0500] "GET /BLA/resoluciones/RESOLUCIONES%202010/7771.pdf HTTP/1.1" 200 1018564
66.249.64.106 - - [02/Oct/2015:00:22:55 -0500] "GET /BLA/resoluciones/RESOLUCIONES%202009/1754.pdf HTTP/1.1" 200 503274
66.249.64.106 - - [02/Oct/2015:00:23:10 -0500] "GET /BLA/resoluciones/AUTOS%202009/1172.pdf HTTP/1.1" 200 74044
66.249.64.96 - - [02/Oct/2015:00:23:26 -0500] "GET /BLA/resoluciones/RESOLUCIONES%202010/5001.pdf HTTP/1.1" 200 749249
186.145.64.117 - - [02/Oct/2015:00:23:30 -0500] "GET /BLA/boletinlegal/js/jquery.scrollShow.js HTTP/1.1" 200 4586
186.145.64.117 - - [02/Oct/2015:00:23:30 -0500] "GET /galeria/galeria/jquery.fancybox.js?v=2.1.5 HTTP/1.1" 200 48706
186.145.64.117 - - [02/Oct/2015:00:23:30 -0500] "GET /galeria/galeria/jquery.fancybox.css?v=2.1.5 HTTP/1.1" 200 4895
186.145.64.117 - - [02/Oct/2015:00:23:35 -0500] "GET /BLA/boletinlegal/js/jquery.scrollShow.js HTTP/1.1" 304 -
186.145.64.117 - - [02/Oct/2015:00:23:35 -0500] "GET /galeria/galeria/jquery.fancybox.js?v=2.1.5 HTTP/1.1" 304 -
186.145.64.117 - - [02/Oct/2015:00:23:35 -0500] "GET /galeria/galeria/jquery.fancybox.css?v=2.1.5 HTTP/1.1" 304 -
66.249.64.101 - - [02/Oct/2015:00:23:40 -0500] "GET /BLA/resoluciones/RESOLUCIONES%202007/RES%202007%201201%20AL%201300/RESOLUCION%201264%20DE%202007.pdf HTTP/1.1" 200 279954
66.249.64.101 - - [02/Oct/2015:00:23:41 -0500] "GET /BLA/resoluciones/RESOLUCIONES%202011/0346.pdf HTTP/1.1" 200 88875
66.249.64.96 - - [02/Oct/2015:00:23:57 -0500] "GET /BLA/resoluciones/AUTOS%202008/0917.pdf HTTP/1.1" 200 157609
66.249.64.96 - - [02/Oct/2015:00:24:10 -0500] "GET /catalogoisis/imagenes/br3c1.gif HTTP/1.1" 304 -
66.249.64.101 - - [02/Oct/2015:00:24:13 -0500] "GET /BLA/resoluciones/RESOLUCIONES%202009/5355.pdf HTTP/1.1" 200 415990
66.249.64.96 - - [02/Oct/2015:00:24:27 -0500] "GET /BLA/resoluciones/RESOLUCIONES%202010/1614.pdf HTTP/1.1" 200 818308
66.249.64.96 - - [02/Oct/2015:00:24:29 -0500] "GET /BLA/resoluciones/RESOLUCIONES%202007/RES%202007%201%20AL%20100/RESOLUCION%200095%20DE%202007.pdf HTTP/1.1" 200 428153
201.245.192.253 - - [02/Oct/2015:00:24:43 -0500] "POST /forms/lservlet;jsessionid=ac16012b30d62e507505f2c64e898405c7619f87fb44.e3iSbxaKaheRe38Ka34Oa3eLbxf0n6jAmljGr5XDqQLvpAe HTTP/1.1" 200 2
186.115.60.22 - - [02/Oct/2015:00:24:43 -0500] "GET /galeria/galeria/fotos/Soratama1P.jpg HTTP/1.1" 200 9622
186.115.60.22 - - [02/Oct/2015:00:24:44 -0500] "GET /galeria/galeria/fotos/Soratama2P.jpg HTTP/1.1" 200 10548
186.115.60.22 - - [02/Oct/2015:00:24:44 -0500] "GET /galeria/galeria/fotos/Soratama3P.jpg HTTP/1.1" 200 11298
186.115.60.22 - - [02/Oct/2015:00:24:44 -0500] "GET /galeria/galeria/fotos/Soratama4P.jpg HTTP/1.1" 200 10482
66.249.64.96 - - [02/Oct/2015:00:24:45 -0500] "GET /BLA/resoluciones/RESOLUCIONES%202009/7249.pdf HTTP/1.1" 200 220929
66.249.64.96 - - [02/Oct/2015:00:25:01 -0500] "GET /BLA/resoluciones/RESOLUCIONES%202009/6077.pdf HTTP/1.1" 200 414371
186.155.159.244 - - [02/Oct/2015:00:25:12 -0500] "GET /BLA/boletinlegal/js/jquery.scrollShow.js HTTP/1.1" 200 4586
186.155.159.244 - - [02/Oct/2015:00:25:12 -0500] "GET /galeria/galeria/jquery.fancybox.css?v=2.1.5 HTTP/1.1" 200 4895
186.155.159.244 - - [02/Oct/2015:00:25:12 -0500] "GET /galeria/galeria/jquery.fancybox.js?v=2.1.5 HTTP/1.1" 200 48706
66.249.64.101 - - [02/Oct/2015:00:25:14 -0500] "GET /BLA/resoluciones/RESOLUCIONES%202013/0132.pdf HTTP/1.1" 200 3552881
66.249.64.106 - - [02/Oct/2015:00:25:19 -0500] "GET /BLA/resoluciones/AUTOS%202013/2327.pdf HTTP/1.1" 200 401929
186.87.42.244 - - [02/Oct/2015:00:25:27 -0500] "GET /galeria/galeria/jquery.fancybox.css?v=2.1.5 HTTP/1.1" 200 4895
186.87.42.244 - - [02/Oct/2015:00:25:27 -0500] "GET /BLA/boletinlegal/js/jquery.scrollShow.js HTTP/1.1" 200 4586
186.87.42.244 - - [02/Oct/2015:00:25:27 -0500] "GET /galeria/galeria/jquery.fancybox.js?v=2.1.5 HTTP/1.1" 200 48706
66.249.64.101 - - [02/Oct/2015:00:25:33 -0500] "GET /BLA/resoluciones/AUTOS%202008/1225.pdf HTTP/1.1" 200 80489
66.249.64.106 - - [02/Oct/2015:00:25:48 -0500] "GET /BLA/resoluciones/AUTOS%202013/2191.pdf HTTP/1.1" 200 782246
181.139.136.95 - - [02/Oct/2015:00:25:51 -0500] "GET /BLA/boletines/1.php HTTP/1.1" 200 21984
181.139.136.95 - - [02/Oct/2015:00:25:52 -0500] "GET /BLA/images/bottom.jpg HTTP/1.1" 404 1284
66.249.64.101 - - [02/Oct/2015:00:26:01 -0500] "GET /autoliquidacion/index.php?dir=Grupo+Forestal+-+Industria+de+la+Madera%2F HTTP/1.1" 200 6505
66.249.64.101 - - [02/Oct/2015:00:26:04 -0500] "GET /BLA/resoluciones/RESOLUCIONES%202009/6108.pdf HTTP/1.1" 200 391068
186.155.159.244 - - [02/Oct/2015:00:26:15 -0500] "GET /galeria/galeria/jquery.fancybox.css?v=2.1.5 HTTP/1.1" 304 -
186.155.159.244 - - [02/Oct/2015:00:26:15 -0500] "GET /BLA/boletinlegal/js/jquery.scrollShow.js HTTP/1.1" 304 -
186.155.159.244 - - [02/Oct/2015:00:26:15 -0500] "GET /galeria/galeria/jquery.fancybox.js?v=2.1.5 HTTP/1.1" 304 -
186.155.159.244 - - [02/Oct/2015:00:26:16 -0500] "GET /galeria/galeria/jquery.fancybox.js?v=2.1.5 HTTP/1.1" 304 -
