66.249.64.96 - - [02/Oct/2015:02:04:32 -0500] "GET /BLA/resoluciones/RESOLUCIONES%202009/0646.pdf HTTP/1.1" 200 268924
66.249.64.101 - - [02/Oct/2015:02:04:48 -0500] "GET /BLA/resoluciones/RESOLUCIONES%202011/0641.pdf HTTP/1.1" 200 348679
66.249.64.101 - - [02/Oct/2015:02:04:49 -0500] "GET /BLA/resoluciones/RESOLUCIONES%202009/6154.pdf HTTP/1.1" 200 648508
201.245.192.253 - - [02/Oct/2015:02:04:54 -0500] "POST /forms/lservlet;jsessionid=ac16012b30d62e507505f2c64e898405c7619f87fb44.e3iSbxaKaheRe38Ka34Oa3eLbxf0n6jAmljGr5XDqQLvpAe HTTP/1.1" 200 2
200.119.87.181 - - [02/Oct/2015:02:04:56 -0500] "GET /galeria/carrusel/Carrusel/jquery.thumbnailScroller.css HTTP/1.1" 200 2066
200.119.87.181 - - [02/Oct/2015:02:04:56 -0500] "GET /galeria/nivo-slider/demo/demo.html HTTP/1.1" 200 3905
104.196.83.89 - - [02/Oct/2015:02:04:58 -0500] "GET /BLA/boletinlegal/js/jquery.scrollShow.js HTTP/1.1" 200 4586
104.196.83.89 - - [02/Oct/2015:02:04:58 -0500] "GET /galeria/galeria/jquery.fancybox.js?v=2.1.5 HTTP/1.1" 200 48706
104.196.83.89 - - [02/Oct/2015:02:04:58 -0500] "GET /galeria/galeria/jquery.fancybox.css?v=2.1.5 HTTP/1.1" 200 4895
104.196.83.89 - - [02/Oct/2015:02:04:58 -0500] "GET /galeria/carrusel/Carrusel/jquery.thumbnailScroller.css HTTP/1.1" 200 2066
104.196.83.89 - - [02/Oct/2015:02:04:58 -0500] "GET /galeria/carrusel/Carrusel/jquery-ui-1.8.13.custom.min.js HTTP/1.1" 200 10800
104.196.83.89 - - [02/Oct/2015:02:04:58 -0500] "GET /galeria/carrusel/Carrusel/jquery.thumbnailScroller.js HTTP/1.1" 200 8157
200.119.87.181 - - [02/Oct/2015:02:04:59 -0500] "GET /galeria/nivo-slider/themes/default/default.css HTTP/1.1" 200 1569
200.119.87.181 - - [02/Oct/2015:02:04:59 -0500] "GET /galeria/nivo-slider/themes/pascal/pascal.css HTTP/1.1" 200 2258
200.119.87.181 - - [02/Oct/2015:02:04:59 -0500] "GET /galeria/nivo-slider/themes/orman/orman.css HTTP/1.1" 200 2152
200.119.87.181 - - [02/Oct/2015:02:04:59 -0500] "GET /galeria/nivo-slider/nivo-slider.css HTTP/1.1" 200 1507
200.119.87.181 - - [02/Oct/2015:02:04:59 -0500] "GET /galeria/nivo-slider/demo/style.css HTTP/1.1" 200 2222
200.119.87.181 - - [02/Oct/2015:02:04:59 -0500] "GET /galeria/nivo-slider/demo/images/La-SDA-se-suma-a-la-Gran-Movilizacion.jpg HTTP/1.1" 200 92233
200.119.87.181 - - [02/Oct/2015:02:04:59 -0500] "GET /galeria/nivo-slider/demo/images/simulacro-nacional.jpg HTTP/1.1" 200 241925
200.119.87.181 - - [02/Oct/2015:02:04:59 -0500] "GET /galeria/nivo-slider/demo/images/simulacro-busqueda-rescate-urbano.jpg HTTP/1.1" 200 251375
200.119.87.181 - - [02/Oct/2015:02:04:59 -0500] "GET /galeria/nivo-slider/demo/images/Semana-PYBA.jpg HTTP/1.1" 200 103786
200.119.87.181 - - [02/Oct/2015:02:04:59 -0500] "GET /galeria/nivo-slider/demo/images/Plan-Quinquenal.jpg HTTP/1.1" 200 412438
200.119.87.181 - - [02/Oct/2015:02:04:59 -0500] "GET /galeria/nivo-slider/demo/images/PREDAcamp.jpg HTTP/1.1" 200 295358
200.119.87.181 - - [02/Oct/2015:02:05:00 -0500] "GET /galeria/nivo-slider/demo/images/banner-llantas2.jpg HTTP/1.1" 200 204644
200.119.87.181 - - [02/Oct/2015:02:05:01 -0500] "GET /galeria/nivo-slider/demo/images/4Simple_Slider.png HTTP/1.1" 200 11722
200.119.87.181 - - [02/Oct/2015:02:05:01 -0500] "GET /galeria/nivo-slider/themes/default/loading.gif HTTP/1.1" 200 1737
200.119.87.181 - - [02/Oct/2015:02:05:01 -0500] "GET /galeria/nivo-slider/demo/images/9Signos.jpg HTTP/1.1" 200 81776
200.119.87.181 - - [02/Oct/2015:02:05:01 -0500] "GET /galeria/nivo-slider/demo/images/Comparendo-ambiental-Banner.jpg HTTP/1.1" 200 83731
200.119.87.181 - - [02/Oct/2015:02:05:02 -0500] "GET /galeria/nivo-slider/demo/images/Ruta-vertimientos-01.jpg HTTP/1.1" 200 130151
200.119.87.181 - - [02/Oct/2015:02:05:02 -0500] "GET /galeria/nivo-slider/demo/images/bolsas-06.jpg HTTP/1.1" 200 90982
200.119.87.181 - - [02/Oct/2015:02:05:02 -0500] "GET /galeria/nivo-slider/demo/images/Conoce-los-humedales.jpg HTTP/1.1" 200 294036
200.119.87.181 - - [02/Oct/2015:02:05:02 -0500] "GET /galeria/nivo-slider/demo/images/ecolecta-Dic2014.png HTTP/1.1" 200 288593
66.249.64.96 - - [02/Oct/2015:02:05:04 -0500] "GET /BLA/resoluciones/RESOLUCIONES%202009/9241.pdf HTTP/1.1" 200 518528
200.119.87.181 - - [02/Oct/2015:02:05:06 -0500] "GET /galeria/nivo-slider/themes/default/arrows.png HTTP/1.1" 200 824
200.119.87.181 - - [02/Oct/2015:02:05:06 -0500] "GET /galeria/nivo-slider/themes/default/bullets.png HTTP/1.1" 200 1281
66.249.64.101 - - [02/Oct/2015:02:05:20 -0500] "GET /BLA/resoluciones/RESOLUCIONES%202009/9755.pdf HTTP/1.1" 200 293075
66.249.64.106 - - [02/Oct/2015:02:05:36 -0500] "GET /BLA/resoluciones/RESOLUCIONES%202008/0576.pdf HTTP/1.1" 200 302699
186.80.166.73 - - [02/Oct/2015:02:05:36 -0500] "GET /galeria/galeria/jquery.fancybox.css?v=2.1.5 HTTP/1.1" 200 4895
186.80.166.73 - - [02/Oct/2015:02:05:36 -0500] "GET /galeria/galeria/jquery.fancybox.js?v=2.1.5 HTTP/1.1" 200 48706
186.80.166.73 - - [02/Oct/2015:02:05:36 -0500] "GET /BLA/boletinlegal/js/jquery.scrollShow.js HTTP/1.1" 200 4586
66.249.64.101 - - [02/Oct/2015:02:05:52 -0500] "GET /BLA/resoluciones/AUTOS%202007/0345.pdf HTTP/1.1" 200 50468
66.249.64.101 - - [02/Oct/2015:02:05:57 -0500] "GET /BLA/resoluciones/RESOLUCIONES%202009/7772.pdf HTTP/1.1" 200 494659
186.80.166.73 - - [02/Oct/2015:02:05:58 -0500] "GET /galeria/galeria/jquery.fancybox.css?v=2.1.5 HTTP/1.1" 304 -
186.80.166.73 - - [02/Oct/2015:02:05:58 -0500] "GET /BLA/boletinlegal/js/jquery.scrollShow.js HTTP/1.1" 304 -
186.80.166.73 - - [02/Oct/2015:02:05:58 -0500] "GET /galeria/galeria/jquery.fancybox.js?v=2.1.5 HTTP/1.1" 304 -
66.249.64.106 - - [02/Oct/2015:02:06:08 -0500] "GET /BLA/resoluciones/AUTOS%202008/1234.pdf HTTP/1.1" 200 73261
66.249.64.101 - - [02/Oct/2015:02:06:10 -0500] "GET /BLA/resoluciones/RESOLUCIONES%202008/3808.pdf HTTP/1.1" 200 500475
66.249.64.96 - - [02/Oct/2015:02:06:23 -0500] "GET /BLA/resoluciones/AUTOS%202008/1202.pdf HTTP/1.1" 200 89401
66.249.64.106 - - [02/Oct/2015:02:06:39 -0500] "GET /BLA/resoluciones/RESOLUCIONES%202010/4215.pdf HTTP/1.1" 200 91783
66.249.64.96 - - [02/Oct/2015:02:06:41 -0500] "GET /BLA/resoluciones/RESOLUCIONES%202014/2201.pdf HTTP/1.1" 200 457789
201.245.192.253 - - [02/Oct/2015:02:06:55 -0500] "POST /forms/lservlet;jsessionid=ac16012b30d62e507505f2c64e898405c7619f87fb44.e3iSbxaKaheRe38Ka34Oa3eLbxf0n6jAmljGr5XDqQLvpAe HTTP/1.1" 200 2
66.249.64.96 - - [02/Oct/2015:02:06:55 -0500] "GET /BLA/resoluciones/RESOLUCIONES%202008/2701.pdf HTTP/1.1" 200 259791
66.249.64.101 - - [02/Oct/2015:02:07:11 -0500] "GET /BLA/resoluciones/RESOLUCIONES%202011/0371.pdf HTTP/1.1" 200 66487
66.249.64.96 - - [02/Oct/2015:02:07:27 -0500] "GET /BLA/resoluciones/AUTOS%202008/0781.pdf HTTP/1.1" 200 78026
74.86.158.107 - - [02/Oct/2015:02:07:41 -0500] "HEAD / HTTP/1.1" 200 -
66.249.64.96 - - [02/Oct/2015:02:07:43 -0500] "GET /BLA/resoluciones/AUTOS%202010/0985.pdf HTTP/1.1" 200 125240
66.249.64.106 - - [02/Oct/2015:02:07:59 -0500] "GET /BLA/resoluciones/AUTOS%202008/1027.pdf HTTP/1.1" 200 165474
66.249.64.96 - - [02/Oct/2015:02:08:15 -0500] "GET /BLA/resoluciones/RESOLUCIONES%202008/5240.pdf HTTP/1.1" 200 332480
66.249.64.106 - - [02/Oct/2015:02:08:31 -0500] "GET /BLA/resoluciones/RESOLUCIONES%202008/1891.pdf HTTP/1.1" 200 209524
66.249.64.96 - - [02/Oct/2015:02:08:46 -0500] "GET /BLA/resoluciones/RESOLUCIONES%202008/0269.pdf HTTP/1.1" 200 1000792
201.245.192.253 - - [02/Oct/2015:02:08:55 -0500] "POST /forms/lservlet;jsessionid=ac16012b30d62e507505f2c64e898405c7619f87fb44.e3iSbxaKaheRe38Ka34Oa3eLbxf0n6jAmljGr5XDqQLvpAe HTTP/1.1" 200 2
66.249.64.96 - - [02/Oct/2015:02:09:02 -0500] "GET /BLA/resoluciones/RESOLUCIONES%202010/4958.pdf HTTP/1.1" 200 266391
142.54.185.250 - - [02/Oct/2015:02:09:16 -0500] "GET /old/wp-admin/ HTTP/1.1" 404 1018
66.249.64.101 - - [02/Oct/2015:02:09:17 -0500] "GET /BLA/resoluciones/AUTOS%202012/1506.pdf HTTP/1.1" 200 269875
66.249.64.101 - - [02/Oct/2015:02:09:18 -0500] "GET /BLA/resoluciones/RESOLUCIONES%202008/4658.pdf HTTP/1.1" 200 986619
66.249.64.106 - - [02/Oct/2015:02:09:34 -0500] "GET /BLA/resoluciones/AUTOS%202009/3097.pdf HTTP/1.1" 200 165095
66.249.64.106 - - [02/Oct/2015:02:09:50 -0500] "GET /BLA/resoluciones/RESOLUCIONES%202008/5575.pdf HTTP/1.1" 200 246431
66.249.64.101 - - [02/Oct/2015:02:10:06 -0500] "GET /BLA/resoluciones/RESOLUCIONES%202009/8157.pdf HTTP/1.1" 200 522983
173.252.90.117 - - [02/Oct/2015:02:10:16 -0500] "GET /galeria/galeria/fotos/cusumbo4P.jpg HTTP/1.1" 200 34990
66.249.64.96 - - [02/Oct/2015:02:10:22 -0500] "GET /BLA/resoluciones/RESOLUCIONES%202009/9728.pdf HTTP/1.1" 200 341060
66.249.64.101 - - [02/Oct/2015:02:10:38 -0500] "GET /BLA/resoluciones/RESOLUCIONES%202011/1153.pdf HTTP/1.1" 200 323627
66.249.64.96 - - [02/Oct/2015:02:10:53 -0500] "GET /BLA/resoluciones/RESOLUCIONES%202008/0556.pdf HTTP/1.1" 200 120756
201.245.192.253 - - [02/Oct/2015:02:10:55 -0500] "POST /forms/lservlet;jsessionid=ac16012b30d62e507505f2c64e898405c7619f87fb44.e3iSbxaKaheRe38Ka34Oa3eLbxf0n6jAmljGr5XDqQLvpAe HTTP/1.1" 200 2
66.249.64.106 - - [02/Oct/2015:02:11:09 -0500] "GET /BLA/resoluciones/RESOLUCIONES%202009/0621.pdf HTTP/1.1" 200 314977
101.199.108.118 - - [02/Oct/2015:02:11:14 -0500] "GET /galeria/galeria/jquery.fancybox.css?v=2.1.5 HTTP/1.1" 200 4895
101.199.108.118 - - [02/Oct/2015:02:11:14 -0500] "GET /BLA/boletinlegal/js/jquery.scrollShow.js HTTP/1.1" 200 4586
101.199.108.118 - - [02/Oct/2015:02:11:14 -0500] "GET /galeria/galeria/jquery.fancybox.js?v=2.1.5 HTTP/1.1" 200 48706
101.199.108.118 - - [02/Oct/2015:02:11:14 -0500] "GET /galeria/carrusel/Carrusel/jquery.thumbnailScroller.css HTTP/1.1" 200 2066
101.199.108.118 - - [02/Oct/2015:02:11:14 -0500] "GET /galeria/carrusel/Carrusel/jquery-ui-1.8.13.custom.min.js HTTP/1.1" 200 10800
101.199.108.118 - - [02/Oct/2015:02:11:14 -0500] "GET /galeria/carrusel/Carrusel/jquery.thumbnailScroller.js HTTP/1.1" 200 8157
190.9.244.244 - - [02/Oct/2015:02:11:23 -0500] "GET /galeria/galeria/jquery.fancybox.css?v=2.1.5 HTTP/1.1" 200 4895
190.9.244.244 - - [02/Oct/2015:02:11:23 -0500] "GET /galeria/galeria/jquery.fancybox.js?v=2.1.5 HTTP/1.1" 200 48706
190.9.244.244 - - [02/Oct/2015:02:11:23 -0500] "GET /galeria/galeria/fotos/Soratama1P.jpg HTTP/1.1" 200 9622
190.9.244.244 - - [02/Oct/2015:02:11:23 -0500] "GET /galeria/galeria/fotos/Soratama2P.jpg HTTP/1.1" 200 10548
190.9.244.244 - - [02/Oct/2015:02:11:23 -0500] "GET /galeria/galeria/fotos/Soratama3P.jpg HTTP/1.1" 200 11298
190.9.244.244 - - [02/Oct/2015:02:11:23 -0500] "GET /galeria/galeria/fotos/Soratama4P.jpg HTTP/1.1" 200 10482
66.249.64.106 - - [02/Oct/2015:02:11:25 -0500] "GET /BLA/resoluciones/RESOLUCIONES%202009/8596.pdf HTTP/1.1" 200 537271
66.249.64.96 - - [02/Oct/2015:02:11:41 -0500] "GET /BLA/resoluciones/AUTOS%202008/2506.pdf HTTP/1.1" 200 97617
189.176.18.151 - - [02/Oct/2015:02:11:43 -0500] "GET /galeria/galeria/jquery.fancybox.css?v=2.1.5 HTTP/1.1" 200 4895
189.176.18.151 - - [02/Oct/2015:02:11:43 -0500] "GET /BLA/boletinlegal/js/jquery.scrollShow.js HTTP/1.1" 200 4586
189.176.18.151 - - [02/Oct/2015:02:11:43 -0500] "GET /galeria/galeria/jquery.fancybox.js?v=2.1.5 HTTP/1.1" 200 48706
66.249.64.106 - - [02/Oct/2015:02:11:57 -0500] "GET /BLA/resoluciones/AUTOS%202007/3542.pdf HTTP/1.1" 200 154188
66.249.64.106 - - [02/Oct/2015:02:12:13 -0500] "GET /BLA/resoluciones/RESOLUCIONES%202009/2256.pdf HTTP/1.1" 200 403742
189.176.18.151 - - [02/Oct/2015:02:12:14 -0500] "GET /galeria/galeria/jquery.fancybox.css?v=2.1.5 HTTP/1.1" 304 -
189.176.18.151 - - [02/Oct/2015:02:12:14 -0500] "GET /BLA/boletinlegal/js/jquery.scrollShow.js HTTP/1.1" 304 -
189.176.18.151 - - [02/Oct/2015:02:12:27 -0500] "GET /galeria/galeria/jquery.fancybox.js?v=2.1.5 HTTP/1.1" 304 -
66.249.64.106 - - [02/Oct/2015:02:12:29 -0500] "GET /videos/galeria-cronicas/cronicas/ HTTP/1.1" 200 10512
74.86.158.107 - - [02/Oct/2015:02:12:41 -0500] "HEAD / HTTP/1.1" 200 -
66.249.64.101 - - [02/Oct/2015:02:12:45 -0500] "GET /BLA/resoluciones/AUTOS%202008/0535.pdf HTTP/1.1" 200 95150
186.29.1.60 - - [02/Oct/2015:02:12:46 -0500] "GET /galeria/carrusel/Carrusel/jquery.thumbnailScroller.css HTTP/1.1" 200 2066
186.29.1.60 - - [02/Oct/2015:02:12:46 -0500] "GET /galeria/carrusel/Carrusel/jquery-ui-1.8.13.custom.min.js HTTP/1.1" 200 10800
186.29.1.60 - - [02/Oct/2015:02:12:46 -0500] "GET /galeria/carrusel/Carrusel/jquery.thumbnailScroller.js HTTP/1.1" 200 8157
186.29.1.60 - - [02/Oct/2015:02:12:49 -0500] "GET /galeria/nivo-slider/demo/demo.html HTTP/1.1" 200 3905
186.29.1.60 - - [02/Oct/2015:02:12:50 -0500] "GET /galeria/nivo-slider/themes/default/default.css HTTP/1.1" 200 1569
186.29.1.60 - - [02/Oct/2015:02:12:50 -0500] "GET /galeria/nivo-slider/themes/pascal/pascal.css HTTP/1.1" 200 2258
186.29.1.60 - - [02/Oct/2015:02:12:50 -0500] "GET /galeria/nivo-slider/nivo-slider.css HTTP/1.1" 200 1507
186.29.1.60 - - [02/Oct/2015:02:12:50 -0500] "GET /galeria/nivo-slider/themes/orman/orman.css HTTP/1.1" 200 2152
186.29.1.60 - - [02/Oct/2015:02:12:50 -0500] "GET /galeria/nivo-slider/demo/style.css HTTP/1.1" 200 2222
186.29.1.60 - - [02/Oct/2015:02:12:50 -0500] "GET /galeria/nivo-slider/demo/images/La-SDA-se-suma-a-la-Gran-Movilizacion.jpg HTTP/1.1" 200 92233
186.29.1.60 - - [02/Oct/2015:02:12:50 -0500] "GET /galeria/nivo-slider/demo/images/simulacro-nacional.jpg HTTP/1.1" 200 241925
186.29.1.60 - - [02/Oct/2015:02:12:50 -0500] "GET /galeria/nivo-slider/demo/images/simulacro-busqueda-rescate-urbano.jpg HTTP/1.1" 200 251375
186.29.1.60 - - [02/Oct/2015:02:12:50 -0500] "GET /galeria/nivo-slider/demo/images/Semana-PYBA.jpg HTTP/1.1" 200 103786
186.29.1.60 - - [02/Oct/2015:02:12:50 -0500] "GET /galeria/nivo-slider/demo/images/Plan-Quinquenal.jpg HTTP/1.1" 200 412438
186.29.1.60 - - [02/Oct/2015:02:12:50 -0500] "GET /galeria/nivo-slider/demo/images/PREDAcamp.jpg HTTP/1.1" 200 295358
186.29.1.60 - - [02/Oct/2015:02:12:51 -0500] "GET /galeria/nivo-slider/demo/images/banner-llantas2.jpg HTTP/1.1" 200 204644
186.29.1.60 - - [02/Oct/2015:02:12:51 -0500] "GET /galeria/nivo-slider/demo/images/9Signos.jpg HTTP/1.1" 200 81776
186.29.1.60 - - [02/Oct/2015:02:12:51 -0500] "GET /galeria/nivo-slider/demo/images/Comparendo-ambiental-Banner.jpg HTTP/1.1" 200 83731
186.29.1.60 - - [02/Oct/2015:02:12:52 -0500] "GET /galeria/nivo-slider/demo/images/Ruta-vertimientos-01.jpg HTTP/1.1" 200 130151
186.29.1.60 - - [02/Oct/2015:02:12:52 -0500] "GET /galeria/nivo-slider/demo/images/bolsas-06.jpg HTTP/1.1" 200 90982
186.29.1.60 - - [02/Oct/2015:02:12:53 -0500] "GET /galeria/nivo-slider/demo/images/Conoce-los-humedales.jpg HTTP/1.1" 200 294036
186.29.1.60 - - [02/Oct/2015:02:12:53 -0500] "GET /galeria/nivo-slider/demo/images/ecolecta-Dic2014.png HTTP/1.1" 200 288593
186.29.1.60 - - [02/Oct/2015:02:12:55 -0500] "GET /galeria/nivo-slider/demo/scripts/jquery-1.7.1.min.js HTTP/1.1" 200 93868
186.29.1.60 - - [02/Oct/2015:02:12:55 -0500] "GET /galeria/nivo-slider/jquery.nivo.slider.pack.js HTTP/1.1" 200 11561
201.245.192.253 - - [02/Oct/2015:02:12:55 -0500] "POST /forms/lservlet;jsessionid=ac16012b30d62e507505f2c64e898405c7619f87fb44.e3iSbxaKaheRe38Ka34Oa3eLbxf0n6jAmljGr5XDqQLvpAe HTTP/1.1" 200 2
186.29.1.60 - - [02/Oct/2015:02:12:56 -0500] "GET /galeria/nivo-slider/demo/images/4Simple_Slider.png HTTP/1.1" 200 11722
186.29.1.60 - - [02/Oct/2015:02:12:56 -0500] "GET /galeria/nivo-slider/themes/default/loading.gif HTTP/1.1" 200 1737
186.29.1.60 - - [02/Oct/2015:02:12:56 -0500] "GET /galeria/nivo-slider/themes/default/arrows.png HTTP/1.1" 200 824
186.29.1.60 - - [02/Oct/2015:02:12:56 -0500] "GET /galeria/nivo-slider/themes/default/bullets.png HTTP/1.1" 200 1281
66.249.64.106 - - [02/Oct/2015:02:13:01 -0500] "GET /BLA/resoluciones/RESOLUCIONES%202008/1082.pdf HTTP/1.1" 200 294478
66.249.64.101 - - [02/Oct/2015:02:13:16 -0500] "GET /BLA/resoluciones/AUTOS%202008/0771.pdf HTTP/1.1" 200 83735
66.249.64.101 - - [02/Oct/2015:02:13:32 -0500] "GET /BLA/resoluciones/RESOLUCIONES%202010/2386.pdf HTTP/1.1" 200 437592
66.249.64.101 - - [02/Oct/2015:02:13:48 -0500] "GET /BLA/resoluciones/AUTOS%202008/2139.pdf HTTP/1.1" 200 100292
66.249.64.101 - - [02/Oct/2015:02:14:04 -0500] "GET /BLA/resoluciones/AUTOS%202009/1780.pdf HTTP/1.1" 200 97342
66.249.64.96 - - [02/Oct/2015:02:14:20 -0500] "GET /BLA/resoluciones/RESOLUCIONES%202008/0733.pdf HTTP/1.1" 200 253926
66.249.64.248 - - [02/Oct/2015:02:14:27 -0500] "GET /Autoliquidacion/TR%C3%81MITES%20AGUAS%20SUBTERR%C3%81NEAS/Aplicativo.html HTTP/1.1" 200 359
66.249.64.106 - - [02/Oct/2015:02:14:36 -0500] "GET /BLA/resoluciones/RESOLUCIONES%202009/0418.pdf HTTP/1.1" 200 232529
66.249.64.101 - - [02/Oct/2015:02:14:52 -0500] "GET /BLA/resoluciones/AUTOS%202009/1709.pdf HTTP/1.1" 200 124608
201.245.192.253 - - [02/Oct/2015:02:14:56 -0500] "POST /forms/lservlet;jsessionid=ac16012b30d62e507505f2c64e898405c7619f87fb44.e3iSbxaKaheRe38Ka34Oa3eLbxf0n6jAmljGr5XDqQLvpAe HTTP/1.1" 200 2
66.249.64.96 - - [02/Oct/2015:02:15:08 -0500] "GET /BLA/resoluciones/RESOLUCIONES%202009/2531.pdf HTTP/1.1" 200 483843
66.249.64.106 - - [02/Oct/2015:02:15:23 -0500] "GET /BLA/resoluciones/AUTOS%202008/0555.pdf HTTP/1.1" 200 152983
180.76.15.5 - - [02/Oct/2015:02:15:24 -0500] "GET /BLA/boletinlegal/js/jquery.scrollShow.js HTTP/1.1" 200 4586
180.76.15.13 - - [02/Oct/2015:02:15:24 -0500] "GET /galeria/galeria/jquery.fancybox.js?v=2.1.5 HTTP/1.1" 200 48706
66.249.64.96 - - [02/Oct/2015:02:15:39 -0500] "GET /BLA/resoluciones/AUTOS%202008/0708.pdf HTTP/1.1" 200 148591
180.76.15.28 - - [02/Oct/2015:02:15:49 -0500] "GET /BLA/boletinlegal/js/jquery.scrollShow.js HTTP/1.1" 304 -
180.76.15.21 - - [02/Oct/2015:02:15:49 -0500] "GET /galeria/galeria/jquery.fancybox.js?v=2.1.5 HTTP/1.1" 304 -
66.249.64.96 - - [02/Oct/2015:02:15:55 -0500] "GET /BLA/resoluciones/RESOLUCIONES%202010/6919.pdf HTTP/1.1" 200 677426
66.249.64.106 - - [02/Oct/2015:02:16:11 -0500] "GET /BLA/resoluciones/AUTOS%202012/0911.pdf HTTP/1.1" 200 244960
66.249.64.101 - - [02/Oct/2015:02:16:15 -0500] "GET /videos/galeria-cronicas/cronicas/NuestraGente_10.mp4video.mp4 HTTP/1.1" 200 47659520
201.245.192.253 - - [02/Oct/2015:02:16:56 -0500] "POST /forms/lservlet;jsessionid=ac16012b30d62e507505f2c64e898405c7619f87fb44.e3iSbxaKaheRe38Ka34Oa3eLbxf0n6jAmljGr5XDqQLvpAe HTTP/1.1" 200 2
66.249.64.96 - - [02/Oct/2015:02:16:57 -0500] "GET /BLA/resoluciones/AUTOS%202013/2154.pdf HTTP/1.1" 200 672812
66.249.64.96 - - [02/Oct/2015:02:17:03 -0500] "GET /BLA/resoluciones/RESOLUCIONES%202011/0799.pdf HTTP/1.1" 200 795328
66.249.64.106 - - [02/Oct/2015:02:17:08 -0500] "GET /BLA/resoluciones/RESOLUCIONES%202012/1088.pdf HTTP/1.1" 200 647164
66.249.64.96 - - [02/Oct/2015:02:17:13 -0500] "GET /BLA/resoluciones/Notificaciones/AUTOS%202014/2761.doc HTTP/1.1" 200 249344
191.181.45.135 - - [02/Oct/2015:02:17:15 -0500] "GET / HTTP/1.1" 301 324
66.249.64.101 - - [02/Oct/2015:02:17:17 -0500] "GET /BLA/resoluciones/Notificaciones/AUTOS%202014/2062.doc HTTP/1.1" 200 228352
66.249.64.96 - - [02/Oct/2015:02:17:29 -0500] "GET /videos/galeria-cronicas/cronicas/NuestraGente_4.mp4video.mp4 HTTP/1.1" 200 13877486
74.86.158.107 - - [02/Oct/2015:02:17:41 -0500] "HEAD / HTTP/1.1" 200 -
66.249.64.101 - - [02/Oct/2015:02:17:44 -0500] "GET /BLA/resoluciones/RESOLUCIONES%202009/8779.pdf HTTP/1.1" 200 1286561
66.249.64.96 - - [02/Oct/2015:02:17:49 -0500] "GET /BLA/resoluciones/RESOLUCIONES%202011/6538.pdf HTTP/1.1" 200 351605
66.249.64.101 - - [02/Oct/2015:02:18:02 -0500] "GET /BLA/resoluciones/RESOLUCIONES%202013/0045.pdf HTTP/1.1" 200 460913
66.249.64.96 - - [02/Oct/2015:02:18:18 -0500] "GET /BLA/resoluciones/RESOLUCIONES%202009/0090.pdf HTTP/1.1" 200 188593
66.249.64.101 - - [02/Oct/2015:02:18:34 -0500] "GET /BLA/resoluciones/AUTOS%202013/0578.pdf HTTP/1.1" 200 216327
157.55.39.245 - - [02/Oct/2015:02:18:36 -0500] "GET /robots.txt HTTP/1.1" 404 1019
66.249.64.101 - - [02/Oct/2015:02:18:50 -0500] "GET /BLA/resoluciones/RESOLUCIONES%202007/RES%202007%204101%20AL%204200/RESOLUCION%204164%20DE%202007.pdf HTTP/1.1" 200 1599299
201.245.192.253 - - [02/Oct/2015:02:18:56 -0500] "POST /forms/lservlet;jsessionid=ac16012b30d62e507505f2c64e898405c7619f87fb44.e3iSbxaKaheRe38Ka34Oa3eLbxf0n6jAmljGr5XDqQLvpAe HTTP/1.1" 200 2
66.249.64.101 - - [02/Oct/2015:02:19:06 -0500] "GET /BLA/resoluciones/AUTOS%202010/5360.pdf HTTP/1.1" 304 -
66.249.64.101 - - [02/Oct/2015:02:19:19 -0500] "GET /videos/galeria-cronicas/cronicas/NuestaGente_21.mp4video.mp4 HTTP/1.1" 200 49295917
66.249.64.106 - - [02/Oct/2015:02:20:05 -0500] "GET /BLA/resoluciones/RESOLUCIONES%202007/RES%202007%202301%20AL%202400/RESOLUCION%202347%20DE%202007.pdf HTTP/1.1" 200 381354
66.249.64.101 - - [02/Oct/2015:02:20:06 -0500] "GET /BLA/resoluciones/RESOLUCIONES%202013/0132.pdf HTTP/1.1" 200 3552881
66.249.64.106 - - [02/Oct/2015:02:20:09 -0500] "GET /BLA/resoluciones/RESOLUCIONES%202009/5226.pdf HTTP/1.1" 200 489727
66.249.64.106 - - [02/Oct/2015:02:20:11 -0500] "GET /BLA/resoluciones/AUTOS%202010/5384.pdf HTTP/1.1" 304 -
66.249.64.101 - - [02/Oct/2015:02:20:12 -0500] "GET /BLA/resoluciones/AUTOS%202012/1841.pdf HTTP/1.1" 200 645216
66.249.64.96 - - [02/Oct/2015:02:20:13 -0500] "GET /BLA/resoluciones/AUTOS%202013/3450.pdf HTTP/1.1" 304 -
66.249.64.101 - - [02/Oct/2015:02:20:25 -0500] "GET /BLA/resoluciones/RESOLUCIONES%202010/6194.pdf HTTP/1.1" 200 4397929
66.249.64.96 - - [02/Oct/2015:02:20:31 -0500] "GET /videos/galeria-cronicas/cronicas/NuestraGente15.mp4video.mp4 HTTP/1.1" 200 47274558
201.245.192.253 - - [02/Oct/2015:02:20:56 -0500] "POST /forms/lservlet;jsessionid=ac16012b30d62e507505f2c64e898405c7619f87fb44.e3iSbxaKaheRe38Ka34Oa3eLbxf0n6jAmljGr5XDqQLvpAe HTTP/1.1" 200 2
66.249.64.101 - - [02/Oct/2015:02:21:18 -0500] "GET /BLA/resoluciones/AUTOS%202011/2369.pdf HTTP/1.1" 200 166942
66.249.64.96 - - [02/Oct/2015:02:21:19 -0500] "GET /BLA/resoluciones/RESOLUCIONES%202010/1403.pdf HTTP/1.1" 304 -
66.249.64.96 - - [02/Oct/2015:02:21:20 -0500] "GET /autoliquidacion/Grupo%20Forestal%20-%20Industria%20de%20la%20Madera/Formulario%20para%20la%20Relaci%C3%B3n%20de%20Salvoconductos_facturas_remisiones_CARA1.pdf HTTP/1.1" 304 -
66.249.64.106 - - [02/Oct/2015:02:21:29 -0500] "GET /BLA/resoluciones/RESOLUCIONES%202013/1229.pdf HTTP/1.1" 304 -
66.249.64.101 - - [02/Oct/2015:02:21:45 -0500] "GET /BLA/resoluciones/RESOLUCIONES%202010/7206.pdf HTTP/1.1" 304 -
66.249.64.101 - - [02/Oct/2015:02:22:01 -0500] "GET /BLA/resoluciones/RESOLUCIONES%202008/2103.pdf HTTP/1.1" 200 388989
66.249.64.29 - - [02/Oct/2015:02:22:13 -0500] "GET /robots.txt HTTP/1.1" 301 334
66.249.64.29 - - [02/Oct/2015:02:22:13 -0500] "GET / HTTP/1.1" 301 324
127.0.0.1 - - [02/Oct/2015:02:22:16 -0500] "POST /plugins/update-check/1.1/ HTTP/1.0" 404 1021
127.0.0.1 - - [02/Oct/2015:02:22:16 -0500] "POST /themes/update-check/1.1/ HTTP/1.0" 404 1021
127.0.0.1 - - [02/Oct/2015:02:22:16 -0500] "POST /core/version-check/1.7/?version=4.2.2&php=5.5.15&locale=es_ES&mysql=5.6.20&local_package=&blogs=1&users=8&multisite_enabled=0 HTTP/1.0" 404 1021
127.0.0.1 - - [02/Oct/2015:02:22:16 -0500] "POST /themes/update-check/1.1/ HTTP/1.0" 404 1021
127.0.0.1 - - [02/Oct/2015:02:22:16 -0500] "POST /plugins/update-check/1.1/ HTTP/1.0" 404 1021
66.249.64.101 - - [02/Oct/2015:02:22:18 -0500] "GET /BLA/resoluciones/RESOLUCIONES%202008/3822.pdf HTTP/1.1" 200 92335
66.249.64.101 - - [02/Oct/2015:02:22:28 -0500] "GET /BLA/resoluciones/RESOLUCIONES%202009/8645.pdf HTTP/1.1" 200 103916
66.249.64.101 - - [02/Oct/2015:02:22:32 -0500] "GET /BLA/resoluciones/RESOLUCIONES%202009/7589.pdf HTTP/1.1" 200 498839
66.249.64.101 - - [02/Oct/2015:02:22:35 -0500] "GET /videos/galeria-cronicas/cronicas/NuestraGente18.mp4video.mp4 HTTP/1.1" 200 36893791
74.86.158.107 - - [02/Oct/2015:02:22:41 -0500] "HEAD / HTTP/1.1" 200 -
201.245.192.253 - - [02/Oct/2015:02:22:56 -0500] "POST /forms/lservlet;jsessionid=ac16012b30d62e507505f2c64e898405c7619f87fb44.e3iSbxaKaheRe38Ka34Oa3eLbxf0n6jAmljGr5XDqQLvpAe HTTP/1.1" 200 2
66.102.7.217 - - [02/Oct/2015:02:23:11 -0500] "GET /sig/MECI/DOCUMENTOS/Informe%20de%20Gestion/INFORME%20DE%20GESTION%202008%202010VersionFinal.pdf HTTP/1.1" 404 1018
66.249.64.96 - - [02/Oct/2015:02:23:15 -0500] "GET /BLA/resoluciones/RESOLUCIONES%202009/7470.pdf HTTP/1.1" 200 771392
66.249.64.106 - - [02/Oct/2015:02:23:17 -0500] "GET /BLA/resoluciones/RESOLUCIONES%202011/1698.pdf HTTP/1.1" 200 72417
66.249.64.106 - - [02/Oct/2015:02:23:20 -0500] "GET /BLA/resoluciones/RESOLUCIONES%202008/0785.pdf HTTP/1.1" 200 56339
157.55.39.245 - - [02/Oct/2015:02:23:28 -0500] "GET /dama/libreria/php/decide.php?patron=02.07 HTTP/1.1" 404 1019
201.234.75.11 - - [02/Oct/2015:02:23:30 -0500] "GET /galeria/nivo-slider/demo/images/PREDAcamp.jpg HTTP/1.1" 304 -
66.249.64.101 - - [02/Oct/2015:02:23:36 -0500] "GET /BLA/resoluciones/AUTOS%202008/2306.pdf HTTP/1.1" 200 132931
66.249.64.101 - - [02/Oct/2015:02:23:52 -0500] "GET /BLA/resoluciones/RESOLUCIONES%202009/2660.pdf HTTP/1.1" 200 440251
66.249.64.101 - - [02/Oct/2015:02:24:08 -0500] "GET /BLA/resoluciones/RESOLUCIONES%202009/3110.pdf HTTP/1.1" 200 476859
66.249.64.96 - - [02/Oct/2015:02:24:11 -0500] "GET /BLA/resoluciones/RESOLUCIONES%202008/3435.pdf HTTP/1.1" 200 252387
66.249.64.101 - - [02/Oct/2015:02:24:23 -0500] "GET /BLA/resoluciones/AUTOS%202007/1251.pdf HTTP/1.1" 200 60368
66.249.64.101 - - [02/Oct/2015:02:24:39 -0500] "GET /BLA/resoluciones/RESOLUCIONES%202009/3618.pdf HTTP/1.1" 200 61592
66.249.64.96 - - [02/Oct/2015:02:24:50 -0500] "GET /BLA/resoluciones/RESOLUCIONES%202007/RES%202007%203101%20AL%203200/RESOLUCION%203103%20DE%202007.pdf HTTP/1.1" 200 1322116
66.249.64.106 - - [02/Oct/2015:02:24:55 -0500] "GET /BLA/resoluciones/RESOLUCIONES%202008/1435.pdf HTTP/1.1" 200 63243
201.245.192.253 - - [02/Oct/2015:02:24:57 -0500] "POST /forms/lservlet;jsessionid=ac16012b30d62e507505f2c64e898405c7619f87fb44.e3iSbxaKaheRe38Ka34Oa3eLbxf0n6jAmljGr5XDqQLvpAe HTTP/1.1" 200 2
66.249.64.101 - - [02/Oct/2015:02:25:04 -0500] "GET /BLA/resoluciones/RESOLUCIONES%202008/3097.pdf HTTP/1.1" 200 464636
66.249.64.96 - - [02/Oct/2015:02:25:11 -0500] "GET /BLA/resoluciones/RESOLUCIONES%202009/5905.pdf HTTP/1.1" 200 770388
66.249.64.96 - - [02/Oct/2015:02:25:27 -0500] "GET /BLA/resoluciones/RESOLUCIONES%202009/1530.pdf HTTP/1.1" 200 810150
37.10.111.49 - - [02/Oct/2015:02:25:34 -0500] "GET /carta-de-bogota-america-en-defensa-del-agua-la-tierra-y-la-vida/ HTTP/1.1" 301 388
66.249.64.96 - - [02/Oct/2015:02:25:43 -0500] "GET /BLA/resoluciones/AUTOS%202012/1043.pdf HTTP/1.1" 200 175707
66.249.64.101 - - [02/Oct/2015:02:25:59 -0500] "GET /BLA/resoluciones/RESOLUCIONES%202009/0072.pdf HTTP/1.1" 200 543763
66.249.64.101 - - [02/Oct/2015:02:26:15 -0500] "GET /BLA/resoluciones/RESOLUCIONES%202008/2034.pdf HTTP/1.1" 200 386170
66.249.64.96 - - [02/Oct/2015:02:26:23 -0500] "GET /BLA/resoluciones/AUTOS%202006/AUTOS%202006%202801%20-%202900/00002872.tif HTTP/1.1" 200 152420
66.249.64.106 - - [02/Oct/2015:02:26:31 -0500] "GET /BLA/resoluciones/RESOLUCIONES%202009/2987.pdf HTTP/1.1" 200 474853
66.249.64.106 - - [02/Oct/2015:02:26:46 -0500] "GET /BLA/resoluciones/RESOLUCIONES%202009/5250.pdf HTTP/1.1" 200 580059
201.245.192.253 - - [02/Oct/2015:02:26:57 -0500] "POST /forms/lservlet;jsessionid=ac16012b30d62e507505f2c64e898405c7619f87fb44.e3iSbxaKaheRe38Ka34Oa3eLbxf0n6jAmljGr5XDqQLvpAe HTTP/1.1" 200 2
66.249.64.96 - - [02/Oct/2015:02:27:02 -0500] "GET /BLA/resoluciones/AUTOS%202009/1360.pdf HTTP/1.1" 200 139506
66.249.64.101 - - [02/Oct/2015:02:27:18 -0500] "GET /BLA/resoluciones/RESOLUCIONES%202008/0426.pdf HTTP/1.1" 200 290725
207.46.13.176 - - [02/Oct/2015:02:27:19 -0500] "GET /robots.txt HTTP/1.1" 404 1018
157.55.39.81 - - [02/Oct/2015:02:27:20 -0500] "GET /robots.txt HTTP/1.1" 404 1018
207.46.13.176 - - [02/Oct/2015:02:27:23 -0500] "GET /galeria/nivo-slider/demo/demo.html HTTP/1.1" 200 3905
66.249.64.101 - - [02/Oct/2015:02:27:23 -0500] "GET /BLA/resoluciones/RESOLUCIONES%202009/1147.pdf HTTP/1.1" 200 427441
181.52.141.218 - - [02/Oct/2015:02:27:30 -0500] "GET /galeria/galeria/jquery.fancybox.css?v=2.1.5 HTTP/1.1" 200 4895
181.52.141.218 - - [02/Oct/2015:02:27:30 -0500] "GET /BLA/boletinlegal/js/jquery.scrollShow.js HTTP/1.1" 200 4586
181.52.141.218 - - [02/Oct/2015:02:27:30 -0500] "GET /galeria/galeria/jquery.fancybox.js?v=2.1.5 HTTP/1.1" 200 48706
66.249.64.96 - - [02/Oct/2015:02:27:34 -0500] "GET /BLA/resoluciones/RESOLUCIONES%202009/2201.pdf HTTP/1.1" 200 644328
181.52.141.218 - - [02/Oct/2015:02:27:35 -0500] "GET /BLA/boletinlegal/js/jquery.scrollShow.js HTTP/1.1" 304 -
181.52.141.218 - - [02/Oct/2015:02:27:35 -0500] "GET /galeria/galeria/jquery.fancybox.js?v=2.1.5 HTTP/1.1" 304 -
181.52.141.218 - - [02/Oct/2015:02:27:35 -0500] "GET /galeria/galeria/jquery.fancybox.css?v=2.1.5 HTTP/1.1" 304 -
181.52.141.218 - - [02/Oct/2015:02:27:36 -0500] "GET /BLA/boletinlegal/js/jquery.scrollShow.js HTTP/1.1" 304 -
181.52.141.218 - - [02/Oct/2015:02:27:36 -0500] "GET /galeria/galeria/jquery.fancybox.css?v=2.1.5 HTTP/1.1" 304 -
74.86.158.107 - - [02/Oct/2015:02:27:41 -0500] "HEAD / HTTP/1.1" 200 -
66.249.64.106 - - [02/Oct/2015:02:27:50 -0500] "GET /BLA/resoluciones/AUTOS%202008/1639.pdf HTTP/1.1" 200 75226
186.29.115.54 - - [02/Oct/2015:02:27:50 -0500] "GET /galeria/nivo-slider/demo/images/Conoce-los-humedales.jpg HTTP/1.1" 200 294036
186.29.115.54 - - [02/Oct/2015:02:27:50 -0500] "GET /galeria/nivo-slider/demo/images/ecolecta-Dic2014.png HTTP/1.1" 200 288593
186.29.115.54 - - [02/Oct/2015:02:28:00 -0500] "GET /galeria/nivo-slider/demo/images/La-SDA-se-suma-a-la-Gran-Movilizacion.jpg HTTP/1.1" 200 92233
66.249.64.106 - - [02/Oct/2015:02:28:06 -0500] "GET /BLA/resoluciones/RESOLUCIONES%202011/0923.pdf HTTP/1.1" 200 69705
186.29.115.54 - - [02/Oct/2015:02:28:10 -0500] "GET /galeria/nivo-slider/demo/images/simulacro-nacional.jpg HTTP/1.1" 200 241925
201.234.75.11 - - [02/Oct/2015:02:28:11 -0500] "GET /galeria/nivo-slider/demo/images/banner-redes.jpg HTTP/1.1" 304 -
186.29.115.54 - - [02/Oct/2015:02:28:20 -0500] "GET /galeria/nivo-slider/demo/images/simulacro-busqueda-rescate-urbano.jpg HTTP/1.1" 200 251375
66.249.64.101 - - [02/Oct/2015:02:28:22 -0500] "GET /BLA/resoluciones/AUTOS%202007/2776.pdf HTTP/1.1" 200 75388
186.29.115.54 - - [02/Oct/2015:02:28:31 -0500] "GET /galeria/nivo-slider/demo/images/Semana-PYBA.jpg HTTP/1.1" 200 103786
66.249.64.101 - - [02/Oct/2015:02:28:38 -0500] "GET /BLA/resoluciones/RESOLUCIONES%202009/9775.pdf HTTP/1.1" 200 311691
186.29.115.54 - - [02/Oct/2015:02:28:42 -0500] "GET /galeria/nivo-slider/demo/images/Plan-Quinquenal.jpg HTTP/1.1" 200 412438
186.29.115.54 - - [02/Oct/2015:02:28:52 -0500] "GET /galeria/nivo-slider/demo/images/PREDAcamp.jpg HTTP/1.1" 200 295358
66.249.64.101 - - [02/Oct/2015:02:28:53 -0500] "GET /BLA/resoluciones/RESOLUCIONES%202009/4713.pdf HTTP/1.1" 200 580353
201.245.192.253 - - [02/Oct/2015:02:28:57 -0500] "POST /forms/lservlet;jsessionid=ac16012b30d62e507505f2c64e898405c7619f87fb44.e3iSbxaKaheRe38Ka34Oa3eLbxf0n6jAmljGr5XDqQLvpAe HTTP/1.1" 200 2
186.29.115.54 - - [02/Oct/2015:02:29:03 -0500] "GET /galeria/nivo-slider/demo/images/banner-llantas2.jpg HTTP/1.1" 200 204644
201.234.75.11 - - [02/Oct/2015:02:29:06 -0500] "GET /galeria/galeria/fotos/Movilizacion7P.jpg HTTP/1.1" 304 -
66.249.64.101 - - [02/Oct/2015:02:29:09 -0500] "GET /BLA/resoluciones/RESOLUCIONES%202009/9277.pdf HTTP/1.1" 200 512818
186.29.115.54 - - [02/Oct/2015:02:29:13 -0500] "GET /galeria/nivo-slider/demo/images/9Signos.jpg HTTP/1.1" 200 81776
186.29.115.54 - - [02/Oct/2015:02:29:23 -0500] "GET /galeria/nivo-slider/demo/images/Comparendo-ambiental-Banner.jpg HTTP/1.1" 200 83731
66.249.64.101 - - [02/Oct/2015:02:29:25 -0500] "GET /BLA/resoluciones/RESOLUCIONES%202009/3097.pdf HTTP/1.1" 200 480977
186.29.115.54 - - [02/Oct/2015:02:29:34 -0500] "GET /galeria/nivo-slider/demo/images/Ruta-vertimientos-01.jpg HTTP/1.1" 200 130151
66.249.64.106 - - [02/Oct/2015:02:29:41 -0500] "GET /BLA/resoluciones/RESOLUCIONES%202009/2481.pdf HTTP/1.1" 200 475058
186.29.115.54 - - [02/Oct/2015:02:29:45 -0500] "GET /galeria/nivo-slider/demo/images/bolsas-06.jpg HTTP/1.1" 200 90982
66.249.64.101 - - [02/Oct/2015:02:29:57 -0500] "GET /BLA/resoluciones/RESOLUCIONES%202009/0203.pdf HTTP/1.1" 200 253603
66.249.64.101 - - [02/Oct/2015:02:29:59 -0500] "GET /BLA/resoluciones/AUTOS%202007/2103.pdf HTTP/1.1" 200 133848
66.249.64.101 - - [02/Oct/2015:02:30:04 -0500] "GET /BLA/resoluciones/RESOLUCIONES%202009/7824.pdf HTTP/1.1" 200 564479
157.55.39.81 - - [02/Oct/2015:02:30:12 -0500] "GET /galeria/carrusel/Carrusel/jquery.thumbnailScroller.css HTTP/1.1" 200 2066
66.249.64.106 - - [02/Oct/2015:02:30:13 -0500] "GET /BLA/resoluciones/RESOLUCIONES%202011/0926.pdf HTTP/1.1" 200 71915
66.249.64.96 - - [02/Oct/2015:02:30:29 -0500] "GET /BLA/resoluciones/AUTOS%202008/2709.pdf HTTP/1.1" 200 100095
66.249.64.106 - - [02/Oct/2015:02:30:45 -0500] "GET /BLA/resoluciones/RESOLUCIONES%202009/4868.pdf HTTP/1.1" 200 757096
201.245.192.253 - - [02/Oct/2015:02:30:57 -0500] "POST /forms/lservlet;jsessionid=ac16012b30d62e507505f2c64e898405c7619f87fb44.e3iSbxaKaheRe38Ka34Oa3eLbxf0n6jAmljGr5XDqQLvpAe HTTP/1.1" 200 2
66.249.64.96 - - [02/Oct/2015:02:31:00 -0500] "GET /BLA/resoluciones/RESOLUCIONES%202009/1057.pdf HTTP/1.1" 200 205340
66.249.64.106 - - [02/Oct/2015:02:31:13 -0500] "GET /BLA/resoluciones/RESOLUCIONES%202009/4626.pdf HTTP/1.1" 200 644013
66.249.64.96 - - [02/Oct/2015:02:31:16 -0500] "GET /BLA/resoluciones/RESOLUCIONES%202014/0933.pdf HTTP/1.1" 304 -
66.249.64.101 - - [02/Oct/2015:02:31:32 -0500] "GET /BLA/resoluciones/RESOLUCIONES%202008/4134.pdf HTTP/1.1" 200 754157
66.249.64.101 - - [02/Oct/2015:02:31:48 -0500] "GET /BLA/resoluciones/RESOLUCIONES%202009/2048.pdf HTTP/1.1" 200 616915
207.46.13.176 - - [02/Oct/2015:02:32:03 -0500] "GET /galeria/bibloteca/img/loader.gif HTTP/1.1" 200 8238
66.249.64.96 - - [02/Oct/2015:02:32:04 -0500] "GET /BLA/resoluciones/RESOLUCIONES%202009/9616.pdf HTTP/1.1" 200 347376
66.249.64.96 - - [02/Oct/2015:02:32:20 -0500] "GET /BLA/resoluciones/RESOLUCIONES%202010/2641.pdf HTTP/1.1" 200 339502
201.234.75.11 - - [02/Oct/2015:02:32:31 -0500] "GET /galeria/nivo-slider/demo/images/banner-calidad-aire.jpg HTTP/1.1" 304 -
66.249.64.106 - - [02/Oct/2015:02:32:34 -0500] "GET /BLA/resoluciones/AUTOS%202008/2141.pdf HTTP/1.1" 200 104264
66.249.64.101 - - [02/Oct/2015:02:32:36 -0500] "GET /BLA/resoluciones/RESOLUCIONES%202009/6003.pdf HTTP/1.1" 200 119806
74.86.158.107 - - [02/Oct/2015:02:32:41 -0500] "HEAD / HTTP/1.1" 200 -
66.249.64.106 - - [02/Oct/2015:02:32:52 -0500] "GET /BLA/resoluciones/RESOLUCIONES%202010/0188.pdf HTTP/1.1" 200 514215
201.245.192.253 - - [02/Oct/2015:02:32:58 -0500] "POST /forms/lservlet;jsessionid=ac16012b30d62e507505f2c64e898405c7619f87fb44.e3iSbxaKaheRe38Ka34Oa3eLbxf0n6jAmljGr5XDqQLvpAe HTTP/1.1" 200 2
66.249.64.106 - - [02/Oct/2015:02:33:08 -0500] "GET /BLA/resoluciones/AUTOS%202008/3176.pdf HTTP/1.1" 200 197883
66.249.64.106 - - [02/Oct/2015:02:33:23 -0500] "GET /BLA/resoluciones/RESOLUCIONES%202008/1050.pdf HTTP/1.1" 200 363455
66.249.64.106 - - [02/Oct/2015:02:33:24 -0500] "GET /BLA/resoluciones/RESOLUCIONES%202009/7687.pdf HTTP/1.1" 200 99521
66.249.64.96 - - [02/Oct/2015:02:33:39 -0500] "GET /BLA/resoluciones/RESOLUCIONES%202008/2112.pdf HTTP/1.1" 200 96729
66.249.64.106 - - [02/Oct/2015:02:33:55 -0500] "GET /BLA/resoluciones/RESOLUCIONES%202011/0460.pdf HTTP/1.1" 200 947000
66.249.64.106 - - [02/Oct/2015:02:34:11 -0500] "GET /BLA/resoluciones/AUTOS%202008/2933.pdf HTTP/1.1" 200 58534
66.249.64.106 - - [02/Oct/2015:02:34:27 -0500] "GET /BLA/resoluciones/AUTOS%202008/1551.pdf HTTP/1.1" 200 79764
66.249.64.101 - - [02/Oct/2015:02:34:43 -0500] "GET /BLA/resoluciones/RESOLUCIONES%202008/5685.pdf HTTP/1.1" 200 210135
66.249.64.106 - - [02/Oct/2015:02:34:46 -0500] "GET /BLA/resoluciones/RESOLUCIONES%202009/3348.pdf HTTP/1.1" 200 552729
201.245.192.253 - - [02/Oct/2015:02:34:58 -0500] "POST /forms/lservlet;jsessionid=ac16012b30d62e507505f2c64e898405c7619f87fb44.e3iSbxaKaheRe38Ka34Oa3eLbxf0n6jAmljGr5XDqQLvpAe HTTP/1.1" 200 2
66.249.64.106 - - [02/Oct/2015:02:34:59 -0500] "GET /BLA/resoluciones/AUTOS%202010/0149.pdf HTTP/1.1" 200 173025
66.249.64.96 - - [02/Oct/2015:02:35:11 -0500] "GET /BLA/resoluciones/AUTOS%202007/2722.pdf HTTP/1.1" 200 75461
66.249.64.96 - - [02/Oct/2015:02:35:15 -0500] "GET /BLA/resoluciones/RESOLUCIONES%202010/5612.pdf HTTP/1.1" 200 1315215
66.249.64.101 - - [02/Oct/2015:02:35:30 -0500] "GET /BLA/resoluciones/RESOLUCIONES%202009/1415.pdf HTTP/1.1" 200 442340
66.249.64.106 - - [02/Oct/2015:02:35:46 -0500] "GET /BLA/resoluciones/RESOLUCIONES%202010/1651.pdf HTTP/1.1" 200 446888
66.249.64.96 - - [02/Oct/2015:02:36:02 -0500] "GET /BLA/resoluciones/RESOLUCIONES%202009/1319.pdf HTTP/1.1" 200 372125
66.249.64.96 - - [02/Oct/2015:02:36:18 -0500] "GET /BLA/resoluciones/AUTOS%202008/0085.pdf HTTP/1.1" 200 90412
66.249.64.106 - - [02/Oct/2015:02:36:34 -0500] "GET /BLA/resoluciones/RESOLUCIONES%202010/5025.pdf HTTP/1.1" 200 764579
66.249.64.101 - - [02/Oct/2015:02:36:44 -0500] "GET /BLA/resoluciones/RESOLUCIONES%202008/4863.pdf HTTP/1.1" 200 486142
66.249.64.106 - - [02/Oct/2015:02:36:50 -0500] "GET /BLA/resoluciones/RESOLUCIONES%202008/0955.pdf HTTP/1.1" 200 207966
66.249.64.101 - - [02/Oct/2015:02:36:51 -0500] "GET /BLA/resoluciones/RESOLUCIONES%202008/1244.pdf HTTP/1.1" 200 247709
201.245.192.253 - - [02/Oct/2015:02:36:58 -0500] "POST /forms/lservlet;jsessionid=ac16012b30d62e507505f2c64e898405c7619f87fb44.e3iSbxaKaheRe38Ka34Oa3eLbxf0n6jAmljGr5XDqQLvpAe HTTP/1.1" 200 2
66.249.64.106 - - [02/Oct/2015:02:37:06 -0500] "GET /BLA/resoluciones/AUTOS%202007/2132.pdf HTTP/1.1" 200 159284
66.249.64.106 - - [02/Oct/2015:02:37:22 -0500] "GET /BLA/resoluciones/RESOLUCIONES%202009/1680.pdf HTTP/1.1" 200 695250
66.249.64.106 - - [02/Oct/2015:02:37:38 -0500] "GET /BLA/resoluciones/RESOLUCIONES%202009/7626.pdf HTTP/1.1" 200 665234
74.86.158.107 - - [02/Oct/2015:02:37:41 -0500] "HEAD / HTTP/1.1" 200 -
66.249.64.253 - - [02/Oct/2015:02:37:44 -0500] "GET /BLA/boletinlegal/jurisprudencia/analisis/CUADRO%20SENTENCIA%20T-299%20DE%202008.doc HTTP/1.1" 200 40960
66.249.64.101 - - [02/Oct/2015:02:37:53 -0500] "GET /BLA/resoluciones/RESOLUCIONES%202008/1167.pdf HTTP/1.1" 200 67823
186.80.166.73 - - [02/Oct/2015:02:38:07 -0500] "GET /galeria/carrusel/Carrusel/jquery-ui-1.8.13.custom.min.js HTTP/1.1" 200 10800
186.80.166.73 - - [02/Oct/2015:02:38:07 -0500] "GET /galeria/carrusel/Carrusel/jquery.thumbnailScroller.css HTTP/1.1" 200 2066
186.80.166.73 - - [02/Oct/2015:02:38:07 -0500] "GET /galeria/carrusel/Carrusel/jquery.thumbnailScroller.js HTTP/1.1" 200 8157
66.249.64.106 - - [02/Oct/2015:02:38:09 -0500] "GET /BLA/resoluciones/RESOLUCIONES%202010/7666.pdf HTTP/1.1" 200 425952
186.80.166.73 - - [02/Oct/2015:02:38:10 -0500] "GET /galeria/nivo-slider/demo/demo.html HTTP/1.1" 200 3905
186.80.166.73 - - [02/Oct/2015:02:38:10 -0500] "GET /galeria/nivo-slider/themes/default/default.css HTTP/1.1" 200 1569
186.80.166.73 - - [02/Oct/2015:02:38:10 -0500] "GET /galeria/nivo-slider/themes/pascal/pascal.css HTTP/1.1" 200 2258
186.80.166.73 - - [02/Oct/2015:02:38:10 -0500] "GET /galeria/nivo-slider/themes/orman/orman.css HTTP/1.1" 200 2152
186.80.166.73 - - [02/Oct/2015:02:38:10 -0500] "GET /galeria/nivo-slider/nivo-slider.css HTTP/1.1" 200 1507
186.80.166.73 - - [02/Oct/2015:02:38:10 -0500] "GET /galeria/nivo-slider/demo/style.css HTTP/1.1" 200 2222
186.80.166.73 - - [02/Oct/2015:02:38:10 -0500] "GET /galeria/nivo-slider/demo/images/La-SDA-se-suma-a-la-Gran-Movilizacion.jpg HTTP/1.1" 200 92233
186.80.166.73 - - [02/Oct/2015:02:38:10 -0500] "GET /galeria/nivo-slider/demo/images/simulacro-nacional.jpg HTTP/1.1" 200 241925
186.80.166.73 - - [02/Oct/2015:02:38:10 -0500] "GET /galeria/nivo-slider/demo/images/simulacro-busqueda-rescate-urbano.jpg HTTP/1.1" 200 251375
186.80.166.73 - - [02/Oct/2015:02:38:10 -0500] "GET /galeria/nivo-slider/demo/images/Semana-PYBA.jpg HTTP/1.1" 200 103786
186.80.166.73 - - [02/Oct/2015:02:38:10 -0500] "GET /galeria/nivo-slider/demo/images/Plan-Quinquenal.jpg HTTP/1.1" 200 412438
186.80.166.73 - - [02/Oct/2015:02:38:10 -0500] "GET /galeria/nivo-slider/demo/images/PREDAcamp.jpg HTTP/1.1" 200 295358
186.80.166.73 - - [02/Oct/2015:02:38:11 -0500] "GET /galeria/nivo-slider/demo/images/banner-llantas2.jpg HTTP/1.1" 200 204644
186.80.166.73 - - [02/Oct/2015:02:38:11 -0500] "GET /galeria/nivo-slider/demo/images/9Signos.jpg HTTP/1.1" 200 81776
186.80.166.73 - - [02/Oct/2015:02:38:11 -0500] "GET /galeria/nivo-slider/demo/images/Comparendo-ambiental-Banner.jpg HTTP/1.1" 200 83731
186.80.166.73 - - [02/Oct/2015:02:38:11 -0500] "GET /galeria/nivo-slider/demo/images/Ruta-vertimientos-01.jpg HTTP/1.1" 200 130151
186.80.166.73 - - [02/Oct/2015:02:38:11 -0500] "GET /galeria/nivo-slider/demo/images/bolsas-06.jpg HTTP/1.1" 200 90982
186.80.166.73 - - [02/Oct/2015:02:38:11 -0500] "GET /galeria/nivo-slider/demo/images/Conoce-los-humedales.jpg HTTP/1.1" 200 294036
186.80.166.73 - - [02/Oct/2015:02:38:11 -0500] "GET /galeria/nivo-slider/demo/images/ecolecta-Dic2014.png HTTP/1.1" 200 288593
186.80.166.73 - - [02/Oct/2015:02:38:12 -0500] "GET /galeria/nivo-slider/demo/scripts/jquery-1.7.1.min.js HTTP/1.1" 200 93868
186.80.166.73 - - [02/Oct/2015:02:38:12 -0500] "GET /galeria/nivo-slider/jquery.nivo.slider.pack.js HTTP/1.1" 200 11561
186.80.166.73 - - [02/Oct/2015:02:38:12 -0500] "GET /galeria/nivo-slider/demo/images/4Simple_Slider.png HTTP/1.1" 200 11722
186.80.166.73 - - [02/Oct/2015:02:38:12 -0500] "GET /galeria/nivo-slider/themes/default/loading.gif HTTP/1.1" 200 1737
186.80.166.73 - - [02/Oct/2015:02:38:13 -0500] "GET /galeria/nivo-slider/themes/default/arrows.png HTTP/1.1" 200 824
186.80.166.73 - - [02/Oct/2015:02:38:13 -0500] "GET /galeria/nivo-slider/themes/default/bullets.png HTTP/1.1" 200 1281
79.116.29.65 - - [02/Oct/2015:02:38:13 -0500] "POST /xmlrpc.php HTTP/1.1" 301 334
66.249.64.101 - - [02/Oct/2015:02:38:25 -0500] "GET /BLA/resoluciones/RESOLUCIONES%202008/4266.pdf HTTP/1.1" 200 433979
66.249.64.96 - - [02/Oct/2015:02:38:38 -0500] "GET /BLA/resoluciones/RESOLUCIONES%202009/6842.pdf HTTP/1.1" 200 267941
66.249.64.106 - - [02/Oct/2015:02:38:41 -0500] "GET /BLA/resoluciones/AUTOS%202007/2524.pdf HTTP/1.1" 200 79114
186.80.166.73 - - [02/Oct/2015:02:38:41 -0500] "GET /galeria/galeria/jquery.fancybox.js?v=2.1.5 HTTP/1.1" 304 -
186.80.166.73 - - [02/Oct/2015:02:38:41 -0500] "GET /galeria/galeria/jquery.fancybox.css?v=2.1.5 HTTP/1.1" 304 -
186.80.166.73 - - [02/Oct/2015:02:38:41 -0500] "GET /BLA/boletinlegal/js/jquery.scrollShow.js HTTP/1.1" 304 -
66.249.64.106 - - [02/Oct/2015:02:38:57 -0500] "GET /BLA/resoluciones/AUTOS%202008/0076.pdf HTTP/1.1" 200 104787
201.245.192.253 - - [02/Oct/2015:02:38:58 -0500] "POST /forms/lservlet;jsessionid=ac16012b30d62e507505f2c64e898405c7619f87fb44.e3iSbxaKaheRe38Ka34Oa3eLbxf0n6jAmljGr5XDqQLvpAe HTTP/1.1" 200 2
66.249.64.96 - - [02/Oct/2015:02:39:13 -0500] "GET /BLA/resoluciones/RESOLUCIONES%202009/1910.pdf HTTP/1.1" 200 435544
66.249.64.96 - - [02/Oct/2015:02:39:29 -0500] "GET /BLA/resoluciones/AUTOS%202008/1817.pdf HTTP/1.1" 200 131901
66.249.64.96 - - [02/Oct/2015:02:39:45 -0500] "GET /BLA/resoluciones/AUTOS%202008/1415.pdf HTTP/1.1" 200 109718
66.249.64.106 - - [02/Oct/2015:02:40:00 -0500] "GET /BLA/resoluciones/AUTOS%202007/1901.pdf HTTP/1.1" 200 24483
66.249.64.96 - - [02/Oct/2015:02:40:12 -0500] "GET /BLA/resoluciones/RESOLUCIONES%202009/9049.pdf HTTP/1.1" 200 515961
66.249.64.101 - - [02/Oct/2015:02:40:16 -0500] "GET /BLA/resoluciones/AUTOS%202009/1849.pdf HTTP/1.1" 200 102282
66.249.64.101 - - [02/Oct/2015:02:40:20 -0500] "GET /portalsiaccapacitaciones/Soportes%20Capacitaciones%20A%C3%B1o%202013/0030.%20Basura%20Cero%20-%20Decreto%20400%20-%201%20de%20Agosto.pdf HTTP/1.1" 404 1018
68.180.230.190 - - [02/Oct/2015:02:40:25 -0500] "GET /BLA/boletinlegal/Directivas/2014/Directiva%20No.%202%20del%205%20de%20Mayo%20de%202014.pdf HTTP/1.1" 200 591315
66.249.64.106 - - [02/Oct/2015:02:40:32 -0500] "GET /BLA/resoluciones/RESOLUCIONES%202011/1526.pdf HTTP/1.1" 200 344696
66.249.64.96 - - [02/Oct/2015:02:40:48 -0500] "GET /BLA/resoluciones/AUTOS%202008/2329.pdf HTTP/1.1" 200 116815
68.180.230.190 - - [02/Oct/2015:02:40:55 -0500] "GET /BLA/boletinlegal/Directivas/2009/Directiva%20No.%20del%2023%20de%20Diciembre%20de%202009.pdf HTTP/1.1" 304 -
201.245.192.253 - - [02/Oct/2015:02:40:58 -0500] "POST /forms/lservlet;jsessionid=ac16012b30d62e507505f2c64e898405c7619f87fb44.e3iSbxaKaheRe38Ka34Oa3eLbxf0n6jAmljGr5XDqQLvpAe HTTP/1.1" 200 2
68.180.230.190 - - [02/Oct/2015:02:40:59 -0500] "GET /BLA/boletinlegal/Circulares/2011/Circular%20No.%202%20del%2026%20de%20Mayo%20de%202011.pdf HTTP/1.1" 304 -
66.249.64.101 - - [02/Oct/2015:02:41:04 -0500] "GET /BLA/resoluciones/RESOLUCIONES%202009/0262.pdf HTTP/1.1" 200 424545
68.180.230.190 - - [02/Oct/2015:02:41:15 -0500] "GET /BLA/boletinlegal/Circulares/2012/Circular%20No.%2015%20del%2022%20de%20octubre%20de%202012.pdf HTTP/1.1" 200 486506
66.249.64.101 - - [02/Oct/2015:02:41:20 -0500] "GET /BLA/resoluciones/RESOLUCIONES%202009/4543.pdf HTTP/1.1" 200 641789
68.180.230.190 - - [02/Oct/2015:02:41:36 -0500] "GET /BLA/boletinlegal/Circulares/2012/Circular%20No.%204%20del%2019%20de%20abril%20de%202012.pdf HTTP/1.1" 304 -
66.249.64.101 - - [02/Oct/2015:02:41:36 -0500] "GET /BLA/resoluciones/RESOLUCIONES%202009/1321.pdf HTTP/1.1" 200 443611
66.249.64.101 - - [02/Oct/2015:02:41:52 -0500] "GET /BLA/resoluciones/AUTOS%202008/1009.pdf HTTP/1.1" 200 85384
68.180.230.190 - - [02/Oct/2015:02:41:57 -0500] "GET /BLA/boletinlegal/Circulares/2013/Circular%20No.%203%20del%2005%20de%20abril%20de%202013.pdf HTTP/1.1" 304 -
68.180.230.190 - - [02/Oct/2015:02:41:59 -0500] "GET /BLA/boletinlegal/Circulares/2011/Circular%20003%20de%20Febrero%20de%202011.pdf HTTP/1.1" 304 -
68.180.230.190 - - [02/Oct/2015:02:42:02 -0500] "GET /BLA/boletinlegal/Circulares/2011/Circular%20No.%202%20del%2031%20de%20Mayo%20de%202011.pdf HTTP/1.1" 200 496778
66.249.64.101 - - [02/Oct/2015:02:42:08 -0500] "GET /BLA/resoluciones/RESOLUCIONES%202008/0668.pdf HTTP/1.1" 200 177460
68.180.230.190 - - [02/Oct/2015:02:42:08 -0500] "GET /BLA/boletinlegal/Directivas/2014/Directiva%20No.%205%20del%2026%20de%20Diciembre%20de%202014.pdf HTTP/1.1" 200 3424865
68.180.230.190 - - [02/Oct/2015:02:42:22 -0500] "GET /BLA/boletinlegal/Circulares/2013/Circular%20No.%202%20del%2022%20de%20enero%20de%202013.pdf HTTP/1.1" 304 -
66.249.64.106 - - [02/Oct/2015:02:42:23 -0500] "GET /BLA/resoluciones/RESOLUCIONES%202009/5745.pdf HTTP/1.1" 200 574595
180.76.15.141 - - [02/Oct/2015:02:42:24 -0500] "GET /BLA/boletinlegal/Circulares/2011/Circular%20No.%209%20del%2003%20de%20Noviembre%20de%202011.pdf HTTP/1.1" 200 54568
66.249.64.96 - - [02/Oct/2015:02:42:35 -0500] "GET /BLA/resoluciones/RESOLUCIONES%202008/1030.pdf HTTP/1.1" 200 298830
68.180.230.190 - - [02/Oct/2015:02:42:38 -0500] "GET /BLA/boletinlegal/Circulares/2011/Circular%20No.%205%20del%2012%20de%20Agosto%20de%202011.pdf HTTP/1.1" 200 431796
66.249.64.96 - - [02/Oct/2015:02:42:39 -0500] "GET /BLA/resoluciones/RESOLUCIONES%202008/0456.pdf HTTP/1.1" 200 167430
74.86.158.107 - - [02/Oct/2015:02:42:41 -0500] "HEAD / HTTP/1.1" 200 -
68.180.230.190 - - [02/Oct/2015:02:42:48 -0500] "GET /BLA/boletinlegal/Circulares/2011/Circular%20No.%206%20del%2023%20de%20Septiembre%20de%202011.pdf HTTP/1.1" 304 -
68.180.230.190 - - [02/Oct/2015:02:42:48 -0500] "GET /BLA/boletinlegal/Circulares/2012/Circular%20No.%2014%20del%2011%20de%20Septiembre%20de%202012.pdf HTTP/1.1" 200 3427471
200.118.169.2 - - [02/Oct/2015:02:42:48 -0500] "GET /galeria/nivo-slider/demo/demo.html HTTP/1.1" 200 3905
200.118.169.2 - - [02/Oct/2015:02:42:48 -0500] "GET /galeria/nivo-slider/demo/images/La-SDA-se-suma-a-la-Gran-Movilizacion.jpg HTTP/1.1" 304 -
200.118.169.2 - - [02/Oct/2015:02:42:49 -0500] "GET /galeria/nivo-slider/demo/images/simulacro-nacional.jpg HTTP/1.1" 200 241925
200.118.169.2 - - [02/Oct/2015:02:42:49 -0500] "GET /galeria/nivo-slider/demo/images/simulacro-busqueda-rescate-urbano.jpg HTTP/1.1" 200 251375
200.118.169.2 - - [02/Oct/2015:02:42:49 -0500] "GET /galeria/nivo-slider/demo/images/Semana-PYBA.jpg HTTP/1.1" 304 -
200.118.169.2 - - [02/Oct/2015:02:42:49 -0500] "GET /galeria/nivo-slider/demo/images/Plan-Quinquenal.jpg HTTP/1.1" 304 -
200.118.169.2 - - [02/Oct/2015:02:42:49 -0500] "GET /galeria/nivo-slider/demo/images/PREDAcamp.jpg HTTP/1.1" 304 -
167.0.222.65 - - [02/Oct/2015:02:42:55 -0500] "GET /galeria/galeria/jquery.fancybox.js?v=2.1.5 HTTP/1.1" 200 48706
66.249.64.106 - - [02/Oct/2015:02:42:55 -0500] "GET /BLA/resoluciones/RESOLUCIONES%202009/0244.pdf HTTP/1.1" 200 520957
167.0.222.65 - - [02/Oct/2015:02:42:55 -0500] "GET /galeria/galeria/jquery.fancybox.css?v=2.1.5 HTTP/1.1" 200 4895
167.0.222.65 - - [02/Oct/2015:02:42:55 -0500] "GET /BLA/boletinlegal/js/jquery.scrollShow.js HTTP/1.1" 200 4586
68.180.230.190 - - [02/Oct/2015:02:42:55 -0500] "GET /BLA/boletinlegal/Circulares/2013/Circular%20No.%207%20del%201%20de%20Agosto%20de%202013.pdf HTTP/1.1" 304 -
66.249.64.96 - - [02/Oct/2015:02:42:56 -0500] "GET /BLA/resoluciones/RESOLUCIONES%202007/RES%202007%202501%20AL%202600/RESOLUCION%202582%20DE%202007.pdf HTTP/1.1" 200 674596
66.249.64.96 - - [02/Oct/2015:02:42:57 -0500] "GET /BLA/resoluciones/RESOLUCIONES%202008/0333.pdf HTTP/1.1" 200 212185
186.146.160.198 - - [02/Oct/2015:02:42:57 -0500] "GET /galeria/galeria/jquery.fancybox.css?v=2.1.5 HTTP/1.1" 304 -
186.146.160.198 - - [02/Oct/2015:02:42:57 -0500] "GET /BLA/boletinlegal/js/jquery.scrollShow.js HTTP/1.1" 304 -
186.146.160.198 - - [02/Oct/2015:02:42:57 -0500] "GET /galeria/galeria/jquery.fancybox.js?v=2.1.5 HTTP/1.1" 304 -
201.245.192.253 - - [02/Oct/2015:02:42:59 -0500] "POST /forms/lservlet;jsessionid=ac16012b30d62e507505f2c64e898405c7619f87fb44.e3iSbxaKaheRe38Ka34Oa3eLbxf0n6jAmljGr5XDqQLvpAe HTTP/1.1" 200 2
66.249.64.101 - - [02/Oct/2015:02:43:10 -0500] "GET /BLA/resoluciones/RESOLUCIONES%202009/5305.pdf HTTP/1.1" 200 494287
157.55.2.130 - - [02/Oct/2015:02:43:11 -0500] "GET /galeria/nivo-slider/demo/demo.html HTTP/1.1" 200 3905
