66.249.64.96 - - [02/Oct/2015:00:45:40 -0500] "GET /BLA/resoluciones/RESOLUCIONES%202007/RES%202007%204201%20AL%204300/RESOLUCION%204255%20DE%202007.pdf HTTP/1.1" 200 26361
66.249.64.96 - - [02/Oct/2015:00:45:55 -0500] "GET /BLA/resoluciones/AUTOS%202008/1127.pdf HTTP/1.1" 200 174087
152.61.193.99 - - [02/Oct/2015:00:46:10 -0500] "HEAD / HTTP/1.1" 200 -
152.61.193.99 - - [02/Oct/2015:00:46:10 -0500] "GET /arcgis/services/Calidad_del_Agua_WQI/MapServer/WMSServer?SERVICE=WMS&REQUEST=GetCapabilities HTTP/1.1" 200 32135
66.249.64.101 - - [02/Oct/2015:00:46:11 -0500] "GET /BLA/resoluciones/AUTOS%202007/3301.pdf HTTP/1.1" 200 269817
152.61.193.99 - - [02/Oct/2015:00:46:11 -0500] "GET /arcgis/services/Calidad_del_Agua_WQI/MapServer/WMSServer?SERVICE=WMS&REQUEST=GetCapabilities HTTP/1.1" 200 32135
152.61.193.99 - - [02/Oct/2015:00:46:12 -0500] "GET /arcgis/services/Calidad_del_Agua_WQI/MapServer/WMSServer?SERVICE=WMS&REQUEST=GetCapabilities HTTP/1.1" 200 32135
152.61.193.99 - - [02/Oct/2015:00:46:13 -0500] "GET /arcgis/services/Calidad_del_Agua_WQI/MapServer/WMSServer?SERVICE=WMS&REQUEST=GetCapabilities HTTP/1.1" 200 32135
152.61.193.99 - - [02/Oct/2015:00:46:13 -0500] "GET /arcgis/services/Calidad_del_Agua_WQI/MapServer/WMSServer?VERSION=1.1.1&REQUEST=GetMap&LAYERS=0&SRS=EPSG:4326&BBOX=-74.473395,3.674381,-73.963300,4.920569&WIDTH=250&HEIGHT=250&FORMAT=image/bmp&STYLES=& HTTP/1.1" 200 188054
66.249.64.101 - - [02/Oct/2015:00:46:24 -0500] "GET /BLA/resoluciones/RESOLUCIONES%202013/2383.pdf HTTP/1.1" 200 1066319
190.157.116.148 - - [02/Oct/2015:00:46:26 -0500] "GET /BLA/boletinlegal/styles2.css HTTP/1.1" 200 1838
190.157.116.148 - - [02/Oct/2015:00:46:26 -0500] "GET /BLA/boletinlegal/style.css HTTP/1.1" 200 9406
190.157.116.148 - - [02/Oct/2015:00:46:26 -0500] "GET /BLA/boletinlegal/js/jquery.js HTTP/1.1" 200 57254
190.157.116.148 - - [02/Oct/2015:00:46:26 -0500] "GET /BLA/boletinlegal/images/cabezote%20BLEGAL.jpg HTTP/1.1" 200 118164
190.157.116.148 - - [02/Oct/2015:00:46:26 -0500] "GET /BLA/boletinlegal/js/jquery.scrollTo-min.js HTTP/1.1" 200 1150
190.157.116.148 - - [02/Oct/2015:00:46:26 -0500] "GET /BLA/boletinlegal/images/nuevo.gif HTTP/1.1" 200 26475
190.157.116.148 - - [02/Oct/2015:00:46:26 -0500] "GET /BLA/boletinlegal/images/historia.png HTTP/1.1" 200 52775
190.157.116.148 - - [02/Oct/2015:00:46:26 -0500] "GET /BLA/boletinlegal/images/subscribe-icon-big.png HTTP/1.1" 200 47702
190.157.116.148 - - [02/Oct/2015:00:46:26 -0500] "GET /BLA/boletinlegal/images/arr_l.jpg HTTP/1.1" 200 1979
190.157.116.148 - - [02/Oct/2015:00:46:26 -0500] "GET /BLA/boletinlegal/images/screen_1.png HTTP/1.1" 200 202547
190.157.116.148 - - [02/Oct/2015:00:46:26 -0500] "GET /BLA/boletinlegal/images/launch.jpg HTTP/1.1" 200 14577
190.157.116.148 - - [02/Oct/2015:00:46:26 -0500] "GET /BLA/boletinlegal/images/body_bg.jpg HTTP/1.1" 200 1601
190.157.116.148 - - [02/Oct/2015:00:46:27 -0500] "GET /BLA/boletinlegal/images/menu_lft.gif HTTP/1.1" 200 1713
190.157.116.148 - - [02/Oct/2015:00:46:27 -0500] "GET /BLA/boletinlegal/images/menu_rght.gif HTTP/1.1" 200 1627
190.157.116.148 - - [02/Oct/2015:00:46:27 -0500] "GET /BLA/boletinlegal/images/bg_top.jpg HTTP/1.1" 200 522
190.157.116.148 - - [02/Oct/2015:00:46:27 -0500] "GET /BLA/boletinlegal/images/menu_bg.jpg HTTP/1.1" 200 620
66.249.64.96 - - [02/Oct/2015:00:46:27 -0500] "GET /BLA/resoluciones/AUTOS%202008/2464.pdf HTTP/1.1" 200 204474
190.157.116.148 - - [02/Oct/2015:00:46:27 -0500] "GET /BLA/boletinlegal/images/screen_2.png HTTP/1.1" 200 362502
190.157.116.148 - - [02/Oct/2015:00:46:27 -0500] "GET /BLA/boletinlegal/images/screen_3.png HTTP/1.1" 200 210620
190.157.116.148 - - [02/Oct/2015:00:46:27 -0500] "GET /BLA/boletinlegal/images/screen_5.png HTTP/1.1" 200 368876
190.157.116.148 - - [02/Oct/2015:00:46:27 -0500] "GET /BLA/boletinlegal/images/text.jpg HTTP/1.1" 200 568
190.157.116.148 - - [02/Oct/2015:00:46:27 -0500] "GET /BLA/boletinlegal/images/arr_r.jpg HTTP/1.1" 200 1998
190.157.116.148 - - [02/Oct/2015:00:46:28 -0500] "GET /BLA/boletinlegal/images/hover.jpg HTTP/1.1" 200 640
190.157.116.148 - - [02/Oct/2015:00:46:28 -0500] "GET /BLA/boletinlegal/images/pdf.gif HTTP/1.1" 200 567
190.157.116.148 - - [02/Oct/2015:00:46:28 -0500] "GET /BLA/boletinlegal/images/footer_bg.jpg HTTP/1.1" 200 586
186.28.183.2 - - [02/Oct/2015:00:46:35 -0500] "GET /BLA/resoluciones/RESOLUCIONES%202013/0034.pdf HTTP/1.1" 200 1082868
186.28.183.2 - - [02/Oct/2015:00:46:36 -0500] "GET /favicon.ico HTTP/1.1" 200 7782
186.28.183.2 - - [02/Oct/2015:00:46:36 -0500] "GET /BLA/resoluciones/RESOLUCIONES%202013/0034.pdf HTTP/1.1" 206 32768
186.28.183.2 - - [02/Oct/2015:00:46:37 -0500] "GET /BLA/resoluciones/RESOLUCIONES%202013/0034.pdf HTTP/1.1" 206 1050100
66.249.64.101 - - [02/Oct/2015:00:46:43 -0500] "GET /BLA/resoluciones/AUTOS%202007/0452.pdf HTTP/1.1" 200 36562
190.157.116.148 - - [02/Oct/2015:00:46:44 -0500] "GET /BLA/boletinlegal/normativa.php HTTP/1.1" 200 7023
190.157.116.148 - - [02/Oct/2015:00:46:44 -0500] "GET /BLA/boletinlegal/js/ajax_normativa.js HTTP/1.1" 200 1154
190.157.116.148 - - [02/Oct/2015:00:46:44 -0500] "GET /BLA/boletinlegal/niceforms-default.css HTTP/1.1" 200 6694
190.157.116.148 - - [02/Oct/2015:00:46:44 -0500] "GET /BLA/boletinlegal/images/abajo.png HTTP/1.1" 200 96676
190.157.116.148 - - [02/Oct/2015:00:46:44 -0500] "GET /BLA/boletinlegal/niceforms.js HTTP/1.1" 200 22876
190.157.116.148 - - [02/Oct/2015:00:46:44 -0500] "GET /BLA/boletinlegal/images/footer_bg_l.jpg HTTP/1.1" 200 776
190.157.116.148 - - [02/Oct/2015:00:46:45 -0500] "GET /BLA/boletinlegal/img/button.png HTTP/1.1" 200 43241
190.157.116.148 - - [02/Oct/2015:00:46:45 -0500] "GET /BLA/boletinlegal/img/0.png HTTP/1.1" 200 110
190.157.116.148 - - [02/Oct/2015:00:46:45 -0500] "GET /BLA/boletinlegal/img/button-right.png HTTP/1.1" 200 57878
190.157.116.148 - - [02/Oct/2015:00:46:45 -0500] "GET /BLA/boletinlegal/img/button-left.png HTTP/1.1" 200 57071
190.157.116.148 - - [02/Oct/2015:00:46:45 -0500] "GET /BLA/boletinlegal/img/select-right.png HTTP/1.1" 200 44019
190.157.116.148 - - [02/Oct/2015:00:46:45 -0500] "GET /BLA/boletinlegal/img/select-left.png HTTP/1.1" 200 263
201.245.192.253 - - [02/Oct/2015:00:46:46 -0500] "POST /forms/lservlet;jsessionid=ac16012b30d62e507505f2c64e898405c7619f87fb44.e3iSbxaKaheRe38Ka34Oa3eLbxf0n6jAmljGr5XDqQLvpAe HTTP/1.1" 200 2
190.157.116.148 - - [02/Oct/2015:00:46:19 -0500] "GET /BLA/boletinlegal/index.php? HTTP/1.1" 200 36811
66.249.64.101 - - [02/Oct/2015:00:46:59 -0500] "GET /BLA/resoluciones/AUTOS%202007/3834.pdf HTTP/1.1" 200 195234
190.157.116.148 - - [02/Oct/2015:00:47:08 -0500] "GET /BLA/boletinlegal/consulta_normativa.php?tipo=&sector=Aire&ano=&resuelve= HTTP/1.1" 200 949
190.157.116.148 - - [02/Oct/2015:00:47:08 -0500] "GET /BLA/boletinlegal/images/docs.png HTTP/1.1" 200 10288
66.249.64.96 - - [02/Oct/2015:00:47:11 -0500] "GET /BLA/resoluciones/RESOLUCIONES%202011/5156.pdf HTTP/1.1" 200 515521
66.249.64.101 - - [02/Oct/2015:00:47:15 -0500] "GET /BLA/resoluciones/AUTOS%202008/1967.pdf HTTP/1.1" 200 107433
190.157.116.148 - - [02/Oct/2015:00:47:23 -0500] "GET /BLA/boletinlegal/consulta_normativa.php?tipo=&sector=emisiones&ano=&resuelve= HTTP/1.1" 200 15948
190.157.116.148 - - [02/Oct/2015:00:47:24 -0500] "GET /BLA/boletinlegal/images/background.gif HTTP/1.1" 200 -
66.249.64.106 - - [02/Oct/2015:00:47:31 -0500] "GET /BLA/resoluciones/RESOLUCIONES%202007/RES%202007%202601%20AL%202700/RESOLUCION%202615%20DE%202007.pdf HTTP/1.1" 200 319214
74.86.158.107 - - [02/Oct/2015:00:47:41 -0500] "HEAD / HTTP/1.1" 200 -
66.249.64.96 - - [02/Oct/2015:00:47:47 -0500] "GET /BLA/resoluciones/RESOLUCIONES%202009/1213.pdf HTTP/1.1" 200 562213
66.249.64.101 - - [02/Oct/2015:00:47:54 -0500] "GET /galeria/galeria/jquery.fancybox.css?v=2.1.5 HTTP/1.1" 200 4895
66.249.64.101 - - [02/Oct/2015:00:47:54 -0500] "GET /BLA/boletinlegal/js/jquery.scrollShow.js HTTP/1.1" 200 4586
66.249.64.106 - - [02/Oct/2015:00:47:55 -0500] "GET /galeria/galeria/jquery.fancybox.js?v=2.1.5 HTTP/1.1" 200 48706
66.249.64.96 - - [02/Oct/2015:00:47:58 -0500] "GET /BLA/resoluciones/RESOLUCIONES%202010/6934.pdf HTTP/1.1" 200 515577
186.113.10.143 - - [02/Oct/2015:00:48:05 -0500] "GET /galeria/galeria/fotos/Movilizacion2P.jpg HTTP/1.1" 304 -
66.249.64.101 - - [02/Oct/2015:00:48:18 -0500] "GET /BLA/resoluciones/AUTOS%202008/0929.pdf HTTP/1.1" 200 82985
66.249.64.96 - - [02/Oct/2015:00:48:34 -0500] "GET /BLA/resoluciones/RESOLUCIONES%202011/4488.pdf HTTP/1.1" 200 412423
66.249.64.96 - - [02/Oct/2015:00:48:45 -0500] "GET /autoliquidacion/Grupo%20Forestal%20-%20Industria%20de%20la%20Madera/Formulario%20para%20la%20Relaci%C3%B3n%20de%20Movimientos.pdf HTTP/1.1" 404 1018
201.245.192.253 - - [02/Oct/2015:00:48:46 -0500] "POST /forms/lservlet;jsessionid=ac16012b30d62e507505f2c64e898405c7619f87fb44.e3iSbxaKaheRe38Ka34Oa3eLbxf0n6jAmljGr5XDqQLvpAe HTTP/1.1" 200 2
66.249.64.96 - - [02/Oct/2015:00:48:50 -0500] "GET /BLA/resoluciones/AUTOS%202008/2366.pdf HTTP/1.1" 200 99645
66.249.64.101 - - [02/Oct/2015:00:49:06 -0500] "GET /BLA/resoluciones/RESOLUCIONES%202011/3265.pdf HTTP/1.1" 200 319458
66.249.64.106 - - [02/Oct/2015:00:49:22 -0500] "GET /BLA/resoluciones/AUTOS%202009/3560.pdf HTTP/1.1" 200 218554
190.26.96.114 - - [02/Oct/2015:00:49:26 -0500] "GET /galeria/nivo-slider/demo/images/simulacro-nacional.jpg HTTP/1.1" 304 -
66.249.64.101 - - [02/Oct/2015:00:49:33 -0500] "GET /BLA/resoluciones/RESOLUCIONES%202007/RES%202007%201001%20AL%201100/RESOLUCION%201027%20DE%202007.pdf HTTP/1.1" 200 201547
190.26.96.114 - - [02/Oct/2015:00:49:37 -0500] "GET /galeria/nivo-slider/demo/images/simulacro-busqueda-rescate-urbano.jpg HTTP/1.1" 304 -
66.249.64.106 - - [02/Oct/2015:00:49:38 -0500] "GET /BLA/resoluciones/AUTOS%202008/2248.pdf HTTP/1.1" 200 217309
66.249.64.101 - - [02/Oct/2015:00:49:54 -0500] "GET /BLA/resoluciones/RESOLUCIONES%202012/0871.pdf HTTP/1.1" 200 488009
66.249.64.101 - - [02/Oct/2015:00:50:10 -0500] "GET /BLA/resoluciones/RESOLUCIONES%202010/4625.pdf HTTP/1.1" 200 371928
66.249.64.96 - - [02/Oct/2015:00:50:20 -0500] "GET /BLA/resoluciones/RESOLUCIONES%202012/0299.pdf HTTP/1.1" 200 359451
66.249.64.101 - - [02/Oct/2015:00:50:25 -0500] "GET /BLA/resoluciones/RESOLUCIONES%202009/9373.pdf HTTP/1.1" 200 537051
66.249.64.96 - - [02/Oct/2015:00:50:41 -0500] "GET /BLA/resoluciones/RESOLUCIONES%202013/2796.pdf HTTP/1.1" 200 1177022
201.245.192.253 - - [02/Oct/2015:00:50:46 -0500] "POST /forms/lservlet;jsessionid=ac16012b30d62e507505f2c64e898405c7619f87fb44.e3iSbxaKaheRe38Ka34Oa3eLbxf0n6jAmljGr5XDqQLvpAe HTTP/1.1" 200 2
66.249.64.96 - - [02/Oct/2015:00:50:57 -0500] "GET /BLA/resoluciones/AUTOS%202013/1165.pdf HTTP/1.1" 200 579177
66.249.64.96 - - [02/Oct/2015:00:51:07 -0500] "GET /BLA/resoluciones/RESOLUCIONES%202010/6085.pdf HTTP/1.1" 200 3019834
66.249.64.101 - - [02/Oct/2015:00:51:13 -0500] "GET /BLA/resoluciones/RESOLUCIONES%202008/2473.pdf HTTP/1.1" 200 686886
66.249.64.101 - - [02/Oct/2015:00:51:29 -0500] "GET /BLA/resoluciones/index.php?dir=RESOLUCIONES+2007%2FRES+2007+1001+AL+1100%2F HTTP/1.1" 200 26838
180.76.15.148 - - [02/Oct/2015:00:51:33 -0500] "GET /BLA/boletinlegal/js/jquery.scrollShow.js HTTP/1.1" 200 4586
180.76.15.142 - - [02/Oct/2015:00:51:33 -0500] "GET /galeria/galeria/jquery.fancybox.js?v=2.1.5 HTTP/1.1" 200 48706
66.249.64.101 - - [02/Oct/2015:00:51:45 -0500] "GET /BLA/resoluciones/RESOLUCIONES%202009/2027.pdf HTTP/1.1" 200 366880
66.249.64.101 - - [02/Oct/2015:00:51:54 -0500] "GET /BLA/resoluciones/RESOLUCIONES%202007/RES%202007%202401%20AL%202500/RESOLUCION%202446%20%20DE%202007.pdf HTTP/1.1" 200 692368
190.24.21.196 - - [02/Oct/2015:00:51:57 -0500] "GET /galeria/galeria/jquery.fancybox.css?v=2.1.5 HTTP/1.1" 200 4895
190.24.21.196 - - [02/Oct/2015:00:51:57 -0500] "GET /BLA/boletinlegal/js/jquery.scrollShow.js HTTP/1.1" 200 4586
190.24.21.196 - - [02/Oct/2015:00:51:57 -0500] "GET /galeria/galeria/jquery.fancybox.js?v=2.1.5 HTTP/1.1" 200 48706
66.249.64.101 - - [02/Oct/2015:00:52:01 -0500] "GET /BLA/resoluciones/AUTOS%202014/1305.pdf HTTP/1.1" 200 147476
190.26.210.162 - - [02/Oct/2015:00:52:02 -0500] "GET /galeria/nivo-slider/demo/ HTTP/1.1" 200 2278
190.24.21.196 - - [02/Oct/2015:00:52:04 -0500] "GET /BLA/boletinlegal/js/jquery.scrollShow.js HTTP/1.1" 304 -
190.24.21.196 - - [02/Oct/2015:00:52:04 -0500] "GET /galeria/galeria/jquery.fancybox.js?v=2.1.5 HTTP/1.1" 304 -
190.24.21.196 - - [02/Oct/2015:00:52:04 -0500] "GET /galeria/galeria/jquery.fancybox.css?v=2.1.5 HTTP/1.1" 304 -
66.249.64.106 - - [02/Oct/2015:00:52:17 -0500] "GET /autoliquidacion/index.php?dir=TR%C1MITES+VERTIMIENTOS%2F HTTP/1.1" 200 2250
66.249.64.106 - - [02/Oct/2015:00:52:32 -0500] "GET /BLA/resoluciones/RESOLUCIONES%202013/0936.pdf HTTP/1.1" 304 -
66.249.64.248 - - [02/Oct/2015:00:52:41 -0500] "GET /Anexos%20estudio%20Organizacional%20SDA/ANEXO%20No.%203-%20CONTRATACI%C3%93N%20%20OPS%C2%B4s%202008-2012/CONTRATOS%20SDA%202009%20POR%20DEPENDENCIA%20(1).xls HTTP/1.1" 200 461824
74.86.158.107 - - [02/Oct/2015:00:52:41 -0500] "HEAD / HTTP/1.1" 200 -
201.245.192.253 - - [02/Oct/2015:00:52:46 -0500] "POST /forms/lservlet;jsessionid=ac16012b30d62e507505f2c64e898405c7619f87fb44.e3iSbxaKaheRe38Ka34Oa3eLbxf0n6jAmljGr5XDqQLvpAe HTTP/1.1" 200 2
66.249.64.96 - - [02/Oct/2015:00:52:48 -0500] "GET /BLA/resoluciones/AUTOS%202011/1966.pdf HTTP/1.1" 200 111180
66.249.64.106 - - [02/Oct/2015:00:53:04 -0500] "GET /BLA/resoluciones/RESOLUCIONES%202011/1390.pdf HTTP/1.1" 304 -
186.29.137.36 - - [02/Oct/2015:00:53:07 -0500] "GET /BLA/boletinlegal/js/jquery.scrollShow.js HTTP/1.1" 200 4586
186.29.137.36 - - [02/Oct/2015:00:53:07 -0500] "GET /galeria/galeria/jquery.fancybox.css?v=2.1.5 HTTP/1.1" 200 4895
186.29.137.36 - - [02/Oct/2015:00:53:07 -0500] "GET /galeria/galeria/jquery.fancybox.js?v=2.1.5 HTTP/1.1" 200 48706
186.29.137.36 - - [02/Oct/2015:00:53:19 -0500] "GET /galeria/galeria/jquery.fancybox.css?v=2.1.5 HTTP/1.1" 304 -
186.29.137.36 - - [02/Oct/2015:00:53:19 -0500] "GET /BLA/boletinlegal/js/jquery.scrollShow.js HTTP/1.1" 304 -
186.29.137.36 - - [02/Oct/2015:00:53:19 -0500] "GET /galeria/galeria/jquery.fancybox.js?v=2.1.5 HTTP/1.1" 304 -
66.249.64.106 - - [02/Oct/2015:00:53:20 -0500] "GET /BLA/resoluciones/RESOLUCIONES%202009/8752.pdf HTTP/1.1" 304 -
186.29.137.36 - - [02/Oct/2015:00:53:21 -0500] "GET /BLA/boletinlegal/js/jquery.scrollShow.js HTTP/1.1" 304 -
186.29.137.36 - - [02/Oct/2015:00:53:21 -0500] "GET /galeria/galeria/jquery.fancybox.js?v=2.1.5 HTTP/1.1" 304 -
66.249.64.101 - - [02/Oct/2015:00:53:28 -0500] "GET /BLA/resoluciones/RESOLUCIONES%202013/0126.pdf HTTP/1.1" 200 4016476
66.249.64.106 - - [02/Oct/2015:00:53:36 -0500] "GET /autoliquidacion/index.php?dir=Solicitud+de+Clasificaci%F3n+de+Impacto+Ambiental%2F HTTP/1.1" 200 2872
66.249.64.96 - - [02/Oct/2015:00:53:52 -0500] "GET /BLA/resoluciones/AUTOS%202013/0291.pdf HTTP/1.1" 304 -
66.249.64.101 - - [02/Oct/2015:00:54:08 -0500] "GET /forms/frmservlet?config=sia HTTP/1.1" 200 4145
66.249.64.96 - - [02/Oct/2015:00:54:10 -0500] "GET /BLA/resoluciones/AUTOS%202006/AUTOS%202006%202801%20-%202900/00002870.tif HTTP/1.1" 200 169408
66.249.64.101 - - [02/Oct/2015:00:54:15 -0500] "GET /BLA/resoluciones/AUTOS%202011/4075.pdf HTTP/1.1" 200 514403
66.249.64.101 - - [02/Oct/2015:00:54:24 -0500] "GET /autoliquidacion/TR%C3%81MITES%20VERTIMIENTOS/REGISTRO%20DE%20VERTIMIENTOS/LISTA%20DE%20CHEQUEO%20REGISTRO%20DE%20VERTIMIENTOS.xls HTTP/1.1" 304 -
66.249.64.106 - - [02/Oct/2015:00:54:40 -0500] "GET /galeria/nivo-slider/jquery.nivo.slider.pack.js HTTP/1.1" 200 11561
66.249.64.106 - - [02/Oct/2015:00:54:40 -0500] "GET /BLA/resoluciones/RESOLUCIONES%202012/1725.pdf HTTP/1.1" 304 -
66.249.64.96 - - [02/Oct/2015:00:54:41 -0500] "GET /galeria/nivo-slider/themes/orman/orman.css HTTP/1.1" 200 2152
66.249.64.106 - - [02/Oct/2015:00:54:41 -0500] "GET /galeria/nivo-slider/themes/default/default.css HTTP/1.1" 200 1569
66.249.64.101 - - [02/Oct/2015:00:54:42 -0500] "GET /galeria/nivo-slider/demo/style.css HTTP/1.1" 200 2222
66.249.64.106 - - [02/Oct/2015:00:54:43 -0500] "GET /galeria/nivo-slider/themes/pascal/pascal.css HTTP/1.1" 200 2258
66.249.64.106 - - [02/Oct/2015:00:54:44 -0500] "GET /galeria/nivo-slider/demo/scripts/jquery-1.7.1.min.js HTTP/1.1" 200 93868
66.249.64.101 - - [02/Oct/2015:00:54:44 -0500] "GET /galeria/nivo-slider/nivo-slider.css HTTP/1.1" 200 1507
201.245.192.253 - - [02/Oct/2015:00:54:47 -0500] "POST /forms/lservlet;jsessionid=ac16012b30d62e507505f2c64e898405c7619f87fb44.e3iSbxaKaheRe38Ka34Oa3eLbxf0n6jAmljGr5XDqQLvpAe HTTP/1.1" 200 2
66.249.64.106 - - [02/Oct/2015:00:54:55 -0500] "GET /BLA/resoluciones/RESOLUCIONES%202007/RES%202007%204101%20AL%204200/RESOLUCION%204198%20DE%202007.pdf HTTP/1.1" 304 -
66.249.64.106 - - [02/Oct/2015:00:55:02 -0500] "GET /BLA/resoluciones/AUTOS%202013/0650.pdf HTTP/1.1" 200 2334998
66.249.64.106 - - [02/Oct/2015:00:55:11 -0500] "GET /BLA/resoluciones/AUTOS%202007/2529.pdf HTTP/1.1" 200 108364
66.249.64.96 - - [02/Oct/2015:00:55:27 -0500] "GET /BLA/resoluciones/AUTOS%202014/1052.pdf HTTP/1.1" 304 -
66.249.64.106 - - [02/Oct/2015:00:55:43 -0500] "GET /BLA/resoluciones/RESOLUCIONES%202009/1713.pdf HTTP/1.1" 200 644344
66.249.64.106 - - [02/Oct/2015:00:55:49 -0500] "GET /BLA/resoluciones/AUTOS%202013/3508.pdf HTTP/1.1" 200 484419
66.249.64.106 - - [02/Oct/2015:00:55:59 -0500] "GET /BLA/resoluciones/RESOLUCIONES%202011/0715.pdf HTTP/1.1" 200 248657
66.249.64.106 - - [02/Oct/2015:00:56:15 -0500] "GET /BLA/resoluciones/AUTOS%202008/0916.pdf HTTP/1.1" 200 88206
181.56.192.204 - - [02/Oct/2015:00:56:20 -0500] "GET /galeria/mapa/3MapaBogot%C3%A1.jpg HTTP/1.1" 200 688183
66.249.64.101 - - [02/Oct/2015:00:56:31 -0500] "GET /BLA/resoluciones/RESOLUCIONES%202011/1511.pdf HTTP/1.1" 200 70205
66.249.64.96 - - [02/Oct/2015:00:56:36 -0500] "GET /BLA/resoluciones/AUTOS%202013/2418.pdf HTTP/1.1" 200 1817744
66.249.64.106 - - [02/Oct/2015:00:56:47 -0500] "GET /BLA/resoluciones/RESOLUCIONES%202008/2673.pdf HTTP/1.1" 200 69253
201.245.192.253 - - [02/Oct/2015:00:56:47 -0500] "POST /forms/lservlet;jsessionid=ac16012b30d62e507505f2c64e898405c7619f87fb44.e3iSbxaKaheRe38Ka34Oa3eLbxf0n6jAmljGr5XDqQLvpAe HTTP/1.1" 200 2
66.249.64.96 - - [02/Oct/2015:00:57:02 -0500] "GET /BLA/resoluciones/RESOLUCIONES%202010/0182.pdf HTTP/1.1" 200 527370
66.249.64.106 - - [02/Oct/2015:00:57:18 -0500] "GET /BLA/resoluciones/RESOLUCIONES%202011/0632.pdf HTTP/1.1" 200 285912
66.249.64.96 - - [02/Oct/2015:00:57:23 -0500] "GET /BLA/resoluciones/AUTOS%202012/3002.pdf HTTP/1.1" 200 2442265
66.249.64.106 - - [02/Oct/2015:00:57:34 -0500] "GET /BLA/resoluciones/RESOLUCIONES%202009/2431.pdf HTTP/1.1" 200 572558
74.86.158.107 - - [02/Oct/2015:00:57:41 -0500] "HEAD / HTTP/1.1" 200 -
190.24.87.7 - - [02/Oct/2015:00:57:48 -0500] "GET /galeria/galeria/jquery.fancybox.css?v=2.1.5 HTTP/1.1" 200 4895
190.24.87.7 - - [02/Oct/2015:00:57:49 -0500] "GET /BLA/boletinlegal/js/jquery.scrollShow.js HTTP/1.1" 200 4586
190.24.87.7 - - [02/Oct/2015:00:57:49 -0500] "GET /galeria/galeria/jquery.fancybox.js?v=2.1.5 HTTP/1.1" 200 48706
66.249.64.96 - - [02/Oct/2015:00:57:50 -0500] "GET /BLA/resoluciones/AUTOS%202008/3407.pdf HTTP/1.1" 200 101972
191.68.25.72 - - [02/Oct/2015:00:57:54 -0500] "GET /BLA/resoluciones/Notificaciones/AUTOS%202014/4048.doc HTTP/1.1" 200 93696
190.24.87.7 - - [02/Oct/2015:00:58:05 -0500] "GET /galeria/galeria/jquery.fancybox.css?v=2.1.5 HTTP/1.1" 304 -
190.24.87.7 - - [02/Oct/2015:00:58:05 -0500] "GET /BLA/boletinlegal/js/jquery.scrollShow.js HTTP/1.1" 304 -
190.24.87.7 - - [02/Oct/2015:00:58:05 -0500] "GET /galeria/galeria/jquery.fancybox.js?v=2.1.5 HTTP/1.1" 304 -
66.249.64.106 - - [02/Oct/2015:00:58:06 -0500] "GET /BLA/resoluciones/AUTOS%202008/0457.pdf HTTP/1.1" 200 95761
66.249.64.101 - - [02/Oct/2015:00:58:10 -0500] "GET /BLA/resoluciones/RESOLUCIONES%202013/0112.pdf HTTP/1.1" 200 3977193
66.249.64.101 - - [02/Oct/2015:00:58:22 -0500] "GET /BLA/resoluciones/AUTOS%202008/1819.pdf HTTP/1.1" 200 87636
66.249.64.101 - - [02/Oct/2015:00:58:38 -0500] "GET /BLA/resoluciones/RESOLUCIONES%202009/3826.pdf HTTP/1.1" 200 629565
201.245.192.253 - - [02/Oct/2015:00:58:47 -0500] "POST /forms/lservlet;jsessionid=ac16012b30d62e507505f2c64e898405c7619f87fb44.e3iSbxaKaheRe38Ka34Oa3eLbxf0n6jAmljGr5XDqQLvpAe HTTP/1.1" 200 2
66.249.64.101 - - [02/Oct/2015:00:58:54 -0500] "GET /BLA/resoluciones/AUTOS%202008/0386.pdf HTTP/1.1" 200 167143
66.249.64.96 - - [02/Oct/2015:00:58:57 -0500] "GET /BLA/resoluciones/RESOLUCIONES%202011/2833.pdf HTTP/1.1" 200 237559
66.249.64.96 - - [02/Oct/2015:00:59:09 -0500] "GET /BLA/resoluciones/AUTOS%202008/1081.pdf HTTP/1.1" 200 87963
66.249.64.106 - - [02/Oct/2015:00:59:19 -0500] "GET /portel_dama/libreria/php/2006/ECOSISTEMAS%20FINAL%20web_mz27/incendios/sitio/xtras/2.pdf HTTP/1.1" 404 1018
66.249.64.101 - - [02/Oct/2015:00:59:25 -0500] "GET /BLA/resoluciones/AUTOS%202008/0239.pdf HTTP/1.1" 200 97871
66.249.64.101 - - [02/Oct/2015:00:59:26 -0500] "GET /BLA/resoluciones/RESOLUCIONES%202009/1802.pdf HTTP/1.1" 200 757250
66.249.64.96 - - [02/Oct/2015:00:59:41 -0500] "GET /BLA/resoluciones/AUTOS%202008/2004.pdf HTTP/1.1" 200 96151
66.249.64.96 - - [02/Oct/2015:00:59:44 -0500] "GET /BLA/resoluciones/RESOLUCIONES%202010/6340.pdf HTTP/1.1" 200 2609161
186.81.33.116 - - [02/Oct/2015:00:59:54 -0500] "GET /galeria/galeria/jquery.fancybox.css?v=2.1.5 HTTP/1.1" 200 4895
186.81.33.116 - - [02/Oct/2015:00:59:54 -0500] "GET /galeria/galeria/jquery.fancybox.js?v=2.1.5 HTTP/1.1" 200 48706
186.81.33.116 - - [02/Oct/2015:00:59:54 -0500] "GET /BLA/boletinlegal/js/jquery.scrollShow.js HTTP/1.1" 200 4586
66.249.64.96 - - [02/Oct/2015:00:59:57 -0500] "GET /BLA/resoluciones/RESOLUCIONES%202010/0766.pdf HTTP/1.1" 200 104916
186.81.33.116 - - [02/Oct/2015:01:00:08 -0500] "GET /BLA/boletinlegal/js/jquery.scrollShow.js HTTP/1.1" 304 -
186.81.33.116 - - [02/Oct/2015:01:00:08 -0500] "GET /galeria/galeria/jquery.fancybox.css?v=2.1.5 HTTP/1.1" 304 -
186.81.33.116 - - [02/Oct/2015:01:00:08 -0500] "GET /galeria/galeria/jquery.fancybox.js?v=2.1.5 HTTP/1.1" 304 -
66.249.64.101 - - [02/Oct/2015:01:00:13 -0500] "GET /BLA/resoluciones/AUTOS%202007/0198.pdf HTTP/1.1" 200 139659
66.249.64.96 - - [02/Oct/2015:01:00:29 -0500] "GET /BLA/resoluciones/AUTOS%202008/0236.pdf HTTP/1.1" 200 236352
66.249.64.96 - - [02/Oct/2015:01:00:31 -0500] "GET /BLA/resoluciones/RESOLUCIONES%202013/1279.pdf HTTP/1.1" 200 353528
66.249.64.101 - - [02/Oct/2015:01:00:45 -0500] "GET /BLA/resoluciones/AUTOS%202008/1518.pdf HTTP/1.1" 200 75923
201.245.192.253 - - [02/Oct/2015:01:00:47 -0500] "POST /forms/lservlet;jsessionid=ac16012b30d62e507505f2c64e898405c7619f87fb44.e3iSbxaKaheRe38Ka34Oa3eLbxf0n6jAmljGr5XDqQLvpAe HTTP/1.1" 200 2
186.82.192.88 - - [02/Oct/2015:01:00:50 -0500] "GET /BLA/boletinlegal/js/jquery.scrollShow.js HTTP/1.1" 200 4586
186.82.192.88 - - [02/Oct/2015:01:00:50 -0500] "GET /galeria/galeria/jquery.fancybox.js?v=2.1.5 HTTP/1.1" 200 48706
186.82.192.88 - - [02/Oct/2015:01:00:50 -0500] "GET /galeria/galeria/jquery.fancybox.css?v=2.1.5 HTTP/1.1" 200 4895
186.82.192.88 - - [02/Oct/2015:01:00:57 -0500] "GET /BLA/boletinlegal/js/jquery.scrollShow.js HTTP/1.1" 200 4586
186.82.192.88 - - [02/Oct/2015:01:00:57 -0500] "GET /galeria/galeria/jquery.fancybox.js?v=2.1.5 HTTP/1.1" 200 48706
186.82.192.88 - - [02/Oct/2015:01:00:57 -0500] "GET /galeria/galeria/jquery.fancybox.css?v=2.1.5 HTTP/1.1" 200 4895
66.249.64.106 - - [02/Oct/2015:01:01:01 -0500] "GET /BLA/resoluciones/RESOLUCIONES%202007/RES%202007%201801%20AL%201900/RESOLUCION%201825%20DE%202007.pdf HTTP/1.1" 200 65839
66.249.64.96 - - [02/Oct/2015:01:01:12 -0500] "GET /BLA/resoluciones/RESOLUCIONES%202008/4059.pdf HTTP/1.1" 200 440507
66.249.64.101 - - [02/Oct/2015:01:01:17 -0500] "GET /BLA/resoluciones/AUTOS%202008/1065.pdf HTTP/1.1" 200 57962
190.24.87.7 - - [02/Oct/2015:01:01:25 -0500] "GET /galeria/galeria/jquery.fancybox.css?v=2.1.5 HTTP/1.1" 304 -
190.24.87.7 - - [02/Oct/2015:01:01:25 -0500] "GET /BLA/boletinlegal/js/jquery.scrollShow.js HTTP/1.1" 304 -
190.24.87.7 - - [02/Oct/2015:01:01:25 -0500] "GET /galeria/galeria/jquery.fancybox.js?v=2.1.5 HTTP/1.1" 304 -
66.249.64.96 - - [02/Oct/2015:01:01:32 -0500] "GET /BLA/resoluciones/AUTOS%202008/2285.pdf HTTP/1.1" 200 105987
158.106.67.144 - - [02/Oct/2015:01:01:44 -0500] "GET /robots.txt HTTP/1.1" 404 1165
158.106.67.144 - - [02/Oct/2015:01:01:44 -0500] "GET /dama/libreria/jpg/ecosistemas/areas_protegidas/ap8_2.jpg HTTP/1.1" 404 1019
66.249.64.101 - - [02/Oct/2015:01:01:48 -0500] "GET /BLA/resoluciones/AUTOS%202008/2064.pdf HTTP/1.1" 200 148434
158.106.67.144 - - [02/Oct/2015:01:01:49 -0500] "GET /dama/libreria/jpg/ecosistemas/areas_protegidas/ap8_4.jpg HTTP/1.1" 404 1019
158.106.67.144 - - [02/Oct/2015:01:01:54 -0500] "GET /dama/libreria/jpg/ecosistemas/areas_protegidas/ap8_1.jpg HTTP/1.1" 404 1019
66.249.64.101 - - [02/Oct/2015:01:02:04 -0500] "GET /BLA/resoluciones/AUTOS%202008/1649.pdf HTTP/1.1" 200 101873
66.249.64.101 - - [02/Oct/2015:01:02:05 -0500] "GET /BLA/resoluciones/RESOLUCIONES%202007/RES%202007%204001%20AL%204100/RESOLUCION%204045%20DE%202007.pdf HTTP/1.1" 200 311220
66.249.64.96 - - [02/Oct/2015:01:02:14 -0500] "GET /BLA/resoluciones/RESOLUCIONES%202009/1305.pdf HTTP/1.1" 200 507604
66.249.64.101 - - [02/Oct/2015:01:02:20 -0500] "GET /BLA/resoluciones/RESOLUCIONES%202009/0212.pdf HTTP/1.1" 200 142996
66.249.64.101 - - [02/Oct/2015:01:02:36 -0500] "GET /BLA/resoluciones/AUTOS%202008/2295.pdf HTTP/1.1" 200 146794
74.86.158.107 - - [02/Oct/2015:01:02:41 -0500] "HEAD / HTTP/1.1" 200 -
201.245.192.253 - - [02/Oct/2015:01:02:47 -0500] "POST /forms/lservlet;jsessionid=ac16012b30d62e507505f2c64e898405c7619f87fb44.e3iSbxaKaheRe38Ka34Oa3eLbxf0n6jAmljGr5XDqQLvpAe HTTP/1.1" 200 2
66.249.64.106 - - [02/Oct/2015:01:02:52 -0500] "GET /BLA/resoluciones/AUTOS%202008/3027.pdf HTTP/1.1" 200 139598
66.249.64.96 - - [02/Oct/2015:01:02:52 -0500] "GET /BLA/resoluciones/AUTOS%202013/0218.pdf HTTP/1.1" 200 3180828
141.8.143.202 - - [02/Oct/2015:01:03:01 -0500] "GET /robots.txt HTTP/1.1" 404 1019
66.249.64.106 - - [02/Oct/2015:01:03:08 -0500] "GET /BLA/resoluciones/AUTOS%202009/0609.pdf HTTP/1.1" 200 122547
201.234.75.11 - - [02/Oct/2015:01:03:15 -0500] "GET /galeria/nivo-slider/demo/images/movilizacion-22-septiembre.jpg HTTP/1.1" 304 -
66.249.64.101 - - [02/Oct/2015:01:03:24 -0500] "GET /BLA/resoluciones/AUTOS%202008/3166.pdf HTTP/1.1" 200 106516
66.249.64.101 - - [02/Oct/2015:01:03:39 -0500] "GET /BLA/resoluciones/RESOLUCIONES%202010/7038.pdf HTTP/1.1" 200 560072
66.249.64.101 - - [02/Oct/2015:01:03:41 -0500] "GET /BLA/resoluciones/AUTOS%202008/1420.pdf HTTP/1.1" 200 148652
190.24.87.7 - - [02/Oct/2015:01:03:42 -0500] "GET /galeria/carrusel/Carrusel/jquery.thumbnailScroller.css HTTP/1.1" 200 2066
190.24.87.7 - - [02/Oct/2015:01:03:42 -0500] "GET /galeria/carrusel/Carrusel/jquery-ui-1.8.13.custom.min.js HTTP/1.1" 200 10800
190.24.87.7 - - [02/Oct/2015:01:03:42 -0500] "GET /galeria/carrusel/Carrusel/jquery.thumbnailScroller.js HTTP/1.1" 200 8157
190.24.87.7 - - [02/Oct/2015:01:03:44 -0500] "GET /galeria/nivo-slider/demo/demo.html HTTP/1.1" 200 3905
190.24.87.7 - - [02/Oct/2015:01:03:44 -0500] "GET /galeria/nivo-slider/themes/default/default.css HTTP/1.1" 200 1569
190.24.87.7 - - [02/Oct/2015:01:03:44 -0500] "GET /galeria/nivo-slider/themes/pascal/pascal.css HTTP/1.1" 200 2258
190.24.87.7 - - [02/Oct/2015:01:03:44 -0500] "GET /galeria/nivo-slider/themes/orman/orman.css HTTP/1.1" 200 2152
190.24.87.7 - - [02/Oct/2015:01:03:44 -0500] "GET /galeria/nivo-slider/nivo-slider.css HTTP/1.1" 200 1507
190.24.87.7 - - [02/Oct/2015:01:03:44 -0500] "GET /galeria/nivo-slider/demo/style.css HTTP/1.1" 200 2222
190.24.87.7 - - [02/Oct/2015:01:03:44 -0500] "GET /galeria/nivo-slider/demo/scripts/jquery-1.7.1.min.js HTTP/1.1" 200 93868
190.24.87.7 - - [02/Oct/2015:01:03:44 -0500] "GET /galeria/nivo-slider/jquery.nivo.slider.pack.js HTTP/1.1" 200 11561
190.24.87.7 - - [02/Oct/2015:01:03:44 -0500] "GET /galeria/nivo-slider/demo/images/La-SDA-se-suma-a-la-Gran-Movilizacion.jpg HTTP/1.1" 200 92233
190.24.87.7 - - [02/Oct/2015:01:03:45 -0500] "GET /galeria/nivo-slider/demo/images/4Simple_Slider.png HTTP/1.1" 200 11722
190.24.87.7 - - [02/Oct/2015:01:03:45 -0500] "GET /galeria/nivo-slider/themes/default/loading.gif HTTP/1.1" 200 1737
190.24.87.7 - - [02/Oct/2015:01:03:45 -0500] "GET /galeria/nivo-slider/demo/images/simulacro-nacional.jpg HTTP/1.1" 200 241925
190.24.87.7 - - [02/Oct/2015:01:03:45 -0500] "GET /galeria/nivo-slider/demo/images/simulacro-busqueda-rescate-urbano.jpg HTTP/1.1" 200 251375
190.24.87.7 - - [02/Oct/2015:01:03:45 -0500] "GET /galeria/nivo-slider/demo/images/Semana-PYBA.jpg HTTP/1.1" 200 103786
190.24.87.7 - - [02/Oct/2015:01:03:45 -0500] "GET /galeria/nivo-slider/demo/images/Plan-Quinquenal.jpg HTTP/1.1" 200 412438
190.24.87.7 - - [02/Oct/2015:01:03:45 -0500] "GET /galeria/nivo-slider/demo/images/PREDAcamp.jpg HTTP/1.1" 200 295358
190.24.87.7 - - [02/Oct/2015:01:03:47 -0500] "GET /galeria/nivo-slider/demo/images/banner-llantas2.jpg HTTP/1.1" 200 204644
190.24.87.7 - - [02/Oct/2015:01:03:47 -0500] "GET /galeria/nivo-slider/demo/images/PREDAcamp.jpg HTTP/1.1" 206 1
190.24.87.7 - - [02/Oct/2015:01:03:48 -0500] "GET /galeria/nivo-slider/demo/images/PREDAcamp.jpg HTTP/1.1" 206 157025
190.24.87.7 - - [02/Oct/2015:01:03:48 -0500] "GET /galeria/nivo-slider/demo/images/9Signos.jpg HTTP/1.1" 200 81776
190.24.87.7 - - [02/Oct/2015:01:03:48 -0500] "GET /galeria/nivo-slider/demo/images/Comparendo-ambiental-Banner.jpg HTTP/1.1" 200 83731
190.24.87.7 - - [02/Oct/2015:01:03:49 -0500] "GET /galeria/nivo-slider/demo/images/Ruta-vertimientos-01.jpg HTTP/1.1" 200 130151
190.24.87.7 - - [02/Oct/2015:01:03:49 -0500] "GET /galeria/nivo-slider/demo/images/bolsas-06.jpg HTTP/1.1" 200 90982
190.24.87.7 - - [02/Oct/2015:01:03:50 -0500] "GET /galeria/nivo-slider/demo/images/Conoce-los-humedales.jpg HTTP/1.1" 200 294036
190.24.87.7 - - [02/Oct/2015:01:03:51 -0500] "GET /galeria/nivo-slider/demo/images/ecolecta-Dic2014.png HTTP/1.1" 200 288593
190.24.87.7 - - [02/Oct/2015:01:03:54 -0500] "GET /galeria/nivo-slider/themes/default/arrows.png HTTP/1.1" 200 824
190.24.87.7 - - [02/Oct/2015:01:03:54 -0500] "GET /galeria/nivo-slider/themes/default/bullets.png HTTP/1.1" 200 1281
181.56.93.69 - - [02/Oct/2015:01:03:55 -0500] "GET /galeria/galeria/fotos/juan-amarillo4G.jpg HTTP/1.1" 200 202445
66.249.64.96 - - [02/Oct/2015:01:03:55 -0500] "GET /BLA/resoluciones/AUTOS%202008/1121.pdf HTTP/1.1" 200 166990
181.56.93.69 - - [02/Oct/2015:01:03:58 -0500] "GET /favicon.ico HTTP/1.1" 200 7782
66.249.64.106 - - [02/Oct/2015:01:04:11 -0500] "GET /BLA/resoluciones/AUTOS%202007/0140.pdf HTTP/1.1" 200 454124
66.249.64.96 - - [02/Oct/2015:01:04:27 -0500] "GET /BLA/resoluciones/RESOLUCIONES%202007/RES%202007%204101%20AL%204200/RESOLUCION%204114%20DE%202007.pdf HTTP/1.1" 200 492181
66.249.64.106 - - [02/Oct/2015:01:04:27 -0500] "GET /BLA/resoluciones/RESOLUCIONES%202011/0667.pdf HTTP/1.1" 200 109372
66.249.64.101 - - [02/Oct/2015:01:04:37 -0500] "GET /BLA/resoluciones/RESOLUCIONES%202008/4237.pdf HTTP/1.1" 200 299734
66.249.64.96 - - [02/Oct/2015:01:04:43 -0500] "GET /BLA/resoluciones/RESOLUCIONES%202008/0410.pdf HTTP/1.1" 304 -
201.245.192.253 - - [02/Oct/2015:01:04:48 -0500] "POST /forms/lservlet;jsessionid=ac16012b30d62e507505f2c64e898405c7619f87fb44.e3iSbxaKaheRe38Ka34Oa3eLbxf0n6jAmljGr5XDqQLvpAe HTTP/1.1" 200 2
66.249.64.96 - - [02/Oct/2015:01:04:59 -0500] "GET /BLA/resoluciones/AUTOS%202008/0779.pdf HTTP/1.1" 200 75688
66.249.64.96 - - [02/Oct/2015:01:05:14 -0500] "GET /BLA/resoluciones/RESOLUCIONES%202007/RES%202007%203001%20AL%203100/RESOLUCION%203077%20DE%202007.pdf HTTP/1.1" 200 768636
66.249.64.96 - - [02/Oct/2015:01:05:15 -0500] "GET /BLA/resoluciones/RESOLUCIONES%202009/1090.pdf HTTP/1.1" 200 279191
186.29.230.239 - - [02/Oct/2015:01:05:23 -0500] "GET /galeria/galeria/jquery.fancybox.css?v=2.1.5 HTTP/1.1" 200 4895
186.29.230.239 - - [02/Oct/2015:01:05:23 -0500] "GET /BLA/boletinlegal/js/jquery.scrollShow.js HTTP/1.1" 200 4586
186.29.230.239 - - [02/Oct/2015:01:05:23 -0500] "GET /galeria/galeria/jquery.fancybox.js?v=2.1.5 HTTP/1.1" 200 48706
186.29.230.239 - - [02/Oct/2015:01:05:28 -0500] "GET /BLA/boletinlegal/js/jquery.scrollShow.js HTTP/1.1" 304 -
186.29.230.239 - - [02/Oct/2015:01:05:28 -0500] "GET /galeria/galeria/jquery.fancybox.js?v=2.1.5 HTTP/1.1" 304 -
186.29.230.239 - - [02/Oct/2015:01:05:28 -0500] "GET /galeria/galeria/jquery.fancybox.css?v=2.1.5 HTTP/1.1" 304 -
66.249.64.96 - - [02/Oct/2015:01:05:31 -0500] "GET /BLA/resoluciones/AUTOS%202008/2327.pdf HTTP/1.1" 200 154997
190.146.112.171 - - [02/Oct/2015:01:05:37 -0500] "GET /galeria/galeria/jquery.fancybox.css?v=2.1.5 HTTP/1.1" 200 4895
190.146.112.171 - - [02/Oct/2015:01:05:37 -0500] "GET /BLA/boletinlegal/js/jquery.scrollShow.js HTTP/1.1" 200 4586
190.146.112.171 - - [02/Oct/2015:01:05:37 -0500] "GET /galeria/galeria/jquery.fancybox.js?v=2.1.5 HTTP/1.1" 200 48706
66.249.64.96 - - [02/Oct/2015:01:05:47 -0500] "GET /BLA/resoluciones/AUTOS%202008/2768.pdf HTTP/1.1" 200 101974
66.249.64.96 - - [02/Oct/2015:01:06:01 -0500] "GET /BLA/resoluciones/RESOLUCIONES%202007/RES%202007%202301%20AL%202400/RESOLUCION%202396%20DE%202007.pdf HTTP/1.1" 200 2873129
190.146.112.171 - - [02/Oct/2015:01:06:02 -0500] "GET /galeria/galeria/jquery.fancybox.css?v=2.1.5 HTTP/1.1" 304 -
190.146.112.171 - - [02/Oct/2015:01:06:02 -0500] "GET /BLA/boletinlegal/js/jquery.scrollShow.js HTTP/1.1" 304 -
190.146.112.171 - - [02/Oct/2015:01:06:02 -0500] "GET /galeria/galeria/jquery.fancybox.js?v=2.1.5 HTTP/1.1" 304 -
66.249.64.101 - - [02/Oct/2015:01:06:06 -0500] "GET /BLA/resoluciones/AUTOS%202008/0053.pdf HTTP/1.1" 200 125389
66.249.64.101 - - [02/Oct/2015:01:06:18 -0500] "GET /BLA/resoluciones/AUTOS%202008/1683.pdf HTTP/1.1" 200 183151
66.249.64.96 - - [02/Oct/2015:01:06:34 -0500] "GET /BLA/resoluciones/RESOLUCIONES%202009/4562.pdf HTTP/1.1" 200 640647
186.116.51.225 - - [02/Oct/2015:01:06:44 -0500] "GET /BLA/boletinlegal/js/jquery.scrollShow.js HTTP/1.1" 200 4586
186.116.51.225 - - [02/Oct/2015:01:06:44 -0500] "GET /galeria/galeria/jquery.fancybox.css?v=2.1.5 HTTP/1.1" 200 4895
186.116.51.225 - - [02/Oct/2015:01:06:44 -0500] "GET /galeria/galeria/jquery.fancybox.js?v=2.1.5 HTTP/1.1" 200 48706
66.249.64.106 - - [02/Oct/2015:01:06:47 -0500] "GET /BLA/resoluciones/RESOLUCIONES%202008/4317.pdf HTTP/1.1" 200 210502
66.249.64.248 - - [02/Oct/2015:01:06:48 -0500] "GET /BLA/boletinlegal/jurisprudencia/analisis/SENTENCIA%20C-703%20DE%202010.xls HTTP/1.1" 200 38912
201.245.192.253 - - [02/Oct/2015:01:06:48 -0500] "POST /forms/lservlet;jsessionid=ac16012b30d62e507505f2c64e898405c7619f87fb44.e3iSbxaKaheRe38Ka34Oa3eLbxf0n6jAmljGr5XDqQLvpAe HTTP/1.1" 200 2
66.249.64.96 - - [02/Oct/2015:01:06:50 -0500] "GET /BLA/resoluciones/RESOLUCIONES%202009/1957.pdf HTTP/1.1" 200 515973
181.54.91.125 - - [02/Oct/2015:01:06:57 -0500] "GET /galeria/galeria/jquery.fancybox.css?v=2.1.5 HTTP/1.1" 200 4895
181.54.91.125 - - [02/Oct/2015:01:06:57 -0500] "GET /galeria/galeria/jquery.fancybox.js?v=2.1.5 HTTP/1.1" 200 48706
181.54.91.125 - - [02/Oct/2015:01:06:57 -0500] "GET /BLA/boletinlegal/js/jquery.scrollShow.js HTTP/1.1" 200 4586
66.249.64.101 - - [02/Oct/2015:01:07:06 -0500] "GET /BLA/resoluciones/RESOLUCIONES%202009/2223.pdf HTTP/1.1" 200 568153
66.249.64.96 - - [02/Oct/2015:01:07:22 -0500] "GET /BLA/resoluciones/AUTOS%202008/2847.pdf HTTP/1.1" 200 78796
186.116.51.225 - - [02/Oct/2015:01:07:24 -0500] "GET /galeria/galeria/jquery.fancybox.css?v=2.1.5 HTTP/1.1" 304 -
186.116.51.225 - - [02/Oct/2015:01:07:24 -0500] "GET /BLA/boletinlegal/js/jquery.scrollShow.js HTTP/1.1" 304 -
186.116.51.225 - - [02/Oct/2015:01:07:24 -0500] "GET /galeria/galeria/jquery.fancybox.js?v=2.1.5 HTTP/1.1" 304 -
66.249.64.101 - - [02/Oct/2015:01:07:35 -0500] "GET /BLA/resoluciones/RESOLUCIONES%202013/0125.pdf HTTP/1.1" 200 2822143
66.249.64.96 - - [02/Oct/2015:01:07:38 -0500] "GET /BLA/resoluciones/AUTOS%202008/0285.pdf HTTP/1.1" 200 216881
74.86.158.107 - - [02/Oct/2015:01:07:41 -0500] "HEAD / HTTP/1.1" 200 -
66.249.64.96 - - [02/Oct/2015:01:07:54 -0500] "GET /BLA/resoluciones/AUTOS%202012/0946.pdf HTTP/1.1" 200 170639
66.249.64.106 - - [02/Oct/2015:01:08:10 -0500] "GET /BLA/resoluciones/RESOLUCIONES%202008/1397.pdf HTTP/1.1" 200 181755
66.249.64.96 - - [02/Oct/2015:01:08:22 -0500] "GET /autoliquidacion/Grupo%20Forestal%20-%20Industria%20de%20la%20Madera/Formulario%20para%20la%20Relaci%C3%B3n%20de%20Salvoconductos%20y%20Facturas.pdf HTTP/1.1" 404 1018
66.249.64.106 - - [02/Oct/2015:01:08:25 -0500] "GET /BLA/resoluciones/AUTOS%202008/2207.pdf HTTP/1.1" 200 79112
66.249.64.101 - - [02/Oct/2015:01:08:41 -0500] "GET /BLA/resoluciones/AUTOS%202008/1530.pdf HTTP/1.1" 200 196141
201.245.192.253 - - [02/Oct/2015:01:08:48 -0500] "POST /forms/lservlet;jsessionid=ac16012b30d62e507505f2c64e898405c7619f87fb44.e3iSbxaKaheRe38Ka34Oa3eLbxf0n6jAmljGr5XDqQLvpAe HTTP/1.1" 200 2
66.249.64.101 - - [02/Oct/2015:01:08:57 -0500] "GET /BLA/resoluciones/AUTOS%202008/2637.pdf HTTP/1.1" 200 79053
181.114.125.165 - - [02/Oct/2015:01:09:02 -0500] "GET /BLA/boletinlegal/js/jquery.scrollShow.js HTTP/1.1" 200 4586
181.114.125.165 - - [02/Oct/2015:01:09:02 -0500] "GET /galeria/galeria/jquery.fancybox.js?v=2.1.5 HTTP/1.1" 200 48706
181.114.125.165 - - [02/Oct/2015:01:09:03 -0500] "GET /galeria/galeria/jquery.fancybox.css?v=2.1.5 HTTP/1.1" 200 4895
66.249.64.101 - - [02/Oct/2015:01:09:09 -0500] "GET /BLA/resoluciones/RESOLUCIONES%202007/RES%202007%201401%20AL%201500/RESOLUCION%201404%20DE%202007.pdf HTTP/1.1" 200 203263
181.114.125.165 - - [02/Oct/2015:01:09:13 -0500] "GET /BLA/boletinlegal/js/jquery.scrollShow.js HTTP/1.1" 200 4586
181.114.125.165 - - [02/Oct/2015:01:09:13 -0500] "GET /galeria/galeria/jquery.fancybox.js?v=2.1.5 HTTP/1.1" 200 48706
66.249.64.96 - - [02/Oct/2015:01:09:13 -0500] "GET /BLA/resoluciones/AUTOS%202008/0865.pdf HTTP/1.1" 200 264877
181.114.125.165 - - [02/Oct/2015:01:09:13 -0500] "GET /galeria/galeria/jquery.fancybox.css?v=2.1.5 HTTP/1.1" 200 4895
180.76.15.34 - - [02/Oct/2015:01:09:14 -0500] "GET / HTTP/1.1" 301 324
180.76.15.28 - - [02/Oct/2015:01:09:15 -0500] "GET / HTTP/1.1" 301 324
66.249.64.101 - - [02/Oct/2015:01:09:29 -0500] "GET /BLA/resoluciones/AUTOS%202008/1640.pdf HTTP/1.1" 200 62668
66.249.64.106 - - [02/Oct/2015:01:09:45 -0500] "GET /BLA/resoluciones/AUTOS%202008/1562.pdf HTTP/1.1" 200 91233
66.249.64.101 - - [02/Oct/2015:01:09:56 -0500] "GET /BLA/resoluciones/RESOLUCIONES%202008/0411.pdf HTTP/1.1" 200 991941
66.249.64.101 - - [02/Oct/2015:01:10:01 -0500] "GET /BLA/resoluciones/RESOLUCIONES%202009/1515.pdf HTTP/1.1" 200 459325
66.249.64.101 - - [02/Oct/2015:01:10:17 -0500] "GET /BLA/resoluciones/RESOLUCIONES%202009/2553.pdf HTTP/1.1" 200 377294
199.21.99.203 - - [02/Oct/2015:01:10:21 -0500] "GET /images/BLA.jpg HTTP/1.1" 200 34672
66.249.64.106 - - [02/Oct/2015:01:10:31 -0500] "GET /BLA/resoluciones/RESOLUCIONES%202008/1244.pdf HTTP/1.1" 200 247709
66.249.64.96 - - [02/Oct/2015:01:10:32 -0500] "GET /BLA/resoluciones/AUTOS%202008/2168.pdf HTTP/1.1" 200 54133
5.168.32.163 - - [02/Oct/2015:01:10:34 -0500] "GET /galeria/galeria/fotos/Humedal-Santa-Mar%C3%ADa-del-Lago1G.jpg HTTP/1.1" 200 290867
66.249.64.106 - - [02/Oct/2015:01:10:43 -0500] "GET /BLA/resoluciones/RESOLUCIONES%202011/1071.pdf HTTP/1.1" 200 387488
186.113.134.58 - - [02/Oct/2015:01:10:46 -0500] "GET /BLA/resoluciones/RESOLUCIONES%202009/0446.pdf HTTP/1.1" 200 319588
66.249.64.106 - - [02/Oct/2015:01:10:48 -0500] "GET /BLA/resoluciones/AUTOS%202007/0189.pdf HTTP/1.1" 200 53895
201.245.192.253 - - [02/Oct/2015:01:10:48 -0500] "POST /forms/lservlet;jsessionid=ac16012b30d62e507505f2c64e898405c7619f87fb44.e3iSbxaKaheRe38Ka34Oa3eLbxf0n6jAmljGr5XDqQLvpAe HTTP/1.1" 200 2
186.113.134.58 - - [02/Oct/2015:01:10:50 -0500] "GET /BLA/resoluciones/RESOLUCIONES%202009/0446.pdf HTTP/1.1" 200 319588
66.249.64.101 - - [02/Oct/2015:01:11:04 -0500] "GET /BLA/resoluciones/RESOLUCIONES%202009/0645.pdf HTTP/1.1" 200 297172
66.249.64.106 - - [02/Oct/2015:01:11:21 -0500] "GET /BLA/resoluciones/AUTOS%202008/1513.pdf HTTP/1.1" 200 149399
66.249.64.96 - - [02/Oct/2015:01:11:30 -0500] "GET /BLA/resoluciones/RESOLUCIONES%202007/RES%202007%203201%20AL%203300/RESOLUCION%203208%20DE%202007.pdf HTTP/1.1" 200 211532
66.249.64.101 - - [02/Oct/2015:01:11:36 -0500] "GET /BLA/resoluciones/AUTOS%202012/1911.pdf HTTP/1.1" 200 644519
66.249.64.96 - - [02/Oct/2015:01:11:52 -0500] "GET /BLA/resoluciones/AUTOS%202008/0974.pdf HTTP/1.1" 200 93319
66.249.64.96 - - [02/Oct/2015:01:12:08 -0500] "GET /BLA/resoluciones/AUTOS%202008/1652.pdf HTTP/1.1" 200 114549
66.249.64.106 - - [02/Oct/2015:01:12:17 -0500] "GET /BLA/resoluciones/AUTOS%202012/1078.pdf HTTP/1.1" 200 248319
66.249.64.106 - - [02/Oct/2015:01:12:24 -0500] "GET /BLA/resoluciones/AUTOS%202008/1702.pdf HTTP/1.1" 200 155811
66.249.64.106 - - [02/Oct/2015:01:12:40 -0500] "GET /BLA/resoluciones/RESOLUCIONES%202011/3007.pdf HTTP/1.1" 200 255323
74.86.158.107 - - [02/Oct/2015:01:12:41 -0500] "HEAD / HTTP/1.1" 200 -
201.245.192.253 - - [02/Oct/2015:01:12:49 -0500] "POST /forms/lservlet;jsessionid=ac16012b30d62e507505f2c64e898405c7619f87fb44.e3iSbxaKaheRe38Ka34Oa3eLbxf0n6jAmljGr5XDqQLvpAe HTTP/1.1" 200 2
66.249.64.96 - - [02/Oct/2015:01:12:55 -0500] "GET /BLA/resoluciones/RESOLUCIONES%202007/RES%202007%201601%20AL%201725/RESOLUCION%201621%20A%201725%20DE%202007.pdf HTTP/1.1" 200 16382
66.249.64.101 - - [02/Oct/2015:01:13:04 -0500] "GET /BLA/resoluciones/RESOLUCIONES%202007/RES%202007%202901%20AL%203000/RESOLUCION%202905%20DE%202007.pdf HTTP/1.1" 200 382558
66.249.64.96 - - [02/Oct/2015:01:13:11 -0500] "GET /BLA/resoluciones/RESOLUCIONES%202010/1074.pdf HTTP/1.1" 200 104466
41.212.227.102 - - [02/Oct/2015:01:13:14 -0500] "POST /xmlrpc.php HTTP/1.1" 301 334
66.249.64.101 - - [02/Oct/2015:01:13:27 -0500] "GET /BLA/resoluciones/AUTOS%202008/2005.pdf HTTP/1.1" 200 145629
66.249.64.96 - - [02/Oct/2015:01:13:43 -0500] "GET /BLA/resoluciones/AUTOS%202009/3135.pdf HTTP/1.1" 200 131760
66.249.64.101 - - [02/Oct/2015:01:13:51 -0500] "GET /BLA/resoluciones/RESOLUCIONES%202012/1281.pdf HTTP/1.1" 200 1105786
181.59.234.219 - - [02/Oct/2015:01:13:59 -0500] "GET /BLA/boletinlegal/js/jquery.scrollShow.js HTTP/1.1" 200 4586
66.249.64.106 - - [02/Oct/2015:01:13:59 -0500] "GET /BLA/resoluciones/AUTOS%202008/0423.pdf HTTP/1.1" 200 141418
181.59.234.219 - - [02/Oct/2015:01:13:59 -0500] "GET /galeria/galeria/jquery.fancybox.js?v=2.1.5 HTTP/1.1" 200 48706
181.59.234.219 - - [02/Oct/2015:01:13:59 -0500] "GET /galeria/galeria/jquery.fancybox.css?v=2.1.5 HTTP/1.1" 200 4895
41.212.227.102 - - [02/Oct/2015:01:14:05 -0500] "POST /xmlrpc.php HTTP/1.1" 301 334
66.249.64.106 - - [02/Oct/2015:01:14:15 -0500] "GET /BLA/resoluciones/RESOLUCIONES%202009/8114.pdf HTTP/1.1" 200 219477
66.249.64.96 - - [02/Oct/2015:01:14:31 -0500] "GET /BLA/resoluciones/AUTOS%202008/0971.pdf HTTP/1.1" 200 34131
66.249.64.101 - - [02/Oct/2015:01:14:36 -0500] "GET /BLA/resoluciones/RESOLUCIONES%202008/3520.pdf HTTP/1.1" 200 377254
66.249.64.243 - - [02/Oct/2015:01:14:38 -0500] "GET /POT-2013/Cartografia/32_Altura%20para%20c%C3%A1lculo%20de%20edificabilidad%20predominante%20y%20aisl.pdf HTTP/1.1" 200 3984236
181.142.215.7 - - [02/Oct/2015:01:14:46 -0500] "GET /galeria/galeria/jquery.fancybox.js?v=2.1.5 HTTP/1.1" 200 48706
181.142.215.7 - - [02/Oct/2015:01:14:46 -0500] "GET /BLA/boletinlegal/js/jquery.scrollShow.js HTTP/1.1" 200 4586
181.142.215.7 - - [02/Oct/2015:01:14:46 -0500] "GET /galeria/galeria/jquery.fancybox.css?v=2.1.5 HTTP/1.1" 200 4895
66.249.64.106 - - [02/Oct/2015:01:14:47 -0500] "GET /BLA/resoluciones/RESOLUCIONES%202008/0892.pdf HTTP/1.1" 200 2006622
201.245.192.253 - - [02/Oct/2015:01:14:49 -0500] "POST /forms/lservlet;jsessionid=ac16012b30d62e507505f2c64e898405c7619f87fb44.e3iSbxaKaheRe38Ka34Oa3eLbxf0n6jAmljGr5XDqQLvpAe HTTP/1.1" 200 2
66.249.64.101 - - [02/Oct/2015:01:14:51 -0500] "GET /BLA/resoluciones/RESOLUCIONES%202009/7903.pdf HTTP/1.1" 200 525959
181.142.215.7 - - [02/Oct/2015:01:14:52 -0500] "GET /galeria/galeria/jquery.fancybox.css?v=2.1.5 HTTP/1.1" 304 -
181.142.215.7 - - [02/Oct/2015:01:14:52 -0500] "GET /BLA/boletinlegal/js/jquery.scrollShow.js HTTP/1.1" 304 -
181.142.215.7 - - [02/Oct/2015:01:14:52 -0500] "GET /galeria/galeria/jquery.fancybox.js?v=2.1.5 HTTP/1.1" 304 -
181.59.234.219 - - [02/Oct/2015:01:14:57 -0500] "GET /galeria/galeria/jquery.fancybox.css?v=2.1.5 HTTP/1.1" 304 -
181.59.234.219 - - [02/Oct/2015:01:14:57 -0500] "GET /BLA/boletinlegal/js/jquery.scrollShow.js HTTP/1.1" 304 -
181.59.234.219 - - [02/Oct/2015:01:14:57 -0500] "GET /galeria/galeria/jquery.fancybox.js?v=2.1.5 HTTP/1.1" 304 -
66.249.64.96 - - [02/Oct/2015:01:15:02 -0500] "GET /BLA/resoluciones/AUTOS%202008/2418.pdf HTTP/1.1" 200 97302
180.76.15.11 - - [02/Oct/2015:01:15:13 -0500] "GET /BLA/boletinlegal/Directivas/2013/Directiva%20No.%201%20del%2004%20de%20Abril%20de%202013.pdf HTTP/1.1" 200 472003
66.249.64.96 - - [02/Oct/2015:01:15:18 -0500] "GET /BLA/resoluciones/AUTOS%202008/2546.pdf HTTP/1.1" 200 185074
66.249.64.101 - - [02/Oct/2015:01:15:25 -0500] "GET /BLA/resoluciones/RESOLUCIONES%202014/0565.pdf HTTP/1.1" 200 302587
181.54.91.125 - - [02/Oct/2015:01:15:33 -0500] "GET /galeria/galeria/jquery.fancybox.js?v=2.1.5 HTTP/1.1" 304 -
181.54.91.125 - - [02/Oct/2015:01:15:33 -0500] "GET /galeria/galeria/jquery.fancybox.css?v=2.1.5 HTTP/1.1" 304 -
66.249.64.96 - - [02/Oct/2015:01:15:34 -0500] "GET /BLA/resoluciones/RESOLUCIONES%202009/0099.pdf HTTP/1.1" 200 224075
66.249.64.96 - - [02/Oct/2015:01:15:50 -0500] "GET /BLA/resoluciones/RESOLUCIONES%202010/2324.pdf HTTP/1.1" 200 532385
66.249.64.96 - - [02/Oct/2015:01:16:06 -0500] "GET /BLA/resoluciones/AUTOS%202008/0777.pdf HTTP/1.1" 200 84603
66.249.64.101 - - [02/Oct/2015:01:16:12 -0500] "GET /BLA/resoluciones/RESOLUCIONES%202013/0746.pdf HTTP/1.1" 200 1276884
66.249.64.106 - - [02/Oct/2015:01:16:22 -0500] "GET /BLA/resoluciones/AUTOS%202008/3113.pdf HTTP/1.1" 200 122443
66.249.64.106 - - [02/Oct/2015:01:16:38 -0500] "GET /BLA/resoluciones/AUTOS%202009/2380.pdf HTTP/1.1" 200 245263
66.249.64.106 - - [02/Oct/2015:01:16:43 -0500] "GET /BLA/resoluciones/RESOLUCIONES%202008/1226.pdf HTTP/1.1" 200 393990
66.249.64.101 - - [02/Oct/2015:01:16:47 -0500] "GET /BLA/resoluciones/AUTOS%202006/AUTOS%202006%202801%20-%202900/00002807.tif HTTP/1.1" 200 42814
201.245.192.253 - - [02/Oct/2015:01:16:49 -0500] "POST /forms/lservlet;jsessionid=ac16012b30d62e507505f2c64e898405c7619f87fb44.e3iSbxaKaheRe38Ka34Oa3eLbxf0n6jAmljGr5XDqQLvpAe HTTP/1.1" 200 2
66.249.64.101 - - [02/Oct/2015:01:16:54 -0500] "GET /BLA/resoluciones/AUTOS%202008/0631.pdf HTTP/1.1" 200 95429
66.249.64.101 - - [02/Oct/2015:01:16:59 -0500] "GET /BLA/resoluciones/AUTOS%202013/0161.pdf HTTP/1.1" 200 3380609
66.249.64.106 - - [02/Oct/2015:01:17:10 -0500] "GET /BLA/resoluciones/RESOLUCIONES%202009/1514.pdf HTTP/1.1" 200 492142
66.249.64.106 - - [02/Oct/2015:01:17:25 -0500] "GET /BLA/resoluciones/RESOLUCIONES%202011/1281.pdf HTTP/1.1" 200 364172
74.86.158.107 - - [02/Oct/2015:01:17:41 -0500] "HEAD / HTTP/1.1" 200 -
66.249.64.96 - - [02/Oct/2015:01:17:41 -0500] "GET /BLA/resoluciones/RESOLUCIONES%202009/7542.pdf HTTP/1.1" 200 518232
66.249.64.248 - - [02/Oct/2015:01:17:47 -0500] "GET / HTTP/1.1" 200 10190
66.249.64.106 - - [02/Oct/2015:01:17:57 -0500] "GET /BLA/resoluciones/AUTOS%202008/2998.pdf HTTP/1.1" 200 215448
66.249.64.106 - - [02/Oct/2015:01:18:13 -0500] "GET /BLA/resoluciones/AUTOS%202008/3206.pdf HTTP/1.1" 200 131896
66.249.64.101 - - [02/Oct/2015:01:18:29 -0500] "GET /BLA/resoluciones/RESOLUCIONES%202011/3396.pdf HTTP/1.1" 200 381549
66.249.64.106 - - [02/Oct/2015:01:18:34 -0500] "GET /BLA/resoluciones/RESOLUCIONES%202011/0190.pdf HTTP/1.1" 200 363330
66.249.64.101 - - [02/Oct/2015:01:18:45 -0500] "GET /BLA/resoluciones/RESOLUCIONES%202010/4186.pdf HTTP/1.1" 200 400988
201.245.192.253 - - [02/Oct/2015:01:18:49 -0500] "POST /forms/lservlet;jsessionid=ac16012b30d62e507505f2c64e898405c7619f87fb44.e3iSbxaKaheRe38Ka34Oa3eLbxf0n6jAmljGr5XDqQLvpAe HTTP/1.1" 200 2
66.249.64.96 - - [02/Oct/2015:01:19:01 -0500] "GET /BLA/resoluciones/RESOLUCIONES%202009/1281.pdf HTTP/1.1" 200 115808
66.249.64.106 - - [02/Oct/2015:01:19:17 -0500] "GET /BLA/resoluciones/RESOLUCIONES%202008/0434.pdf HTTP/1.1" 200 223036
66.249.64.96 - - [02/Oct/2015:01:19:21 -0500] "GET /BLA/resoluciones/RESOLUCIONES%202011/6097.pdf HTTP/1.1" 200 1015929
66.249.64.101 - - [02/Oct/2015:01:19:32 -0500] "GET /BLA/resoluciones/RESOLUCIONES%202010/1234.pdf HTTP/1.1" 200 93001
66.249.64.106 - - [02/Oct/2015:01:19:48 -0500] "GET /BLA/resoluciones/RESOLUCIONES%202009/7878.pdf HTTP/1.1" 200 391888
66.249.64.106 - - [02/Oct/2015:01:20:04 -0500] "GET /BLA/resoluciones/AUTOS%202008/0806.pdf HTTP/1.1" 200 114443
66.249.64.101 - - [02/Oct/2015:01:20:08 -0500] "GET /BLA/resoluciones/AUTOS%202010/4447.pdf HTTP/1.1" 200 180525
66.249.64.96 - - [02/Oct/2015:01:20:20 -0500] "GET /BLA/resoluciones/RESOLUCIONES%202009/9231.pdf HTTP/1.1" 200 525196
66.249.64.101 - - [02/Oct/2015:01:20:36 -0500] "GET /BLA/resoluciones/RESOLUCIONES%202009/4563.pdf HTTP/1.1" 200 638481
201.245.192.253 - - [02/Oct/2015:01:20:49 -0500] "POST /forms/lservlet;jsessionid=ac16012b30d62e507505f2c64e898405c7619f87fb44.e3iSbxaKaheRe38Ka34Oa3eLbxf0n6jAmljGr5XDqQLvpAe HTTP/1.1" 200 2
66.249.64.106 - - [02/Oct/2015:01:20:52 -0500] "GET /BLA/boletinlegal/Circulares/2014/Circular%20No.%201%20del%2008%20de%20Mayo%20de%202014.pdf HTTP/1.1" 200 180124
66.249.64.106 - - [02/Oct/2015:01:21:08 -0500] "GET /BLA/resoluciones/RESOLUCIONES%202008/0008.pdf HTTP/1.1" 200 280715
66.249.64.96 - - [02/Oct/2015:01:21:24 -0500] "GET /BLA/resoluciones/RESOLUCIONES%202009/5532.pdf HTTP/1.1" 200 342272
66.249.64.101 - - [02/Oct/2015:01:21:39 -0500] "GET /BLA/resoluciones/RESOLUCIONES%202009/8639.pdf HTTP/1.1" 200 314477
66.249.64.101 - - [02/Oct/2015:01:21:42 -0500] "GET /BLA/resoluciones/AUTOS%202012/2170.pdf HTTP/1.1" 200 2516294
