66.249.64.101 - - [02/Oct/2015:06:27:04 -0500] "GET /BLA/resoluciones/RESOLUCIONES%202010/7054.pdf HTTP/1.1" 200 259887
66.249.64.96 - - [02/Oct/2015:06:27:14 -0500] "GET /BLA/resoluciones/RESOLUCIONES%202009/6191.pdf HTTP/1.1" 200 661736
66.249.64.106 - - [02/Oct/2015:06:27:24 -0500] "GET /BLA/resoluciones/RESOLUCIONES%202010/4318.pdf HTTP/1.1" 200 50020
201.245.192.253 - - [02/Oct/2015:06:27:28 -0500] "GET /galeria/nivo-slider/demo/demo.html HTTP/1.1" 304 -
201.245.192.253 - - [02/Oct/2015:06:27:30 -0500] "POST /forms/lservlet;jsessionid=ac16012b30d62e507505f2c64e898405c7619f87fb44.e3iSbxaKaheRe38Ka34Oa3eLbxf0n6jAmljGr5XDqQLvpAe HTTP/1.1" 200 2
201.245.192.253 - - [02/Oct/2015:06:27:32 -0500] "GET /galeria/nivo-slider/demo/images/La-SDA-se-suma-a-la-Gran-Movilizacion.jpg HTTP/1.1" 304 -
201.245.192.253 - - [02/Oct/2015:06:27:32 -0500] "GET /galeria/nivo-slider/demo/images/simulacro-nacional.jpg HTTP/1.1" 304 -
201.245.192.253 - - [02/Oct/2015:06:27:32 -0500] "GET /galeria/nivo-slider/demo/images/simulacro-busqueda-rescate-urbano.jpg HTTP/1.1" 304 -
201.245.192.253 - - [02/Oct/2015:06:27:32 -0500] "GET /galeria/nivo-slider/demo/images/Semana-PYBA.jpg HTTP/1.1" 304 -
201.245.192.253 - - [02/Oct/2015:06:27:33 -0500] "GET /galeria/nivo-slider/demo/images/Plan-Quinquenal.jpg HTTP/1.1" 304 -
66.249.64.101 - - [02/Oct/2015:06:27:34 -0500] "GET /BLA/resoluciones/AUTOS%202008/2679.pdf HTTP/1.1" 200 92156
74.86.158.107 - - [02/Oct/2015:06:27:41 -0500] "HEAD / HTTP/1.1" 200 -
66.249.64.96 - - [02/Oct/2015:06:27:44 -0500] "GET /BLA/resoluciones/AUTOS%202007/2579.pdf HTTP/1.1" 200 68665
66.249.64.106 - - [02/Oct/2015:06:27:55 -0500] "GET /BLA/resoluciones/AUTOS%202008/1776.pdf HTTP/1.1" 200 243866
66.249.64.101 - - [02/Oct/2015:06:28:01 -0500] "GET /BLA/resoluciones/AUTOS%202009/1914.pdf HTTP/1.1" 200 168530
66.249.64.106 - - [02/Oct/2015:06:28:05 -0500] "GET /BLA/resoluciones/RESOLUCIONES%202009/2199.pdf HTTP/1.1" 200 631932
66.249.64.106 - - [02/Oct/2015:06:28:15 -0500] "GET /BLA/resoluciones/AUTOS%202009/3427.pdf HTTP/1.1" 200 97210
66.249.64.106 - - [02/Oct/2015:06:28:25 -0500] "GET /BLA/resoluciones/RESOLUCIONES%202009/3073.pdf HTTP/1.1" 200 676395
66.249.64.96 - - [02/Oct/2015:06:28:34 -0500] "GET /BLA/boletinlegal/js/ajax_doctrina.js HTTP/1.1" 200 772
66.249.64.106 - - [02/Oct/2015:06:28:35 -0500] "GET /BLA/resoluciones/AUTOS%202008/3277.pdf HTTP/1.1" 200 55023
157.55.39.224 - - [02/Oct/2015:06:28:42 -0500] "GET /intervencion-vaticano/ HTTP/1.1" 301 346
207.46.13.1 - - [02/Oct/2015:06:28:45 -0500] "GET /galeria/galeria/fotos/9.jpg HTTP/1.1" 200 206239
66.249.64.106 - - [02/Oct/2015:06:28:45 -0500] "GET /BLA/resoluciones/AUTOS%202008/2830.pdf HTTP/1.1" 200 68529
66.249.64.101 - - [02/Oct/2015:06:28:56 -0500] "GET /BLA/resoluciones/AUTOS%202009/1321.pdf HTTP/1.1" 200 114900
66.249.64.96 - - [02/Oct/2015:06:29:06 -0500] "GET /BLA/resoluciones/RESOLUCIONES%202008/2169.pdf HTTP/1.1" 200 289628
66.249.64.96 - - [02/Oct/2015:06:29:16 -0500] "GET /BLA/resoluciones/AUTOS%202008/0867.pdf HTTP/1.1" 200 512400
66.249.64.96 - - [02/Oct/2015:06:29:26 -0500] "GET /BLA/resoluciones/RESOLUCIONES%202009/7340.pdf HTTP/1.1" 200 195219
201.245.192.253 - - [02/Oct/2015:06:29:30 -0500] "POST /forms/lservlet;jsessionid=ac16012b30d62e507505f2c64e898405c7619f87fb44.e3iSbxaKaheRe38Ka34Oa3eLbxf0n6jAmljGr5XDqQLvpAe HTTP/1.1" 200 2
181.48.61.182 - - [02/Oct/2015:06:29:31 -0500] "GET /BLA/boletinlegal/js/jquery.scrollShow.js HTTP/1.1" 200 4586
181.48.61.182 - - [02/Oct/2015:06:29:32 -0500] "GET /galeria/galeria/jquery.fancybox.js?v=2.1.5 HTTP/1.1" 200 48706
181.48.61.182 - - [02/Oct/2015:06:29:32 -0500] "GET /galeria/galeria/jquery.fancybox.css?v=2.1.5 HTTP/1.1" 200 4895
66.249.64.243 - - [02/Oct/2015:06:29:36 -0500] "GET /SIG/Gesti%C3%B3n%20de%20Recursos%20F%C3%ADsicos/126PA04-PR12.pdf HTTP/1.1" 200 98059
181.48.61.182 - - [02/Oct/2015:06:29:36 -0500] "GET /BLA/boletinlegal/js/jquery.scrollShow.js HTTP/1.1" 304 -
181.48.61.182 - - [02/Oct/2015:06:29:36 -0500] "GET /galeria/galeria/jquery.fancybox.js?v=2.1.5 HTTP/1.1" 304 -
181.48.61.182 - - [02/Oct/2015:06:29:36 -0500] "GET /galeria/galeria/jquery.fancybox.css?v=2.1.5 HTTP/1.1" 304 -
66.249.64.101 - - [02/Oct/2015:06:29:46 -0500] "GET /BLA/resoluciones/RESOLUCIONES%202007/RES%202007%201101%20AL%201200/RESOLUCION%201102%20DE%202007.pdf HTTP/1.1" 200 294638
66.249.64.96 - - [02/Oct/2015:06:29:56 -0500] "GET /BLA/resoluciones/AUTOS%202013/2194.pdf HTTP/1.1" 200 1070523
66.249.64.101 - - [02/Oct/2015:06:30:07 -0500] "GET /BLA/resoluciones/AUTOS%202008/3479.pdf HTTP/1.1" 200 88153
24.220.5.235 - - [02/Oct/2015:06:30:07 -0500] "GET /robots.txt HTTP/1.0" 404 1015
24.220.5.235 - - [02/Oct/2015:06:30:09 -0500] "GET /PruebasSTORM/Pruebas/?C=M;O=D HTTP/1.1" 200 772
24.220.5.235 - - [02/Oct/2015:06:30:13 -0500] "GET /PruebasSTORM/Pruebas/?C=S;O=D HTTP/1.1" 200 772
24.220.5.235 - - [02/Oct/2015:06:30:15 -0500] "GET /PruebasSTORM/StormSDA_pruebas/userFiles/user_files/formatos/36.xml HTTP/1.1" 200 5682
66.249.64.101 - - [02/Oct/2015:06:30:17 -0500] "GET /BLA/resoluciones/RESOLUCIONES%202009/5992.pdf HTTP/1.1" 200 297197
24.220.5.235 - - [02/Oct/2015:06:30:17 -0500] "GET /PruebasSTORM/StormSDA_pruebas/userFiles/user_files/formatos/38.xml HTTP/1.1" 200 4933
24.220.5.235 - - [02/Oct/2015:06:30:18 -0500] "GET /PruebasSTORM/StormSDA_pruebas/userFiles/user_files/formatos/4.xml HTTP/1.1" 200 1335
24.220.5.235 - - [02/Oct/2015:06:30:20 -0500] "GET /PruebasSTORM/StormSDA_pruebas/userFiles/user_files/formatos/40.xml HTTP/1.1" 200 4343
24.220.5.235 - - [02/Oct/2015:06:30:23 -0500] "GET /PruebasSTORM/StormSDA_pruebas/userFiles/user_files/formatos/41.xml HTTP/1.1" 200 3650
24.220.5.235 - - [02/Oct/2015:06:30:24 -0500] "GET /PruebasSTORM/StormSDA_pruebas/userFiles/user_files/formatos/43.xml HTTP/1.1" 200 11261
24.220.5.235 - - [02/Oct/2015:06:30:26 -0500] "GET /PruebasSTORM/StormSDA_pruebas/userFiles/user_files/formatos/44.xml HTTP/1.1" 200 16082
66.249.64.96 - - [02/Oct/2015:06:30:27 -0500] "GET /BLA/resoluciones/RESOLUCIONES%202008/3264.pdf HTTP/1.1" 200 279253
24.220.5.235 - - [02/Oct/2015:06:30:28 -0500] "GET /PruebasSTORM/StormSDA_pruebas/userFiles/user_files/formatos/45.xml HTTP/1.1" 200 4517
24.220.5.235 - - [02/Oct/2015:06:30:30 -0500] "GET /PruebasSTORM/StormSDA_pruebas/userFiles/user_files/formatos/46.xml HTTP/1.1" 200 8092
24.220.5.235 - - [02/Oct/2015:06:30:32 -0500] "GET /PruebasSTORM/StormSDA_pruebas/userFiles/user_files/formatos/48.xml HTTP/1.1" 200 1463
24.220.5.235 - - [02/Oct/2015:06:30:33 -0500] "GET /PruebasSTORM/StormSDA_pruebas/userFiles/user_files/formatos/5.xml HTTP/1.1" 200 7843
24.220.5.235 - - [02/Oct/2015:06:30:35 -0500] "GET /PruebasSTORM/StormSDA_pruebas/userFiles/user_files/formatos/54.xml HTTP/1.1" 200 32911
66.249.64.101 - - [02/Oct/2015:06:30:37 -0500] "GET /BLA/resoluciones/AUTOS%202014/6625.pdf HTTP/1.1" 200 140471
24.220.5.235 - - [02/Oct/2015:06:30:37 -0500] "GET /PruebasSTORM/StormSDA_pruebas/userFiles/user_files/formatos/57.xml HTTP/1.1" 200 243
66.249.64.106 - - [02/Oct/2015:06:30:38 -0500] "GET /BLA/resoluciones/RESOLUCIONES%202012/0314.pdf HTTP/1.1" 200 182424
24.220.5.235 - - [02/Oct/2015:06:30:39 -0500] "GET /PruebasSTORM/StormSDA_pruebas/userFiles/user_files/formatos/6.xml HTTP/1.1" 200 7915
24.220.5.235 - - [02/Oct/2015:06:30:42 -0500] "GET /PruebasSTORM/StormSDA_pruebas/userFiles/user_files/formatos/61.xml HTTP/1.1" 200 238
24.220.5.235 - - [02/Oct/2015:06:30:44 -0500] "GET /PruebasSTORM/StormSDA_pruebas/userFiles/user_files/formatos/63.xml HTTP/1.1" 200 242
24.220.5.235 - - [02/Oct/2015:06:30:45 -0500] "GET /PruebasSTORM/StormSDA_pruebas/userFiles/user_files/formatos/64.xml HTTP/1.1" 200 4423
24.220.5.235 - - [02/Oct/2015:06:30:47 -0500] "GET /PruebasSTORM/StormSDA_pruebas/userFiles/user_files/formatos/65.xml HTTP/1.1" 200 6791
66.249.64.96 - - [02/Oct/2015:06:30:47 -0500] "GET /BLA/resoluciones/AUTOS%202013/3560.pdf HTTP/1.1" 200 621952
24.220.5.235 - - [02/Oct/2015:06:30:49 -0500] "GET /PruebasSTORM/StormSDA_pruebas/userFiles/user_files/formatos/66.xml HTTP/1.1" 200 1463
24.220.5.235 - - [02/Oct/2015:06:30:50 -0500] "GET /PruebasSTORM/StormSDA_pruebas/userFiles/user_files/formatos/68.xml HTTP/1.1" 200 258
24.220.5.235 - - [02/Oct/2015:06:30:52 -0500] "GET /PruebasSTORM/StormSDA_pruebas/userFiles/user_files/formatos/7.xml HTTP/1.1" 200 6090
24.220.5.235 - - [02/Oct/2015:06:30:54 -0500] "GET /PruebasSTORM/StormSDA_pruebas/userFiles/user_files/formatos/70.xml HTTP/1.1" 200 52325
24.220.5.235 - - [02/Oct/2015:06:30:56 -0500] "GET /PruebasSTORM/StormSDA_pruebas/userFiles/user_files/formatos/71.xml HTTP/1.1" 200 121534
66.249.64.101 - - [02/Oct/2015:06:30:57 -0500] "GET /BLA/resoluciones/RESOLUCIONES%202010/6685.pdf HTTP/1.1" 200 608185
24.220.5.235 - - [02/Oct/2015:06:31:00 -0500] "GET /PruebasSTORM/StormSDA_pruebas/userFiles/user_files/formatos/72.xml HTTP/1.1" 200 30543
24.220.5.235 - - [02/Oct/2015:06:31:02 -0500] "GET /PruebasSTORM/StormSDA_pruebas/userFiles/user_files/formatos/73.xml HTTP/1.1" 200 48000
24.220.5.235 - - [02/Oct/2015:06:31:04 -0500] "GET /PruebasSTORM/StormSDA_pruebas/userFiles/user_files/formatos/74.xml HTTP/1.1" 200 2816
24.220.5.235 - - [02/Oct/2015:06:31:06 -0500] "GET /PruebasSTORM/StormSDA_pruebas/userFiles/user_files/formatos/75.xml HTTP/1.1" 200 2680
66.249.64.101 - - [02/Oct/2015:06:31:07 -0500] "GET /BLA/resoluciones/RESOLUCIONES%202008/5697.pdf HTTP/1.1" 200 234883
24.220.5.235 - - [02/Oct/2015:06:31:08 -0500] "GET /PruebasSTORM/StormSDA_pruebas/userFiles/user_files/formatos/76.xml HTTP/1.1" 200 238
24.220.5.235 - - [02/Oct/2015:06:31:09 -0500] "GET /PruebasSTORM/StormSDA_pruebas/userFiles/user_files/formatos/77.xml HTTP/1.1" 200 260
24.220.5.235 - - [02/Oct/2015:06:31:11 -0500] "GET /PruebasSTORM/StormSDA_pruebas/userFiles/user_files/formatos/78.xml HTTP/1.1" 200 255
24.220.5.235 - - [02/Oct/2015:06:31:12 -0500] "GET /PruebasSTORM/StormSDA_pruebas/userFiles/user_files/formatos/84.xml HTTP/1.1" 200 4448
24.220.5.235 - - [02/Oct/2015:06:31:14 -0500] "GET /PruebasSTORM/StormSDA_pruebas/userFiles/user_files/formatos/85.xml HTTP/1.1" 200 87572
24.220.5.235 - - [02/Oct/2015:06:31:17 -0500] "GET /PruebasSTORM/StormSDA_pruebas/userFiles/user_files/formatos/86.xml HTTP/1.1" 200 45459
24.220.5.235 - - [02/Oct/2015:06:31:21 -0500] "GET /PruebasSTORM/StormSDA_pruebas/userFiles/user_files/formatos/87.xml HTTP/1.1" 200 57524
24.220.5.235 - - [02/Oct/2015:06:31:24 -0500] "GET /PruebasSTORM/StormSDA_pruebas/userFiles/user_files/formatos/88.xml HTTP/1.1" 200 1252
24.220.5.235 - - [02/Oct/2015:06:31:25 -0500] "GET /PruebasSTORM/StormSDA_pruebas/userFiles/user_files/formulas/3/192.xml HTTP/1.1" 200 1026
24.220.5.235 - - [02/Oct/2015:06:31:27 -0500] "GET /PruebasSTORM/StormSDA_pruebas/userFiles/user_files/formulas/3/194.xml HTTP/1.1" 200 1026
66.249.64.106 - - [02/Oct/2015:06:31:28 -0500] "GET /BLA/resoluciones/AUTOS%202013/2400.pdf HTTP/1.1" 200 851917
24.220.5.235 - - [02/Oct/2015:06:31:29 -0500] "GET /PruebasSTORM/StormSDA_pruebas/userFiles/user_files/formulas/3/195.xml HTTP/1.1" 200 984
201.245.192.253 - - [02/Oct/2015:06:31:30 -0500] "POST /forms/lservlet;jsessionid=ac16012b30d62e507505f2c64e898405c7619f87fb44.e3iSbxaKaheRe38Ka34Oa3eLbxf0n6jAmljGr5XDqQLvpAe HTTP/1.1" 200 2
24.220.5.235 - - [02/Oct/2015:06:31:30 -0500] "GET /PruebasSTORM/StormSDA_pruebas/userFiles/user_files/formulas/3/196.xml HTTP/1.1" 200 986
24.220.5.235 - - [02/Oct/2015:06:31:32 -0500] "GET /PruebasSTORM/StormSDA_pruebas/userFiles/user_files/formulas/3/197.xml HTTP/1.1" 200 985
24.220.5.235 - - [02/Oct/2015:06:31:34 -0500] "GET /PruebasSTORM/StormSDA_pruebas/userFiles/user_files/formulas/3/198.xml HTTP/1.1" 200 978
24.220.5.235 - - [02/Oct/2015:06:31:35 -0500] "GET /PruebasSTORM/StormSDA_pruebas/userFiles/user_files/formulas/3/199.xml HTTP/1.1" 200 979
24.220.5.235 - - [02/Oct/2015:06:31:38 -0500] "GET /PruebasSTORM/StormSDA_pruebas/userFiles/user_files/formulas/3/20.xml HTTP/1.1" 200 1927
66.249.64.253 - - [02/Oct/2015:06:31:38 -0500] "GET /BLA/boletinlegal/Directivas/2012/Directiva%20No.%201%20del%2030%20de%20octubre%20de%202012.pdf HTTP/1.1" 200 1522771
186.103.248.247 - - [02/Oct/2015:06:31:42 -0500] "GET /galeria/galeria/jquery.fancybox.css?v=2.1.5 HTTP/1.1" 200 4895
186.103.248.247 - - [02/Oct/2015:06:31:42 -0500] "GET /BLA/boletinlegal/js/jquery.scrollShow.js HTTP/1.1" 200 4586
186.103.248.247 - - [02/Oct/2015:06:31:42 -0500] "GET /galeria/galeria/jquery.fancybox.js?v=2.1.5 HTTP/1.1" 200 48706
66.249.64.106 - - [02/Oct/2015:06:31:48 -0500] "GET /BLA/resoluciones/Notificaciones/AUTOS%202014/0291.doc HTTP/1.1" 200 224256
24.220.5.235 - - [02/Oct/2015:06:31:49 -0500] "GET /PruebasSTORM/StormSDA_pruebas/userFiles/user_files/formulas/3/200.xml HTTP/1.1" 200 979
24.220.5.235 - - [02/Oct/2015:06:31:51 -0500] "GET /PruebasSTORM/StormSDA_pruebas/userFiles/user_files/formulas/3/201.xml HTTP/1.1" 200 1138
24.220.5.235 - - [02/Oct/2015:06:31:52 -0500] "GET /PruebasSTORM/StormSDA_pruebas/userFiles/user_files/formulas/3/229.xml HTTP/1.1" 200 1153
24.220.5.235 - - [02/Oct/2015:06:31:54 -0500] "GET /PruebasSTORM/StormSDA_pruebas/userFiles/user_files/formulas/3/230.xml HTTP/1.1" 200 1153
180.76.15.28 - - [02/Oct/2015:06:31:55 -0500] "GET /BLA/boletinlegal/Circulares/2011/Circular%20No.%203%20del%2023%20de%20Junio%20de%202011.pdf HTTP/1.1" 200 1452758
24.220.5.235 - - [02/Oct/2015:06:31:55 -0500] "GET /PruebasSTORM/StormSDA_pruebas/userFiles/user_files/formulas/3/231.xml HTTP/1.1" 200 1153
24.220.5.235 - - [02/Oct/2015:06:31:57 -0500] "GET /PruebasSTORM/StormSDA_pruebas/userFiles/user_files/formulas/3/239.xml HTTP/1.1" 200 1861
66.249.64.96 - - [02/Oct/2015:06:31:58 -0500] "GET /BLA/resoluciones/AUTOS%202014/3144.pdf HTTP/1.1" 304 -
24.220.5.235 - - [02/Oct/2015:06:31:59 -0500] "GET /PruebasSTORM/StormSDA_pruebas/userFiles/user_files/formulas/3/240.xml HTTP/1.1" 200 1859
24.220.5.235 - - [02/Oct/2015:06:32:00 -0500] "GET /PruebasSTORM/StormSDA_pruebas/userFiles/user_files/formulas/3/241.xml HTTP/1.1" 200 1859
24.220.5.235 - - [02/Oct/2015:06:32:02 -0500] "GET /PruebasSTORM/StormSDA_pruebas/userFiles/user_files/formulas/3/245.xml HTTP/1.1" 200 790
24.220.5.235 - - [02/Oct/2015:06:32:04 -0500] "GET /PruebasSTORM/StormSDA_pruebas/userFiles/user_files/formulas/3/246.xml HTTP/1.1" 200 790
24.220.5.235 - - [02/Oct/2015:06:32:05 -0500] "GET /PruebasSTORM/StormSDA_pruebas/userFiles/user_files/formulas/3/248.xml HTTP/1.1" 200 782
186.103.248.247 - - [02/Oct/2015:06:32:00 -0500] "GET /videos/CRRFFS.mp4 HTTP/1.1" 200 286784363
186.103.248.247 - - [02/Oct/2015:06:32:07 -0500] "GET /galeria/galeria/jquery.fancybox.css?v=2.1.5 HTTP/1.1" 304 -
186.103.248.247 - - [02/Oct/2015:06:32:07 -0500] "GET /BLA/boletinlegal/js/jquery.scrollShow.js HTTP/1.1" 304 -
186.103.248.247 - - [02/Oct/2015:06:32:07 -0500] "GET /galeria/galeria/jquery.fancybox.js?v=2.1.5 HTTP/1.1" 304 -
24.220.5.235 - - [02/Oct/2015:06:32:08 -0500] "GET /PruebasSTORM/StormSDA_pruebas/userFiles/user_files/formulas/3/249.xml HTTP/1.1" 200 1107
66.249.64.96 - - [02/Oct/2015:06:32:08 -0500] "GET /BLA/resoluciones/AUTOS%202007/0916.pdf HTTP/1.1" 200 257731
24.220.5.235 - - [02/Oct/2015:06:32:11 -0500] "GET /PruebasSTORM/StormSDA_pruebas/userFiles/user_files/formulas/3/258.xml HTTP/1.1" 200 941
207.46.13.176 - - [02/Oct/2015:06:32:11 -0500] "GET /galeria/galeria/fotos/Humedal-Vaca2G.jpg HTTP/1.1" 200 279730
186.103.248.247 - - [02/Oct/2015:06:32:11 -0500] "GET /videos/CRRFFS.mp4 HTTP/1.1" 206 1
24.220.5.235 - - [02/Oct/2015:06:32:13 -0500] "GET /PruebasSTORM/StormSDA_pruebas/userFiles/user_files/formulas/3/259.xml HTTP/1.1" 200 942
24.220.5.235 - - [02/Oct/2015:06:32:15 -0500] "GET /PruebasSTORM/StormSDA_pruebas/userFiles/user_files/formulas/3/260.xml HTTP/1.1" 200 941
24.220.5.235 - - [02/Oct/2015:06:32:16 -0500] "GET /PruebasSTORM/StormSDA_pruebas/userFiles/user_files/formulas/3/261.xml HTTP/1.1" 200 936
24.220.5.235 - - [02/Oct/2015:06:32:18 -0500] "GET /PruebasSTORM/StormSDA_pruebas/userFiles/user_files/formulas/3/262.xml HTTP/1.1" 200 934
66.249.64.101 - - [02/Oct/2015:06:32:19 -0500] "GET /BLA/resoluciones/RESOLUCIONES%202007/RES%202007%201401%20AL%201500/RESOLUCION%201433%20DE%202007.pdf HTTP/1.1" 304 -
24.220.5.235 - - [02/Oct/2015:06:32:20 -0500] "GET /PruebasSTORM/StormSDA_pruebas/userFiles/user_files/formulas/3/263.xml HTTP/1.1" 200 944
24.220.5.235 - - [02/Oct/2015:06:32:22 -0500] "GET /PruebasSTORM/StormSDA_pruebas/userFiles/user_files/formulas/3/264.xml HTTP/1.1" 200 926
24.220.5.235 - - [02/Oct/2015:06:32:23 -0500] "GET /PruebasSTORM/StormSDA_pruebas/userFiles/user_files/formulas/3/265.xml HTTP/1.1" 200 677
24.220.5.235 - - [02/Oct/2015:06:32:25 -0500] "GET /PruebasSTORM/StormSDA_pruebas/userFiles/user_files/formulas/3/266.xml HTTP/1.1" 200 645
24.220.5.235 - - [02/Oct/2015:06:32:26 -0500] "GET /PruebasSTORM/StormSDA_pruebas/userFiles/user_files/formulas/3/267.xml HTTP/1.1" 200 808
24.220.5.235 - - [02/Oct/2015:06:32:28 -0500] "GET /PruebasSTORM/StormSDA_pruebas/userFiles/user_files/formulas/3/270.xml HTTP/1.1" 200 663
66.249.64.96 - - [02/Oct/2015:06:32:29 -0500] "GET /BLA/resoluciones/RESOLUCIONES%202014/2052.pdf HTTP/1.1" 304 -
24.220.5.235 - - [02/Oct/2015:06:32:30 -0500] "GET /PruebasSTORM/StormSDA_pruebas/userFiles/user_files/formulas/3/271.xml HTTP/1.1" 200 938
24.220.5.235 - - [02/Oct/2015:06:32:31 -0500] "GET /PruebasSTORM/StormSDA_pruebas/userFiles/user_files/formulas/3/272.xml HTTP/1.1" 200 922
24.220.5.235 - - [02/Oct/2015:06:32:33 -0500] "GET /PruebasSTORM/StormSDA_pruebas/userFiles/user_files/formulas/3/273.xml HTTP/1.1" 200 946
24.220.5.235 - - [02/Oct/2015:06:32:35 -0500] "GET /PruebasSTORM/StormSDA_pruebas/userFiles/user_files/formulas/3/274.xml HTTP/1.1" 200 970
24.220.5.235 - - [02/Oct/2015:06:32:36 -0500] "GET /PruebasSTORM/StormSDA_pruebas/userFiles/user_files/formulas/3/275.xml HTTP/1.1" 200 966
24.220.5.235 - - [02/Oct/2015:06:32:38 -0500] "GET /PruebasSTORM/StormSDA_pruebas/userFiles/user_files/formulas/3/276.xml HTTP/1.1" 200 943
207.46.13.1 - - [02/Oct/2015:06:32:38 -0500] "GET /galeria/galeria/fotos/GuaymaralTorca1G.jpg HTTP/1.1" 200 539636
66.249.64.96 - - [02/Oct/2015:06:32:39 -0500] "GET /BLA/resoluciones/RESOLUCIONES%202011/0124.pdf HTTP/1.1" 200 515931
24.220.5.235 - - [02/Oct/2015:06:32:40 -0500] "GET /PruebasSTORM/StormSDA_pruebas/userFiles/user_files/formulas/3/277.xml HTTP/1.1" 200 940
74.86.158.107 - - [02/Oct/2015:06:32:41 -0500] "HEAD / HTTP/1.1" 200 -
24.220.5.235 - - [02/Oct/2015:06:32:41 -0500] "GET /PruebasSTORM/StormSDA_pruebas/userFiles/user_files/formulas/3/294.xml HTTP/1.1" 200 788
24.220.5.235 - - [02/Oct/2015:06:32:43 -0500] "GET /PruebasSTORM/StormSDA_pruebas/userFiles/user_files/formulas/3/296.xml HTTP/1.1" 200 1902
190.252.229.80 - - [02/Oct/2015:06:32:43 -0500] "GET /galeria/galeria/jquery.fancybox.css?v=2.1.5 HTTP/1.1" 200 4895
190.252.229.80 - - [02/Oct/2015:06:32:43 -0500] "GET /BLA/boletinlegal/js/jquery.scrollShow.js HTTP/1.1" 200 4586
190.252.229.80 - - [02/Oct/2015:06:32:43 -0500] "GET /galeria/galeria/jquery.fancybox.js?v=2.1.5 HTTP/1.1" 200 48706
24.220.5.235 - - [02/Oct/2015:06:32:45 -0500] "GET /PruebasSTORM/StormSDA_pruebas/userFiles/user_files/formulas/3/298.xml HTTP/1.1" 200 1140
186.103.248.247 - - [02/Oct/2015:06:32:12 -0500] "GET /videos/CRRFFS.mp4 HTTP/1.1" 206 285341755
24.220.5.235 - - [02/Oct/2015:06:32:46 -0500] "GET /PruebasSTORM/StormSDA_pruebas/userFiles/user_files/formulas/3/299.xml HTTP/1.1" 200 1137
24.220.5.235 - - [02/Oct/2015:06:32:48 -0500] "GET /PruebasSTORM/StormSDA_pruebas/userFiles/user_files/formulas/3/300.xml HTTP/1.1" 200 1159
66.249.64.96 - - [02/Oct/2015:06:32:49 -0500] "GET /BLA/resoluciones/RESOLUCIONES%202009/5870.pdf HTTP/1.1" 200 526129
24.220.5.235 - - [02/Oct/2015:06:32:49 -0500] "GET /PruebasSTORM/StormSDA_pruebas/userFiles/user_files/formulas/3/301.xml HTTP/1.1" 200 1884
24.220.5.235 - - [02/Oct/2015:06:32:51 -0500] "GET /PruebasSTORM/StormSDA_pruebas/userFiles/user_files/formulas/3/302.xml HTTP/1.1" 200 831
190.252.229.80 - - [02/Oct/2015:06:32:52 -0500] "GET /BLA/boletinlegal/js/jquery.scrollShow.js HTTP/1.1" 304 -
190.252.229.80 - - [02/Oct/2015:06:32:52 -0500] "GET /galeria/galeria/jquery.fancybox.js?v=2.1.5 HTTP/1.1" 304 -
190.252.229.80 - - [02/Oct/2015:06:32:52 -0500] "GET /galeria/galeria/jquery.fancybox.css?v=2.1.5 HTTP/1.1" 304 -
24.220.5.235 - - [02/Oct/2015:06:32:52 -0500] "GET /PruebasSTORM/StormSDA_pruebas/userFiles/user_files/formulas/3/303.xml HTTP/1.1" 200 780
24.220.5.235 - - [02/Oct/2015:06:32:55 -0500] "GET /PruebasSTORM/StormSDA_pruebas/userFiles/user_files/formulas/3/305.xml HTTP/1.1" 200 819
157.55.39.226 - - [02/Oct/2015:06:32:56 -0500] "GET /galeria/galeria/fotos/mirador3G.jpg HTTP/1.1" 200 131992
24.220.5.235 - - [02/Oct/2015:06:32:57 -0500] "GET /PruebasSTORM/StormSDA_pruebas/userFiles/user_files/formulas/3/306.xml HTTP/1.1" 200 781
24.220.5.235 - - [02/Oct/2015:06:32:58 -0500] "GET /PruebasSTORM/StormSDA_pruebas/userFiles/user_files/formulas/3/307.xml HTTP/1.1" 200 783
157.55.39.226 - - [02/Oct/2015:06:32:58 -0500] "GET /galeria/galeria/fotos/Humedal-techo3G.jpg HTTP/1.1" 200 378344
66.249.64.106 - - [02/Oct/2015:06:32:59 -0500] "GET /BLA/resoluciones/RESOLUCIONES%202009/6487.pdf HTTP/1.1" 200 472904
24.220.5.235 - - [02/Oct/2015:06:33:00 -0500] "GET /PruebasSTORM/StormSDA_pruebas/userFiles/user_files/formulas/3/308.xml HTTP/1.1" 200 919
24.220.5.235 - - [02/Oct/2015:06:33:02 -0500] "GET /PruebasSTORM/StormSDA_pruebas/userFiles/user_files/formulas/3/309.xml HTTP/1.1" 200 921
24.220.5.235 - - [02/Oct/2015:06:33:03 -0500] "GET /PruebasSTORM/StormSDA_pruebas/userFiles/user_files/formulas/3/310.xml HTTP/1.1" 200 915
24.220.5.235 - - [02/Oct/2015:06:33:05 -0500] "GET /PruebasSTORM/StormSDA_pruebas/userFiles/user_files/formulas/3/312.xml HTTP/1.1" 200 922
24.220.5.235 - - [02/Oct/2015:06:33:07 -0500] "GET /PruebasSTORM/StormSDA_pruebas/userFiles/user_files/formulas/3/313.xml HTTP/1.1" 200 1164
24.220.5.235 - - [02/Oct/2015:06:33:08 -0500] "GET /PruebasSTORM/StormSDA_pruebas/userFiles/user_files/formulas/3/314.xml HTTP/1.1" 200 1164
66.249.64.106 - - [02/Oct/2015:06:33:09 -0500] "GET /BLA/resoluciones/RESOLUCIONES%202008/5038.pdf HTTP/1.1" 200 240571
24.220.5.235 - - [02/Oct/2015:06:33:10 -0500] "GET /PruebasSTORM/StormSDA_pruebas/userFiles/user_files/formulas/3/315.xml HTTP/1.1" 200 1164
24.220.5.235 - - [02/Oct/2015:06:33:12 -0500] "GET /PruebasSTORM/StormSDA_pruebas/userFiles/user_files/formulas/3/316.xml HTTP/1.1" 200 1164
66.249.64.96 - - [02/Oct/2015:06:33:13 -0500] "GET /BLA/resoluciones/RESOLUCIONES%202010/2259.pdf HTTP/1.1" 200 688049
24.220.5.235 - - [02/Oct/2015:06:33:13 -0500] "GET /PruebasSTORM/StormSDA_pruebas/userFiles/user_files/formulas/3/317.xml HTTP/1.1" 200 1165
24.220.5.235 - - [02/Oct/2015:06:33:14 -0500] "GET /PruebasSTORM/StormSDA_pruebas/userFiles/user_files/formulas/3/318.xml HTTP/1.1" 200 1166
24.220.5.235 - - [02/Oct/2015:06:33:16 -0500] "GET /PruebasSTORM/StormSDA_pruebas/userFiles/user_files/formulas/3/319.xml HTTP/1.1" 200 1166
24.220.5.235 - - [02/Oct/2015:06:33:18 -0500] "GET /PruebasSTORM/StormSDA_pruebas/userFiles/user_files/formulas/3/320.xml HTTP/1.1" 200 1166
24.220.5.235 - - [02/Oct/2015:06:33:19 -0500] "GET /PruebasSTORM/StormSDA_pruebas/userFiles/user_files/formulas/3/321.xml HTTP/1.1" 200 1166
66.249.64.101 - - [02/Oct/2015:06:33:19 -0500] "GET /BLA/resoluciones/RESOLUCIONES%202014/1892.pdf HTTP/1.1" 200 783016
24.220.5.235 - - [02/Oct/2015:06:33:21 -0500] "GET /PruebasSTORM/StormSDA_pruebas/userFiles/user_files/formulas/3/322.xml HTTP/1.1" 200 1169
24.220.5.235 - - [02/Oct/2015:06:33:22 -0500] "GET /PruebasSTORM/StormSDA_pruebas/userFiles/user_files/formulas/3/323.xml HTTP/1.1" 200 1169
24.220.5.235 - - [02/Oct/2015:06:33:24 -0500] "GET /PruebasSTORM/StormSDA_pruebas/userFiles/user_files/formulas/3/324.xml HTTP/1.1" 200 1169
24.220.5.235 - - [02/Oct/2015:06:33:25 -0500] "GET /PruebasSTORM/StormSDA_pruebas/userFiles/user_files/formulas/3/325.xml HTTP/1.1" 200 1169
24.220.5.235 - - [02/Oct/2015:06:33:27 -0500] "GET /PruebasSTORM/StormSDA_pruebas/userFiles/user_files/formulas/3/326.xml HTTP/1.1" 200 1169
24.220.5.235 - - [02/Oct/2015:06:33:29 -0500] "GET /PruebasSTORM/StormSDA_pruebas/userFiles/user_files/formulas/3/327.xml HTTP/1.1" 200 1169
66.249.64.96 - - [02/Oct/2015:06:33:30 -0500] "GET /BLA/resoluciones/RESOLUCIONES%202007/RES%202007%202301%20AL%202400/RESOLUCION%202313%20DE%202007.pdf HTTP/1.1" 304 -
24.220.5.235 - - [02/Oct/2015:06:33:30 -0500] "GET /PruebasSTORM/StormSDA_pruebas/userFiles/user_files/formulas/3/328.xml HTTP/1.1" 200 1169
201.245.192.253 - - [02/Oct/2015:06:33:30 -0500] "POST /forms/lservlet;jsessionid=ac16012b30d62e507505f2c64e898405c7619f87fb44.e3iSbxaKaheRe38Ka34Oa3eLbxf0n6jAmljGr5XDqQLvpAe HTTP/1.1" 200 2
24.220.5.235 - - [02/Oct/2015:06:33:32 -0500] "GET /PruebasSTORM/StormSDA_pruebas/userFiles/user_files/formulas/3/329.xml HTTP/1.1" 200 1169
24.220.5.235 - - [02/Oct/2015:06:33:33 -0500] "GET /PruebasSTORM/StormSDA_pruebas/userFiles/user_files/formulas/3/33.xml HTTP/1.1" 200 984
24.220.5.235 - - [02/Oct/2015:06:33:36 -0500] "GET /PruebasSTORM/StormSDA_pruebas/userFiles/user_files/formulas/3/330.xml HTTP/1.1" 200 1169
24.220.5.235 - - [02/Oct/2015:06:33:37 -0500] "GET /PruebasSTORM/StormSDA_pruebas/userFiles/user_files/formulas/3/331.xml HTTP/1.1" 200 850
24.220.5.235 - - [02/Oct/2015:06:33:39 -0500] "GET /PruebasSTORM/StormSDA_pruebas/userFiles/user_files/formulas/3/332.xml HTTP/1.1" 200 856
66.249.64.96 - - [02/Oct/2015:06:33:40 -0500] "GET /BLA/resoluciones/AUTOS%202008/2801.pdf HTTP/1.1" 200 102653
24.220.5.235 - - [02/Oct/2015:06:33:40 -0500] "GET /PruebasSTORM/StormSDA_pruebas/userFiles/user_files/formulas/3/333.xml HTTP/1.1" 200 895
24.220.5.235 - - [02/Oct/2015:06:33:42 -0500] "GET /PruebasSTORM/StormSDA_pruebas/userFiles/user_files/formulas/3/334.xml HTTP/1.1" 200 843
24.220.5.235 - - [02/Oct/2015:06:33:44 -0500] "GET /PruebasSTORM/StormSDA_pruebas/userFiles/user_files/formulas/3/335.xml HTTP/1.1" 200 853
24.220.5.235 - - [02/Oct/2015:06:33:45 -0500] "GET /PruebasSTORM/StormSDA_pruebas/userFiles/user_files/formulas/3/336.xml HTTP/1.1" 200 863
24.220.5.235 - - [02/Oct/2015:06:33:47 -0500] "GET /PruebasSTORM/StormSDA_pruebas/userFiles/user_files/formulas/3/337.xml HTTP/1.1" 200 859
24.220.5.235 - - [02/Oct/2015:06:33:48 -0500] "GET /PruebasSTORM/StormSDA_pruebas/userFiles/user_files/formulas/3/338.xml HTTP/1.1" 200 857
24.220.5.235 - - [02/Oct/2015:06:33:50 -0500] "GET /PruebasSTORM/StormSDA_pruebas/userFiles/user_files/formulas/3/339.xml HTTP/1.1" 200 861
66.249.64.101 - - [02/Oct/2015:06:33:50 -0500] "GET /BLA/resoluciones/RESOLUCIONES%202009/3057.pdf HTTP/1.1" 200 517149
24.220.5.235 - - [02/Oct/2015:06:33:51 -0500] "GET /PruebasSTORM/StormSDA_pruebas/userFiles/user_files/formulas/3/34.xml HTTP/1.1" 200 979
24.220.5.235 - - [02/Oct/2015:06:33:53 -0500] "GET /PruebasSTORM/StormSDA_pruebas/userFiles/user_files/formulas/3/340.xml HTTP/1.1" 200 849
24.220.5.235 - - [02/Oct/2015:06:33:54 -0500] "GET /PruebasSTORM/StormSDA_pruebas/userFiles/user_files/formulas/3/341.xml HTTP/1.1" 200 853
24.220.5.235 - - [02/Oct/2015:06:33:56 -0500] "GET /PruebasSTORM/StormSDA_pruebas/userFiles/user_files/formulas/3/342.xml HTTP/1.1" 200 853
24.220.5.235 - - [02/Oct/2015:06:33:57 -0500] "GET /PruebasSTORM/StormSDA_pruebas/userFiles/user_files/formulas/3/343.xml HTTP/1.1" 200 853
24.220.5.235 - - [02/Oct/2015:06:33:59 -0500] "GET /PruebasSTORM/StormSDA_pruebas/userFiles/user_files/formulas/3/344.xml HTTP/1.1" 200 857
66.249.64.101 - - [02/Oct/2015:06:34:00 -0500] "GET /BLA/resoluciones/AUTOS%202012/1646.pdf HTTP/1.1" 304 -
24.220.5.235 - - [02/Oct/2015:06:34:00 -0500] "GET /PruebasSTORM/StormSDA_pruebas/userFiles/user_files/formulas/3/345.xml HTTP/1.1" 200 862
24.220.5.235 - - [02/Oct/2015:06:34:02 -0500] "GET /PruebasSTORM/StormSDA_pruebas/userFiles/user_files/formulas/3/346.xml HTTP/1.1" 200 865
24.220.5.235 - - [02/Oct/2015:06:34:03 -0500] "GET /PruebasSTORM/StormSDA_pruebas/userFiles/user_files/formulas/3/347.xml HTTP/1.1" 200 859
24.220.5.235 - - [02/Oct/2015:06:34:05 -0500] "GET /PruebasSTORM/StormSDA_pruebas/userFiles/user_files/formulas/3/348.xml HTTP/1.1" 200 863
24.220.5.235 - - [02/Oct/2015:06:34:06 -0500] "GET /PruebasSTORM/StormSDA_pruebas/userFiles/user_files/formulas/3/349.xml HTTP/1.1" 200 1866
24.220.5.235 - - [02/Oct/2015:06:34:08 -0500] "GET /PruebasSTORM/StormSDA_pruebas/userFiles/user_files/formulas/3/35.xml HTTP/1.1" 200 988
24.220.5.235 - - [02/Oct/2015:06:34:10 -0500] "GET /PruebasSTORM/StormSDA_pruebas/userFiles/user_files/formulas/3/351.xml HTTP/1.1" 200 862
66.249.64.101 - - [02/Oct/2015:06:34:10 -0500] "GET /BLA/resoluciones/AUTOS%202008/1439.pdf HTTP/1.1" 200 168331
24.220.5.235 - - [02/Oct/2015:06:34:11 -0500] "GET /PruebasSTORM/StormSDA_pruebas/userFiles/user_files/formulas/3/352.xml HTTP/1.1" 200 863
24.220.5.235 - - [02/Oct/2015:06:34:12 -0500] "GET /PruebasSTORM/StormSDA_pruebas/userFiles/user_files/formulas/3/353.xml HTTP/1.1" 200 863
24.220.5.235 - - [02/Oct/2015:06:34:14 -0500] "GET /PruebasSTORM/StormSDA_pruebas/userFiles/user_files/formulas/3/354.xml HTTP/1.1" 200 863
24.220.5.235 - - [02/Oct/2015:06:34:16 -0500] "GET /PruebasSTORM/StormSDA_pruebas/userFiles/user_files/formulas/3/356.xml HTTP/1.1" 200 873
24.220.5.235 - - [02/Oct/2015:06:34:17 -0500] "GET /PruebasSTORM/StormSDA_pruebas/userFiles/user_files/formulas/3/357.xml HTTP/1.1" 200 865
24.220.5.235 - - [02/Oct/2015:06:34:19 -0500] "GET /PruebasSTORM/StormSDA_pruebas/userFiles/user_files/formulas/3/358.xml HTTP/1.1" 200 887
24.220.5.235 - - [02/Oct/2015:06:34:20 -0500] "GET /PruebasSTORM/StormSDA_pruebas/userFiles/user_files/formulas/3/359.xml HTTP/1.1" 200 887
66.249.64.101 - - [02/Oct/2015:06:34:20 -0500] "GET /BLA/resoluciones/RESOLUCIONES%202010/0571.pdf HTTP/1.1" 304 -
24.220.5.235 - - [02/Oct/2015:06:34:22 -0500] "GET /PruebasSTORM/StormSDA_pruebas/userFiles/user_files/formulas/3/36.xml HTTP/1.1" 200 968
24.220.5.235 - - [02/Oct/2015:06:34:23 -0500] "GET /PruebasSTORM/StormSDA_pruebas/userFiles/user_files/formulas/3/360.xml HTTP/1.1" 200 871
24.220.5.235 - - [02/Oct/2015:06:34:25 -0500] "GET /PruebasSTORM/StormSDA_pruebas/userFiles/user_files/formulas/3/361.xml HTTP/1.1" 200 867
24.220.5.235 - - [02/Oct/2015:06:34:27 -0500] "GET /PruebasSTORM/StormSDA_pruebas/userFiles/user_files/formulas/3/362.xml HTTP/1.1" 200 865
24.220.5.235 - - [02/Oct/2015:06:34:28 -0500] "GET /PruebasSTORM/StormSDA_pruebas/userFiles/user_files/formulas/3/363.xml HTTP/1.1" 200 861
181.61.9.19 - - [02/Oct/2015:06:34:29 -0500] "GET /BLA/boletinlegal/js/jquery.scrollShow.js HTTP/1.1" 200 4586
181.61.9.19 - - [02/Oct/2015:06:34:29 -0500] "GET /galeria/galeria/jquery.fancybox.css?v=2.1.5 HTTP/1.1" 200 4895
181.61.9.19 - - [02/Oct/2015:06:34:29 -0500] "GET /galeria/galeria/jquery.fancybox.js?v=2.1.5 HTTP/1.1" 200 48706
24.220.5.235 - - [02/Oct/2015:06:34:30 -0500] "GET /PruebasSTORM/StormSDA_pruebas/userFiles/user_files/formulas/3/364.xml HTTP/1.1" 200 873
66.249.64.106 - - [02/Oct/2015:06:34:30 -0500] "GET /BLA/resoluciones/RESOLUCIONES%202007/RES%202007%203701%20AL%203800/RESOLUCION%203734%20DE%202007.pdf HTTP/1.1" 200 517372
24.220.5.235 - - [02/Oct/2015:06:34:31 -0500] "GET /PruebasSTORM/StormSDA_pruebas/userFiles/user_files/formulas/3/365.xml HTTP/1.1" 200 873
24.220.5.235 - - [02/Oct/2015:06:34:33 -0500] "GET /PruebasSTORM/StormSDA_pruebas/userFiles/user_files/formulas/3/366.xml HTTP/1.1" 200 881
24.220.5.235 - - [02/Oct/2015:06:34:34 -0500] "GET /PruebasSTORM/StormSDA_pruebas/userFiles/user_files/formulas/3/367.xml HTTP/1.1" 200 849
24.220.5.235 - - [02/Oct/2015:06:34:36 -0500] "GET /PruebasSTORM/StormSDA_pruebas/userFiles/user_files/formulas/3/368.xml HTTP/1.1" 200 867
24.220.5.235 - - [02/Oct/2015:06:34:38 -0500] "GET /PruebasSTORM/StormSDA_pruebas/userFiles/user_files/formulas/3/369.xml HTTP/1.1" 200 873
24.220.5.235 - - [02/Oct/2015:06:34:39 -0500] "GET /PruebasSTORM/StormSDA_pruebas/userFiles/user_files/formulas/3/37.xml HTTP/1.1" 200 978
66.249.64.96 - - [02/Oct/2015:06:34:41 -0500] "GET /BLA/resoluciones/RESOLUCIONES%202007/RES%202007%202201%20AL%202300/RESOLUCION%20222_%20DE%202007.pdf HTTP/1.1" 304 -
24.220.5.235 - - [02/Oct/2015:06:34:41 -0500] "GET /PruebasSTORM/StormSDA_pruebas/userFiles/user_files/formulas/3/463.xml HTTP/1.1" 200 1737
24.220.5.235 - - [02/Oct/2015:06:34:42 -0500] "GET /PruebasSTORM/silvicultura2Pruebas/?C=M;O=D HTTP/1.1" 200 1231
24.220.5.235 - - [02/Oct/2015:06:34:44 -0500] "GET /PruebasSTORM/silvicultura2Pruebas/?C=S;O=D HTTP/1.1" 200 1231
24.220.5.235 - - [02/Oct/2015:06:34:45 -0500] "GET /galeria/carrusel/Carrusel/?C=M;O=D HTTP/1.1" 200 2896
24.220.5.235 - - [02/Oct/2015:06:34:47 -0500] "GET /galeria/galeria/helpers/?C=N;O=A HTTP/1.1" 200 2161
24.220.5.235 - - [02/Oct/2015:06:34:48 -0500] "GET /galeria/nivo-slider/?C=N;O=A HTTP/1.1" 200 2703
24.220.5.235 - - [02/Oct/2015:06:34:50 -0500] "GET /robots.txt HTTP/1.0" 404 1019
66.249.64.106 - - [02/Oct/2015:06:34:51 -0500] "GET /BLA/resoluciones/RESOLUCIONES%202010/0222.pdf HTTP/1.1" 304 -
24.220.5.235 - - [02/Oct/2015:06:34:52 -0500] "GET /PruebasSTORM/StormSDA_pruebas/forms/?C=N;O=A HTTP/1.1" 200 3538
24.220.5.235 - - [02/Oct/2015:06:34:53 -0500] "GET /PruebasSTORM/StormSDA_pruebas/userFiles/user_files/86/?C=D;O=A HTTP/1.1" 200 1756
24.220.5.235 - - [02/Oct/2015:06:34:55 -0500] "GET /PruebasSTORM/StormSDA_pruebas/userFiles/user_files/86/?C=M;O=A HTTP/1.1" 200 1756
24.220.5.235 - - [02/Oct/2015:06:34:56 -0500] "GET /PruebasSTORM/StormSDA_pruebas/userFiles/user_files/86/?C=N;O=A HTTP/1.1" 200 1756
24.220.5.235 - - [02/Oct/2015:06:34:58 -0500] "GET /PruebasSTORM/StormSDA_pruebas/userFiles/user_files/90/?C=N;O=A HTTP/1.1" 200 1756
24.220.5.235 - - [02/Oct/2015:06:34:59 -0500] "GET /PruebasSTORM/StormSDA_pruebas/userFiles/user_files/90/?C=S;O=A HTTP/1.1" 200 1756
24.220.5.235 - - [02/Oct/2015:06:35:01 -0500] "GET /PruebasSTORM/StormSDA_pruebas/userFiles/user_files/90/asocia.xml HTTP/1.1" 200 5183
66.249.64.96 - - [02/Oct/2015:06:35:01 -0500] "GET /BLA/resoluciones/RESOLUCIONES%202009/1111.pdf HTTP/1.1" 200 714162
181.48.61.182 - - [02/Oct/2015:06:35:02 -0500] "GET /BLA/boletinlegal/js/jquery.scrollShow.js HTTP/1.1" 304 -
181.48.61.182 - - [02/Oct/2015:06:35:03 -0500] "GET /galeria/galeria/jquery.fancybox.js?v=2.1.5 HTTP/1.1" 304 -
181.48.61.182 - - [02/Oct/2015:06:35:03 -0500] "GET /galeria/galeria/jquery.fancybox.css?v=2.1.5 HTTP/1.1" 304 -
24.220.5.235 - - [02/Oct/2015:06:35:07 -0500] "GET /PruebasSTORM/StormSDA_pruebas/userFiles/user_files/90/asociaFormula.xml HTTP/1.1" 200 54334
24.220.5.235 - - [02/Oct/2015:06:35:09 -0500] "GET /PruebasSTORM/StormSDA_pruebas/userFiles/user_files/90/desasocia.xml HTTP/1.1" 200 58
24.220.5.235 - - [02/Oct/2015:06:35:11 -0500] "GET /PruebasSTORM/StormSDA_pruebas/userFiles/user_files/90/desasociaFormula.xml HTTP/1.1" 200 58
66.249.64.101 - - [02/Oct/2015:06:35:11 -0500] "GET /BLA/resoluciones/RESOLUCIONES%202007/RES%202007%201101%20AL%201200/RESOLUCION%201176%20DE%202007.pdf HTTP/1.1" 304 -
66.249.64.101 - - [02/Oct/2015:06:35:21 -0500] "GET /BLA/resoluciones/RESOLUCIONES%202009/1407.pdf HTTP/1.1" 304 -
201.245.192.253 - - [02/Oct/2015:06:35:31 -0500] "POST /forms/lservlet;jsessionid=ac16012b30d62e507505f2c64e898405c7619f87fb44.e3iSbxaKaheRe38Ka34Oa3eLbxf0n6jAmljGr5XDqQLvpAe HTTP/1.1" 200 2
66.249.64.96 - - [02/Oct/2015:06:35:31 -0500] "GET /BLA/resoluciones/AUTOS%202010/5467.pdf HTTP/1.1" 304 -
66.249.64.106 - - [02/Oct/2015:06:35:42 -0500] "GET /BLA/resoluciones/RESOLUCIONES%202007/RES%202007%20601%20AL%20700/RESOLUCION%200683%20DE%202007.pdf HTTP/1.1" 304 -
66.249.64.96 - - [02/Oct/2015:06:35:47 -0500] "GET /BLA/resoluciones/AUTOS%202009/2297.pdf HTTP/1.1" 200 137520
66.249.64.101 - - [02/Oct/2015:06:35:52 -0500] "GET /BLA/resoluciones/RESOLUCIONES%202012/1588.pdf HTTP/1.1" 304 -
66.249.64.106 - - [02/Oct/2015:06:36:02 -0500] "GET /BLA/resoluciones/RESOLUCIONES%202014/0964.pdf HTTP/1.1" 304 -
66.249.64.101 - - [02/Oct/2015:06:36:12 -0500] "GET /BLA/resoluciones/RESOLUCIONES%202009/9832.pdf HTTP/1.1" 304 -
66.249.64.106 - - [02/Oct/2015:06:36:22 -0500] "GET /BLA/resoluciones/AUTOS%202008/0234.pdf HTTP/1.1" 304 -
66.249.64.101 - - [02/Oct/2015:06:36:32 -0500] "GET /BLA/resoluciones/AUTOS%202011/1964.pdf HTTP/1.1" 304 -
66.249.64.96 - - [02/Oct/2015:06:36:42 -0500] "GET /BLA/resoluciones/RESOLUCIONES%202011/0382.pdf HTTP/1.1" 304 -
181.156.87.107 - - [02/Oct/2015:06:36:44 -0500] "GET /BLA/boletinlegal/js/jquery.scrollShow.js HTTP/1.1" 200 4586
181.49.188.4 - - [02/Oct/2015:06:37:02 -0500] "GET /BLA/boletinlegal/js/jquery.scrollShow.js HTTP/1.1" 304 -
181.49.188.4 - - [02/Oct/2015:06:37:02 -0500] "GET /galeria/galeria/jquery.fancybox.css?v=2.1.5 HTTP/1.1" 200 4895
181.49.188.4 - - [02/Oct/2015:06:37:02 -0500] "GET /galeria/galeria/jquery.fancybox.js?v=2.1.5 HTTP/1.1" 200 48706
66.249.64.96 - - [02/Oct/2015:06:37:03 -0500] "GET /BLA/resoluciones/AUTOS%202008/3225.pdf HTTP/1.1" 200 56447
181.156.87.107 - - [02/Oct/2015:06:37:05 -0500] "GET /BLA/boletinlegal/js/jquery.scrollShow.js HTTP/1.1" 304 -
181.156.87.107 - - [02/Oct/2015:06:37:05 -0500] "GET /galeria/galeria/jquery.fancybox.js?v=2.1.5 HTTP/1.1" 304 -
181.156.87.107 - - [02/Oct/2015:06:37:05 -0500] "GET /galeria/galeria/jquery.fancybox.css?v=2.1.5 HTTP/1.1" 304 -
66.249.64.96 - - [02/Oct/2015:06:37:13 -0500] "GET /BLA/resoluciones/RESOLUCIONES%202010/7253.pdf HTTP/1.1" 304 -
181.49.188.4 - - [02/Oct/2015:06:37:13 -0500] "GET /videos/CRRFFS.mp4 HTTP/1.1" 200 286784363
66.249.64.96 - - [02/Oct/2015:06:37:23 -0500] "GET /BLA/resoluciones/AUTOS%202010/6936.pdf HTTP/1.1" 304 -
207.46.13.176 - - [02/Oct/2015:06:37:24 -0500] "GET /galeria/galeria/fotos/Humedal-la-Isla1G.jpg HTTP/1.1" 200 216243
201.245.192.253 - - [02/Oct/2015:06:37:31 -0500] "POST /forms/lservlet;jsessionid=ac16012b30d62e507505f2c64e898405c7619f87fb44.e3iSbxaKaheRe38Ka34Oa3eLbxf0n6jAmljGr5XDqQLvpAe HTTP/1.1" 200 2
66.249.64.243 - - [02/Oct/2015:06:37:33 -0500] "GET /BLA/boletinlegal/jurisprudencia/analisis/Analisis%20Sentencia%20T-1077,%202%20corregida.doc HTTP/1.1" 304 -
74.86.158.107 - - [02/Oct/2015:06:37:41 -0500] "HEAD / HTTP/1.1" 200 -
66.249.64.253 - - [02/Oct/2015:06:38:04 -0500] "GET / HTTP/1.1" 200 10190
207.46.13.176 - - [02/Oct/2015:06:38:17 -0500] "GET /galeria/galeria/fotos/Humedal-Tibanica3G.jpg HTTP/1.1" 200 428565
66.249.64.101 - - [02/Oct/2015:06:38:23 -0500] "GET /BLA/resoluciones/AUTOS%202014/5726.pdf HTTP/1.1" 200 519618
66.249.64.96 - - [02/Oct/2015:06:38:24 -0500] "GET /BLA/resoluciones/RESOLUCIONES%202010/5722.pdf HTTP/1.1" 304 -
66.249.64.248 - - [02/Oct/2015:06:38:34 -0500] "GET /BLA/ HTTP/1.1" 200 538
66.249.64.101 - - [02/Oct/2015:06:38:54 -0500] "GET /BLA/resoluciones/AUTOS%202007/2188.pdf HTTP/1.1" 200 180464
66.249.64.101 - - [02/Oct/2015:06:39:04 -0500] "GET /BLA/resoluciones/AUTOS%202007/3470.pdf HTTP/1.1" 200 72613
66.249.64.106 - - [02/Oct/2015:06:39:15 -0500] "GET /BLA/resoluciones/AUTOS%202007/2406.pdf HTTP/1.1" 200 68652
66.249.64.106 - - [02/Oct/2015:06:39:25 -0500] "GET /BLA/resoluciones/AUTOS%202007/3274.pdf HTTP/1.1" 200 268489
62.189.9.200 - - [02/Oct/2015:06:39:25 -0500] "GET /galeria/galeria/jquery.fancybox.css?v=2.1.5 HTTP/1.1" 200 4895
62.189.9.200 - - [02/Oct/2015:06:39:25 -0500] "GET /galeria/galeria/jquery.fancybox.js?v=2.1.5 HTTP/1.1" 200 48706
62.189.9.200 - - [02/Oct/2015:06:39:25 -0500] "GET /BLA/boletinlegal/js/jquery.scrollShow.js HTTP/1.1" 200 4586
201.245.192.253 - - [02/Oct/2015:06:39:31 -0500] "POST /forms/lservlet;jsessionid=ac16012b30d62e507505f2c64e898405c7619f87fb44.e3iSbxaKaheRe38Ka34Oa3eLbxf0n6jAmljGr5XDqQLvpAe HTTP/1.1" 200 2
66.249.64.96 - - [02/Oct/2015:06:39:35 -0500] "GET /BLA/resoluciones/AUTOS%202007/1951.pdf HTTP/1.1" 200 109924
66.249.64.96 - - [02/Oct/2015:06:39:45 -0500] "GET /BLA/resoluciones/AUTOS%202013/0324.pdf HTTP/1.1" 304 -
181.128.199.60 - - [02/Oct/2015:06:39:46 -0500] "GET /galeria/galeria/fotos/Humedal-Santa-Mar%C3%ADa-del-Lago1G.jpg HTTP/1.1" 200 290867
66.249.64.101 - - [02/Oct/2015:06:39:55 -0500] "GET /BLA/resoluciones/AUTOS%202007/1177.pdf HTTP/1.1" 200 87672
66.249.64.101 - - [02/Oct/2015:06:40:05 -0500] "GET /BLA/resoluciones/RESOLUCIONES%202010/6995.pdf HTTP/1.1" 200 1091990
66.249.64.96 - - [02/Oct/2015:06:40:16 -0500] "GET /BLA/resoluciones/AUTOS%202010/6744.pdf HTTP/1.1" 200 232823
66.249.64.106 - - [02/Oct/2015:06:40:26 -0500] "GET /BLA/resoluciones/RESOLUCIONES%202008/0064.pdf HTTP/1.1" 200 448612
66.249.64.106 - - [02/Oct/2015:06:40:36 -0500] "GET /BLA/resoluciones/AUTOS%202007/3123.pdf HTTP/1.1" 200 141539
181.128.199.60 - - [02/Oct/2015:06:40:37 -0500] "GET /galeria/galeria/jquery.fancybox.css?v=2.1.5 HTTP/1.1" 200 4895
181.128.199.60 - - [02/Oct/2015:06:40:37 -0500] "GET /galeria/galeria/jquery.fancybox.js?v=2.1.5 HTTP/1.1" 200 48706
181.128.199.60 - - [02/Oct/2015:06:40:37 -0500] "GET /galeria/galeria/fotos/Humedal-Santa-Mar%C3%ADa-del-Lago1P.jpg HTTP/1.1" 200 26912
181.128.199.60 - - [02/Oct/2015:06:40:38 -0500] "GET /galeria/galeria/fotos/Humedal-Santa-Mar%C3%ADa-del-Lago2P.jpg HTTP/1.1" 200 37138
181.128.199.60 - - [02/Oct/2015:06:40:38 -0500] "GET /galeria/galeria/fotos/Humedal-Santa-Mar%C3%ADa-del-Lago3P.jpg HTTP/1.1" 200 30161
181.128.199.60 - - [02/Oct/2015:06:40:39 -0500] "GET /galeria/galeria/fotos/Humedal-Santa-Mar%C3%ADa-del-Lago4P.jpg HTTP/1.1" 200 33121
190.157.17.52 - - [02/Oct/2015:06:40:42 -0500] "GET /BLA/resoluciones/RESOLUCIONES%202009/4937.pdf HTTP/1.1" 200 535891
66.249.64.96 - - [02/Oct/2015:06:40:46 -0500] "GET /BLA/resoluciones/RESOLUCIONES%202009/9823.pdf HTTP/1.1" 200 642141
66.249.64.96 - - [02/Oct/2015:06:40:56 -0500] "GET /BLA/resoluciones/RESOLUCIONES%202010/1115.pdf HTTP/1.1" 200 111932
66.249.64.101 - - [02/Oct/2015:06:40:58 -0500] "GET /BLA/resoluciones/RESOLUCIONES%202010/0357.pdf HTTP/1.1" 200 486045
66.249.64.96 - - [02/Oct/2015:06:41:06 -0500] "GET /BLA/resoluciones/RESOLUCIONES%202009/7766.pdf HTTP/1.1" 200 522487
190.24.190.8 - - [02/Oct/2015:06:41:07 -0500] "GET /galeria/galeria/jquery.fancybox.css?v=2.1.5 HTTP/1.1" 200 4895
190.24.190.8 - - [02/Oct/2015:06:41:07 -0500] "GET /BLA/boletinlegal/js/jquery.scrollShow.js HTTP/1.1" 200 4586
190.24.190.8 - - [02/Oct/2015:06:41:07 -0500] "GET /galeria/galeria/jquery.fancybox.js?v=2.1.5 HTTP/1.1" 200 48706
66.249.64.96 - - [02/Oct/2015:06:41:16 -0500] "GET /BLA/resoluciones/AUTOS%202007/1836.pdf HTTP/1.1" 200 28644
66.249.64.96 - - [02/Oct/2015:06:41:27 -0500] "GET /BLA/resoluciones/RESOLUCIONES%202009/7326.pdf HTTP/1.1" 200 512541
201.245.192.253 - - [02/Oct/2015:06:41:28 -0500] "GET /galeria/galeria/jquery.fancybox.js?v=2.1.5 HTTP/1.1" 304 -
201.245.192.253 - - [02/Oct/2015:06:41:28 -0500] "GET /galeria/galeria/jquery.fancybox.css?v=2.1.5 HTTP/1.1" 304 -
201.233.206.87 - - [02/Oct/2015:06:41:29 -0500] "GET /BLA/boletinlegal/js/jquery.scrollShow.js HTTP/1.1" 200 4586
201.233.206.87 - - [02/Oct/2015:06:41:29 -0500] "GET /galeria/galeria/jquery.fancybox.css?v=2.1.5 HTTP/1.1" 200 4895
201.233.206.87 - - [02/Oct/2015:06:41:29 -0500] "GET /galeria/galeria/jquery.fancybox.js?v=2.1.5 HTTP/1.1" 200 48706
201.245.192.253 - - [02/Oct/2015:06:41:29 -0500] "GET /galeria/nivo-slider/demo/demo.html HTTP/1.1" 304 -
201.245.192.253 - - [02/Oct/2015:06:41:30 -0500] "GET /galeria/nivo-slider/demo/images/La-SDA-se-suma-a-la-Gran-Movilizacion.jpg HTTP/1.1" 304 -
201.245.192.253 - - [02/Oct/2015:06:41:30 -0500] "GET /galeria/nivo-slider/demo/images/simulacro-nacional.jpg HTTP/1.1" 304 -
201.245.192.253 - - [02/Oct/2015:06:41:30 -0500] "GET /galeria/nivo-slider/demo/images/simulacro-busqueda-rescate-urbano.jpg HTTP/1.1" 304 -
201.245.192.253 - - [02/Oct/2015:06:41:30 -0500] "GET /galeria/nivo-slider/demo/images/Plan-Quinquenal.jpg HTTP/1.1" 304 -
201.245.192.253 - - [02/Oct/2015:06:41:31 -0500] "POST /forms/lservlet;jsessionid=ac16012b30d62e507505f2c64e898405c7619f87fb44.e3iSbxaKaheRe38Ka34Oa3eLbxf0n6jAmljGr5XDqQLvpAe HTTP/1.1" 200 2
181.128.199.60 - - [02/Oct/2015:06:41:33 -0500] "GET /videos/galeria-cronicas/1V3wnplaylist.htm? HTTP/1.1" 200 4013
181.128.199.60 - - [02/Oct/2015:06:41:33 -0500] "GET /videos/galeria-cronicas/skin/blue.monday/jplayer.blue.monday.css HTTP/1.1" 200 12518
181.128.199.60 - - [02/Oct/2015:06:41:34 -0500] "GET /videos/galeria-cronicas/js/jquery.jplayer.min.js HTTP/1.1" 200 43668
181.128.199.60 - - [02/Oct/2015:06:41:34 -0500] "GET /videos/galeria-cronicas/js/jplayer.playlist.min.js HTTP/1.1" 200 8608
181.128.199.60 - - [02/Oct/2015:06:41:35 -0500] "GET /videos/galeria-cronicas/skin/blue.monday/jplayer.blue.monday.video.play.png HTTP/1.1" 200 14424
181.128.199.60 - - [02/Oct/2015:06:41:36 -0500] "GET /videos/galeria-cronicas/1videos/parche.mp4video.mp4 HTTP/1.1" 206 2
181.128.199.60 - - [02/Oct/2015:06:41:36 -0500] "GET /videos/galeria-cronicas/1videos/parche.mp4video.mp4 HTTP/1.1" 200 2821840
66.249.64.96 - - [02/Oct/2015:06:41:37 -0500] "GET /PruebasSTORM/StormSDA_pruebas/stormWeb/img/ HTTP/1.1" 200 2987
181.128.199.60 - - [02/Oct/2015:06:41:37 -0500] "GET /videos/galeria-cronicas/skin/blue.monday/jplayer.blue.monday.jpg HTTP/1.1" 200 23189
66.249.64.96 - - [02/Oct/2015:06:41:43 -0500] "GET /BLA/resoluciones/AUTOS%202006/AUTOS%202006%202801%20-%202900/00002848.tif HTTP/1.1" 200 238362
201.233.206.87 - - [02/Oct/2015:06:41:46 -0500] "GET /BLA/boletinlegal/js/jquery.scrollShow.js HTTP/1.1" 304 -
201.233.206.87 - - [02/Oct/2015:06:41:46 -0500] "GET /galeria/galeria/jquery.fancybox.css?v=2.1.5 HTTP/1.1" 304 -
201.233.206.87 - - [02/Oct/2015:06:41:46 -0500] "GET /galeria/galeria/jquery.fancybox.js?v=2.1.5 HTTP/1.1" 304 -
66.249.64.101 - - [02/Oct/2015:06:41:47 -0500] "GET /BLA/resoluciones/AUTOS%202007/1477.pdf HTTP/1.1" 200 41614
181.128.199.60 - - [02/Oct/2015:06:41:54 -0500] "GET /videos/galeria-cronicas/1videos/parche.mp4video.mp4 HTTP/1.1" 200 2821840
66.249.64.101 - - [02/Oct/2015:06:41:57 -0500] "GET /BLA/resoluciones/RESOLUCIONES%202009/7147.pdf HTTP/1.1" 200 98665
157.55.39.226 - - [02/Oct/2015:06:41:59 -0500] "GET /galeria/galeria/fotos/Humedal-Tibanica1G.jpg HTTP/1.1" 200 541579
181.128.199.60 - - [02/Oct/2015:06:42:00 -0500] "GET /videos/galeria-cronicas/1videos/parche.mp4video.mp4 HTTP/1.1" 206 293603
157.55.39.226 - - [02/Oct/2015:06:42:02 -0500] "GET /galeria/galeria/fotos/Jaboque3G.jpg HTTP/1.1" 200 422286
181.128.199.60 - - [02/Oct/2015:06:42:03 -0500] "GET /videos/galeria-cronicas/1videos/parche.mp4video.mp4 HTTP/1.1" 206 293603
207.46.13.1 - - [02/Oct/2015:06:42:06 -0500] "GET /robots.txt HTTP/1.1" 404 1018
66.249.64.106 - - [02/Oct/2015:06:42:07 -0500] "GET /BLA/resoluciones/AUTOS%202009/0234.pdf HTTP/1.1" 200 124616
154.53.198.48 - - [02/Oct/2015:06:42:16 -0500] "POST /xmlrpc.php HTTP/1.1" 301 334
66.249.64.106 - - [02/Oct/2015:06:42:17 -0500] "GET /BLA/resoluciones/RESOLUCIONES%202009/2095.pdf HTTP/1.1" 200 454938
207.46.13.1 - - [02/Oct/2015:06:42:26 -0500] "GET /galeria/galeria/fotos/Capellania2G.jpg HTTP/1.1" 200 523013
66.249.64.96 - - [02/Oct/2015:06:42:28 -0500] "GET /BLA/resoluciones/AUTOS%202009/1853.pdf HTTP/1.1" 200 103953
66.249.64.96 - - [02/Oct/2015:06:42:38 -0500] "GET /BLA/resoluciones/RESOLUCIONES%202009/1133.pdf HTTP/1.1" 200 54992
74.86.158.107 - - [02/Oct/2015:06:42:41 -0500] "HEAD / HTTP/1.1" 200 -
66.249.64.106 - - [02/Oct/2015:06:42:48 -0500] "GET /BLA/resoluciones/RESOLUCIONES%202009/3533.pdf HTTP/1.1" 200 623379
66.249.64.101 - - [02/Oct/2015:06:42:58 -0500] "GET /BLA/resoluciones/AUTOS%202009/0573.pdf HTTP/1.1" 200 128299
66.249.64.96 - - [02/Oct/2015:06:43:08 -0500] "GET /BLA/resoluciones/AUTOS%202008/2777.pdf HTTP/1.1" 200 122084
66.249.64.106 - - [02/Oct/2015:06:43:18 -0500] "GET /BLA/resoluciones/RESOLUCIONES%202009/7852.pdf HTTP/1.1" 200 646684
66.249.64.96 - - [02/Oct/2015:06:43:28 -0500] "GET /BLA/resoluciones/RESOLUCIONES%202008/2969.pdf HTTP/1.1" 200 251556
201.245.192.253 - - [02/Oct/2015:06:43:32 -0500] "POST /forms/lservlet;jsessionid=ac16012b30d62e507505f2c64e898405c7619f87fb44.e3iSbxaKaheRe38Ka34Oa3eLbxf0n6jAmljGr5XDqQLvpAe HTTP/1.1" 200 2
66.249.64.101 - - [02/Oct/2015:06:43:33 -0500] "GET /BLA/resoluciones/AUTOS%202010/6658.pdf HTTP/1.1" 200 154463
66.249.64.96 - - [02/Oct/2015:06:43:39 -0500] "GET /BLA/resoluciones/AUTOS%202008/0753.pdf HTTP/1.1" 200 149404
66.249.64.96 - - [02/Oct/2015:06:43:49 -0500] "GET /BLA/resoluciones/AUTOS%202012/0970.pdf HTTP/1.1" 200 270513
66.249.64.101 - - [02/Oct/2015:06:43:59 -0500] "GET /BLA/resoluciones/AUTOS%202009/3118.pdf HTTP/1.1" 200 162281
66.249.64.106 - - [02/Oct/2015:06:44:09 -0500] "GET /BLA/resoluciones/RESOLUCIONES%202008/4186.pdf HTTP/1.1" 200 365442
186.154.203.42 - - [02/Oct/2015:06:44:12 -0500] "GET /BLA/boletinlegal/js/jquery.scrollShow.js HTTP/1.1" 200 4586
186.154.203.42 - - [02/Oct/2015:06:44:12 -0500] "GET /galeria/galeria/jquery.fancybox.js?v=2.1.5 HTTP/1.1" 200 48706
186.154.203.42 - - [02/Oct/2015:06:44:12 -0500] "GET /galeria/galeria/jquery.fancybox.css?v=2.1.5 HTTP/1.1" 200 4895
186.154.203.42 - - [02/Oct/2015:06:44:16 -0500] "GET /BLA/boletinlegal/js/jquery.scrollShow.js HTTP/1.1" 304 -
186.154.203.42 - - [02/Oct/2015:06:44:16 -0500] "GET /galeria/galeria/jquery.fancybox.js?v=2.1.5 HTTP/1.1" 304 -
186.154.203.42 - - [02/Oct/2015:06:44:16 -0500] "GET /galeria/galeria/jquery.fancybox.css?v=2.1.5 HTTP/1.1" 304 -
66.249.64.106 - - [02/Oct/2015:06:44:19 -0500] "GET /BLA/resoluciones/AUTOS%202008/1120.pdf HTTP/1.1" 200 170032
207.46.13.176 - - [02/Oct/2015:06:44:28 -0500] "GET /robots.txt HTTP/1.1" 404 1018
66.249.64.101 - - [02/Oct/2015:06:44:29 -0500] "GET /BLA/resoluciones/AUTOS%202007/2476.pdf HTTP/1.1" 200 107355
207.46.13.176 - - [02/Oct/2015:06:44:37 -0500] "GET /galeria/galeria/fotos/Huemdal-el-Tunjo2G.jpg HTTP/1.1" 200 388331
66.249.64.106 - - [02/Oct/2015:06:44:40 -0500] "GET /BLA/resoluciones/RESOLUCIONES%202009/1348.pdf HTTP/1.1" 200 535813
66.249.64.101 - - [02/Oct/2015:06:44:50 -0500] "GET /BLA/resoluciones/RESOLUCIONES%202009/3143.pdf HTTP/1.1" 200 475173
66.249.64.101 - - [02/Oct/2015:06:45:00 -0500] "GET /BLA/resoluciones/AUTOS%202008/1274.pdf HTTP/1.1" 200 78921
