85.112.5.11 - - [02/Oct/2015:03:12:15 -0500] "GET /BLA/boletinlegal/img/textarea-r-off.png HTTP/1.1" 200 266
85.112.5.11 - - [02/Oct/2015:03:12:15 -0500] "GET /BLA/boletinlegal/img/textarea-tr.png HTTP/1.1" 200 488
85.112.5.11 - - [02/Oct/2015:03:12:15 -0500] "GET /BLA/boletinlegal/img/textarea-l-off.png HTTP/1.1" 200 168
85.112.5.11 - - [02/Oct/2015:03:12:15 -0500] "GET /BLA/boletinlegal/img/textarea-bl.png HTTP/1.1" 200 265
85.112.5.11 - - [02/Oct/2015:03:12:15 -0500] "GET /BLA/boletinlegal/img/button-left.png HTTP/1.1" 200 57071
85.112.5.11 - - [02/Oct/2015:03:12:15 -0500] "GET /BLA/boletinlegal/img/button-right.png HTTP/1.1" 200 57878
85.112.5.11 - - [02/Oct/2015:03:12:15 -0500] "GET /BLA/boletinlegal/img/button.png HTTP/1.1" 200 43241
85.112.5.11 - - [02/Oct/2015:03:12:20 -0500] "GET /BLA/boletinlegal/img/textarea-l-over.png HTTP/1.1" 200 167
85.112.5.11 - - [02/Oct/2015:03:12:20 -0500] "GET /BLA/boletinlegal/img/textarea-r-over.png HTTP/1.1" 200 270
66.249.64.96 - - [02/Oct/2015:03:12:21 -0500] "GET /BLA/resoluciones/AUTOS%202008/0337.pdf HTTP/1.1" 200 370005
85.112.5.11 - - [02/Oct/2015:03:12:21 -0500] "POST /BLA/boletinlegal/proc.php HTTP/1.1" 200 2563
180.76.15.25 - - [02/Oct/2015:03:12:24 -0500] "GET /BLA/boletinlegal/Circulares/2010/Circular%2006%20de%208%20de%20septiembre%20de%202010.pdf HTTP/1.1" 200 4657752
66.249.64.106 - - [02/Oct/2015:03:12:31 -0500] "GET /BLA/resoluciones/AUTOS%202007/3036.pdf HTTP/1.1" 200 214169
66.249.64.96 - - [02/Oct/2015:03:12:34 -0500] "GET /BLA/resoluciones/RESOLUCIONES%202009/0802.pdf HTTP/1.1" 200 226186
85.112.5.11 - - [02/Oct/2015:03:12:34 -0500] "POST /BLA/boletinlegal/proc.php HTTP/1.1" 200 6028
74.86.158.107 - - [02/Oct/2015:03:12:41 -0500] "HEAD / HTTP/1.1" 200 -
66.249.64.106 - - [02/Oct/2015:03:12:41 -0500] "GET /BLA/resoluciones/RESOLUCIONES%202010/7855.pdf HTTP/1.1" 200 35595
85.112.5.11 - - [02/Oct/2015:03:12:42 -0500] "GET /BLA/boletinlegal/norma_menu.php HTTP/1.1" 200 5344
85.112.5.11 - - [02/Oct/2015:03:12:42 -0500] "GET /BLA/boletinlegal/js/ajax.js HTTP/1.1" 200 772
85.112.5.11 - - [02/Oct/2015:03:12:42 -0500] "GET /BLA/boletinlegal/js/popup.js HTTP/1.1" 200 1270
85.112.5.11 - - [02/Oct/2015:03:12:42 -0500] "GET /BLA/boletinlegal/swfobject.js HTTP/1.1" 200 9763
85.112.5.11 - - [02/Oct/2015:03:12:42 -0500] "GET /BLA/boletinlegal/js/lib.js HTTP/1.1" 200 6474
85.112.5.11 - - [02/Oct/2015:03:12:42 -0500] "GET /BLA/boletinlegal/js/jquery1.js HTTP/1.1" 200 29846
85.112.5.11 - - [02/Oct/2015:03:12:43 -0500] "GET /BLA/boletinlegal/images/signo-mas.gif HTTP/1.1" 200 13689
85.112.5.11 - - [02/Oct/2015:03:12:43 -0500] "GET /BLA/boletinlegal/images/signo-menos.gif HTTP/1.1" 200 13454
85.112.5.11 - - [02/Oct/2015:03:12:43 -0500] "GET /BLA/boletinlegal/carousel.swf HTTP/1.1" 200 63487
85.112.5.11 - - [02/Oct/2015:03:12:45 -0500] "GET /BLA/boletinlegal/settings.xml HTTP/1.1" 200 2059
85.112.5.11 - - [02/Oct/2015:03:12:45 -0500] "GET /BLA/boletinlegal/images.xml HTTP/1.1" 200 3941
85.112.5.11 - - [02/Oct/2015:03:12:45 -0500] "GET /BLA/boletinlegal/images/pev.png HTTP/1.1" 200 404876
85.112.5.11 - - [02/Oct/2015:03:12:45 -0500] "GET /BLA/boletinlegal/images/emis.png HTTP/1.1" 200 448203
85.112.5.11 - - [02/Oct/2015:03:12:45 -0500] "GET /BLA/boletinlegal/images/hidro.png HTTP/1.1" 200 517362
85.112.5.11 - - [02/Oct/2015:03:12:45 -0500] "GET /BLA/boletinlegal/images/flor.png HTTP/1.1" 200 587454
85.112.5.11 - - [02/Oct/2015:03:12:45 -0500] "GET /BLA/boletinlegal/images/rui.png HTTP/1.1" 200 469106
85.112.5.11 - - [02/Oct/2015:03:12:45 -0500] "GET /BLA/boletinlegal/images/faun.png HTTP/1.1" 200 613440
85.112.5.11 - - [02/Oct/2015:03:12:46 -0500] "GET /BLA/boletinlegal/images/silvi.png HTTP/1.1" 200 588511
85.112.5.11 - - [02/Oct/2015:03:12:48 -0500] "GET /BLA/boletinlegal/images/hume.png HTTP/1.1" 200 481651
85.112.5.11 - - [02/Oct/2015:03:12:48 -0500] "GET /BLA/boletinlegal/images/vert.png HTTP/1.1" 200 485866
85.112.5.11 - - [02/Oct/2015:03:12:49 -0500] "GET /BLA/boletinlegal/images/resi.png HTTP/1.1" 200 556571
66.249.64.106 - - [02/Oct/2015:03:12:49 -0500] "GET /BLA/resoluciones/RESOLUCIONES%202008/5729.pdf HTTP/1.1" 200 464554
85.112.5.11 - - [02/Oct/2015:03:12:50 -0500] "GET /BLA/boletinlegal/images/lice.png HTTP/1.1" 200 487297
85.112.5.11 - - [02/Oct/2015:03:12:50 -0500] "GET /BLA/boletinlegal/images/pma.png HTTP/1.1" 200 530205
85.112.5.11 - - [02/Oct/2015:03:12:51 -0500] "GET /BLA/boletinlegal/images/cons.png HTTP/1.1" 200 545034
66.249.64.96 - - [02/Oct/2015:03:12:52 -0500] "GET /BLA/resoluciones/RESOLUCIONES%202009/4789.pdf HTTP/1.1" 200 382120
85.112.5.11 - - [02/Oct/2015:03:12:53 -0500] "GET /BLA/boletinlegal/images/comp-estr.png HTTP/1.1" 200 644020
85.112.5.11 - - [02/Oct/2015:03:12:53 -0500] "GET /BLA/boletinlegal/images/bla.png HTTP/1.1" 200 113997
66.249.64.101 - - [02/Oct/2015:03:13:02 -0500] "GET /BLA/resoluciones/AUTOS%202007/2600.pdf HTTP/1.1" 200 90643
201.245.192.253 - - [02/Oct/2015:03:13:02 -0500] "POST /forms/lservlet;jsessionid=ac16012b30d62e507505f2c64e898405c7619f87fb44.e3iSbxaKaheRe38Ka34Oa3eLbxf0n6jAmljGr5XDqQLvpAe HTTP/1.1" 200 2
85.112.5.11 - - [02/Oct/2015:03:13:07 -0500] "GET /BLA/boletinlegal/consulta.php?ordenar=menos HTTP/1.1" 200 186652
85.112.5.11 - - [02/Oct/2015:03:13:09 -0500] "GET /BLA/boletinlegal/images/docs.png HTTP/1.1" 200 10288
66.249.64.96 - - [02/Oct/2015:03:13:12 -0500] "GET /BLA/resoluciones/AUTOS%202008/1197.pdf HTTP/1.1" 200 85373
85.112.5.11 - - [02/Oct/2015:03:13:12 -0500] "GET /BLA/boletinlegal/consulta.php?ordenar=menos HTTP/1.1" 200 186652
85.112.5.11 - - [02/Oct/2015:03:13:17 -0500] "GET /BLA/boletinlegal/consulta.php?ordenar=mas HTTP/1.1" 200 186652
66.249.64.96 - - [02/Oct/2015:03:13:22 -0500] "GET /BLA/resoluciones/RESOLUCIONES%202011/2572.pdf HTTP/1.1" 200 292733
85.112.5.11 - - [02/Oct/2015:03:13:21 -0500] "GET /BLA/boletinlegal/consulta.php?ordenar=menos HTTP/1.1" 200 186652
85.112.5.11 - - [02/Oct/2015:03:13:22 -0500] "GET /BLA/boletinlegal/consulta.php?ordenar=mas HTTP/1.1" 200 186652
66.249.64.96 - - [02/Oct/2015:03:13:32 -0500] "GET /BLA/resoluciones/AUTOS%202008/2412.pdf HTTP/1.1" 200 75824
66.249.64.106 - - [02/Oct/2015:03:13:42 -0500] "GET /BLA/resoluciones/AUTOS%202007/1141.pdf HTTP/1.1" 200 27554
66.249.64.101 - - [02/Oct/2015:03:13:53 -0500] "GET /BLA/resoluciones/RESOLUCIONES%202009/2326.pdf HTTP/1.1" 200 236897
66.249.64.96 - - [02/Oct/2015:03:13:58 -0500] "GET /BLA/resoluciones/AUTOS%202009/1817.pdf HTTP/1.1" 200 202788
66.249.64.106 - - [02/Oct/2015:03:14:03 -0500] "GET /BLA/resoluciones/AUTOS%202008/0765.pdf HTTP/1.1" 200 82363
66.249.64.96 - - [02/Oct/2015:03:14:13 -0500] "GET /BLA/resoluciones/AUTOS%202008/1493.pdf HTTP/1.1" 200 448745
66.249.64.101 - - [02/Oct/2015:03:14:23 -0500] "GET /BLA/resoluciones/AUTOS%202008/0957.pdf HTTP/1.1" 200 168513
66.249.64.101 - - [02/Oct/2015:03:14:33 -0500] "GET /BLA/resoluciones/AUTOS%202012/0727.pdf HTTP/1.1" 200 262181
68.180.230.190 - - [02/Oct/2015:03:14:36 -0500] "GET /BLA/boletinlegal/Directivas/2011/Directiva%20No.%206%20del%208%20de%20Septiembre%20de%202011.pdf HTTP/1.1" 304 -
66.249.64.101 - - [02/Oct/2015:03:14:43 -0500] "GET /BLA/resoluciones/RESOLUCIONES%202007/RES%202007%204001%20AL%204100/RESOLUCION%204015%20DE%202007.pdf HTTP/1.1" 200 390829
66.249.64.101 - - [02/Oct/2015:03:14:53 -0500] "GET /BLA/resoluciones/RESOLUCIONES%202013/0936.pdf HTTP/1.1" 304 -
201.245.192.253 - - [02/Oct/2015:03:15:02 -0500] "POST /forms/lservlet;jsessionid=ac16012b30d62e507505f2c64e898405c7619f87fb44.e3iSbxaKaheRe38Ka34Oa3eLbxf0n6jAmljGr5XDqQLvpAe HTTP/1.1" 200 2
66.249.64.106 - - [02/Oct/2015:03:15:04 -0500] "GET /BLA/resoluciones/AUTOS%202012/0705.pdf HTTP/1.1" 200 326081
66.249.64.96 - - [02/Oct/2015:03:15:14 -0500] "GET /BLA/resoluciones/RESOLUCIONES%202007/RES%202007%204201%20AL%204300/RESOLUCION%204218%20DE%202007.pdf HTTP/1.1" 200 251873
66.249.64.106 - - [02/Oct/2015:03:15:24 -0500] "GET /BLA/resoluciones/RESOLUCIONES%202014/3774.pdf HTTP/1.1" 200 591414
66.249.64.106 - - [02/Oct/2015:03:15:34 -0500] "GET /BLA/resoluciones/RESOLUCIONES%202009/1911.pdf HTTP/1.1" 200 355557
66.249.64.106 - - [02/Oct/2015:03:15:44 -0500] "GET /BLA/resoluciones/RESOLUCIONES%202011/2305.pdf HTTP/1.1" 200 379268
66.249.64.96 - - [02/Oct/2015:03:15:54 -0500] "GET /BLA/resoluciones/AUTOS%202008/2243.pdf HTTP/1.1" 200 153828
157.55.39.81 - - [02/Oct/2015:03:16:01 -0500] "GET /galeria/galeria/jquery.fancybox.css?v=2.1.5 HTTP/1.1" 200 4895
157.55.39.81 - - [02/Oct/2015:03:16:04 -0500] "GET /videos/galeria-fotografica/js/jquery-flickr-gallery/jquery-flickr-gallery.js HTTP/1.1" 304 -
66.249.64.96 - - [02/Oct/2015:03:16:04 -0500] "GET /BLA/resoluciones/RESOLUCIONES%202011/6103.pdf HTTP/1.1" 200 297035
66.249.64.101 - - [02/Oct/2015:03:16:15 -0500] "GET /BLA/resoluciones/AUTOS%202014/0820.pdf HTTP/1.1" 304 -
66.249.64.101 - - [02/Oct/2015:03:16:25 -0500] "GET /BLA/resoluciones/RESOLUCIONES%202009/5366.pdf HTTP/1.1" 200 367994
66.249.64.106 - - [02/Oct/2015:03:16:33 -0500] "GET /BLA/resoluciones/AUTOS%202009/0735.pdf HTTP/1.1" 200 560420
66.249.64.101 - - [02/Oct/2015:03:16:35 -0500] "GET /BLA/resoluciones/RESOLUCIONES%202007/RES%202007%20401%20AL%20500/RESOLUCION%200472%20DE%202007.pdf HTTP/1.1" 200 1055548
66.249.64.96 - - [02/Oct/2015:03:16:42 -0500] "GET /BLA/resoluciones/RESOLUCIONES%202008/5698.pdf HTTP/1.1" 200 239049
66.249.64.101 - - [02/Oct/2015:03:16:45 -0500] "GET /BLA/resoluciones/RESOLUCIONES%202008/4863.pdf HTTP/1.1" 304 -
66.249.64.101 - - [02/Oct/2015:03:16:55 -0500] "GET /BLA/resoluciones/RESOLUCIONES%202008/4003.pdf HTTP/1.1" 200 330820
66.249.64.101 - - [02/Oct/2015:03:16:57 -0500] "GET /BLA/resoluciones/RESOLUCIONES%202008/3052.pdf HTTP/1.1" 200 448601
201.245.192.253 - - [02/Oct/2015:03:17:03 -0500] "POST /forms/lservlet;jsessionid=ac16012b30d62e507505f2c64e898405c7619f87fb44.e3iSbxaKaheRe38Ka34Oa3eLbxf0n6jAmljGr5XDqQLvpAe HTTP/1.1" 200 2
66.249.64.96 - - [02/Oct/2015:03:17:05 -0500] "GET /BLA/resoluciones/RESOLUCIONES%202012/0847.pdf HTTP/1.1" 304 -
66.249.64.106 - - [02/Oct/2015:03:17:13 -0500] "GET /BLA/resoluciones/RESOLUCIONES%202009/7047.pdf HTTP/1.1" 200 723503
66.249.64.96 - - [02/Oct/2015:03:17:16 -0500] "GET /BLA/resoluciones/RESOLUCIONES%202011/1332.pdf HTTP/1.1" 304 -
213.37.162.36 - - [02/Oct/2015:03:17:24 -0500] "GET /galeria/galeria/jquery.fancybox.css?v=2.1.5 HTTP/1.1" 200 4895
213.37.162.36 - - [02/Oct/2015:03:17:24 -0500] "GET /BLA/boletinlegal/js/jquery.scrollShow.js HTTP/1.1" 200 4586
213.37.162.36 - - [02/Oct/2015:03:17:24 -0500] "GET /galeria/galeria/jquery.fancybox.js?v=2.1.5 HTTP/1.1" 200 48706
66.249.64.101 - - [02/Oct/2015:03:17:26 -0500] "GET /BLA/resoluciones/AUTOS%202014/1055.pdf HTTP/1.1" 304 -
66.249.64.96 - - [02/Oct/2015:03:17:32 -0500] "GET /BLA/resoluciones/RESOLUCIONES%202008/2426.pdf HTTP/1.1" 200 189769
66.249.64.96 - - [02/Oct/2015:03:17:36 -0500] "GET /BLA/resoluciones/RESOLUCIONES%202013/2525.pdf HTTP/1.1" 304 -
74.86.158.107 - - [02/Oct/2015:03:17:41 -0500] "HEAD / HTTP/1.1" 200 -
66.249.64.101 - - [02/Oct/2015:03:17:46 -0500] "GET /BLA/resoluciones/RESOLUCIONES%202012/1335.pdf HTTP/1.1" 304 -
66.249.64.101 - - [02/Oct/2015:03:17:56 -0500] "GET /BLA/resoluciones/RESOLUCIONES%202014/2473.pdf HTTP/1.1" 304 -
213.37.162.36 - - [02/Oct/2015:03:18:01 -0500] "GET /galeria/galeria/jquery.fancybox.css?v=2.1.5 HTTP/1.1" 304 -
213.37.162.36 - - [02/Oct/2015:03:18:01 -0500] "GET /BLA/boletinlegal/js/jquery.scrollShow.js HTTP/1.1" 304 -
213.37.162.36 - - [02/Oct/2015:03:18:01 -0500] "GET /galeria/galeria/jquery.fancybox.js?v=2.1.5 HTTP/1.1" 304 -
66.249.64.96 - - [02/Oct/2015:03:18:06 -0500] "GET /autoliquidacion/TR%C3%81MITES%20ACEITES-RESIDUOS-ESTACIONES/REG.%20GENERADOR/126PM04-PR75-F-A3-V2.0%20oficio%20Solicitud%20inscripci%C3%B3n.doc HTTP/1.1" 200 213504
66.249.64.101 - - [02/Oct/2015:03:18:17 -0500] "GET /BLA/resoluciones/RESOLUCIONES%202012/1725.pdf HTTP/1.1" 304 -
66.249.64.101 - - [02/Oct/2015:03:18:26 -0500] "GET /BLA/resoluciones/RESOLUCIONES%202009/7492.pdf HTTP/1.1" 200 486947
66.249.64.106 - - [02/Oct/2015:03:18:37 -0500] "GET /BLA/resoluciones/RESOLUCIONES%202010/0222.pdf HTTP/1.1" 304 -
66.249.64.106 - - [02/Oct/2015:03:18:47 -0500] "GET /BLA/resoluciones/RESOLUCIONES%202007/RES%202007%204101%20AL%204200/RESOLUCION%204198%20DE%202007.pdf HTTP/1.1" 304 -
66.249.64.253 - - [02/Oct/2015:03:18:57 -0500] "GET /BLA/boletinlegal/jurisprudencia/analisis/analisis%20sentencia%20C%20401%20de%202010.doc HTTP/1.1" 304 -
201.245.192.253 - - [02/Oct/2015:03:19:03 -0500] "POST /forms/lservlet;jsessionid=ac16012b30d62e507505f2c64e898405c7619f87fb44.e3iSbxaKaheRe38Ka34Oa3eLbxf0n6jAmljGr5XDqQLvpAe HTTP/1.1" 200 2
66.249.64.96 - - [02/Oct/2015:03:19:07 -0500] "GET /BLA/resoluciones/AUTOS%202011/2177.pdf HTTP/1.1" 200 164642
66.249.64.96 - - [02/Oct/2015:03:19:08 -0500] "GET /BLA/resoluciones/AUTOS%202009/2033.pdf HTTP/1.1" 200 99561
66.249.64.101 - - [02/Oct/2015:03:19:17 -0500] "GET /BLA/resoluciones/RESOLUCIONES%202007/RES%202007%203801%20AL%203900/RESOLUCION%203816%20DE%202007.pdf HTTP/1.1" 200 464743
66.249.64.101 - - [02/Oct/2015:03:19:21 -0500] "GET /BLA/resoluciones/RESOLUCIONES%202009/2592.pdf HTTP/1.1" 200 1047999
66.249.64.96 - - [02/Oct/2015:03:19:28 -0500] "GET /BLA/resoluciones/RESOLUCIONES%202008/0731.pdf HTTP/1.1" 200 22675
66.249.64.106 - - [02/Oct/2015:03:19:38 -0500] "GET /BLA/resoluciones/RESOLUCIONES%202010/6212.pdf HTTP/1.1" 200 589136
66.249.64.96 - - [02/Oct/2015:03:19:48 -0500] "GET /BLA/resoluciones/AUTOS%202007/1412.pdf HTTP/1.1" 200 86793
66.249.64.106 - - [02/Oct/2015:03:19:58 -0500] "GET /BLA/resoluciones/AUTOS%202009/1552.pdf HTTP/1.1" 200 111917
66.249.64.96 - - [02/Oct/2015:03:20:08 -0500] "GET /BLA/resoluciones/RESOLUCIONES%202009/2175.pdf HTTP/1.1" 200 902265
66.249.64.96 - - [02/Oct/2015:03:20:18 -0500] "GET /BLA/resoluciones/RESOLUCIONES%202009/6677.pdf HTTP/1.1" 200 427204
66.249.64.96 - - [02/Oct/2015:03:20:28 -0500] "GET / HTTP/1.1" 200 10190
66.249.64.106 - - [02/Oct/2015:03:20:39 -0500] "GET /BLA/resoluciones/RESOLUCIONES%202009/2931.pdf HTTP/1.1" 200 409091
66.249.64.106 - - [02/Oct/2015:03:20:41 -0500] "GET /BLA/resoluciones/RESOLUCIONES%202008/2132.pdf HTTP/1.1" 200 439040
66.249.64.96 - - [02/Oct/2015:03:20:49 -0500] "GET /BLA/resoluciones/AUTOS%202012/0688.pdf HTTP/1.1" 200 368916
66.249.64.96 - - [02/Oct/2015:03:20:59 -0500] "GET /BLA/resoluciones/RESOLUCIONES%202008/1494.pdf HTTP/1.1" 200 214942
201.245.192.253 - - [02/Oct/2015:03:21:03 -0500] "POST /forms/lservlet;jsessionid=ac16012b30d62e507505f2c64e898405c7619f87fb44.e3iSbxaKaheRe38Ka34Oa3eLbxf0n6jAmljGr5XDqQLvpAe HTTP/1.1" 200 2
66.249.64.96 - - [02/Oct/2015:03:21:09 -0500] "GET /BLA/resoluciones/RESOLUCIONES%202010/3520.pdf HTTP/1.1" 200 356876
66.249.64.96 - - [02/Oct/2015:03:21:19 -0500] "GET /BLA/resoluciones/RESOLUCIONES%202008/2038.pdf HTTP/1.1" 200 315327
66.249.64.106 - - [02/Oct/2015:03:21:29 -0500] "GET /BLA/resoluciones/RESOLUCIONES%202010/5510.pdf HTTP/1.1" 200 2823167
66.249.64.96 - - [02/Oct/2015:03:21:40 -0500] "GET /BLA/resoluciones/RESOLUCIONES%202008/2716.pdf HTTP/1.1" 200 286662
66.249.64.96 - - [02/Oct/2015:03:21:44 -0500] "GET /BLA/resoluciones/AUTOS%202008/2136.pdf HTTP/1.1" 200 77758
66.249.64.106 - - [02/Oct/2015:03:21:50 -0500] "GET /BLA/resoluciones/RESOLUCIONES%202008/1982.pdf HTTP/1.1" 200 609709
66.249.64.96 - - [02/Oct/2015:03:22:00 -0500] "GET /BLA/resoluciones/RESOLUCIONES%202008/1261.pdf HTTP/1.1" 200 799835
66.249.64.106 - - [02/Oct/2015:03:22:10 -0500] "GET /BLA/resoluciones/AUTOS%202008/3094.pdf HTTP/1.1" 200 81422
66.249.64.101 - - [02/Oct/2015:03:22:12 -0500] "GET /BLA/resoluciones/RESOLUCIONES%202009/5511.pdf HTTP/1.1" 200 499341
66.249.64.96 - - [02/Oct/2015:03:22:17 -0500] "GET /BLA/resoluciones/RESOLUCIONES%202008/0340.pdf HTTP/1.1" 200 460260
66.249.64.96 - - [02/Oct/2015:03:22:20 -0500] "GET /BLA/resoluciones/RESOLUCIONES%202008/1635.pdf HTTP/1.1" 200 263489
66.249.64.101 - - [02/Oct/2015:03:22:30 -0500] "GET /BLA/resoluciones/AUTOS%202008/3115.pdf HTTP/1.1" 200 71283
66.249.64.101 - - [02/Oct/2015:03:22:40 -0500] "GET /BLA/resoluciones/RESOLUCIONES%202008/1707.pdf HTTP/1.1" 200 258205
74.86.158.107 - - [02/Oct/2015:03:22:41 -0500] "HEAD / HTTP/1.1" 200 -
66.249.64.106 - - [02/Oct/2015:03:22:51 -0500] "GET /BLA/resoluciones/AUTOS%202008/0913.pdf HTTP/1.1" 200 87550
66.249.64.101 - - [02/Oct/2015:03:23:01 -0500] "GET /BLA/resoluciones/AUTOS%202008/0004.pdf HTTP/1.1" 200 42452
66.249.64.96 - - [02/Oct/2015:03:23:01 -0500] "GET /BLA/resoluciones/RESOLUCIONES%202008/4005.pdf HTTP/1.1" 200 535159
66.249.64.101 - - [02/Oct/2015:03:23:02 -0500] "GET /BLA/resoluciones/AUTOS%202006/AUTOS%202006%202801%20-%202900/00002820.tif HTTP/1.1" 200 148552
201.245.192.253 - - [02/Oct/2015:03:23:03 -0500] "POST /forms/lservlet;jsessionid=ac16012b30d62e507505f2c64e898405c7619f87fb44.e3iSbxaKaheRe38Ka34Oa3eLbxf0n6jAmljGr5XDqQLvpAe HTTP/1.1" 200 2
66.249.64.106 - - [02/Oct/2015:03:23:11 -0500] "GET /BLA/resoluciones/RESOLUCIONES%202008/0107.pdf HTTP/1.1" 200 321731
66.249.64.101 - - [02/Oct/2015:03:23:17 -0500] "GET /BLA/resoluciones/RESOLUCIONES%202009/9584.pdf HTTP/1.1" 200 310669
66.249.64.96 - - [02/Oct/2015:03:23:21 -0500] "GET /BLA/resoluciones/AUTOS%202008/0947.pdf HTTP/1.1" 200 97907
66.249.64.96 - - [02/Oct/2015:03:23:31 -0500] "GET /BLA/resoluciones/RESOLUCIONES%202010/0969.pdf HTTP/1.1" 200 433271
66.249.84.234 - - [02/Oct/2015:03:23:41 -0500] "GET / HTTP/1.1" 200 10190
66.249.64.101 - - [02/Oct/2015:03:23:41 -0500] "GET /BLA/resoluciones/AUTOS%202008/1025.pdf HTTP/1.1" 200 79770
66.249.84.231 - - [02/Oct/2015:03:23:41 -0500] "GET /favicon.ico HTTP/1.1" 200 7782
66.249.64.96 - - [02/Oct/2015:03:23:49 -0500] "GET /BLA/resoluciones/RESOLUCIONES%202008/2541.pdf HTTP/1.1" 200 361476
66.249.64.101 - - [02/Oct/2015:03:23:51 -0500] "GET /BLA/resoluciones/AUTOS%202007/2876.pdf HTTP/1.1" 200 93602
66.249.64.101 - - [02/Oct/2015:03:24:00 -0500] "GET /BLA/resoluciones/RESOLUCIONES%202009/6952.pdf HTTP/1.1" 200 574537
66.249.64.106 - - [02/Oct/2015:03:24:02 -0500] "GET /BLA/resoluciones/RESOLUCIONES%202009/8803.pdf HTTP/1.1" 200 356338
66.249.64.101 - - [02/Oct/2015:03:24:05 -0500] "GET /BLA/resoluciones/RESOLUCIONES%202009/5192.pdf HTTP/1.1" 200 266415
66.249.64.96 - - [02/Oct/2015:03:24:12 -0500] "GET /BLA/resoluciones/RESOLUCIONES%202008/1373.pdf HTTP/1.1" 200 180447
66.249.64.101 - - [02/Oct/2015:03:24:19 -0500] "GET /BLA/resoluciones/RESOLUCIONES%202010/0890.pdf HTTP/1.1" 200 107150
66.249.64.101 - - [02/Oct/2015:03:24:22 -0500] "GET /BLA/resoluciones/RESOLUCIONES%202013/1138.pdf HTTP/1.1" 304 -
66.249.64.106 - - [02/Oct/2015:03:24:22 -0500] "GET /BLA/resoluciones/RESOLUCIONES%202009/0233.pdf HTTP/1.1" 200 610311
66.249.64.101 - - [02/Oct/2015:03:24:32 -0500] "GET /BLA/resoluciones/RESOLUCIONES%202013/0745.pdf HTTP/1.1" 304 -
68.180.230.190 - - [02/Oct/2015:03:24:39 -0500] "GET /BLA/boletinlegal/Directivas/2011/Directiva%20No.%204%20del%2028%20de%20Junio%20de%202011.pdf HTTP/1.1" 304 -
66.249.64.101 - - [02/Oct/2015:03:24:42 -0500] "GET /BLA/resoluciones/RESOLUCIONES%202009/2956.pdf HTTP/1.1" 200 540747
66.249.64.96 - - [02/Oct/2015:03:24:52 -0500] "GET /BLA/resoluciones/RESOLUCIONES%202009/0053.pdf HTTP/1.1" 200 224365
66.249.64.101 - - [02/Oct/2015:03:25:03 -0500] "GET /BLA/resoluciones/RESOLUCIONES%202009/1205.pdf HTTP/1.1" 200 404267
201.245.192.253 - - [02/Oct/2015:03:25:03 -0500] "POST /forms/lservlet;jsessionid=ac16012b30d62e507505f2c64e898405c7619f87fb44.e3iSbxaKaheRe38Ka34Oa3eLbxf0n6jAmljGr5XDqQLvpAe HTTP/1.1" 200 2
66.249.64.101 - - [02/Oct/2015:03:25:13 -0500] "GET /BLA/resoluciones/RESOLUCIONES%202007/RES%202007%20401%20AL%20500/RESOLUCION%200437%20DE%202007.pdf HTTP/1.1" 200 404636
66.249.64.96 - - [02/Oct/2015:03:25:22 -0500] "GET /BLA/resoluciones/RESOLUCIONES%202009/6739.pdf HTTP/1.1" 200 446180
66.249.64.101 - - [02/Oct/2015:03:25:23 -0500] "GET /BLA/resoluciones/RESOLUCIONES%202008/4421.pdf HTTP/1.1" 200 313135
66.249.64.101 - - [02/Oct/2015:03:25:33 -0500] "GET /BLA/resoluciones/RESOLUCIONES%202009/1841.pdf HTTP/1.1" 200 437047
66.249.64.101 - - [02/Oct/2015:03:25:43 -0500] "GET /BLA/resoluciones/RESOLUCIONES%202010/2661.pdf HTTP/1.1" 200 342262
66.249.64.101 - - [02/Oct/2015:03:25:53 -0500] "GET /BLA/resoluciones/AUTOS%202008/2854.pdf HTTP/1.1" 200 80132
66.249.64.96 - - [02/Oct/2015:03:26:03 -0500] "GET /BLA/resoluciones/RESOLUCIONES%202009/6570.pdf HTTP/1.1" 200 478881
66.249.64.96 - - [02/Oct/2015:03:26:13 -0500] "GET /BLA/resoluciones/RESOLUCIONES%202010/3751.pdf HTTP/1.1" 200 345692
66.249.64.96 - - [02/Oct/2015:03:26:24 -0500] "GET /BLA/resoluciones/RESOLUCIONES%202008/3375.pdf HTTP/1.1" 200 233808
66.249.64.96 - - [02/Oct/2015:03:26:34 -0500] "GET /BLA/resoluciones/AUTOS%202008/0265.pdf HTTP/1.1" 200 33857
66.249.64.101 - - [02/Oct/2015:03:26:35 -0500] "GET /BLA/resoluciones/RESOLUCIONES%202008/5235.pdf HTTP/1.1" 200 331218
66.249.64.101 - - [02/Oct/2015:03:26:36 -0500] "GET /BLA/resoluciones/RESOLUCIONES%202008/5343.pdf HTTP/1.1" 200 224230
66.249.64.101 - - [02/Oct/2015:03:26:38 -0500] "GET /BLA/resoluciones/RESOLUCIONES%202008/0146.pdf HTTP/1.1" 200 269425
66.249.64.106 - - [02/Oct/2015:03:26:38 -0500] "GET /BLA/resoluciones/RESOLUCIONES%202008/4647.pdf HTTP/1.1" 200 245903
66.249.64.106 - - [02/Oct/2015:03:26:44 -0500] "GET /BLA/resoluciones/RESOLUCIONES%202009/7483.pdf HTTP/1.1" 200 716432
66.249.64.101 - - [02/Oct/2015:03:26:45 -0500] "GET /BLA/resoluciones/RESOLUCIONES%202009/8485.pdf HTTP/1.1" 200 3387527
66.249.64.106 - - [02/Oct/2015:03:26:51 -0500] "GET /BLA/resoluciones/RESOLUCIONES%202008/2534.pdf HTTP/1.1" 200 330988
66.249.64.106 - - [02/Oct/2015:03:26:51 -0500] "GET /BLA/resoluciones/RESOLUCIONES%202009/2985.pdf HTTP/1.1" 200 472549
66.249.64.96 - - [02/Oct/2015:03:26:53 -0500] "GET /BLA/resoluciones/RESOLUCIONES%202009/5884.pdf HTTP/1.1" 200 487899
66.249.64.106 - - [02/Oct/2015:03:26:54 -0500] "GET /BLA/resoluciones/AUTOS%202012/0210.pdf HTTP/1.1" 200 162319
66.249.64.106 - - [02/Oct/2015:03:26:54 -0500] "GET /BLA/resoluciones/RESOLUCIONES%202008/3613.pdf HTTP/1.1" 200 521912
66.249.64.96 - - [02/Oct/2015:03:26:57 -0500] "GET /BLA/resoluciones/RESOLUCIONES%202008/2721.pdf HTTP/1.1" 200 378419
201.245.192.253 - - [02/Oct/2015:03:27:04 -0500] "POST /forms/lservlet;jsessionid=ac16012b30d62e507505f2c64e898405c7619f87fb44.e3iSbxaKaheRe38Ka34Oa3eLbxf0n6jAmljGr5XDqQLvpAe HTTP/1.1" 200 2
66.249.64.101 - - [02/Oct/2015:03:27:04 -0500] "GET /BLA/resoluciones/AUTOS%202008/1937.pdf HTTP/1.1" 200 147607
66.249.64.106 - - [02/Oct/2015:03:27:14 -0500] "GET /BLA/resoluciones/AUTOS%202007/0022.pdf HTTP/1.1" 200 50150
66.249.64.101 - - [02/Oct/2015:03:27:18 -0500] "GET /BLA/resoluciones/RESOLUCIONES%202009/6701.pdf HTTP/1.1" 200 342936
66.249.64.106 - - [02/Oct/2015:03:27:25 -0500] "GET /BLA/resoluciones/RESOLUCIONES%202009/7720.pdf HTTP/1.1" 200 492461
66.249.64.96 - - [02/Oct/2015:03:27:35 -0500] "GET /BLA/resoluciones/RESOLUCIONES%202008/0192.pdf HTTP/1.1" 200 271833
74.86.158.107 - - [02/Oct/2015:03:27:41 -0500] "HEAD / HTTP/1.1" 200 -
66.249.64.101 - - [02/Oct/2015:03:27:45 -0500] "GET /BLA/resoluciones/AUTOS%202008/2100.pdf HTTP/1.1" 200 132797
66.249.64.101 - - [02/Oct/2015:03:27:55 -0500] "GET /BLA/resoluciones/RESOLUCIONES%202008/4014.pdf HTTP/1.1" 200 438836
66.249.64.106 - - [02/Oct/2015:03:28:05 -0500] "GET /BLA/resoluciones/RESOLUCIONES%202009/1567.pdf HTTP/1.1" 200 78927
66.249.64.106 - - [02/Oct/2015:03:28:15 -0500] "GET /BLA/resoluciones/RESOLUCIONES%202009/2963.pdf HTTP/1.1" 200 603266
66.249.64.101 - - [02/Oct/2015:03:28:26 -0500] "GET /BLA/resoluciones/RESOLUCIONES%202009/7426.pdf HTTP/1.1" 200 494453
66.249.64.106 - - [02/Oct/2015:03:28:36 -0500] "GET /BLA/resoluciones/RESOLUCIONES%202008/4721.pdf HTTP/1.1" 200 599212
66.249.64.101 - - [02/Oct/2015:03:28:45 -0500] "GET /BLA/resoluciones/RESOLUCIONES%202009/0474.pdf HTTP/1.1" 200 264530
66.249.64.96 - - [02/Oct/2015:03:28:46 -0500] "GET /BLA/resoluciones/AUTOS%202007/3698.pdf HTTP/1.1" 200 67905
66.249.64.96 - - [02/Oct/2015:03:28:56 -0500] "GET /BLA/resoluciones/AUTOS%202008/0091.pdf HTTP/1.1" 200 83199
66.249.64.96 - - [02/Oct/2015:03:29:03 -0500] "GET /BLA/resoluciones/RESOLUCIONES%202010/3356.pdf HTTP/1.1" 200 517791
201.245.192.253 - - [02/Oct/2015:03:29:04 -0500] "POST /forms/lservlet;jsessionid=ac16012b30d62e507505f2c64e898405c7619f87fb44.e3iSbxaKaheRe38Ka34Oa3eLbxf0n6jAmljGr5XDqQLvpAe HTTP/1.1" 200 2
66.249.64.101 - - [02/Oct/2015:03:29:06 -0500] "GET /BLA/resoluciones/RESOLUCIONES%202008/3404.pdf HTTP/1.1" 200 264993
66.249.64.96 - - [02/Oct/2015:03:29:16 -0500] "GET /BLA/resoluciones/AUTOS%202008/0668.pdf HTTP/1.1" 200 155033
66.249.64.106 - - [02/Oct/2015:03:29:26 -0500] "GET /BLA/resoluciones/AUTOS%202008/3039.pdf HTTP/1.1" 200 64212
66.249.64.101 - - [02/Oct/2015:03:29:29 -0500] "GET /BLA/resoluciones/RESOLUCIONES%202010/0677.pdf HTTP/1.1" 200 103724
66.249.64.106 - - [02/Oct/2015:03:29:36 -0500] "GET /BLA/resoluciones/RESOLUCIONES%202009/2307.pdf HTTP/1.1" 200 658503
66.249.64.106 - - [02/Oct/2015:03:29:41 -0500] "GET /BLA/boletinlegal/js/jquery.scrollShow.js HTTP/1.1" 200 4586
66.249.64.96 - - [02/Oct/2015:03:29:42 -0500] "GET /galeria/galeria/jquery.fancybox.css?v=2.1.5 HTTP/1.1" 200 4895
66.249.64.96 - - [02/Oct/2015:03:29:42 -0500] "GET /galeria/galeria/jquery.fancybox.js?v=2.1.5 HTTP/1.1" 200 48706
66.249.64.106 - - [02/Oct/2015:03:29:47 -0500] "GET /BLA/resoluciones/RESOLUCIONES%202010/2011.pdf HTTP/1.1" 200 339778
66.249.64.106 - - [02/Oct/2015:03:29:57 -0500] "GET /BLA/resoluciones/AUTOS%202008/2754.pdf HTTP/1.1" 200 79354
66.249.64.101 - - [02/Oct/2015:03:30:07 -0500] "GET /BLA/resoluciones/AUTOS%202008/0358.pdf HTTP/1.1" 200 262948
66.249.64.96 - - [02/Oct/2015:03:30:08 -0500] "GET /BLA/resoluciones/RESOLUCIONES%202008/1987.pdf HTTP/1.1" 200 501320
66.249.64.96 - - [02/Oct/2015:03:30:17 -0500] "GET /BLA/resoluciones/RESOLUCIONES%202008/1353.pdf HTTP/1.1" 200 166547
66.249.64.106 - - [02/Oct/2015:03:30:27 -0500] "GET /BLA/resoluciones/AUTOS%202008/2895.pdf HTTP/1.1" 200 81226
190.84.202.55 - - [02/Oct/2015:03:30:33 -0500] "GET /galeria/nivo-slider/demo/demo.html HTTP/1.1" 304 -
190.84.202.55 - - [02/Oct/2015:03:30:35 -0500] "GET /galeria/nivo-slider/themes/default/default.css HTTP/1.1" 304 -
190.84.202.55 - - [02/Oct/2015:03:30:35 -0500] "GET /galeria/nivo-slider/demo/images/La-SDA-se-suma-a-la-Gran-Movilizacion.jpg HTTP/1.1" 304 -
190.84.202.55 - - [02/Oct/2015:03:30:35 -0500] "GET /galeria/nivo-slider/demo/images/simulacro-busqueda-rescate-urbano.jpg HTTP/1.1" 304 -
190.84.202.55 - - [02/Oct/2015:03:30:35 -0500] "GET /galeria/nivo-slider/demo/images/simulacro-nacional.jpg HTTP/1.1" 304 -
190.84.202.55 - - [02/Oct/2015:03:30:35 -0500] "GET /galeria/nivo-slider/demo/images/Plan-Quinquenal.jpg HTTP/1.1" 304 -
66.249.64.101 - - [02/Oct/2015:03:30:37 -0500] "GET /BLA/resoluciones/RESOLUCIONES%202010/3802.pdf HTTP/1.1" 200 486603
66.249.64.106 - - [02/Oct/2015:03:30:48 -0500] "GET /BLA/resoluciones/RESOLUCIONES%202010/2305.pdf HTTP/1.1" 200 529271
190.84.202.55 - - [02/Oct/2015:03:30:54 -0500] "GET /videos/ArchivoSDA.flv HTTP/1.1" 304 -
66.249.64.101 - - [02/Oct/2015:03:30:58 -0500] "GET /BLA/resoluciones/RESOLUCIONES%202010/4459.pdf HTTP/1.1" 200 454491
201.245.192.253 - - [02/Oct/2015:03:31:04 -0500] "POST /forms/lservlet;jsessionid=ac16012b30d62e507505f2c64e898405c7619f87fb44.e3iSbxaKaheRe38Ka34Oa3eLbxf0n6jAmljGr5XDqQLvpAe HTTP/1.1" 200 2
66.249.64.101 - - [02/Oct/2015:03:31:08 -0500] "GET /BLA/resoluciones/RESOLUCIONES%202009/5782.pdf HTTP/1.1" 200 640955
66.249.64.96 - - [02/Oct/2015:03:31:18 -0500] "GET /BLA/resoluciones/RESOLUCIONES%202009/0939.pdf HTTP/1.1" 200 232493
66.249.64.106 - - [02/Oct/2015:03:31:28 -0500] "GET /BLA/resoluciones/RESOLUCIONES%202010/0902.pdf HTTP/1.1" 200 100776
66.249.64.106 - - [02/Oct/2015:03:31:31 -0500] "GET /BLA/resoluciones/RESOLUCIONES%202009/5037.pdf HTTP/1.1" 200 647465
66.249.64.101 - - [02/Oct/2015:03:31:38 -0500] "GET /BLA/resoluciones/AUTOS%202008/1928.pdf HTTP/1.1" 200 202108
66.249.64.243 - - [02/Oct/2015:03:31:39 -0500] "GET /index.html HTTP/1.1" 200 10190
66.249.64.96 - - [02/Oct/2015:03:31:49 -0500] "GET /BLA/resoluciones/RESOLUCIONES%202008/0487a.pdf HTTP/1.1" 200 442315
66.249.64.101 - - [02/Oct/2015:03:31:59 -0500] "GET /BLA/resoluciones/RESOLUCIONES%202011/3587.pdf HTTP/1.1" 200 428659
66.249.64.96 - - [02/Oct/2015:03:32:05 -0500] "GET /BLA/resoluciones/AUTOS%202008/3282.pdf HTTP/1.1" 200 84834
66.249.64.101 - - [02/Oct/2015:03:32:09 -0500] "GET /BLA/resoluciones/RESOLUCIONES%202008/3850.pdf HTTP/1.1" 200 544797
66.249.64.106 - - [02/Oct/2015:03:32:19 -0500] "GET /BLA/resoluciones/RESOLUCIONES%202008/0997.pdf HTTP/1.1" 200 244985
66.249.64.96 - - [02/Oct/2015:03:32:29 -0500] "GET /BLA/resoluciones/RESOLUCIONES%202009/7948.pdf HTTP/1.1" 200 490905
66.249.64.96 - - [02/Oct/2015:03:32:39 -0500] "GET /BLA/resoluciones/AUTOS%202008/2266.pdf HTTP/1.1" 200 240007
74.86.158.107 - - [02/Oct/2015:03:32:41 -0500] "HEAD / HTTP/1.1" 200 -
66.249.64.106 - - [02/Oct/2015:03:32:49 -0500] "GET /BLA/resoluciones/AUTOS%202008/0492.pdf HTTP/1.1" 200 320852
66.249.64.96 - - [02/Oct/2015:03:33:00 -0500] "GET /BLA/resoluciones/RESOLUCIONES%202010/3285.pdf HTTP/1.1" 200 743145
201.245.192.253 - - [02/Oct/2015:03:33:04 -0500] "POST /forms/lservlet;jsessionid=ac16012b30d62e507505f2c64e898405c7619f87fb44.e3iSbxaKaheRe38Ka34Oa3eLbxf0n6jAmljGr5XDqQLvpAe HTTP/1.1" 200 2
66.249.64.101 - - [02/Oct/2015:03:33:10 -0500] "GET /BLA/resoluciones/AUTOS%202008/2765.pdf HTTP/1.1" 200 110256
66.249.64.96 - - [02/Oct/2015:03:33:20 -0500] "GET /BLA/resoluciones/AUTOS%202008/0747.pdf HTTP/1.1" 200 85566
66.249.64.106 - - [02/Oct/2015:03:33:30 -0500] "GET /BLA/resoluciones/RESOLUCIONES%202010/0826.pdf HTTP/1.1" 200 113946
66.249.64.96 - - [02/Oct/2015:03:33:40 -0500] "GET /BLA/resoluciones/RESOLUCIONES%202010/0212.pdf HTTP/1.1" 200 598873
66.249.64.101 - - [02/Oct/2015:03:33:50 -0500] "GET /BLA/resoluciones/RESOLUCIONES%202009/7289.pdf HTTP/1.1" 200 301925
66.249.64.96 - - [02/Oct/2015:03:34:00 -0500] "GET /BLA/resoluciones/AUTOS%202008/2204.pdf HTTP/1.1" 200 85182
66.249.64.101 - - [02/Oct/2015:03:34:11 -0500] "GET /BLA/resoluciones/RESOLUCIONES%202009/3585.pdf HTTP/1.1" 200 154962
66.249.64.96 - - [02/Oct/2015:03:34:21 -0500] "GET /BLA/resoluciones/AUTOS%202008/1687.pdf HTTP/1.1" 200 281946
66.249.64.106 - - [02/Oct/2015:03:34:31 -0500] "GET /BLA/resoluciones/AUTOS%202008/1570.pdf HTTP/1.1" 200 114130
66.249.64.106 - - [02/Oct/2015:03:34:34 -0500] "GET /BLA/resoluciones/RESOLUCIONES%202009/3441.pdf HTTP/1.1" 200 333275
66.249.64.101 - - [02/Oct/2015:03:34:40 -0500] "GET /BLA/resoluciones/RESOLUCIONES%202009/6391.pdf HTTP/1.1" 200 480621
66.249.64.106 - - [02/Oct/2015:03:34:41 -0500] "GET /BLA/resoluciones/RESOLUCIONES%202009/8924.pdf HTTP/1.1" 200 276871
66.249.64.101 - - [02/Oct/2015:03:34:42 -0500] "GET /BLA/resoluciones/AUTOS%202011/4841.pdf HTTP/1.1" 200 168107
66.249.64.106 - - [02/Oct/2015:03:34:46 -0500] "GET /BLA/resoluciones/RESOLUCIONES%202008/2957.pdf HTTP/1.1" 200 217133
66.249.64.106 - - [02/Oct/2015:03:34:51 -0500] "GET /BLA/resoluciones/AUTOS%202013/1017.pdf HTTP/1.1" 200 3051801
66.249.64.106 - - [02/Oct/2015:03:35:01 -0500] "GET /BLA/resoluciones/RESOLUCIONES%202011/1227.pdf HTTP/1.1" 200 521942
201.245.192.253 - - [02/Oct/2015:03:35:05 -0500] "POST /forms/lservlet;jsessionid=ac16012b30d62e507505f2c64e898405c7619f87fb44.e3iSbxaKaheRe38Ka34Oa3eLbxf0n6jAmljGr5XDqQLvpAe HTTP/1.1" 200 2
66.249.64.106 - - [02/Oct/2015:03:35:11 -0500] "GET /BLA/resoluciones/RESOLUCIONES%202010/2815.pdf HTTP/1.1" 200 291065
66.249.64.106 - - [02/Oct/2015:03:35:22 -0500] "GET /BLA/resoluciones/Notificaciones/AUTOS%202014/2775.doc HTTP/1.1" 200 238080
66.249.64.96 - - [02/Oct/2015:03:35:32 -0500] "GET /BLA/resoluciones/RESOLUCIONES%202009/0773.pdf HTTP/1.1" 200 484011
66.249.64.101 - - [02/Oct/2015:03:35:42 -0500] "GET /BLA/resoluciones/AUTOS%202010/6261.pdf HTTP/1.1" 200 150243
66.249.64.101 - - [02/Oct/2015:03:35:52 -0500] "GET /BLA/resoluciones/RESOLUCIONES%202012/1491.pdf HTTP/1.1" 200 3970144
66.249.64.106 - - [02/Oct/2015:03:36:02 -0500] "GET /BLA/resoluciones/RESOLUCIONES%202012/1142.pdf HTTP/1.1" 200 682270
66.249.64.96 - - [02/Oct/2015:03:36:12 -0500] "GET /BLA/resoluciones/AUTOS%202013/1393.pdf HTTP/1.1" 200 2204493
66.249.64.96 - - [02/Oct/2015:03:36:22 -0500] "GET /BLA/resoluciones/AUTOS%202011/7069.pdf HTTP/1.1" 200 303128
66.249.64.106 - - [02/Oct/2015:03:36:33 -0500] "GET /BLA/resoluciones/RESOLUCIONES%202012/1458.pdf HTTP/1.1" 200 1417962
66.249.64.106 - - [02/Oct/2015:03:36:43 -0500] "GET /BLA/resoluciones/AUTOS%202013/2511.pdf HTTP/1.1" 200 758566
66.249.64.106 - - [02/Oct/2015:03:36:53 -0500] "GET /BLA/resoluciones/RESOLUCIONES%202009/3431.pdf HTTP/1.1" 200 657699
66.249.64.96 - - [02/Oct/2015:03:37:03 -0500] "GET /BLA/resoluciones/Notificaciones/AUTOS%202014/3206.doc HTTP/1.1" 200 101888
201.245.192.253 - - [02/Oct/2015:03:37:05 -0500] "POST /forms/lservlet;jsessionid=ac16012b30d62e507505f2c64e898405c7619f87fb44.e3iSbxaKaheRe38Ka34Oa3eLbxf0n6jAmljGr5XDqQLvpAe HTTP/1.1" 200 2
66.249.64.106 - - [02/Oct/2015:03:37:13 -0500] "GET /BLA/resoluciones/AUTOS%202008/0811.pdf HTTP/1.1" 304 -
66.249.64.96 - - [02/Oct/2015:03:37:23 -0500] "GET /BLA/resoluciones/RESOLUCIONES%202010/0260.pdf HTTP/1.1" 304 -
66.249.64.106 - - [02/Oct/2015:03:37:34 -0500] "GET /BLA/resoluciones/RESOLUCIONES%202009/6824.pdf HTTP/1.1" 200 416926
74.86.158.107 - - [02/Oct/2015:03:37:41 -0500] "HEAD / HTTP/1.1" 200 -
66.249.64.96 - - [02/Oct/2015:03:37:44 -0500] "GET /BLA/resoluciones/RESOLUCIONES%202010/0924.pdf HTTP/1.1" 304 -
66.249.64.106 - - [02/Oct/2015:03:37:54 -0500] "GET /BLA/resoluciones/RESOLUCIONES%202010/4731.pdf HTTP/1.1" 304 -
66.249.64.96 - - [02/Oct/2015:03:38:04 -0500] "GET /BLA/resoluciones/RESOLUCIONES%202013/0404.pdf HTTP/1.1" 200 1509317
66.249.64.106 - - [02/Oct/2015:03:38:10 -0500] "GET /BLA/resoluciones/RESOLUCIONES%202009/5190.pdf HTTP/1.1" 200 202883
66.249.64.101 - - [02/Oct/2015:03:38:14 -0500] "GET /BLA/resoluciones/AUTOS%202007/2728.pdf HTTP/1.1" 304 -
66.249.64.248 - - [02/Oct/2015:03:38:24 -0500] "GET /SIG/Gesti%C3%B3n%20Jur%C3%ADdica/126PA05-PR06.pdf HTTP/1.1" 304 -
66.249.64.101 - - [02/Oct/2015:03:38:35 -0500] "GET /BLA/resoluciones/RESOLUCIONES%202008/3682.pdf HTTP/1.1" 200 1371904
66.249.64.106 - - [02/Oct/2015:03:38:45 -0500] "GET /BLA/resoluciones/AUTOS%202011/1972.pdf HTTP/1.1" 200 420863
201.245.192.253 - - [02/Oct/2015:03:39:05 -0500] "POST /forms/lservlet;jsessionid=ac16012b30d62e507505f2c64e898405c7619f87fb44.e3iSbxaKaheRe38Ka34Oa3eLbxf0n6jAmljGr5XDqQLvpAe HTTP/1.1" 200 2
194.224.219.192 - - [02/Oct/2015:03:39:11 -0500] "GET /galeria/galeria/jquery.fancybox.js?v=2.1.5 HTTP/1.1" 304 -
194.224.219.192 - - [02/Oct/2015:03:39:11 -0500] "GET /galeria/galeria/jquery.fancybox.css?v=2.1.5 HTTP/1.1" 304 -
194.224.219.192 - - [02/Oct/2015:03:39:11 -0500] "GET /BLA/boletinlegal/js/jquery.scrollShow.js HTTP/1.1" 304 -
66.249.64.106 - - [02/Oct/2015:03:39:15 -0500] "GET /autoliquidacion/TR%C3%81MITES%20MINER%C3%8DA/Aplicativo.html HTTP/1.1" 200 359
66.249.64.101 - - [02/Oct/2015:03:39:25 -0500] "GET /BLA/resoluciones/RESOLUCIONES%202009/9628.pdf HTTP/1.1" 200 105690
66.249.64.96 - - [02/Oct/2015:03:39:35 -0500] "GET /BLA/resoluciones/RESOLUCIONES%202007/RES%202007%202801%20AL%202900/RESOLUCION%202872%20DE%202007.pdf HTTP/1.1" 200 1131246
66.249.64.106 - - [02/Oct/2015:03:39:46 -0500] "GET /BLA/resoluciones/RESOLUCIONES%202009/0258.pdf HTTP/1.1" 200 378791
66.249.64.106 - - [02/Oct/2015:03:39:46 -0500] "GET /BLA/resoluciones/RESOLUCIONES%202008/5610.pdf HTTP/1.1" 200 277389
66.249.64.106 - - [02/Oct/2015:03:39:50 -0500] "GET /BLA/resoluciones/RESOLUCIONES%202010/1586.pdf HTTP/1.1" 200 454991
66.249.64.101 - - [02/Oct/2015:03:39:56 -0500] "GET /BLA/resoluciones/AUTOS%202008/2682.pdf HTTP/1.1" 200 181503
66.249.64.106 - - [02/Oct/2015:03:40:06 -0500] "GET /BLA/resoluciones/RESOLUCIONES%202008/4649.pdf HTTP/1.1" 200 588779
66.249.64.106 - - [02/Oct/2015:03:40:16 -0500] "GET /BLA/resoluciones/RESOLUCIONES%202008/5232.pdf HTTP/1.1" 200 331655
66.249.64.96 - - [02/Oct/2015:03:40:26 -0500] "GET /BLA/resoluciones/AUTOS%202011/4270.pdf HTTP/1.1" 200 336635
66.249.64.101 - - [02/Oct/2015:03:40:32 -0500] "GET /BLA/resoluciones/RESOLUCIONES%202009/1905.pdf HTTP/1.1" 200 505741
66.249.64.101 - - [02/Oct/2015:03:40:36 -0500] "GET /BLA/resoluciones/AUTOS%202008/0701.pdf HTTP/1.1" 200 197628
66.249.64.106 - - [02/Oct/2015:03:40:43 -0500] "GET /BLA/resoluciones/RESOLUCIONES%202008/0487a.pdf HTTP/1.1" 200 442315
66.249.64.96 - - [02/Oct/2015:03:40:46 -0500] "GET /BLA/resoluciones/AUTOS%202008/0554.pdf HTTP/1.1" 200 307696
66.249.64.96 - - [02/Oct/2015:03:40:57 -0500] "GET /BLA/resoluciones/AUTOS%202008/3360.pdf HTTP/1.1" 200 101466
201.245.192.253 - - [02/Oct/2015:03:41:05 -0500] "POST /forms/lservlet;jsessionid=ac16012b30d62e507505f2c64e898405c7619f87fb44.e3iSbxaKaheRe38Ka34Oa3eLbxf0n6jAmljGr5XDqQLvpAe HTTP/1.1" 200 2
66.249.64.96 - - [02/Oct/2015:03:41:07 -0500] "GET /BLA/resoluciones/RESOLUCIONES%202011/2321.pdf HTTP/1.1" 200 506293
66.249.64.101 - - [02/Oct/2015:03:41:17 -0500] "GET /BLA/resoluciones/RESOLUCIONES%202010/1569.pdf HTTP/1.1" 200 501179
66.249.64.96 - - [02/Oct/2015:03:41:27 -0500] "GET /BLA/resoluciones/RESOLUCIONES%202009/7467.pdf HTTP/1.1" 200 713121
66.249.64.101 - - [02/Oct/2015:03:41:37 -0500] "GET /BLA/resoluciones/AUTOS%202008/0141.pdf HTTP/1.1" 200 193364
66.249.64.96 - - [02/Oct/2015:03:41:47 -0500] "GET /BLA/resoluciones/AUTOS%202007/3367.pdf HTTP/1.1" 200 335537
66.249.64.106 - - [02/Oct/2015:03:41:58 -0500] "GET /BLA/resoluciones/AUTOS%202008/0538.pdf HTTP/1.1" 200 94504
66.249.64.96 - - [02/Oct/2015:03:42:07 -0500] "GET /BLA/resoluciones/RESOLUCIONES%202008/5210.pdf HTTP/1.1" 200 42573
66.249.64.101 - - [02/Oct/2015:03:42:08 -0500] "GET /BLA/resoluciones/RESOLUCIONES%202011/5274.pdf HTTP/1.1" 200 512867
66.249.64.106 - - [02/Oct/2015:03:42:18 -0500] "GET /BLA/resoluciones/AUTOS%202008/1290.pdf HTTP/1.1" 200 147337
66.249.64.101 - - [02/Oct/2015:03:42:26 -0500] "GET /BLA/resoluciones/RESOLUCIONES%202010/1631.pdf HTTP/1.1" 200 441617
66.249.64.106 - - [02/Oct/2015:03:42:28 -0500] "GET /BLA/resoluciones/RESOLUCIONES%202011/1061.pdf HTTP/1.1" 200 342543
66.249.64.96 - - [02/Oct/2015:03:42:38 -0500] "GET /BLA/resoluciones/RESOLUCIONES%202010/4381.pdf HTTP/1.1" 200 498515
74.86.158.107 - - [02/Oct/2015:03:42:41 -0500] "HEAD / HTTP/1.1" 200 -
66.249.64.101 - - [02/Oct/2015:03:42:48 -0500] "GET /BLA/resoluciones/RESOLUCIONES%202008/1705.pdf HTTP/1.1" 200 252676
157.55.39.225 - - [02/Oct/2015:03:42:53 -0500] "GET /robots.txt HTTP/1.1" 301 334
66.249.64.106 - - [02/Oct/2015:03:42:58 -0500] "GET /BLA/resoluciones/AUTOS%202008/0299.pdf HTTP/1.1" 200 95458
66.249.64.96 - - [02/Oct/2015:03:43:00 -0500] "GET /BLA/resoluciones/RESOLUCIONES%202009/8796.pdf HTTP/1.1" 200 512979
66.249.64.96 - - [02/Oct/2015:03:43:05 -0500] "GET /BLA/resoluciones/RESOLUCIONES%202008/1687.pdf HTTP/1.1" 200 222874
201.245.192.253 - - [02/Oct/2015:03:43:05 -0500] "POST /forms/lservlet;jsessionid=ac16012b30d62e507505f2c64e898405c7619f87fb44.e3iSbxaKaheRe38Ka34Oa3eLbxf0n6jAmljGr5XDqQLvpAe HTTP/1.1" 200 2
66.249.64.96 - - [02/Oct/2015:03:43:08 -0500] "GET /BLA/resoluciones/AUTOS%202008/1744.pdf HTTP/1.1" 200 177084
66.249.64.96 - - [02/Oct/2015:03:43:19 -0500] "GET /BLA/resoluciones/AUTOS%202008/1684.pdf HTTP/1.1" 200 180439
66.249.64.96 - - [02/Oct/2015:03:43:29 -0500] "GET /BLA/resoluciones/RESOLUCIONES%202009/9457.pdf HTTP/1.1" 200 367382
157.55.39.245 - - [02/Oct/2015:03:43:39 -0500] "GET /dama/libreria/php/decide.php?patron=04.0104 HTTP/1.1" 404 1019
66.249.64.101 - - [02/Oct/2015:03:43:39 -0500] "GET /BLA/resoluciones/AUTOS%202008/2068.pdf HTTP/1.1" 200 83633
66.249.64.101 - - [02/Oct/2015:03:43:49 -0500] "GET /BLA/resoluciones/RESOLUCIONES%202009/7482.pdf HTTP/1.1" 200 494385
66.249.64.106 - - [02/Oct/2015:03:43:59 -0500] "GET /BLA/resoluciones/RESOLUCIONES%202011/0015.pdf HTTP/1.1" 200 293115
66.249.64.96 - - [02/Oct/2015:03:44:09 -0500] "GET /BLA/resoluciones/AUTOS%202008/0242.pdf HTTP/1.1" 200 103371
66.249.64.101 - - [02/Oct/2015:03:44:12 -0500] "GET /BLA/resoluciones/RESOLUCIONES%202009/7979.pdf HTTP/1.1" 200 343959
66.249.64.106 - - [02/Oct/2015:03:44:20 -0500] "GET /BLA/resoluciones/AUTOS%202008/0785.pdf HTTP/1.1" 200 175196
66.249.64.106 - - [02/Oct/2015:03:44:30 -0500] "GET /BLA/resoluciones/AUTOS%202008/2020.pdf HTTP/1.1" 200 87267
66.249.64.106 - - [02/Oct/2015:03:44:40 -0500] "GET /BLA/resoluciones/AUTOS%202008/2901.pdf HTTP/1.1" 200 153616
66.249.64.101 - - [02/Oct/2015:03:44:50 -0500] "GET /BLA/resoluciones/AUTOS%202008/0362.pdf HTTP/1.1" 200 408669
66.249.64.106 - - [02/Oct/2015:03:45:00 -0500] "GET /BLA/resoluciones/RESOLUCIONES%202009/7781.pdf HTTP/1.1" 200 495645
66.249.64.96 - - [02/Oct/2015:03:45:04 -0500] "GET /BLA/resoluciones/RESOLUCIONES%202009/2391.pdf HTTP/1.1" 200 400893
66.249.64.101 - - [02/Oct/2015:03:45:05 -0500] "GET /BLA/resoluciones/RESOLUCIONES%202008/5426.pdf HTTP/1.1" 200 379548
201.245.192.253 - - [02/Oct/2015:03:45:06 -0500] "POST /forms/lservlet;jsessionid=ac16012b30d62e507505f2c64e898405c7619f87fb44.e3iSbxaKaheRe38Ka34Oa3eLbxf0n6jAmljGr5XDqQLvpAe HTTP/1.1" 200 2
66.249.64.106 - - [02/Oct/2015:03:45:10 -0500] "GET /BLA/resoluciones/RESOLUCIONES%202010/3849.pdf HTTP/1.1" 304 -
66.249.64.101 - - [02/Oct/2015:03:45:11 -0500] "GET /BLA/resoluciones/RESOLUCIONES%202009/6466.pdf HTTP/1.1" 200 57366
66.249.64.106 - - [02/Oct/2015:03:45:20 -0500] "GET /BLA/resoluciones/RESOLUCIONES%202009/1335.pdf HTTP/1.1" 200 418603
66.249.64.106 - - [02/Oct/2015:03:45:31 -0500] "GET /BLA/resoluciones/AUTOS%202008/1265.pdf HTTP/1.1" 200 80933
66.249.64.101 - - [02/Oct/2015:03:45:41 -0500] "GET /BLA/resoluciones/RESOLUCIONES%202009/2835.pdf HTTP/1.1" 200 720023
66.249.64.101 - - [02/Oct/2015:03:45:51 -0500] "GET /BLA/resoluciones/AUTOS%202007/2503.pdf HTTP/1.1" 200 108483
66.249.64.96 - - [02/Oct/2015:03:46:01 -0500] "GET /BLA/resoluciones/RESOLUCIONES%202009/0942.pdf HTTP/1.1" 200 464775
66.249.64.106 - - [02/Oct/2015:03:46:11 -0500] "GET /BLA/resoluciones/RESOLUCIONES%202010/4802.pdf HTTP/1.1" 200 378666
66.249.64.96 - - [02/Oct/2015:03:46:21 -0500] "GET /BLA/resoluciones/RESOLUCIONES%202008/0304.pdf HTTP/1.1" 200 46278
66.249.64.106 - - [02/Oct/2015:03:46:32 -0500] "GET /BLA/resoluciones/AUTOS%202008/1246.pdf HTTP/1.1" 200 71641
66.249.64.101 - - [02/Oct/2015:03:46:42 -0500] "GET /BLA/resoluciones/RESOLUCIONES%202009/8565.pdf HTTP/1.1" 200 752102
62.14.228.88 - - [02/Oct/2015:03:46:47 -0500] "GET /BLA/boletinlegal/js/jquery.scrollShow.js HTTP/1.1" 304 -
62.14.228.88 - - [02/Oct/2015:03:46:47 -0500] "GET /galeria/galeria/jquery.fancybox.css?v=2.1.5 HTTP/1.1" 304 -
62.14.228.88 - - [02/Oct/2015:03:46:47 -0500] "GET /galeria/galeria/jquery.fancybox.js?v=2.1.5 HTTP/1.1" 304 -
66.249.64.101 - - [02/Oct/2015:03:46:52 -0500] "GET /BLA/resoluciones/AUTOS%202007/2114.pdf HTTP/1.1" 200 75928
66.249.64.101 - - [02/Oct/2015:03:47:02 -0500] "GET /BLA/resoluciones/RESOLUCIONES%202008/1307.pdf HTTP/1.1" 200 1113834
201.245.192.253 - - [02/Oct/2015:03:47:06 -0500] "POST /forms/lservlet;jsessionid=ac16012b30d62e507505f2c64e898405c7619f87fb44.e3iSbxaKaheRe38Ka34Oa3eLbxf0n6jAmljGr5XDqQLvpAe HTTP/1.1" 200 2
66.249.64.106 - - [02/Oct/2015:03:47:12 -0500] "GET /BLA/resoluciones/AUTOS%202008/1707.pdf HTTP/1.1" 200 155602
66.249.64.106 - - [02/Oct/2015:03:47:22 -0500] "GET /BLA/resoluciones/AUTOS%202008/2787.pdf HTTP/1.1" 200 105580
66.249.64.101 - - [02/Oct/2015:03:47:28 -0500] "GET /BLA/resoluciones/RESOLUCIONES%202009/8111.pdf HTTP/1.1" 200 517444
66.249.64.96 - - [02/Oct/2015:03:47:32 -0500] "GET /BLA/resoluciones/RESOLUCIONES%202011/2149.pdf HTTP/1.1" 200 514597
66.249.64.101 - - [02/Oct/2015:03:47:35 -0500] "GET /BLA/resoluciones/RESOLUCIONES%202012/1539.pdf HTTP/1.1" 200 320635
74.86.158.107 - - [02/Oct/2015:03:47:41 -0500] "HEAD / HTTP/1.1" 200 -
66.249.64.101 - - [02/Oct/2015:03:47:43 -0500] "GET /BLA/resoluciones/RESOLUCIONES%202010/1333.pdf HTTP/1.1" 200 353310
66.249.64.101 - - [02/Oct/2015:03:47:53 -0500] "GET /BLA/resoluciones/AUTOS%202008/0008.pdf HTTP/1.1" 200 78177
66.249.64.106 - - [02/Oct/2015:03:47:54 -0500] "GET /BLA/resoluciones/RESOLUCIONES%202009/1601.pdf HTTP/1.1" 200 607663
66.249.64.101 - - [02/Oct/2015:03:48:03 -0500] "GET /BLA/resoluciones/RESOLUCIONES%202008/4528.pdf HTTP/1.1" 200 350303
66.249.64.106 - - [02/Oct/2015:03:48:13 -0500] "GET /BLA/resoluciones/RESOLUCIONES%202009/4950.pdf HTTP/1.1" 200 465068
66.249.64.96 - - [02/Oct/2015:03:48:23 -0500] "GET /BLA/resoluciones/RESOLUCIONES%202010/4065.pdf HTTP/1.1" 200 488145
66.249.64.96 - - [02/Oct/2015:03:48:33 -0500] "GET /BLA/resoluciones/RESOLUCIONES%202010/7063.pdf HTTP/1.1" 200 984886
66.249.64.101 - - [02/Oct/2015:03:48:44 -0500] "GET /BLA/resoluciones/AUTOS%202008/1830.pdf HTTP/1.1" 200 158190
66.249.64.101 - - [02/Oct/2015:03:48:54 -0500] "GET /BLA/resoluciones/RESOLUCIONES%202010/2620.pdf HTTP/1.1" 200 337656
66.249.64.101 - - [02/Oct/2015:03:49:04 -0500] "GET /BLA/resoluciones/RESOLUCIONES%202011/1340.pdf HTTP/1.1" 200 66791
201.245.192.253 - - [02/Oct/2015:03:49:06 -0500] "POST /forms/lservlet;jsessionid=ac16012b30d62e507505f2c64e898405c7619f87fb44.e3iSbxaKaheRe38Ka34Oa3eLbxf0n6jAmljGr5XDqQLvpAe HTTP/1.1" 200 2
66.249.64.106 - - [02/Oct/2015:03:49:14 -0500] "GET /BLA/resoluciones/RESOLUCIONES%202009/1661.pdf HTTP/1.1" 200 394019
66.249.64.106 - - [02/Oct/2015:03:49:24 -0500] "GET /BLA/resoluciones/RESOLUCIONES%202008/5104.pdf HTTP/1.1" 200 462919
66.249.64.96 - - [02/Oct/2015:03:49:34 -0500] "GET /BLA/resoluciones/RESOLUCIONES%202011/0510.pdf HTTP/1.1" 200 422888
66.249.64.101 - - [02/Oct/2015:03:49:44 -0500] "GET /BLA/resoluciones/RESOLUCIONES%202009/6643.pdf HTTP/1.1" 200 477991
66.249.64.96 - - [02/Oct/2015:03:49:51 -0500] "GET /BLA/resoluciones/RESOLUCIONES%202009/9709.pdf HTTP/1.1" 200 334800
66.249.64.106 - - [02/Oct/2015:03:49:55 -0500] "GET /BLA/resoluciones/RESOLUCIONES%202008/4287.pdf HTTP/1.1" 200 420847
66.249.64.106 - - [02/Oct/2015:03:50:05 -0500] "GET /BLA/resoluciones/AUTOS%202010/0053.pdf HTTP/1.1" 200 164688
66.249.64.101 - - [02/Oct/2015:03:50:11 -0500] "GET /BLA/resoluciones/AUTOS%202009/0612.pdf HTTP/1.1" 200 122654
66.249.64.101 - - [02/Oct/2015:03:50:15 -0500] "GET /BLA/resoluciones/RESOLUCIONES%202009/8668.pdf HTTP/1.1" 200 611077
66.249.64.101 - - [02/Oct/2015:03:50:25 -0500] "GET /BLA/resoluciones/AUTOS%202008/0504.pdf HTTP/1.1" 200 68597
66.249.64.96 - - [02/Oct/2015:03:50:35 -0500] "GET /BLA/resoluciones/RESOLUCIONES%202008/4444.pdf HTTP/1.1" 200 27358
66.249.64.106 - - [02/Oct/2015:03:50:45 -0500] "GET /BLA/resoluciones/AUTOS%202011/1311.pdf HTTP/1.1" 200 127071
66.249.64.106 - - [02/Oct/2015:03:50:55 -0500] "GET /BLA/resoluciones/AUTOS%202008/2192.pdf HTTP/1.1" 200 79505
66.249.64.101 - - [02/Oct/2015:03:51:06 -0500] "GET /BLA/resoluciones/AUTOS%202008/2922.pdf HTTP/1.1" 200 65213
201.245.192.253 - - [02/Oct/2015:03:51:06 -0500] "POST /forms/lservlet;jsessionid=ac16012b30d62e507505f2c64e898405c7619f87fb44.e3iSbxaKaheRe38Ka34Oa3eLbxf0n6jAmljGr5XDqQLvpAe HTTP/1.1" 200 2
66.249.64.96 - - [02/Oct/2015:03:51:16 -0500] "GET /BLA/resoluciones/AUTOS%202008/2665.pdf HTTP/1.1" 200 73250
66.249.64.106 - - [02/Oct/2015:03:51:26 -0500] "GET /BLA/resoluciones/AUTOS%202008/0680.pdf HTTP/1.1" 200 223231
190.26.96.114 - - [02/Oct/2015:03:51:26 -0500] "GET /galeria/nivo-slider/demo/images/simulacro-nacional.jpg HTTP/1.1" 304 -
190.26.96.114 - - [02/Oct/2015:03:51:36 -0500] "GET /galeria/nivo-slider/demo/images/simulacro-busqueda-rescate-urbano.jpg HTTP/1.1" 304 -
66.249.64.96 - - [02/Oct/2015:03:51:36 -0500] "GET /BLA/resoluciones/RESOLUCIONES%202011/6224.pdf HTTP/1.1" 200 1064678
66.249.64.101 - - [02/Oct/2015:03:51:46 -0500] "GET /BLA/resoluciones/AUTOS%202008/3373.pdf HTTP/1.1" 200 161184
66.249.64.101 - - [02/Oct/2015:03:51:49 -0500] "GET /BLA/resoluciones/AUTOS%202006/AUTOS%202006%202801%20-%202900/00002880.tif HTTP/1.1" 200 151958
66.249.64.101 - - [02/Oct/2015:03:51:56 -0500] "GET /BLA/resoluciones/RESOLUCIONES%202007/RES%202007%202501%20AL%202600/RESOLUCION%202558%20DE%202007.pdf HTTP/1.1" 200 153412
183.57.152.36 - - [02/Oct/2015:03:51:59 -0500] "-" 408 -
183.57.152.36 - - [02/Oct/2015:03:51:59 -0500] "-" 408 -
183.57.152.36 - - [02/Oct/2015:03:51:59 -0500] "-" 408 -
183.57.152.36 - - [02/Oct/2015:03:51:59 -0500] "-" 408 -
183.57.152.36 - - [02/Oct/2015:03:51:59 -0500] "-" 408 -
183.57.152.36 - - [02/Oct/2015:03:51:59 -0500] "-" 408 -
66.249.64.96 - - [02/Oct/2015:03:52:07 -0500] "GET /BLA/resoluciones/RESOLUCIONES%202010/1164.pdf HTTP/1.1" 200 97255
66.249.64.106 - - [02/Oct/2015:03:52:14 -0500] "GET /BLA/resoluciones/RESOLUCIONES%202008/4148.pdf HTTP/1.1" 200 202627
66.249.64.106 - - [02/Oct/2015:03:52:17 -0500] "GET /BLA/resoluciones/AUTOS%202009/2953.pdf HTTP/1.1" 200 186071
66.249.64.101 - - [02/Oct/2015:03:52:20 -0500] "GET /BLA/resoluciones/RESOLUCIONES%202009/0818.pdf HTTP/1.1" 200 67362
66.249.64.96 - - [02/Oct/2015:03:52:27 -0500] "GET /BLA/resoluciones/AUTOS%202009/1838.pdf HTTP/1.1" 200 102218
66.249.64.101 - - [02/Oct/2015:03:52:37 -0500] "GET /BLA/resoluciones/AUTOS%202008/2789.pdf HTTP/1.1" 200 134253
74.86.158.107 - - [02/Oct/2015:03:52:41 -0500] "HEAD / HTTP/1.1" 200 -
66.249.64.96 - - [02/Oct/2015:03:52:47 -0500] "GET /BLA/resoluciones/AUTOS%202009/3130.pdf HTTP/1.1" 200 165076
66.249.64.106 - - [02/Oct/2015:03:52:47 -0500] "GET /BLA/resoluciones/RESOLUCIONES%202010/2681.pdf HTTP/1.1" 200 374786
66.249.64.106 - - [02/Oct/2015:03:52:57 -0500] "GET /BLA/resoluciones/RESOLUCIONES%202008/0294.pdf HTTP/1.1" 200 274229
201.245.192.253 - - [02/Oct/2015:03:53:07 -0500] "POST /forms/lservlet;jsessionid=ac16012b30d62e507505f2c64e898405c7619f87fb44.e3iSbxaKaheRe38Ka34Oa3eLbxf0n6jAmljGr5XDqQLvpAe HTTP/1.1" 200 2
66.249.64.101 - - [02/Oct/2015:03:53:07 -0500] "GET /BLA/resoluciones/AUTOS%202008/1605.pdf HTTP/1.1" 200 63023
