66.249.64.101 - - [02/Oct/2015:02:43:11 -0500] "GET /BLA/resoluciones/RESOLUCIONES%202008/4440.pdf HTTP/1.1" 200 587130
157.55.2.130 - - [02/Oct/2015:02:43:11 -0500] "GET /galeria/nivo-slider/themes/default/default.css HTTP/1.1" 200 1569
157.55.2.130 - - [02/Oct/2015:02:43:11 -0500] "GET /galeria/nivo-slider/themes/pascal/pascal.css HTTP/1.1" 200 2258
157.55.2.130 - - [02/Oct/2015:02:43:12 -0500] "GET /galeria/nivo-slider/themes/orman/orman.css HTTP/1.1" 200 2152
157.55.2.130 - - [02/Oct/2015:02:43:12 -0500] "GET /galeria/nivo-slider/demo/style.css HTTP/1.1" 200 2222
157.55.2.130 - - [02/Oct/2015:02:43:12 -0500] "GET /galeria/nivo-slider/nivo-slider.css HTTP/1.1" 200 1507
157.55.2.130 - - [02/Oct/2015:02:43:12 -0500] "GET /galeria/nivo-slider/demo/scripts/jquery-1.7.1.min.js HTTP/1.1" 200 93868
157.55.2.130 - - [02/Oct/2015:02:43:14 -0500] "GET /galeria/nivo-slider/jquery.nivo.slider.pack.js HTTP/1.1" 200 11561
68.180.230.190 - - [02/Oct/2015:02:43:18 -0500] "GET /BLA/boletinlegal/Circulares/2011/Circular%20No.%203%20del%2023%20de%20Junio%20de%202011.pdf HTTP/1.1" 304 -
144.76.100.150 - - [02/Oct/2015:02:43:24 -0500] "HEAD / HTTP/1.1" 200 -
66.249.64.106 - - [02/Oct/2015:02:43:27 -0500] "GET /BLA/resoluciones/AUTOS%202008/1040.pdf HTTP/1.1" 200 177971
68.180.230.190 - - [02/Oct/2015:02:43:31 -0500] "GET /BLA/boletinlegal/Circulares/2013/Circular%20No.%205%20del%2013%20de%20junio%20de%202013.pdf HTTP/1.1" 304 -
66.249.64.106 - - [02/Oct/2015:02:43:43 -0500] "GET /BLA/resoluciones/RESOLUCIONES%202009/4324.pdf HTTP/1.1" 200 2768199
66.249.64.96 - - [02/Oct/2015:02:43:46 -0500] "GET /BLA/resoluciones/RESOLUCIONES%202009/4049.pdf HTTP/1.1" 200 465975
66.249.64.96 - - [02/Oct/2015:02:43:59 -0500] "GET /BLA/resoluciones/RESOLUCIONES%202009/4125.pdf HTTP/1.1" 200 780547
68.180.230.190 - - [02/Oct/2015:02:44:14 -0500] "GET /BLA/boletinlegal/Circulares/2012/Circular%20No.%2012%20del%2028%20de%20Agosto%20de%202012.pdf HTTP/1.1" 200 369945
66.249.64.96 - - [02/Oct/2015:02:44:15 -0500] "GET /BLA/resoluciones/AUTOS%202007/2996.pdf HTTP/1.1" 200 149367
68.180.230.190 - - [02/Oct/2015:02:44:18 -0500] "GET /BLA/boletinlegal/Directivas/2014/Directiva%20No.%203%20del%2020%20de%20Mayo%20de%202014.pdf HTTP/1.1" 200 504420
68.180.230.190 - - [02/Oct/2015:02:44:20 -0500] "GET /BLA/boletinlegal/Directivas/2015/Directiva%20No.%2001%20del%2014%20de%20Enero%20de%202015.pdf HTTP/1.1" 200 1416322
68.180.230.190 - - [02/Oct/2015:02:44:22 -0500] "GET /BLA/boletinlegal/Circulares/2012/Circular%20No.%206%20del%2025%20de%20Mayo%20de%202012.pdf HTTP/1.1" 304 -
66.249.64.106 - - [02/Oct/2015:02:44:30 -0500] "GET /BLA/resoluciones/RESOLUCIONES%202008/1066.pdf HTTP/1.1" 200 571389
66.249.64.96 - - [02/Oct/2015:02:44:46 -0500] "GET /BLA/resoluciones/AUTOS%202009/2049.pdf HTTP/1.1" 200 105458
68.180.230.190 - - [02/Oct/2015:02:44:47 -0500] "GET /BLA/boletinlegal/Circulares/2009/Circular%20No.%2035%20del%2024%20de%20Diciembre%20de%202009.pdf HTTP/1.1" 200 578234
201.245.192.253 - - [02/Oct/2015:02:44:59 -0500] "POST /forms/lservlet;jsessionid=ac16012b30d62e507505f2c64e898405c7619f87fb44.e3iSbxaKaheRe38Ka34Oa3eLbxf0n6jAmljGr5XDqQLvpAe HTTP/1.1" 200 2
157.55.39.81 - - [02/Oct/2015:02:45:02 -0500] "GET /galeria/bibloteca/img/ajax-loader.gif HTTP/1.1" 200 9427
66.249.64.106 - - [02/Oct/2015:02:45:02 -0500] "GET /BLA/resoluciones/AUTOS%202007/1219.pdf HTTP/1.1" 200 113751
68.180.230.190 - - [02/Oct/2015:02:45:13 -0500] "GET /BLA/boletinlegal/Circulares/2013/Circular%20No.%204%20del%2005%20de%20junio%20de%202013.pdf HTTP/1.1" 200 130461
66.249.64.96 - - [02/Oct/2015:02:45:18 -0500] "GET /BLA/resoluciones/RESOLUCIONES%202009/2031.pdf HTTP/1.1" 200 311177
66.249.64.96 - - [02/Oct/2015:02:45:34 -0500] "GET /BLA/resoluciones/AUTOS%202008/1680.pdf HTTP/1.1" 200 233494
66.249.64.106 - - [02/Oct/2015:02:45:35 -0500] "GET /BLA/resoluciones/RESOLUCIONES%202011/2379.pdf HTTP/1.1" 200 753806
68.180.230.190 - - [02/Oct/2015:02:45:41 -0500] "GET /BLA/boletinlegal/Circulares/2010/Circular%2001%20de%2018%20de%20febrero%20de%202010.pdf HTTP/1.1" 304 -
68.180.230.190 - - [02/Oct/2015:02:45:48 -0500] "GET /BLA/boletinlegal/Circulares/2014/Circular%20No.%202%20del%2021%20de%20septiembre%20de%202014.pdf HTTP/1.1" 304 -
66.249.64.101 - - [02/Oct/2015:02:45:50 -0500] "GET /BLA/resoluciones/RESOLUCIONES%202009/0185.pdf HTTP/1.1" 200 263153
68.180.230.190 - - [02/Oct/2015:02:45:50 -0500] "GET /BLA/boletinlegal/Circulares/2009/Circular%20Instructiva%20-%20Memorando%202009IE24363.pdf HTTP/1.1" 304 -
68.180.230.190 - - [02/Oct/2015:02:46:02 -0500] "GET /BLA/boletinlegal/Circulares/2012/Circular%20No.%201%20del%2017%20de%20Enero%20de%202012.pdf HTTP/1.1" 304 -
200.14.232.148 - - [02/Oct/2015:02:46:05 -0500] "GET /BLA/boletinlegal/js/jquery.scrollShow.js HTTP/1.1" 200 4586
200.14.232.148 - - [02/Oct/2015:02:46:05 -0500] "GET /galeria/carrusel/Carrusel/jquery-ui-1.8.13.custom.min.js HTTP/1.1" 200 10800
200.14.232.148 - - [02/Oct/2015:02:46:05 -0500] "GET /galeria/galeria/jquery.fancybox.css?v=2.1.5 HTTP/1.1" 200 4895
200.14.232.148 - - [02/Oct/2015:02:46:05 -0500] "GET /galeria/galeria/jquery.fancybox.js?v=2.1.5 HTTP/1.1" 200 48706
200.14.232.148 - - [02/Oct/2015:02:46:05 -0500] "GET /galeria/carrusel/Carrusel/jquery.thumbnailScroller.css HTTP/1.1" 200 2066
200.14.232.148 - - [02/Oct/2015:02:46:05 -0500] "GET /galeria/nivo-slider/demo/demo.html HTTP/1.1" 200 3905
200.14.232.148 - - [02/Oct/2015:02:46:05 -0500] "GET /galeria/carrusel/Carrusel/jquery.thumbnailScroller.js HTTP/1.1" 200 8157
66.249.64.96 - - [02/Oct/2015:02:46:06 -0500] "GET /BLA/resoluciones/AUTOS%202007/2467.pdf HTTP/1.1" 200 94058
200.14.232.148 - - [02/Oct/2015:02:46:06 -0500] "GET /galeria/nivo-slider/themes/default/default.css HTTP/1.1" 200 1569
200.14.232.148 - - [02/Oct/2015:02:46:06 -0500] "GET /galeria/nivo-slider/themes/pascal/pascal.css HTTP/1.1" 200 2258
200.14.232.148 - - [02/Oct/2015:02:46:06 -0500] "GET /galeria/nivo-slider/themes/orman/orman.css HTTP/1.1" 200 2152
200.14.232.148 - - [02/Oct/2015:02:46:06 -0500] "GET /galeria/nivo-slider/nivo-slider.css HTTP/1.1" 200 1507
200.14.232.148 - - [02/Oct/2015:02:46:06 -0500] "GET /galeria/nivo-slider/demo/images/La-SDA-se-suma-a-la-Gran-Movilizacion.jpg HTTP/1.1" 200 92233
200.14.232.148 - - [02/Oct/2015:02:46:06 -0500] "GET /galeria/nivo-slider/demo/style.css HTTP/1.1" 200 2222
200.14.232.148 - - [02/Oct/2015:02:46:06 -0500] "GET /galeria/nivo-slider/demo/images/simulacro-nacional.jpg HTTP/1.1" 200 241925
200.14.232.148 - - [02/Oct/2015:02:46:06 -0500] "GET /galeria/nivo-slider/demo/images/simulacro-busqueda-rescate-urbano.jpg HTTP/1.1" 200 251375
200.14.232.148 - - [02/Oct/2015:02:46:06 -0500] "GET /galeria/nivo-slider/demo/images/Semana-PYBA.jpg HTTP/1.1" 200 103786
200.14.232.148 - - [02/Oct/2015:02:46:06 -0500] "GET /galeria/nivo-slider/demo/images/PREDAcamp.jpg HTTP/1.1" 200 295358
200.14.232.148 - - [02/Oct/2015:02:46:06 -0500] "GET /galeria/nivo-slider/demo/images/Plan-Quinquenal.jpg HTTP/1.1" 200 412438
200.14.232.148 - - [02/Oct/2015:02:46:07 -0500] "GET /galeria/nivo-slider/demo/images/banner-llantas2.jpg HTTP/1.1" 200 204644
200.14.232.148 - - [02/Oct/2015:02:46:07 -0500] "GET /galeria/nivo-slider/demo/images/9Signos.jpg HTTP/1.1" 200 81776
200.14.232.148 - - [02/Oct/2015:02:46:07 -0500] "GET /galeria/nivo-slider/demo/images/Comparendo-ambiental-Banner.jpg HTTP/1.1" 200 83731
200.14.232.148 - - [02/Oct/2015:02:46:07 -0500] "GET /galeria/nivo-slider/demo/images/Ruta-vertimientos-01.jpg HTTP/1.1" 200 130151
200.14.232.148 - - [02/Oct/2015:02:46:07 -0500] "GET /galeria/nivo-slider/demo/images/bolsas-06.jpg HTTP/1.1" 200 90982
200.14.232.148 - - [02/Oct/2015:02:46:07 -0500] "GET /galeria/nivo-slider/demo/images/Conoce-los-humedales.jpg HTTP/1.1" 200 294036
200.14.232.148 - - [02/Oct/2015:02:46:07 -0500] "GET /galeria/nivo-slider/demo/images/ecolecta-Dic2014.png HTTP/1.1" 200 288593
200.14.232.148 - - [02/Oct/2015:02:46:07 -0500] "GET /galeria/nivo-slider/demo/scripts/jquery-1.7.1.min.js HTTP/1.1" 200 93868
200.14.232.148 - - [02/Oct/2015:02:46:08 -0500] "GET /galeria/nivo-slider/jquery.nivo.slider.pack.js HTTP/1.1" 200 11561
200.14.232.148 - - [02/Oct/2015:02:46:10 -0500] "GET /galeria/nivo-slider/demo/images/4Simple_Slider.png HTTP/1.1" 200 11722
200.14.232.148 - - [02/Oct/2015:02:46:10 -0500] "GET /galeria/nivo-slider/themes/default/bullets.png HTTP/1.1" 200 1281
200.14.232.148 - - [02/Oct/2015:02:46:10 -0500] "GET /galeria/nivo-slider/themes/default/arrows.png HTTP/1.1" 200 824
66.249.64.106 - - [02/Oct/2015:02:46:22 -0500] "GET /BLA/resoluciones/AUTOS%202008/3246.pdf HTTP/1.1" 200 72102
181.49.228.26 - - [02/Oct/2015:02:46:31 -0500] "GET /galeria/galeria/jquery.fancybox.css?v=2.1.5 HTTP/1.1" 200 4895
181.49.228.26 - - [02/Oct/2015:02:46:31 -0500] "GET /galeria/galeria/jquery.fancybox.js?v=2.1.5 HTTP/1.1" 200 48706
181.49.228.26 - - [02/Oct/2015:02:46:32 -0500] "GET /BLA/boletinlegal/js/jquery.scrollShow.js HTTP/1.1" 200 4586
68.180.230.190 - - [02/Oct/2015:02:46:37 -0500] "GET /BLA/boletinlegal/Directivas/2011/Directiva%20No.%209%20del%2023%20de%20Septiembre%20de%202011.pdf HTTP/1.1" 200 326687
66.249.64.106 - - [02/Oct/2015:02:46:38 -0500] "GET /BLA/resoluciones/RESOLUCIONES%202011/4034.pdf HTTP/1.1" 200 829730
66.249.64.101 - - [02/Oct/2015:02:46:53 -0500] "GET /BLA/resoluciones/RESOLUCIONES%202009/4014.pdf HTTP/1.1" 200 510005
201.245.192.253 - - [02/Oct/2015:02:46:59 -0500] "POST /forms/lservlet;jsessionid=ac16012b30d62e507505f2c64e898405c7619f87fb44.e3iSbxaKaheRe38Ka34Oa3eLbxf0n6jAmljGr5XDqQLvpAe HTTP/1.1" 200 2
66.249.64.106 - - [02/Oct/2015:02:47:09 -0500] "GET /BLA/resoluciones/RESOLUCIONES%202009/3674.pdf HTTP/1.1" 200 177933
66.249.64.106 - - [02/Oct/2015:02:47:25 -0500] "GET /BLA/resoluciones/RESOLUCIONES%202008/3720.pdf HTTP/1.1" 200 423552
74.86.158.107 - - [02/Oct/2015:02:47:41 -0500] "HEAD / HTTP/1.1" 200 -
66.249.64.101 - - [02/Oct/2015:02:47:41 -0500] "GET /BLA/resoluciones/AUTOS%202008/2561.pdf HTTP/1.1" 200 210095
66.249.64.101 - - [02/Oct/2015:02:47:57 -0500] "GET /BLA/resoluciones/AUTOS%202007/1989.pdf HTTP/1.1" 200 29492
66.249.64.96 - - [02/Oct/2015:02:48:05 -0500] "GET /BLA/resoluciones/RESOLUCIONES%202007/RES%202007%202301%20AL%202400/RESOLUCION%202327%20DE%202007.pdf HTTP/1.1" 200 633508
66.249.64.101 - - [02/Oct/2015:02:48:13 -0500] "GET /BLA/resoluciones/RESOLUCIONES%202009/5647.pdf HTTP/1.1" 200 676413
150.70.173.41 - - [02/Oct/2015:02:48:17 -0500] "GET /galeria/galeria/jquery.fancybox.js?v=2.1.5 HTTP/1.1" 200 48706
150.70.173.9 - - [02/Oct/2015:02:48:19 -0500] "GET /BLA/boletinlegal/js/jquery.scrollShow.js HTTP/1.1" 200 4586
66.249.64.101 - - [02/Oct/2015:02:48:29 -0500] "GET /BLA/resoluciones/AUTOS%202011/1553.pdf HTTP/1.1" 200 329640
66.249.64.106 - - [02/Oct/2015:02:48:45 -0500] "GET /BLA/resoluciones/RESOLUCIONES%202010/2133.pdf HTTP/1.1" 200 371813
201.245.192.253 - - [02/Oct/2015:02:48:59 -0500] "POST /forms/lservlet;jsessionid=ac16012b30d62e507505f2c64e898405c7619f87fb44.e3iSbxaKaheRe38Ka34Oa3eLbxf0n6jAmljGr5XDqQLvpAe HTTP/1.1" 200 2
66.249.64.101 - - [02/Oct/2015:02:49:00 -0500] "GET /BLA/resoluciones/RESOLUCIONES%202010/4618.pdf HTTP/1.1" 200 422405
68.180.230.190 - - [02/Oct/2015:02:49:10 -0500] "GET /BLA/boletinlegal/Circulares/2011/Circular%20No.%201%20del%2023%20de%20Febrero%20de%202011.pdf HTTP/1.1" 304 -
201.234.75.11 - - [02/Oct/2015:02:49:14 -0500] "GET /galeria/galeria/fotos/Movilizacion6P.jpg HTTP/1.1" 304 -
66.249.64.106 - - [02/Oct/2015:02:49:16 -0500] "GET /BLA/resoluciones/RESOLUCIONES%202010/0622.pdf HTTP/1.1" 200 445777
66.249.64.101 - - [02/Oct/2015:02:49:17 -0500] "GET /BLA/resoluciones/RESOLUCIONES%202009/6068.pdf HTTP/1.1" 200 537357
66.249.64.96 - - [02/Oct/2015:02:49:30 -0500] "GET /portel_dama/libreria/pdf/ecosistemas/restauracion/sitio/22_proye/xtras_in/2g.pdf HTTP/1.1" 404 1018
66.249.64.96 - - [02/Oct/2015:02:49:31 -0500] "GET /BLA/resoluciones/RESOLUCIONES%202009/5135.pdf HTTP/1.1" 200 635836
68.180.230.190 - - [02/Oct/2015:02:49:31 -0500] "GET /BLA/boletinlegal/Circulares/2010/Circular%2006%20de%208%20de%20septiembre%20de%202010.pdf HTTP/1.1" 304 -
66.249.64.106 - - [02/Oct/2015:02:49:32 -0500] "GET /BLA/resoluciones/AUTOS%202011/5129.pdf HTTP/1.1" 200 150084
190.9.244.244 - - [02/Oct/2015:02:49:47 -0500] "GET /galeria/galeria/fotos/Humedal-Santa-Mar%C3%ADa-del-Lago1P.jpg HTTP/1.1" 200 26912
190.9.244.244 - - [02/Oct/2015:02:49:47 -0500] "GET /galeria/galeria/fotos/Humedal-Santa-Mar%C3%ADa-del-Lago2P.jpg HTTP/1.1" 200 37138
190.9.244.244 - - [02/Oct/2015:02:49:47 -0500] "GET /galeria/galeria/fotos/Humedal-Santa-Mar%C3%ADa-del-Lago3P.jpg HTTP/1.1" 200 30161
190.9.244.244 - - [02/Oct/2015:02:49:47 -0500] "GET /galeria/galeria/fotos/Humedal-Santa-Mar%C3%ADa-del-Lago4P.jpg HTTP/1.1" 200 33121
68.180.230.190 - - [02/Oct/2015:02:49:47 -0500] "GET /BLA/boletinlegal/Circulares/2011/Circular%20No.%208%20del%2020%20de%20Septiembre%20de%202011.pdf HTTP/1.1" 200 285158
66.249.64.106 - - [02/Oct/2015:02:49:48 -0500] "GET /BLA/resoluciones/AUTOS%202012/1514.pdf HTTP/1.1" 200 465167
66.249.64.96 - - [02/Oct/2015:02:50:04 -0500] "GET /BLA/resoluciones/RESOLUCIONES%202014/0306.pdf HTTP/1.1" 200 862440
66.249.64.101 - - [02/Oct/2015:02:50:20 -0500] "GET /BLA/resoluciones/RESOLUCIONES%202009/6836.pdf HTTP/1.1" 200 253209
66.249.64.106 - - [02/Oct/2015:02:50:36 -0500] "GET /BLA/resoluciones/RESOLUCIONES%202010/5882.pdf HTTP/1.1" 200 82345
66.249.64.96 - - [02/Oct/2015:02:50:41 -0500] "GET /BLA/resoluciones/RESOLUCIONES%202010/6004.pdf HTTP/1.1" 200 675082
66.249.64.106 - - [02/Oct/2015:02:50:52 -0500] "GET /BLA/resoluciones/AUTOS%202013/2089.pdf HTTP/1.1" 200 475539
201.245.192.253 - - [02/Oct/2015:02:51:00 -0500] "POST /forms/lservlet;jsessionid=ac16012b30d62e507505f2c64e898405c7619f87fb44.e3iSbxaKaheRe38Ka34Oa3eLbxf0n6jAmljGr5XDqQLvpAe HTTP/1.1" 200 2
66.249.64.101 - - [02/Oct/2015:02:51:08 -0500] "GET /BLA/resoluciones/RESOLUCIONES%202008/3807.pdf HTTP/1.1" 200 492339
66.249.64.106 - - [02/Oct/2015:02:51:23 -0500] "GET /Anexos%20estudio%20Organizacional%20SDA/ANEXO%20No.%203-%20CONTRATACI%C3%93N%20%20OPS%C2%B4s%202008-2012/CONTRATOS%20SDA%202008%20POR%20DEPENDENCIA.xls HTTP/1.1" 200 371712
66.249.64.106 - - [02/Oct/2015:02:51:39 -0500] "GET /BLA/resoluciones/AUTOS%202013/3108.pdf HTTP/1.1" 200 193627
66.249.64.101 - - [02/Oct/2015:02:51:55 -0500] "GET /BLA/resoluciones/RESOLUCIONES%202012/1848.pdf HTTP/1.1" 200 534833
186.146.160.198 - - [02/Oct/2015:02:52:04 -0500] "GET /galeria/galeria/jquery.fancybox.css?v=2.1.5 HTTP/1.1" 304 -
186.146.160.198 - - [02/Oct/2015:02:52:04 -0500] "GET /BLA/boletinlegal/js/jquery.scrollShow.js HTTP/1.1" 304 -
186.146.160.198 - - [02/Oct/2015:02:52:04 -0500] "GET /galeria/galeria/jquery.fancybox.js?v=2.1.5 HTTP/1.1" 304 -
66.249.64.96 - - [02/Oct/2015:02:52:11 -0500] "GET /BLA/resoluciones/AUTOS%202009/1354.pdf HTTP/1.1" 200 132657
66.249.64.243 - - [02/Oct/2015:02:52:27 -0500] "GET /Autoliquidacion/index.php?dir=Solicitudes%20relacionadas%20con%20calidad%20del%20aire%20auditiva%20y%20visual/Evaluaci%F3n%20de%20permisos%20de%20emisi%F3n%20para%20fuentes%20fijas/&sort=size&order=asc HTTP/1.1" 200 3709
68.180.230.190 - - [02/Oct/2015:02:52:33 -0500] "GET /BLA/boletinlegal/Circulares/2012/Circular%20No.%2010%20del%2022%20de%20Agosto%20de%202012.pdf HTTP/1.1" 304 -
74.86.158.107 - - [02/Oct/2015:02:52:41 -0500] "HEAD / HTTP/1.1" 200 -
66.249.64.96 - - [02/Oct/2015:02:52:43 -0500] "GET /BLA/resoluciones/AUTOS%202011/4956.pdf HTTP/1.1" 200 173684
66.249.64.96 - - [02/Oct/2015:02:52:59 -0500] "GET /BLA/resoluciones/RESOLUCIONES%202011/6757.pdf HTTP/1.1" 304 -
201.245.192.253 - - [02/Oct/2015:02:53:00 -0500] "POST /forms/lservlet;jsessionid=ac16012b30d62e507505f2c64e898405c7619f87fb44.e3iSbxaKaheRe38Ka34Oa3eLbxf0n6jAmljGr5XDqQLvpAe HTTP/1.1" 200 2
66.249.64.253 - - [02/Oct/2015:02:53:15 -0500] "GET /POT-2013/Cartografia/33_UPZ_2013_V1.pdf HTTP/1.1" 304 -
66.249.64.101 - - [02/Oct/2015:02:53:16 -0500] "GET /BLA/resoluciones/AUTOS%202012/2726.pdf HTTP/1.1" 200 392986
66.249.64.106 - - [02/Oct/2015:02:53:30 -0500] "GET /BLA/resoluciones/RESOLUCIONES%202007/RES%202007%20201%20AL%20300/RESOLUCION%200245%20DE%202007.pdf HTTP/1.1" 200 300627
66.249.64.96 - - [02/Oct/2015:02:53:37 -0500] "GET /BLA/resoluciones/RESOLUCIONES%202009/0926.pdf HTTP/1.1" 200 467575
66.249.64.106 - - [02/Oct/2015:02:53:46 -0500] "GET /BLA/resoluciones/RESOLUCIONES%202011/0170.pdf HTTP/1.1" 304 -
66.249.64.101 - - [02/Oct/2015:02:53:53 -0500] "GET /BLA/resoluciones/RESOLUCIONES%202008/5122.pdf HTTP/1.1" 200 611394
108.161.136.173 - - [02/Oct/2015:02:53:55 -0500] "HEAD / HTTP/1.1" 301 -
66.249.64.101 - - [02/Oct/2015:02:54:02 -0500] "GET /BLA/resoluciones/AUTOS%202012/0406.pdf HTTP/1.1" 304 -
66.249.64.96 - - [02/Oct/2015:02:54:18 -0500] "GET /BLA/resoluciones/RESOLUCIONES%202007/RES%202007%202401%20AL%202500/RESOLUCION%202434%20DE%202007.pdf HTTP/1.1" 200 560601
66.249.64.96 - - [02/Oct/2015:02:54:19 -0500] "GET /BLA/resoluciones/AUTOS%202006/AUTOS%202006%202801%20-%202900/00002819.tif HTTP/1.1" 200 90056
66.249.64.101 - - [02/Oct/2015:02:54:29 -0500] "GET /BLA/resoluciones/RESOLUCIONES%202009/1842.pdf HTTP/1.1" 200 243649
66.249.64.96 - - [02/Oct/2015:02:54:34 -0500] "GET /BLA/resoluciones/RESOLUCIONES%202009/8858.pdf HTTP/1.1" 304 -
66.249.64.101 - - [02/Oct/2015:02:54:50 -0500] "GET /BLA/resoluciones/RESOLUCIONES%202009/0485.pdf HTTP/1.1" 304 -
201.245.192.253 - - [02/Oct/2015:02:55:00 -0500] "POST /forms/lservlet;jsessionid=ac16012b30d62e507505f2c64e898405c7619f87fb44.e3iSbxaKaheRe38Ka34Oa3eLbxf0n6jAmljGr5XDqQLvpAe HTTP/1.1" 200 2
186.113.10.143 - - [02/Oct/2015:02:55:02 -0500] "GET /galeria/galeria/fotos/Movilizacion7P.jpg HTTP/1.1" 304 -
66.249.64.96 - - [02/Oct/2015:02:55:06 -0500] "GET /BLA/resoluciones/RESOLUCIONES%202007/RES%202007%201501%20AL%201600/RESOLUCION%201562%20DE%202007.pdf HTTP/1.1" 200 221241
66.249.64.243 - - [02/Oct/2015:02:55:15 -0500] "GET /Autoliquidacion/Solicitudes%20relacionadas%20con%20calidad%20del%20aire%20auditiva%20y%20visual/Evaluaci%C3%B3n%20de%20permisos%20de%20emisi%C3%B3n%20para%20fuentes%20fijas/Aplicativo.html HTTP/1.1" 200 359
66.249.64.101 - - [02/Oct/2015:02:55:18 -0500] "GET /BLA/resoluciones/RESOLUCIONES%202009/2019.pdf HTTP/1.1" 200 425664
66.249.64.96 - - [02/Oct/2015:02:55:22 -0500] "GET /BLA/resoluciones/RESOLUCIONES%202011/1269.pdf HTTP/1.1" 304 -
66.249.64.96 - - [02/Oct/2015:02:55:30 -0500] "GET /BLA/resoluciones/RESOLUCIONES%202008/0346.pdf HTTP/1.1" 200 15940
66.249.64.96 - - [02/Oct/2015:02:55:37 -0500] "GET /BLA/resoluciones/RESOLUCIONES%202009/8393.pdf HTTP/1.1" 304 -
66.249.64.101 - - [02/Oct/2015:02:55:51 -0500] "GET /BLA/resoluciones/AUTOS%202009/2911.pdf HTTP/1.1" 200 186986
66.249.64.106 - - [02/Oct/2015:02:55:53 -0500] "GET /BLA/resoluciones/RESOLUCIONES%202007/RES%202007%202401%20AL%202500/RESOLUCION%202410%20DE%202007.pdf HTTP/1.1" 304 -
66.249.64.96 - - [02/Oct/2015:02:56:09 -0500] "GET /BLA/resoluciones/RESOLUCIONES%202013/0461.pdf HTTP/1.1" 200 1401621
66.249.64.101 - - [02/Oct/2015:02:56:25 -0500] "GET /BLA/resoluciones/AUTOS%202013/0254.pdf HTTP/1.1" 304 -
66.249.64.106 - - [02/Oct/2015:02:56:36 -0500] "GET /BLA/resoluciones/RESOLUCIONES%202008/4248.pdf HTTP/1.1" 200 436093
66.249.64.106 - - [02/Oct/2015:02:56:41 -0500] "GET /BLA/resoluciones/RESOLUCIONES%202012/0738.pdf HTTP/1.1" 200 638270
66.249.64.101 - - [02/Oct/2015:02:56:52 -0500] "GET /BLA/resoluciones/RESOLUCIONES%202009/5573.pdf HTTP/1.1" 200 8546350
66.249.64.96 - - [02/Oct/2015:02:57:00 -0500] "GET /BLA/resoluciones/RESOLUCIONES%202009/0513.pdf HTTP/1.1" 200 433266
201.245.192.253 - - [02/Oct/2015:02:57:00 -0500] "POST /forms/lservlet;jsessionid=ac16012b30d62e507505f2c64e898405c7619f87fb44.e3iSbxaKaheRe38Ka34Oa3eLbxf0n6jAmljGr5XDqQLvpAe HTTP/1.1" 200 2
66.249.64.106 - - [02/Oct/2015:02:57:13 -0500] "GET /BLA/resoluciones/AUTOS%202009/0025.pdf HTTP/1.1" 304 -
66.249.64.106 - - [02/Oct/2015:02:57:18 -0500] "GET /BLA/resoluciones/RESOLUCIONES%202009/8916.pdf HTTP/1.1" 200 270957
74.86.158.107 - - [02/Oct/2015:02:57:41 -0500] "HEAD / HTTP/1.1" 200 -
66.249.64.248 - - [02/Oct/2015:02:58:00 -0500] "GET /BLA/ HTTP/1.1" 200 538
62.14.228.88 - - [02/Oct/2015:02:58:19 -0500] "GET /galeria/galeria/jquery.fancybox.css?v=2.1.5 HTTP/1.1" 200 4895
62.14.228.88 - - [02/Oct/2015:02:58:19 -0500] "GET /galeria/galeria/jquery.fancybox.js?v=2.1.5 HTTP/1.1" 200 48706
62.14.228.88 - - [02/Oct/2015:02:58:19 -0500] "GET /galeria/carrusel/Carrusel/jquery-ui-1.8.13.custom.min.js HTTP/1.1" 200 10800
62.14.228.88 - - [02/Oct/2015:02:58:19 -0500] "GET /BLA/boletinlegal/js/jquery.scrollShow.js HTTP/1.1" 200 4586
62.14.228.88 - - [02/Oct/2015:02:58:19 -0500] "GET /galeria/carrusel/Carrusel/jquery.thumbnailScroller.css HTTP/1.1" 200 2066
62.14.228.88 - - [02/Oct/2015:02:58:19 -0500] "GET /galeria/carrusel/Carrusel/jquery.thumbnailScroller.js HTTP/1.1" 200 8157
62.14.228.88 - - [02/Oct/2015:02:58:24 -0500] "GET /galeria/nivo-slider/demo/demo.html HTTP/1.1" 200 3905
62.14.228.88 - - [02/Oct/2015:02:58:25 -0500] "GET /galeria/nivo-slider/themes/pascal/pascal.css HTTP/1.1" 200 2258
62.14.228.88 - - [02/Oct/2015:02:58:25 -0500] "GET /galeria/nivo-slider/themes/default/default.css HTTP/1.1" 200 1569
62.14.228.88 - - [02/Oct/2015:02:58:25 -0500] "GET /galeria/nivo-slider/nivo-slider.css HTTP/1.1" 200 1507
62.14.228.88 - - [02/Oct/2015:02:58:25 -0500] "GET /galeria/nivo-slider/themes/orman/orman.css HTTP/1.1" 200 2152
62.14.228.88 - - [02/Oct/2015:02:58:25 -0500] "GET /galeria/nivo-slider/demo/style.css HTTP/1.1" 200 2222
62.14.228.88 - - [02/Oct/2015:02:58:25 -0500] "GET /galeria/nivo-slider/demo/images/La-SDA-se-suma-a-la-Gran-Movilizacion.jpg HTTP/1.1" 200 92233
62.14.228.88 - - [02/Oct/2015:02:58:25 -0500] "GET /galeria/nivo-slider/demo/images/Semana-PYBA.jpg HTTP/1.1" 200 103786
62.14.228.88 - - [02/Oct/2015:02:58:25 -0500] "GET /galeria/nivo-slider/demo/images/simulacro-nacional.jpg HTTP/1.1" 200 241925
62.14.228.88 - - [02/Oct/2015:02:58:25 -0500] "GET /galeria/nivo-slider/demo/scripts/jquery-1.7.1.min.js HTTP/1.1" 200 93868
62.14.228.88 - - [02/Oct/2015:02:58:25 -0500] "GET /galeria/nivo-slider/jquery.nivo.slider.pack.js HTTP/1.1" 200 11561
62.14.228.88 - - [02/Oct/2015:02:58:25 -0500] "GET /galeria/nivo-slider/demo/images/simulacro-busqueda-rescate-urbano.jpg HTTP/1.1" 200 251375
62.14.228.88 - - [02/Oct/2015:02:58:25 -0500] "GET /galeria/nivo-slider/demo/images/Plan-Quinquenal.jpg HTTP/1.1" 200 412438
62.14.228.88 - - [02/Oct/2015:02:58:25 -0500] "GET /galeria/nivo-slider/demo/images/PREDAcamp.jpg HTTP/1.1" 200 295358
62.14.228.88 - - [02/Oct/2015:02:58:25 -0500] "GET /galeria/nivo-slider/demo/images/banner-llantas2.jpg HTTP/1.1" 200 204644
62.14.228.88 - - [02/Oct/2015:02:58:25 -0500] "GET /galeria/nivo-slider/demo/images/9Signos.jpg HTTP/1.1" 200 81776
62.14.228.88 - - [02/Oct/2015:02:58:26 -0500] "GET /galeria/nivo-slider/demo/images/Comparendo-ambiental-Banner.jpg HTTP/1.1" 200 83731
62.14.228.88 - - [02/Oct/2015:02:58:26 -0500] "GET /galeria/nivo-slider/demo/images/Ruta-vertimientos-01.jpg HTTP/1.1" 200 130151
66.249.64.101 - - [02/Oct/2015:02:58:26 -0500] "GET /BLA/resoluciones/RESOLUCIONES%202011/2111.pdf HTTP/1.1" 200 507319
62.14.228.88 - - [02/Oct/2015:02:58:26 -0500] "GET /galeria/nivo-slider/demo/images/bolsas-06.jpg HTTP/1.1" 200 90982
62.14.228.88 - - [02/Oct/2015:02:58:26 -0500] "GET /galeria/nivo-slider/demo/images/Conoce-los-humedales.jpg HTTP/1.1" 200 294036
62.14.228.88 - - [02/Oct/2015:02:58:27 -0500] "GET /galeria/nivo-slider/demo/images/ecolecta-Dic2014.png HTTP/1.1" 200 288593
62.14.228.88 - - [02/Oct/2015:02:58:27 -0500] "GET /galeria/nivo-slider/demo/images/4Simple_Slider.png HTTP/1.1" 200 11722
62.14.228.88 - - [02/Oct/2015:02:58:28 -0500] "GET /galeria/nivo-slider/themes/default/loading.gif HTTP/1.1" 200 1737
62.14.228.88 - - [02/Oct/2015:02:58:30 -0500] "GET /galeria/nivo-slider/themes/default/arrows.png HTTP/1.1" 200 824
62.14.228.88 - - [02/Oct/2015:02:58:30 -0500] "GET /galeria/nivo-slider/themes/default/bullets.png HTTP/1.1" 200 1281
66.249.64.106 - - [02/Oct/2015:02:58:32 -0500] "GET /BLA/boletinlegal/doctrina.php HTTP/1.1" 200 5010
186.84.172.15 - - [02/Oct/2015:02:58:45 -0500] "GET /BLA/boletinlegal/js/jquery.scrollShow.js HTTP/1.1" 200 4586
186.84.172.15 - - [02/Oct/2015:02:58:45 -0500] "GET /galeria/galeria/jquery.fancybox.css?v=2.1.5 HTTP/1.1" 200 4895
186.84.172.15 - - [02/Oct/2015:02:58:45 -0500] "GET /galeria/galeria/jquery.fancybox.js?v=2.1.5 HTTP/1.1" 200 48706
186.84.172.15 - - [02/Oct/2015:02:58:47 -0500] "GET /videos/Comadreja.flv HTTP/1.1" 200 1953549
186.84.172.15 - - [02/Oct/2015:02:58:49 -0500] "GET /BLA/boletinlegal/js/jquery.scrollShow.js HTTP/1.1" 304 -
186.84.172.15 - - [02/Oct/2015:02:58:49 -0500] "GET /galeria/galeria/jquery.fancybox.js?v=2.1.5 HTTP/1.1" 304 -
186.84.172.15 - - [02/Oct/2015:02:58:49 -0500] "GET /galeria/galeria/jquery.fancybox.css?v=2.1.5 HTTP/1.1" 304 -
186.84.172.15 - - [02/Oct/2015:02:58:51 -0500] "GET /videos/Comadreja.flv HTTP/1.1" 206 1
186.84.172.15 - - [02/Oct/2015:02:58:51 -0500] "GET /videos/Comadreja.flv HTTP/1.1" 206 821887
66.249.64.106 - - [02/Oct/2015:02:58:53 -0500] "GET /BLA/resoluciones/RESOLUCIONES%202009/4385.pdf HTTP/1.1" 200 443314
201.245.192.253 - - [02/Oct/2015:02:59:00 -0500] "POST /forms/lservlet;jsessionid=ac16012b30d62e507505f2c64e898405c7619f87fb44.e3iSbxaKaheRe38Ka34Oa3eLbxf0n6jAmljGr5XDqQLvpAe HTTP/1.1" 200 2
66.249.64.106 - - [02/Oct/2015:02:59:06 -0500] "GET /BLA/resoluciones/RESOLUCIONES%202009/8061.pdf HTTP/1.1" 200 98341
177.230.18.167 - - [02/Oct/2015:02:59:10 -0500] "GET /galeria/galeria/jquery.fancybox.css?v=2.1.5 HTTP/1.1" 200 4895
177.230.18.167 - - [02/Oct/2015:02:59:10 -0500] "GET /BLA/boletinlegal/js/jquery.scrollShow.js HTTP/1.1" 200 4586
177.230.18.167 - - [02/Oct/2015:02:59:10 -0500] "GET /galeria/galeria/jquery.fancybox.js?v=2.1.5 HTTP/1.1" 200 48706
66.249.64.106 - - [02/Oct/2015:02:59:20 -0500] "GET /BLA/boletinlegal/Directivas/2014/Directiva%20No.%204%20del%2006%20de%20Junio%20de%202014.pdf HTTP/1.1" 200 236794
177.230.18.167 - - [02/Oct/2015:02:59:25 -0500] "GET /videos/CRRFFS.mp4 HTTP/1.1" 200 286784363
177.230.18.167 - - [02/Oct/2015:02:59:34 -0500] "GET /galeria/galeria/jquery.fancybox.css?v=2.1.5 HTTP/1.1" 304 -
177.230.18.167 - - [02/Oct/2015:02:59:34 -0500] "GET /BLA/boletinlegal/js/jquery.scrollShow.js HTTP/1.1" 304 -
177.230.18.167 - - [02/Oct/2015:02:59:34 -0500] "GET /galeria/galeria/jquery.fancybox.js?v=2.1.5 HTTP/1.1" 304 -
66.249.64.96 - - [02/Oct/2015:02:59:36 -0500] "GET /autoliquidacion/Solicitudes%20relacionadas%20con%20calidad%20del%20aire%20auditiva%20y%20visual/Registro%20de%20Elementos%20de%20publicidad%20Exterior%20Visual/Aplicativo.html HTTP/1.1" 200 359
177.230.18.167 - - [02/Oct/2015:02:59:41 -0500] "GET /videos/CRRFFS.mp4 HTTP/1.1" 206 1
66.249.64.106 - - [02/Oct/2015:02:59:52 -0500] "GET /BLA/resoluciones/RESOLUCIONES%202008/1379.pdf HTTP/1.1" 200 284004
66.249.64.96 - - [02/Oct/2015:03:00:07 -0500] "GET /BLA/resoluciones/AUTOS%202007/0100.pdf HTTP/1.1" 200 47556
190.26.131.77 - - [02/Oct/2015:03:00:11 -0500] "GET /galeria/galeria/jquery.fancybox.css?v=2.1.5 HTTP/1.1" 200 4895
190.26.131.77 - - [02/Oct/2015:03:00:11 -0500] "GET /BLA/boletinlegal/js/jquery.scrollShow.js HTTP/1.1" 200 4586
190.26.131.77 - - [02/Oct/2015:03:00:11 -0500] "GET /galeria/galeria/jquery.fancybox.js?v=2.1.5 HTTP/1.1" 200 48706
177.230.18.167 - - [02/Oct/2015:02:59:41 -0500] "GET /videos/CRRFFS.mp4 HTTP/1.1" 206 284888095
190.26.131.77 - - [02/Oct/2015:03:00:17 -0500] "GET /BLA/boletinlegal/js/jquery.scrollShow.js HTTP/1.1" 304 -
190.26.131.77 - - [02/Oct/2015:03:00:17 -0500] "GET /galeria/galeria/jquery.fancybox.css?v=2.1.5 HTTP/1.1" 304 -
190.26.131.77 - - [02/Oct/2015:03:00:17 -0500] "GET /galeria/galeria/jquery.fancybox.js?v=2.1.5 HTTP/1.1" 304 -
66.249.64.101 - - [02/Oct/2015:03:00:23 -0500] "GET /BLA/resoluciones/RESOLUCIONES%202009/7488.pdf HTTP/1.1" 200 369634
66.249.64.96 - - [02/Oct/2015:03:00:39 -0500] "GET /BLA/resoluciones/AUTOS%202008/2176.pdf HTTP/1.1" 200 79865
66.249.64.101 - - [02/Oct/2015:03:00:42 -0500] "GET /BLA/resoluciones/RESOLUCIONES%202007/RES%202007%201726%20AL%201800/RESOLUCION%201726%20DE%202007.pdf HTTP/1.1" 200 42429
181.54.91.125 - - [02/Oct/2015:03:00:45 -0500] "GET /galeria/galeria/jquery.fancybox.js?v=2.1.5 HTTP/1.1" 304 -
181.54.91.125 - - [02/Oct/2015:03:00:45 -0500] "GET /galeria/galeria/jquery.fancybox.css?v=2.1.5 HTTP/1.1" 304 -
181.54.91.125 - - [02/Oct/2015:03:00:54 -0500] "GET /galeria/galeria/jquery.fancybox.js?v=2.1.5 HTTP/1.1" 304 -
181.54.91.125 - - [02/Oct/2015:03:00:54 -0500] "GET /galeria/galeria/jquery.fancybox.css?v=2.1.5 HTTP/1.1" 304 -
66.249.64.106 - - [02/Oct/2015:03:00:55 -0500] "GET /BLA/resoluciones/RESOLUCIONES%202008/0197.pdf HTTP/1.1" 200 835354
201.245.192.253 - - [02/Oct/2015:03:01:01 -0500] "POST /forms/lservlet;jsessionid=ac16012b30d62e507505f2c64e898405c7619f87fb44.e3iSbxaKaheRe38Ka34Oa3eLbxf0n6jAmljGr5XDqQLvpAe HTTP/1.1" 200 2
66.249.64.101 - - [02/Oct/2015:03:01:02 -0500] "GET /BLA/resoluciones/RESOLUCIONES%202007/RES%202007%201001%20AL%201100/RESOLUCION%201069%20DE%202007.pdf HTTP/1.1" 200 282061
66.249.64.101 - - [02/Oct/2015:03:01:11 -0500] "GET /BLA/resoluciones/RESOLUCIONES%202009/8773.pdf HTTP/1.1" 200 1277891
66.249.64.96 - - [02/Oct/2015:03:01:20 -0500] "GET /BLA/resoluciones/AUTOS%202011/7363.pdf HTTP/1.1" 200 213474
66.249.64.106 - - [02/Oct/2015:03:01:27 -0500] "GET /BLA/resoluciones/RESOLUCIONES%202009/3555.pdf HTTP/1.1" 200 707638
66.249.64.101 - - [02/Oct/2015:03:01:36 -0500] "GET /BLA/resoluciones/AUTOS%202011/5082.pdf HTTP/1.1" 200 172656
66.249.64.106 - - [02/Oct/2015:03:01:43 -0500] "GET /BLA/resoluciones/RESOLUCIONES%202008/4424.pdf HTTP/1.1" 200 310584
66.249.64.106 - - [02/Oct/2015:03:01:59 -0500] "GET /BLA/resoluciones/AUTOS%202008/1292.pdf HTTP/1.1" 200 70708
68.180.230.190 - - [02/Oct/2015:03:02:06 -0500] "GET /BLA/boletinlegal/Directivas/2011/Directiva%20No.%2010%20del%2028%20de%20Septiembre%20de%202011.pdf HTTP/1.1" 200 465887
66.249.64.96 - - [02/Oct/2015:03:02:15 -0500] "GET /BLA/resoluciones/AUTOS%202011/0268.pdf HTTP/1.1" 200 116923
66.249.64.106 - - [02/Oct/2015:03:02:30 -0500] "GET /BLA/resoluciones/RESOLUCIONES%202009/8930.pdf HTTP/1.1" 200 373319
74.86.158.107 - - [02/Oct/2015:03:02:41 -0500] "HEAD / HTTP/1.1" 200 -
66.249.64.96 - - [02/Oct/2015:03:02:46 -0500] "GET /BLA/resoluciones/RESOLUCIONES%202010/1112.pdf HTTP/1.1" 200 93535
201.245.192.253 - - [02/Oct/2015:03:03:01 -0500] "POST /forms/lservlet;jsessionid=ac16012b30d62e507505f2c64e898405c7619f87fb44.e3iSbxaKaheRe38Ka34Oa3eLbxf0n6jAmljGr5XDqQLvpAe HTTP/1.1" 200 2
66.249.64.106 - - [02/Oct/2015:03:03:02 -0500] "GET /BLA/resoluciones/RESOLUCIONES%202010/0641.pdf HTTP/1.1" 200 512769
66.249.64.96 - - [02/Oct/2015:03:03:06 -0500] "GET /BLA/resoluciones/RESOLUCIONES%202007/RES%202007%204101%20AL%204200/RESOLUCION%204198%20DE%202007.pdf HTTP/1.1" 304 -
68.180.230.190 - - [02/Oct/2015:03:03:08 -0500] "GET /BLA/boletinlegal/Circulares/2012/Circular%20No.%2013%20del%2006%20de%20Septiembre%20de%202012.pdf HTTP/1.1" 200 351421
186.29.115.54 - - [02/Oct/2015:03:03:10 -0500] "GET /galeria/galeria/jquery.fancybox.css?v=2.1.5 HTTP/1.1" 200 4895
186.29.115.54 - - [02/Oct/2015:03:03:10 -0500] "GET /BLA/boletinlegal/js/jquery.scrollShow.js HTTP/1.1" 200 4586
186.29.115.54 - - [02/Oct/2015:03:03:10 -0500] "GET /galeria/galeria/jquery.fancybox.js?v=2.1.5 HTTP/1.1" 200 48706
68.180.230.190 - - [02/Oct/2015:03:03:11 -0500] "GET /BLA/boletinlegal/Circulares/2014/Circular%20No.%203%20del%2014%20de%20Noviembre%20de%202014.pdf HTTP/1.1" 200 104132
66.249.64.106 - - [02/Oct/2015:03:03:18 -0500] "GET /BLA/resoluciones/RESOLUCIONES%202010/3636.pdf HTTP/1.1" 200 764383
66.249.64.96 - - [02/Oct/2015:03:03:23 -0500] "GET /BLA/resoluciones/RESOLUCIONES%202009/7044.pdf HTTP/1.1" 200 724727
66.249.64.101 - - [02/Oct/2015:03:03:34 -0500] "GET /BLA/resoluciones/RESOLUCIONES%202009/5939.pdf HTTP/1.1" 200 529551
66.249.64.106 - - [02/Oct/2015:03:03:37 -0500] "GET /BLA/resoluciones/RESOLUCIONES%202007/RES%202007%203001%20AL%203100/RESOLUCION%203046%20DE%202007.pdf HTTP/1.1" 200 573410
66.249.64.101 - - [02/Oct/2015:03:03:50 -0500] "GET /BLA/resoluciones/RESOLUCIONES%202008/0015.pdf HTTP/1.1" 200 417852
66.249.64.106 - - [02/Oct/2015:03:04:06 -0500] "GET /BLA/resoluciones/AUTOS%202008/0059.pdf HTTP/1.1" 200 160958
68.180.230.190 - - [02/Oct/2015:03:04:07 -0500] "GET /BLA/boletinlegal/Directivas/2013/Directiva%20No.%202%20del%2004%20de%20Abril%20de%202013.pdf HTTP/1.1" 304 -
66.249.64.101 - - [02/Oct/2015:03:04:18 -0500] "GET /BLA/resoluciones/RESOLUCIONES%202009/9812.pdf HTTP/1.1" 200 499627
190.9.244.244 - - [02/Oct/2015:03:04:21 -0500] "GET /galeria/galeria/fotos/mirador1P.jpg HTTP/1.1" 200 11433
190.9.244.244 - - [02/Oct/2015:03:04:21 -0500] "GET /galeria/galeria/fotos/mirador2P.jpg HTTP/1.1" 200 10111
190.9.244.244 - - [02/Oct/2015:03:04:21 -0500] "GET /galeria/galeria/fotos/mirador4P.jpg HTTP/1.1" 200 11757
190.9.244.244 - - [02/Oct/2015:03:04:21 -0500] "GET /galeria/galeria/fotos/mirador3P.jpg HTTP/1.1" 200 9765
66.249.64.106 - - [02/Oct/2015:03:04:22 -0500] "GET /BLA/resoluciones/RESOLUCIONES%202009/1185.pdf HTTP/1.1" 200 227815
180.76.15.30 - - [02/Oct/2015:03:04:27 -0500] "GET / HTTP/1.1" 200 10190
66.249.64.101 - - [02/Oct/2015:03:04:37 -0500] "GET /BLA/resoluciones/RESOLUCIONES%202008/4953.pdf HTTP/1.1" 200 215573
66.249.64.101 - - [02/Oct/2015:03:04:40 -0500] "GET /BLA/resoluciones/RESOLUCIONES%202008/4363.pdf HTTP/1.1" 200 390550
66.249.64.96 - - [02/Oct/2015:03:04:53 -0500] "GET /BLA/resoluciones/RESOLUCIONES%202010/3504.pdf HTTP/1.1" 200 502607
201.245.192.253 - - [02/Oct/2015:03:05:01 -0500] "POST /forms/lservlet;jsessionid=ac16012b30d62e507505f2c64e898405c7619f87fb44.e3iSbxaKaheRe38Ka34Oa3eLbxf0n6jAmljGr5XDqQLvpAe HTTP/1.1" 200 2
66.249.64.96 - - [02/Oct/2015:03:05:09 -0500] "GET /BLA/resoluciones/RESOLUCIONES%202010/2221.pdf HTTP/1.1" 200 493912
66.249.64.96 - - [02/Oct/2015:03:05:25 -0500] "GET /BLA/resoluciones/AUTOS%202007/1535.pdf HTTP/1.1" 200 103631
66.249.64.101 - - [02/Oct/2015:03:05:35 -0500] "GET /BLA/resoluciones/RESOLUCIONES%202008/1577.pdf HTTP/1.1" 200 260073
68.180.230.190 - - [02/Oct/2015:03:05:44 -0500] "GET /BLA/boletinlegal/Circulares/2011/Circular%20No.%209%20del%2003%20de%20Noviembre%20de%202011.pdf HTTP/1.1" 200 54568
66.249.64.101 - - [02/Oct/2015:03:05:45 -0500] "GET /BLA/resoluciones/AUTOS%202008/0140.pdf HTTP/1.1" 200 184706
180.76.15.162 - - [02/Oct/2015:03:05:48 -0500] "GET / HTTP/1.1" 200 10190
66.249.64.101 - - [02/Oct/2015:03:05:51 -0500] "GET /BLA/resoluciones/RESOLUCIONES%202008/4241.pdf HTTP/1.1" 200 212344
66.249.64.96 - - [02/Oct/2015:03:05:56 -0500] "GET /BLA/resoluciones/AUTOS%202007/2305.pdf HTTP/1.1" 200 126604
66.249.64.96 - - [02/Oct/2015:03:06:06 -0500] "GET /BLA/resoluciones/RESOLUCIONES%202008/3882.pdf HTTP/1.1" 200 543053
190.9.244.244 - - [02/Oct/2015:03:06:08 -0500] "GET /BLA/boletinlegal/js/jquery.scrollShow.js HTTP/1.1" 200 4586
66.249.64.96 - - [02/Oct/2015:03:06:11 -0500] "GET /BLA/resoluciones/AUTOS%202010/1308.pdf HTTP/1.1" 200 356080
190.9.244.244 - - [02/Oct/2015:03:06:13 -0500] "GET /BLA/boletinlegal/js/jquery.scrollShow.js HTTP/1.1" 304 -
190.9.244.244 - - [02/Oct/2015:03:06:13 -0500] "GET /galeria/galeria/jquery.fancybox.css?v=2.1.5 HTTP/1.1" 304 -
190.9.244.244 - - [02/Oct/2015:03:06:13 -0500] "GET /galeria/galeria/jquery.fancybox.js?v=2.1.5 HTTP/1.1" 304 -
66.249.64.106 - - [02/Oct/2015:03:06:16 -0500] "GET /BLA/resoluciones/RESOLUCIONES%202009/5911.pdf HTTP/1.1" 200 549987
66.249.64.96 - - [02/Oct/2015:03:06:26 -0500] "GET /BLA/resoluciones/AUTOS%202008/0604.pdf HTTP/1.1" 200 85286
66.249.64.101 - - [02/Oct/2015:03:06:36 -0500] "GET /BLA/resoluciones/RESOLUCIONES%202008/1472.pdf HTTP/1.1" 200 297184
68.180.230.190 - - [02/Oct/2015:03:06:38 -0500] "GET /BLA/boletinlegal/Circulares/2011/Circular%20No.%207%20del%2023%20de%20Diciembre%20de%202011.pdf HTTP/1.1" 200 1107785
66.249.64.106 - - [02/Oct/2015:03:06:46 -0500] "GET /BLA/resoluciones/RESOLUCIONES%202009/4840.pdf HTTP/1.1" 200 272275
181.61.44.136 - - [02/Oct/2015:03:06:54 -0500] "GET /galeria/galeria/jquery.fancybox.css?v=2.1.5 HTTP/1.1" 200 4895
181.61.44.136 - - [02/Oct/2015:03:06:54 -0500] "GET /BLA/boletinlegal/js/jquery.scrollShow.js HTTP/1.1" 200 4586
181.61.44.136 - - [02/Oct/2015:03:06:54 -0500] "GET /galeria/galeria/jquery.fancybox.js?v=2.1.5 HTTP/1.1" 200 48706
66.249.64.96 - - [02/Oct/2015:03:06:56 -0500] "GET /BLA/resoluciones/RESOLUCIONES%202009/6214.pdf HTTP/1.1" 200 908133
201.245.192.253 - - [02/Oct/2015:03:07:01 -0500] "POST /forms/lservlet;jsessionid=ac16012b30d62e507505f2c64e898405c7619f87fb44.e3iSbxaKaheRe38Ka34Oa3eLbxf0n6jAmljGr5XDqQLvpAe HTTP/1.1" 200 2
66.249.64.106 - - [02/Oct/2015:03:07:07 -0500] "GET /BLA/resoluciones/RESOLUCIONES%202008/0535.pdf HTTP/1.1" 200 298724
66.249.64.101 - - [02/Oct/2015:03:07:17 -0500] "GET /BLA/resoluciones/RESOLUCIONES%202009/6879.pdf HTTP/1.1" 200 271109
66.249.64.106 - - [02/Oct/2015:03:07:27 -0500] "GET /BLA/resoluciones/RESOLUCIONES%202009/8443.pdf HTTP/1.1" 200 522216
66.249.64.101 - - [02/Oct/2015:03:07:37 -0500] "GET /BLA/resoluciones/AUTOS%202008/3082.pdf HTTP/1.1" 200 59971
74.86.158.107 - - [02/Oct/2015:03:07:41 -0500] "HEAD / HTTP/1.1" 200 -
66.249.64.96 - - [02/Oct/2015:03:07:47 -0500] "GET /BLA/resoluciones/RESOLUCIONES%202009/9838.pdf HTTP/1.1" 200 340784
66.249.64.96 - - [02/Oct/2015:03:07:57 -0500] "GET /BLA/resoluciones/RESOLUCIONES%202008/2928.pdf HTTP/1.1" 200 315345
201.234.75.11 - - [02/Oct/2015:03:08:00 -0500] "GET /galeria/nivo-slider/demo/images/Banner-comparendo.jpg HTTP/1.1" 304 -
66.249.64.96 - - [02/Oct/2015:03:08:07 -0500] "GET /BLA/resoluciones/RESOLUCIONES%202009/6068.pdf HTTP/1.1" 200 537357
66.249.64.101 - - [02/Oct/2015:03:08:18 -0500] "GET /BLA/resoluciones/AUTOS%202010/1455.pdf HTTP/1.1" 200 304476
66.249.64.101 - - [02/Oct/2015:03:08:28 -0500] "GET /BLA/resoluciones/RESOLUCIONES%202008/0878.pdf HTTP/1.1" 200 194330
66.249.64.96 - - [02/Oct/2015:03:08:38 -0500] "GET /BLA/resoluciones/RESOLUCIONES%202010/5922.pdf HTTP/1.1" 200 705666
66.249.64.101 - - [02/Oct/2015:03:08:47 -0500] "GET /BLA/resoluciones/RESOLUCIONES%202008/3301.pdf HTTP/1.1" 200 223903
66.249.64.101 - - [02/Oct/2015:03:08:48 -0500] "GET /BLA/resoluciones/AUTOS%202008/1114.pdf HTTP/1.1" 200 170735
66.249.64.101 - - [02/Oct/2015:03:08:58 -0500] "GET /BLA/resoluciones/RESOLUCIONES%202010/1071.pdf HTTP/1.1" 200 104564
201.245.192.253 - - [02/Oct/2015:03:09:02 -0500] "POST /forms/lservlet;jsessionid=ac16012b30d62e507505f2c64e898405c7619f87fb44.e3iSbxaKaheRe38Ka34Oa3eLbxf0n6jAmljGr5XDqQLvpAe HTTP/1.1" 200 2
66.249.64.101 - - [02/Oct/2015:03:09:08 -0500] "GET /BLA/resoluciones/RESOLUCIONES%202009/4023.pdf HTTP/1.1" 200 535099
66.249.64.106 - - [02/Oct/2015:03:09:19 -0500] "GET /BLA/resoluciones/RESOLUCIONES%202009/4434.pdf HTTP/1.1" 200 427046
66.249.64.106 - - [02/Oct/2015:03:09:29 -0500] "GET /BLA/resoluciones/RESOLUCIONES%202009/0970.pdf HTTP/1.1" 200 362738
66.249.64.106 - - [02/Oct/2015:03:09:39 -0500] "GET /BLA/resoluciones/RESOLUCIONES%202009/1544.pdf HTTP/1.1" 200 331177
66.249.64.96 - - [02/Oct/2015:03:09:49 -0500] "GET /BLA/resoluciones/RESOLUCIONES%202010/0876.pdf HTTP/1.1" 200 102378
66.249.64.96 - - [02/Oct/2015:03:09:50 -0500] "GET /BLA/resoluciones/RESOLUCIONES%202009/3429.pdf HTTP/1.1" 200 463423
66.249.64.96 - - [02/Oct/2015:03:09:59 -0500] "GET /BLA/resoluciones/RESOLUCIONES%202009/1206.pdf HTTP/1.1" 200 393468
207.46.13.176 - - [02/Oct/2015:03:10:06 -0500] "GET /videos/galeria-fotografica/index21.html HTTP/1.1" 200 1967
66.249.64.96 - - [02/Oct/2015:03:10:09 -0500] "GET /BLA/resoluciones/RESOLUCIONES%202011/0314.pdf HTTP/1.1" 304 -
66.249.64.101 - - [02/Oct/2015:03:10:16 -0500] "GET /BLA/resoluciones/RESOLUCIONES%202008/4119.pdf HTTP/1.1" 200 564001
66.249.64.101 - - [02/Oct/2015:03:10:19 -0500] "GET /BLA/resoluciones/RESOLUCIONES%202010/0133.pdf HTTP/1.1" 200 384454
85.112.5.11 - - [02/Oct/2015:03:10:27 -0500] "GET /galeria/galeria/jquery.fancybox.js?v=2.1.5 HTTP/1.1" 200 48706
85.112.5.11 - - [02/Oct/2015:03:10:27 -0500] "GET /BLA/boletinlegal/js/jquery.scrollShow.js HTTP/1.1" 200 4586
85.112.5.11 - - [02/Oct/2015:03:10:27 -0500] "GET /galeria/carrusel/Carrusel/jquery.thumbnailScroller.css HTTP/1.1" 200 2066
85.112.5.11 - - [02/Oct/2015:03:10:27 -0500] "GET /galeria/carrusel/Carrusel/jquery-ui-1.8.13.custom.min.js HTTP/1.1" 200 10800
85.112.5.11 - - [02/Oct/2015:03:10:27 -0500] "GET /galeria/galeria/jquery.fancybox.css?v=2.1.5 HTTP/1.1" 200 4895
85.112.5.11 - - [02/Oct/2015:03:10:27 -0500] "GET /galeria/carrusel/Carrusel/jquery.thumbnailScroller.js HTTP/1.1" 200 8157
85.112.5.11 - - [02/Oct/2015:03:10:29 -0500] "GET /galeria/nivo-slider/demo/demo.html HTTP/1.1" 200 3905
85.112.5.11 - - [02/Oct/2015:03:10:29 -0500] "GET /galeria/nivo-slider/themes/default/default.css HTTP/1.1" 200 1569
85.112.5.11 - - [02/Oct/2015:03:10:29 -0500] "GET /galeria/nivo-slider/demo/scripts/jquery-1.7.1.min.js HTTP/1.1" 200 93868
85.112.5.11 - - [02/Oct/2015:03:10:29 -0500] "GET /galeria/nivo-slider/themes/pascal/pascal.css HTTP/1.1" 200 2258
85.112.5.11 - - [02/Oct/2015:03:10:29 -0500] "GET /galeria/nivo-slider/nivo-slider.css HTTP/1.1" 200 1507
85.112.5.11 - - [02/Oct/2015:03:10:29 -0500] "GET /galeria/nivo-slider/demo/style.css HTTP/1.1" 200 2222
85.112.5.11 - - [02/Oct/2015:03:10:29 -0500] "GET /galeria/nivo-slider/themes/orman/orman.css HTTP/1.1" 200 2152
85.112.5.11 - - [02/Oct/2015:03:10:30 -0500] "GET /galeria/nivo-slider/jquery.nivo.slider.pack.js HTTP/1.1" 200 11561
85.112.5.11 - - [02/Oct/2015:03:10:30 -0500] "GET /galeria/nivo-slider/demo/images/La-SDA-se-suma-a-la-Gran-Movilizacion.jpg HTTP/1.1" 200 92233
85.112.5.11 - - [02/Oct/2015:03:10:30 -0500] "GET /galeria/nivo-slider/demo/images/simulacro-busqueda-rescate-urbano.jpg HTTP/1.1" 200 251375
85.112.5.11 - - [02/Oct/2015:03:10:30 -0500] "GET /galeria/nivo-slider/demo/images/simulacro-nacional.jpg HTTP/1.1" 200 241925
85.112.5.11 - - [02/Oct/2015:03:10:30 -0500] "GET /galeria/nivo-slider/demo/images/Semana-PYBA.jpg HTTP/1.1" 200 103786
66.249.64.96 - - [02/Oct/2015:03:10:30 -0500] "GET /BLA/resoluciones/AUTOS%202008/0965.pdf HTTP/1.1" 200 93917
85.112.5.11 - - [02/Oct/2015:03:10:30 -0500] "GET /galeria/nivo-slider/demo/images/Plan-Quinquenal.jpg HTTP/1.1" 200 412438
85.112.5.11 - - [02/Oct/2015:03:10:31 -0500] "GET /galeria/nivo-slider/demo/images/PREDAcamp.jpg HTTP/1.1" 200 295358
85.112.5.11 - - [02/Oct/2015:03:10:31 -0500] "GET /galeria/nivo-slider/demo/images/banner-llantas2.jpg HTTP/1.1" 200 204644
85.112.5.11 - - [02/Oct/2015:03:10:31 -0500] "GET /galeria/nivo-slider/demo/images/9Signos.jpg HTTP/1.1" 200 81776
85.112.5.11 - - [02/Oct/2015:03:10:32 -0500] "GET /galeria/nivo-slider/demo/images/Comparendo-ambiental-Banner.jpg HTTP/1.1" 200 83731
85.112.5.11 - - [02/Oct/2015:03:10:32 -0500] "GET /galeria/nivo-slider/demo/images/Ruta-vertimientos-01.jpg HTTP/1.1" 200 130151
85.112.5.11 - - [02/Oct/2015:03:10:33 -0500] "GET /galeria/nivo-slider/demo/images/bolsas-06.jpg HTTP/1.1" 200 90982
85.112.5.11 - - [02/Oct/2015:03:10:33 -0500] "GET /galeria/nivo-slider/demo/images/Conoce-los-humedales.jpg HTTP/1.1" 200 294036
85.112.5.11 - - [02/Oct/2015:03:10:33 -0500] "GET /galeria/nivo-slider/demo/images/ecolecta-Dic2014.png HTTP/1.1" 200 288593
85.112.5.11 - - [02/Oct/2015:03:10:33 -0500] "GET /galeria/nivo-slider/demo/images/4Simple_Slider.png HTTP/1.1" 200 11722
85.112.5.11 - - [02/Oct/2015:03:10:34 -0500] "GET /galeria/nivo-slider/themes/default/loading.gif HTTP/1.1" 200 1737
85.112.5.11 - - [02/Oct/2015:03:10:37 -0500] "GET /galeria/nivo-slider/themes/default/arrows.png HTTP/1.1" 200 824
85.112.5.11 - - [02/Oct/2015:03:10:37 -0500] "GET /galeria/nivo-slider/themes/default/bullets.png HTTP/1.1" 200 1281
66.249.64.101 - - [02/Oct/2015:03:10:40 -0500] "GET /BLA/resoluciones/RESOLUCIONES%202009/1572.pdf HTTP/1.1" 200 86111
66.249.64.106 - - [02/Oct/2015:03:10:50 -0500] "GET /BLA/resoluciones/RESOLUCIONES%202008/3210.pdf HTTP/1.1" 200 80980
66.249.64.106 - - [02/Oct/2015:03:11:00 -0500] "GET /BLA/resoluciones/RESOLUCIONES%202009/9449.pdf HTTP/1.1" 200 435027
201.245.192.253 - - [02/Oct/2015:03:11:02 -0500] "POST /forms/lservlet;jsessionid=ac16012b30d62e507505f2c64e898405c7619f87fb44.e3iSbxaKaheRe38Ka34Oa3eLbxf0n6jAmljGr5XDqQLvpAe HTTP/1.1" 200 2
66.249.64.101 - - [02/Oct/2015:03:11:05 -0500] "GET /BLA/resoluciones/RESOLUCIONES%202009/8665.pdf HTTP/1.1" 200 527009
66.249.64.101 - - [02/Oct/2015:03:11:10 -0500] "GET /BLA/resoluciones/AUTOS%202008/2875.pdf HTTP/1.1" 200 163389
66.249.64.96 - - [02/Oct/2015:03:11:20 -0500] "GET /BLA/resoluciones/RESOLUCIONES%202008/0395.pdf HTTP/1.1" 200 130648
66.249.64.96 - - [02/Oct/2015:03:11:21 -0500] "GET /BLA/resoluciones/RESOLUCIONES%202009/5108.pdf HTTP/1.1" 200 906571
85.112.5.11 - - [02/Oct/2015:03:10:35 -0500] "GET /BLA/boletinlegal/index.php? HTTP/1.1" 200 51063
85.112.5.11 - - [02/Oct/2015:03:11:27 -0500] "GET /BLA/boletinlegal/style.css HTTP/1.1" 200 9406
85.112.5.11 - - [02/Oct/2015:03:11:27 -0500] "GET /BLA/boletinlegal/js/jquery.scrollTo-min.js HTTP/1.1" 200 1150
85.112.5.11 - - [02/Oct/2015:03:11:27 -0500] "GET /BLA/boletinlegal/js/jquery.js HTTP/1.1" 200 57254
85.112.5.11 - - [02/Oct/2015:03:11:27 -0500] "GET /BLA/boletinlegal/styles2.css HTTP/1.1" 200 1838
85.112.5.11 - - [02/Oct/2015:03:11:28 -0500] "GET /BLA/boletinlegal/images/cabezote%20BLEGAL.jpg HTTP/1.1" 200 118164
85.112.5.11 - - [02/Oct/2015:03:11:28 -0500] "GET /BLA/boletinlegal/images/screen_1.png HTTP/1.1" 200 202547
85.112.5.11 - - [02/Oct/2015:03:11:28 -0500] "GET /BLA/boletinlegal/images/historia.png HTTP/1.1" 200 52775
85.112.5.11 - - [02/Oct/2015:03:11:28 -0500] "GET /BLA/boletinlegal/images/subscribe-icon-big.png HTTP/1.1" 200 47702
85.112.5.11 - - [02/Oct/2015:03:11:28 -0500] "GET /BLA/boletinlegal/images/nuevo.gif HTTP/1.1" 200 26475
85.112.5.11 - - [02/Oct/2015:03:11:28 -0500] "GET /BLA/boletinlegal/images/arr_l.jpg HTTP/1.1" 200 1979
85.112.5.11 - - [02/Oct/2015:03:11:29 -0500] "GET /BLA/boletinlegal/images/launch.jpg HTTP/1.1" 200 14577
85.112.5.11 - - [02/Oct/2015:03:11:30 -0500] "GET /BLA/boletinlegal/images/screen_2.png HTTP/1.1" 200 362502
85.112.5.11 - - [02/Oct/2015:03:11:30 -0500] "GET /BLA/boletinlegal/images/screen_3.png HTTP/1.1" 200 210620
85.112.5.11 - - [02/Oct/2015:03:11:30 -0500] "GET /BLA/boletinlegal/images/screen_5.png HTTP/1.1" 200 368876
85.112.5.11 - - [02/Oct/2015:03:11:30 -0500] "GET /BLA/boletinlegal/images/img_1.jpg HTTP/1.1" 200 8067
85.112.5.11 - - [02/Oct/2015:03:11:30 -0500] "GET /BLA/boletinlegal/images/People.png HTTP/1.1" 200 45676
66.249.64.96 - - [02/Oct/2015:03:11:30 -0500] "GET /BLA/resoluciones/AUTOS%202008/0367.pdf HTTP/1.1" 200 139801
85.112.5.11 - - [02/Oct/2015:03:11:30 -0500] "GET /BLA/boletinlegal/images/group.png HTTP/1.1" 200 47853
85.112.5.11 - - [02/Oct/2015:03:11:31 -0500] "GET /BLA/boletinlegal/images/symbol5.gif HTTP/1.1" 200 2857
85.112.5.11 - - [02/Oct/2015:03:11:31 -0500] "GET /BLA/boletinlegal/images/img_3.jpg HTTP/1.1" 200 1841
85.112.5.11 - - [02/Oct/2015:03:11:31 -0500] "GET /BLA/boletinlegal/images/arr_r.jpg HTTP/1.1" 200 1998
85.112.5.11 - - [02/Oct/2015:03:11:31 -0500] "GET /BLA/boletinlegal/images/pdf.gif HTTP/1.1" 200 567
85.112.5.11 - - [02/Oct/2015:03:11:31 -0500] "GET /BLA/boletinlegal/images/body_bg.jpg HTTP/1.1" 200 1601
85.112.5.11 - - [02/Oct/2015:03:11:31 -0500] "GET /BLA/boletinlegal/images/menu_lft.gif HTTP/1.1" 200 1713
85.112.5.11 - - [02/Oct/2015:03:11:31 -0500] "GET /BLA/boletinlegal/images/menu_rght.gif HTTP/1.1" 200 1627
85.112.5.11 - - [02/Oct/2015:03:11:31 -0500] "GET /BLA/boletinlegal/images/bg_top.jpg HTTP/1.1" 200 522
85.112.5.11 - - [02/Oct/2015:03:11:32 -0500] "GET /BLA/boletinlegal/images/menu_bg.jpg HTTP/1.1" 200 620
85.112.5.11 - - [02/Oct/2015:03:11:32 -0500] "GET /BLA/boletinlegal/images/hover.jpg HTTP/1.1" 200 640
85.112.5.11 - - [02/Oct/2015:03:11:32 -0500] "GET /BLA/boletinlegal/images/text.jpg HTTP/1.1" 200 568
85.112.5.11 - - [02/Oct/2015:03:11:32 -0500] "GET /BLA/boletinlegal/images/footer_bg.jpg HTTP/1.1" 200 586
85.112.5.11 - - [02/Oct/2015:03:11:32 -0500] "GET /BLA/boletinlegal/images/footer_bg_l.jpg HTTP/1.1" 200 776
85.112.5.11 - - [02/Oct/2015:03:11:36 -0500] "GET /favicon.ico HTTP/1.1" 200 7782
85.112.5.11 - - [02/Oct/2015:03:11:38 -0500] "GET /BLA/boletinlegal/images/background.gif HTTP/1.1" 200 -
66.249.64.96 - - [02/Oct/2015:03:11:41 -0500] "GET /BLA/resoluciones/AUTOS%202008/0054.pdf HTTP/1.1" 200 132702
66.249.64.106 - - [02/Oct/2015:03:11:51 -0500] "GET /BLA/resoluciones/RESOLUCIONES%202009/6440.pdf HTTP/1.1" 200 435085
66.249.64.96 - - [02/Oct/2015:03:12:01 -0500] "GET /BLA/resoluciones/RESOLUCIONES%202009/0190.pdf HTTP/1.1" 200 273583
66.249.64.106 - - [02/Oct/2015:03:12:09 -0500] "GET /BLA/resoluciones/AUTOS%202011/6384.pdf HTTP/1.1" 200 219880
66.249.64.101 - - [02/Oct/2015:03:12:11 -0500] "GET /BLA/resoluciones/AUTOS%202013/1312.pdf HTTP/1.1" 200 831811
85.112.5.11 - - [02/Oct/2015:03:12:13 -0500] "GET /BLA/boletinlegal/documentos-importantes.php HTTP/1.1" 200 4822
85.112.5.11 - - [02/Oct/2015:03:12:13 -0500] "GET /BLA/boletinlegal/ajax.js HTTP/1.1" 200 577
85.112.5.11 - - [02/Oct/2015:03:12:13 -0500] "GET /BLA/boletinlegal/js/ajax_documentos.js HTTP/1.1" 200 1155
85.112.5.11 - - [02/Oct/2015:03:12:13 -0500] "GET /BLA/boletinlegal/niceforms-default.css HTTP/1.1" 200 6694
85.112.5.11 - - [02/Oct/2015:03:12:13 -0500] "GET /BLA/boletinlegal/niceforms.js HTTP/1.1" 200 22876
85.112.5.11 - - [02/Oct/2015:03:12:14 -0500] "GET /BLA/boletinlegal/images/abajo.png HTTP/1.1" 200 96676
85.112.5.11 - - [02/Oct/2015:03:12:15 -0500] "GET /BLA/boletinlegal/img/0.png HTTP/1.1" 200 110
85.112.5.11 - - [02/Oct/2015:03:12:15 -0500] "GET /BLA/boletinlegal/img/textarea-tl.png HTTP/1.1" 200 269
85.112.5.11 - - [02/Oct/2015:03:12:15 -0500] "GET /BLA/boletinlegal/img/textarea-br.png HTTP/1.1" 200 488
