157.55.39.174 - - [04/Oct/2015:07:47:20 -0500] "GET /BLA/boletinlegal/js/jquery.scrollShow.js HTTP/1.1" 200 4586
180.76.15.159 - - [04/Oct/2015:07:47:30 -0500] "GET /BLA/boletinlegal/Circulares/2011/Circular%20No.%207%20del%2023%20de%20Diciembre%20de%202011.pdf HTTP/1.1" 200 1107785
66.249.64.96 - - [04/Oct/2015:07:48:05 -0500] "GET /BLA/resoluciones/AUTOS%202013/1435.pdf HTTP/1.1" 200 395028
201.234.75.11 - - [04/Oct/2015:07:48:27 -0500] "GET /galeria/galeria/fotos/Movilizacion7P.jpg HTTP/1.1" 304 -
65.55.212.71 - - [04/Oct/2015:07:48:50 -0500] "GET /BLA/boletinlegal/js/jquery.scrollShow.js HTTP/1.1" 200 4586
131.253.24.158 - - [04/Oct/2015:07:48:50 -0500] "GET /galeria/galeria/jquery.fancybox.js?v=2.1.5 HTTP/1.1" 200 48706
65.55.212.71 - - [04/Oct/2015:07:48:50 -0500] "GET /galeria/galeria/jquery.fancybox.css?v=2.1.5 HTTP/1.1" 200 4895
74.86.158.107 - - [04/Oct/2015:07:49:04 -0500] "HEAD / HTTP/1.1" 200 -
201.245.192.253 - - [04/Oct/2015:07:49:05 -0500] "POST /forms/lservlet;jsessionid=ac16012b30d62e507505f2c64e898405c7619f87fb44.e3iSbxaKaheRe38Ka34Oa3eLbxf0n6jAmljGr5XDqQLvpAe HTTP/1.1" 200 2
66.249.64.96 - - [04/Oct/2015:07:49:11 -0500] "GET /BLA/resoluciones/AUTOS%202013/0598.pdf HTTP/1.1" 200 1577128
131.253.24.150 - - [04/Oct/2015:07:49:21 -0500] "GET /BLA/boletinlegal/js/jquery.scrollShow.js HTTP/1.1" 200 4586
131.253.26.234 - - [04/Oct/2015:07:49:21 -0500] "GET /galeria/galeria/jquery.fancybox.js?v=2.1.5 HTTP/1.1" 200 48706
131.253.24.150 - - [04/Oct/2015:07:49:21 -0500] "GET /galeria/galeria/jquery.fancybox.css?v=2.1.5 HTTP/1.1" 200 4895
66.249.64.248 - - [04/Oct/2015:07:49:48 -0500] "GET / HTTP/1.1" 200 10190
66.249.64.96 - - [04/Oct/2015:07:49:53 -0500] "GET /BLA/resoluciones/AUTOS%202007/3098.pdf HTTP/1.1" 200 288550
87.104.51.3 - - [04/Oct/2015:07:50:02 -0500] "GET /webdav/x32.php?act=phptools&host=77.255.58.217&port=80&time=120 HTTP/1.1" 404 1018
66.249.64.96 - - [04/Oct/2015:07:50:36 -0500] "GET /BLA/resoluciones/RESOLUCIONES%202008/3363.pdf HTTP/1.1" 200 232919
201.245.192.253 - - [04/Oct/2015:07:51:05 -0500] "POST /forms/lservlet;jsessionid=ac16012b30d62e507505f2c64e898405c7619f87fb44.e3iSbxaKaheRe38Ka34Oa3eLbxf0n6jAmljGr5XDqQLvpAe HTTP/1.1" 200 2
66.249.64.248 - - [04/Oct/2015:07:51:08 -0500] "GET /POT-2013/index.php?dir=expediente%2F HTTP/1.1" 200 1903
66.249.64.106 - - [04/Oct/2015:07:51:18 -0500] "GET /BLA/resoluciones/RESOLUCIONES%202008/0047.pdf HTTP/1.1" 200 548870
201.234.75.11 - - [04/Oct/2015:07:51:52 -0500] "GET /galeria/nivo-slider/demo/images/banner-calidad-aire.jpg HTTP/1.1" 304 -
66.249.64.101 - - [04/Oct/2015:07:52:01 -0500] "GET /BLA/resoluciones/RESOLUCIONES%202010/5800.pdf HTTP/1.1" 200 83804
180.76.15.161 - - [04/Oct/2015:07:52:14 -0500] "GET / HTTP/1.1" 302 298
66.249.64.106 - - [04/Oct/2015:07:52:43 -0500] "GET /BLA/resoluciones/RESOLUCIONES%202010/6255.pdf HTTP/1.1" 200 602932
66.249.64.106 - - [04/Oct/2015:07:53:03 -0500] "GET /BLA/resoluciones/RESOLUCIONES%202008/4848.pdf HTTP/1.1" 200 291690
201.245.192.253 - - [04/Oct/2015:07:53:05 -0500] "POST /forms/lservlet;jsessionid=ac16012b30d62e507505f2c64e898405c7619f87fb44.e3iSbxaKaheRe38Ka34Oa3eLbxf0n6jAmljGr5XDqQLvpAe HTTP/1.1" 200 2
186.29.138.64 - - [04/Oct/2015:07:53:15 -0500] "GET /BLA/ HTTP/1.1" 200 538
186.29.138.64 - - [04/Oct/2015:07:53:21 -0500] "GET /BLA/boletinlegal/style.css HTTP/1.1" 200 9406
186.29.138.64 - - [04/Oct/2015:07:53:21 -0500] "GET /BLA/boletinlegal/styles2.css HTTP/1.1" 200 1838
186.29.138.64 - - [04/Oct/2015:07:53:21 -0500] "GET /BLA/boletinlegal/js/jquery.js HTTP/1.1" 200 57254
186.29.138.64 - - [04/Oct/2015:07:53:21 -0500] "GET /BLA/boletinlegal/js/jquery.scrollTo-min.js HTTP/1.1" 200 1150
186.29.138.64 - - [04/Oct/2015:07:53:21 -0500] "GET /BLA/boletinlegal/js/jquery.scrollShow.js HTTP/1.1" 200 4586
186.29.138.64 - - [04/Oct/2015:07:53:22 -0500] "GET /BLA/boletinlegal/images/cabezote%20BLEGAL.jpg HTTP/1.1" 200 118164
186.29.138.64 - - [04/Oct/2015:07:53:22 -0500] "GET /BLA/boletinlegal/images/nuevo.gif HTTP/1.1" 200 26475
186.29.138.64 - - [04/Oct/2015:07:53:22 -0500] "GET /BLA/boletinlegal/images/historia.png HTTP/1.1" 200 52775
186.29.138.64 - - [04/Oct/2015:07:53:22 -0500] "GET /BLA/boletinlegal/images/subscribe-icon-big.png HTTP/1.1" 200 47702
186.29.138.64 - - [04/Oct/2015:07:53:22 -0500] "GET /BLA/boletinlegal/images/arr_l.jpg HTTP/1.1" 200 1979
186.29.138.64 - - [04/Oct/2015:07:53:22 -0500] "GET /BLA/boletinlegal/images/body_bg.jpg HTTP/1.1" 200 1601
186.29.138.64 - - [04/Oct/2015:07:53:22 -0500] "GET /BLA/boletinlegal/images/menu_lft.gif HTTP/1.1" 200 1713
186.29.138.64 - - [04/Oct/2015:07:53:22 -0500] "GET /BLA/boletinlegal/images/menu_rght.gif HTTP/1.1" 200 1627
186.29.138.64 - - [04/Oct/2015:07:53:22 -0500] "GET /BLA/boletinlegal/images/bg_top.jpg HTTP/1.1" 200 522
180.76.15.9 - - [04/Oct/2015:07:53:22 -0500] "GET / HTTP/1.1" 302 298
186.29.138.64 - - [04/Oct/2015:07:53:22 -0500] "GET /BLA/boletinlegal/images/menu_bg.jpg HTTP/1.1" 200 620
186.29.138.64 - - [04/Oct/2015:07:53:23 -0500] "GET /BLA/boletinlegal/images/screen_1.png HTTP/1.1" 200 202547
186.29.138.64 - - [04/Oct/2015:07:53:23 -0500] "GET /BLA/boletinlegal/images/screen_2.png HTTP/1.1" 200 362502
186.29.138.64 - - [04/Oct/2015:07:53:23 -0500] "GET /BLA/boletinlegal/images/text.jpg HTTP/1.1" 200 568
186.29.138.64 - - [04/Oct/2015:07:53:23 -0500] "GET /BLA/boletinlegal/images/hover.jpg HTTP/1.1" 200 640
186.29.138.64 - - [04/Oct/2015:07:53:23 -0500] "GET /BLA/boletinlegal/images/launch.jpg HTTP/1.1" 200 14577
186.29.138.64 - - [04/Oct/2015:07:53:25 -0500] "GET /BLA/boletinlegal/actos.php HTTP/1.1" 200 7551
66.249.64.96 - - [04/Oct/2015:07:53:26 -0500] "GET /BLA/resoluciones/RESOLUCIONES%202009/3593.pdf HTTP/1.1" 200 100496
186.29.138.64 - - [04/Oct/2015:07:53:26 -0500] "GET /BLA/boletinlegal/js/ajax_actos.js HTTP/1.1" 200 1322
186.29.138.64 - - [04/Oct/2015:07:53:26 -0500] "GET /BLA/boletinlegal/niceforms.js HTTP/1.1" 200 22876
186.29.138.64 - - [04/Oct/2015:07:53:26 -0500] "GET /BLA/boletinlegal/niceforms-default.css HTTP/1.1" 200 6694
186.29.138.64 - - [04/Oct/2015:07:53:26 -0500] "GET /BLA/boletinlegal/js/lib.js HTTP/1.1" 200 6474
186.29.138.64 - - [04/Oct/2015:07:53:26 -0500] "GET /BLA/boletinlegal/js/popup.js HTTP/1.1" 200 1270
186.29.138.64 - - [04/Oct/2015:07:53:26 -0500] "GET /BLA/boletinlegal/js/jquery1.js HTTP/1.1" 200 29846
186.29.138.64 - - [04/Oct/2015:07:53:26 -0500] "GET /BLA/boletinlegal/images/green-yellow-blue-pink-th.png HTTP/1.1" 200 7394
186.29.138.64 - - [04/Oct/2015:07:53:26 -0500] "GET /BLA/boletinlegal/images/abajo.png HTTP/1.1" 200 96676
186.29.138.64 - - [04/Oct/2015:07:53:26 -0500] "GET /BLA/boletinlegal/images/footer_bg.jpg HTTP/1.1" 200 586
186.29.138.64 - - [04/Oct/2015:07:53:26 -0500] "GET /BLA/boletinlegal/images/footer_bg_l.jpg HTTP/1.1" 200 776
186.29.138.64 - - [04/Oct/2015:07:53:27 -0500] "GET /BLA/boletinlegal/img/0.png HTTP/1.1" 200 110
186.29.138.64 - - [04/Oct/2015:07:53:27 -0500] "GET /BLA/boletinlegal/img/button-right.png HTTP/1.1" 200 57878
186.29.138.64 - - [04/Oct/2015:07:53:27 -0500] "GET /BLA/boletinlegal/img/button.png HTTP/1.1" 200 43241
186.29.138.64 - - [04/Oct/2015:07:53:27 -0500] "GET /BLA/boletinlegal/img/button-left.png HTTP/1.1" 200 57071
186.29.138.64 - - [04/Oct/2015:07:53:27 -0500] "GET /BLA/boletinlegal/img/select-left.png HTTP/1.1" 200 263
186.29.138.64 - - [04/Oct/2015:07:53:27 -0500] "GET /BLA/boletinlegal/img/select-right.png HTTP/1.1" 200 44019
186.29.138.64 - - [04/Oct/2015:07:53:21 -0500] "GET /BLA/boletinlegal/index.php HTTP/1.1" 200 16331
186.29.138.64 - - [04/Oct/2015:07:53:53 -0500] "GET /BLA/boletinlegal/consulta_actos.php?tipo=autos&no=0015&usuario=&sector=&fecha=2012&resuelve= HTTP/1.1" 200 623
74.86.158.107 - - [04/Oct/2015:07:54:04 -0500] "HEAD / HTTP/1.1" 200 -
66.249.64.101 - - [04/Oct/2015:07:54:08 -0500] "GET /BLA/resoluciones/RESOLUCIONES%202010/6145.pdf HTTP/1.1" 200 618306
66.249.64.101 - - [04/Oct/2015:07:54:10 -0500] "GET /BLA/resoluciones/AUTOS%202008/0548.pdf HTTP/1.1" 200 98001
66.249.64.101 - - [04/Oct/2015:07:54:51 -0500] "GET /BLA/resoluciones/RESOLUCIONES%202010/6353.pdf HTTP/1.1" 200 1143628
201.245.192.253 - - [04/Oct/2015:07:55:05 -0500] "POST /forms/lservlet;jsessionid=ac16012b30d62e507505f2c64e898405c7619f87fb44.e3iSbxaKaheRe38Ka34Oa3eLbxf0n6jAmljGr5XDqQLvpAe HTTP/1.1" 200 2
66.249.64.106 - - [04/Oct/2015:07:55:33 -0500] "GET /BLA/resoluciones/RESOLUCIONES%202010/5939.pdf HTTP/1.1" 200 226840
176.36.80.39 - - [04/Oct/2015:07:55:37 -0500] "GET /robots.txt HTTP/1.0" 404 1019
176.36.80.39 - - [04/Oct/2015:07:55:41 -0500] "GET /cyber/ecour/eco.htm HTTP/1.1" 404 1019
176.36.80.39 - - [04/Oct/2015:07:55:53 -0500] "GET /respira.htm HTTP/1.1" 404 1019
66.249.64.101 - - [04/Oct/2015:07:56:15 -0500] "GET /BLA/resoluciones/RESOLUCIONES%202010/6164.pdf HTTP/1.1" 200 1000122
66.249.64.96 - - [04/Oct/2015:07:56:58 -0500] "GET /BLA/resoluciones/RESOLUCIONES%202009/4911.pdf HTTP/1.1" 200 705812
201.245.192.253 - - [04/Oct/2015:07:57:05 -0500] "POST /forms/lservlet;jsessionid=ac16012b30d62e507505f2c64e898405c7619f87fb44.e3iSbxaKaheRe38Ka34Oa3eLbxf0n6jAmljGr5XDqQLvpAe HTTP/1.1" 200 2
65.254.225.146 - - [04/Oct/2015:07:57:07 -0500] "POST /wp-login.php HTTP/1.1" 301 332
66.249.64.101 - - [04/Oct/2015:07:57:10 -0500] "GET /BLA/resoluciones/RESOLUCIONES%202009/2490.pdf HTTP/1.1" 200 346160
66.249.64.106 - - [04/Oct/2015:07:57:40 -0500] "GET /BLA/resoluciones/RESOLUCIONES%202008/3751.pdf HTTP/1.1" 200 287408
62.210.247.93 - - [04/Oct/2015:07:58:16 -0500] "GET /robots.txt HTTP/1.0" 404 1019
62.210.247.93 - - [04/Oct/2015:07:58:16 -0500] "GET / HTTP/1.0" 200 10190
66.249.64.96 - - [04/Oct/2015:07:58:23 -0500] "GET /BLA/resoluciones/RESOLUCIONES%202010/5950.pdf HTTP/1.1" 200 79667
112.205.91.36 - - [04/Oct/2015:07:58:39 -0500] "POST /xmlrpc.php HTTP/1.1" 301 334
112.205.91.36 - - [04/Oct/2015:07:58:40 -0500] "POST /xmlrpc.php HTTP/1.1" 301 334
66.249.64.101 - - [04/Oct/2015:07:58:57 -0500] "GET /BLA/resoluciones/RESOLUCIONES%202009/3591.pdf HTTP/1.1" 200 101870
74.86.158.107 - - [04/Oct/2015:07:59:04 -0500] "HEAD / HTTP/1.1" 200 -
66.249.64.101 - - [04/Oct/2015:07:59:05 -0500] "GET /BLA/resoluciones/RESOLUCIONES%202009/9773.pdf HTTP/1.1" 200 271145
201.245.192.253 - - [04/Oct/2015:07:59:06 -0500] "POST /forms/lservlet;jsessionid=ac16012b30d62e507505f2c64e898405c7619f87fb44.e3iSbxaKaheRe38Ka34Oa3eLbxf0n6jAmljGr5XDqQLvpAe HTTP/1.1" 200 2
190.26.30.233 - - [04/Oct/2015:07:59:18 -0500] "GET /BLA/boletinlegal/js/jquery.scrollShow.js HTTP/1.1" 200 4586
190.26.30.233 - - [04/Oct/2015:07:59:18 -0500] "GET /galeria/galeria/jquery.fancybox.js?v=2.1.5 HTTP/1.1" 200 48706
190.26.30.233 - - [04/Oct/2015:07:59:18 -0500] "GET /galeria/galeria/jquery.fancybox.css?v=2.1.5 HTTP/1.1" 200 4895
66.249.64.96 - - [04/Oct/2015:07:59:25 -0500] "GET /BLA/resoluciones/RESOLUCIONES%202009/3814.pdf HTTP/1.1" 200 692763
190.26.30.233 - - [04/Oct/2015:07:59:29 -0500] "GET /BLA/boletinlegal/js/jquery.scrollShow.js HTTP/1.1" 200 4586
190.26.30.233 - - [04/Oct/2015:07:59:29 -0500] "GET /galeria/galeria/jquery.fancybox.js?v=2.1.5 HTTP/1.1" 200 48706
190.26.30.233 - - [04/Oct/2015:07:59:29 -0500] "GET /galeria/galeria/jquery.fancybox.css?v=2.1.5 HTTP/1.1" 200 4895
66.249.64.101 - - [04/Oct/2015:07:59:48 -0500] "GET /BLA/resoluciones/RESOLUCIONES%202008/0380.pdf HTTP/1.1" 200 358310
68.180.230.190 - - [04/Oct/2015:08:00:11 -0500] "GET /BLA/boletinlegal/jurisprudencia/analisis/Analisis%20Sentencia%20T-1077,%202%20corregida.doc HTTP/1.1" 200 47616
66.249.64.106 - - [04/Oct/2015:08:00:14 -0500] "GET /BLA/resoluciones/RESOLUCIONES%202010/1485.pdf HTTP/1.1" 200 520999
66.249.64.96 - - [04/Oct/2015:08:00:30 -0500] "GET /BLA/resoluciones/RESOLUCIONES%202010/6232.pdf HTTP/1.1" 200 635656
201.245.192.253 - - [04/Oct/2015:08:01:06 -0500] "POST /forms/lservlet;jsessionid=ac16012b30d62e507505f2c64e898405c7619f87fb44.e3iSbxaKaheRe38Ka34Oa3eLbxf0n6jAmljGr5XDqQLvpAe HTTP/1.1" 200 2
66.249.64.96 - - [04/Oct/2015:08:01:12 -0500] "GET /BLA/resoluciones/RESOLUCIONES%202009/3226.pdf HTTP/1.1" 200 520724
201.244.130.144 - - [04/Oct/2015:08:01:49 -0500] "GET /galeria/galeria/jquery.fancybox.css?v=2.1.5 HTTP/1.1" 200 4895
201.244.130.144 - - [04/Oct/2015:08:01:49 -0500] "GET /BLA/boletinlegal/js/jquery.scrollShow.js HTTP/1.1" 200 4586
201.244.130.144 - - [04/Oct/2015:08:01:49 -0500] "GET /galeria/galeria/jquery.fancybox.js?v=2.1.5 HTTP/1.1" 200 48706
66.249.64.96 - - [04/Oct/2015:08:01:55 -0500] "GET /BLA/resoluciones/RESOLUCIONES%202010/7147.pdf HTTP/1.1" 200 45862
201.244.130.144 - - [04/Oct/2015:08:01:57 -0500] "GET /BLA/boletinlegal/js/jquery.scrollShow.js HTTP/1.1" 304 -
201.244.130.144 - - [04/Oct/2015:08:01:57 -0500] "GET /galeria/galeria/jquery.fancybox.js?v=2.1.5 HTTP/1.1" 304 -
201.244.130.144 - - [04/Oct/2015:08:01:57 -0500] "GET /galeria/galeria/jquery.fancybox.css?v=2.1.5 HTTP/1.1" 304 -
180.76.15.25 - - [04/Oct/2015:08:02:30 -0500] "GET /BLA/boletinlegal/actas/374122.pdf HTTP/1.1" 200 181942
66.249.64.101 - - [04/Oct/2015:08:02:37 -0500] "GET /BLA/resoluciones/RESOLUCIONES%202008/2669.pdf HTTP/1.1" 200 105927
201.245.192.253 - - [04/Oct/2015:08:03:06 -0500] "POST /forms/lservlet;jsessionid=ac16012b30d62e507505f2c64e898405c7619f87fb44.e3iSbxaKaheRe38Ka34Oa3eLbxf0n6jAmljGr5XDqQLvpAe HTTP/1.1" 200 2
66.249.64.96 - - [04/Oct/2015:08:03:16 -0500] "GET /BLA/resoluciones/RESOLUCIONES%202010/1790.pdf HTTP/1.1" 200 411085
66.249.64.96 - - [04/Oct/2015:08:03:20 -0500] "GET /BLA/resoluciones/RESOLUCIONES%202008/4836.pdf HTTP/1.1" 200 27879
66.249.64.101 - - [04/Oct/2015:08:04:02 -0500] "GET /BLA/resoluciones/RESOLUCIONES%202010/5819.pdf HTTP/1.1" 200 84398
74.86.158.107 - - [04/Oct/2015:08:04:04 -0500] "HEAD / HTTP/1.1" 200 -
66.249.65.220 - - [04/Oct/2015:08:04:41 -0500] "GET /robots.txt HTTP/1.1" 404 1018
66.249.65.220 - - [04/Oct/2015:08:04:41 -0500] "GET /BLA/resoluciones/RESOLUCIONES%202008/2543.pdf HTTP/1.1" 200 367554
66.249.65.213 - - [04/Oct/2015:08:04:45 -0500] "GET /BLA/resoluciones/RESOLUCIONES%202010/7770.pdf HTTP/1.1" 200 91067
66.249.65.48 - - [04/Oct/2015:08:04:48 -0500] "GET /robots.txt HTTP/1.1" 404 1019
201.245.192.253 - - [04/Oct/2015:08:05:06 -0500] "POST /forms/lservlet;jsessionid=ac16012b30d62e507505f2c64e898405c7619f87fb44.e3iSbxaKaheRe38Ka34Oa3eLbxf0n6jAmljGr5XDqQLvpAe HTTP/1.1" 200 2
66.249.65.220 - - [04/Oct/2015:08:05:38 -0500] "GET /BLA/resoluciones/RESOLUCIONES%202009/9577.pdf HTTP/1.1" 200 274611
66.249.65.51 - - [04/Oct/2015:08:04:48 -0500] "GET /BLA/boletinlegal/index.php HTTP/1.1" 200 51063
66.249.65.213 - - [04/Oct/2015:08:06:09 -0500] "GET /BLA/resoluciones/RESOLUCIONES%202010/6789.pdf HTTP/1.1" 200 66716
66.249.65.51 - - [04/Oct/2015:08:06:16 -0500] "GET /portalsiaccapacitaciones/Soportes%20Capacitaciones%202014/0129.%20Procedimiento%20SDA%20Administraci%C3%B3n%20del%20Riesgo.pdf HTTP/1.1" 404 1019
66.249.65.220 - - [04/Oct/2015:08:06:52 -0500] "GET /BLA/resoluciones/AUTOS%202011/0031.pdf HTTP/1.1" 200 140476
66.249.65.213 - - [04/Oct/2015:08:07:06 -0500] "GET /BLA/resoluciones/AUTOS%202006/AUTOS%202006%202601%20-%202700/00002621.tif HTTP/1.1" 200 48768
201.245.192.253 - - [04/Oct/2015:08:07:07 -0500] "POST /forms/lservlet;jsessionid=ac16012b30d62e507505f2c64e898405c7619f87fb44.e3iSbxaKaheRe38Ka34Oa3eLbxf0n6jAmljGr5XDqQLvpAe HTTP/1.1" 200 2
66.249.65.213 - - [04/Oct/2015:08:07:34 -0500] "GET /BLA/resoluciones/RESOLUCIONES%202008/3660.pdf HTTP/1.1" 200 1185391
66.249.65.213 - - [04/Oct/2015:08:07:45 -0500] "GET /BLA/resoluciones/RESOLUCIONES%202010/0789.pdf HTTP/1.1" 200 106980
66.249.65.227 - - [04/Oct/2015:08:08:17 -0500] "GET /BLA/resoluciones/AUTOS%202011/4162.pdf HTTP/1.1" 200 191551
180.76.15.149 - - [04/Oct/2015:08:08:33 -0500] "GET /StormSDA/storm/?C=N;O=D HTTP/1.1" 200 5553
201.234.75.11 - - [04/Oct/2015:08:08:35 -0500] "GET /galeria/galeria/fotos/Movilizacion6P.jpg HTTP/1.1" 304 -
77.77.28.109 - - [04/Oct/2015:08:08:53 -0500] "POST /xmlrpc.php HTTP/1.1" 301 334
77.77.28.109 - - [04/Oct/2015:08:08:54 -0500] "POST /xmlrpc.php HTTP/1.1" 301 334
66.249.65.220 - - [04/Oct/2015:08:08:59 -0500] "GET /BLA/resoluciones/RESOLUCIONES%202014/3133.pdf HTTP/1.1" 200 489018
74.86.158.107 - - [04/Oct/2015:08:09:04 -0500] "HEAD / HTTP/1.1" 200 -
201.245.192.253 - - [04/Oct/2015:08:09:07 -0500] "POST /forms/lservlet;jsessionid=ac16012b30d62e507505f2c64e898405c7619f87fb44.e3iSbxaKaheRe38Ka34Oa3eLbxf0n6jAmljGr5XDqQLvpAe HTTP/1.1" 200 2
66.249.65.213 - - [04/Oct/2015:08:09:20 -0500] "GET /BLA/resoluciones/RESOLUCIONES%202007/RES%202007%201001%20AL%201100/RESOLUCION%201080%20DE%202007.pdf HTTP/1.1" 200 214077
186.30.90.17 - - [04/Oct/2015:08:09:20 -0500] "GET /BLA/resoluciones/RESOLUCIONES%202007/RES%202007%201401%20AL%201500/RESOLUCION%201473%20DE%202007.pdf HTTP/1.1" 200 304300
186.30.90.17 - - [04/Oct/2015:08:09:21 -0500] "GET /favicon.ico HTTP/1.1" 200 7782
190.9.201.149 - - [04/Oct/2015:08:09:26 -0500] "GET /galeria/nivo-slider/demo/demo.html HTTP/1.1" 304 -
190.9.201.149 - - [04/Oct/2015:08:09:27 -0500] "GET /galeria/nivo-slider/demo/images/La-SDA-se-suma-a-la-Gran-Movilizacion.jpg HTTP/1.1" 304 -
190.9.201.149 - - [04/Oct/2015:08:09:27 -0500] "GET /galeria/nivo-slider/demo/images/simulacro-nacional.jpg HTTP/1.1" 304 -
190.9.201.149 - - [04/Oct/2015:08:09:27 -0500] "GET /galeria/nivo-slider/demo/images/simulacro-busqueda-rescate-urbano.jpg HTTP/1.1" 304 -
190.9.201.149 - - [04/Oct/2015:08:09:27 -0500] "GET /galeria/nivo-slider/demo/images/9Signos.jpg HTTP/1.1" 304 -
125.212.122.195 - - [04/Oct/2015:08:09:34 -0500] "POST /xmlrpc.php HTTP/1.1" 301 334
66.249.65.220 - - [04/Oct/2015:08:09:42 -0500] "GET /BLA/resoluciones/AUTOS%202007/2292.pdf HTTP/1.1" 200 66741
186.147.25.205 - - [04/Oct/2015:08:10:13 -0500] "GET /galeria/galeria/fotos/1humedal-Burro1G.jpg HTTP/1.1" 200 132804
186.147.25.205 - - [04/Oct/2015:08:10:19 -0500] "GET /galeria/galeria/fotos/3humedal-Burro3G.jpg HTTP/1.1" 200 74809
66.249.65.213 - - [04/Oct/2015:08:10:24 -0500] "GET /BLA/resoluciones/AUTOS%202013/0422.pdf HTTP/1.1" 200 2288894
186.116.123.142 - - [04/Oct/2015:08:10:46 -0500] "GET /BLA/boletinlegal/js/jquery.scrollShow.js HTTP/1.1" 200 4586
186.116.123.142 - - [04/Oct/2015:08:10:46 -0500] "GET /galeria/galeria/jquery.fancybox.css?v=2.1.5 HTTP/1.1" 200 4895
186.116.123.142 - - [04/Oct/2015:08:10:46 -0500] "GET /galeria/galeria/jquery.fancybox.js?v=2.1.5 HTTP/1.1" 200 48706
186.116.123.142 - - [04/Oct/2015:08:10:46 -0500] "GET /galeria/carrusel/Carrusel/jquery.thumbnailScroller.css HTTP/1.1" 200 2066
186.116.123.142 - - [04/Oct/2015:08:10:46 -0500] "GET /galeria/carrusel/Carrusel/jquery-ui-1.8.13.custom.min.js HTTP/1.1" 200 10800
186.116.123.142 - - [04/Oct/2015:08:10:46 -0500] "GET /galeria/carrusel/Carrusel/jquery.thumbnailScroller.js HTTP/1.1" 200 8157
186.116.123.142 - - [04/Oct/2015:08:10:47 -0500] "GET /galeria/nivo-slider/demo/demo.html HTTP/1.1" 200 3905
186.116.123.142 - - [04/Oct/2015:08:10:48 -0500] "GET /galeria/nivo-slider/themes/default/default.css HTTP/1.1" 200 1569
186.116.123.142 - - [04/Oct/2015:08:10:48 -0500] "GET /galeria/nivo-slider/themes/pascal/pascal.css HTTP/1.1" 200 2258
186.116.123.142 - - [04/Oct/2015:08:10:48 -0500] "GET /galeria/nivo-slider/themes/orman/orman.css HTTP/1.1" 200 2152
186.116.123.142 - - [04/Oct/2015:08:10:48 -0500] "GET /galeria/nivo-slider/nivo-slider.css HTTP/1.1" 200 1507
186.116.123.142 - - [04/Oct/2015:08:10:48 -0500] "GET /galeria/nivo-slider/demo/style.css HTTP/1.1" 200 2222
186.116.123.142 - - [04/Oct/2015:08:10:48 -0500] "GET /galeria/nivo-slider/demo/images/La-SDA-se-suma-a-la-Gran-Movilizacion.jpg HTTP/1.1" 200 92233
186.116.123.142 - - [04/Oct/2015:08:10:48 -0500] "GET /galeria/nivo-slider/demo/scripts/jquery-1.7.1.min.js HTTP/1.1" 200 93868
186.116.123.142 - - [04/Oct/2015:08:10:48 -0500] "GET /galeria/nivo-slider/jquery.nivo.slider.pack.js HTTP/1.1" 200 11561
186.116.123.142 - - [04/Oct/2015:08:10:48 -0500] "GET /galeria/nivo-slider/demo/images/simulacro-nacional.jpg HTTP/1.1" 200 241925
186.116.123.142 - - [04/Oct/2015:08:10:48 -0500] "GET /galeria/nivo-slider/demo/images/4Simple_Slider.png HTTP/1.1" 200 11722
186.116.123.142 - - [04/Oct/2015:08:10:48 -0500] "GET /galeria/nivo-slider/themes/default/loading.gif HTTP/1.1" 200 1737
186.116.123.142 - - [04/Oct/2015:08:10:49 -0500] "GET /galeria/nivo-slider/demo/images/simulacro-busqueda-rescate-urbano.jpg HTTP/1.1" 200 251375
186.116.123.142 - - [04/Oct/2015:08:10:49 -0500] "GET /galeria/nivo-slider/demo/images/Semana-PYBA.jpg HTTP/1.1" 200 103786
186.116.123.142 - - [04/Oct/2015:08:10:49 -0500] "GET /galeria/nivo-slider/demo/images/Plan-Quinquenal.jpg HTTP/1.1" 200 412438
186.116.123.142 - - [04/Oct/2015:08:10:49 -0500] "GET /galeria/nivo-slider/demo/images/PREDAcamp.jpg HTTP/1.1" 200 295358
186.116.123.142 - - [04/Oct/2015:08:10:51 -0500] "GET /galeria/nivo-slider/demo/images/banner-llantas2.jpg HTTP/1.1" 200 204644
186.116.123.142 - - [04/Oct/2015:08:10:51 -0500] "GET /galeria/nivo-slider/demo/images/9Signos.jpg HTTP/1.1" 200 81776
186.116.123.142 - - [04/Oct/2015:08:10:51 -0500] "GET /galeria/nivo-slider/demo/images/Comparendo-ambiental-Banner.jpg HTTP/1.1" 200 83731
186.116.123.142 - - [04/Oct/2015:08:10:52 -0500] "GET /galeria/nivo-slider/demo/images/Ruta-vertimientos-01.jpg HTTP/1.1" 200 130151
186.116.123.142 - - [04/Oct/2015:08:10:52 -0500] "GET /galeria/nivo-slider/demo/images/bolsas-06.jpg HTTP/1.1" 200 90982
186.116.123.142 - - [04/Oct/2015:08:10:52 -0500] "GET /galeria/nivo-slider/demo/images/Conoce-los-humedales.jpg HTTP/1.1" 200 294036
186.116.123.142 - - [04/Oct/2015:08:10:53 -0500] "GET /galeria/nivo-slider/demo/images/ecolecta-Dic2014.png HTTP/1.1" 200 288593
186.116.123.142 - - [04/Oct/2015:08:10:55 -0500] "GET /galeria/nivo-slider/themes/default/arrows.png HTTP/1.1" 200 824
186.116.123.142 - - [04/Oct/2015:08:10:55 -0500] "GET /galeria/nivo-slider/themes/default/bullets.png HTTP/1.1" 200 1281
66.249.65.227 - - [04/Oct/2015:08:11:07 -0500] "GET /BLA/resoluciones/AUTOS%202009/0214.pdf HTTP/1.1" 200 89593
201.245.192.253 - - [04/Oct/2015:08:11:07 -0500] "POST /forms/lservlet;jsessionid=ac16012b30d62e507505f2c64e898405c7619f87fb44.e3iSbxaKaheRe38Ka34Oa3eLbxf0n6jAmljGr5XDqQLvpAe HTTP/1.1" 200 2
181.50.188.212 - - [04/Oct/2015:08:11:17 -0500] "GET /galeria/galeria/jquery.fancybox.js?v=2.1.5 HTTP/1.1" 200 48706
181.50.188.212 - - [04/Oct/2015:08:11:17 -0500] "GET /BLA/boletinlegal/js/jquery.scrollShow.js HTTP/1.1" 200 4586
181.50.188.212 - - [04/Oct/2015:08:11:17 -0500] "GET /galeria/galeria/jquery.fancybox.css?v=2.1.5 HTTP/1.1" 200 4895
181.50.188.212 - - [04/Oct/2015:08:11:25 -0500] "GET /BLA/boletinlegal/js/jquery.scrollShow.js HTTP/1.1" 200 4586
181.50.188.212 - - [04/Oct/2015:08:11:25 -0500] "GET /galeria/galeria/jquery.fancybox.css?v=2.1.5 HTTP/1.1" 200 4895
181.50.188.212 - - [04/Oct/2015:08:11:26 -0500] "GET /galeria/galeria/jquery.fancybox.js?v=2.1.5 HTTP/1.1" 200 48706
186.116.123.142 - - [04/Oct/2015:08:11:26 -0500] "GET /galeria/galeria/jquery.fancybox.css?v=2.1.5 HTTP/1.1" 304 -
186.116.123.142 - - [04/Oct/2015:08:11:26 -0500] "GET /BLA/boletinlegal/js/jquery.scrollShow.js HTTP/1.1" 304 -
186.116.123.142 - - [04/Oct/2015:08:11:26 -0500] "GET /galeria/galeria/jquery.fancybox.js?v=2.1.5 HTTP/1.1" 304 -
66.249.65.220 - - [04/Oct/2015:08:11:49 -0500] "GET /BLA/resoluciones/RESOLUCIONES%202010/6420.pdf HTTP/1.1" 200 3157703
161.10.6.171 - - [04/Oct/2015:08:12:11 -0500] "GET /galeria/galeria/jquery.fancybox.css?v=2.1.5 HTTP/1.1" 200 4895
161.10.6.171 - - [04/Oct/2015:08:12:11 -0500] "GET /BLA/boletinlegal/js/jquery.scrollShow.js HTTP/1.1" 200 4586
161.10.6.171 - - [04/Oct/2015:08:12:11 -0500] "GET /galeria/galeria/jquery.fancybox.js?v=2.1.5 HTTP/1.1" 200 48706
181.59.83.109 - - [04/Oct/2015:08:12:11 -0500] "GET /Residuos/impresion/files/guia_impresion-lit.pdf HTTP/1.1" 200 12573981
181.59.83.109 - - [04/Oct/2015:08:12:11 -0500] "GET /favicon.ico HTTP/1.1" 200 7782
186.116.123.142 - - [04/Oct/2015:08:12:19 -0500] "GET /videos/ArchivoSDA.flv HTTP/1.1" 200 31205279
181.59.83.109 - - [04/Oct/2015:08:12:21 -0500] "GET /Residuos/impresion/files/guia_impresion-lit.pdf HTTP/1.1" 206 32768
181.59.83.109 - - [04/Oct/2015:08:12:21 -0500] "GET /Residuos/impresion/files/guia_impresion-lit.pdf HTTP/1.1" 206 12541213
66.249.65.220 - - [04/Oct/2015:08:12:22 -0500] "GET /BLA/resoluciones/RESOLUCIONES%202010/1532.pdf HTTP/1.1" 200 441390
66.249.65.227 - - [04/Oct/2015:08:12:31 -0500] "GET /BLA/resoluciones/AUTOS%202010/6937.pdf HTTP/1.1" 304 -
201.245.192.253 - - [04/Oct/2015:08:13:07 -0500] "POST /forms/lservlet;jsessionid=ac16012b30d62e507505f2c64e898405c7619f87fb44.e3iSbxaKaheRe38Ka34Oa3eLbxf0n6jAmljGr5XDqQLvpAe HTTP/1.1" 200 2
66.249.65.220 - - [04/Oct/2015:08:13:15 -0500] "GET /BLA/resoluciones/AUTOS%202013/2810.pdf HTTP/1.1" 304 -
186.116.19.138 - - [04/Oct/2015:08:13:44 -0500] "GET /BLA/boletinlegal/js/jquery.scrollShow.js HTTP/1.1" 200 4586
186.116.19.138 - - [04/Oct/2015:08:13:44 -0500] "GET /galeria/galeria/jquery.fancybox.css?v=2.1.5 HTTP/1.1" 200 4895
186.116.19.138 - - [04/Oct/2015:08:13:44 -0500] "GET /galeria/galeria/jquery.fancybox.js?v=2.1.5 HTTP/1.1" 200 48706
186.116.19.138 - - [04/Oct/2015:08:13:47 -0500] "GET /BLA/boletinlegal/js/jquery.scrollShow.js HTTP/1.1" 200 4586
186.116.19.138 - - [04/Oct/2015:08:13:47 -0500] "GET /galeria/galeria/jquery.fancybox.js?v=2.1.5 HTTP/1.1" 200 48706
186.116.19.138 - - [04/Oct/2015:08:13:47 -0500] "GET /galeria/galeria/jquery.fancybox.css?v=2.1.5 HTTP/1.1" 200 4895
66.249.65.227 - - [04/Oct/2015:08:14:02 -0500] "GET /BLA/resoluciones/AUTOS%202006/AUTOS%202006%202801%20-%202900/00002834.tif HTTP/1.1" 200 106394
74.86.158.107 - - [04/Oct/2015:08:14:04 -0500] "HEAD / HTTP/1.1" 200 -
66.249.65.227 - - [04/Oct/2015:08:14:20 -0500] "GET /BLA/resoluciones/RESOLUCIONES%202010/6011.pdf HTTP/1.1" 200 686466
66.249.65.220 - - [04/Oct/2015:08:14:39 -0500] "GET /Autoliquidacion/TR%C3%81MITES%20AGUAS%20SUPERFICIALES/FORMULARIO%20NACIONAL%20SOLICITUD%20-Concesion%20Aguas%20Superficiales.pdf HTTP/1.1" 304 -
201.245.192.253 - - [04/Oct/2015:08:15:07 -0500] "POST /forms/lservlet;jsessionid=ac16012b30d62e507505f2c64e898405c7619f87fb44.e3iSbxaKaheRe38Ka34Oa3eLbxf0n6jAmljGr5XDqQLvpAe HTTP/1.1" 200 2
66.249.65.227 - - [04/Oct/2015:08:15:21 -0500] "GET /BLA/resoluciones/AUTOS%202011/5835.pdf HTTP/1.1" 200 246119
66.249.65.213 - - [04/Oct/2015:08:15:22 -0500] "GET /BLA/resoluciones/RESOLUCIONES%202010/0802.pdf HTTP/1.1" 200 101400
157.55.39.245 - - [04/Oct/2015:08:15:48 -0500] "GET /BLA/boletinlegal/jurisprudencia/analisis/analisis%20C-595-2010.doc HTTP/1.1" 200 39424
190.252.46.237 - - [04/Oct/2015:08:16:00 -0500] "GET /galeria/galeria/jquery.fancybox.css?v=2.1.5 HTTP/1.1" 200 4895
190.202.82.99 - - [04/Oct/2015:08:16:04 -0500] "GET /galeria/galeria/jquery.fancybox.css?v=2.1.5 HTTP/1.1" 304 -
190.202.82.99 - - [04/Oct/2015:08:16:04 -0500] "GET /galeria/galeria/jquery.fancybox.js?v=2.1.5 HTTP/1.1" 304 -
66.249.65.227 - - [04/Oct/2015:08:16:05 -0500] "GET /BLA/resoluciones/RESOLUCIONES%202008/5251.pdf HTTP/1.1" 200 339446
190.202.82.99 - - [04/Oct/2015:08:16:20 -0500] "GET /galeria/galeria/jquery.fancybox.css?v=2.1.5 HTTP/1.1" 200 4895
190.202.82.99 - - [04/Oct/2015:08:16:20 -0500] "GET /galeria/galeria/jquery.fancybox.js?v=2.1.5 HTTP/1.1" 200 48706
190.202.82.99 - - [04/Oct/2015:08:16:20 -0500] "GET /BLA/boletinlegal/js/jquery.scrollShow.js HTTP/1.1" 200 4586
157.55.39.174 - - [04/Oct/2015:08:16:25 -0500] "GET /galeria/galeria/fotos/10.jpg HTTP/1.1" 200 301298
190.252.46.237 - - [04/Oct/2015:08:16:35 -0500] "GET /galeria/galeria/jquery.fancybox.css?v=2.1.5 HTTP/1.1" 200 4895
201.245.192.253 - - [04/Oct/2015:08:17:08 -0500] "POST /forms/lservlet;jsessionid=ac16012b30d62e507505f2c64e898405c7619f87fb44.e3iSbxaKaheRe38Ka34Oa3eLbxf0n6jAmljGr5XDqQLvpAe HTTP/1.1" 200 2
66.249.65.45 - - [04/Oct/2015:08:17:29 -0500] "GET /videos/ambiente-ciudad/ HTTP/1.1" 200 2475
87.104.51.3 - - [04/Oct/2015:08:17:40 -0500] "GET /webdav/x32.php?act=phptools&host=77.255.58.217&port=80&time=120 HTTP/1.1" 404 1018
66.249.65.227 - - [04/Oct/2015:08:18:11 -0500] "GET /BLA/resoluciones/RESOLUCIONES%202009/9709.pdf HTTP/1.1" 200 334800
66.249.65.213 - - [04/Oct/2015:08:18:26 -0500] "GET /BLA/resoluciones/RESOLUCIONES%202013/0146.pdf HTTP/1.1" 200 1188264
49.199.150.113 - - [04/Oct/2015:08:18:53 -0500] "GET /dama/libreria/jpg/ecosistemas/aulas/aa2_1.jpg HTTP/1.1" 404 1249
66.249.65.227 - - [04/Oct/2015:08:18:53 -0500] "GET /BLA/resoluciones/RESOLUCIONES%202008/0322.pdf HTTP/1.1" 200 313087
74.86.158.107 - - [04/Oct/2015:08:19:04 -0500] "HEAD / HTTP/1.1" 200 -
201.245.192.253 - - [04/Oct/2015:08:19:08 -0500] "POST /forms/lservlet;jsessionid=ac16012b30d62e507505f2c64e898405c7619f87fb44.e3iSbxaKaheRe38Ka34Oa3eLbxf0n6jAmljGr5XDqQLvpAe HTTP/1.1" 200 2
66.249.65.213 - - [04/Oct/2015:08:19:36 -0500] "GET /BLA/resoluciones/RESOLUCIONES%202010/0255.pdf HTTP/1.1" 200 404771
66.249.65.51 - - [04/Oct/2015:08:20:11 -0500] "GET /videos/ambiente-ciudad/programas/ HTTP/1.1" 200 6518
66.249.65.227 - - [04/Oct/2015:08:20:18 -0500] "GET /BLA/resoluciones/RESOLUCIONES%202009/6618.pdf HTTP/1.1" 200 526187
157.55.39.174 - - [04/Oct/2015:08:20:28 -0500] "GET /galeria/galeria/fotos/17.jpg HTTP/1.1" 200 196674
157.55.39.174 - - [04/Oct/2015:08:20:38 -0500] "GET /galeria/galeria/fotos/Humedal-la-conejera2G.jpg HTTP/1.1" 200 298801
66.249.65.213 - - [04/Oct/2015:08:21:01 -0500] "GET /BLA/resoluciones/RESOLUCIONES%202010/6737.pdf HTTP/1.1" 200 84870
201.245.192.253 - - [04/Oct/2015:08:21:08 -0500] "POST /forms/lservlet;jsessionid=ac16012b30d62e507505f2c64e898405c7619f87fb44.e3iSbxaKaheRe38Ka34Oa3eLbxf0n6jAmljGr5XDqQLvpAe HTTP/1.1" 200 2
200.118.98.2 - - [04/Oct/2015:08:21:12 -0500] "GET /galeria/carrusel/Carrusel/jquery.thumbnailScroller.css HTTP/1.1" 200 2066
200.118.98.2 - - [04/Oct/2015:08:21:12 -0500] "GET /galeria/carrusel/Carrusel/jquery-ui-1.8.13.custom.min.js HTTP/1.1" 200 10800
200.118.98.2 - - [04/Oct/2015:08:21:12 -0500] "GET /BLA/boletinlegal/js/jquery.scrollShow.js HTTP/1.1" 200 4586
200.118.98.2 - - [04/Oct/2015:08:21:12 -0500] "GET /galeria/galeria/jquery.fancybox.js?v=2.1.5 HTTP/1.1" 200 48706
200.118.98.2 - - [04/Oct/2015:08:21:12 -0500] "GET /galeria/galeria/jquery.fancybox.css?v=2.1.5 HTTP/1.1" 200 4895
200.118.98.2 - - [04/Oct/2015:08:21:12 -0500] "GET /galeria/carrusel/Carrusel/jquery.thumbnailScroller.js HTTP/1.1" 200 8157
200.118.98.2 - - [04/Oct/2015:08:21:14 -0500] "GET /galeria/nivo-slider/demo/demo.html HTTP/1.1" 200 3905
200.118.98.2 - - [04/Oct/2015:08:21:16 -0500] "GET /galeria/nivo-slider/themes/default/default.css HTTP/1.1" 200 1569
200.118.98.2 - - [04/Oct/2015:08:21:16 -0500] "GET /galeria/nivo-slider/themes/pascal/pascal.css HTTP/1.1" 200 2258
200.118.98.2 - - [04/Oct/2015:08:21:16 -0500] "GET /galeria/nivo-slider/themes/orman/orman.css HTTP/1.1" 200 2152
200.118.98.2 - - [04/Oct/2015:08:21:16 -0500] "GET /galeria/nivo-slider/demo/style.css HTTP/1.1" 200 2222
200.118.98.2 - - [04/Oct/2015:08:21:16 -0500] "GET /galeria/nivo-slider/nivo-slider.css HTTP/1.1" 200 1507
200.118.98.2 - - [04/Oct/2015:08:21:16 -0500] "GET /galeria/nivo-slider/demo/images/La-SDA-se-suma-a-la-Gran-Movilizacion.jpg HTTP/1.1" 200 92233
200.118.98.2 - - [04/Oct/2015:08:21:17 -0500] "GET /galeria/nivo-slider/demo/scripts/jquery-1.7.1.min.js HTTP/1.1" 200 93868
200.118.98.2 - - [04/Oct/2015:08:21:17 -0500] "GET /galeria/nivo-slider/jquery.nivo.slider.pack.js HTTP/1.1" 200 11561
200.118.98.2 - - [04/Oct/2015:08:21:17 -0500] "GET /galeria/nivo-slider/demo/images/simulacro-busqueda-rescate-urbano.jpg HTTP/1.1" 200 251375
200.118.98.2 - - [04/Oct/2015:08:21:17 -0500] "GET /galeria/nivo-slider/demo/images/simulacro-nacional.jpg HTTP/1.1" 200 241925
200.118.98.2 - - [04/Oct/2015:08:21:17 -0500] "GET /galeria/nivo-slider/demo/images/Semana-PYBA.jpg HTTP/1.1" 200 103786
200.118.98.2 - - [04/Oct/2015:08:21:17 -0500] "GET /galeria/nivo-slider/demo/images/Plan-Quinquenal.jpg HTTP/1.1" 200 412438
200.118.98.2 - - [04/Oct/2015:08:21:17 -0500] "GET /galeria/nivo-slider/demo/images/PREDAcamp.jpg HTTP/1.1" 200 295358
200.118.98.2 - - [04/Oct/2015:08:21:20 -0500] "GET /galeria/nivo-slider/demo/images/4Simple_Slider.png HTTP/1.1" 200 11722
200.118.98.2 - - [04/Oct/2015:08:21:20 -0500] "GET /galeria/nivo-slider/themes/default/loading.gif HTTP/1.1" 200 1737
200.118.98.2 - - [04/Oct/2015:08:21:20 -0500] "GET /galeria/nivo-slider/demo/images/banner-llantas2.jpg HTTP/1.1" 200 204644
200.118.98.2 - - [04/Oct/2015:08:21:20 -0500] "GET /galeria/nivo-slider/demo/images/9Signos.jpg HTTP/1.1" 200 81776
200.118.98.2 - - [04/Oct/2015:08:21:21 -0500] "GET /galeria/nivo-slider/demo/images/Comparendo-ambiental-Banner.jpg HTTP/1.1" 200 83731
200.118.98.2 - - [04/Oct/2015:08:21:22 -0500] "GET /galeria/nivo-slider/demo/images/Ruta-vertimientos-01.jpg HTTP/1.1" 200 130151
200.118.98.2 - - [04/Oct/2015:08:21:22 -0500] "GET /galeria/nivo-slider/demo/images/bolsas-06.jpg HTTP/1.1" 200 90982
200.118.98.2 - - [04/Oct/2015:08:21:22 -0500] "GET /galeria/nivo-slider/demo/images/Conoce-los-humedales.jpg HTTP/1.1" 200 294036
200.118.98.2 - - [04/Oct/2015:08:21:22 -0500] "GET /galeria/nivo-slider/demo/images/ecolecta-Dic2014.png HTTP/1.1" 200 288593
66.249.65.213 - - [04/Oct/2015:08:21:28 -0500] "GET /BLA/resoluciones/RESOLUCIONES%202007/RES%202007%201%20AL%20100/RESOLUCION%200004%20DE%202007.pdf HTTP/1.1" 200 367736
200.118.98.2 - - [04/Oct/2015:08:21:35 -0500] "GET /galeria/nivo-slider/themes/default/arrows.png HTTP/1.1" 200 824
200.118.98.2 - - [04/Oct/2015:08:21:35 -0500] "GET /galeria/nivo-slider/themes/default/bullets.png HTTP/1.1" 200 1281
66.249.65.227 - - [04/Oct/2015:08:21:43 -0500] "GET /BLA/resoluciones/RESOLUCIONES%202008/4472.pdf HTTP/1.1" 200 273687
79.45.25.158 - - [04/Oct/2015:08:22:01 -0500] "POST /xmlrpc.php HTTP/1.1" 301 334
66.249.65.227 - - [04/Oct/2015:08:22:32 -0500] "GET /BLA/resoluciones/RESOLUCIONES%202010/7333.pdf HTTP/1.1" 200 341816
181.245.182.190 - - [04/Oct/2015:08:22:43 -0500] "GET /galeria/galeria/jquery.fancybox.css?v=2.1.5 HTTP/1.1" 200 4895
181.245.182.190 - - [04/Oct/2015:08:22:43 -0500] "GET /BLA/boletinlegal/js/jquery.scrollShow.js HTTP/1.1" 200 4586
181.245.182.190 - - [04/Oct/2015:08:22:43 -0500] "GET /galeria/galeria/jquery.fancybox.js?v=2.1.5 HTTP/1.1" 200 48706
66.249.65.213 - - [04/Oct/2015:08:23:08 -0500] "GET /BLA/resoluciones/RESOLUCIONES%202010/0976.pdf HTTP/1.1" 200 100828
201.245.192.253 - - [04/Oct/2015:08:23:08 -0500] "POST /forms/lservlet;jsessionid=ac16012b30d62e507505f2c64e898405c7619f87fb44.e3iSbxaKaheRe38Ka34Oa3eLbxf0n6jAmljGr5XDqQLvpAe HTTP/1.1" 200 2
181.253.106.202 - - [04/Oct/2015:08:23:20 -0500] "GET /BLA/resoluciones/RESOLUCIONES%202009/9585.pdf HTTP/1.1" 200 378834
200.118.98.2 - - [04/Oct/2015:08:23:23 -0500] "GET /BLA/boletinlegal/js/jquery.scrollShow.js HTTP/1.1" 304 -
200.118.98.2 - - [04/Oct/2015:08:23:23 -0500] "GET /galeria/galeria/jquery.fancybox.js?v=2.1.5 HTTP/1.1" 304 -
200.118.98.2 - - [04/Oct/2015:08:23:24 -0500] "GET /galeria/galeria/jquery.fancybox.css?v=2.1.5 HTTP/1.1" 304 -
66.249.65.227 - - [04/Oct/2015:08:23:50 -0500] "GET /BLA/resoluciones/RESOLUCIONES%202007/RES%202007%201901%20AL%202000/RESOLUCION%201997%20DE%202007.pdf HTTP/1.1" 200 607857
74.86.158.107 - - [04/Oct/2015:08:24:04 -0500] "HEAD / HTTP/1.1" 200 -
200.118.98.2 - - [04/Oct/2015:08:24:06 -0500] "GET /galeria/galeria/jquery.fancybox.css?v=2.1.5 HTTP/1.1" 304 -
200.118.98.2 - - [04/Oct/2015:08:24:06 -0500] "GET /galeria/galeria/jquery.fancybox.js?v=2.1.5 HTTP/1.1" 304 -
200.118.98.2 - - [04/Oct/2015:08:24:06 -0500] "GET /BLA/boletinlegal/js/jquery.scrollShow.js HTTP/1.1" 304 -
66.249.65.213 - - [04/Oct/2015:08:24:29 -0500] "GET /BLA/resoluciones/RESOLUCIONES%202010/1803.pdf HTTP/1.1" 200 497951
66.249.65.213 - - [04/Oct/2015:08:24:33 -0500] "GET /BLA/resoluciones/RESOLUCIONES%202009/7869.pdf HTTP/1.1" 200 289279
201.245.192.253 - - [04/Oct/2015:08:25:09 -0500] "POST /forms/lservlet;jsessionid=ac16012b30d62e507505f2c64e898405c7619f87fb44.e3iSbxaKaheRe38Ka34Oa3eLbxf0n6jAmljGr5XDqQLvpAe HTTP/1.1" 200 2
190.27.128.48 - - [04/Oct/2015:08:25:12 -0500] "GET /galeria/galeria/jquery.fancybox.css?v=2.1.5 HTTP/1.1" 200 4895
87.104.51.3 - - [04/Oct/2015:08:25:15 -0500] "GET /webdav/x32.php?act=phptools&host=77.255.58.217&port=80&time=120 HTTP/1.1" 404 1018
66.249.65.213 - - [04/Oct/2015:08:25:19 -0500] "GET /BLA/resoluciones/RESOLUCIONES%202009/5902.pdf HTTP/1.1" 200 797930
190.131.199.94 - - [04/Oct/2015:08:25:46 -0500] "GET /BLA/resoluciones/RESOLUCIONES%202007/RES%202007%201401%20AL%201500/RESOLUCION%201407%20DE%202007.pdf HTTP/1.1" 200 343493
66.249.65.213 - - [04/Oct/2015:08:25:58 -0500] "GET /BLA/resoluciones/RESOLUCIONES%202010/7270.pdf HTTP/1.1" 200 205425
66.249.65.220 - - [04/Oct/2015:08:26:40 -0500] "GET /BLA/resoluciones/RESOLUCIONES%202009/6962.pdf HTTP/1.1" 200 141528
201.245.192.253 - - [04/Oct/2015:08:27:09 -0500] "POST /forms/lservlet;jsessionid=ac16012b30d62e507505f2c64e898405c7619f87fb44.e3iSbxaKaheRe38Ka34Oa3eLbxf0n6jAmljGr5XDqQLvpAe HTTP/1.1" 200 2
66.249.65.48 - - [04/Oct/2015:08:27:22 -0500] "GET /PruebasSTORM/StormSDA_pruebas/stormWeb/presentacion.html HTTP/1.1" 200 5109
66.249.65.227 - - [04/Oct/2015:08:27:23 -0500] "GET /BLA/resoluciones/RESOLUCIONES%202008/1213.pdf HTTP/1.1" 200 134035
66.249.65.227 - - [04/Oct/2015:08:27:29 -0500] "GET /BLA/resoluciones/AUTOS%202008/0710.pdf HTTP/1.1" 200 83682
66.249.65.220 - - [04/Oct/2015:08:28:05 -0500] "GET /BLA/resoluciones/RESOLUCIONES%202008/4678.pdf HTTP/1.1" 200 270122
190.9.108.91 - - [04/Oct/2015:08:28:40 -0500] "GET /BLA/boletinlegal/js/jquery.scrollShow.js HTTP/1.1" 200 4586
190.9.108.91 - - [04/Oct/2015:08:28:41 -0500] "GET /galeria/galeria/jquery.fancybox.js?v=2.1.5 HTTP/1.1" 200 48706
190.9.108.91 - - [04/Oct/2015:08:28:41 -0500] "GET /galeria/galeria/jquery.fancybox.css?v=2.1.5 HTTP/1.1" 200 4895
190.9.108.91 - - [04/Oct/2015:08:28:47 -0500] "GET /BLA/boletinlegal/js/jquery.scrollShow.js HTTP/1.1" 304 -
190.9.108.91 - - [04/Oct/2015:08:28:47 -0500] "GET /galeria/galeria/jquery.fancybox.js?v=2.1.5 HTTP/1.1" 304 -
190.9.108.91 - - [04/Oct/2015:08:28:47 -0500] "GET /galeria/galeria/jquery.fancybox.css?v=2.1.5 HTTP/1.1" 304 -
66.249.65.227 - - [04/Oct/2015:08:28:55 -0500] "GET /BLA/resoluciones/RESOLUCIONES%202010/5948.pdf HTTP/1.1" 200 78280
74.86.158.107 - - [04/Oct/2015:08:29:04 -0500] "HEAD / HTTP/1.1" 200 -
66.249.65.220 - - [04/Oct/2015:08:29:06 -0500] "GET /Autoliquidacion/TR%C3%81MITES%20AGUAS%20SUPERFICIALES/FORMULARIO%20NACIONAL%20SOLICITUD%20-Concesion%20Aguas%20Superficiales.pdf HTTP/1.1" 304 -
201.245.192.253 - - [04/Oct/2015:08:29:09 -0500] "POST /forms/lservlet;jsessionid=ac16012b30d62e507505f2c64e898405c7619f87fb44.e3iSbxaKaheRe38Ka34Oa3eLbxf0n6jAmljGr5XDqQLvpAe HTTP/1.1" 200 2
87.104.51.3 - - [04/Oct/2015:08:29:18 -0500] "GET /webdav/x32.php?act=phptools&host=77.255.58.217&port=80&time=120 HTTP/1.1" 404 1018
66.249.65.213 - - [04/Oct/2015:08:29:30 -0500] "GET /BLA/resoluciones/RESOLUCIONES%202010/7237.pdf HTTP/1.1" 200 403779
162.144.96.231 - - [04/Oct/2015:08:29:31 -0500] "GET /wp-admin/ HTTP/1.1" 404 1018
190.66.14.194 - - [04/Oct/2015:08:29:48 -0500] "GET /BLA/boletinlegal/js/jquery.scrollShow.js HTTP/1.1" 200 4586
190.66.14.194 - - [04/Oct/2015:08:29:48 -0500] "GET /galeria/galeria/jquery.fancybox.js?v=2.1.5 HTTP/1.1" 200 48706
190.66.14.194 - - [04/Oct/2015:08:29:48 -0500] "GET /galeria/galeria/jquery.fancybox.css?v=2.1.5 HTTP/1.1" 200 4895
190.66.14.194 - - [04/Oct/2015:08:29:48 -0500] "GET /galeria/carrusel/Carrusel/jquery.thumbnailScroller.css HTTP/1.1" 200 2066
190.66.14.194 - - [04/Oct/2015:08:29:48 -0500] "GET /galeria/carrusel/Carrusel/jquery-ui-1.8.13.custom.min.js HTTP/1.1" 200 10800
190.66.14.194 - - [04/Oct/2015:08:29:48 -0500] "GET /galeria/carrusel/Carrusel/jquery.thumbnailScroller.js HTTP/1.1" 200 8157
190.66.14.194 - - [04/Oct/2015:08:29:50 -0500] "GET /galeria/nivo-slider/demo/demo.html HTTP/1.1" 200 3905
190.66.14.194 - - [04/Oct/2015:08:29:50 -0500] "GET /galeria/nivo-slider/themes/default/default.css HTTP/1.1" 200 1569
190.66.14.194 - - [04/Oct/2015:08:29:50 -0500] "GET /galeria/nivo-slider/themes/pascal/pascal.css HTTP/1.1" 200 2258
190.66.14.194 - - [04/Oct/2015:08:29:50 -0500] "GET /galeria/nivo-slider/nivo-slider.css HTTP/1.1" 200 1507
190.66.14.194 - - [04/Oct/2015:08:29:50 -0500] "GET /galeria/nivo-slider/themes/orman/orman.css HTTP/1.1" 200 2152
190.66.14.194 - - [04/Oct/2015:08:29:50 -0500] "GET /galeria/nivo-slider/demo/style.css HTTP/1.1" 200 2222
190.66.14.194 - - [04/Oct/2015:08:29:50 -0500] "GET /galeria/nivo-slider/demo/scripts/jquery-1.7.1.min.js HTTP/1.1" 200 93868
190.66.14.194 - - [04/Oct/2015:08:29:50 -0500] "GET /galeria/nivo-slider/jquery.nivo.slider.pack.js HTTP/1.1" 200 11561
190.66.14.194 - - [04/Oct/2015:08:29:51 -0500] "GET /galeria/nivo-slider/demo/images/La-SDA-se-suma-a-la-Gran-Movilizacion.jpg HTTP/1.1" 200 92233
190.66.14.194 - - [04/Oct/2015:08:29:51 -0500] "GET /galeria/nivo-slider/demo/images/simulacro-nacional.jpg HTTP/1.1" 200 241925
190.66.14.194 - - [04/Oct/2015:08:29:51 -0500] "GET /galeria/nivo-slider/demo/images/simulacro-busqueda-rescate-urbano.jpg HTTP/1.1" 200 251375
190.66.14.194 - - [04/Oct/2015:08:29:51 -0500] "GET /galeria/nivo-slider/demo/images/Semana-PYBA.jpg HTTP/1.1" 200 103786
190.66.14.194 - - [04/Oct/2015:08:29:51 -0500] "GET /galeria/nivo-slider/demo/images/Plan-Quinquenal.jpg HTTP/1.1" 200 412438
190.66.14.194 - - [04/Oct/2015:08:29:51 -0500] "GET /galeria/nivo-slider/demo/images/4Simple_Slider.png HTTP/1.1" 200 11722
190.66.14.194 - - [04/Oct/2015:08:29:51 -0500] "GET /galeria/nivo-slider/themes/default/loading.gif HTTP/1.1" 200 1737
37.59.11.121 - - [04/Oct/2015:08:29:52 -0500] "GET //wp-content/themes/mTheme-Unus/css/css.php?files=../../../../wp-config.php HTTP/1.1" 404 1018
190.66.14.194 - - [04/Oct/2015:08:29:52 -0500] "GET /galeria/nivo-slider/demo/images/PREDAcamp.jpg HTTP/1.1" 200 295358
37.59.11.121 - - [04/Oct/2015:08:29:52 -0500] "GET //wp-content/themes/mTheme-Unus/css/css.php?files=../../../../wp-config.php HTTP/1.1" 404 1018
190.66.14.194 - - [04/Oct/2015:08:29:52 -0500] "GET /galeria/nivo-slider/demo/images/banner-llantas2.jpg HTTP/1.1" 200 204644
190.66.14.194 - - [04/Oct/2015:08:29:53 -0500] "GET /galeria/nivo-slider/demo/images/9Signos.jpg HTTP/1.1" 200 81776
190.66.14.194 - - [04/Oct/2015:08:29:53 -0500] "GET /galeria/nivo-slider/demo/images/Comparendo-ambiental-Banner.jpg HTTP/1.1" 200 83731
37.59.11.121 - - [04/Oct/2015:08:29:53 -0500] "GET /BLA/resoluciones/RESOLUCIONES%25202014//wp-content/themes/mTheme-Unus/css/css.php?files=../../../../wp-config.php HTTP/1.1" 404 1018
190.66.14.194 - - [04/Oct/2015:08:29:53 -0500] "GET /galeria/nivo-slider/demo/images/Ruta-vertimientos-01.jpg HTTP/1.1" 200 130151
190.66.14.194 - - [04/Oct/2015:08:29:53 -0500] "GET /galeria/nivo-slider/demo/images/bolsas-06.jpg HTTP/1.1" 200 90982
190.66.14.194 - - [04/Oct/2015:08:29:53 -0500] "GET /galeria/nivo-slider/demo/images/ecolecta-Dic2014.png HTTP/1.1" 200 288593
190.66.14.194 - - [04/Oct/2015:08:29:53 -0500] "GET /galeria/nivo-slider/demo/images/Conoce-los-humedales.jpg HTTP/1.1" 200 294036
37.59.11.121 - - [04/Oct/2015:08:29:53 -0500] "GET /BLA/resoluciones/RESOLUCIONES%25202014//wp-content/themes/mTheme-Unus/css/css.php?files=../../../../wp-config.php HTTP/1.1" 404 1018
190.66.14.194 - - [04/Oct/2015:08:29:54 -0500] "GET /galeria/nivo-slider/themes/default/arrows.png HTTP/1.1" 200 824
190.66.14.194 - - [04/Oct/2015:08:29:54 -0500] "GET /galeria/nivo-slider/themes/default/bullets.png HTTP/1.1" 200 1281
66.249.65.220 - - [04/Oct/2015:08:30:12 -0500] "GET /BLA/resoluciones/RESOLUCIONES%202010/7404.pdf HTTP/1.1" 200 460621
66.249.65.220 - - [04/Oct/2015:08:30:33 -0500] "GET /BLA/resoluciones/RESOLUCIONES%202010/0963.pdf HTTP/1.1" 200 436723
190.9.201.254 - - [04/Oct/2015:08:30:55 -0500] "GET /BLA/boletinlegal/js/jquery.js HTTP/1.1" 200 57254
190.9.201.254 - - [04/Oct/2015:08:30:55 -0500] "GET /BLA/boletinlegal/js/jquery.scrollTo-min.js HTTP/1.1" 200 1150
190.9.201.254 - - [04/Oct/2015:08:30:55 -0500] "GET /BLA/boletinlegal/styles2.css HTTP/1.1" 200 1838
190.9.201.254 - - [04/Oct/2015:08:30:55 -0500] "GET /BLA/boletinlegal/style.css HTTP/1.1" 200 9406
190.9.201.254 - - [04/Oct/2015:08:30:55 -0500] "GET /BLA/boletinlegal/js/jquery.scrollShow.js HTTP/1.1" 200 4586
190.9.201.254 - - [04/Oct/2015:08:30:55 -0500] "GET /BLA/boletinlegal/images/cabezote%20BLEGAL.jpg HTTP/1.1" 200 118164
66.249.65.213 - - [04/Oct/2015:08:30:55 -0500] "GET /BLA/resoluciones/RESOLUCIONES%202010/6472.pdf HTTP/1.1" 200 79326
190.9.201.254 - - [04/Oct/2015:08:30:55 -0500] "GET /BLA/boletinlegal/images/nuevo.gif HTTP/1.1" 200 26475
190.9.201.254 - - [04/Oct/2015:08:30:55 -0500] "GET /BLA/boletinlegal/images/subscribe-icon-big.png HTTP/1.1" 200 47702
190.9.201.254 - - [04/Oct/2015:08:30:55 -0500] "GET /BLA/boletinlegal/images/arr_l.jpg HTTP/1.1" 200 1979
190.9.201.254 - - [04/Oct/2015:08:30:55 -0500] "GET /BLA/boletinlegal/images/historia.png HTTP/1.1" 200 52775
190.9.201.254 - - [04/Oct/2015:08:30:56 -0500] "GET /BLA/boletinlegal/images/screen_1.png HTTP/1.1" 200 202547
190.9.201.254 - - [04/Oct/2015:08:30:56 -0500] "GET /BLA/boletinlegal/images/launch.jpg HTTP/1.1" 200 14577
190.9.201.254 - - [04/Oct/2015:08:30:56 -0500] "GET /BLA/boletinlegal/images/screen_2.png HTTP/1.1" 200 362502
190.9.201.254 - - [04/Oct/2015:08:30:56 -0500] "GET /BLA/boletinlegal/images/body_bg.jpg HTTP/1.1" 200 1601
190.9.201.254 - - [04/Oct/2015:08:30:56 -0500] "GET /BLA/boletinlegal/images/menu_lft.gif HTTP/1.1" 200 1713
190.9.201.254 - - [04/Oct/2015:08:30:56 -0500] "GET /BLA/boletinlegal/images/menu_rght.gif HTTP/1.1" 200 1627
190.9.201.254 - - [04/Oct/2015:08:30:56 -0500] "GET /BLA/boletinlegal/images/bg_top.jpg HTTP/1.1" 200 522
190.9.201.254 - - [04/Oct/2015:08:30:56 -0500] "GET /BLA/boletinlegal/images/menu_bg.jpg HTTP/1.1" 200 620
190.9.201.254 - - [04/Oct/2015:08:30:56 -0500] "GET /BLA/boletinlegal/images/arr_r.jpg HTTP/1.1" 200 1998
190.9.201.254 - - [04/Oct/2015:08:30:56 -0500] "GET /BLA/boletinlegal/images/text.jpg HTTP/1.1" 200 568
190.9.201.254 - - [04/Oct/2015:08:30:56 -0500] "GET /BLA/boletinlegal/images/screen_3.png HTTP/1.1" 200 210620
190.9.201.254 - - [04/Oct/2015:08:30:56 -0500] "GET /BLA/boletinlegal/images/screen_5.png HTTP/1.1" 200 368876
190.9.201.254 - - [04/Oct/2015:08:30:57 -0500] "GET /BLA/boletinlegal/images/pdf.gif HTTP/1.1" 200 567
190.9.201.254 - - [04/Oct/2015:08:30:57 -0500] "GET /BLA/boletinlegal/images/hover.jpg HTTP/1.1" 200 640
190.9.201.254 - - [04/Oct/2015:08:30:57 -0500] "GET /BLA/boletinlegal/images/footer_bg.jpg HTTP/1.1" 200 586
181.130.242.66 - - [04/Oct/2015:08:31:05 -0500] "GET /galeria/galeria/jquery.fancybox.css?v=2.1.5 HTTP/1.1" 200 4895
181.130.242.66 - - [04/Oct/2015:08:31:05 -0500] "GET /BLA/boletinlegal/js/jquery.scrollShow.js HTTP/1.1" 200 4586
181.130.242.66 - - [04/Oct/2015:08:31:05 -0500] "GET /galeria/galeria/jquery.fancybox.js?v=2.1.5 HTTP/1.1" 200 48706
201.245.192.253 - - [04/Oct/2015:08:31:09 -0500] "POST /forms/lservlet;jsessionid=ac16012b30d62e507505f2c64e898405c7619f87fb44.e3iSbxaKaheRe38Ka34Oa3eLbxf0n6jAmljGr5XDqQLvpAe HTTP/1.1" 200 2
181.130.242.66 - - [04/Oct/2015:08:31:17 -0500] "GET /BLA/boletinlegal/js/jquery.scrollShow.js HTTP/1.1" 304 -
181.130.242.66 - - [04/Oct/2015:08:31:17 -0500] "GET /galeria/galeria/jquery.fancybox.js?v=2.1.5 HTTP/1.1" 304 -
181.130.242.66 - - [04/Oct/2015:08:31:17 -0500] "GET /galeria/galeria/jquery.fancybox.css?v=2.1.5 HTTP/1.1" 304 -
181.130.242.66 - - [04/Oct/2015:08:31:18 -0500] "GET /galeria/galeria/jquery.fancybox.js?v=2.1.5 HTTP/1.1" 304 -
190.9.201.254 - - [04/Oct/2015:08:31:35 -0500] "GET /BLA/boletinlegal/actos.php HTTP/1.1" 200 7551
190.9.201.254 - - [04/Oct/2015:08:31:35 -0500] "GET /BLA/boletinlegal/niceforms-default.css HTTP/1.1" 200 6694
190.9.201.254 - - [04/Oct/2015:08:31:35 -0500] "GET /BLA/boletinlegal/js/ajax_actos.js HTTP/1.1" 200 1322
190.9.201.254 - - [04/Oct/2015:08:31:35 -0500] "GET /BLA/boletinlegal/niceforms.js HTTP/1.1" 200 22876
190.9.201.254 - - [04/Oct/2015:08:31:35 -0500] "GET /BLA/boletinlegal/js/lib.js HTTP/1.1" 200 6474
190.9.201.254 - - [04/Oct/2015:08:31:35 -0500] "GET /BLA/boletinlegal/js/popup.js HTTP/1.1" 200 1270
190.9.201.254 - - [04/Oct/2015:08:31:35 -0500] "GET /BLA/boletinlegal/js/jquery1.js HTTP/1.1" 200 29846
190.9.201.254 - - [04/Oct/2015:08:31:35 -0500] "GET /BLA/boletinlegal/images/green-yellow-blue-pink-th.png HTTP/1.1" 200 7394
190.9.201.254 - - [04/Oct/2015:08:31:35 -0500] "GET /BLA/boletinlegal/images/abajo.png HTTP/1.1" 200 96676
190.9.201.254 - - [04/Oct/2015:08:31:36 -0500] "GET /BLA/boletinlegal/images/footer_bg_l.jpg HTTP/1.1" 200 776
190.9.201.254 - - [04/Oct/2015:08:31:36 -0500] "GET /BLA/boletinlegal/img/0.png HTTP/1.1" 200 110
190.9.201.254 - - [04/Oct/2015:08:31:36 -0500] "GET /BLA/boletinlegal/img/button-right.png HTTP/1.1" 200 57878
190.9.201.254 - - [04/Oct/2015:08:31:36 -0500] "GET /BLA/boletinlegal/img/button.png HTTP/1.1" 200 43241
190.9.201.254 - - [04/Oct/2015:08:31:36 -0500] "GET /BLA/boletinlegal/img/button-left.png HTTP/1.1" 200 57071
190.9.201.254 - - [04/Oct/2015:08:31:36 -0500] "GET /BLA/boletinlegal/img/select-left.png HTTP/1.1" 200 263
190.9.201.254 - - [04/Oct/2015:08:31:36 -0500] "GET /favicon.ico HTTP/1.1" 200 7782
190.9.201.254 - - [04/Oct/2015:08:31:36 -0500] "GET /BLA/boletinlegal/img/select-right.png HTTP/1.1" 200 44019
190.9.201.254 - - [04/Oct/2015:08:30:48 -0500] "GET /BLA/boletinlegal/ HTTP/1.1" 200 49099
190.66.14.194 - - [04/Oct/2015:08:31:45 -0500] "GET /BLA/boletinlegal/js/jquery.scrollShow.js HTTP/1.1" 304 -
190.66.14.194 - - [04/Oct/2015:08:31:45 -0500] "GET /galeria/galeria/jquery.fancybox.js?v=2.1.5 HTTP/1.1" 304 -
190.66.14.194 - - [04/Oct/2015:08:31:45 -0500] "GET /galeria/galeria/jquery.fancybox.css?v=2.1.5 HTTP/1.1" 304 -
190.9.201.254 - - [04/Oct/2015:08:31:57 -0500] "GET /BLA/boletinlegal/consulta_actos.php?tipo=resoluciones&no=&usuario=&sector=&fecha=2012&resuelve=alerta%20amarilla HTTP/1.1" 200 623
