181.59.4.205 - - [04/Oct/2015:00:33:09 -0500] "GET /galeria/nivo-slider/nivo-slider.css HTTP/1.1" 200 1507
181.59.4.205 - - [04/Oct/2015:00:33:09 -0500] "GET /galeria/nivo-slider/demo/style.css HTTP/1.1" 200 2222
181.59.4.205 - - [04/Oct/2015:00:33:09 -0500] "GET /galeria/nivo-slider/demo/scripts/jquery-1.7.1.min.js HTTP/1.1" 200 93868
181.59.4.205 - - [04/Oct/2015:00:33:09 -0500] "GET /galeria/nivo-slider/jquery.nivo.slider.pack.js HTTP/1.1" 200 11561
181.59.4.205 - - [04/Oct/2015:00:33:09 -0500] "GET /galeria/nivo-slider/demo/images/4Simple_Slider.png HTTP/1.1" 200 11722
181.59.4.205 - - [04/Oct/2015:00:33:09 -0500] "GET /galeria/nivo-slider/themes/default/loading.gif HTTP/1.1" 200 1737
181.59.4.205 - - [04/Oct/2015:00:33:10 -0500] "GET /galeria/nivo-slider/demo/images/La-SDA-se-suma-a-la-Gran-Movilizacion.jpg HTTP/1.1" 200 92233
181.59.4.205 - - [04/Oct/2015:00:33:10 -0500] "GET /galeria/nivo-slider/demo/images/simulacro-busqueda-rescate-urbano.jpg HTTP/1.1" 200 251375
181.59.4.205 - - [04/Oct/2015:00:33:10 -0500] "GET /galeria/nivo-slider/demo/images/simulacro-nacional.jpg HTTP/1.1" 200 241925
181.59.4.205 - - [04/Oct/2015:00:33:10 -0500] "GET /galeria/nivo-slider/demo/images/Semana-PYBA.jpg HTTP/1.1" 200 103786
181.59.4.205 - - [04/Oct/2015:00:33:13 -0500] "GET /galeria/nivo-slider/demo/images/Plan-Quinquenal.jpg HTTP/1.1" 200 412438
181.59.4.205 - - [04/Oct/2015:00:33:13 -0500] "GET /galeria/nivo-slider/demo/images/PREDAcamp.jpg HTTP/1.1" 200 295358
181.59.4.205 - - [04/Oct/2015:00:33:16 -0500] "GET /galeria/nivo-slider/demo/images/banner-llantas2.jpg HTTP/1.1" 200 204644
181.59.4.205 - - [04/Oct/2015:00:33:16 -0500] "GET /galeria/nivo-slider/demo/images/9Signos.jpg HTTP/1.1" 200 81776
181.59.4.205 - - [04/Oct/2015:00:33:17 -0500] "GET /galeria/nivo-slider/demo/images/Comparendo-ambiental-Banner.jpg HTTP/1.1" 200 83731
181.59.4.205 - - [04/Oct/2015:00:33:18 -0500] "GET /galeria/nivo-slider/demo/images/Ruta-vertimientos-01.jpg HTTP/1.1" 200 130151
181.59.4.205 - - [04/Oct/2015:00:33:18 -0500] "GET /galeria/nivo-slider/demo/images/bolsas-06.jpg HTTP/1.1" 200 90982
181.59.4.205 - - [04/Oct/2015:00:33:19 -0500] "GET /galeria/nivo-slider/demo/images/Conoce-los-humedales.jpg HTTP/1.1" 200 294036
181.59.4.205 - - [04/Oct/2015:00:33:19 -0500] "GET /galeria/nivo-slider/demo/images/ecolecta-Dic2014.png HTTP/1.1" 200 288593
66.249.64.253 - - [04/Oct/2015:00:33:21 -0500] "GET /Autoliquidacion/index.php?dir=Solicitudes%20relacionadas%20con%20calidad%20del%20aire%20auditiva%20y%20visual/Acompa%F1amiento%20para%20muestreo%20isocin%E9tico%20y%20o%20determinaciones%20de%20emisiones%20a%20fuentes%20fijas/&sort=size&order=asc HTTP/1.1" 200 6029
181.59.4.205 - - [04/Oct/2015:00:33:25 -0500] "GET /galeria/nivo-slider/themes/default/arrows.png HTTP/1.1" 200 824
181.59.4.205 - - [04/Oct/2015:00:33:25 -0500] "GET /galeria/nivo-slider/themes/default/bullets.png HTTP/1.1" 200 1281
66.249.64.106 - - [04/Oct/2015:00:33:55 -0500] "GET /BLA/resoluciones/AUTOS%202006/AUTOS%202006%202801%20-%202900/00002814.tif HTTP/1.1" 200 99664
66.249.64.106 - - [04/Oct/2015:00:33:58 -0500] "GET /BLA/resoluciones/AUTOS%202012/2789.pdf HTTP/1.1" 200 411063
74.86.158.107 - - [04/Oct/2015:00:34:05 -0500] "HEAD / HTTP/1.1" 200 -
201.245.192.253 - - [04/Oct/2015:00:34:16 -0500] "POST /forms/lservlet;jsessionid=ac16012b30d62e507505f2c64e898405c7619f87fb44.e3iSbxaKaheRe38Ka34Oa3eLbxf0n6jAmljGr5XDqQLvpAe HTTP/1.1" 200 2
66.249.64.253 - - [04/Oct/2015:00:34:53 -0500] "GET /portalsiaccapacitaciones/Soportes%20Capacitaciones%202015/ HTTP/1.1" 200 7176
66.249.64.243 - - [04/Oct/2015:00:35:06 -0500] "GET /PruebasSTORM/StormSDA_pruebas/userFiles/user_files/formulas/2/26.xml HTTP/1.1" 200 2030
66.249.64.101 - - [04/Oct/2015:00:35:11 -0500] "GET /BLA/resoluciones/index.php?dir=RESOLUCIONES%202007/RES%202007%202101%20AL%202200/&sort=date&order=desc HTTP/1.1" 200 26870
201.245.192.253 - - [04/Oct/2015:00:36:16 -0500] "POST /forms/lservlet;jsessionid=ac16012b30d62e507505f2c64e898405c7619f87fb44.e3iSbxaKaheRe38Ka34Oa3eLbxf0n6jAmljGr5XDqQLvpAe HTTP/1.1" 200 2
66.249.64.253 - - [04/Oct/2015:00:36:24 -0500] "GET /Autoliquidacion/index.php?dir=Grupo%20Forestal%20-%20Silvicultura/&sort=date&order=asc HTTP/1.1" 200 4955
161.18.68.254 - - [04/Oct/2015:00:36:24 -0500] "GET /BLA/boletinlegal/js/jquery.scrollShow.js HTTP/1.1" 200 4586
161.18.68.254 - - [04/Oct/2015:00:36:24 -0500] "GET /galeria/galeria/jquery.fancybox.js?v=2.1.5 HTTP/1.1" 200 48706
161.18.68.254 - - [04/Oct/2015:00:36:24 -0500] "GET /galeria/galeria/jquery.fancybox.css?v=2.1.5 HTTP/1.1" 200 4895
66.249.64.248 - - [04/Oct/2015:00:36:26 -0500] "GET /SIG/Gesti%C3%B3n%20Talento%20Humano/126PA01-PR15.pdf HTTP/1.1" 200 49275
161.18.68.254 - - [04/Oct/2015:00:36:37 -0500] "GET /BLA/boletinlegal/js/jquery.scrollShow.js HTTP/1.1" 304 -
161.18.68.254 - - [04/Oct/2015:00:36:37 -0500] "GET /galeria/galeria/jquery.fancybox.js?v=2.1.5 HTTP/1.1" 304 -
161.18.68.254 - - [04/Oct/2015:00:36:37 -0500] "GET /galeria/galeria/jquery.fancybox.css?v=2.1.5 HTTP/1.1" 304 -
66.249.64.96 - - [04/Oct/2015:00:37:37 -0500] "GET /BLA/resoluciones/AUTOS%202011/2535.pdf HTTP/1.1" 200 153057
66.249.64.96 - - [04/Oct/2015:00:37:42 -0500] "GET /BLA/resoluciones/RESOLUCIONES%202010/0937.pdf HTTP/1.1" 200 105620
201.245.192.253 - - [04/Oct/2015:00:38:16 -0500] "POST /forms/lservlet;jsessionid=ac16012b30d62e507505f2c64e898405c7619f87fb44.e3iSbxaKaheRe38Ka34Oa3eLbxf0n6jAmljGr5XDqQLvpAe HTTP/1.1" 200 2
66.249.64.19 - - [04/Oct/2015:00:38:50 -0500] "GET / HTTP/1.1" 301 324
74.86.158.107 - - [04/Oct/2015:00:39:05 -0500] "HEAD / HTTP/1.1" 200 -
66.249.64.96 - - [04/Oct/2015:00:39:32 -0500] "GET /BLA/resoluciones/AUTOS%202014/3563.pdf HTTP/1.1" 200 663373
66.249.64.101 - - [04/Oct/2015:00:40:03 -0500] "GET /BLA/resoluciones/RESOLUCIONES%202007/RES%202007%20901%20AL%201000/RESOLUCION%200981%20DE%202007.pdf HTTP/1.1" 304 -
201.245.192.253 - - [04/Oct/2015:00:40:16 -0500] "POST /forms/lservlet;jsessionid=ac16012b30d62e507505f2c64e898405c7619f87fb44.e3iSbxaKaheRe38Ka34Oa3eLbxf0n6jAmljGr5XDqQLvpAe HTTP/1.1" 200 2
190.26.210.162 - - [04/Oct/2015:00:40:51 -0500] "GET /galeria/juegos/ear/EARI.swf HTTP/1.1" 304 -
190.26.210.162 - - [04/Oct/2015:00:41:05 -0500] "GET /videos/galeria-cronicas/1V3wnplaylist.htm? HTTP/1.1" 200 4013
190.26.210.162 - - [04/Oct/2015:00:41:05 -0500] "GET /videos/galeria-cronicas/ HTTP/1.1" 200 3979
66.249.64.106 - - [04/Oct/2015:00:41:05 -0500] "GET /BLA/resoluciones/AUTOS%202013/1859.pdf HTTP/1.1" 200 471247
201.245.192.253 - - [04/Oct/2015:00:42:17 -0500] "POST /forms/lservlet;jsessionid=ac16012b30d62e507505f2c64e898405c7619f87fb44.e3iSbxaKaheRe38Ka34Oa3eLbxf0n6jAmljGr5XDqQLvpAe HTTP/1.1" 200 2
66.249.64.101 - - [04/Oct/2015:00:42:29 -0500] "GET /BLA/resoluciones/AUTOS%202011/7512.pdf HTTP/1.1" 200 185602
66.249.64.101 - - [04/Oct/2015:00:42:38 -0500] "GET /BLA/resoluciones/AUTOS%202013/2764.pdf HTTP/1.1" 200 429546
186.86.239.128 - - [04/Oct/2015:00:42:43 -0500] "GET /BLA/boletinlegal/js/jquery.scrollShow.js HTTP/1.1" 200 4586
186.86.239.128 - - [04/Oct/2015:00:42:43 -0500] "GET /galeria/galeria/jquery.fancybox.css?v=2.1.5 HTTP/1.1" 200 4895
186.86.239.128 - - [04/Oct/2015:00:42:43 -0500] "GET /galeria/galeria/jquery.fancybox.js?v=2.1.5 HTTP/1.1" 200 48706
186.86.239.128 - - [04/Oct/2015:00:42:57 -0500] "GET /BLA/boletinlegal/js/jquery.scrollShow.js HTTP/1.1" 304 -
186.86.239.128 - - [04/Oct/2015:00:42:57 -0500] "GET /galeria/galeria/jquery.fancybox.js?v=2.1.5 HTTP/1.1" 304 -
186.86.239.128 - - [04/Oct/2015:00:42:57 -0500] "GET /galeria/galeria/jquery.fancybox.css?v=2.1.5 HTTP/1.1" 304 -
66.249.64.101 - - [04/Oct/2015:00:43:42 -0500] "GET /BLA/resoluciones/RESOLUCIONES%202009/5171.pdf HTTP/1.1" 200 645140
74.86.158.107 - - [04/Oct/2015:00:44:05 -0500] "HEAD / HTTP/1.1" 200 -
66.249.64.96 - - [04/Oct/2015:00:44:11 -0500] "GET /BLA/resoluciones/AUTOS%202009/3283.pdf HTTP/1.1" 200 83339
201.245.192.253 - - [04/Oct/2015:00:44:17 -0500] "POST /forms/lservlet;jsessionid=ac16012b30d62e507505f2c64e898405c7619f87fb44.e3iSbxaKaheRe38Ka34Oa3eLbxf0n6jAmljGr5XDqQLvpAe HTTP/1.1" 200 2
66.249.64.106 - - [04/Oct/2015:00:44:55 -0500] "GET /BLA/resoluciones/AUTOS%202013/2271.pdf HTTP/1.1" 200 667159
98.130.0.140 - - [04/Oct/2015:00:45:41 -0500] "GET /wp-admin/ HTTP/1.1" 404 1018
66.249.64.101 - - [04/Oct/2015:00:45:44 -0500] "GET /BLA/resoluciones/AUTOS%202014/2018.pdf HTTP/1.1" 200 190329
66.249.64.243 - - [04/Oct/2015:00:46:08 -0500] "GET /videos/galeria-cronicas/1videos/ HTTP/1.1" 200 3642
201.245.192.253 - - [04/Oct/2015:00:46:17 -0500] "POST /forms/lservlet;jsessionid=ac16012b30d62e507505f2c64e898405c7619f87fb44.e3iSbxaKaheRe38Ka34Oa3eLbxf0n6jAmljGr5XDqQLvpAe HTTP/1.1" 200 2
66.249.64.106 - - [04/Oct/2015:00:47:18 -0500] "GET /BLA/resoluciones/RESOLUCIONES%202014/0836.pdf HTTP/1.1" 200 217247
66.249.64.106 - - [04/Oct/2015:00:47:21 -0500] "GET /BLA/resoluciones/RESOLUCIONES%202009/9267.pdf HTTP/1.1" 200 482081
186.145.58.53 - - [04/Oct/2015:00:47:53 -0500] "GET /galeria/nivo-slider/demo/demo.html HTTP/1.1" 304 -
186.145.58.53 - - [04/Oct/2015:00:48:01 -0500] "GET /galeria/nivo-slider/themes/default/default.css HTTP/1.1" 304 -
186.145.58.53 - - [04/Oct/2015:00:48:01 -0500] "GET /galeria/nivo-slider/demo/images/La-SDA-se-suma-a-la-Gran-Movilizacion.jpg HTTP/1.1" 304 -
186.145.58.53 - - [04/Oct/2015:00:48:01 -0500] "GET /galeria/nivo-slider/demo/images/simulacro-nacional.jpg HTTP/1.1" 304 -
186.145.58.53 - - [04/Oct/2015:00:48:01 -0500] "GET /galeria/nivo-slider/demo/images/simulacro-busqueda-rescate-urbano.jpg HTTP/1.1" 304 -
201.245.192.253 - - [04/Oct/2015:00:48:17 -0500] "POST /forms/lservlet;jsessionid=ac16012b30d62e507505f2c64e898405c7619f87fb44.e3iSbxaKaheRe38Ka34Oa3eLbxf0n6jAmljGr5XDqQLvpAe HTTP/1.1" 200 2
190.212.69.116 - - [04/Oct/2015:00:48:20 -0500] "GET /galeria/galeria/jquery.fancybox.css?v=2.1.5 HTTP/1.1" 200 4895
190.212.69.116 - - [04/Oct/2015:00:48:20 -0500] "GET /BLA/boletinlegal/js/jquery.scrollShow.js HTTP/1.1" 200 4586
190.212.69.116 - - [04/Oct/2015:00:48:20 -0500] "GET /galeria/galeria/jquery.fancybox.js?v=2.1.5 HTTP/1.1" 200 48706
190.212.69.116 - - [04/Oct/2015:00:48:31 -0500] "GET /BLA/boletinlegal/js/jquery.scrollShow.js HTTP/1.1" 304 -
190.212.69.116 - - [04/Oct/2015:00:48:31 -0500] "GET /galeria/galeria/jquery.fancybox.js?v=2.1.5 HTTP/1.1" 304 -
190.212.69.116 - - [04/Oct/2015:00:48:31 -0500] "GET /galeria/galeria/jquery.fancybox.css?v=2.1.5 HTTP/1.1" 304 -
66.249.64.101 - - [04/Oct/2015:00:48:34 -0500] "GET /BLA/resoluciones/RESOLUCIONES%202010/7543.pdf HTTP/1.1" 200 285496
66.249.64.96 - - [04/Oct/2015:00:48:51 -0500] "GET /BLA/resoluciones/AUTOS%202014/6446.pdf HTTP/1.1" 200 606255
74.86.158.107 - - [04/Oct/2015:00:49:05 -0500] "HEAD / HTTP/1.1" 200 -
66.249.64.106 - - [04/Oct/2015:00:49:47 -0500] "GET /BLA/resoluciones/AUTOS%202012/2700.pdf HTTP/1.1" 200 418935
157.55.39.245 - - [04/Oct/2015:00:50:05 -0500] "GET /dama/libreria/php/decide.php?patron=03.131307 HTTP/1.1" 404 1015
181.65.124.170 - - [04/Oct/2015:00:50:05 -0500] "GET /galeria/galeria/jquery.fancybox.css?v=2.1.5 HTTP/1.1" 200 4895
181.65.124.170 - - [04/Oct/2015:00:50:06 -0500] "GET /BLA/boletinlegal/js/jquery.scrollShow.js HTTP/1.1" 200 4586
181.65.124.170 - - [04/Oct/2015:00:50:06 -0500] "GET /galeria/galeria/jquery.fancybox.js?v=2.1.5 HTTP/1.1" 200 48706
66.249.64.253 - - [04/Oct/2015:00:50:03 -0500] "GET /videos/galeria-cronicas/1videos/6.mp4video.mp4 HTTP/1.1" 200 50479249
201.245.192.253 - - [04/Oct/2015:00:50:18 -0500] "POST /forms/lservlet;jsessionid=ac16012b30d62e507505f2c64e898405c7619f87fb44.e3iSbxaKaheRe38Ka34Oa3eLbxf0n6jAmljGr5XDqQLvpAe HTTP/1.1" 200 2
181.65.124.170 - - [04/Oct/2015:00:50:28 -0500] "GET /galeria/galeria/jquery.fancybox.css?v=2.1.5 HTTP/1.1" 304 -
181.65.124.170 - - [04/Oct/2015:00:50:28 -0500] "GET /BLA/boletinlegal/js/jquery.scrollShow.js HTTP/1.1" 304 -
181.65.124.170 - - [04/Oct/2015:00:50:28 -0500] "GET /galeria/galeria/jquery.fancybox.js?v=2.1.5 HTTP/1.1" 304 -
66.249.64.96 - - [04/Oct/2015:00:50:43 -0500] "GET /BLA/resoluciones/AUTOS%202012/2385.pdf HTTP/1.1" 200 223895
66.249.64.106 - - [04/Oct/2015:00:50:49 -0500] "GET /BLA/resoluciones/RESOLUCIONES%202009/7676.pdf HTTP/1.1" 200 492653
66.249.64.96 - - [04/Oct/2015:00:51:00 -0500] "GET /BLA/resoluciones/AUTOS%202012/2781.pdf HTTP/1.1" 200 395327
66.249.64.243 - - [04/Oct/2015:00:51:12 -0500] "GET /videos/galeria-cronicas/1videos/8.mp4video.mp4 HTTP/1.1" 200 21148429
66.249.64.101 - - [04/Oct/2015:00:51:55 -0500] "GET /BLA/resoluciones/RESOLUCIONES%202014/1713.pdf HTTP/1.1" 200 255755
66.249.64.253 - - [04/Oct/2015:00:52:13 -0500] "GET /BLA/ HTTP/1.1" 200 538
201.245.192.253 - - [04/Oct/2015:00:52:18 -0500] "POST /forms/lservlet;jsessionid=ac16012b30d62e507505f2c64e898405c7619f87fb44.e3iSbxaKaheRe38Ka34Oa3eLbxf0n6jAmljGr5XDqQLvpAe HTTP/1.1" 200 2
98.130.0.140 - - [04/Oct/2015:00:52:45 -0500] "GET /test/wp-admin/ HTTP/1.1" 404 1018
66.249.64.253 - - [04/Oct/2015:00:52:53 -0500] "GET /videos/galeria-cronicas/1videos/3.mp4video.mp4 HTTP/1.1" 200 47724154
66.249.64.96 - - [04/Oct/2015:00:53:43 -0500] "GET /BLA/resoluciones/RESOLUCIONES%202012/1188.pdf HTTP/1.1" 200 1472650
74.86.158.107 - - [04/Oct/2015:00:54:05 -0500] "HEAD / HTTP/1.1" 200 -
201.245.192.253 - - [04/Oct/2015:00:54:18 -0500] "POST /forms/lservlet;jsessionid=ac16012b30d62e507505f2c64e898405c7619f87fb44.e3iSbxaKaheRe38Ka34Oa3eLbxf0n6jAmljGr5XDqQLvpAe HTTP/1.1" 200 2
66.249.64.96 - - [04/Oct/2015:00:55:07 -0500] "GET /BLA/resoluciones/AUTOS%202014/3346.pdf HTTP/1.1" 200 380357
201.245.192.253 - - [04/Oct/2015:00:56:18 -0500] "POST /forms/lservlet;jsessionid=ac16012b30d62e507505f2c64e898405c7619f87fb44.e3iSbxaKaheRe38Ka34Oa3eLbxf0n6jAmljGr5XDqQLvpAe HTTP/1.1" 200 2
66.249.64.96 - - [04/Oct/2015:00:56:30 -0500] "GET /BLA/resoluciones/AUTOS%202006/AUTOS%202006%202801%20-%202900/00002804.tif HTTP/1.1" 200 101118
66.249.64.101 - - [04/Oct/2015:00:56:53 -0500] "GET /BLA/resoluciones/RESOLUCIONES%202011/4265.pdf HTTP/1.1" 200 554590
66.249.64.248 - - [04/Oct/2015:00:57:05 -0500] "GET /BLA/boletinlegal/index.php HTTP/1.1" 200 51063
201.245.192.253 - - [04/Oct/2015:00:58:18 -0500] "POST /forms/lservlet;jsessionid=ac16012b30d62e507505f2c64e898405c7619f87fb44.e3iSbxaKaheRe38Ka34Oa3eLbxf0n6jAmljGr5XDqQLvpAe HTTP/1.1" 200 2
66.249.64.248 - - [04/Oct/2015:00:58:49 -0500] "GET /PruebasSTORM/StormSDA_pruebas/userFiles/user_files/formulas/2/36.xml HTTP/1.1" 200 1966
74.86.158.107 - - [04/Oct/2015:00:59:05 -0500] "HEAD / HTTP/1.1" 200 -
66.249.64.101 - - [04/Oct/2015:00:59:18 -0500] "GET /BLA/resoluciones/RESOLUCIONES%202008/2959.pdf HTTP/1.1" 200 651315
199.30.24.202 - - [04/Oct/2015:00:59:23 -0500] "GET /galeria/galeria/jquery.fancybox.js?v=2.1.5 HTTP/1.1" 200 48706
199.30.24.202 - - [04/Oct/2015:00:59:24 -0500] "GET /galeria/galeria/jquery.fancybox.css?v=2.1.5 HTTP/1.1" 200 4895
66.249.64.96 - - [04/Oct/2015:00:59:31 -0500] "GET /BLA/resoluciones/RESOLUCIONES%202009/1364.pdf HTTP/1.1" 200 512386
66.249.64.106 - - [04/Oct/2015:00:59:37 -0500] "GET /BLA/resoluciones/RESOLUCIONES%202008/4218.pdf HTTP/1.1" 200 812879
98.130.0.140 - - [04/Oct/2015:00:59:55 -0500] "GET /wordpress/wp-admin/ HTTP/1.1" 404 1018
66.249.64.106 - - [04/Oct/2015:01:00:08 -0500] "GET /BLA/resoluciones/RESOLUCIONES%202008/5612.pdf HTTP/1.1" 200 256020
201.245.192.253 - - [04/Oct/2015:01:00:19 -0500] "POST /forms/lservlet;jsessionid=ac16012b30d62e507505f2c64e898405c7619f87fb44.e3iSbxaKaheRe38Ka34Oa3eLbxf0n6jAmljGr5XDqQLvpAe HTTP/1.1" 200 2
66.249.64.101 - - [04/Oct/2015:01:01:30 -0500] "GET /galeria/galeria/fotos/GuaymaralTorca3P.jpg HTTP/1.1" 304 -
190.27.43.132 - - [04/Oct/2015:01:01:45 -0500] "GET /galeria/galeria/jquery.fancybox.css?v=2.1.5 HTTP/1.1" 200 4895
190.27.43.132 - - [04/Oct/2015:01:01:45 -0500] "GET /galeria/carrusel/Carrusel/jquery.thumbnailScroller.css HTTP/1.1" 200 2066
190.27.43.132 - - [04/Oct/2015:01:01:45 -0500] "GET /BLA/boletinlegal/js/jquery.scrollShow.js HTTP/1.1" 200 4586
190.27.43.132 - - [04/Oct/2015:01:01:45 -0500] "GET /galeria/galeria/jquery.fancybox.js?v=2.1.5 HTTP/1.1" 200 48706
190.27.43.132 - - [04/Oct/2015:01:01:45 -0500] "GET /galeria/carrusel/Carrusel/jquery-ui-1.8.13.custom.min.js HTTP/1.1" 200 10800
190.27.43.132 - - [04/Oct/2015:01:01:45 -0500] "GET /galeria/carrusel/Carrusel/jquery.thumbnailScroller.js HTTP/1.1" 200 8157
190.27.43.132 - - [04/Oct/2015:01:01:46 -0500] "GET /galeria/nivo-slider/demo/demo.html HTTP/1.1" 200 3905
190.27.43.132 - - [04/Oct/2015:01:01:47 -0500] "GET /galeria/nivo-slider/themes/default/default.css HTTP/1.1" 200 1569
190.27.43.132 - - [04/Oct/2015:01:01:47 -0500] "GET /galeria/nivo-slider/themes/pascal/pascal.css HTTP/1.1" 200 2258
190.27.43.132 - - [04/Oct/2015:01:01:47 -0500] "GET /galeria/nivo-slider/themes/orman/orman.css HTTP/1.1" 200 2152
190.27.43.132 - - [04/Oct/2015:01:01:47 -0500] "GET /galeria/nivo-slider/nivo-slider.css HTTP/1.1" 200 1507
190.27.43.132 - - [04/Oct/2015:01:01:47 -0500] "GET /galeria/nivo-slider/demo/style.css HTTP/1.1" 200 2222
190.27.43.132 - - [04/Oct/2015:01:01:47 -0500] "GET /galeria/nivo-slider/demo/images/La-SDA-se-suma-a-la-Gran-Movilizacion.jpg HTTP/1.1" 200 92233
190.27.43.132 - - [04/Oct/2015:01:01:47 -0500] "GET /galeria/nivo-slider/demo/scripts/jquery-1.7.1.min.js HTTP/1.1" 200 93868
190.27.43.132 - - [04/Oct/2015:01:01:47 -0500] "GET /galeria/nivo-slider/jquery.nivo.slider.pack.js HTTP/1.1" 200 11561
190.27.43.132 - - [04/Oct/2015:01:01:47 -0500] "GET /galeria/nivo-slider/demo/images/simulacro-nacional.jpg HTTP/1.1" 200 241925
190.27.43.132 - - [04/Oct/2015:01:01:48 -0500] "GET /galeria/nivo-slider/demo/images/4Simple_Slider.png HTTP/1.1" 200 11722
190.27.43.132 - - [04/Oct/2015:01:01:48 -0500] "GET /galeria/nivo-slider/themes/default/loading.gif HTTP/1.1" 200 1737
190.27.43.132 - - [04/Oct/2015:01:01:48 -0500] "GET /galeria/nivo-slider/demo/images/simulacro-busqueda-rescate-urbano.jpg HTTP/1.1" 200 251375
190.27.43.132 - - [04/Oct/2015:01:01:48 -0500] "GET /galeria/nivo-slider/demo/images/Semana-PYBA.jpg HTTP/1.1" 200 103786
190.27.43.132 - - [04/Oct/2015:01:01:48 -0500] "GET /galeria/nivo-slider/demo/images/Plan-Quinquenal.jpg HTTP/1.1" 200 412438
190.27.43.132 - - [04/Oct/2015:01:01:48 -0500] "GET /galeria/nivo-slider/demo/images/PREDAcamp.jpg HTTP/1.1" 200 295358
190.27.43.132 - - [04/Oct/2015:01:01:50 -0500] "GET /galeria/nivo-slider/demo/images/banner-llantas2.jpg HTTP/1.1" 200 204644
190.27.43.132 - - [04/Oct/2015:01:01:50 -0500] "GET /galeria/nivo-slider/demo/images/9Signos.jpg HTTP/1.1" 200 81776
190.27.43.132 - - [04/Oct/2015:01:01:51 -0500] "GET /galeria/nivo-slider/demo/images/Comparendo-ambiental-Banner.jpg HTTP/1.1" 200 83731
190.27.43.132 - - [04/Oct/2015:01:01:51 -0500] "GET /galeria/nivo-slider/demo/images/Ruta-vertimientos-01.jpg HTTP/1.1" 200 130151
190.27.43.132 - - [04/Oct/2015:01:01:52 -0500] "GET /galeria/nivo-slider/demo/images/bolsas-06.jpg HTTP/1.1" 200 90982
190.27.43.132 - - [04/Oct/2015:01:01:52 -0500] "GET /galeria/nivo-slider/demo/images/Conoce-los-humedales.jpg HTTP/1.1" 200 294036
190.27.43.132 - - [04/Oct/2015:01:01:52 -0500] "GET /galeria/nivo-slider/demo/images/ecolecta-Dic2014.png HTTP/1.1" 200 288593
190.27.43.132 - - [04/Oct/2015:01:01:53 -0500] "GET /galeria/nivo-slider/themes/default/bullets.png HTTP/1.1" 200 1281
64.246.165.200 - - [04/Oct/2015:01:01:53 -0500] "GET /robots.txt HTTP/1.0" 404 1019
190.27.43.132 - - [04/Oct/2015:01:01:53 -0500] "GET /galeria/nivo-slider/themes/default/arrows.png HTTP/1.1" 200 824
64.246.165.200 - - [04/Oct/2015:01:01:53 -0500] "GET / HTTP/1.1" 200 10190
66.249.64.101 - - [04/Oct/2015:01:01:57 -0500] "GET /BLA/resoluciones/RESOLUCIONES%202009/7142.pdf HTTP/1.1" 200 492553
201.245.192.253 - - [04/Oct/2015:01:02:19 -0500] "POST /forms/lservlet;jsessionid=ac16012b30d62e507505f2c64e898405c7619f87fb44.e3iSbxaKaheRe38Ka34Oa3eLbxf0n6jAmljGr5XDqQLvpAe HTTP/1.1" 200 2
66.249.64.96 - - [04/Oct/2015:01:02:21 -0500] "GET /BLA/resoluciones/RESOLUCIONES%202009/3729.pdf HTTP/1.1" 200 518421
157.55.39.174 - - [04/Oct/2015:01:02:54 -0500] "GET /galeria/galeria/jquery.fancybox.js?v=2.1.5 HTTP/1.1" 200 48706
66.249.64.106 - - [04/Oct/2015:01:03:09 -0500] "GET /BLA/resoluciones/AUTOS%202007/2718.pdf HTTP/1.1" 200 168262
66.249.64.106 - - [04/Oct/2015:01:03:35 -0500] "GET /BLA/resoluciones/RESOLUCIONES%202009/4899.pdf HTTP/1.1" 200 750339
74.86.158.107 - - [04/Oct/2015:01:04:05 -0500] "HEAD / HTTP/1.1" 200 -
201.245.192.253 - - [04/Oct/2015:01:04:19 -0500] "POST /forms/lservlet;jsessionid=ac16012b30d62e507505f2c64e898405c7619f87fb44.e3iSbxaKaheRe38Ka34Oa3eLbxf0n6jAmljGr5XDqQLvpAe HTTP/1.1" 200 2
66.249.64.96 - - [04/Oct/2015:01:04:22 -0500] "GET /BLA/resoluciones/RESOLUCIONES%202008/1947.pdf HTTP/1.1" 200 61747
66.249.64.106 - - [04/Oct/2015:01:04:50 -0500] "GET /resoluciones/RESOLUCIONES%202008/1457.pdf HTTP/1.1" 404 1018
66.249.64.106 - - [04/Oct/2015:01:05:10 -0500] "GET /BLA/resoluciones/RESOLUCIONES%202009/6303.pdf HTTP/1.1" 200 1433828
91.215.136.36 - - [04/Oct/2015:01:05:16 -0500] "GET / HTTP/1.1" 200 10190
66.249.64.101 - - [04/Oct/2015:01:05:21 -0500] "GET /BLA/resoluciones/RESOLUCIONES%202008/5702.pdf HTTP/1.1" 200 211385
187.242.35.8 - - [04/Oct/2015:01:05:22 -0500] "GET /galeria/galeria/jquery.fancybox.js?v=2.1.5 HTTP/1.1" 200 48706
187.242.35.8 - - [04/Oct/2015:01:05:22 -0500] "GET /BLA/boletinlegal/js/jquery.scrollShow.js HTTP/1.1" 200 4586
187.242.35.8 - - [04/Oct/2015:01:05:22 -0500] "GET /galeria/galeria/jquery.fancybox.css?v=2.1.5 HTTP/1.1" 200 4895
66.249.64.101 - - [04/Oct/2015:01:05:35 -0500] "GET /BLA/resoluciones/RESOLUCIONES%202010/2342.pdf HTTP/1.1" 200 597499
187.242.35.8 - - [04/Oct/2015:01:05:42 -0500] "GET /BLA/boletinlegal/js/jquery.scrollShow.js HTTP/1.1" 200 4586
187.242.35.8 - - [04/Oct/2015:01:05:42 -0500] "GET /galeria/galeria/jquery.fancybox.css?v=2.1.5 HTTP/1.1" 200 4895
187.242.35.8 - - [04/Oct/2015:01:05:42 -0500] "GET /galeria/galeria/jquery.fancybox.js?v=2.1.5 HTTP/1.1" 200 48706
66.249.64.101 - - [04/Oct/2015:01:05:55 -0500] "GET /BLA/resoluciones/RESOLUCIONES%202008/2508.pdf HTTP/1.1" 200 235965
186.28.119.80 - - [04/Oct/2015:01:06:19 -0500] "GET /BLA/boletinlegal/js/jquery.scrollShow.js HTTP/1.1" 200 4586
186.28.119.80 - - [04/Oct/2015:01:06:19 -0500] "GET /galeria/galeria/jquery.fancybox.js?v=2.1.5 HTTP/1.1" 200 48706
186.28.119.80 - - [04/Oct/2015:01:06:19 -0500] "GET /galeria/galeria/jquery.fancybox.css?v=2.1.5 HTTP/1.1" 200 4895
201.245.192.253 - - [04/Oct/2015:01:06:19 -0500] "POST /forms/lservlet;jsessionid=ac16012b30d62e507505f2c64e898405c7619f87fb44.e3iSbxaKaheRe38Ka34Oa3eLbxf0n6jAmljGr5XDqQLvpAe HTTP/1.1" 200 2
186.28.119.80 - - [04/Oct/2015:01:06:24 -0500] "GET /BLA/boletinlegal/js/jquery.scrollShow.js HTTP/1.1" 304 -
186.28.119.80 - - [04/Oct/2015:01:06:24 -0500] "GET /galeria/galeria/jquery.fancybox.js?v=2.1.5 HTTP/1.1" 304 -
186.28.119.80 - - [04/Oct/2015:01:06:24 -0500] "GET /galeria/galeria/jquery.fancybox.css?v=2.1.5 HTTP/1.1" 304 -
66.249.64.96 - - [04/Oct/2015:01:06:48 -0500] "GET /BLA/resoluciones/RESOLUCIONES%202009/8423.pdf HTTP/1.1" 200 546876
98.130.0.140 - - [04/Oct/2015:01:06:49 -0500] "GET /blog/wp-admin/ HTTP/1.1" 404 1018
168.61.152.85 - - [04/Oct/2015:01:07:18 -0500] "GET /galeria/galeria/jquery.fancybox.css?v=2.1.5 HTTP/1.1" 200 4895
168.61.152.85 - - [04/Oct/2015:01:07:18 -0500] "GET /galeria/carrusel/Carrusel/jquery.thumbnailScroller.css HTTP/1.1" 200 2066
168.61.152.85 - - [04/Oct/2015:01:07:18 -0500] "GET /galeria/galeria/jquery.fancybox.js?v=2.1.5 HTTP/1.1" 200 48706
168.61.152.85 - - [04/Oct/2015:01:07:18 -0500] "GET /BLA/boletinlegal/js/jquery.scrollShow.js HTTP/1.1" 200 4586
168.61.152.85 - - [04/Oct/2015:01:07:18 -0500] "GET /galeria/carrusel/Carrusel/jquery.thumbnailScroller.js HTTP/1.1" 200 8157
168.61.152.85 - - [04/Oct/2015:01:07:18 -0500] "GET /galeria/carrusel/Carrusel/jquery-ui-%0A%0A1.8.13.custom.min.js HTTP/1.1" 403 1006
77.248.252.113 - - [04/Oct/2015:01:08:15 -0500] "GET /robots.txt HTTP/1.0" 404 1019
77.248.252.113 - - [04/Oct/2015:01:08:18 -0500] "GET / HTTP/1.0" 200 10190
201.245.192.253 - - [04/Oct/2015:01:08:20 -0500] "POST /forms/lservlet;jsessionid=ac16012b30d62e507505f2c64e898405c7619f87fb44.e3iSbxaKaheRe38Ka34Oa3eLbxf0n6jAmljGr5XDqQLvpAe HTTP/1.1" 200 2
201.234.75.11 - - [04/Oct/2015:01:08:32 -0500] "GET /galeria/galeria/fotos/Movilizacion7P.jpg HTTP/1.1" 304 -
74.86.158.107 - - [04/Oct/2015:01:09:05 -0500] "HEAD / HTTP/1.1" 200 -
66.249.64.106 - - [04/Oct/2015:01:09:14 -0500] "GET /BLA/resoluciones/RESOLUCIONES%202010/5587.pdf HTTP/1.1" 200 227900
66.249.64.101 - - [04/Oct/2015:01:09:18 -0500] "GET /BLA/resoluciones/RESOLUCIONES%202011/3285.pdf HTTP/1.1" 200 283898
157.55.39.245 - - [04/Oct/2015:01:09:22 -0500] "GET /portalsiaccapacitaciones/Listas%20de%20Asistencia%202014/Lista%20de%20Asistencia%20Sesi%C3%83%C2%B3n%2011.%20Educaci%C3%83%C2%B3n%20Ambiental%2021-10-14.pdf HTTP/1.1" 404 1019
66.249.64.101 - - [04/Oct/2015:01:09:37 -0500] "GET /BLA/resoluciones/RESOLUCIONES%202008/2057.pdf HTTP/1.1" 200 211572
66.249.64.96 - - [04/Oct/2015:01:10:16 -0500] "GET /BLA/resoluciones/RESOLUCIONES%202009/9617.pdf HTTP/1.1" 200 327122
201.245.192.253 - - [04/Oct/2015:01:10:20 -0500] "POST /forms/lservlet;jsessionid=ac16012b30d62e507505f2c64e898405c7619f87fb44.e3iSbxaKaheRe38Ka34Oa3eLbxf0n6jAmljGr5XDqQLvpAe HTTP/1.1" 200 2
66.249.64.106 - - [04/Oct/2015:01:10:21 -0500] "GET /galeria/galeria/jquery.fancybox.css?v=2.1.5 HTTP/1.1" 200 4895
66.249.64.101 - - [04/Oct/2015:01:10:21 -0500] "GET /galeria/galeria/jquery.fancybox.js?v=2.1.5 HTTP/1.1" 200 48706
66.249.64.96 - - [04/Oct/2015:01:10:27 -0500] "GET /BLA/resoluciones/RESOLUCIONES%202010/6001.pdf HTTP/1.1" 200 917525
66.249.64.101 - - [04/Oct/2015:01:10:31 -0500] "GET /BLA/resoluciones/RESOLUCIONES%202009/2311.pdf HTTP/1.1" 200 424932
66.249.64.101 - - [04/Oct/2015:01:11:40 -0500] "GET /BLA/resoluciones/RESOLUCIONES%202009/5402.pdf HTTP/1.1" 200 496871
201.245.192.253 - - [04/Oct/2015:01:12:20 -0500] "POST /forms/lservlet;jsessionid=ac16012b30d62e507505f2c64e898405c7619f87fb44.e3iSbxaKaheRe38Ka34Oa3eLbxf0n6jAmljGr5XDqQLvpAe HTTP/1.1" 200 2
66.249.64.101 - - [04/Oct/2015:01:12:29 -0500] "GET /portalsiaccapacitaciones/Listas%20de%20Asistencia%202013/Lista%20de%20Asistencia%20Compras%20P%C3%BAblicas%20Sostenibles%20y%20Matriz%20IAVIA%2013-11-2013.pdf HTTP/1.1" 404 1018
66.249.64.106 - - [04/Oct/2015:01:12:53 -0500] "GET /BLA/resoluciones/RESOLUCIONES%202009/7919.pdf HTTP/1.1" 200 510119
66.249.64.96 - - [04/Oct/2015:01:12:58 -0500] "GET /BLA/resoluciones/RESOLUCIONES%202009/8159.pdf HTTP/1.1" 200 51494
181.60.228.5 - - [04/Oct/2015:01:13:15 -0500] "GET /BLA/boletinlegal/js/jquery.scrollShow.js HTTP/1.1" 200 4586
181.60.228.5 - - [04/Oct/2015:01:13:15 -0500] "GET /galeria/galeria/jquery.fancybox.js?v=2.1.5 HTTP/1.1" 200 48706
181.60.228.5 - - [04/Oct/2015:01:13:15 -0500] "GET /galeria/galeria/jquery.fancybox.css?v=2.1.5 HTTP/1.1" 200 4895
181.60.228.5 - - [04/Oct/2015:01:13:15 -0500] "GET /galeria/carrusel/Carrusel/jquery.thumbnailScroller.css HTTP/1.1" 200 2066
181.60.228.5 - - [04/Oct/2015:01:13:15 -0500] "GET /galeria/carrusel/Carrusel/jquery.thumbnailScroller.js HTTP/1.1" 200 8157
181.60.228.5 - - [04/Oct/2015:01:13:15 -0500] "GET /galeria/carrusel/Carrusel/jquery-ui-1.8.13.custom.min.js HTTP/1.1" 200 10800
181.60.228.5 - - [04/Oct/2015:01:13:17 -0500] "GET /galeria/nivo-slider/demo/demo.html HTTP/1.1" 200 3905
181.60.228.5 - - [04/Oct/2015:01:13:17 -0500] "GET /galeria/nivo-slider/themes/default/default.css HTTP/1.1" 200 1569
181.60.228.5 - - [04/Oct/2015:01:13:17 -0500] "GET /galeria/nivo-slider/themes/pascal/pascal.css HTTP/1.1" 200 2258
181.60.228.5 - - [04/Oct/2015:01:13:17 -0500] "GET /galeria/nivo-slider/themes/orman/orman.css HTTP/1.1" 200 2152
181.60.228.5 - - [04/Oct/2015:01:13:17 -0500] "GET /galeria/nivo-slider/nivo-slider.css HTTP/1.1" 200 1507
181.60.228.5 - - [04/Oct/2015:01:13:17 -0500] "GET /galeria/nivo-slider/demo/style.css HTTP/1.1" 200 2222
181.60.228.5 - - [04/Oct/2015:01:13:17 -0500] "GET /galeria/nivo-slider/demo/images/simulacro-nacional.jpg HTTP/1.1" 200 241925
181.60.228.5 - - [04/Oct/2015:01:13:17 -0500] "GET /galeria/nivo-slider/demo/images/La-SDA-se-suma-a-la-Gran-Movilizacion.jpg HTTP/1.1" 200 92233
181.60.228.5 - - [04/Oct/2015:01:13:17 -0500] "GET /galeria/nivo-slider/demo/images/simulacro-busqueda-rescate-urbano.jpg HTTP/1.1" 200 251375
181.60.228.5 - - [04/Oct/2015:01:13:17 -0500] "GET /galeria/nivo-slider/demo/images/Semana-PYBA.jpg HTTP/1.1" 200 103786
181.60.228.5 - - [04/Oct/2015:01:13:17 -0500] "GET /galeria/nivo-slider/demo/images/Plan-Quinquenal.jpg HTTP/1.1" 200 412438
181.60.228.5 - - [04/Oct/2015:01:13:17 -0500] "GET /galeria/nivo-slider/demo/images/PREDAcamp.jpg HTTP/1.1" 200 295358
181.60.228.5 - - [04/Oct/2015:01:13:17 -0500] "GET /galeria/nivo-slider/demo/images/banner-llantas2.jpg HTTP/1.1" 200 204644
181.60.228.5 - - [04/Oct/2015:01:13:17 -0500] "GET /galeria/nivo-slider/demo/images/9Signos.jpg HTTP/1.1" 200 81776
181.60.228.5 - - [04/Oct/2015:01:13:17 -0500] "GET /galeria/nivo-slider/demo/images/Comparendo-ambiental-Banner.jpg HTTP/1.1" 200 83731
181.60.228.5 - - [04/Oct/2015:01:13:18 -0500] "GET /galeria/nivo-slider/demo/images/Ruta-vertimientos-01.jpg HTTP/1.1" 200 130151
181.60.228.5 - - [04/Oct/2015:01:13:18 -0500] "GET /galeria/nivo-slider/demo/images/bolsas-06.jpg HTTP/1.1" 200 90982
181.60.228.5 - - [04/Oct/2015:01:13:18 -0500] "GET /galeria/nivo-slider/demo/images/Conoce-los-humedales.jpg HTTP/1.1" 200 294036
181.60.228.5 - - [04/Oct/2015:01:13:18 -0500] "GET /galeria/nivo-slider/demo/images/ecolecta-Dic2014.png HTTP/1.1" 200 288593
181.60.228.5 - - [04/Oct/2015:01:13:18 -0500] "GET /galeria/nivo-slider/demo/scripts/jquery-1.7.1.min.js HTTP/1.1" 200 93868
181.60.228.5 - - [04/Oct/2015:01:13:18 -0500] "GET /galeria/nivo-slider/jquery.nivo.slider.pack.js HTTP/1.1" 200 11561
181.60.228.5 - - [04/Oct/2015:01:13:18 -0500] "GET /galeria/nivo-slider/demo/images/4Simple_Slider.png HTTP/1.1" 200 11722
181.60.228.5 - - [04/Oct/2015:01:13:18 -0500] "GET /galeria/nivo-slider/themes/default/loading.gif HTTP/1.1" 200 1737
181.60.228.5 - - [04/Oct/2015:01:13:19 -0500] "GET /galeria/nivo-slider/themes/default/arrows.png HTTP/1.1" 200 824
181.60.228.5 - - [04/Oct/2015:01:13:19 -0500] "GET /galeria/nivo-slider/themes/default/bullets.png HTTP/1.1" 200 1281
98.130.0.140 - - [04/Oct/2015:01:13:48 -0500] "GET /wp/wp-admin/ HTTP/1.1" 404 1018
186.80.48.75 - - [04/Oct/2015:01:13:51 -0500] "GET /galeria/galeria/jquery.fancybox.css?v=2.1.5 HTTP/1.1" 200 4895
186.80.48.75 - - [04/Oct/2015:01:13:51 -0500] "GET /BLA/boletinlegal/js/jquery.scrollShow.js HTTP/1.1" 200 4586
186.80.48.75 - - [04/Oct/2015:01:13:51 -0500] "GET /galeria/galeria/jquery.fancybox.js?v=2.1.5 HTTP/1.1" 200 48706
186.80.48.75 - - [04/Oct/2015:01:13:54 -0500] "GET /BLA/boletinlegal/js/jquery.scrollShow.js HTTP/1.1" 304 -
186.80.48.75 - - [04/Oct/2015:01:13:54 -0500] "GET /galeria/galeria/jquery.fancybox.css?v=2.1.5 HTTP/1.1" 304 -
186.80.48.75 - - [04/Oct/2015:01:13:54 -0500] "GET /galeria/galeria/jquery.fancybox.js?v=2.1.5 HTTP/1.1" 304 -
74.86.158.107 - - [04/Oct/2015:01:14:05 -0500] "HEAD / HTTP/1.1" 200 -
66.249.64.106 - - [04/Oct/2015:01:14:06 -0500] "GET /BLA/resoluciones/RESOLUCIONES%202009/5463.pdf HTTP/1.1" 200 496153
201.245.192.253 - - [04/Oct/2015:01:14:20 -0500] "POST /forms/lservlet;jsessionid=ac16012b30d62e507505f2c64e898405c7619f87fb44.e3iSbxaKaheRe38Ka34Oa3eLbxf0n6jAmljGr5XDqQLvpAe HTTP/1.1" 200 2
66.249.64.96 - - [04/Oct/2015:01:15:19 -0500] "GET /BLA/resoluciones/RESOLUCIONES%202009/7708.pdf HTTP/1.1" 200 638386
66.249.64.101 - - [04/Oct/2015:01:15:20 -0500] "GET /BLA/resoluciones/RESOLUCIONES%202010/6641.pdf HTTP/1.1" 200 266744
66.249.64.106 - - [04/Oct/2015:01:15:53 -0500] "GET /BLA/resoluciones/RESOLUCIONES%202009/2658.pdf HTTP/1.1" 200 494117
66.249.64.101 - - [04/Oct/2015:01:16:06 -0500] "GET /BLA/resoluciones/RESOLUCIONES%202008/1586.pdf HTTP/1.1" 200 359550
201.245.192.253 - - [04/Oct/2015:01:16:21 -0500] "POST /forms/lservlet;jsessionid=ac16012b30d62e507505f2c64e898405c7619f87fb44.e3iSbxaKaheRe38Ka34Oa3eLbxf0n6jAmljGr5XDqQLvpAe HTTP/1.1" 200 2
66.249.64.96 - - [04/Oct/2015:01:16:32 -0500] "GET /BLA/resoluciones/RESOLUCIONES%202009/3713.pdf HTTP/1.1" 200 189363
66.249.64.248 - - [04/Oct/2015:01:16:33 -0500] "GET /m/POT-2013/Cartografia/36_Est_Funcional_servicios_Est_Socioeconomica_Espacial%20Area%20.pdf HTTP/1.1" 404 1019
66.249.64.101 - - [04/Oct/2015:01:17:20 -0500] "GET /BLA/resoluciones/RESOLUCIONES%202008/2888.pdf HTTP/1.1" 200 395202
66.249.64.106 - - [04/Oct/2015:01:17:33 -0500] "GET /BLA/resoluciones/RESOLUCIONES%202009/4508.pdf HTTP/1.1" 200 497163
66.249.64.106 - - [04/Oct/2015:01:17:45 -0500] "GET /BLA/resoluciones/RESOLUCIONES%202008/0692.pdf HTTP/1.1" 200 144307
66.249.64.96 - - [04/Oct/2015:01:18:03 -0500] "GET /manual_funciones_Listado/2.%20Subsecretar%C3%ADa%20General%20y%20de%20Control%20Disciplinario/Auxiliar%20Administrativo%20407-09.pdf HTTP/1.1" 404 1018
201.245.192.253 - - [04/Oct/2015:01:18:21 -0500] "POST /forms/lservlet;jsessionid=ac16012b30d62e507505f2c64e898405c7619f87fb44.e3iSbxaKaheRe38Ka34Oa3eLbxf0n6jAmljGr5XDqQLvpAe HTTP/1.1" 200 2
66.249.64.96 - - [04/Oct/2015:01:18:58 -0500] "GET /BLA/resoluciones/RESOLUCIONES%202009/6895.pdf HTTP/1.1" 200 329829
74.86.158.107 - - [04/Oct/2015:01:19:05 -0500] "HEAD / HTTP/1.1" 200 -
66.249.64.101 - - [04/Oct/2015:01:19:32 -0500] "GET /BLA/resoluciones/AUTOS%202006/AUTOS%202006%202801%20-%202900/00002853.tif HTTP/1.1" 200 82060
66.249.64.96 - - [04/Oct/2015:01:20:01 -0500] "GET /portalsiaccapacitaciones/Soportes%20Capacitaciones%20A%C3%B1o%202013/0022.%20Presentacion%20Eficiencia%20energetica%20SDA%204%20de%20Julio.pdf HTTP/1.1" 404 1018
66.249.64.101 - - [04/Oct/2015:01:20:11 -0500] "GET /BLA/resoluciones/RESOLUCIONES%202009/6046.pdf HTTP/1.1" 200 491887
201.245.192.253 - - [04/Oct/2015:01:20:21 -0500] "POST /forms/lservlet;jsessionid=ac16012b30d62e507505f2c64e898405c7619f87fb44.e3iSbxaKaheRe38Ka34Oa3eLbxf0n6jAmljGr5XDqQLvpAe HTTP/1.1" 200 2
98.130.0.140 - - [04/Oct/2015:01:20:49 -0500] "GET /old/wp-admin/ HTTP/1.1" 404 1018
201.234.75.11 - - [04/Oct/2015:01:20:59 -0500] "GET /videos/Ecolecta-posconsumo.flv HTTP/1.1" 304 -
66.249.64.101 - - [04/Oct/2015:01:21:24 -0500] "GET /BLA/resoluciones/RESOLUCIONES%202009/5619.pdf HTTP/1.1" 200 447413
66.249.64.253 - - [04/Oct/2015:01:22:18 -0500] "GET /PruebasSTORM/StormSDA_pruebas/userFiles/user_files/formulas/2/29.xml HTTP/1.1" 200 1623
201.245.192.253 - - [04/Oct/2015:01:22:21 -0500] "POST /forms/lservlet;jsessionid=ac16012b30d62e507505f2c64e898405c7619f87fb44.e3iSbxaKaheRe38Ka34Oa3eLbxf0n6jAmljGr5XDqQLvpAe HTTP/1.1" 200 2
66.249.64.106 - - [04/Oct/2015:01:22:37 -0500] "GET /BLA/resoluciones/RESOLUCIONES%202010/6661.pdf HTTP/1.1" 200 268673
66.249.64.96 - - [04/Oct/2015:01:23:04 -0500] "GET /manual_funciones_Listado/index.php?dir=2.5.%20Direcci%F3n%20de%20Gesti%F3n%20Corporativa/&sort=size&order=asc HTTP/1.1" 404 1018
180.76.15.17 - - [04/Oct/2015:01:23:04 -0500] "GET / HTTP/1.1" 302 298
175.44.35.55 - - [04/Oct/2015:01:23:25 -0500] "GET /bla/ HTTP/1.1" 200 538
180.76.15.141 - - [04/Oct/2015:01:23:31 -0500] "GET / HTTP/1.1" 302 298
66.249.64.96 - - [04/Oct/2015:01:23:50 -0500] "GET /BLA/resoluciones/RESOLUCIONES%202009/6216.pdf HTTP/1.1" 200 957402
74.86.158.107 - - [04/Oct/2015:01:24:05 -0500] "HEAD / HTTP/1.1" 200 -
54.211.95.87 - - [04/Oct/2015:01:24:14 -0500] "GET / HTTP/1.1" 302 298
54.91.93.143 - - [04/Oct/2015:01:24:14 -0500] "GET / HTTP/1.1" 301 320
201.245.192.253 - - [04/Oct/2015:01:24:21 -0500] "POST /forms/lservlet;jsessionid=ac16012b30d62e507505f2c64e898405c7619f87fb44.e3iSbxaKaheRe38Ka34Oa3eLbxf0n6jAmljGr5XDqQLvpAe HTTP/1.1" 200 2
186.2.138.201 - - [04/Oct/2015:01:24:30 -0500] "GET /galeria/galeria/jquery.fancybox.css?v=2.1.5 HTTP/1.1" 200 4895
186.2.138.201 - - [04/Oct/2015:01:24:30 -0500] "GET /BLA/boletinlegal/js/jquery.scrollShow.js HTTP/1.1" 200 4586
186.2.138.201 - - [04/Oct/2015:01:24:30 -0500] "GET /galeria/galeria/jquery.fancybox.js?v=2.1.5 HTTP/1.1" 200 48706
186.2.138.201 - - [04/Oct/2015:01:24:41 -0500] "GET /videos/CRRFFS.mp4 HTTP/1.1" 200 286784363
186.2.138.201 - - [04/Oct/2015:01:24:55 -0500] "GET /BLA/boletinlegal/js/jquery.scrollShow.js HTTP/1.1" 304 -
186.2.138.201 - - [04/Oct/2015:01:24:55 -0500] "GET /galeria/galeria/jquery.fancybox.css?v=2.1.5 HTTP/1.1" 304 -
186.2.138.201 - - [04/Oct/2015:01:24:55 -0500] "GET /galeria/galeria/jquery.fancybox.js?v=2.1.5 HTTP/1.1" 304 -
66.249.64.106 - - [04/Oct/2015:01:25:03 -0500] "GET /BLA/resoluciones/RESOLUCIONES%202010/5602.pdf HTTP/1.1" 200 229210
186.2.138.201 - - [04/Oct/2015:01:25:47 -0500] "GET /videos/CRRFFS.mp4 HTTP/1.1" 206 1
66.249.64.106 - - [04/Oct/2015:01:26:05 -0500] "GET /portalsiaccapacitaciones/Soportes%20Capacitaciones%20A%C3%B1o%202013/0024.%20Articulacion%20Eficiencia%20Energetica%20-%20Cambio%20Climatico%204%20de%20Julio.pdf HTTP/1.1" 404 1018
66.249.64.96 - - [04/Oct/2015:01:26:16 -0500] "GET /BLA/resoluciones/RESOLUCIONES%202010/1784.pdf HTTP/1.1" 200 544404
201.245.192.253 - - [04/Oct/2015:01:26:22 -0500] "POST /forms/lservlet;jsessionid=ac16012b30d62e507505f2c64e898405c7619f87fb44.e3iSbxaKaheRe38Ka34Oa3eLbxf0n6jAmljGr5XDqQLvpAe HTTP/1.1" 200 2
186.2.138.201 - - [04/Oct/2015:01:25:47 -0500] "GET /videos/CRRFFS.mp4 HTTP/1.1" 206 283533215
66.249.64.106 - - [04/Oct/2015:01:27:20 -0500] "GET /BLA/resoluciones/RESOLUCIONES%202009/9244.pdf HTTP/1.1" 200 492921
66.249.64.253 - - [04/Oct/2015:01:26:30 -0500] "GET /BLA/boletinlegal/index.php HTTP/1.1" 200 51063
66.249.64.96 - - [04/Oct/2015:01:27:29 -0500] "GET /BLA/resoluciones/RESOLUCIONES%202010/0629.pdf HTTP/1.1" 200 538756
66.249.64.96 - - [04/Oct/2015:01:27:44 -0500] "GET /BLA/resoluciones/RESOLUCIONES%202008/2905.pdf HTTP/1.1" 200 295914
201.245.192.253 - - [04/Oct/2015:01:28:22 -0500] "POST /forms/lservlet;jsessionid=ac16012b30d62e507505f2c64e898405c7619f87fb44.e3iSbxaKaheRe38Ka34Oa3eLbxf0n6jAmljGr5XDqQLvpAe HTTP/1.1" 200 2
201.234.75.11 - - [04/Oct/2015:01:28:40 -0500] "GET /galeria/galeria/fotos/Movilizacion6P.jpg HTTP/1.1" 304 -
66.249.64.106 - - [04/Oct/2015:01:28:42 -0500] "GET /BLA/resoluciones/RESOLUCIONES%202008/1163.pdf HTTP/1.1" 200 746301
74.86.158.107 - - [04/Oct/2015:01:29:05 -0500] "HEAD / HTTP/1.1" 200 -
66.249.64.101 - - [04/Oct/2015:01:29:07 -0500] "GET /portalsiaccapacitaciones/Soportes%20Capacitaciones%20A%C3%B1o%202013/0038.%20Presentaci%C3%B3n%20Construcci%C3%B3n%20Sostenible.pdf HTTP/1.1" 404 1018
14.202.89.197 - - [04/Oct/2015:01:29:49 -0500] "GET /BLA/boletinlegal/js/jquery.scrollShow.js HTTP/1.1" 200 4586
14.202.89.197 - - [04/Oct/2015:01:29:49 -0500] "GET /galeria/galeria/jquery.fancybox.css?v=2.1.5 HTTP/1.1" 200 4895
14.202.89.197 - - [04/Oct/2015:01:29:49 -0500] "GET /galeria/galeria/jquery.fancybox.js?v=2.1.5 HTTP/1.1" 200 48706
66.249.64.101 - - [04/Oct/2015:01:29:55 -0500] "GET /BLA/resoluciones/RESOLUCIONES%202009/4210.pdf HTTP/1.1" 200 1068599
14.202.89.197 - - [04/Oct/2015:01:30:01 -0500] "GET /galeria/galeria/jquery.fancybox.css?v=2.1.5 HTTP/1.1" 304 -
14.202.89.197 - - [04/Oct/2015:01:30:01 -0500] "GET /BLA/boletinlegal/js/jquery.scrollShow.js HTTP/1.1" 304 -
14.202.89.197 - - [04/Oct/2015:01:30:01 -0500] "GET /galeria/galeria/jquery.fancybox.js?v=2.1.5 HTTP/1.1" 304 -
201.245.192.253 - - [04/Oct/2015:01:30:22 -0500] "POST /forms/lservlet;jsessionid=ac16012b30d62e507505f2c64e898405c7619f87fb44.e3iSbxaKaheRe38Ka34Oa3eLbxf0n6jAmljGr5XDqQLvpAe HTTP/1.1" 200 2
66.249.64.106 - - [04/Oct/2015:01:30:51 -0500] "GET /BLA/resoluciones/RESOLUCIONES%202009/5127.pdf HTTP/1.1" 200 771827
66.249.64.106 - - [04/Oct/2015:01:31:08 -0500] "GET /autoliquidacion/index.php?dir=TR%C1MITES+ACEITES-RESIDUOS-ESTACIONES%2FREGISTRO+COMO+ACOPIADOR+PRIMARIO%2F HTTP/1.1" 200 3288
66.249.64.106 - - [04/Oct/2015:01:31:09 -0500] "GET /BLA/resoluciones/RESOLUCIONES%202008/2929.pdf HTTP/1.1" 200 175585
66.249.64.96 - - [04/Oct/2015:01:32:09 -0500] "GET /Residuos/farmaceutica/images/page59.swf HTTP/1.1" 200 37105
220.181.108.151 - - [04/Oct/2015:01:32:19 -0500] "GET /galeria/galeria/jquery.fancybox.css?v=2.1.5 HTTP/1.1" 200 4895
66.249.64.101 - - [04/Oct/2015:01:32:21 -0500] "GET /BLA/resoluciones/RESOLUCIONES%202010/2645.pdf HTTP/1.1" 200 337193
201.245.192.253 - - [04/Oct/2015:01:32:22 -0500] "POST /forms/lservlet;jsessionid=ac16012b30d62e507505f2c64e898405c7619f87fb44.e3iSbxaKaheRe38Ka34Oa3eLbxf0n6jAmljGr5XDqQLvpAe HTTP/1.1" 200 2
66.249.64.101 - - [04/Oct/2015:01:33:02 -0500] "GET /BLA/resoluciones/RESOLUCIONES%202009/1112.pdf HTTP/1.1" 200 392708
14.202.89.197 - - [04/Oct/2015:01:33:27 -0500] "GET /videos/galeria-cronicas/1V3wnplaylist.htm? HTTP/1.1" 200 4013
14.202.89.197 - - [04/Oct/2015:01:33:28 -0500] "GET /videos/galeria-cronicas/js/jquery.jplayer.min.js HTTP/1.1" 200 43668
14.202.89.197 - - [04/Oct/2015:01:33:28 -0500] "GET /videos/galeria-cronicas/js/jplayer.playlist.min.js HTTP/1.1" 200 8608
14.202.89.197 - - [04/Oct/2015:01:33:28 -0500] "GET /videos/galeria-cronicas/skin/blue.monday/jplayer.blue.monday.css HTTP/1.1" 200 12518
14.202.89.197 - - [04/Oct/2015:01:33:30 -0500] "GET /videos/galeria-cronicas/skin/blue.monday/jplayer.blue.monday.video.play.png HTTP/1.1" 200 14424
14.202.89.197 - - [04/Oct/2015:01:33:30 -0500] "GET /videos/galeria-cronicas/skin/blue.monday/jplayer.blue.monday.jpg HTTP/1.1" 200 23189
14.202.89.197 - - [04/Oct/2015:01:33:30 -0500] "GET /videos/galeria-cronicas/skin/blue.monday/jplayer.blue.monday.seeking.gif HTTP/1.1" 200 3284
14.202.89.197 - - [04/Oct/2015:01:33:30 -0500] "GET /videos/galeria-cronicas/1videos/parche.mp4video.mp4 HTTP/1.1" 206 2
14.202.89.197 - - [04/Oct/2015:01:33:31 -0500] "GET /videos/galeria-cronicas/1videos/parche.mp4video.mp4 HTTP/1.1" 206 2821840
14.202.89.197 - - [04/Oct/2015:01:33:31 -0500] "GET /videos/galeria-cronicas/1videos/parche.mp4video.mp4 HTTP/1.1" 206 36560
14.202.89.197 - - [04/Oct/2015:01:33:32 -0500] "GET /videos/galeria-cronicas/1videos/parche.mp4video.mp4 HTTP/1.1" 206 20176
14.202.89.197 - - [04/Oct/2015:01:33:34 -0500] "GET /videos/galeria-cronicas/1videos/parche.mp4video.mp4 HTTP/1.1" 206 3792
66.249.64.96 - - [04/Oct/2015:01:33:34 -0500] "GET /BLA/resoluciones/AUTOS%202012/2102.pdf HTTP/1.1" 200 625964
14.202.89.197 - - [04/Oct/2015:01:33:34 -0500] "GET /videos/galeria-cronicas/1videos/parche.mp4video.mp4 HTTP/1.1" 206 10949
14.202.89.197 - - [04/Oct/2015:01:33:35 -0500] "GET /videos/galeria-cronicas/1videos/parche.mp4video.mp4 HTTP/1.1" 206 8192
14.202.89.197 - - [04/Oct/2015:01:33:36 -0500] "GET /videos/galeria-cronicas/1videos/parche.mp4video.mp4 HTTP/1.1" 206 8069
14.202.89.197 - - [04/Oct/2015:01:33:36 -0500] "GET /videos/galeria-cronicas/1videos/parche.mp4video.mp4 HTTP/1.1" 206 1642
14.202.89.197 - - [04/Oct/2015:01:33:36 -0500] "GET /videos/galeria-cronicas/1videos/parche.mp4video.mp4 HTTP/1.1" 206 2782721
74.86.158.107 - - [04/Oct/2015:01:34:05 -0500] "HEAD / HTTP/1.1" 200 -
201.245.192.253 - - [04/Oct/2015:01:34:23 -0500] "POST /forms/lservlet;jsessionid=ac16012b30d62e507505f2c64e898405c7619f87fb44.e3iSbxaKaheRe38Ka34Oa3eLbxf0n6jAmljGr5XDqQLvpAe HTTP/1.1" 200 2
14.202.89.197 - - [04/Oct/2015:01:34:24 -0500] "GET /videos/galeria-fotografica/index2.html? HTTP/1.1" 200 1971
14.202.89.197 - - [04/Oct/2015:01:34:24 -0500] "GET /videos/galeria-fotografica/js/jquery-flickr-gallery/jquery-flickr.css HTTP/1.1" 200 711
14.202.89.197 - - [04/Oct/2015:01:34:24 -0500] "GET /videos/galeria-fotografica/js/jquery-flickr-gallery/jquery-flickr-gallery.js HTTP/1.1" 200 9050
14.202.89.197 - - [04/Oct/2015:01:34:25 -0500] "GET /videos/galeria-fotografica/js/jquery-flickr-gallery/loader.gif HTTP/1.1" 200 2129
14.202.89.197 - - [04/Oct/2015:01:34:39 -0500] "GET /galeria/carrusel/Carrusel/jquery.thumbnailScroller.css HTTP/1.1" 200 2066
14.202.89.197 - - [04/Oct/2015:01:34:39 -0500] "GET /galeria/carrusel/Carrusel/jquery-ui-1.8.13.custom.min.js HTTP/1.1" 200 10800
14.202.89.197 - - [04/Oct/2015:01:34:39 -0500] "GET /galeria/nivo-slider/demo/demo.html HTTP/1.1" 200 3905
14.202.89.197 - - [04/Oct/2015:01:34:40 -0500] "GET /galeria/carrusel/Carrusel/jquery.thumbnailScroller.js HTTP/1.1" 200 8157
14.202.89.197 - - [04/Oct/2015:01:34:40 -0500] "GET /galeria/nivo-slider/themes/default/default.css HTTP/1.1" 200 1569
14.202.89.197 - - [04/Oct/2015:01:34:40 -0500] "GET /galeria/nivo-slider/themes/pascal/pascal.css HTTP/1.1" 200 2258
14.202.89.197 - - [04/Oct/2015:01:34:40 -0500] "GET /galeria/nivo-slider/demo/style.css HTTP/1.1" 200 2222
14.202.89.197 - - [04/Oct/2015:01:34:40 -0500] "GET /galeria/nivo-slider/themes/orman/orman.css HTTP/1.1" 200 2152
14.202.89.197 - - [04/Oct/2015:01:34:40 -0500] "GET /galeria/nivo-slider/nivo-slider.css HTTP/1.1" 200 1507
14.202.89.197 - - [04/Oct/2015:01:34:40 -0500] "GET /galeria/nivo-slider/demo/images/La-SDA-se-suma-a-la-Gran-Movilizacion.jpg HTTP/1.1" 200 92233
14.202.89.197 - - [04/Oct/2015:01:34:40 -0500] "GET /galeria/nivo-slider/demo/images/simulacro-nacional.jpg HTTP/1.1" 200 241925
14.202.89.197 - - [04/Oct/2015:01:34:40 -0500] "GET /galeria/nivo-slider/demo/images/simulacro-busqueda-rescate-urbano.jpg HTTP/1.1" 200 251375
14.202.89.197 - - [04/Oct/2015:01:34:40 -0500] "GET /galeria/nivo-slider/demo/images/Semana-PYBA.jpg HTTP/1.1" 200 103786
14.202.89.197 - - [04/Oct/2015:01:34:40 -0500] "GET /galeria/nivo-slider/demo/images/Plan-Quinquenal.jpg HTTP/1.1" 200 412438
14.202.89.197 - - [04/Oct/2015:01:34:40 -0500] "GET /galeria/nivo-slider/demo/images/PREDAcamp.jpg HTTP/1.1" 200 295358
14.202.89.197 - - [04/Oct/2015:01:34:41 -0500] "GET /galeria/nivo-slider/demo/images/banner-llantas2.jpg HTTP/1.1" 200 204644
14.202.89.197 - - [04/Oct/2015:01:34:43 -0500] "GET /galeria/nivo-slider/demo/images/9Signos.jpg HTTP/1.1" 200 81776
14.202.89.197 - - [04/Oct/2015:01:34:43 -0500] "GET /galeria/nivo-slider/demo/images/Comparendo-ambiental-Banner.jpg HTTP/1.1" 200 83731
14.202.89.197 - - [04/Oct/2015:01:34:43 -0500] "GET /galeria/nivo-slider/demo/images/Ruta-vertimientos-01.jpg HTTP/1.1" 200 130151
14.202.89.197 - - [04/Oct/2015:01:34:43 -0500] "GET /galeria/nivo-slider/demo/images/bolsas-06.jpg HTTP/1.1" 200 90982
14.202.89.197 - - [04/Oct/2015:01:34:44 -0500] "GET /galeria/nivo-slider/demo/images/Conoce-los-humedales.jpg HTTP/1.1" 200 294036
14.202.89.197 - - [04/Oct/2015:01:34:44 -0500] "GET /galeria/nivo-slider/demo/images/ecolecta-Dic2014.png HTTP/1.1" 200 288593
14.202.89.197 - - [04/Oct/2015:01:34:44 -0500] "GET /galeria/nivo-slider/demo/scripts/jquery-1.7.1.min.js HTTP/1.1" 200 93868
14.202.89.197 - - [04/Oct/2015:01:34:44 -0500] "GET /galeria/nivo-slider/jquery.nivo.slider.pack.js HTTP/1.1" 200 11561
14.202.89.197 - - [04/Oct/2015:01:34:45 -0500] "GET /galeria/nivo-slider/demo/images/4Simple_Slider.png HTTP/1.1" 200 11722
14.202.89.197 - - [04/Oct/2015:01:34:45 -0500] "GET /galeria/nivo-slider/themes/default/loading.gif HTTP/1.1" 200 1737
14.202.89.197 - - [04/Oct/2015:01:34:50 -0500] "GET /galeria/nivo-slider/themes/default/arrows.png HTTP/1.1" 200 824
14.202.89.197 - - [04/Oct/2015:01:34:50 -0500] "GET /galeria/nivo-slider/themes/default/bullets.png HTTP/1.1" 200 1281
66.249.64.96 - - [04/Oct/2015:01:35:13 -0500] "GET /portalsiaccapacitaciones/Soportes%20Capacitaciones%20A%C3%B1o%202013/0015.%20Acuerdo%20%20403%20Apagon%20Ambiental%2020%20de%20Junio.pdf HTTP/1.1" 404 1018
66.249.64.96 - - [04/Oct/2015:01:36:00 -0500] "GET /BLA/resoluciones/RESOLUCIONES%202014/3143.pdf HTTP/1.1" 304 -
201.245.192.253 - - [04/Oct/2015:01:36:23 -0500] "POST /forms/lservlet;jsessionid=ac16012b30d62e507505f2c64e898405c7619f87fb44.e3iSbxaKaheRe38Ka34Oa3eLbxf0n6jAmljGr5XDqQLvpAe HTTP/1.1" 200 2
181.61.41.195 - - [04/Oct/2015:01:36:33 -0500] "GET /wp-content/uploads/2015/08/banner2.png HTTP/1.1" 301 362
181.61.41.195 - - [04/Oct/2015:01:36:33 -0500] "GET /wp-content/uploads/2015/08/fotos1b.png HTTP/1.1" 301 362
181.61.41.195 - - [04/Oct/2015:01:36:33 -0500] "GET /wp-content/uploads/2015/08/fotos2b.png HTTP/1.1" 301 362
181.61.41.195 - - [04/Oct/2015:01:36:33 -0500] "GET /wp-content/uploads/2015/08/danos.png HTTP/1.1" 301 360
181.61.41.195 - - [04/Oct/2015:01:36:33 -0500] "GET /wp-content/uploads/2015/08/fotos3b.png HTTP/1.1" 301 362
181.61.41.195 - - [04/Oct/2015:01:36:34 -0500] "GET /wp-content/uploads/2015/07/DOS.png HTTP/1.1" 301 358
181.61.41.195 - - [04/Oct/2015:01:36:35 -0500] "GET /wp-content/uploads/2015/07/UNO.png HTTP/1.1" 301 358
181.61.41.195 - - [04/Oct/2015:01:36:36 -0500] "GET /wp-content/uploads/2015/07/CUARTO.png HTTP/1.1" 301 361
181.61.41.195 - - [04/Oct/2015:01:36:36 -0500] "GET /wp-content/uploads/2015/07/TERCER.png HTTP/1.1" 301 361
207.46.13.122 - - [04/Oct/2015:01:37:02 -0500] "GET /dama/libreria/php/decide.php?patron=03.1801 HTTP/1.1" 404 1019
190.117.205.100 - - [04/Oct/2015:01:37:07 -0500] "GET /BLA/boletinlegal/js/jquery.scrollShow.js HTTP/1.1" 200 4586
190.117.205.100 - - [04/Oct/2015:01:37:07 -0500] "GET /galeria/galeria/jquery.fancybox.css?v=2.1.5 HTTP/1.1" 200 4895
190.117.205.100 - - [04/Oct/2015:01:37:07 -0500] "GET /galeria/galeria/jquery.fancybox.js?v=2.1.5 HTTP/1.1" 200 48706
66.249.64.101 - - [04/Oct/2015:01:37:13 -0500] "GET /BLA/resoluciones/RESOLUCIONES%202010/3149.pdf HTTP/1.1" 200 104029
190.117.205.100 - - [04/Oct/2015:01:37:18 -0500] "GET /BLA/boletinlegal/js/jquery.scrollShow.js HTTP/1.1" 304 -
190.117.205.100 - - [04/Oct/2015:01:37:18 -0500] "GET /galeria/galeria/jquery.fancybox.js?v=2.1.5 HTTP/1.1" 304 -
190.117.205.100 - - [04/Oct/2015:01:37:18 -0500] "GET /galeria/galeria/jquery.fancybox.css?v=2.1.5 HTTP/1.1" 304 -
66.249.64.96 - - [04/Oct/2015:01:38:15 -0500] "GET /BLA/resoluciones/RESOLUCIONES%202008/3008.pdf HTTP/1.1" 200 203304
201.245.192.253 - - [04/Oct/2015:01:38:23 -0500] "POST /forms/lservlet;jsessionid=ac16012b30d62e507505f2c64e898405c7619f87fb44.e3iSbxaKaheRe38Ka34Oa3eLbxf0n6jAmljGr5XDqQLvpAe HTTP/1.1" 200 2
66.249.64.101 - - [04/Oct/2015:01:38:26 -0500] "GET /BLA/resoluciones/RESOLUCIONES%202009/1307.pdf HTTP/1.1" 200 454787
