190.158.8.125 - - [04/Oct/2015:13:11:20 -0500] "GET /isolucionsda/BarraTitulos.asp?Pagina=FiltroNoConformidades.asp&Estado=Abiertas&PintarAuditorias=SI&EsAbierta=1&ConMenu=NO HTTP/1.1" 200 6865
190.158.8.125 - - [04/Oct/2015:13:11:20 -0500] "GET /isolucionsda/BarraFavoritos.asp HTTP/1.1" 200 911
190.158.8.125 - - [04/Oct/2015:13:11:20 -0500] "GET /isolucionsda/Session.asp?Continue=1 HTTP/1.1" 200 6195
190.158.8.125 - - [04/Oct/2015:13:11:20 -0500] "GET /isolucionsda/FiltroNoConformidades.asp?Pagina=FiltroNoConformidades.asp&Estado=Abiertas&PintarAuditorias=SI&EsAbierta=1&ConMenu=NO HTTP/1.1" 200 54534
66.249.88.228 - - [04/Oct/2015:13:11:25 -0500] "GET /BLA/boletinlegal/js/jquery.scrollShow.js HTTP/1.1" 200 4586
66.249.88.228 - - [04/Oct/2015:13:11:25 -0500] "GET /galeria/galeria/jquery.fancybox.css?v=2.1.5 HTTP/1.1" 200 4895
66.249.88.228 - - [04/Oct/2015:13:11:25 -0500] "GET /galeria/galeria/jquery.fancybox.js?v=2.1.5 HTTP/1.1" 200 48706
190.158.8.125 - - [04/Oct/2015:13:11:30 -0500] "GET /isolucionsda/NoConformidadISOlucion.asp?Id_NoConformidad=794&CodtipoNoConf=4 HTTP/1.1" 200 44512
66.249.88.228 - - [04/Oct/2015:13:11:31 -0500] "GET /BLA/boletinlegal/js/jquery.scrollShow.js HTTP/1.1" 304 -
66.249.88.233 - - [04/Oct/2015:13:11:31 -0500] "GET /galeria/galeria/jquery.fancybox.js?v=2.1.5 HTTP/1.1" 304 -
66.249.88.223 - - [04/Oct/2015:13:11:31 -0500] "GET /galeria/galeria/jquery.fancybox.css?v=2.1.5 HTTP/1.1" 304 -
201.138.94.83 - - [04/Oct/2015:13:11:38 -0500] "GET /galeria/galeria/jquery.fancybox.css?v=2.1.5 HTTP/1.1" 200 4895
201.138.231.85 - - [04/Oct/2015:13:11:38 -0500] "GET /galeria/galeria/jquery.fancybox.js?v=2.1.5 HTTP/1.1" 200 48706
66.249.65.220 - - [04/Oct/2015:13:11:38 -0500] "GET /BLA/resoluciones/RESOLUCIONES%202011/4691.pdf HTTP/1.1" 200 511029
201.245.192.253 - - [04/Oct/2015:13:11:40 -0500] "POST /forms/lservlet;jsessionid=ac16012b30d62e507505f2c64e898405c7619f87fb44.e3iSbxaKaheRe38Ka34Oa3eLbxf0n6jAmljGr5XDqQLvpAe HTTP/1.1" 200 2
189.164.39.106 - - [04/Oct/2015:13:11:41 -0500] "GET /BLA/boletinlegal/js/jquery.scrollShow.js HTTP/1.1" 200 4586
190.158.8.125 - - [04/Oct/2015:13:11:42 -0500] "GET /IsolucionSDA/Jerarquia.asp?Tabla=Proceso&Form=Filtro&CampoDisplay=CodProcesoDisplayObjetoProceso&CampoHidden=CodProceso&bSubmit=True&items= HTTP/1.1" 200 10466
190.158.8.125 - - [04/Oct/2015:13:11:44 -0500] "POST /IsolucionSDA/Jerarquia.asp HTTP/1.1" 200 8003
190.158.8.125 - - [04/Oct/2015:13:11:44 -0500] "POST /isolucionsda/FiltroNoConformidades.asp?PintarAuditorias=SI&Usuario= HTTP/1.1" 200 54233
190.156.87.63 - - [04/Oct/2015:13:11:44 -0500] "GET /favicon.ico HTTP/1.1" 200 7782
190.158.8.125 - - [04/Oct/2015:13:11:50 -0500] "GET /isolucionsda/NoConformidadISOlucion.asp?Id_NoConformidad=688&CodtipoNoConf=4 HTTP/1.1" 200 54874
181.129.91.155 - - [04/Oct/2015:13:11:53 -0500] "GET /BLA/resoluciones/RESOLUCIONES%202012/0909.pdf HTTP/1.1" 200 574870
181.129.91.155 - - [04/Oct/2015:13:11:53 -0500] "GET /favicon.ico HTTP/1.1" 200 7782
181.129.91.155 - - [04/Oct/2015:13:11:54 -0500] "GET /BLA/resoluciones/RESOLUCIONES%202012/0909.pdf HTTP/1.1" 206 32768
181.129.91.155 - - [04/Oct/2015:13:11:54 -0500] "GET /BLA/resoluciones/RESOLUCIONES%202012/0909.pdf HTTP/1.1" 206 542102
177.248.251.155 - - [04/Oct/2015:13:12:04 -0500] "GET /galeria/galeria/jquery.fancybox.js?v=2.1.5 HTTP/1.1" 304 -
177.248.251.155 - - [04/Oct/2015:13:12:04 -0500] "GET /BLA/boletinlegal/js/jquery.scrollShow.js HTTP/1.1" 304 -
177.248.251.155 - - [04/Oct/2015:13:12:04 -0500] "GET /galeria/galeria/jquery.fancybox.css?v=2.1.5 HTTP/1.1" 304 -
66.249.65.220 - - [04/Oct/2015:13:12:04 -0500] "GET /BLA/resoluciones/RESOLUCIONES%202010/2461.pdf HTTP/1.1" 200 494605
66.249.65.213 - - [04/Oct/2015:13:12:31 -0500] "GET /BLA/resoluciones/AUTOS%202011/2789.pdf HTTP/1.1" 200 140671
66.249.65.227 - - [04/Oct/2015:13:12:39 -0500] "GET /Residuos/impresion/files/search/searchtext.xml HTTP/1.1" 200 210298
148.251.235.206 - - [04/Oct/2015:13:12:39 -0500] "GET /BLA/resoluciones/RESOLUCIONES%202009/9288.pdf HTTP/1.1" 200 298018
66.249.65.51 - - [04/Oct/2015:13:12:57 -0500] "GET /SIG/ECS/126PM04-PR105.pdf HTTP/1.1" 200 1510233
189.164.149.111 - - [04/Oct/2015:13:13:20 -0500] "GET /galeria/galeria/jquery.fancybox.css?v=2.1.5 HTTP/1.1" 200 4895
189.164.138.109 - - [04/Oct/2015:13:13:21 -0500] "GET /galeria/galeria/jquery.fancybox.js?v=2.1.5 HTTP/1.1" 200 48706
189.164.149.111 - - [04/Oct/2015:13:13:22 -0500] "GET /BLA/boletinlegal/js/jquery.scrollShow.js HTTP/1.1" 200 4586
66.249.65.227 - - [04/Oct/2015:13:13:23 -0500] "GET /BLA/resoluciones/AUTOS%202008/2114.pdf HTTP/1.1" 200 133436
186.119.194.132 - - [04/Oct/2015:13:13:26 -0500] "GET /BLA/boletinlegal/js/jquery.scrollShow.js HTTP/1.1" 200 4586
186.119.194.132 - - [04/Oct/2015:13:13:26 -0500] "GET /galeria/galeria/jquery.fancybox.css?v=2.1.5 HTTP/1.1" 200 4895
186.119.194.132 - - [04/Oct/2015:13:13:26 -0500] "GET /galeria/galeria/jquery.fancybox.js?v=2.1.5 HTTP/1.1" 200 48706
201.245.192.253 - - [04/Oct/2015:13:13:40 -0500] "POST /forms/lservlet;jsessionid=ac16012b30d62e507505f2c64e898405c7619f87fb44.e3iSbxaKaheRe38Ka34Oa3eLbxf0n6jAmljGr5XDqQLvpAe HTTP/1.1" 200 2
201.228.226.154 - - [04/Oct/2015:13:13:45 -0500] "GET /BLA/boletinlegal/jurisprudencia/analisis/Analisis%20jurisprudencial%20Sentencia%20C-366-11.doc HTTP/1.1" 200 59392
186.119.194.132 - - [04/Oct/2015:13:13:47 -0500] "GET /galeria/galeria/jquery.fancybox.css?v=2.1.5 HTTP/1.1" 304 -
186.119.194.132 - - [04/Oct/2015:13:13:47 -0500] "GET /BLA/boletinlegal/js/jquery.scrollShow.js HTTP/1.1" 304 -
186.119.194.132 - - [04/Oct/2015:13:13:47 -0500] "GET /galeria/galeria/jquery.fancybox.js?v=2.1.5 HTTP/1.1" 304 -
186.119.194.132 - - [04/Oct/2015:13:13:48 -0500] "GET /BLA/boletinlegal/js/jquery.scrollShow.js HTTP/1.1" 304 -
186.119.194.132 - - [04/Oct/2015:13:13:48 -0500] "GET /galeria/galeria/jquery.fancybox.js?v=2.1.5 HTTP/1.1" 304 -
186.119.194.132 - - [04/Oct/2015:13:13:48 -0500] "GET /galeria/galeria/jquery.fancybox.css?v=2.1.5 HTTP/1.1" 304 -
66.249.65.227 - - [04/Oct/2015:13:13:49 -0500] "GET /BLA/resoluciones/RESOLUCIONES%202008/3898.pdf HTTP/1.1" 200 299283
190.157.162.232 - - [04/Oct/2015:13:13:50 -0500] "GET /galeria/carrusel/Carrusel/jquery.thumbnailScroller.css HTTP/1.1" 200 2066
190.157.162.232 - - [04/Oct/2015:13:13:50 -0500] "GET /galeria/galeria/jquery.fancybox.css?v=2.1.5 HTTP/1.1" 200 4895
190.157.162.232 - - [04/Oct/2015:13:13:50 -0500] "GET /BLA/boletinlegal/js/jquery.scrollShow.js HTTP/1.1" 200 4586
190.157.162.232 - - [04/Oct/2015:13:13:50 -0500] "GET /galeria/galeria/jquery.fancybox.js?v=2.1.5 HTTP/1.1" 200 48706
190.157.162.232 - - [04/Oct/2015:13:13:50 -0500] "GET /galeria/carrusel/Carrusel/jquery-ui-1.8.13.custom.min.js HTTP/1.1" 200 10800
190.157.162.232 - - [04/Oct/2015:13:13:50 -0500] "GET /galeria/carrusel/Carrusel/jquery.thumbnailScroller.js HTTP/1.1" 200 8157
190.157.162.232 - - [04/Oct/2015:13:13:51 -0500] "GET /galeria/nivo-slider/demo/demo.html HTTP/1.1" 200 3905
190.157.162.232 - - [04/Oct/2015:13:13:51 -0500] "GET /galeria/nivo-slider/themes/orman/orman.css HTTP/1.1" 200 2152
190.157.162.232 - - [04/Oct/2015:13:13:51 -0500] "GET /galeria/nivo-slider/themes/pascal/pascal.css HTTP/1.1" 200 2258
190.157.162.232 - - [04/Oct/2015:13:13:51 -0500] "GET /galeria/nivo-slider/themes/default/default.css HTTP/1.1" 200 1569
190.157.162.232 - - [04/Oct/2015:13:13:51 -0500] "GET /galeria/nivo-slider/nivo-slider.css HTTP/1.1" 200 1507
190.157.162.232 - - [04/Oct/2015:13:13:51 -0500] "GET /galeria/nivo-slider/demo/style.css HTTP/1.1" 200 2222
190.157.162.232 - - [04/Oct/2015:13:13:51 -0500] "GET /galeria/nivo-slider/demo/scripts/jquery-1.7.1.min.js HTTP/1.1" 200 93868
190.157.162.232 - - [04/Oct/2015:13:13:52 -0500] "GET /galeria/nivo-slider/jquery.nivo.slider.pack.js HTTP/1.1" 200 11561
190.157.162.232 - - [04/Oct/2015:13:13:52 -0500] "GET /galeria/nivo-slider/demo/images/La-SDA-se-suma-a-la-Gran-Movilizacion.jpg HTTP/1.1" 200 92233
190.157.162.232 - - [04/Oct/2015:13:13:52 -0500] "GET /galeria/nivo-slider/demo/images/simulacro-nacional.jpg HTTP/1.1" 200 241925
190.157.162.232 - - [04/Oct/2015:13:13:52 -0500] "GET /galeria/nivo-slider/demo/images/simulacro-busqueda-rescate-urbano.jpg HTTP/1.1" 200 251375
190.157.162.232 - - [04/Oct/2015:13:13:53 -0500] "GET /galeria/nivo-slider/demo/images/Semana-PYBA.jpg HTTP/1.1" 200 103786
190.157.162.232 - - [04/Oct/2015:13:13:53 -0500] "GET /galeria/nivo-slider/demo/images/Plan-Quinquenal.jpg HTTP/1.1" 200 412438
190.157.162.232 - - [04/Oct/2015:13:13:54 -0500] "GET /galeria/nivo-slider/demo/images/4Simple_Slider.png HTTP/1.1" 200 11722
190.157.162.232 - - [04/Oct/2015:13:13:55 -0500] "GET /galeria/nivo-slider/themes/default/loading.gif HTTP/1.1" 200 1737
190.157.162.232 - - [04/Oct/2015:13:13:55 -0500] "GET /galeria/nivo-slider/demo/images/PREDAcamp.jpg HTTP/1.1" 200 295358
190.157.162.232 - - [04/Oct/2015:13:13:56 -0500] "GET /galeria/nivo-slider/demo/images/banner-llantas2.jpg HTTP/1.1" 200 204644
190.157.162.232 - - [04/Oct/2015:13:13:56 -0500] "GET /galeria/nivo-slider/demo/images/9Signos.jpg HTTP/1.1" 200 81776
190.157.162.232 - - [04/Oct/2015:13:13:57 -0500] "GET /galeria/nivo-slider/demo/images/Comparendo-ambiental-Banner.jpg HTTP/1.1" 200 83731
190.157.162.232 - - [04/Oct/2015:13:13:58 -0500] "GET /galeria/nivo-slider/demo/images/Ruta-vertimientos-01.jpg HTTP/1.1" 200 130151
190.157.162.232 - - [04/Oct/2015:13:13:58 -0500] "GET /galeria/nivo-slider/demo/images/bolsas-06.jpg HTTP/1.1" 200 90982
190.157.162.232 - - [04/Oct/2015:13:13:59 -0500] "GET /galeria/nivo-slider/demo/images/Conoce-los-humedales.jpg HTTP/1.1" 200 294036
190.157.162.232 - - [04/Oct/2015:13:13:59 -0500] "GET /galeria/nivo-slider/demo/images/ecolecta-Dic2014.png HTTP/1.1" 200 288593
190.157.162.232 - - [04/Oct/2015:13:14:03 -0500] "GET /galeria/nivo-slider/themes/default/bullets.png HTTP/1.1" 200 1281
190.157.162.232 - - [04/Oct/2015:13:14:03 -0500] "GET /galeria/nivo-slider/themes/default/arrows.png HTTP/1.1" 200 824
74.86.158.107 - - [04/Oct/2015:13:14:03 -0500] "HEAD / HTTP/1.1" 200 -
66.249.65.220 - - [04/Oct/2015:13:14:15 -0500] "GET /BLA/resoluciones/Notificaciones/AUTOS%202014/6589.doc HTTP/1.1" 200 156160
181.130.86.20 - - [04/Oct/2015:13:14:26 -0500] "GET /galeria/galeria/jquery.fancybox.css?v=2.1.5 HTTP/1.1" 200 4895
181.130.86.20 - - [04/Oct/2015:13:14:26 -0500] "GET /BLA/boletinlegal/js/jquery.scrollShow.js HTTP/1.1" 200 4586
181.130.86.20 - - [04/Oct/2015:13:14:26 -0500] "GET /galeria/galeria/jquery.fancybox.js?v=2.1.5 HTTP/1.1" 200 48706
66.249.65.220 - - [04/Oct/2015:13:14:41 -0500] "GET /BLA/resoluciones/AUTOS%202009/3595.pdf HTTP/1.1" 200 207242
187.192.96.40 - - [04/Oct/2015:13:14:50 -0500] "GET /galeria/galeria/jquery.fancybox.css?v=2.1.5 HTTP/1.1" 200 4895
187.192.96.40 - - [04/Oct/2015:13:14:51 -0500] "GET /BLA/boletinlegal/js/jquery.scrollShow.js HTTP/1.1" 200 4586
187.192.96.40 - - [04/Oct/2015:13:14:51 -0500] "GET /galeria/galeria/jquery.fancybox.js?v=2.1.5 HTTP/1.1" 200 48706
66.249.65.227 - - [04/Oct/2015:13:15:33 -0500] "GET /BLA/resoluciones/RESOLUCIONES%202010/6378.pdf HTTP/1.1" 200 1494954
201.245.192.253 - - [04/Oct/2015:13:15:41 -0500] "POST /forms/lservlet;jsessionid=ac16012b30d62e507505f2c64e898405c7619f87fb44.e3iSbxaKaheRe38Ka34Oa3eLbxf0n6jAmljGr5XDqQLvpAe HTTP/1.1" 200 2
66.249.65.220 - - [04/Oct/2015:13:16:26 -0500] "GET /BLA/resoluciones/RESOLUCIONES%202010/1251.pdf HTTP/1.1" 200 95769
181.49.72.164 - - [04/Oct/2015:13:16:49 -0500] "GET /galeria/galeria/jquery.fancybox.js?v=2.1.5 HTTP/1.1" 200 48706
181.49.72.164 - - [04/Oct/2015:13:16:49 -0500] "GET /galeria/galeria/jquery.fancybox.css?v=2.1.5 HTTP/1.1" 200 4895
181.49.72.164 - - [04/Oct/2015:13:16:49 -0500] "GET /galeria/galeria/fotos/Capellania1P.jpg HTTP/1.1" 200 33952
181.49.72.164 - - [04/Oct/2015:13:16:50 -0500] "GET /galeria/galeria/fotos/Capellania2P.jpg HTTP/1.1" 200 35380
181.49.72.164 - - [04/Oct/2015:13:16:50 -0500] "GET /galeria/galeria/fotos/Capellania3P.jpg HTTP/1.1" 200 34835
181.49.72.164 - - [04/Oct/2015:13:16:50 -0500] "GET /galeria/galeria/fotos/Capellania4P.jpg HTTP/1.1" 200 37377
66.249.65.227 - - [04/Oct/2015:13:16:52 -0500] "GET /BLA/resoluciones/RESOLUCIONES%202009/1052.pdf HTTP/1.1" 200 207206
180.76.15.143 - - [04/Oct/2015:13:16:59 -0500] "GET /StormSDA/userFiles/backup%2027-09-2012/97.jar HTTP/1.1" 200 2753
66.249.65.227 - - [04/Oct/2015:13:17:18 -0500] "GET /BLA/resoluciones/AUTOS%202009/2084.pdf HTTP/1.1" 200 99361
201.245.192.253 - - [04/Oct/2015:13:17:41 -0500] "POST /forms/lservlet;jsessionid=ac16012b30d62e507505f2c64e898405c7619f87fb44.e3iSbxaKaheRe38Ka34Oa3eLbxf0n6jAmljGr5XDqQLvpAe HTTP/1.1" 200 2
66.249.65.227 - - [04/Oct/2015:13:17:44 -0500] "GET /BLA/resoluciones/RESOLUCIONES%202011/1634.pdf HTTP/1.1" 200 266280
180.76.15.139 - - [04/Oct/2015:13:18:02 -0500] "GET /BLA/boletinlegal/Directivas/2014/Directiva%20No.%204%20del%2006%20de%20Junio%20de%202014.pdf HTTP/1.1" 200 236794
66.249.65.227 - - [04/Oct/2015:13:18:10 -0500] "GET /BLA/resoluciones/RESOLUCIONES%202009/6014.pdf HTTP/1.1" 200 351182
187.192.96.40 - - [04/Oct/2015:13:18:13 -0500] "GET /videos/Comadreja.flv HTTP/1.1" 200 1953549
181.137.178.4 - - [04/Oct/2015:13:18:23 -0500] "GET /BLA/resoluciones/index.php?dir=AUTOS+2013%2F HTTP/1.1" 200 363564
66.249.65.51 - - [04/Oct/2015:13:18:36 -0500] "GET /BLA/boletinlegal/jurisprudencia/analisis/Analisis%20jurisprudencial%20Sentencia%20C-366-11.doc HTTP/1.1" 200 59392
66.249.65.220 - - [04/Oct/2015:13:18:37 -0500] "GET /BLA/resoluciones/AUTOS%202013/1169.pdf HTTP/1.1" 200 536301
92.80.128.53 - - [04/Oct/2015:13:18:47 -0500] "POST /xmlrpc.php HTTP/1.1" 301 334
92.80.128.53 - - [04/Oct/2015:13:18:47 -0500] "POST /xmlrpc.php HTTP/1.1" 301 334
181.54.171.188 - - [04/Oct/2015:13:18:52 -0500] "GET /galeria/galeria/jquery.fancybox.css?v=2.1.5 HTTP/1.1" 200 4895
181.54.171.188 - - [04/Oct/2015:13:18:52 -0500] "GET /BLA/boletinlegal/js/jquery.scrollShow.js HTTP/1.1" 200 4586
181.54.171.188 - - [04/Oct/2015:13:18:52 -0500] "GET /galeria/galeria/jquery.fancybox.js?v=2.1.5 HTTP/1.1" 200 48706
66.249.65.227 - - [04/Oct/2015:13:19:02 -0500] "GET /BLA/resoluciones/RESOLUCIONES%202008/3264.pdf HTTP/1.1" 200 279253
181.54.171.188 - - [04/Oct/2015:13:19:03 -0500] "GET /BLA/boletinlegal/js/jquery.scrollShow.js HTTP/1.1" 304 -
181.54.171.188 - - [04/Oct/2015:13:19:03 -0500] "GET /galeria/galeria/jquery.fancybox.js?v=2.1.5 HTTP/1.1" 304 -
181.54.171.188 - - [04/Oct/2015:13:19:03 -0500] "GET /galeria/galeria/jquery.fancybox.css?v=2.1.5 HTTP/1.1" 304 -
74.86.158.107 - - [04/Oct/2015:13:19:03 -0500] "HEAD / HTTP/1.1" 200 -
181.137.178.4 - - [04/Oct/2015:13:19:03 -0500] "GET /BLA/resoluciones/index.php?dir=AUTOS+2013%2F HTTP/1.1" 200 363564
201.216.8.214 - - [04/Oct/2015:13:19:26 -0500] "GET /galeria/galeria/jquery.fancybox.js?v=2.1.5 HTTP/1.1" 304 -
201.216.8.214 - - [04/Oct/2015:13:19:26 -0500] "GET /galeria/galeria/jquery.fancybox.css?v=2.1.5 HTTP/1.1" 304 -
66.249.65.227 - - [04/Oct/2015:13:19:28 -0500] "GET /BLA/resoluciones/RESOLUCIONES%202009/9654.pdf HTTP/1.1" 200 533177
201.245.192.253 - - [04/Oct/2015:13:19:41 -0500] "POST /forms/lservlet;jsessionid=ac16012b30d62e507505f2c64e898405c7619f87fb44.e3iSbxaKaheRe38Ka34Oa3eLbxf0n6jAmljGr5XDqQLvpAe HTTP/1.1" 200 2
66.249.65.213 - - [04/Oct/2015:13:19:55 -0500] "GET /BLA/resoluciones/RESOLUCIONES%202010/6168.pdf HTTP/1.1" 200 674353
181.54.33.229 - - [04/Oct/2015:13:20:04 -0500] "GET /galeria/galeria/jquery.fancybox.css?v=2.1.5 HTTP/1.1" 200 4895
181.54.33.229 - - [04/Oct/2015:13:20:04 -0500] "GET /BLA/boletinlegal/js/jquery.scrollShow.js HTTP/1.1" 200 4586
181.54.33.229 - - [04/Oct/2015:13:20:04 -0500] "GET /galeria/galeria/jquery.fancybox.js?v=2.1.5 HTTP/1.1" 200 48706
190.113.104.248 - - [04/Oct/2015:13:20:04 -0500] "GET /galeria/galeria/jquery.fancybox.css?v=2.1.5 HTTP/1.1" 200 4895
190.113.104.248 - - [04/Oct/2015:13:20:05 -0500] "GET /BLA/boletinlegal/js/jquery.scrollShow.js HTTP/1.1" 200 4586
190.113.104.248 - - [04/Oct/2015:13:20:05 -0500] "GET /galeria/galeria/jquery.fancybox.js?v=2.1.5 HTTP/1.1" 200 48706
190.113.104.248 - - [04/Oct/2015:13:20:10 -0500] "GET /BLA/boletinlegal/js/jquery.scrollShow.js HTTP/1.1" 304 -
190.113.104.248 - - [04/Oct/2015:13:20:10 -0500] "GET /galeria/galeria/jquery.fancybox.js?v=2.1.5 HTTP/1.1" 304 -
190.113.104.248 - - [04/Oct/2015:13:20:10 -0500] "GET /galeria/galeria/jquery.fancybox.css?v=2.1.5 HTTP/1.1" 304 -
66.249.65.220 - - [04/Oct/2015:13:20:21 -0500] "GET /BLA/resoluciones/RESOLUCIONES%202009/8056.pdf HTTP/1.1" 200 240213
201.216.8.214 - - [04/Oct/2015:13:20:22 -0500] "GET /galeria/galeria/jquery.fancybox.js?v=2.1.5 HTTP/1.1" 304 -
201.216.8.214 - - [04/Oct/2015:13:20:22 -0500] "GET /galeria/galeria/jquery.fancybox.css?v=2.1.5 HTTP/1.1" 304 -
191.67.252.116 - - [04/Oct/2015:13:20:31 -0500] "GET /BLA/boletinlegal/js/jquery.scrollShow.js HTTP/1.1" 200 4586
191.67.252.116 - - [04/Oct/2015:13:20:32 -0500] "GET /galeria/galeria/jquery.fancybox.js?v=2.1.5 HTTP/1.1" 200 48706
191.67.252.116 - - [04/Oct/2015:13:20:32 -0500] "GET /galeria/galeria/jquery.fancybox.css?v=2.1.5 HTTP/1.1" 200 4895
66.249.65.213 - - [04/Oct/2015:13:20:47 -0500] "GET /BLA/resoluciones/RESOLUCIONES%202008/0195.pdf HTTP/1.1" 200 284745
186.28.53.1 - - [04/Oct/2015:13:20:56 -0500] "GET /BLA/boletinlegal/js/jquery.scrollShow.js HTTP/1.1" 200 4586
186.28.53.1 - - [04/Oct/2015:13:20:56 -0500] "GET /galeria/galeria/jquery.fancybox.js?v=2.1.5 HTTP/1.1" 200 48706
186.28.53.1 - - [04/Oct/2015:13:20:56 -0500] "GET /galeria/galeria/jquery.fancybox.css?v=2.1.5 HTTP/1.1" 200 4895
186.28.53.1 - - [04/Oct/2015:13:21:00 -0500] "GET /BLA/boletinlegal/js/jquery.scrollShow.js HTTP/1.1" 200 4586
186.28.53.1 - - [04/Oct/2015:13:21:00 -0500] "GET /galeria/galeria/jquery.fancybox.css?v=2.1.5 HTTP/1.1" 200 4895
186.28.53.1 - - [04/Oct/2015:13:21:00 -0500] "GET /galeria/galeria/jquery.fancybox.js?v=2.1.5 HTTP/1.1" 200 48706
66.249.65.227 - - [04/Oct/2015:13:21:12 -0500] "GET /BLA/resoluciones/AUTOS%202013/0916.pdf HTTP/1.1" 200 836387
66.249.65.220 - - [04/Oct/2015:13:21:14 -0500] "GET /BLA/resoluciones/RESOLUCIONES%202010/5954.pdf HTTP/1.1" 200 72801
181.56.104.153 - - [04/Oct/2015:13:21:32 -0500] "GET /galeria/galeria/jquery.fancybox.css?v=2.1.5 HTTP/1.1" 200 4895
190.9.201.155 - - [04/Oct/2015:13:21:34 -0500] "GET /galeria/galeria/jquery.fancybox.css?v=2.1.5 HTTP/1.1" 200 4895
190.9.201.155 - - [04/Oct/2015:13:21:34 -0500] "GET /BLA/boletinlegal/js/jquery.scrollShow.js HTTP/1.1" 200 4586
190.9.201.155 - - [04/Oct/2015:13:21:34 -0500] "GET /galeria/galeria/jquery.fancybox.js?v=2.1.5 HTTP/1.1" 200 48706
66.249.65.220 - - [04/Oct/2015:13:21:39 -0500] "GET /BLA/resoluciones/RESOLUCIONES%202010/6180.pdf HTTP/1.1" 200 639452
201.245.192.253 - - [04/Oct/2015:13:21:41 -0500] "POST /forms/lservlet;jsessionid=ac16012b30d62e507505f2c64e898405c7619f87fb44.e3iSbxaKaheRe38Ka34Oa3eLbxf0n6jAmljGr5XDqQLvpAe HTTP/1.1" 200 2
190.9.201.155 - - [04/Oct/2015:13:21:54 -0500] "GET /galeria/galeria/jquery.fancybox.css?v=2.1.5 HTTP/1.1" 304 -
190.9.201.155 - - [04/Oct/2015:13:21:54 -0500] "GET /BLA/boletinlegal/js/jquery.scrollShow.js HTTP/1.1" 304 -
190.9.201.155 - - [04/Oct/2015:13:21:54 -0500] "GET /galeria/galeria/jquery.fancybox.js?v=2.1.5 HTTP/1.1" 304 -
66.249.65.227 - - [04/Oct/2015:13:22:05 -0500] "GET /BLA/resoluciones/AUTOS%202007/2960.pdf HTTP/1.1" 200 237365
66.249.65.45 - - [04/Oct/2015:13:22:11 -0500] "GET /ecodirectorio/files/res/thumbnails/thumb_9.png HTTP/1.1" 200 16398
157.55.39.245 - - [04/Oct/2015:13:22:21 -0500] "GET /POT-2013/Cartografia/09_EEP.pdf HTTP/1.1" 200 3326963
66.249.65.213 - - [04/Oct/2015:13:22:31 -0500] "GET /BLA/resoluciones/RESOLUCIONES%202009/4458.pdf HTTP/1.1" 200 411262
190.232.70.77 - - [04/Oct/2015:13:22:40 -0500] "GET /galeria/galeria/jquery.fancybox.css?v=2.1.5 HTTP/1.1" 200 4895
190.232.70.77 - - [04/Oct/2015:13:22:40 -0500] "GET /BLA/boletinlegal/js/jquery.scrollShow.js HTTP/1.1" 200 4586
190.232.70.77 - - [04/Oct/2015:13:22:40 -0500] "GET /galeria/galeria/jquery.fancybox.js?v=2.1.5 HTTP/1.1" 200 48706
181.49.188.4 - - [04/Oct/2015:13:21:56 -0500] "GET /BLA/boletinlegal/index.php? HTTP/1.1" 200 51063
181.49.188.4 - - [04/Oct/2015:13:22:48 -0500] "GET /BLA/boletinlegal/styles2.css HTTP/1.1" 200 1838
181.49.188.4 - - [04/Oct/2015:13:22:48 -0500] "GET /BLA/boletinlegal/style.css HTTP/1.1" 200 9406
181.49.188.4 - - [04/Oct/2015:13:22:48 -0500] "GET /BLA/boletinlegal/images/nuevo.gif HTTP/1.1" 200 26475
181.49.188.4 - - [04/Oct/2015:13:22:48 -0500] "GET /BLA/boletinlegal/js/jquery.scrollTo-min.js HTTP/1.1" 200 1150
181.49.188.4 - - [04/Oct/2015:13:22:48 -0500] "GET /BLA/boletinlegal/images/cabezote%20BLEGAL.jpg HTTP/1.1" 200 118164
181.49.188.4 - - [04/Oct/2015:13:22:48 -0500] "GET /BLA/boletinlegal/images/arr_l.jpg HTTP/1.1" 200 1979
181.49.188.4 - - [04/Oct/2015:13:22:48 -0500] "GET /BLA/boletinlegal/images/historia.png HTTP/1.1" 200 52775
181.49.188.4 - - [04/Oct/2015:13:22:48 -0500] "GET /BLA/boletinlegal/images/launch.jpg HTTP/1.1" 200 14577
181.49.188.4 - - [04/Oct/2015:13:22:48 -0500] "GET /BLA/boletinlegal/js/jquery.js HTTP/1.1" 200 57254
181.49.188.4 - - [04/Oct/2015:13:22:48 -0500] "GET /BLA/boletinlegal/images/screen_2.png HTTP/1.1" 200 362502
181.49.188.4 - - [04/Oct/2015:13:22:48 -0500] "GET /BLA/boletinlegal/images/screen_1.png HTTP/1.1" 200 202547
181.49.188.4 - - [04/Oct/2015:13:22:48 -0500] "GET /BLA/boletinlegal/images/subscribe-icon-big.png HTTP/1.1" 200 47702
181.49.188.4 - - [04/Oct/2015:13:22:48 -0500] "GET /BLA/boletinlegal/images/screen_3.png HTTP/1.1" 200 210620
181.49.188.4 - - [04/Oct/2015:13:22:48 -0500] "GET /BLA/boletinlegal/images/screen_5.png HTTP/1.1" 200 368876
181.49.188.4 - - [04/Oct/2015:13:22:48 -0500] "GET /BLA/boletinlegal/images/arr_r.jpg HTTP/1.1" 200 1998
181.49.188.4 - - [04/Oct/2015:13:22:48 -0500] "GET /BLA/boletinlegal/images/pdf.gif HTTP/1.1" 200 567
181.49.188.4 - - [04/Oct/2015:13:22:49 -0500] "GET /BLA/boletinlegal/images/group.png HTTP/1.1" 200 47853
181.49.188.4 - - [04/Oct/2015:13:22:49 -0500] "GET /BLA/boletinlegal/images/People.png HTTP/1.1" 200 45676
181.49.188.4 - - [04/Oct/2015:13:22:49 -0500] "GET /BLA/boletinlegal/images/img_1.jpg HTTP/1.1" 200 8067
181.49.188.4 - - [04/Oct/2015:13:22:49 -0500] "GET /BLA/boletinlegal/images/symbol5.gif HTTP/1.1" 200 2857
181.49.188.4 - - [04/Oct/2015:13:22:49 -0500] "GET /BLA/boletinlegal/images/img_3.jpg HTTP/1.1" 200 1841
181.49.188.4 - - [04/Oct/2015:13:22:49 -0500] "GET /BLA/boletinlegal/images/menu_rght.gif HTTP/1.1" 200 1627
181.49.188.4 - - [04/Oct/2015:13:22:49 -0500] "GET /BLA/boletinlegal/images/menu_lft.gif HTTP/1.1" 200 1713
181.49.188.4 - - [04/Oct/2015:13:22:49 -0500] "GET /BLA/boletinlegal/images/menu_bg.jpg HTTP/1.1" 200 620
181.49.188.4 - - [04/Oct/2015:13:22:49 -0500] "GET /BLA/boletinlegal/images/body_bg.jpg HTTP/1.1" 200 1601
181.49.188.4 - - [04/Oct/2015:13:22:49 -0500] "GET /BLA/boletinlegal/images/bg_top.jpg HTTP/1.1" 200 522
181.49.188.4 - - [04/Oct/2015:13:22:49 -0500] "GET /BLA/boletinlegal/images/text.jpg HTTP/1.1" 200 568
181.49.188.4 - - [04/Oct/2015:13:22:49 -0500] "GET /BLA/boletinlegal/images/footer_bg.jpg HTTP/1.1" 200 586
181.49.188.4 - - [04/Oct/2015:13:22:49 -0500] "GET /BLA/boletinlegal/images/background.gif HTTP/1.1" 200 -
181.49.188.4 - - [04/Oct/2015:13:22:49 -0500] "GET /BLA/boletinlegal/images/hover.jpg HTTP/1.1" 200 640
181.49.188.4 - - [04/Oct/2015:13:22:49 -0500] "GET /BLA/boletinlegal/images/footer_bg_l.jpg HTTP/1.1" 200 776
66.249.65.213 - - [04/Oct/2015:13:22:57 -0500] "GET /BLA/resoluciones/RESOLUCIONES%202010/6619.pdf HTTP/1.1" 200 865128
190.232.70.77 - - [04/Oct/2015:13:22:51 -0500] "GET /videos/CRRFFS.mp4 HTTP/1.1" 200 286784363
66.249.65.213 - - [04/Oct/2015:13:23:24 -0500] "GET /BLA/resoluciones/RESOLUCIONES%202008/2233.pdf HTTP/1.1" 200 210331
190.252.39.27 - - [04/Oct/2015:13:23:28 -0500] "GET /galeria/galeria/jquery.fancybox.css?v=2.1.5 HTTP/1.1" 200 4895
190.252.39.27 - - [04/Oct/2015:13:23:28 -0500] "GET /galeria/carrusel/Carrusel/jquery.thumbnailScroller.css HTTP/1.1" 200 2066
190.252.39.27 - - [04/Oct/2015:13:23:28 -0500] "GET /BLA/boletinlegal/js/jquery.scrollShow.js HTTP/1.1" 200 4586
190.252.39.27 - - [04/Oct/2015:13:23:28 -0500] "GET /galeria/galeria/jquery.fancybox.js?v=2.1.5 HTTP/1.1" 200 48706
190.252.39.27 - - [04/Oct/2015:13:23:28 -0500] "GET /galeria/carrusel/Carrusel/jquery-ui-1.8.13.custom.min.js HTTP/1.1" 200 10800
190.252.39.27 - - [04/Oct/2015:13:23:28 -0500] "GET /galeria/carrusel/Carrusel/jquery.thumbnailScroller.js HTTP/1.1" 200 8157
190.252.39.27 - - [04/Oct/2015:13:23:29 -0500] "GET /galeria/nivo-slider/demo/demo.html HTTP/1.1" 200 3905
190.252.39.27 - - [04/Oct/2015:13:23:31 -0500] "GET /galeria/nivo-slider/themes/default/default.css HTTP/1.1" 200 1569
190.252.39.27 - - [04/Oct/2015:13:23:31 -0500] "GET /galeria/nivo-slider/themes/pascal/pascal.css HTTP/1.1" 200 2258
190.252.39.27 - - [04/Oct/2015:13:23:31 -0500] "GET /galeria/nivo-slider/themes/orman/orman.css HTTP/1.1" 200 2152
190.252.39.27 - - [04/Oct/2015:13:23:31 -0500] "GET /galeria/nivo-slider/nivo-slider.css HTTP/1.1" 200 1507
190.252.39.27 - - [04/Oct/2015:13:23:31 -0500] "GET /galeria/nivo-slider/demo/style.css HTTP/1.1" 200 2222
190.252.39.27 - - [04/Oct/2015:13:23:31 -0500] "GET /galeria/nivo-slider/demo/images/La-SDA-se-suma-a-la-Gran-Movilizacion.jpg HTTP/1.1" 200 92233
190.252.39.27 - - [04/Oct/2015:13:23:31 -0500] "GET /galeria/nivo-slider/demo/scripts/jquery-1.7.1.min.js HTTP/1.1" 200 93868
190.252.39.27 - - [04/Oct/2015:13:23:31 -0500] "GET /galeria/nivo-slider/jquery.nivo.slider.pack.js HTTP/1.1" 200 11561
190.252.39.27 - - [04/Oct/2015:13:23:31 -0500] "GET /galeria/nivo-slider/demo/images/simulacro-nacional.jpg HTTP/1.1" 200 241925
190.252.39.27 - - [04/Oct/2015:13:23:31 -0500] "GET /galeria/nivo-slider/demo/images/simulacro-busqueda-rescate-urbano.jpg HTTP/1.1" 200 251375
190.252.39.27 - - [04/Oct/2015:13:23:31 -0500] "GET /galeria/nivo-slider/demo/images/Semana-PYBA.jpg HTTP/1.1" 200 103786
190.252.39.27 - - [04/Oct/2015:13:23:31 -0500] "GET /galeria/nivo-slider/demo/images/Plan-Quinquenal.jpg HTTP/1.1" 200 412438
190.252.39.27 - - [04/Oct/2015:13:23:32 -0500] "GET /galeria/nivo-slider/demo/images/4Simple_Slider.png HTTP/1.1" 200 11722
190.252.39.27 - - [04/Oct/2015:13:23:32 -0500] "GET /galeria/nivo-slider/themes/default/loading.gif HTTP/1.1" 200 1737
190.252.39.27 - - [04/Oct/2015:13:23:32 -0500] "GET /galeria/nivo-slider/demo/images/PREDAcamp.jpg HTTP/1.1" 200 295358
190.252.39.27 - - [04/Oct/2015:13:23:32 -0500] "GET /galeria/nivo-slider/demo/images/banner-llantas2.jpg HTTP/1.1" 200 204644
190.252.39.27 - - [04/Oct/2015:13:23:33 -0500] "GET /galeria/nivo-slider/demo/images/9Signos.jpg HTTP/1.1" 200 81776
190.252.39.27 - - [04/Oct/2015:13:23:33 -0500] "GET /galeria/nivo-slider/demo/images/Comparendo-ambiental-Banner.jpg HTTP/1.1" 200 83731
190.252.39.27 - - [04/Oct/2015:13:23:33 -0500] "GET /galeria/nivo-slider/demo/images/Ruta-vertimientos-01.jpg HTTP/1.1" 200 130151
190.252.39.27 - - [04/Oct/2015:13:23:33 -0500] "GET /galeria/nivo-slider/demo/images/bolsas-06.jpg HTTP/1.1" 200 90982
190.252.39.27 - - [04/Oct/2015:13:23:34 -0500] "GET /galeria/nivo-slider/demo/images/Conoce-los-humedales.jpg HTTP/1.1" 200 294036
190.252.39.27 - - [04/Oct/2015:13:23:34 -0500] "GET /galeria/nivo-slider/demo/images/ecolecta-Dic2014.png HTTP/1.1" 200 288593
190.252.39.27 - - [04/Oct/2015:13:23:36 -0500] "GET /galeria/nivo-slider/themes/default/arrows.png HTTP/1.1" 200 824
190.252.39.27 - - [04/Oct/2015:13:23:36 -0500] "GET /galeria/nivo-slider/themes/default/bullets.png HTTP/1.1" 200 1281
201.245.192.253 - - [04/Oct/2015:13:23:42 -0500] "POST /forms/lservlet;jsessionid=ac16012b30d62e507505f2c64e898405c7619f87fb44.e3iSbxaKaheRe38Ka34Oa3eLbxf0n6jAmljGr5XDqQLvpAe HTTP/1.1" 200 2
188.80.58.108 - - [04/Oct/2015:13:23:43 -0500] "POST /xmlrpc.php HTTP/1.1" 301 334
66.249.65.220 - - [04/Oct/2015:13:23:50 -0500] "GET /BLA/resoluciones/RESOLUCIONES%202009/6531.pdf HTTP/1.1" 200 436379
66.249.65.48 - - [04/Oct/2015:13:23:53 -0500] "GET /PruebasSTORM/StormSDA_pruebas/stormWeb/img/alerta.png HTTP/1.1" 200 23856
74.86.158.107 - - [04/Oct/2015:13:24:03 -0500] "HEAD / HTTP/1.1" 200 -
66.249.73.240 - - [04/Oct/2015:13:24:04 -0500] "GET / HTTP/1.1" 301 324
66.249.65.227 - - [04/Oct/2015:13:24:11 -0500] "GET /BLA/resoluciones/RESOLUCIONES%202010/6222.pdf HTTP/1.1" 200 637338
66.249.65.227 - - [04/Oct/2015:13:24:16 -0500] "GET /BLA/resoluciones/RESOLUCIONES%202010/6054.pdf HTTP/1.1" 200 1345858
190.84.41.242 - - [04/Oct/2015:13:24:33 -0500] "GET /BLA/resoluciones/AUTOS%202011/6216.pdf HTTP/1.1" 200 152091
190.84.41.242 - - [04/Oct/2015:13:24:34 -0500] "GET /favicon.ico HTTP/1.1" 200 7782
190.252.39.27 - - [04/Oct/2015:13:24:15 -0500] "GET /videos/CRRFFS.mp4 HTTP/1.1" 200 286784363
66.249.65.220 - - [04/Oct/2015:13:24:42 -0500] "GET /BLA/resoluciones/RESOLUCIONES%202010/7195.pdf HTTP/1.1" 200 529680
190.252.39.27 - - [04/Oct/2015:13:24:43 -0500] "GET /videos/CRRFFS.mp4 HTTP/1.1" 206 1
66.249.65.213 - - [04/Oct/2015:13:25:08 -0500] "GET /BLA/resoluciones/RESOLUCIONES%202008/1136.pdf HTTP/1.1" 200 359385
66.249.65.227 - - [04/Oct/2015:13:25:34 -0500] "GET /BLA/resoluciones/RESOLUCIONES%202008/2593.pdf HTTP/1.1" 200 61731
201.245.192.253 - - [04/Oct/2015:13:25:42 -0500] "POST /forms/lservlet;jsessionid=ac16012b30d62e507505f2c64e898405c7619f87fb44.e3iSbxaKaheRe38Ka34Oa3eLbxf0n6jAmljGr5XDqQLvpAe HTTP/1.1" 200 2
66.249.65.220 - - [04/Oct/2015:13:26:00 -0500] "GET /BLA/resoluciones/RESOLUCIONES%202008/5471.pdf HTTP/1.1" 200 186767
66.249.65.213 - - [04/Oct/2015:13:26:26 -0500] "GET /BLA/resoluciones/RESOLUCIONES%202010/5668.pdf HTTP/1.1" 200 89498
186.31.37.221 - - [04/Oct/2015:13:26:47 -0500] "GET /BLA/boletinlegal/js/jquery.scrollShow.js HTTP/1.1" 200 4586
186.31.37.221 - - [04/Oct/2015:13:26:47 -0500] "GET /galeria/galeria/jquery.fancybox.js?v=2.1.5 HTTP/1.1" 200 48706
186.31.37.221 - - [04/Oct/2015:13:26:48 -0500] "GET /galeria/galeria/jquery.fancybox.css?v=2.1.5 HTTP/1.1" 200 4895
66.249.65.213 - - [04/Oct/2015:13:26:52 -0500] "GET /BLA/resoluciones/RESOLUCIONES%202009/2915.pdf HTTP/1.1" 200 317605
186.31.37.221 - - [04/Oct/2015:13:26:54 -0500] "GET /BLA/boletinlegal/js/jquery.scrollShow.js HTTP/1.1" 304 -
186.31.37.221 - - [04/Oct/2015:13:26:54 -0500] "GET /galeria/galeria/jquery.fancybox.js?v=2.1.5 HTTP/1.1" 304 -
186.31.37.221 - - [04/Oct/2015:13:26:54 -0500] "GET /galeria/galeria/jquery.fancybox.css?v=2.1.5 HTTP/1.1" 304 -
66.249.65.213 - - [04/Oct/2015:13:26:55 -0500] "GET /BLA/resoluciones/AUTOS%202014/1147.pdf HTTP/1.1" 200 519707
186.31.37.221 - - [04/Oct/2015:13:26:56 -0500] "GET /galeria/galeria/jquery.fancybox.js?v=2.1.5 HTTP/1.1" 304 -
186.31.37.221 - - [04/Oct/2015:13:26:56 -0500] "GET /galeria/galeria/jquery.fancybox.css?v=2.1.5 HTTP/1.1" 304 -
181.54.10.100 - - [04/Oct/2015:13:27:18 -0500] "GET /BLA/resoluciones/RESOLUCIONES%202008/4960.pdf HTTP/1.1" 200 235737
181.54.10.100 - - [04/Oct/2015:13:27:18 -0500] "GET /favicon.ico HTTP/1.1" 200 7782
66.249.65.220 - - [04/Oct/2015:13:27:19 -0500] "GET /BLA/resoluciones/RESOLUCIONES%202008/5064.pdf HTTP/1.1" 200 367251
190.158.8.125 - - [04/Oct/2015:13:27:20 -0500] "GET /isolucionsda/Session.asp HTTP/1.1" 200 6197
186.144.176.187 - - [04/Oct/2015:13:27:39 -0500] "GET /galeria/galeria/jquery.fancybox.css?v=2.1.5 HTTP/1.1" 200 4895
186.144.176.187 - - [04/Oct/2015:13:27:39 -0500] "GET /BLA/boletinlegal/js/jquery.scrollShow.js HTTP/1.1" 200 4586
186.144.176.187 - - [04/Oct/2015:13:27:39 -0500] "GET /galeria/galeria/jquery.fancybox.js?v=2.1.5 HTTP/1.1" 200 48706
201.245.192.253 - - [04/Oct/2015:13:27:42 -0500] "POST /forms/lservlet;jsessionid=ac16012b30d62e507505f2c64e898405c7619f87fb44.e3iSbxaKaheRe38Ka34Oa3eLbxf0n6jAmljGr5XDqQLvpAe HTTP/1.1" 200 2
66.249.65.227 - - [04/Oct/2015:13:27:45 -0500] "GET /BLA/resoluciones/RESOLUCIONES%202008/4260.pdf HTTP/1.1" 200 431367
177.254.68.6 - - [04/Oct/2015:13:27:48 -0500] "GET /galeria/galeria/jquery.fancybox.css?v=2.1.5 HTTP/1.1" 304 -
177.254.68.6 - - [04/Oct/2015:13:27:48 -0500] "GET /BLA/boletinlegal/js/jquery.scrollShow.js HTTP/1.1" 304 -
177.254.68.6 - - [04/Oct/2015:13:27:49 -0500] "GET /galeria/galeria/jquery.fancybox.js?v=2.1.5 HTTP/1.1" 304 -
181.49.188.4 - - [04/Oct/2015:13:27:52 -0500] "GET /BLA/boletinlegal/normativa.php HTTP/1.1" 200 7023
181.49.188.4 - - [04/Oct/2015:13:27:52 -0500] "GET /BLA/boletinlegal/niceforms.js HTTP/1.1" 200 22876
181.49.188.4 - - [04/Oct/2015:13:27:52 -0500] "GET /BLA/boletinlegal/niceforms-default.css HTTP/1.1" 200 6694
181.49.188.4 - - [04/Oct/2015:13:27:52 -0500] "GET /BLA/boletinlegal/js/ajax_normativa.js HTTP/1.1" 200 1154
181.49.188.4 - - [04/Oct/2015:13:27:52 -0500] "GET /BLA/boletinlegal/images/abajo.png HTTP/1.1" 200 96676
181.49.188.4 - - [04/Oct/2015:13:27:53 -0500] "GET /BLA/boletinlegal/img/0.png HTTP/1.1" 200 110
181.49.188.4 - - [04/Oct/2015:13:27:53 -0500] "GET /BLA/boletinlegal/img/select-left.png HTTP/1.1" 200 263
181.49.188.4 - - [04/Oct/2015:13:27:53 -0500] "GET /BLA/boletinlegal/img/button-right.png HTTP/1.1" 200 57878
181.49.188.4 - - [04/Oct/2015:13:27:53 -0500] "GET /BLA/boletinlegal/img/button.png HTTP/1.1" 200 43241
181.49.188.4 - - [04/Oct/2015:13:27:53 -0500] "GET /BLA/boletinlegal/img/select-right.png HTTP/1.1" 200 44019
181.49.188.4 - - [04/Oct/2015:13:27:53 -0500] "GET /BLA/boletinlegal/img/button-left.png HTTP/1.1" 200 57071
66.249.65.213 - - [04/Oct/2015:13:28:11 -0500] "GET /BLA/resoluciones/RESOLUCIONES%202009/1775.pdf HTTP/1.1" 200 432486
181.49.188.4 - - [04/Oct/2015:13:28:36 -0500] "GET /BLA/boletinlegal/consulta_normativa.php?tipo=&sector=vertimientos&ano=&resuelve= HTTP/1.1" 200 9627
181.49.188.4 - - [04/Oct/2015:13:28:36 -0500] "GET /BLA/boletinlegal/images/docs.png HTTP/1.1" 200 10288
66.249.65.227 - - [04/Oct/2015:13:28:37 -0500] "GET /BLA/resoluciones/AUTOS%202007/1729.pdf HTTP/1.1" 200 35860
66.249.65.227 - - [04/Oct/2015:13:29:03 -0500] "GET /BLA/resoluciones/RESOLUCIONES%202009/1367.pdf HTTP/1.1" 200 510842
74.86.158.107 - - [04/Oct/2015:13:29:03 -0500] "HEAD / HTTP/1.1" 200 -
66.249.65.213 - - [04/Oct/2015:13:29:19 -0500] "GET /BLA/resoluciones/RESOLUCIONES%202009/2190.pdf HTTP/1.1" 200 629008
66.249.65.220 - - [04/Oct/2015:13:29:29 -0500] "GET /BLA/resoluciones/RESOLUCIONES%202010/7179.pdf HTTP/1.1" 200 690524
201.245.192.253 - - [04/Oct/2015:13:29:42 -0500] "POST /forms/lservlet;jsessionid=ac16012b30d62e507505f2c64e898405c7619f87fb44.e3iSbxaKaheRe38Ka34Oa3eLbxf0n6jAmljGr5XDqQLvpAe HTTP/1.1" 200 2
66.249.88.228 - - [04/Oct/2015:13:29:51 -0500] "GET /galeria/galeria/jquery.fancybox.css?v=2.1.5 HTTP/1.1" 200 4895
66.249.88.223 - - [04/Oct/2015:13:29:51 -0500] "GET /BLA/boletinlegal/js/jquery.scrollShow.js HTTP/1.1" 200 4586
66.249.88.228 - - [04/Oct/2015:13:29:51 -0500] "GET /galeria/galeria/jquery.fancybox.js?v=2.1.5 HTTP/1.1" 200 48706
186.147.128.102 - - [04/Oct/2015:13:30:16 -0500] "GET /galeria/galeria/jquery.fancybox.css?v=2.1.5 HTTP/1.1" 200 4895
186.147.128.102 - - [04/Oct/2015:13:30:16 -0500] "GET /BLA/boletinlegal/js/jquery.scrollShow.js HTTP/1.1" 200 4586
186.147.128.102 - - [04/Oct/2015:13:30:16 -0500] "GET /galeria/galeria/jquery.fancybox.js?v=2.1.5 HTTP/1.1" 200 48706
186.147.128.102 - - [04/Oct/2015:13:30:22 -0500] "GET /BLA/boletinlegal/js/jquery.scrollShow.js HTTP/1.1" 304 -
186.147.128.102 - - [04/Oct/2015:13:30:22 -0500] "GET /galeria/galeria/jquery.fancybox.css?v=2.1.5 HTTP/1.1" 304 -
186.147.128.102 - - [04/Oct/2015:13:30:22 -0500] "GET /galeria/galeria/jquery.fancybox.js?v=2.1.5 HTTP/1.1" 304 -
66.249.65.227 - - [04/Oct/2015:13:30:40 -0500] "GET /BLA/resoluciones/RESOLUCIONES%202010/5935.pdf HTTP/1.1" 200 1302654
186.30.145.151 - - [04/Oct/2015:13:30:41 -0500] "GET /galeria/galeria/jquery.fancybox.css?v=2.1.5 HTTP/1.1" 200 4895
186.30.145.151 - - [04/Oct/2015:13:30:41 -0500] "GET /galeria/carrusel/Carrusel/jquery.thumbnailScroller.css HTTP/1.1" 200 2066
186.30.145.151 - - [04/Oct/2015:13:30:41 -0500] "GET /BLA/boletinlegal/js/jquery.scrollShow.js HTTP/1.1" 200 4586
186.30.145.151 - - [04/Oct/2015:13:30:41 -0500] "GET /galeria/galeria/jquery.fancybox.js?v=2.1.5 HTTP/1.1" 200 48706
186.30.145.151 - - [04/Oct/2015:13:30:41 -0500] "GET /galeria/carrusel/Carrusel/jquery-ui-1.8.13.custom.min.js HTTP/1.1" 200 10800
186.30.145.151 - - [04/Oct/2015:13:30:41 -0500] "GET /galeria/carrusel/Carrusel/jquery.thumbnailScroller.js HTTP/1.1" 200 8157
186.30.145.151 - - [04/Oct/2015:13:30:44 -0500] "GET /galeria/nivo-slider/demo/demo.html HTTP/1.1" 200 3905
186.30.145.151 - - [04/Oct/2015:13:30:46 -0500] "GET /galeria/nivo-slider/themes/default/default.css HTTP/1.1" 200 1569
186.30.145.151 - - [04/Oct/2015:13:30:46 -0500] "GET /galeria/nivo-slider/themes/pascal/pascal.css HTTP/1.1" 200 2258
186.30.145.151 - - [04/Oct/2015:13:30:46 -0500] "GET /galeria/nivo-slider/themes/orman/orman.css HTTP/1.1" 200 2152
186.30.145.151 - - [04/Oct/2015:13:30:46 -0500] "GET /galeria/nivo-slider/nivo-slider.css HTTP/1.1" 200 1507
186.30.145.151 - - [04/Oct/2015:13:30:46 -0500] "GET /galeria/nivo-slider/demo/style.css HTTP/1.1" 200 2222
186.30.145.151 - - [04/Oct/2015:13:30:46 -0500] "GET /galeria/nivo-slider/demo/images/La-SDA-se-suma-a-la-Gran-Movilizacion.jpg HTTP/1.1" 200 92233
186.30.145.151 - - [04/Oct/2015:13:30:46 -0500] "GET /galeria/nivo-slider/demo/scripts/jquery-1.7.1.min.js HTTP/1.1" 200 93868
186.30.145.151 - - [04/Oct/2015:13:30:46 -0500] "GET /galeria/nivo-slider/jquery.nivo.slider.pack.js HTTP/1.1" 200 11561
186.30.145.151 - - [04/Oct/2015:13:30:46 -0500] "GET /galeria/nivo-slider/demo/images/simulacro-nacional.jpg HTTP/1.1" 200 241925
186.30.145.151 - - [04/Oct/2015:13:30:46 -0500] "GET /galeria/nivo-slider/demo/images/simulacro-busqueda-rescate-urbano.jpg HTTP/1.1" 200 251375
186.30.145.151 - - [04/Oct/2015:13:30:46 -0500] "GET /galeria/nivo-slider/demo/images/4Simple_Slider.png HTTP/1.1" 200 11722
186.30.145.151 - - [04/Oct/2015:13:30:46 -0500] "GET /galeria/nivo-slider/demo/images/Semana-PYBA.jpg HTTP/1.1" 200 103786
186.30.145.151 - - [04/Oct/2015:13:30:47 -0500] "GET /galeria/nivo-slider/themes/default/loading.gif HTTP/1.1" 200 1737
186.30.145.151 - - [04/Oct/2015:13:30:47 -0500] "GET /galeria/nivo-slider/demo/images/Plan-Quinquenal.jpg HTTP/1.1" 200 412438
66.249.65.220 - - [04/Oct/2015:13:30:48 -0500] "GET /BLA/resoluciones/RESOLUCIONES%202008/4794.pdf HTTP/1.1" 200 353671
186.30.145.151 - - [04/Oct/2015:13:30:48 -0500] "GET /galeria/nivo-slider/demo/images/PREDAcamp.jpg HTTP/1.1" 200 295358
186.30.145.151 - - [04/Oct/2015:13:30:49 -0500] "GET /galeria/nivo-slider/demo/images/banner-llantas2.jpg HTTP/1.1" 200 204644
186.30.145.151 - - [04/Oct/2015:13:30:49 -0500] "GET /galeria/nivo-slider/demo/images/9Signos.jpg HTTP/1.1" 200 81776
186.30.145.151 - - [04/Oct/2015:13:30:49 -0500] "GET /galeria/nivo-slider/demo/images/Comparendo-ambiental-Banner.jpg HTTP/1.1" 200 83731
186.30.145.151 - - [04/Oct/2015:13:30:49 -0500] "GET /galeria/nivo-slider/demo/images/Ruta-vertimientos-01.jpg HTTP/1.1" 200 130151
186.30.145.151 - - [04/Oct/2015:13:30:49 -0500] "GET /galeria/nivo-slider/demo/images/bolsas-06.jpg HTTP/1.1" 200 90982
186.30.145.151 - - [04/Oct/2015:13:30:49 -0500] "GET /galeria/nivo-slider/demo/images/Conoce-los-humedales.jpg HTTP/1.1" 200 294036
186.30.145.151 - - [04/Oct/2015:13:30:49 -0500] "GET /galeria/nivo-slider/demo/images/ecolecta-Dic2014.png HTTP/1.1" 200 288593
186.30.145.151 - - [04/Oct/2015:13:30:51 -0500] "GET /galeria/nivo-slider/themes/default/bullets.png HTTP/1.1" 200 1281
186.30.145.151 - - [04/Oct/2015:13:30:52 -0500] "GET /galeria/nivo-slider/themes/default/arrows.png HTTP/1.1" 200 824
180.76.15.148 - - [04/Oct/2015:13:30:54 -0500] "GET / HTTP/1.1" 301 324
180.76.15.160 - - [04/Oct/2015:13:31:00 -0500] "GET / HTTP/1.1" 301 324
66.249.65.213 - - [04/Oct/2015:13:31:14 -0500] "GET /BLA/resoluciones/RESOLUCIONES%202010/6143.pdf HTTP/1.1" 200 690504
76.68.87.105 - - [04/Oct/2015:13:31:39 -0500] "POST /xmlrpc.php HTTP/1.1" 301 334
76.68.87.105 - - [04/Oct/2015:13:31:40 -0500] "POST /xmlrpc.php HTTP/1.1" 301 334
66.249.65.220 - - [04/Oct/2015:13:31:40 -0500] "GET /BLA/resoluciones/RESOLUCIONES%202008/2100.pdf HTTP/1.1" 200 80782
201.245.192.253 - - [04/Oct/2015:13:31:42 -0500] "POST /forms/lservlet;jsessionid=ac16012b30d62e507505f2c64e898405c7619f87fb44.e3iSbxaKaheRe38Ka34Oa3eLbxf0n6jAmljGr5XDqQLvpAe HTTP/1.1" 200 2
152.200.45.63 - - [04/Oct/2015:13:32:03 -0500] "GET /galeria/galeria/jquery.fancybox.js?v=2.1.5 HTTP/1.1" 304 -
152.200.45.63 - - [04/Oct/2015:13:32:03 -0500] "GET /galeria/galeria/jquery.fancybox.css?v=2.1.5 HTTP/1.1" 304 -
152.200.45.63 - - [04/Oct/2015:13:32:03 -0500] "GET /BLA/boletinlegal/js/jquery.scrollShow.js HTTP/1.1" 304 -
66.249.65.227 - - [04/Oct/2015:13:32:06 -0500] "GET /BLA/resoluciones/RESOLUCIONES%202008/5698.pdf HTTP/1.1" 200 239049
66.249.65.227 - - [04/Oct/2015:13:32:32 -0500] "GET /BLA/resoluciones/RESOLUCIONES%202010/7321.pdf HTTP/1.1" 200 350003
186.85.147.116 - - [04/Oct/2015:13:32:34 -0500] "GET /BLA/boletinlegal/js/jquery.scrollShow.js HTTP/1.1" 200 4586
186.85.147.116 - - [04/Oct/2015:13:32:34 -0500] "GET /galeria/galeria/jquery.fancybox.js?v=2.1.5 HTTP/1.1" 200 48706
186.85.147.116 - - [04/Oct/2015:13:32:34 -0500] "GET /galeria/galeria/jquery.fancybox.css?v=2.1.5 HTTP/1.1" 200 4895
66.249.65.45 - - [04/Oct/2015:13:32:39 -0500] "GET /videos/emisiones_atmosfericas%20pantallas.swf HTTP/1.1" 200 183908
201.234.75.11 - - [04/Oct/2015:13:32:58 -0500] "GET /StormSDA/stormWeb/presentacion.html HTTP/1.1" 304 -
180.76.15.19 - - [04/Oct/2015:13:33:02 -0500] "GET /StormSDA/lib/jh.jar HTTP/1.1" 200 532625
181.49.195.74 - - [04/Oct/2015:13:33:24 -0500] "GET /BLA/boletinlegal/js/jquery.scrollShow.js HTTP/1.1" 200 4586
181.49.195.74 - - [04/Oct/2015:13:33:24 -0500] "GET /galeria/galeria/jquery.fancybox.js?v=2.1.5 HTTP/1.1" 200 48706
181.49.195.74 - - [04/Oct/2015:13:33:24 -0500] "GET /galeria/galeria/jquery.fancybox.css?v=2.1.5 HTTP/1.1" 200 4895
66.249.65.220 - - [04/Oct/2015:13:33:33 -0500] "GET /BLA/resoluciones/AUTOS%202007/1097.pdf HTTP/1.1" 200 85227
66.249.65.227 - - [04/Oct/2015:13:33:34 -0500] "GET /BLA/resoluciones/RESOLUCIONES%202010/6352.pdf HTTP/1.1" 200 494736
181.49.195.74 - - [04/Oct/2015:13:33:41 -0500] "GET /BLA/boletinlegal/js/jquery.scrollShow.js HTTP/1.1" 304 -
181.49.195.74 - - [04/Oct/2015:13:33:41 -0500] "GET /galeria/galeria/jquery.fancybox.js?v=2.1.5 HTTP/1.1" 304 -
181.49.195.74 - - [04/Oct/2015:13:33:41 -0500] "GET /galeria/galeria/jquery.fancybox.css?v=2.1.5 HTTP/1.1" 304 -
186.30.88.77 - - [04/Oct/2015:13:33:42 -0500] "GET /galeria/galeria/jquery.fancybox.css?v=2.1.5 HTTP/1.1" 200 4895
186.30.88.77 - - [04/Oct/2015:13:33:42 -0500] "GET /BLA/boletinlegal/js/jquery.scrollShow.js HTTP/1.1" 200 4586
186.30.88.77 - - [04/Oct/2015:13:33:42 -0500] "GET /galeria/galeria/jquery.fancybox.js?v=2.1.5 HTTP/1.1" 200 48706
201.245.192.253 - - [04/Oct/2015:13:33:43 -0500] "POST /forms/lservlet;jsessionid=ac16012b30d62e507505f2c64e898405c7619f87fb44.e3iSbxaKaheRe38Ka34Oa3eLbxf0n6jAmljGr5XDqQLvpAe HTTP/1.1" 200 2
66.249.65.213 - - [04/Oct/2015:13:33:50 -0500] "GET /BLA/resoluciones/RESOLUCIONES%202009/1466.pdf HTTP/1.1" 200 429551
181.130.64.35 - - [04/Oct/2015:13:33:56 -0500] "GET /galeria/nivo-slider/demo/demo.html HTTP/1.1" 304 -
181.130.64.35 - - [04/Oct/2015:13:33:56 -0500] "GET /galeria/nivo-slider/demo/images/simulacro-nacional.jpg HTTP/1.1" 304 -
181.130.64.35 - - [04/Oct/2015:13:33:56 -0500] "GET /galeria/nivo-slider/demo/images/simulacro-busqueda-rescate-urbano.jpg HTTP/1.1" 304 -
74.86.158.107 - - [04/Oct/2015:13:34:03 -0500] "HEAD / HTTP/1.1" 200 -
167.0.219.63 - - [04/Oct/2015:13:34:05 -0500] "GET /galeria/galeria/jquery.fancybox.css?v=2.1.5 HTTP/1.1" 200 4895
167.0.219.63 - - [04/Oct/2015:13:34:05 -0500] "GET /galeria/carrusel/Carrusel/jquery.thumbnailScroller.css HTTP/1.1" 200 2066
167.0.219.63 - - [04/Oct/2015:13:34:05 -0500] "GET /BLA/boletinlegal/js/jquery.scrollShow.js HTTP/1.1" 200 4586
167.0.219.63 - - [04/Oct/2015:13:34:05 -0500] "GET /galeria/galeria/jquery.fancybox.js?v=2.1.5 HTTP/1.1" 200 48706
167.0.219.63 - - [04/Oct/2015:13:34:05 -0500] "GET /galeria/carrusel/Carrusel/jquery-ui-1.8.13.custom.min.js HTTP/1.1" 200 10800
167.0.219.63 - - [04/Oct/2015:13:34:05 -0500] "GET /galeria/carrusel/Carrusel/jquery.thumbnailScroller.js HTTP/1.1" 200 8157
167.0.219.63 - - [04/Oct/2015:13:34:07 -0500] "GET /galeria/nivo-slider/demo/demo.html HTTP/1.1" 200 3905
186.29.27.89 - - [04/Oct/2015:13:34:09 -0500] "GET /BLA/boletinlegal/js/jquery.scrollShow.js HTTP/1.1" 200 4586
186.29.27.89 - - [04/Oct/2015:13:34:09 -0500] "GET /galeria/galeria/jquery.fancybox.js?v=2.1.5 HTTP/1.1" 200 48706
186.29.27.89 - - [04/Oct/2015:13:34:09 -0500] "GET /galeria/galeria/jquery.fancybox.css?v=2.1.5 HTTP/1.1" 200 4895
167.0.219.63 - - [04/Oct/2015:13:34:13 -0500] "GET /galeria/nivo-slider/themes/orman/orman.css HTTP/1.1" 200 2152
167.0.219.63 - - [04/Oct/2015:13:34:13 -0500] "GET /galeria/nivo-slider/nivo-slider.css HTTP/1.1" 200 1507
167.0.219.63 - - [04/Oct/2015:13:34:13 -0500] "GET /galeria/nivo-slider/demo/style.css HTTP/1.1" 200 2222
167.0.219.63 - - [04/Oct/2015:13:34:13 -0500] "GET /galeria/nivo-slider/themes/default/default.css HTTP/1.1" 200 1569
167.0.219.63 - - [04/Oct/2015:13:34:13 -0500] "GET /galeria/nivo-slider/demo/images/La-SDA-se-suma-a-la-Gran-Movilizacion.jpg HTTP/1.1" 200 92233
167.0.219.63 - - [04/Oct/2015:13:34:13 -0500] "GET /galeria/nivo-slider/themes/pascal/pascal.css HTTP/1.1" 200 2258
167.0.219.63 - - [04/Oct/2015:13:34:13 -0500] "GET /galeria/nivo-slider/demo/scripts/jquery-1.7.1.min.js HTTP/1.1" 200 93868
167.0.219.63 - - [04/Oct/2015:13:34:13 -0500] "GET /galeria/nivo-slider/jquery.nivo.slider.pack.js HTTP/1.1" 200 11561
167.0.219.63 - - [04/Oct/2015:13:34:13 -0500] "GET /galeria/nivo-slider/demo/images/simulacro-nacional.jpg HTTP/1.1" 200 241925
167.0.219.63 - - [04/Oct/2015:13:34:13 -0500] "GET /galeria/nivo-slider/demo/images/simulacro-busqueda-rescate-urbano.jpg HTTP/1.1" 200 251375
167.0.219.63 - - [04/Oct/2015:13:34:13 -0500] "GET /galeria/nivo-slider/demo/images/Semana-PYBA.jpg HTTP/1.1" 200 103786
167.0.219.63 - - [04/Oct/2015:13:34:13 -0500] "GET /galeria/nivo-slider/demo/images/Plan-Quinquenal.jpg HTTP/1.1" 200 412438
167.0.219.63 - - [04/Oct/2015:13:34:13 -0500] "GET /galeria/nivo-slider/demo/images/PREDAcamp.jpg HTTP/1.1" 200 295358
167.0.219.63 - - [04/Oct/2015:13:34:13 -0500] "GET /galeria/nivo-slider/demo/images/banner-llantas2.jpg HTTP/1.1" 200 204644
167.0.219.63 - - [04/Oct/2015:13:34:14 -0500] "GET /galeria/nivo-slider/demo/images/4Simple_Slider.png HTTP/1.1" 200 11722
167.0.219.63 - - [04/Oct/2015:13:34:14 -0500] "GET /galeria/nivo-slider/themes/default/loading.gif HTTP/1.1" 200 1737
167.0.219.63 - - [04/Oct/2015:13:34:15 -0500] "GET /galeria/nivo-slider/demo/images/9Signos.jpg HTTP/1.1" 200 81776
167.0.219.63 - - [04/Oct/2015:13:34:15 -0500] "GET /galeria/nivo-slider/demo/images/Comparendo-ambiental-Banner.jpg HTTP/1.1" 200 83731
167.0.219.63 - - [04/Oct/2015:13:34:15 -0500] "GET /galeria/nivo-slider/demo/images/Ruta-vertimientos-01.jpg HTTP/1.1" 200 130151
167.0.219.63 - - [04/Oct/2015:13:34:15 -0500] "GET /galeria/nivo-slider/demo/images/Conoce-los-humedales.jpg HTTP/1.1" 200 294036
167.0.219.63 - - [04/Oct/2015:13:34:15 -0500] "GET /galeria/nivo-slider/demo/images/ecolecta-Dic2014.png HTTP/1.1" 200 288593
167.0.219.63 - - [04/Oct/2015:13:34:16 -0500] "GET /galeria/nivo-slider/demo/images/bolsas-06.jpg HTTP/1.1" 200 90982
66.249.65.213 - - [04/Oct/2015:13:34:16 -0500] "GET /BLA/resoluciones/RESOLUCIONES%202010/5227.pdf HTTP/1.1" 200 606974
167.0.219.63 - - [04/Oct/2015:13:34:18 -0500] "GET /galeria/nivo-slider/themes/default/bullets.png HTTP/1.1" 200 1281
186.29.27.89 - - [04/Oct/2015:13:34:18 -0500] "GET /BLA/boletinlegal/js/jquery.scrollShow.js HTTP/1.1" 304 -
186.29.27.89 - - [04/Oct/2015:13:34:18 -0500] "GET /galeria/galeria/jquery.fancybox.js?v=2.1.5 HTTP/1.1" 304 -
186.29.27.89 - - [04/Oct/2015:13:34:18 -0500] "GET /galeria/galeria/jquery.fancybox.css?v=2.1.5 HTTP/1.1" 304 -
167.0.219.63 - - [04/Oct/2015:13:34:19 -0500] "GET /galeria/nivo-slider/themes/default/arrows.png HTTP/1.1" 200 824
186.29.82.215 - - [04/Oct/2015:13:34:23 -0500] "GET /galeria/galeria/jquery.fancybox.css?v=2.1.5 HTTP/1.1" 200 4895
186.29.82.215 - - [04/Oct/2015:13:34:23 -0500] "GET /BLA/boletinlegal/js/jquery.scrollShow.js HTTP/1.1" 200 4586
186.29.82.215 - - [04/Oct/2015:13:34:24 -0500] "GET /galeria/galeria/jquery.fancybox.js?v=2.1.5 HTTP/1.1" 200 48706
66.249.65.220 - - [04/Oct/2015:13:34:43 -0500] "GET /BLA/resoluciones/RESOLUCIONES%202008/5266.pdf HTTP/1.1" 200 332263
66.249.65.213 - - [04/Oct/2015:13:35:09 -0500] "GET /BLA/resoluciones/RESOLUCIONES%202014/0933.pdf HTTP/1.1" 304 -
191.70.95.170 - - [04/Oct/2015:13:35:12 -0500] "GET /galeria/galeria/jquery.fancybox.css?v=2.1.5 HTTP/1.1" 200 4895
191.70.95.170 - - [04/Oct/2015:13:35:12 -0500] "GET /BLA/boletinlegal/js/jquery.scrollShow.js HTTP/1.1" 200 4586
191.70.95.170 - - [04/Oct/2015:13:35:13 -0500] "GET /galeria/galeria/jquery.fancybox.js?v=2.1.5 HTTP/1.1" 200 48706
66.249.65.51 - - [04/Oct/2015:13:35:31 -0500] "GET /ecodirectorio/files/res/downloads/download_0109.pdf HTTP/1.1" 200 286713
190.141.250.202 - - [04/Oct/2015:13:35:34 -0500] "GET /galeria/galeria/jquery.fancybox.js?v=2.1.5 HTTP/1.1" 200 48706
190.141.250.202 - - [04/Oct/2015:13:35:34 -0500] "GET /BLA/boletinlegal/js/jquery.scrollShow.js HTTP/1.1" 200 4586
190.141.250.202 - - [04/Oct/2015:13:35:34 -0500] "GET /galeria/galeria/jquery.fancybox.css?v=2.1.5 HTTP/1.1" 200 4895
66.249.65.227 - - [04/Oct/2015:13:35:35 -0500] "GET /BLA/resoluciones/RESOLUCIONES%202009/4309.pdf HTTP/1.1" 200 56488
190.141.250.202 - - [04/Oct/2015:13:35:42 -0500] "GET /BLA/boletinlegal/js/jquery.scrollShow.js HTTP/1.1" 200 4586
190.141.250.202 - - [04/Oct/2015:13:35:42 -0500] "GET /galeria/galeria/jquery.fancybox.css?v=2.1.5 HTTP/1.1" 200 4895
