186.114.162.232 - - [04/Oct/2015:12:46:54 -0500] "GET /galeria/galeria/jquery.fancybox.css?v=2.1.5 HTTP/1.1" 200 4895
186.114.162.232 - - [04/Oct/2015:12:46:54 -0500] "GET /BLA/boletinlegal/js/jquery.scrollShow.js HTTP/1.1" 200 4586
186.114.162.232 - - [04/Oct/2015:12:46:54 -0500] "GET /galeria/galeria/jquery.fancybox.js?v=2.1.5 HTTP/1.1" 200 48706
190.252.132.136 - - [04/Oct/2015:12:46:54 -0500] "GET /POT-2013/Cartografia/10_EEP_Urbana.pdf HTTP/1.1" 200 5413968
190.252.132.136 - - [04/Oct/2015:12:46:56 -0500] "GET /POT-2013/Cartografia/14_Sistema%20de%20Movilidad_Subsistema%20Vial_FEB.pdf HTTP/1.1" 200 4617200
190.252.132.136 - - [04/Oct/2015:12:46:58 -0500] "GET /POT-2013/Cartografia/13_Est_Ordenam_D.pdf HTTP/1.1" 200 6417967
190.252.132.136 - - [04/Oct/2015:12:46:58 -0500] "GET /POT-2013/Cartografia/12_Est_Ordenam_Regiona_2013_v1.pdf HTTP/1.1" 200 6613799
189.198.156.131 - - [04/Oct/2015:12:47:04 -0500] "GET /galeria/galeria/jquery.fancybox.js?v=2.1.5 HTTP/1.1" 200 48706
189.198.156.131 - - [04/Oct/2015:12:47:04 -0500] "GET /galeria/galeria/jquery.fancybox.css?v=2.1.5 HTTP/1.1" 200 4895
189.198.156.131 - - [04/Oct/2015:12:47:04 -0500] "GET /BLA/boletinlegal/js/jquery.scrollShow.js HTTP/1.1" 200 4586
186.118.51.127 - - [04/Oct/2015:12:47:06 -0500] "GET /favicon.ico HTTP/1.1" 200 7782
186.28.93.84 - - [04/Oct/2015:12:47:08 -0500] "GET /galeria/galeria/jquery.fancybox.css?v=2.1.5 HTTP/1.1" 200 4895
186.28.93.84 - - [04/Oct/2015:12:47:08 -0500] "GET /BLA/boletinlegal/js/jquery.scrollShow.js HTTP/1.1" 200 4586
186.28.93.84 - - [04/Oct/2015:12:47:08 -0500] "GET /galeria/galeria/jquery.fancybox.js?v=2.1.5 HTTP/1.1" 200 48706
66.249.65.227 - - [04/Oct/2015:12:47:16 -0500] "GET /BLA/resoluciones/RESOLUCIONES%202009/6557.pdf HTTP/1.1" 200 121526
186.28.93.84 - - [04/Oct/2015:12:47:27 -0500] "GET /galeria/galeria/jquery.fancybox.css?v=2.1.5 HTTP/1.1" 304 -
186.28.93.84 - - [04/Oct/2015:12:47:27 -0500] "GET /galeria/galeria/jquery.fancybox.js?v=2.1.5 HTTP/1.1" 304 -
186.28.93.84 - - [04/Oct/2015:12:47:27 -0500] "GET /BLA/boletinlegal/js/jquery.scrollShow.js HTTP/1.1" 304 -
190.158.8.125 - - [04/Oct/2015:12:47:29 -0500] "GET /ISOlucionSDA/BancoAnexo/NoConformidad/SeguimientoPlan/696/696/2015ie105039%20solicitud%20dla0.docx HTTP/1.1" 200 290862
190.158.8.125 - - [04/Oct/2015:12:47:33 -0500] "GET /ISOlucionSDA/BancoAnexo/NoConformidad/SeguimientoPlan/696/696/2015ie137447%20respuesta%20de%20la%20dla0.docx HTTP/1.1" 200 194783
201.245.192.253 - - [04/Oct/2015:12:47:38 -0500] "POST /forms/lservlet;jsessionid=ac16012b30d62e507505f2c64e898405c7619f87fb44.e3iSbxaKaheRe38Ka34Oa3eLbxf0n6jAmljGr5XDqQLvpAe HTTP/1.1" 200 2
189.198.156.131 - - [04/Oct/2015:12:47:39 -0500] "GET /BLA/boletinlegal/js/jquery.scrollShow.js HTTP/1.1" 304 -
189.198.156.131 - - [04/Oct/2015:12:47:39 -0500] "GET /galeria/galeria/jquery.fancybox.css?v=2.1.5 HTTP/1.1" 304 -
189.198.156.131 - - [04/Oct/2015:12:47:39 -0500] "GET /galeria/galeria/jquery.fancybox.js?v=2.1.5 HTTP/1.1" 304 -
190.158.8.125 - - [04/Oct/2015:12:47:53 -0500] "GET /ISOlucionSDA/BancoAnexo/NoConformidad/SeguimientoPlan/696/696/2015ie105039%20solicitud%20dla0.docx HTTP/1.1" 206 1
190.158.8.125 - - [04/Oct/2015:12:47:53 -0500] "GET /ISOlucionSDA/BancoAnexo/NoConformidad/SeguimientoPlan/696/696/2015ie105039%20solicitud%20dla0.docx HTTP/1.1" 206 289762
180.76.15.23 - - [04/Oct/2015:12:48:02 -0500] "GET /POT-2013/Cartografia/27_Estructura_Sociespacial_2013.pdf HTTP/1.1" 200 3860071
190.158.8.125 - - [04/Oct/2015:12:48:12 -0500] "GET /ISOlucionSDA/BancoAnexo/NoConformidad/SeguimientoPlan/696/696/seguimiento%20al%20plan%20de%20accion%20para%20la%20descongestion%20de%20vallas%20pev%20agosto%2020150.pdf HTTP/1.1" 200 310942
190.252.132.136 - - [04/Oct/2015:12:48:15 -0500] "GET /POT-2013/Cartografia/18_Sistema%20de%20Movilidad_Subsistema%20de%20Transporte_Corredores%20.pdf HTTP/1.1" 200 3570800
190.252.132.136 - - [04/Oct/2015:12:48:17 -0500] "GET /POT-2013/Cartografia/05_Remocion_V1_2013.pdf HTTP/1.1" 200 4650227
186.154.177.157 - - [04/Oct/2015:12:48:17 -0500] "GET /crossdomain.xml HTTP/1.1" 404 1280
186.154.177.157 - - [04/Oct/2015:12:48:17 -0500] "GET /arcgis/services/Calidad_del_Agua_WQI/MapServer/WMSServer?VERSION=1%2E1%2E1&TRANSPARENT=TRUE&SERVICE=WMS&FORMAT=image%2Fpng&REQUEST=GetMap&WIDTH=1366&HEIGHT=643&STYLES=&SRS=EPSG%3A4686&LAYERS=3%2C4%2C5%2C6%2C7&BBOX=%2D74%2E13129740099866%2C4%2E468477612753654%2C%2D74%2E11504568232884%2C4%2E4761275798873985 HTTP/1.1" 200 6260
66.249.65.220 - - [04/Oct/2015:12:48:18 -0500] "GET /BLA/resoluciones/RESOLUCIONES%202010/5687.pdf HTTP/1.1" 200 254503
66.249.65.220 - - [04/Oct/2015:12:48:18 -0500] "GET /BLA/resoluciones/RESOLUCIONES%202010/5943.pdf HTTP/1.1" 200 101425
190.252.132.136 - - [04/Oct/2015:12:48:19 -0500] "GET /POT-2013/Cartografia/11_Areas_Actividad_Extractiva_2013_V1.pdf HTTP/1.1" 200 3984327
190.252.132.136 - - [04/Oct/2015:12:48:23 -0500] "GET /POT-2013/Cartografia/16_Sistema%20de%20Movilidad_Subsistema%20de%20Transporte_SITP_FEB.pdf HTTP/1.1" 200 6510656
190.252.132.136 - - [04/Oct/2015:12:48:24 -0500] "GET /POT-2013/Cartografia/17_Sistema%20de%20Movilidad_Subsistema%20de%20Transporte_Transporte%20.pdf HTTP/1.1" 200 3695775
190.252.132.136 - - [04/Oct/2015:12:48:26 -0500] "GET /POT-2013/Cartografia/28_USOS%20Y%20AREAS%20DE%20ACTIVIDAD.pdf HTTP/1.1" 200 3754922
190.252.132.136 - - [04/Oct/2015:12:48:27 -0500] "GET /POT-2013/Cartografia/15_Sistema%20de%20Movilidad%20_Secciones%20Viales_Circuitos_movilida.pdf HTTP/1.1" 200 4830571
190.252.132.136 - - [04/Oct/2015:12:48:31 -0500] "GET /POT-2013/Cartografia/07_Incendios_V1_2013.pdf HTTP/1.1" 206 32768
190.252.132.136 - - [04/Oct/2015:12:48:31 -0500] "GET /POT-2013/Cartografia/06_Mitigacion_Remasa_V1_2013.pdf HTTP/1.1" 206 4329543
190.252.132.136 - - [04/Oct/2015:12:48:32 -0500] "GET /POT-2013/Cartografia/19_Sistema%20de%20Acueducto_FEB.pdf HTTP/1.1" 206 32768
190.252.132.136 - - [04/Oct/2015:12:48:33 -0500] "GET /POT-2013/Cartografia/08_Respuesta_Sismica_V1_2013.pdf HTTP/1.1" 206 32768
190.252.132.136 - - [04/Oct/2015:12:48:33 -0500] "GET /POT-2013/Cartografia/09_EEP.pdf HTTP/1.1" 206 32768
190.252.132.136 - - [04/Oct/2015:12:48:34 -0500] "GET /POT-2013/Cartografia/10_EEP_Urbana.pdf HTTP/1.1" 206 32768
66.249.65.213 - - [04/Oct/2015:12:48:34 -0500] "GET /BLA/resoluciones/RESOLUCIONES%202010/6764.pdf HTTP/1.1" 200 627305
190.252.132.136 - - [04/Oct/2015:12:48:35 -0500] "GET /POT-2013/Cartografia/02_Clasificacion_Urbano_V1_2013.pdf HTTP/1.1" 206 32768
190.252.132.136 - - [04/Oct/2015:12:48:35 -0500] "GET /POT-2013/Cartografia/20_Sistema%20de%20Alcantarillado_FEB.pdf HTTP/1.1" 206 32768
189.237.60.85 - - [04/Oct/2015:12:48:42 -0500] "GET /galeria/galeria/jquery.fancybox.css?v=2.1.5 HTTP/1.1" 200 4895
189.237.60.85 - - [04/Oct/2015:12:48:42 -0500] "GET /BLA/boletinlegal/js/jquery.scrollShow.js HTTP/1.1" 200 4586
189.237.60.85 - - [04/Oct/2015:12:48:42 -0500] "GET /galeria/galeria/jquery.fancybox.js?v=2.1.5 HTTP/1.1" 200 48706
66.249.65.227 - - [04/Oct/2015:12:49:00 -0500] "GET /BLA/resoluciones/RESOLUCIONES%202010/6458.pdf HTTP/1.1" 200 102349
186.114.162.232 - - [04/Oct/2015:12:49:01 -0500] "GET /galeria/galeria/jquery.fancybox.css?v=2.1.5 HTTP/1.1" 304 -
186.114.162.232 - - [04/Oct/2015:12:49:01 -0500] "GET /BLA/boletinlegal/js/jquery.scrollShow.js HTTP/1.1" 304 -
186.114.162.232 - - [04/Oct/2015:12:49:01 -0500] "GET /galeria/galeria/jquery.fancybox.js?v=2.1.5 HTTP/1.1" 304 -
74.86.158.107 - - [04/Oct/2015:12:49:03 -0500] "HEAD / HTTP/1.1" 200 -
189.237.60.85 - - [04/Oct/2015:12:49:01 -0500] "GET /videos/CRRFFS.mp4 HTTP/1.1" 200 286784363
189.237.60.85 - - [04/Oct/2015:12:49:06 -0500] "GET /galeria/galeria/jquery.fancybox.css?v=2.1.5 HTTP/1.1" 304 -
189.237.60.85 - - [04/Oct/2015:12:49:06 -0500] "GET /BLA/boletinlegal/js/jquery.scrollShow.js HTTP/1.1" 304 -
189.237.60.85 - - [04/Oct/2015:12:49:06 -0500] "GET /galeria/galeria/jquery.fancybox.js?v=2.1.5 HTTP/1.1" 304 -
189.237.60.85 - - [04/Oct/2015:12:49:09 -0500] "GET /videos/CRRFFS.mp4 HTTP/1.1" 206 1
190.252.132.136 - - [04/Oct/2015:12:49:13 -0500] "GET /POT-2013/Cartografia/10_EEP_Urbana.pdf HTTP/1.1" 304 -
190.252.132.136 - - [04/Oct/2015:12:49:13 -0500] "GET /POT-2013/Cartografia/10_EEP_Urbana.pdf HTTP/1.1" 206 5381200
190.252.132.136 - - [04/Oct/2015:12:49:13 -0500] "GET /favicon.ico HTTP/1.1" 200 7782
190.252.132.136 - - [04/Oct/2015:12:49:13 -0500] "GET /POT-2013/Cartografia/02_Clasificacion_Urbano_V1_2013.pdf HTTP/1.1" 304 -
190.252.132.136 - - [04/Oct/2015:12:49:14 -0500] "GET /POT-2013/Cartografia/02_Clasificacion_Urbano_V1_2013.pdf HTTP/1.1" 206 5049130
190.252.132.136 - - [04/Oct/2015:12:49:14 -0500] "GET /favicon.ico HTTP/1.1" 200 7782
190.252.132.136 - - [04/Oct/2015:12:49:15 -0500] "GET /POT-2013/Cartografia/02_Clasificacion_Urbano_V1_2013.pdf HTTP/1.1" 206 5038581
190.252.132.136 - - [04/Oct/2015:12:49:20 -0500] "GET /POT-2013/Cartografia/29_EDIFICABILIDAD.pdf HTTP/1.1" 200 3041378
190.252.132.136 - - [04/Oct/2015:12:49:21 -0500] "GET /POT-2013/Cartografia/28_USOS%20Y%20AREAS%20DE%20ACTIVIDAD.pdf HTTP/1.1" 206 32768
190.252.132.136 - - [04/Oct/2015:12:49:22 -0500] "GET /POT-2013/Cartografia/28_USOS%20Y%20AREAS%20DE%20ACTIVIDAD.pdf HTTP/1.1" 206 3722154
66.249.65.220 - - [04/Oct/2015:12:49:26 -0500] "GET /BLA/resoluciones/RESOLUCIONES%202010/6384.pdf HTTP/1.1" 200 545243
190.252.132.136 - - [04/Oct/2015:12:49:31 -0500] "GET /POT-2013/Cartografia/29_EDIFICABILIDAD.pdf HTTP/1.1" 206 32768
190.252.132.136 - - [04/Oct/2015:12:49:32 -0500] "GET /POT-2013/Cartografia/29_EDIFICABILIDAD.pdf HTTP/1.1" 206 3008610
66.249.65.213 - - [04/Oct/2015:12:49:36 -0500] "GET /BLA/resoluciones/RESOLUCIONES%202009/8697.pdf HTTP/1.1" 200 105097
201.245.192.253 - - [04/Oct/2015:12:49:38 -0500] "POST /forms/lservlet;jsessionid=ac16012b30d62e507505f2c64e898405c7619f87fb44.e3iSbxaKaheRe38Ka34Oa3eLbxf0n6jAmljGr5XDqQLvpAe HTTP/1.1" 200 2
190.252.132.136 - - [04/Oct/2015:12:49:38 -0500] "GET /POT-2013/Cartografia/20_Sistema%20de%20Alcantarillado_FEB.pdf HTTP/1.1" 304 -
190.252.132.136 - - [04/Oct/2015:12:49:39 -0500] "GET /POT-2013/Cartografia/20_Sistema%20de%20Alcantarillado_FEB.pdf HTTP/1.1" 206 4816531
190.252.132.136 - - [04/Oct/2015:12:49:39 -0500] "GET /favicon.ico HTTP/1.1" 200 7782
190.252.132.136 - - [04/Oct/2015:12:49:40 -0500] "GET /POT-2013/Cartografia/20_Sistema%20de%20Alcantarillado_FEB.pdf HTTP/1.1" 206 4569342
66.249.65.213 - - [04/Oct/2015:12:49:40 -0500] "GET /BLA/resoluciones/RESOLUCIONES%202012/0750.pdf HTTP/1.1" 200 336722
190.252.132.136 - - [04/Oct/2015:12:49:43 -0500] "GET /POT-2013/Cartografia/28_USOS%20Y%20AREAS%20DE%20ACTIVIDAD.pdf HTTP/1.1" 200 3754922
179.32.132.46 - - [04/Oct/2015:12:49:44 -0500] "GET /galeria/galeria/jquery.fancybox.css?v=2.1.5 HTTP/1.1" 200 4895
179.32.132.46 - - [04/Oct/2015:12:49:44 -0500] "GET /BLA/boletinlegal/js/jquery.scrollShow.js HTTP/1.1" 200 4586
179.32.132.46 - - [04/Oct/2015:12:49:44 -0500] "GET /galeria/galeria/jquery.fancybox.js?v=2.1.5 HTTP/1.1" 200 48706
190.158.8.125 - - [04/Oct/2015:12:49:49 -0500] "GET /isolucionsda/g/Bot_AdministradorOver.jpg HTTP/1.1" 200 1630
179.32.132.46 - - [04/Oct/2015:12:49:49 -0500] "GET /galeria/galeria/jquery.fancybox.js?v=2.1.5 HTTP/1.1" 304 -
179.32.132.46 - - [04/Oct/2015:12:49:49 -0500] "GET /BLA/boletinlegal/js/jquery.scrollShow.js HTTP/1.1" 304 -
179.32.132.46 - - [04/Oct/2015:12:49:49 -0500] "GET /galeria/galeria/jquery.fancybox.css?v=2.1.5 HTTP/1.1" 304 -
66.249.65.220 - - [04/Oct/2015:12:49:52 -0500] "GET /BLA/resoluciones/RESOLUCIONES%202007/RES%202007%20701%20AL%20800/RESOLUCION%200710%20DE%202007.pdf HTTP/1.1" 200 1205727
190.158.8.125 - - [04/Oct/2015:12:49:53 -0500] "GET /isolucionsda/NoConformidadISOlucion.asp?Id_NoConformidad=694&CodtipoNoConf=4 HTTP/1.1" 200 111387
190.252.132.136 - - [04/Oct/2015:12:49:59 -0500] "GET /POT-2013/Cartografia/10_EEP_Urbana.pdf HTTP/1.1" 206 4103131
190.158.212.242 - - [04/Oct/2015:12:50:05 -0500] "GET /galeria/galeria/jquery.fancybox.css?v=2.1.5 HTTP/1.1" 200 4895
190.158.212.242 - - [04/Oct/2015:12:50:05 -0500] "GET /BLA/boletinlegal/js/jquery.scrollShow.js HTTP/1.1" 200 4586
190.158.212.242 - - [04/Oct/2015:12:50:06 -0500] "GET /galeria/galeria/jquery.fancybox.js?v=2.1.5 HTTP/1.1" 200 48706
186.96.84.20 - - [04/Oct/2015:12:50:19 -0500] "GET /galeria/galeria/jquery.fancybox.css?v=2.1.5 HTTP/1.1" 200 4895
186.96.84.20 - - [04/Oct/2015:12:50:19 -0500] "GET /BLA/boletinlegal/js/jquery.scrollShow.js HTTP/1.1" 200 4586
186.96.84.20 - - [04/Oct/2015:12:50:19 -0500] "GET /galeria/galeria/jquery.fancybox.js?v=2.1.5 HTTP/1.1" 200 48706
186.154.177.157 - - [04/Oct/2015:12:50:27 -0500] "GET /crossdomain.xml HTTP/1.1" 404 1280
186.154.177.157 - - [04/Oct/2015:12:50:27 -0500] "GET /arcgis/services/Calidad_del_Agua_WQI/MapServer/WMSServer?VERSION=1%2E1%2E1&TRANSPARENT=TRUE&SERVICE=WMS&FORMAT=image%2Fpng&REQUEST=GetMap&WIDTH=1366&HEIGHT=643&STYLES=&SRS=EPSG%3A4686&LAYERS=3%2C4%2C5%2C6%2C7&BBOX=%2D74%2E0385323315234%2C4%2E690750854448469%2C%2D74%2E02228061285358%2C4%2E698400821582213 HTTP/1.1" 200 4932
190.252.132.136 - - [04/Oct/2015:12:50:31 -0500] "GET /POT-2013/index.php?dir=Cartografia%2F HTTP/1.1" 200 11465
190.252.132.136 - - [04/Oct/2015:12:50:32 -0500] "GET /POT-2013/Cartografia/15_Sistema%20de%20Movilidad%20_Secciones%20Viales_Circuitos_movilida.pdf HTTP/1.1" 206 32768
190.252.132.136 - - [04/Oct/2015:12:50:32 -0500] "GET /POT-2013/Cartografia/15_Sistema%20de%20Movilidad%20_Secciones%20Viales_Circuitos_movilida.pdf HTTP/1.1" 206 4797803
190.252.132.136 - - [04/Oct/2015:12:50:34 -0500] "GET /POT-2013/Cartografia/17_Sistema%20de%20Movilidad_Subsistema%20de%20Transporte_Transporte%20.pdf HTTP/1.1" 206 32768
190.252.132.136 - - [04/Oct/2015:12:50:34 -0500] "GET /POT-2013/Cartografia/17_Sistema%20de%20Movilidad_Subsistema%20de%20Transporte_Transporte%20.pdf HTTP/1.1" 206 3663007
66.249.65.227 - - [04/Oct/2015:12:50:45 -0500] "GET /BLA/resoluciones/AUTOS%202008/0150.pdf HTTP/1.1" 200 194329
186.96.84.20 - - [04/Oct/2015:12:50:46 -0500] "GET /galeria/galeria/jquery.fancybox.css?v=2.1.5 HTTP/1.1" 304 -
186.96.84.20 - - [04/Oct/2015:12:50:46 -0500] "GET /BLA/boletinlegal/js/jquery.scrollShow.js HTTP/1.1" 304 -
186.96.84.20 - - [04/Oct/2015:12:50:46 -0500] "GET /galeria/galeria/jquery.fancybox.js?v=2.1.5 HTTP/1.1" 304 -
66.249.65.45 - - [04/Oct/2015:12:49:57 -0500] "GET /BLA/boletinlegal/index.php HTTP/1.1" 200 49099
66.249.65.220 - - [04/Oct/2015:12:50:49 -0500] "GET /BLA/resoluciones/RESOLUCIONES%202010/6776.pdf HTTP/1.1" 200 161977
66.249.65.213 - - [04/Oct/2015:12:50:52 -0500] "GET /BLA/resoluciones/RESOLUCIONES%202010/6455.pdf HTTP/1.1" 200 306797
190.252.132.136 - - [04/Oct/2015:12:51:04 -0500] "GET /POT-2013/Cartografia/28_USOS%20Y%20AREAS%20DE%20ACTIVIDAD.pdf HTTP/1.1" 206 32768
66.249.88.228 - - [04/Oct/2015:12:51:06 -0500] "GET /galeria/galeria/fotos/Soratama2G.jpg HTTP/1.1" 200 167638
190.252.132.136 - - [04/Oct/2015:12:51:13 -0500] "GET /POT-2013/Cartografia/03_Suelos%20de%20Protecci%C3%B3n.pdf HTTP/1.1" 200 3680887
66.249.88.233 - - [04/Oct/2015:12:51:14 -0500] "GET /galeria/galeria/fotos/Soratama3G.jpg HTTP/1.1" 200 159434
190.252.132.136 - - [04/Oct/2015:12:51:14 -0500] "GET /POT-2013/Cartografia/04_Inundacion_V1_2013.pdf HTTP/1.1" 200 4942126
190.252.132.136 - - [04/Oct/2015:12:51:16 -0500] "GET /POT-2013/Cartografia/05_Remocion_V1_2013.pdf HTTP/1.1" 200 4650227
190.252.132.136 - - [04/Oct/2015:12:51:17 -0500] "GET /POT-2013/Cartografia/03_Suelos%20de%20Protecci%C3%B3n.pdf HTTP/1.1" 206 32768
190.252.132.136 - - [04/Oct/2015:12:51:17 -0500] "GET /POT-2013/Cartografia/03_Suelos%20de%20Protecci%C3%B3n.pdf HTTP/1.1" 206 3648119
190.252.132.136 - - [04/Oct/2015:12:51:18 -0500] "GET /POT-2013/Cartografia/04_Inundacion_V1_2013.pdf HTTP/1.1" 206 32768
190.252.132.136 - - [04/Oct/2015:12:51:19 -0500] "GET /POT-2013/Cartografia/04_Inundacion_V1_2013.pdf HTTP/1.1" 206 4909358
190.252.132.136 - - [04/Oct/2015:12:51:19 -0500] "GET /POT-2013/Cartografia/05_Remocion_V1_2013.pdf HTTP/1.1" 206 32768
190.252.132.136 - - [04/Oct/2015:12:51:20 -0500] "GET /POT-2013/Cartografia/05_Remocion_V1_2013.pdf HTTP/1.1" 206 4617459
190.252.132.136 - - [04/Oct/2015:12:51:25 -0500] "GET /POT-2013/Cartografia/28_USOS%20Y%20AREAS%20DE%20ACTIVIDAD.pdf HTTP/1.1" 206 3722154
181.132.25.127 - - [04/Oct/2015:12:51:30 -0500] "GET /galeria/galeria/jquery.fancybox.css?v=2.1.5 HTTP/1.1" 200 4895
181.132.25.127 - - [04/Oct/2015:12:51:30 -0500] "GET /galeria/galeria/jquery.fancybox.js?v=2.1.5 HTTP/1.1" 200 48706
181.132.25.127 - - [04/Oct/2015:12:51:30 -0500] "GET /BLA/boletinlegal/js/jquery.scrollShow.js HTTP/1.1" 200 4586
181.132.25.127 - - [04/Oct/2015:12:51:35 -0500] "GET /galeria/galeria/jquery.fancybox.css?v=2.1.5 HTTP/1.1" 304 -
181.132.25.127 - - [04/Oct/2015:12:51:35 -0500] "GET /galeria/galeria/jquery.fancybox.js?v=2.1.5 HTTP/1.1" 304 -
181.132.25.127 - - [04/Oct/2015:12:51:35 -0500] "GET /BLA/boletinlegal/js/jquery.scrollShow.js HTTP/1.1" 304 -
201.245.192.253 - - [04/Oct/2015:12:51:38 -0500] "POST /forms/lservlet;jsessionid=ac16012b30d62e507505f2c64e898405c7619f87fb44.e3iSbxaKaheRe38Ka34Oa3eLbxf0n6jAmljGr5XDqQLvpAe HTTP/1.1" 200 2
66.249.65.220 - - [04/Oct/2015:12:51:46 -0500] "GET /BLA/resoluciones/RESOLUCIONES%202010/6882.pdf HTTP/1.1" 200 189615
66.249.65.51 - - [04/Oct/2015:12:51:47 -0500] "GET /hum/info.doc. HTTP/1.1" 404 1019
66.249.65.227 - - [04/Oct/2015:12:51:54 -0500] "GET /BLA/resoluciones/RESOLUCIONES%202010/6694.pdf HTTP/1.1" 200 2020734
66.249.65.220 - - [04/Oct/2015:12:52:03 -0500] "GET /BLA/resoluciones/RESOLUCIONES%202008/0271.pdf HTTP/1.1" 200 421877
132.247.249.242 - - [04/Oct/2015:12:52:08 -0500] "GET /galeria/galeria/jquery.fancybox.css?v=2.1.5 HTTP/1.1" 200 4895
132.247.249.242 - - [04/Oct/2015:12:52:08 -0500] "GET /BLA/boletinlegal/js/jquery.scrollShow.js HTTP/1.1" 200 4586
132.247.249.242 - - [04/Oct/2015:12:52:08 -0500] "GET /galeria/galeria/jquery.fancybox.js?v=2.1.5 HTTP/1.1" 200 48706
190.67.252.160 - - [04/Oct/2015:12:52:15 -0500] "GET /BLA/boletinlegal/js/jquery.scrollShow.js HTTP/1.1" 200 4586
190.67.252.160 - - [04/Oct/2015:12:52:15 -0500] "GET /galeria/galeria/jquery.fancybox.js?v=2.1.5 HTTP/1.1" 200 48706
190.67.252.160 - - [04/Oct/2015:12:52:15 -0500] "GET /galeria/galeria/jquery.fancybox.css?v=2.1.5 HTTP/1.1" 200 4895
190.67.252.160 - - [04/Oct/2015:12:52:15 -0500] "GET /galeria/carrusel/Carrusel/jquery.thumbnailScroller.css HTTP/1.1" 200 2066
190.67.252.160 - - [04/Oct/2015:12:52:16 -0500] "GET /galeria/carrusel/Carrusel/jquery-ui-1.8.13.custom.min.js HTTP/1.1" 200 10800
190.67.252.160 - - [04/Oct/2015:12:52:16 -0500] "GET /galeria/carrusel/Carrusel/jquery.thumbnailScroller.js HTTP/1.1" 200 8157
190.67.252.160 - - [04/Oct/2015:12:52:22 -0500] "GET /galeria/nivo-slider/demo/demo.html HTTP/1.1" 200 3905
190.67.252.160 - - [04/Oct/2015:12:52:24 -0500] "GET /galeria/nivo-slider/themes/pascal/pascal.css HTTP/1.1" 200 2258
190.67.252.160 - - [04/Oct/2015:12:52:24 -0500] "GET /galeria/nivo-slider/themes/default/default.css HTTP/1.1" 200 1569
190.67.252.160 - - [04/Oct/2015:12:52:24 -0500] "GET /galeria/nivo-slider/themes/orman/orman.css HTTP/1.1" 200 2152
190.67.252.160 - - [04/Oct/2015:12:52:24 -0500] "GET /galeria/nivo-slider/nivo-slider.css HTTP/1.1" 200 1507
190.67.252.160 - - [04/Oct/2015:12:52:24 -0500] "GET /galeria/nivo-slider/demo/style.css HTTP/1.1" 200 2222
190.67.252.160 - - [04/Oct/2015:12:52:24 -0500] "GET /galeria/nivo-slider/demo/images/simulacro-nacional.jpg HTTP/1.1" 200 241925
190.67.252.160 - - [04/Oct/2015:12:52:24 -0500] "GET /galeria/nivo-slider/demo/images/La-SDA-se-suma-a-la-Gran-Movilizacion.jpg HTTP/1.1" 200 92233
190.67.252.160 - - [04/Oct/2015:12:52:24 -0500] "GET /galeria/nivo-slider/demo/images/simulacro-busqueda-rescate-urbano.jpg HTTP/1.1" 200 251375
190.67.252.160 - - [04/Oct/2015:12:52:25 -0500] "GET /galeria/nivo-slider/demo/images/Semana-PYBA.jpg HTTP/1.1" 200 103786
190.67.252.160 - - [04/Oct/2015:12:52:25 -0500] "GET /galeria/nivo-slider/demo/images/Plan-Quinquenal.jpg HTTP/1.1" 200 412438
190.67.252.160 - - [04/Oct/2015:12:52:25 -0500] "GET /galeria/nivo-slider/demo/images/PREDAcamp.jpg HTTP/1.1" 200 295358
190.252.132.136 - - [04/Oct/2015:12:52:27 -0500] "GET /POT-2013/Cartografia/06_Mitigacion_Remasa_V1_2013.pdf HTTP/1.1" 206 4148994
190.67.252.160 - - [04/Oct/2015:12:52:28 -0500] "GET /galeria/nivo-slider/demo/images/banner-llantas2.jpg HTTP/1.1" 200 204644
190.67.252.160 - - [04/Oct/2015:12:52:29 -0500] "GET /galeria/nivo-slider/demo/images/9Signos.jpg HTTP/1.1" 200 81776
66.249.65.227 - - [04/Oct/2015:12:52:29 -0500] "GET /BLA/resoluciones/RESOLUCIONES%202010/6489.pdf HTTP/1.1" 200 363586
190.252.132.136 - - [04/Oct/2015:12:52:29 -0500] "GET /POT-2013/Cartografia/07_Incendios_V1_2013.pdf HTTP/1.1" 200 4039665
190.252.132.136 - - [04/Oct/2015:12:52:31 -0500] "GET /POT-2013/Cartografia/08_Respuesta_Sismica_V1_2013.pdf HTTP/1.1" 200 4432706
190.67.252.160 - - [04/Oct/2015:12:52:32 -0500] "GET /galeria/nivo-slider/demo/images/Comparendo-ambiental-Banner.jpg HTTP/1.1" 200 83731
190.67.252.160 - - [04/Oct/2015:12:52:32 -0500] "GET /galeria/nivo-slider/demo/images/Ruta-vertimientos-01.jpg HTTP/1.1" 200 130151
190.67.252.160 - - [04/Oct/2015:12:52:32 -0500] "GET /galeria/nivo-slider/demo/images/bolsas-06.jpg HTTP/1.1" 200 90982
132.247.249.242 - - [04/Oct/2015:12:52:33 -0500] "GET /BLA/boletinlegal/js/jquery.scrollShow.js HTTP/1.1" 304 -
132.247.249.242 - - [04/Oct/2015:12:52:33 -0500] "GET /galeria/galeria/jquery.fancybox.css?v=2.1.5 HTTP/1.1" 304 -
132.247.249.242 - - [04/Oct/2015:12:52:33 -0500] "GET /galeria/galeria/jquery.fancybox.js?v=2.1.5 HTTP/1.1" 304 -
190.252.132.136 - - [04/Oct/2015:12:52:34 -0500] "GET /POT-2013/Cartografia/09_EEP.pdf HTTP/1.1" 200 3326963
190.67.252.160 - - [04/Oct/2015:12:52:34 -0500] "GET /galeria/nivo-slider/demo/images/Conoce-los-humedales.jpg HTTP/1.1" 200 294036
190.67.252.160 - - [04/Oct/2015:12:52:34 -0500] "GET /galeria/nivo-slider/demo/images/ecolecta-Dic2014.png HTTP/1.1" 200 288593
190.67.252.160 - - [04/Oct/2015:12:52:35 -0500] "GET /galeria/nivo-slider/demo/scripts/jquery-1.7.1.min.js HTTP/1.1" 200 93868
190.67.252.160 - - [04/Oct/2015:12:52:35 -0500] "GET /galeria/nivo-slider/jquery.nivo.slider.pack.js HTTP/1.1" 200 11561
132.247.249.242 - - [04/Oct/2015:12:52:37 -0500] "GET /videos/CRRFFS.mp4 HTTP/1.1" 206 1
190.67.252.160 - - [04/Oct/2015:12:52:38 -0500] "GET /galeria/nivo-slider/demo/images/4Simple_Slider.png HTTP/1.1" 200 11722
190.67.252.160 - - [04/Oct/2015:12:52:38 -0500] "GET /galeria/nivo-slider/themes/default/loading.gif HTTP/1.1" 200 1737
190.67.252.160 - - [04/Oct/2015:12:52:39 -0500] "GET /galeria/nivo-slider/themes/default/arrows.png HTTP/1.1" 200 824
190.67.252.160 - - [04/Oct/2015:12:52:39 -0500] "GET /galeria/nivo-slider/themes/default/bullets.png HTTP/1.1" 200 1281
177.248.251.155 - - [04/Oct/2015:12:52:42 -0500] "GET /galeria/galeria/jquery.fancybox.css?v=2.1.5 HTTP/1.1" 304 -
177.248.251.155 - - [04/Oct/2015:12:52:42 -0500] "GET /BLA/boletinlegal/js/jquery.scrollShow.js HTTP/1.1" 304 -
177.248.251.155 - - [04/Oct/2015:12:52:42 -0500] "GET /galeria/galeria/jquery.fancybox.js?v=2.1.5 HTTP/1.1" 304 -
190.252.132.136 - - [04/Oct/2015:12:52:43 -0500] "GET /POT-2013/Cartografia/06_Mitigacion_Remasa_V1_2013.pdf HTTP/1.1" 206 2876445
190.252.132.136 - - [04/Oct/2015:12:52:45 -0500] "GET /POT-2013/Cartografia/07_Incendios_V1_2013.pdf HTTP/1.1" 206 32768
190.252.132.136 - - [04/Oct/2015:12:52:46 -0500] "GET /POT-2013/Cartografia/07_Incendios_V1_2013.pdf HTTP/1.1" 206 4006897
190.252.132.136 - - [04/Oct/2015:12:52:47 -0500] "GET /POT-2013/Cartografia/08_Respuesta_Sismica_V1_2013.pdf HTTP/1.1" 206 32768
177.248.251.155 - - [04/Oct/2015:12:52:48 -0500] "GET /BLA/boletinlegal/js/jquery.scrollShow.js HTTP/1.1" 200 4586
177.248.251.155 - - [04/Oct/2015:12:52:48 -0500] "GET /galeria/galeria/jquery.fancybox.js?v=2.1.5 HTTP/1.1" 200 48706
177.248.251.155 - - [04/Oct/2015:12:52:48 -0500] "GET /galeria/galeria/jquery.fancybox.css?v=2.1.5 HTTP/1.1" 200 4895
190.252.132.136 - - [04/Oct/2015:12:52:48 -0500] "GET /POT-2013/Cartografia/09_EEP.pdf HTTP/1.1" 206 32768
190.252.132.136 - - [04/Oct/2015:12:52:48 -0500] "GET /POT-2013/Cartografia/08_Respuesta_Sismica_V1_2013.pdf HTTP/1.1" 206 4399938
190.252.132.136 - - [04/Oct/2015:12:52:49 -0500] "GET /POT-2013/Cartografia/09_EEP.pdf HTTP/1.1" 206 3294195
132.247.249.242 - - [04/Oct/2015:12:52:28 -0500] "GET /videos/CRRFFS.mp4 HTTP/1.1" 200 286784363
190.252.132.136 - - [04/Oct/2015:12:53:17 -0500] "GET /POT-2013/Cartografia/28_USOS%20Y%20AREAS%20DE%20ACTIVIDAD.pdf HTTP/1.1" 200 3754922
190.252.132.136 - - [04/Oct/2015:12:53:19 -0500] "GET /POT-2013/Cartografia/28_USOS%20Y%20AREAS%20DE%20ACTIVIDAD.pdf HTTP/1.1" 200 3754922
66.249.65.227 - - [04/Oct/2015:12:53:21 -0500] "GET /BLA/resoluciones/RESOLUCIONES%202010/6826.pdf HTTP/1.1" 200 460012
190.252.132.136 - - [04/Oct/2015:12:53:25 -0500] "GET /POT-2013/Cartografia/28_USOS%20Y%20AREAS%20DE%20ACTIVIDAD.pdf HTTP/1.1" 200 3754922
132.247.249.242 - - [04/Oct/2015:12:52:37 -0500] "GET /videos/CRRFFS.mp4 HTTP/1.1" 206 286617413
201.245.192.253 - - [04/Oct/2015:12:53:38 -0500] "POST /forms/lservlet;jsessionid=ac16012b30d62e507505f2c64e898405c7619f87fb44.e3iSbxaKaheRe38Ka34Oa3eLbxf0n6jAmljGr5XDqQLvpAe HTTP/1.1" 200 2
66.249.65.227 - - [04/Oct/2015:12:53:48 -0500] "GET /BLA/resoluciones/RESOLUCIONES%202010/6449.pdf HTTP/1.1" 200 76294
190.157.104.10 - - [04/Oct/2015:12:54:00 -0500] "GET /galeria/galeria/jquery.fancybox.css?v=2.1.5 HTTP/1.1" 200 4895
190.157.104.10 - - [04/Oct/2015:12:54:00 -0500] "GET /BLA/boletinlegal/js/jquery.scrollShow.js HTTP/1.1" 200 4586
190.157.104.10 - - [04/Oct/2015:12:54:00 -0500] "GET /galeria/galeria/jquery.fancybox.js?v=2.1.5 HTTP/1.1" 200 48706
190.252.132.136 - - [04/Oct/2015:12:54:01 -0500] "GET /POT-2013/index.php?dir=Cartografia%2F HTTP/1.1" 200 11465
66.249.65.220 - - [04/Oct/2015:12:54:02 -0500] "GET /BLA/resoluciones/AUTOS%202006/AUTOS%202006%202801%20-%202900/00002877.tif HTTP/1.1" 200 143664
74.86.158.107 - - [04/Oct/2015:12:54:03 -0500] "HEAD / HTTP/1.1" 200 -
190.252.132.136 - - [04/Oct/2015:12:54:05 -0500] "GET /POT-2013/Cartografia/11_Areas_Actividad_Extractiva_2013_V1.pdf HTTP/1.1" 200 3984327
190.252.132.136 - - [04/Oct/2015:12:54:07 -0500] "GET /POT-2013/Cartografia/12_Est_Ordenam_Regiona_2013_v1.pdf HTTP/1.1" 200 6613799
190.252.132.136 - - [04/Oct/2015:12:54:09 -0500] "GET /POT-2013/Cartografia/13_Est_Ordenam_D.pdf HTTP/1.1" 200 6417967
190.252.132.136 - - [04/Oct/2015:12:54:10 -0500] "GET /POT-2013/Cartografia/14_Sistema%20de%20Movilidad_Subsistema%20Vial_FEB.pdf HTTP/1.1" 200 4617200
190.157.104.10 - - [04/Oct/2015:12:54:11 -0500] "GET /BLA/boletinlegal/js/jquery.scrollShow.js HTTP/1.1" 304 -
190.157.104.10 - - [04/Oct/2015:12:54:11 -0500] "GET /galeria/galeria/jquery.fancybox.js?v=2.1.5 HTTP/1.1" 304 -
190.157.104.10 - - [04/Oct/2015:12:54:11 -0500] "GET /galeria/galeria/jquery.fancybox.css?v=2.1.5 HTTP/1.1" 304 -
190.252.132.136 - - [04/Oct/2015:12:54:13 -0500] "GET /POT-2013/Cartografia/11_Areas_Actividad_Extractiva_2013_V1.pdf HTTP/1.1" 206 32768
190.252.132.136 - - [04/Oct/2015:12:54:14 -0500] "GET /POT-2013/Cartografia/12_Est_Ordenam_Regiona_2013_v1.pdf HTTP/1.1" 206 32768
190.252.132.136 - - [04/Oct/2015:12:54:14 -0500] "GET /POT-2013/Cartografia/11_Areas_Actividad_Extractiva_2013_V1.pdf HTTP/1.1" 206 3951559
66.249.65.213 - - [04/Oct/2015:12:54:14 -0500] "GET /BLA/resoluciones/RESOLUCIONES%202010/4047.pdf HTTP/1.1" 200 734143
190.252.132.136 - - [04/Oct/2015:12:54:14 -0500] "GET /POT-2013/Cartografia/12_Est_Ordenam_Regiona_2013_v1.pdf HTTP/1.1" 206 6581031
190.252.132.136 - - [04/Oct/2015:12:54:14 -0500] "GET /POT-2013/Cartografia/13_Est_Ordenam_D.pdf HTTP/1.1" 206 32768
190.252.132.136 - - [04/Oct/2015:12:54:19 -0500] "GET /POT-2013/Cartografia/14_Sistema%20de%20Movilidad_Subsistema%20Vial_FEB.pdf HTTP/1.1" 206 32768
190.158.8.125 - - [04/Oct/2015:12:54:18 -0500] "POST /isolucionsda/NoConformidadISOlucion.asp HTTP/1.1" 200 113072
190.252.132.136 - - [04/Oct/2015:12:54:19 -0500] "GET /POT-2013/Cartografia/14_Sistema%20de%20Movilidad_Subsistema%20Vial_FEB.pdf HTTP/1.1" 206 4584432
190.252.132.136 - - [04/Oct/2015:12:54:19 -0500] "GET /POT-2013/Cartografia/13_Est_Ordenam_D.pdf HTTP/1.1" 206 6385199
190.158.8.125 - - [04/Oct/2015:12:54:25 -0500] "GET /ISOlucionSDA/Administracion/AnexoEdicion.asp?Objeto=NoConformidad&Sigla=SeguimientoPlan&IdObjeto=694&IdSigla=2385&Titulo=Registros&UPLDAtras=http://190.27.245.106/ISOlucionSDA/NoConformidadISOlucion.asp&UPLDQuerystring=Id_NoConformidad=694[[]]CodtipoNoConf=4&Modo=Edicion&Target=_blank&RutaAdicional=694&Formato=Largo HTTP/1.1" 302 463
190.158.8.125 - - [04/Oct/2015:12:54:25 -0500] "GET /ISOlucionSDA/Administracion/Upload/Upload.asp?UPLDIdObjeto=694&UPLDIdSigla=2385&UPLDAtras=http://190.27.245.106/ISOlucionSDA/NoConformidadISOlucion.asp&UPLDQuerystring=Id_NoConformidad=694[[]]CodtipoNoConf=4&UPLDObjeto=NoConformidad&UPLDSigla=SeguimientoPlan&UPLDRuta=694&UPLDTemporalArchivo= HTTP/1.1" 200 11427
186.145.149.101 - - [04/Oct/2015:12:54:34 -0500] "GET /galeria/galeria/jquery.fancybox.css?v=2.1.5 HTTP/1.1" 200 4895
186.145.149.101 - - [04/Oct/2015:12:54:34 -0500] "GET /BLA/boletinlegal/js/jquery.scrollShow.js HTTP/1.1" 200 4586
186.145.149.101 - - [04/Oct/2015:12:54:34 -0500] "GET /galeria/galeria/jquery.fancybox.js?v=2.1.5 HTTP/1.1" 200 48706
190.252.141.214 - - [04/Oct/2015:12:54:40 -0500] "GET /galeria/galeria/fotos/Humedal-Santa-Mar%C3%ADa-del-Lago1G.jpg HTTP/1.1" 200 290867
66.249.65.227 - - [04/Oct/2015:12:54:40 -0500] "GET /BLA/resoluciones/RESOLUCIONES%202010/6593.pdf HTTP/1.1" 200 529844
190.158.8.125 - - [04/Oct/2015:12:54:50 -0500] "POST /ISOlucionSDA/Administracion/Upload/UploadArchivo.asp HTTP/1.1" 302 223
190.158.8.125 - - [04/Oct/2015:12:54:52 -0500] "GET /ISOlucionSDA/NoConformidadISOlucion.asp?Id_NoConformidad=694&CodtipoNoConf=4 HTTP/1.1" 200 113520
190.252.141.214 - - [04/Oct/2015:12:54:54 -0500] "GET /galeria/galeria/fotos/Humedal-Santa-Mar%C3%ADa-del-Lago4G.jpg HTTP/1.1" 200 361652
66.249.65.220 - - [04/Oct/2015:12:55:06 -0500] "GET /BLA/resoluciones/RESOLUCIONES%202010/6849.pdf HTTP/1.1" 200 201329
66.249.65.51 - - [04/Oct/2015:12:55:13 -0500] "GET /PruebasSTORM/StormSDA_pruebas/stormWeb/img/ HTTP/1.1" 200 2988
66.249.65.227 - - [04/Oct/2015:12:55:32 -0500] "GET /BLA/resoluciones/RESOLUCIONES%202010/6457.pdf HTTP/1.1" 200 285004
201.245.192.253 - - [04/Oct/2015:12:55:38 -0500] "POST /forms/lservlet;jsessionid=ac16012b30d62e507505f2c64e898405c7619f87fb44.e3iSbxaKaheRe38Ka34Oa3eLbxf0n6jAmljGr5XDqQLvpAe HTTP/1.1" 200 2
186.30.129.187 - - [04/Oct/2015:12:55:53 -0500] "GET /galeria/galeria/jquery.fancybox.css?v=2.1.5 HTTP/1.1" 200 4895
186.30.129.187 - - [04/Oct/2015:12:55:53 -0500] "GET /BLA/boletinlegal/js/jquery.scrollShow.js HTTP/1.1" 200 4586
186.30.129.187 - - [04/Oct/2015:12:55:53 -0500] "GET /galeria/galeria/jquery.fancybox.js?v=2.1.5 HTTP/1.1" 200 48706
181.192.192.214 - - [04/Oct/2015:12:55:57 -0500] "GET /galeria/galeria/jquery.fancybox.css?v=2.1.5 HTTP/1.1" 200 4895
181.192.192.214 - - [04/Oct/2015:12:55:57 -0500] "GET /BLA/boletinlegal/js/jquery.scrollShow.js HTTP/1.1" 200 4586
181.192.192.214 - - [04/Oct/2015:12:55:57 -0500] "GET /galeria/galeria/jquery.fancybox.js?v=2.1.5 HTTP/1.1" 200 48706
190.252.132.136 - - [04/Oct/2015:12:55:58 -0500] "GET /POT-2013/Cartografia/16_Sistema%20de%20Movilidad_Subsistema%20de%20Transporte_SITP_FEB.pdf HTTP/1.1" 200 6510656
190.252.132.136 - - [04/Oct/2015:12:55:58 -0500] "GET /favicon.ico HTTP/1.1" 200 7782
66.249.65.213 - - [04/Oct/2015:12:55:58 -0500] "GET /BLA/resoluciones/RESOLUCIONES%202010/6416.pdf HTTP/1.1" 200 440864
190.252.132.136 - - [04/Oct/2015:12:55:58 -0500] "GET /POT-2013/Cartografia/16_Sistema%20de%20Movilidad_Subsistema%20de%20Transporte_SITP_FEB.pdf HTTP/1.1" 206 32768
190.252.132.136 - - [04/Oct/2015:12:55:59 -0500] "GET /POT-2013/Cartografia/16_Sistema%20de%20Movilidad_Subsistema%20de%20Transporte_SITP_FEB.pdf HTTP/1.1" 206 6477888
190.252.132.136 - - [04/Oct/2015:12:56:07 -0500] "GET /POT-2013/Cartografia/ANEXO2_ZAC.pdf HTTP/1.1" 200 3835541
190.252.132.136 - - [04/Oct/2015:12:56:08 -0500] "GET /POT-2013/Cartografia/ANEXO2_ZAC.pdf HTTP/1.1" 206 32768
190.252.132.136 - - [04/Oct/2015:12:56:08 -0500] "GET /POT-2013/Cartografia/ANEXO2_ZAC.pdf HTTP/1.1" 206 3802773
186.30.129.187 - - [04/Oct/2015:12:56:13 -0500] "GET /galeria/galeria/jquery.fancybox.css?v=2.1.5 HTTP/1.1" 304 -
186.30.129.187 - - [04/Oct/2015:12:56:13 -0500] "GET /BLA/boletinlegal/js/jquery.scrollShow.js HTTP/1.1" 304 -
186.30.129.187 - - [04/Oct/2015:12:56:13 -0500] "GET /galeria/galeria/jquery.fancybox.js?v=2.1.5 HTTP/1.1" 304 -
190.252.132.136 - - [04/Oct/2015:12:56:19 -0500] "GET /POT-2013/Cartografia/33_UPZ_2013_V1.pdf HTTP/1.1" 200 4878906
190.252.132.136 - - [04/Oct/2015:12:56:20 -0500] "GET /POT-2013/Cartografia/33_UPZ_2013_V1.pdf HTTP/1.1" 206 32768
190.252.132.136 - - [04/Oct/2015:12:56:20 -0500] "GET /POT-2013/Cartografia/33_UPZ_2013_V1.pdf HTTP/1.1" 206 4846138
66.249.65.213 - - [04/Oct/2015:12:56:24 -0500] "GET /BLA/resoluciones/RESOLUCIONES%202010/5696.pdf HTTP/1.1" 200 93082
66.249.65.213 - - [04/Oct/2015:12:56:26 -0500] "GET /BLA/resoluciones/RESOLUCIONES%202010/6538.pdf HTTP/1.1" 200 75943
186.28.142.201 - - [04/Oct/2015:12:56:29 -0500] "GET /POT-2013/Cartografia/36_Est_Funcional_servicios_Est_Socioeconomica_Espacial%20Area%20.pdf HTTP/1.1" 200 2689602
186.28.142.201 - - [04/Oct/2015:12:56:30 -0500] "GET /favicon.ico HTTP/1.1" 200 7782
66.249.65.227 - - [04/Oct/2015:12:56:50 -0500] "GET /BLA/resoluciones/RESOLUCIONES%202010/6597.pdf HTTP/1.1" 200 294224
190.252.132.136 - - [04/Oct/2015:12:57:06 -0500] "GET /POT-2013/Cartografia/ANEXO2_ZAC.pdf HTTP/1.1" 206 2421344
186.28.142.201 - - [04/Oct/2015:12:57:28 -0500] "GET /POT-2013/Cartografia/36_Est_Funcional_servicios_Est_Socioeconomica_Espacial%20Area%20.pdf HTTP/1.1" 206 32768
186.28.142.201 - - [04/Oct/2015:12:57:28 -0500] "GET /POT-2013/Cartografia/36_Est_Funcional_servicios_Est_Socioeconomica_Espacial%20Area%20.pdf HTTP/1.1" 206 2656834
201.245.192.253 - - [04/Oct/2015:12:57:39 -0500] "POST /forms/lservlet;jsessionid=ac16012b30d62e507505f2c64e898405c7619f87fb44.e3iSbxaKaheRe38Ka34Oa3eLbxf0n6jAmljGr5XDqQLvpAe HTTP/1.1" 200 2
66.249.65.220 - - [04/Oct/2015:12:57:42 -0500] "GET /BLA/resoluciones/RESOLUCIONES%202010/5968.pdf HTTP/1.1" 200 324246
66.249.65.213 - - [04/Oct/2015:12:57:43 -0500] "GET /BLA/resoluciones/RESOLUCIONES%202010/6573.pdf HTTP/1.1" 200 2006727
190.252.132.136 - - [04/Oct/2015:12:58:01 -0500] "GET /POT-2013/index.php?dir=Cartografia%2F HTTP/1.1" 200 11465
190.252.132.136 - - [04/Oct/2015:12:58:08 -0500] "GET /POT-2013/Cartografia/18_Sistema%20de%20Movilidad_Subsistema%20de%20Transporte_Corredores%20.pdf HTTP/1.1" 200 3570800
66.249.65.227 - - [04/Oct/2015:12:58:09 -0500] "GET /BLA/resoluciones/RESOLUCIONES%202010/6642.pdf HTTP/1.1" 200 376579
190.252.132.136 - - [04/Oct/2015:12:58:09 -0500] "GET /POT-2013/Cartografia/19_Sistema%20de%20Acueducto_FEB.pdf HTTP/1.1" 206 4207030
190.252.132.136 - - [04/Oct/2015:12:58:12 -0500] "GET /POT-2013/Cartografia/18_Sistema%20de%20Movilidad_Subsistema%20de%20Transporte_Corredores%20.pdf HTTP/1.1" 206 32768
190.252.132.136 - - [04/Oct/2015:12:58:12 -0500] "GET /POT-2013/Cartografia/18_Sistema%20de%20Movilidad_Subsistema%20de%20Transporte_Corredores%20.pdf HTTP/1.1" 206 3538032
190.252.132.136 - - [04/Oct/2015:12:58:17 -0500] "GET /POT-2013/Cartografia/19_Sistema%20de%20Acueducto_FEB.pdf HTTP/1.1" 206 3755841
66.249.65.220 - - [04/Oct/2015:12:58:35 -0500] "GET /BLA/resoluciones/RESOLUCIONES%202009/3511.pdf HTTP/1.1" 200 699318
190.252.229.8 - - [04/Oct/2015:12:58:46 -0500] "GET /BLA/boletinlegal/js/jquery.scrollShow.js HTTP/1.1" 200 4586
190.252.229.8 - - [04/Oct/2015:12:58:46 -0500] "GET /galeria/galeria/jquery.fancybox.css?v=2.1.5 HTTP/1.1" 200 4895
190.252.229.8 - - [04/Oct/2015:12:58:46 -0500] "GET /galeria/galeria/jquery.fancybox.js?v=2.1.5 HTTP/1.1" 200 48706
190.158.8.125 - - [04/Oct/2015:12:58:45 -0500] "POST /ISOlucionSDA/NoConformidadISOlucion.asp HTTP/1.1" 200 118617
190.252.132.136 - - [04/Oct/2015:12:58:57 -0500] "GET /POT-2013/index.php?dir=Cartografia%2F HTTP/1.1" 200 11465
66.249.65.227 - - [04/Oct/2015:12:59:01 -0500] "GET /BLA/resoluciones/AUTOS%202011/2255.pdf HTTP/1.1" 200 159509
190.252.132.136 - - [04/Oct/2015:12:59:02 -0500] "GET /POT-2013/Cartografia/21_Sistema%20General%20para%20la%20Gesti%C3%B3n%20y%20Manejo%20Integral%20de%20Resi.pdf HTTP/1.1" 200 3540919
190.252.132.136 - - [04/Oct/2015:12:59:03 -0500] "GET /POT-2013/Cartografia/22_Sistema%20de%20Gas%20Natural_FEB.pdf HTTP/1.1" 200 4131653
74.86.158.107 - - [04/Oct/2015:12:59:03 -0500] "HEAD / HTTP/1.1" 200 -
190.252.132.136 - - [04/Oct/2015:12:59:05 -0500] "GET /POT-2013/Cartografia/23_Sistema%20de%20Energia_FEB.pdf HTTP/1.1" 200 4904909
190.252.132.136 - - [04/Oct/2015:12:59:06 -0500] "GET /POT-2013/Cartografia/24_Sistema%20de%20las%20Tecnologias%20de%20la%20Informacion%20y%20las%20Comuni.pdf HTTP/1.1" 200 5212859
190.252.132.136 - - [04/Oct/2015:12:59:07 -0500] "GET /POT-2013/Cartografia/25_Sistema_Equipamientos_Existentes_2013_V1.pdf HTTP/1.1" 200 4239909
190.252.229.8 - - [04/Oct/2015:12:59:08 -0500] "GET /BLA/boletinlegal/js/jquery.scrollShow.js HTTP/1.1" 304 -
190.252.229.8 - - [04/Oct/2015:12:59:08 -0500] "GET /galeria/galeria/jquery.fancybox.css?v=2.1.5 HTTP/1.1" 304 -
190.252.229.8 - - [04/Oct/2015:12:59:08 -0500] "GET /galeria/galeria/jquery.fancybox.js?v=2.1.5 HTTP/1.1" 304 -
190.252.132.136 - - [04/Oct/2015:12:59:09 -0500] "GET /POT-2013/Cartografia/26_Espacio_Publico_2013_V1.pdf HTTP/1.1" 200 3519741
190.252.132.136 - - [04/Oct/2015:12:59:17 -0500] "GET /POT-2013/Cartografia/27_Estructura_Sociespacial_2013.pdf HTTP/1.1" 200 3860071
190.252.132.136 - - [04/Oct/2015:12:59:18 -0500] "GET /POT-2013/Cartografia/30_PATRIMONIO_CULTURAL.pdf HTTP/1.1" 200 2804509
190.252.132.136 - - [04/Oct/2015:12:59:20 -0500] "GET /POT-2013/Cartografia/21_Sistema%20General%20para%20la%20Gesti%C3%B3n%20y%20Manejo%20Integral%20de%20Resi.pdf HTTP/1.1" 206 32768
190.252.132.136 - - [04/Oct/2015:12:59:20 -0500] "GET /POT-2013/Cartografia/22_Sistema%20de%20Gas%20Natural_FEB.pdf HTTP/1.1" 206 32768
66.249.93.164 - - [04/Oct/2015:12:59:21 -0500] "GET /BLA/boletinlegal/js/jquery.scrollShow.js HTTP/1.1" 200 4586
66.249.93.164 - - [04/Oct/2015:12:59:21 -0500] "GET /galeria/galeria/jquery.fancybox.css?v=2.1.5 HTTP/1.1" 200 4895
66.249.93.160 - - [04/Oct/2015:12:59:21 -0500] "GET /galeria/galeria/jquery.fancybox.js?v=2.1.5 HTTP/1.1" 200 48706
190.252.132.136 - - [04/Oct/2015:12:59:21 -0500] "GET /POT-2013/Cartografia/23_Sistema%20de%20Energia_FEB.pdf HTTP/1.1" 206 32768
190.252.132.136 - - [04/Oct/2015:12:59:21 -0500] "GET /POT-2013/Cartografia/24_Sistema%20de%20las%20Tecnologias%20de%20la%20Informacion%20y%20las%20Comuni.pdf HTTP/1.1" 206 32768
190.252.132.136 - - [04/Oct/2015:12:59:22 -0500] "GET /POT-2013/Cartografia/25_Sistema_Equipamientos_Existentes_2013_V1.pdf HTTP/1.1" 206 32768
190.252.132.136 - - [04/Oct/2015:12:59:22 -0500] "GET /POT-2013/Cartografia/21_Sistema%20General%20para%20la%20Gesti%C3%B3n%20y%20Manejo%20Integral%20de%20Resi.pdf HTTP/1.1" 206 3508151
190.252.132.136 - - [04/Oct/2015:12:59:22 -0500] "GET /POT-2013/Cartografia/26_Espacio_Publico_2013_V1.pdf HTTP/1.1" 206 32768
190.252.132.136 - - [04/Oct/2015:12:59:22 -0500] "GET /POT-2013/Cartografia/23_Sistema%20de%20Energia_FEB.pdf HTTP/1.1" 206 4872141
190.252.132.136 - - [04/Oct/2015:12:59:23 -0500] "GET /POT-2013/Cartografia/24_Sistema%20de%20las%20Tecnologias%20de%20la%20Informacion%20y%20las%20Comuni.pdf HTTP/1.1" 206 5180091
190.252.132.136 - - [04/Oct/2015:12:59:23 -0500] "GET /POT-2013/Cartografia/26_Espacio_Publico_2013_V1.pdf HTTP/1.1" 206 3486973
190.252.132.136 - - [04/Oct/2015:12:59:24 -0500] "GET /POT-2013/Cartografia/25_Sistema_Equipamientos_Existentes_2013_V1.pdf HTTP/1.1" 206 4207141
66.249.81.204 - - [04/Oct/2015:12:59:26 -0500] "GET /galeria/galeria/jquery.fancybox.css?v=2.1.5 HTTP/1.1" 200 4895
66.249.81.207 - - [04/Oct/2015:12:59:26 -0500] "GET /BLA/boletinlegal/js/jquery.scrollShow.js HTTP/1.1" 200 4586
66.249.81.207 - - [04/Oct/2015:12:59:26 -0500] "GET /galeria/galeria/jquery.fancybox.js?v=2.1.5 HTTP/1.1" 200 48706
66.249.93.164 - - [04/Oct/2015:12:59:26 -0500] "GET /galeria/galeria/jquery.fancybox.js?v=2.1.5 HTTP/1.1" 304 -
66.249.93.156 - - [04/Oct/2015:12:59:26 -0500] "GET /BLA/boletinlegal/js/jquery.scrollShow.js HTTP/1.1" 304 -
66.249.93.156 - - [04/Oct/2015:12:59:26 -0500] "GET /galeria/galeria/jquery.fancybox.css?v=2.1.5 HTTP/1.1" 304 -
66.249.65.213 - - [04/Oct/2015:12:59:27 -0500] "GET /BLA/resoluciones/RESOLUCIONES%202010/5958.pdf HTTP/1.1" 200 325510
190.252.132.136 - - [04/Oct/2015:12:59:31 -0500] "GET /POT-2013/Cartografia/27_Estructura_Sociespacial_2013.pdf HTTP/1.1" 206 32768
66.249.81.204 - - [04/Oct/2015:12:59:31 -0500] "GET /galeria/galeria/jquery.fancybox.css?v=2.1.5 HTTP/1.1" 304 -
66.249.81.207 - - [04/Oct/2015:12:59:31 -0500] "GET /galeria/galeria/jquery.fancybox.js?v=2.1.5 HTTP/1.1" 304 -
66.249.81.207 - - [04/Oct/2015:12:59:31 -0500] "GET /BLA/boletinlegal/js/jquery.scrollShow.js HTTP/1.1" 304 -
190.252.132.136 - - [04/Oct/2015:12:59:32 -0500] "GET /POT-2013/Cartografia/28_USOS%20Y%20AREAS%20DE%20ACTIVIDAD.pdf HTTP/1.1" 200 3754922
190.252.132.136 - - [04/Oct/2015:12:59:33 -0500] "GET /POT-2013/Cartografia/22_Sistema%20de%20Gas%20Natural_FEB.pdf HTTP/1.1" 206 4098885
66.220.158.114 - - [04/Oct/2015:12:59:36 -0500] "GET /wp-content/uploads/2015/08/carta-fot.png HTTP/1.1" 301 364
201.245.192.253 - - [04/Oct/2015:12:59:39 -0500] "POST /forms/lservlet;jsessionid=ac16012b30d62e507505f2c64e898405c7619f87fb44.e3iSbxaKaheRe38Ka34Oa3eLbxf0n6jAmljGr5XDqQLvpAe HTTP/1.1" 200 2
190.158.8.125 - - [04/Oct/2015:12:59:40 -0500] "GET /isolucionsda/Session.asp HTTP/1.1" 200 6197
66.249.65.227 - - [04/Oct/2015:12:59:53 -0500] "GET /BLA/resoluciones/RESOLUCIONES%202010/6362.pdf HTTP/1.1" 200 1766860
190.252.132.136 - - [04/Oct/2015:12:59:59 -0500] "GET /POT-2013/Cartografia/30_PATRIMONIO_CULTURAL.pdf HTTP/1.1" 206 32768
190.252.132.136 - - [04/Oct/2015:13:00:00 -0500] "GET /POT-2013/Cartografia/27_Estructura_Sociespacial_2013.pdf HTTP/1.1" 206 3827303
190.252.132.136 - - [04/Oct/2015:13:00:11 -0500] "GET /POT-2013/Cartografia/28_USOS%20Y%20AREAS%20DE%20ACTIVIDAD.pdf HTTP/1.1" 206 32768
190.252.132.136 - - [04/Oct/2015:13:00:12 -0500] "GET /POT-2013/Cartografia/30_PATRIMONIO_CULTURAL.pdf HTTP/1.1" 206 2771741
66.249.65.220 - - [04/Oct/2015:13:00:19 -0500] "GET /BLA/resoluciones/RESOLUCIONES%202010/6611.pdf HTTP/1.1" 200 316908
190.158.8.125 - - [04/Oct/2015:13:00:30 -0500] "GET /ISOlucionSDA/Administracion/AnexoEdicion.asp?Objeto=NoConformidad&Sigla=SeguimientoPlan&IdObjeto=694&IdSigla=2386&Titulo=Registros&UPLDAtras=http://190.27.245.106/ISOlucionSDA/NoConformidadISOlucion.asp&UPLDQuerystring=Id_NoConformidad=694[[]]CodtipoNoConf=4&Modo=Edicion&Target=_blank&RutaAdicional=694&Formato=Largo HTTP/1.1" 302 463
190.158.8.125 - - [04/Oct/2015:13:00:30 -0500] "GET /ISOlucionSDA/Administracion/Upload/Upload.asp?UPLDIdObjeto=694&UPLDIdSigla=2386&UPLDAtras=http://190.27.245.106/ISOlucionSDA/NoConformidadISOlucion.asp&UPLDQuerystring=Id_NoConformidad=694[[]]CodtipoNoConf=4&UPLDObjeto=NoConformidad&UPLDSigla=SeguimientoPlan&UPLDRuta=694&UPLDTemporalArchivo= HTTP/1.1" 200 11427
190.252.132.136 - - [04/Oct/2015:13:00:32 -0500] "GET /POT-2013/Cartografia/28_USOS%20Y%20AREAS%20DE%20ACTIVIDAD.pdf HTTP/1.1" 206 3722154
189.228.49.183 - - [04/Oct/2015:13:00:41 -0500] "GET /galeria/galeria/jquery.fancybox.css?v=2.1.5 HTTP/1.1" 200 4895
189.228.49.183 - - [04/Oct/2015:13:00:41 -0500] "GET /galeria/galeria/jquery.fancybox.js?v=2.1.5 HTTP/1.1" 200 48706
189.228.49.183 - - [04/Oct/2015:13:00:42 -0500] "GET /BLA/boletinlegal/js/jquery.scrollShow.js HTTP/1.1" 200 4586
66.249.65.213 - - [04/Oct/2015:13:00:45 -0500] "GET /BLA/resoluciones/RESOLUCIONES%202010/5765.pdf HTTP/1.1" 200 411951
189.228.49.183 - - [04/Oct/2015:13:00:50 -0500] "GET /galeria/galeria/jquery.fancybox.css?v=2.1.5 HTTP/1.1" 304 -
189.228.49.183 - - [04/Oct/2015:13:00:50 -0500] "GET /galeria/galeria/jquery.fancybox.js?v=2.1.5 HTTP/1.1" 304 -
189.228.49.183 - - [04/Oct/2015:13:00:50 -0500] "GET /BLA/boletinlegal/js/jquery.scrollShow.js HTTP/1.1" 304 -
190.158.8.125 - - [04/Oct/2015:13:00:50 -0500] "POST /ISOlucionSDA/Administracion/Upload/UploadArchivo.asp HTTP/1.1" 302 223
190.158.8.125 - - [04/Oct/2015:13:00:53 -0500] "GET /ISOlucionSDA/NoConformidadISOlucion.asp?Id_NoConformidad=694&CodtipoNoConf=4 HTTP/1.1" 200 119056
190.8.201.73 - - [04/Oct/2015:13:00:59 -0500] "GET /BLA/boletinlegal/js/jquery.scrollShow.js HTTP/1.1" 200 4586
190.8.201.73 - - [04/Oct/2015:13:00:59 -0500] "GET /galeria/galeria/jquery.fancybox.css?v=2.1.5 HTTP/1.1" 200 4895
190.8.201.73 - - [04/Oct/2015:13:00:59 -0500] "GET /galeria/galeria/jquery.fancybox.js?v=2.1.5 HTTP/1.1" 200 48706
190.158.8.125 - - [04/Oct/2015:13:01:02 -0500] "GET /ISOlucionSDA/Administracion/AnexoEdicion.asp?Objeto=NoConformidad&Sigla=SeguimientoPlan&IdObjeto=694&IdSigla=2386&Titulo=Registros&UPLDAtras=http://190.27.245.106/ISOlucionSDA/NoConformidadISOlucion.asp&UPLDQuerystring=Id_NoConformidad=694[[]]CodtipoNoConf=4&Modo=Edicion&Target=_blank&RutaAdicional=694&Formato=Largo HTTP/1.1" 200 9911
190.158.8.125 - - [04/Oct/2015:13:01:02 -0500] "GET /ISOlucionSDA/Administracion/0 HTTP/1.1" 404 1245
190.8.201.73 - - [04/Oct/2015:13:01:03 -0500] "GET /BLA/boletinlegal/js/jquery.scrollShow.js HTTP/1.1" 304 -
190.8.201.73 - - [04/Oct/2015:13:01:03 -0500] "GET /galeria/galeria/jquery.fancybox.css?v=2.1.5 HTTP/1.1" 304 -
190.8.201.73 - - [04/Oct/2015:13:01:03 -0500] "GET /galeria/galeria/jquery.fancybox.js?v=2.1.5 HTTP/1.1" 304 -
190.158.8.125 - - [04/Oct/2015:13:01:03 -0500] "GET /ISOlucionSDA/Administracion/Upload/Upload.asp?UPLDIdObjeto=694&UPLDAtras=http://190.27.245.106/ISOlucionSDA/NoConformidadISOlucion.asp&UPLDQuerystring=Id_NoConformidad=694[[]]CodtipoNoConf=4&UPLDObjeto=NoConformidad&UPLDSigla=SeguimientoPlan&UPLDRuta=694&UPLDTemporalArchivo=&UPLDIdSigla=2386 HTTP/1.1" 200 11427
66.249.65.51 - - [04/Oct/2015:13:01:08 -0500] "GET /PruebasSTORM/StormSDA_pruebas/stormWeb/img/logo.png HTTP/1.1" 200 43741
66.249.65.48 - - [04/Oct/2015:13:01:10 -0500] "GET /PruebasSTORM/StormSDA_pruebas/stormWeb/img/nuevo.gif HTTP/1.1" 200 320
66.249.65.220 - - [04/Oct/2015:13:01:12 -0500] "GET /BLA/resoluciones/RESOLUCIONES%202009/7017.pdf HTTP/1.1" 200 723085
190.252.132.136 - - [04/Oct/2015:13:01:14 -0500] "GET /POT-2013/Cartografia/28_USOS%20Y%20AREAS%20DE%20ACTIVIDAD.pdf HTTP/1.1" 200 3754922
66.249.65.51 - - [04/Oct/2015:13:01:15 -0500] "GET /PruebasSTORM/StormSDA_pruebas/stormWeb/img/nombre.png HTTP/1.1" 200 24401
190.158.8.125 - - [04/Oct/2015:13:01:14 -0500] "POST /ISOlucionSDA/Administracion/Upload/UploadArchivo.asp HTTP/1.1" 302 223
190.252.132.136 - - [04/Oct/2015:13:01:17 -0500] "GET /POT-2013/Cartografia/28_USOS%20Y%20AREAS%20DE%20ACTIVIDAD.pdf HTTP/1.1" 200 3754922
190.158.8.125 - - [04/Oct/2015:13:01:16 -0500] "GET /ISOlucionSDA/NoConformidadISOlucion.asp?Id_NoConformidad=694&CodtipoNoConf=4 HTTP/1.1" 200 119377
66.249.88.233 - - [04/Oct/2015:13:01:18 -0500] "GET /galeria/carrusel/Carrusel/jquery.thumbnailScroller.css HTTP/1.1" 200 2066
66.249.88.233 - - [04/Oct/2015:13:01:18 -0500] "GET /BLA/boletinlegal/js/jquery.scrollShow.js HTTP/1.1" 200 4586
66.249.88.228 - - [04/Oct/2015:13:01:18 -0500] "GET /galeria/galeria/jquery.fancybox.css?v=2.1.5 HTTP/1.1" 200 4895
66.249.88.233 - - [04/Oct/2015:13:01:18 -0500] "GET /galeria/galeria/jquery.fancybox.js?v=2.1.5 HTTP/1.1" 200 48706
66.249.88.233 - - [04/Oct/2015:13:01:18 -0500] "GET /galeria/carrusel/Carrusel/jquery.thumbnailScroller.js HTTP/1.1" 200 8157
66.249.88.223 - - [04/Oct/2015:13:01:19 -0500] "GET /galeria/carrusel/Carrusel/jquery-ui-1.8.13.custom.min.js HTTP/1.1" 200 10800
190.158.8.125 - - [04/Oct/2015:13:01:22 -0500] "GET /ISOlucionSDA/BancoAnexo/NoConformidad/SeguimientoPlan/694/694/2015ie184673%20rta%20oci0.docx HTTP/1.1" 200 192622
190.252.132.136 - - [04/Oct/2015:13:01:33 -0500] "GET /POT-2013/Cartografia/28_USOS%20Y%20AREAS%20DE%20ACTIVIDAD.pdf HTTP/1.1" 200 3754922
181.140.90.115 - - [04/Oct/2015:13:01:37 -0500] "GET /galeria/galeria/jquery.fancybox.css?v=2.1.5 HTTP/1.1" 200 4895
181.140.90.115 - - [04/Oct/2015:13:01:37 -0500] "GET /galeria/galeria/jquery.fancybox.js?v=2.1.5 HTTP/1.1" 200 48706
181.140.90.115 - - [04/Oct/2015:13:01:37 -0500] "GET /BLA/boletinlegal/js/jquery.scrollShow.js HTTP/1.1" 200 4586
66.249.65.220 - - [04/Oct/2015:13:01:38 -0500] "GET /BLA/resoluciones/RESOLUCIONES%202010/6390.pdf HTTP/1.1" 200 525506
190.252.132.136 - - [04/Oct/2015:13:01:38 -0500] "GET /POT-2013/index.php?dir=Cartografia%2F HTTP/1.1" 200 11465
201.245.192.253 - - [04/Oct/2015:13:01:39 -0500] "POST /forms/lservlet;jsessionid=ac16012b30d62e507505f2c64e898405c7619f87fb44.e3iSbxaKaheRe38Ka34Oa3eLbxf0n6jAmljGr5XDqQLvpAe HTTP/1.1" 200 2
190.242.75.2 - - [04/Oct/2015:13:01:42 -0500] "GET /galeria/nivo-slider/demo/demo.html HTTP/1.1" 200 3905
190.242.75.2 - - [04/Oct/2015:13:01:43 -0500] "GET /galeria/nivo-slider/themes/default/default.css HTTP/1.1" 200 1569
190.242.75.2 - - [04/Oct/2015:13:01:43 -0500] "GET /galeria/nivo-slider/themes/pascal/pascal.css HTTP/1.1" 200 2258
190.242.75.2 - - [04/Oct/2015:13:01:43 -0500] "GET /galeria/nivo-slider/themes/orman/orman.css HTTP/1.1" 200 2152
190.252.132.136 - - [04/Oct/2015:13:01:43 -0500] "GET /POT-2013/Cartografia/31_TRATAMIENTO_DE_CONSERVACION.pdf HTTP/1.1" 200 3564866
190.242.75.2 - - [04/Oct/2015:13:01:43 -0500] "GET /galeria/nivo-slider/nivo-slider.css HTTP/1.1" 200 1507
190.158.8.125 - - [04/Oct/2015:13:01:42 -0500] "GET /ISOlucionSDA/BancoAnexo/NoConformidad/SeguimientoPlan/694/694/2015ie175922%20ampliacion%20de%20plazo0.docx HTTP/1.1" 200 232828
190.242.75.2 - - [04/Oct/2015:13:01:43 -0500] "GET /galeria/nivo-slider/demo/style.css HTTP/1.1" 200 2222
