191.95.250.164 - - [04/Oct/2015:12:17:13 -0500] "GET /galeria/carrusel/Carrusel/jquery-ui-1.8.13.custom.min.js HTTP/1.1" 200 10800
191.95.250.164 - - [04/Oct/2015:12:17:13 -0500] "GET /galeria/carrusel/Carrusel/jquery.thumbnailScroller.js HTTP/1.1" 200 8157
66.249.65.213 - - [04/Oct/2015:12:17:27 -0500] "GET /BLA/resoluciones/RESOLUCIONES%202010/5735.pdf HTTP/1.1" 200 92230
190.84.78.198 - - [04/Oct/2015:12:17:30 -0500] "GET /crossdomain.xml HTTP/1.1" 404 1280
190.84.78.198 - - [04/Oct/2015:12:17:30 -0500] "GET /arcgis/services/Calidad_del_Agua_WQI/MapServer/WMSServer?VERSION=1%2E1%2E1&SRS=EPSG%3A4686&REQUEST=GetMap&FORMAT=image%2Fpng&BBOX=%2D74%2E09685943957889%2C4%2E6104952191456805%2C%2D74%2E08060772090907%2C4%2E618145186279425&HEIGHT=643&STYLES=&LAYERS=3%2C4%2C5%2C6%2C7&WIDTH=1366&TRANSPARENT=TRUE&SERVICE=WMS HTTP/1.1" 200 4932
191.95.250.164 - - [04/Oct/2015:12:17:34 -0500] "GET /galeria/nivo-slider/demo/demo.html HTTP/1.1" 200 3905
201.245.192.253 - - [04/Oct/2015:12:17:34 -0500] "POST /forms/lservlet;jsessionid=ac16012b30d62e507505f2c64e898405c7619f87fb44.e3iSbxaKaheRe38Ka34Oa3eLbxf0n6jAmljGr5XDqQLvpAe HTTP/1.1" 200 2
191.95.250.164 - - [04/Oct/2015:12:17:35 -0500] "GET /galeria/nivo-slider/themes/default/default.css HTTP/1.1" 200 1569
190.138.254.60 - - [04/Oct/2015:12:16:37 -0500] "HEAD /BLA/boletinlegal/index.php HTTP/1.1" 200 -
191.95.250.164 - - [04/Oct/2015:12:17:38 -0500] "GET /galeria/nivo-slider/themes/pascal/pascal.css HTTP/1.1" 200 2258
191.95.250.164 - - [04/Oct/2015:12:17:38 -0500] "GET /galeria/nivo-slider/themes/orman/orman.css HTTP/1.1" 200 2152
191.95.250.164 - - [04/Oct/2015:12:17:38 -0500] "GET /galeria/nivo-slider/nivo-slider.css HTTP/1.1" 200 1507
191.95.250.164 - - [04/Oct/2015:12:17:38 -0500] "GET /galeria/nivo-slider/demo/style.css HTTP/1.1" 200 2222
191.95.250.164 - - [04/Oct/2015:12:17:38 -0500] "GET /galeria/nivo-slider/demo/images/La-SDA-se-suma-a-la-Gran-Movilizacion.jpg HTTP/1.1" 200 92233
191.95.250.164 - - [04/Oct/2015:12:17:39 -0500] "GET /galeria/nivo-slider/demo/images/simulacro-nacional.jpg HTTP/1.1" 200 241925
191.95.250.164 - - [04/Oct/2015:12:17:41 -0500] "GET /galeria/nivo-slider/demo/images/simulacro-busqueda-rescate-urbano.jpg HTTP/1.1" 200 251375
191.95.250.164 - - [04/Oct/2015:12:17:42 -0500] "GET /galeria/nivo-slider/demo/images/Semana-PYBA.jpg HTTP/1.1" 200 103786
191.95.250.164 - - [04/Oct/2015:12:17:42 -0500] "GET /galeria/nivo-slider/demo/images/Plan-Quinquenal.jpg HTTP/1.1" 200 412438
191.95.250.164 - - [04/Oct/2015:12:17:42 -0500] "GET /galeria/nivo-slider/demo/images/PREDAcamp.jpg HTTP/1.1" 200 295358
66.249.65.213 - - [04/Oct/2015:12:17:53 -0500] "GET /BLA/resoluciones/RESOLUCIONES%202010/6448.pdf HTTP/1.1" 200 83779
191.110.162.64 - - [04/Oct/2015:12:17:57 -0500] "GET /BLA/boletinlegal/js/jquery.scrollShow.js HTTP/1.1" 200 4586
190.84.78.198 - - [04/Oct/2015:12:17:58 -0500] "GET /crossdomain.xml HTTP/1.1" 404 1280
190.84.78.198 - - [04/Oct/2015:12:17:58 -0500] "GET /arcgis/services/Calidad_del_Agua_WQI/MapServer/WMSServer?VERSION=1%2E1%2E1&SRS=EPSG%3A4686&REQUEST=GetMap&FORMAT=image%2Fpng&BBOX=%2D74%2E09557215444704%2C4%2E609780974400812%2C%2D74%2E07932043577722%2C4%2E617430941534557&HEIGHT=643&STYLES=&LAYERS=3%2C4%2C5%2C6%2C7&WIDTH=1366&TRANSPARENT=TRUE&SERVICE=WMS HTTP/1.1" 200 4932
191.110.162.64 - - [04/Oct/2015:12:17:59 -0500] "GET /galeria/galeria/jquery.fancybox.css?v=2.1.5 HTTP/1.1" 200 4895
191.110.162.64 - - [04/Oct/2015:12:18:00 -0500] "GET /galeria/galeria/jquery.fancybox.js?v=2.1.5 HTTP/1.1" 200 48706
180.76.15.146 - - [04/Oct/2015:12:18:03 -0500] "GET /SIG/Direccionamiento%20Estrategico/126PG01-PR15.pdf HTTP/1.1" 200 1834903
190.158.8.125 - - [04/Oct/2015:12:18:14 -0500] "POST /ISOlucionSDA/NotaMejora.asp HTTP/1.1" 200 102194
190.138.254.60 - - [04/Oct/2015:12:17:22 -0500] "HEAD /BLA/boletinlegal/index.php HTTP/1.1" 200 -
66.249.65.213 - - [04/Oct/2015:12:18:19 -0500] "GET /BLA/resoluciones/RESOLUCIONES%202010/6423.pdf HTTP/1.1" 200 1420470
190.84.78.198 - - [04/Oct/2015:12:18:20 -0500] "GET /crossdomain.xml HTTP/1.1" 404 1280
190.84.78.198 - - [04/Oct/2015:12:18:20 -0500] "GET /arcgis/services/Calidad_del_Agua_WQI/MapServer/WMSServer?VERSION=1%2E1%2E1&SRS=EPSG%3A4686&REQUEST=GetMap&FORMAT=image%2Fpng&BBOX=%2D74%2E10774309749186%2C4%2E606699572398262%2C%2D74%2E07523966015222%2C4%2E621999506665751&HEIGHT=643&STYLES=&LAYERS=3%2C4%2C5%2C6%2C7&WIDTH=1366&TRANSPARENT=TRUE&SERVICE=WMS HTTP/1.1" 200 4932
190.84.78.198 - - [04/Oct/2015:12:18:27 -0500] "GET /arcgis/services/Calidad_del_Agua_WQI/MapServer/WMSServer?VERSION=1%2E1%2E1&SRS=EPSG%3A4686&REQUEST=GetMap&FORMAT=image%2Fpng&BBOX=%2D74%2E09401751074802%2C4%2E611379089192202%2C%2D74%2E0777657920782%2C4%2E619029056325947&HEIGHT=643&STYLES=&LAYERS=3%2C4%2C5%2C6%2C7&WIDTH=1366&TRANSPARENT=TRUE&SERVICE=WMS HTTP/1.1" 200 4932
190.84.78.198 - - [04/Oct/2015:12:18:27 -0500] "GET /arcgis/services/Calidad_del_Agua_WQI/MapServer/WMSServer?VERSION=1%2E1%2E1&SRS=EPSG%3A4686&REQUEST=GetMap&FORMAT=image%2Fpng&BBOX=%2D74%2E08810692960954%2C4%2E6143914868255855%2C%2D74%2E0816062421416%2C4%2E617451473679083&HEIGHT=643&STYLES=&LAYERS=3%2C4%2C5%2C6%2C7&WIDTH=1366&TRANSPARENT=TRUE&SERVICE=WMS HTTP/1.1" 200 4932
190.84.78.198 - - [04/Oct/2015:12:18:28 -0500] "GET /arcgis/services/Calidad_del_Agua_WQI/MapServer/WMSServer?VERSION=1%2E1%2E1&SRS=EPSG%3A4686&REQUEST=GetMap&FORMAT=image%2Fpng&BBOX=%2D74%2E08797002834804%2C4%2E615172730888364%2C%2D74%2E0814693408801%2C4%2E618232717741861&HEIGHT=643&STYLES=&LAYERS=3%2C4%2C5%2C6%2C7&WIDTH=1366&TRANSPARENT=TRUE&SERVICE=WMS HTTP/1.1" 200 4932
190.84.78.198 - - [04/Oct/2015:12:18:30 -0500] "GET /crossdomain.xml HTTP/1.1" 404 1280
190.84.78.198 - - [04/Oct/2015:12:18:30 -0500] "GET /arcgis/services/Calidad_del_Agua_WQI/MapServer/WMSServer?VERSION=1%2E1%2E1&SRS=EPSG%3A4686&REQUEST=GetMap&FORMAT=image%2Fpng&BBOX=%2D74%2E08782384374518%2C4%2E6155875146969665%2C%2D74%2E08132315627725%2C4%2E6186475015504636&HEIGHT=643&STYLES=&LAYERS=3%2C4%2C5%2C6%2C7&WIDTH=1366&TRANSPARENT=TRUE&SERVICE=WMS HTTP/1.1" 200 4932
190.84.78.198 - - [04/Oct/2015:12:18:33 -0500] "GET /arcgis/services/Calidad_del_Agua_WQI/MapServer/WMSServer?VERSION=1%2E1%2E1&SRS=EPSG%3A4686&REQUEST=GetMap&FORMAT=image%2Fpng&BBOX=%2D74%2E08907244700389%2C4%2E617430100579043%2C%2D74%2E08257175953595%2C4%2E62049008743254&HEIGHT=643&STYLES=&LAYERS=3%2C4%2C5%2C6%2C7&WIDTH=1366&TRANSPARENT=TRUE&SERVICE=WMS HTTP/1.1" 200 4932
190.84.78.198 - - [04/Oct/2015:12:18:33 -0500] "GET /arcgis/services/Calidad_del_Agua_WQI/MapServer/WMSServer?VERSION=1%2E1%2E1&SRS=EPSG%3A4686&REQUEST=GetMap&FORMAT=image%2Fpng&BBOX=%2D74%2E09545416142151%2C4%2E6161094997208005%2C%2D74%2E0792024427517%2C4%2E623759466854545&HEIGHT=643&STYLES=&LAYERS=3%2C4%2C5%2C6%2C7&WIDTH=1366&TRANSPARENT=TRUE&SERVICE=WMS HTTP/1.1" 200 4932
186.112.246.72 - - [04/Oct/2015:12:18:35 -0500] "GET /portalsiaccapacitaciones/Listas%20de%20Asistencia%202015 HTTP/1.1" 301 351
186.112.246.72 - - [04/Oct/2015:12:18:35 -0500] "GET /portalsiaccapacitaciones/Listas%20de%20Asistencia%202015/ HTTP/1.1" 200 9990
190.84.78.198 - - [04/Oct/2015:12:18:35 -0500] "GET /arcgis/services/Calidad_del_Agua_WQI/MapServer/WMSServer?VERSION=1%2E1%2E1&SRS=EPSG%3A4686&REQUEST=GetMap&FORMAT=image%2Fpng&BBOX=%2D74%2E0947360142524%2C4%2E615084985963099%2C%2D74%2E07848429558258%2C4%2E622734953096844&HEIGHT=643&STYLES=&LAYERS=3%2C4%2C5%2C6%2C7&WIDTH=1366&TRANSPARENT=TRUE&SERVICE=WMS HTTP/1.1" 200 4932
186.112.246.72 - - [04/Oct/2015:12:18:38 -0500] "GET /portalsiaccapacitaciones/Soportes%20Capacitaciones%202015 HTTP/1.1" 301 352
191.110.162.64 - - [04/Oct/2015:12:18:38 -0500] "GET /galeria/galeria/jquery.fancybox.css?v=2.1.5 HTTP/1.1" 200 4895
186.112.246.72 - - [04/Oct/2015:12:18:38 -0500] "GET /portalsiaccapacitaciones/Soportes%20Capacitaciones%202015/ HTTP/1.1" 200 7176
191.110.162.64 - - [04/Oct/2015:12:18:39 -0500] "GET /BLA/boletinlegal/js/jquery.scrollShow.js HTTP/1.1" 200 4586
191.110.162.64 - - [04/Oct/2015:12:18:39 -0500] "GET /galeria/galeria/jquery.fancybox.js?v=2.1.5 HTTP/1.1" 200 48706
190.84.78.198 - - [04/Oct/2015:12:18:39 -0500] "GET /arcgis/services/Calidad_del_Agua_WQI/MapServer/WMSServer?VERSION=1%2E1%2E1&SRS=EPSG%3A4686&REQUEST=GetMap&FORMAT=image%2Fpng&BBOX=%2D74%2E0943501350654%2C4%2E614453442664967%2C%2D74%2E07809841639558%2C4%2E6221034097987115&HEIGHT=643&STYLES=&LAYERS=3%2C4%2C5%2C6%2C7&WIDTH=1366&TRANSPARENT=TRUE&SERVICE=WMS HTTP/1.1" 200 4932
190.158.8.125 - - [04/Oct/2015:12:18:41 -0500] "GET /ISOlucionSDA/Administracion/AnexoEdicion.asp?Objeto=NotaMejora&Sigla=SeguimientoPlan&IdObjeto=230&IdSigla=1432&Titulo=Registros&UPLDAtras=http://190.27.245.106/ISOlucionSDA/NotaMejora.asp&UPLDQuerystring=Id_NotaMejora=230[[]]Accion=ModificarForma&Modo=Edicion&Target=_blank&RutaAdicional=230&Formato=Largo HTTP/1.1" 302 451
190.158.8.125 - - [04/Oct/2015:12:18:41 -0500] "GET /ISOlucionSDA/Administracion/Upload/Upload.asp?UPLDIdObjeto=230&UPLDIdSigla=1432&UPLDAtras=http://190.27.245.106/ISOlucionSDA/NotaMejora.asp&UPLDQuerystring=Id_NotaMejora=230[[]]Accion=ModificarForma&UPLDObjeto=NotaMejora&UPLDSigla=SeguimientoPlan&UPLDRuta=230&UPLDTemporalArchivo= HTTP/1.1" 200 11415
190.84.78.198 - - [04/Oct/2015:12:18:42 -0500] "GET /crossdomain.xml HTTP/1.1" 404 1280
190.84.78.198 - - [04/Oct/2015:12:18:42 -0500] "GET /arcgis/services/Calidad_del_Agua_WQI/MapServer/WMSServer?VERSION=1%2E1%2E1&SRS=EPSG%3A4686&REQUEST=GetMap&FORMAT=image%2Fpng&BBOX=%2D74%2E09331313637415%2C4%2E613497634758699%2C%2D74%2E07706141770433%2C4%2E621147601892443&HEIGHT=643&STYLES=&LAYERS=3%2C4%2C5%2C6%2C7&WIDTH=1366&TRANSPARENT=TRUE&SERVICE=WMS HTTP/1.1" 200 4932
190.84.78.198 - - [04/Oct/2015:12:18:43 -0500] "GET /arcgis/services/Calidad_del_Agua_WQI/MapServer/WMSServer?VERSION=1%2E1%2E1&SRS=EPSG%3A4686&REQUEST=GetMap&FORMAT=image%2Fpng&BBOX=%2D74%2E09303653710002%2C4%2E613210114562191%2C%2D74%2E0767848184302%2C4%2E620860081695936&HEIGHT=643&STYLES=&LAYERS=3%2C4%2C5%2C6%2C7&WIDTH=1366&TRANSPARENT=TRUE&SERVICE=WMS HTTP/1.1" 200 4932
190.84.78.198 - - [04/Oct/2015:12:18:44 -0500] "GET /arcgis/services/Calidad_del_Agua_WQI/MapServer/WMSServer?VERSION=1%2E1%2E1&SRS=EPSG%3A4686&REQUEST=GetMap&FORMAT=image%2Fpng&BBOX=%2D74%2E08535046589299%2C4%2E613374262858616%2C%2D74%2E07884977842505%2C4%2E616434249712113&HEIGHT=643&STYLES=&LAYERS=3%2C4%2C5%2C6%2C7&WIDTH=1366&TRANSPARENT=TRUE&SERVICE=WMS HTTP/1.1" 200 4932
66.249.65.213 - - [04/Oct/2015:12:18:45 -0500] "GET /BLA/resoluciones/RESOLUCIONES%202010/6854.pdf HTTP/1.1" 200 1032482
190.84.78.198 - - [04/Oct/2015:12:18:46 -0500] "GET /arcgis/services/Calidad_del_Agua_WQI/MapServer/WMSServer?VERSION=1%2E1%2E1&SRS=EPSG%3A4686&REQUEST=GetMap&FORMAT=image%2Fpng&BBOX=%2D74%2E08558772041467%2C4%2E612469381179201%2C%2D74%2E07908703294673%2C4%2E615529368032698&HEIGHT=643&STYLES=&LAYERS=3%2C4%2C5%2C6%2C7&WIDTH=1366&TRANSPARENT=TRUE&SERVICE=WMS HTTP/1.1" 200 4932
190.84.78.198 - - [04/Oct/2015:12:18:47 -0500] "GET /arcgis/services/Calidad_del_Agua_WQI/MapServer/WMSServer?VERSION=1%2E1%2E1&SRS=EPSG%3A4686&REQUEST=GetMap&FORMAT=image%2Fpng&BBOX=%2D74%2E09041326733448%2C4%2E609656858270306%2C%2D74%2E07416154866466%2C4%2E61730682540405&HEIGHT=643&STYLES=&LAYERS=3%2C4%2C5%2C6%2C7&WIDTH=1366&TRANSPARENT=TRUE&SERVICE=WMS HTTP/1.1" 200 4932
190.84.78.198 - - [04/Oct/2015:12:18:48 -0500] "GET /arcgis/services/Calidad_del_Agua_WQI/MapServer/WMSServer?VERSION=1%2E1%2E1&SRS=EPSG%3A4686&REQUEST=GetMap&FORMAT=image%2Fpng&BBOX=%2D74%2E09083149379542%2C4%2E609215520353215%2C%2D74%2E0745797751256%2C4%2E616865487486959&HEIGHT=643&STYLES=&LAYERS=3%2C4%2C5%2C6%2C7&WIDTH=1366&TRANSPARENT=TRUE&SERVICE=WMS HTTP/1.1" 200 4932
190.84.78.198 - - [04/Oct/2015:12:18:50 -0500] "GET /arcgis/services/Calidad_del_Agua_WQI/MapServer/WMSServer?VERSION=1%2E1%2E1&SRS=EPSG%3A4686&REQUEST=GetMap&FORMAT=image%2Fpng&BBOX=%2D74%2E08597739334353%2C4%2E61230644019979%2C%2D74%2E07947670587559%2C4%2E615366427053287&HEIGHT=643&STYLES=&LAYERS=3%2C4%2C5%2C6%2C7&WIDTH=1366&TRANSPARENT=TRUE&SERVICE=WMS HTTP/1.1" 200 4932
119.94.251.182 - - [04/Oct/2015:12:18:53 -0500] "POST /xmlrpc.php HTTP/1.1" 301 334
190.84.78.198 - - [04/Oct/2015:12:18:56 -0500] "GET /crossdomain.xml HTTP/1.1" 404 1280
190.84.78.198 - - [04/Oct/2015:12:18:56 -0500] "GET /arcgis/services/Calidad_del_Agua_WQI/MapServer/WMSServer?VERSION=1%2E1%2E1&SRS=EPSG%3A4686&REQUEST=GetMap&FORMAT=image%2Fpng&BBOX=%2D74%2E0861538384948%2C4%2E61212537999069%2C%2D74%2E07965315102686%2C4%2E615185366844187&HEIGHT=643&STYLES=&LAYERS=3%2C4%2C5%2C6%2C7&WIDTH=1366&TRANSPARENT=TRUE&SERVICE=WMS HTTP/1.1" 200 4932
190.84.78.198 - - [04/Oct/2015:12:18:57 -0500] "GET /arcgis/services/Calidad_del_Agua_WQI/MapServer/WMSServer?VERSION=1%2E1%2E1&SRS=EPSG%3A4686&REQUEST=GetMap&FORMAT=image%2Fpng&BBOX=%2D74%2E08957312396016%2C4%2E609833959042071%2C%2D74%2E07332140529034%2C4%2E617483926175815&HEIGHT=643&STYLES=&LAYERS=3%2C4%2C5%2C6%2C7&WIDTH=1366&TRANSPARENT=TRUE&SERVICE=WMS HTTP/1.1" 200 4932
74.86.158.107 - - [04/Oct/2015:12:19:03 -0500] "HEAD / HTTP/1.1" 200 -
66.249.65.213 - - [04/Oct/2015:12:19:11 -0500] "GET /BLA/resoluciones/RESOLUCIONES%202010/5783.pdf HTTP/1.1" 200 83893
190.158.8.125 - - [04/Oct/2015:12:19:10 -0500] "POST /ISOlucionSDA/Administracion/Upload/UploadArchivo.asp HTTP/1.1" 302 214
190.158.8.125 - - [04/Oct/2015:12:19:12 -0500] "GET /ISOlucionSDA/NotaMejora.asp?Id_NotaMejora=230&Accion=ModificarForma HTTP/1.1" 200 102618
190.158.8.125 - - [04/Oct/2015:12:19:20 -0500] "GET /ISOlucionSDA/Administracion/AnexoEdicion.asp?Objeto=NotaMejora&Sigla=SeguimientoPlan&IdObjeto=230&IdSigla=1432&Titulo=Registros&UPLDAtras=http://190.27.245.106/ISOlucionSDA/NotaMejora.asp&UPLDQuerystring=Id_NotaMejora=230[[]]Accion=ModificarForma&Modo=Edicion&Target=_blank&RutaAdicional=230&Formato=Largo HTTP/1.1" 200 9832
190.158.8.125 - - [04/Oct/2015:12:19:21 -0500] "GET /ISOlucionSDA/Administracion/0 HTTP/1.1" 404 1245
186.112.246.72 - - [04/Oct/2015:12:19:21 -0500] "GET /portalsiaccapacitaciones/Listas%20de%20Asistencia%202015/L.A-MT14-2Jul2015.pdf HTTP/1.1" 200 2906075
186.112.246.72 - - [04/Oct/2015:12:19:24 -0500] "GET /portalsiaccapacitaciones/Listas%20de%20Asistencia%202015/L.A-MT14-2Jul2015.pdf HTTP/1.1" 206 32768
186.112.246.72 - - [04/Oct/2015:12:19:24 -0500] "GET /portalsiaccapacitaciones/Listas%20de%20Asistencia%202015/L.A-MT14-2Jul2015.pdf HTTP/1.1" 206 2873307
190.138.254.60 - - [04/Oct/2015:12:18:28 -0500] "HEAD /BLA/boletinlegal/index.php HTTP/1.1" 200 -
190.158.8.125 - - [04/Oct/2015:12:19:25 -0500] "GET /ISOlucionSDA/BancoAnexo/NotaMejora/SeguimientoPlan/230/230/2015ie184780%20oci0.docx HTTP/1.1" 200 192348
190.138.254.60 - - [04/Oct/2015:12:19:29 -0500] "HEAD /BLA/boletinlegal/normativa.php HTTP/1.1" 200 -
190.138.254.60 - - [04/Oct/2015:12:19:29 -0500] "GET /BLA/boletinlegal/normativa.php HTTP/1.1" 200 7023
190.158.8.125 - - [04/Oct/2015:12:19:31 -0500] "GET /ISOlucionSDA/Administracion/Upload/Upload.asp?UPLDIdObjeto=230&UPLDAtras=http://190.27.245.106/ISOlucionSDA/NotaMejora.asp&UPLDQuerystring=Id_NotaMejora=230[[]]Accion=ModificarForma&UPLDObjeto=NotaMejora&UPLDSigla=SeguimientoPlan&UPLDRuta=230&UPLDTemporalArchivo=&UPLDIdSigla=1432 HTTP/1.1" 200 11415
201.245.192.253 - - [04/Oct/2015:12:19:34 -0500] "POST /forms/lservlet;jsessionid=ac16012b30d62e507505f2c64e898405c7619f87fb44.e3iSbxaKaheRe38Ka34Oa3eLbxf0n6jAmljGr5XDqQLvpAe HTTP/1.1" 200 2
190.158.8.125 - - [04/Oct/2015:12:19:47 -0500] "POST /ISOlucionSDA/Administracion/Upload/UploadArchivo.asp HTTP/1.1" 302 214
190.158.8.125 - - [04/Oct/2015:12:19:50 -0500] "GET /ISOlucionSDA/NotaMejora.asp?Id_NotaMejora=230&Accion=ModificarForma HTTP/1.1" 200 102943
190.27.28.229 - - [04/Oct/2015:12:19:51 -0500] "GET /galeria/galeria/jquery.fancybox.css?v=2.1.5 HTTP/1.1" 200 4895
190.27.28.229 - - [04/Oct/2015:12:19:51 -0500] "GET /BLA/boletinlegal/js/jquery.scrollShow.js HTTP/1.1" 200 4586
190.27.28.229 - - [04/Oct/2015:12:19:51 -0500] "GET /galeria/galeria/jquery.fancybox.js?v=2.1.5 HTTP/1.1" 200 48706
186.112.246.72 - - [04/Oct/2015:12:19:52 -0500] "GET /portalsiaccapacitaciones/Soportes%20Capacitaciones%202015/0008.%20HUELLA%20DE%20CARBONO%20EVENTOS.pdf HTTP/1.1" 200 975270
190.138.254.60 - - [04/Oct/2015:12:18:58 -0500] "HEAD /BLA/boletinlegal/index.php HTTP/1.1" 200 -
190.27.28.229 - - [04/Oct/2015:12:19:57 -0500] "GET /BLA/boletinlegal/js/jquery.scrollShow.js HTTP/1.1" 304 -
190.27.28.229 - - [04/Oct/2015:12:19:57 -0500] "GET /galeria/galeria/jquery.fancybox.js?v=2.1.5 HTTP/1.1" 304 -
190.27.28.229 - - [04/Oct/2015:12:19:57 -0500] "GET /galeria/galeria/jquery.fancybox.css?v=2.1.5 HTTP/1.1" 304 -
186.112.246.72 - - [04/Oct/2015:12:19:58 -0500] "GET /portalsiaccapacitaciones/Soportes%20Capacitaciones%202015/0009.%20Presentacion%20HC%20CAEM%20Gestion%20Huella.pdf HTTP/1.1" 200 3320037
66.249.65.213 - - [04/Oct/2015:12:20:03 -0500] "GET /BLA/resoluciones/RESOLUCIONES%202008/2840.pdf HTTP/1.1" 200 258487
66.249.65.227 - - [04/Oct/2015:12:20:04 -0500] "GET /BLA/resoluciones/RESOLUCIONES%202010/6604.pdf HTTP/1.1" 200 564239
137.183.232.29 - - [04/Oct/2015:12:20:05 -0500] "GET /galeria/galeria/jquery.fancybox.js?v=2.1.5 HTTP/1.1" 304 -
181.61.140.237 - - [04/Oct/2015:12:20:06 -0500] "GET /galeria/galeria/jquery.fancybox.css?v=2.1.5 HTTP/1.1" 200 4895
181.61.140.237 - - [04/Oct/2015:12:20:06 -0500] "GET /BLA/boletinlegal/js/jquery.scrollShow.js HTTP/1.1" 200 4586
181.61.140.237 - - [04/Oct/2015:12:20:06 -0500] "GET /galeria/galeria/jquery.fancybox.js?v=2.1.5 HTTP/1.1" 200 48706
186.176.127.240 - - [04/Oct/2015:12:20:09 -0500] "GET /galeria/galeria/jquery.fancybox.css?v=2.1.5 HTTP/1.1" 200 4895
186.176.127.240 - - [04/Oct/2015:12:20:09 -0500] "GET /galeria/galeria/jquery.fancybox.js?v=2.1.5 HTTP/1.1" 200 48706
186.176.127.240 - - [04/Oct/2015:12:20:09 -0500] "GET /BLA/boletinlegal/js/jquery.scrollShow.js HTTP/1.1" 200 4586
190.27.28.229 - - [04/Oct/2015:12:20:11 -0500] "GET /BLA/boletinlegal/js/jquery.scrollShow.js HTTP/1.1" 304 -
190.27.28.229 - - [04/Oct/2015:12:20:11 -0500] "GET /galeria/galeria/jquery.fancybox.js?v=2.1.5 HTTP/1.1" 304 -
190.27.28.229 - - [04/Oct/2015:12:20:11 -0500] "GET /galeria/galeria/jquery.fancybox.css?v=2.1.5 HTTP/1.1" 304 -
181.61.140.237 - - [04/Oct/2015:12:20:12 -0500] "GET /BLA/boletinlegal/js/jquery.scrollShow.js HTTP/1.1" 304 -
181.61.140.237 - - [04/Oct/2015:12:20:12 -0500] "GET /galeria/galeria/jquery.fancybox.js?v=2.1.5 HTTP/1.1" 304 -
181.61.140.237 - - [04/Oct/2015:12:20:12 -0500] "GET /galeria/galeria/jquery.fancybox.css?v=2.1.5 HTTP/1.1" 304 -
181.50.86.38 - - [04/Oct/2015:12:20:16 -0500] "GET /galeria/galeria/jquery.fancybox.js?v=2.1.5 HTTP/1.1" 200 48706
181.50.86.38 - - [04/Oct/2015:12:20:16 -0500] "GET /BLA/boletinlegal/js/jquery.scrollShow.js HTTP/1.1" 200 4586
181.50.86.38 - - [04/Oct/2015:12:20:16 -0500] "GET /galeria/galeria/jquery.fancybox.css?v=2.1.5 HTTP/1.1" 200 4895
186.176.127.240 - - [04/Oct/2015:12:20:18 -0500] "GET /BLA/boletinlegal/js/jquery.scrollShow.js HTTP/1.1" 304 -
186.176.127.240 - - [04/Oct/2015:12:20:18 -0500] "GET /galeria/galeria/jquery.fancybox.js?v=2.1.5 HTTP/1.1" 304 -
186.176.127.240 - - [04/Oct/2015:12:20:18 -0500] "GET /galeria/galeria/jquery.fancybox.css?v=2.1.5 HTTP/1.1" 304 -
181.50.86.38 - - [04/Oct/2015:12:20:25 -0500] "GET /BLA/boletinlegal/js/jquery.scrollShow.js HTTP/1.1" 304 -
181.50.86.38 - - [04/Oct/2015:12:20:25 -0500] "GET /galeria/galeria/jquery.fancybox.js?v=2.1.5 HTTP/1.1" 304 -
181.50.86.38 - - [04/Oct/2015:12:20:25 -0500] "GET /galeria/galeria/jquery.fancybox.css?v=2.1.5 HTTP/1.1" 304 -
190.158.8.125 - - [04/Oct/2015:12:20:39 -0500] "GET /isolucionsda/g/Bot_AdministradorOver.jpg HTTP/1.1" 200 1630
190.158.8.125 - - [04/Oct/2015:12:20:39 -0500] "GET /isolucionsda/FrameSetGeneral.asp?Pagina=Menu.asp&IdModulo=7 HTTP/1.1" 200 6455
190.158.8.125 - - [04/Oct/2015:12:20:39 -0500] "GET /isolucionsda/Encabezado.asp?Pagina=Menu.asp&IdModulo=7 HTTP/1.1" 200 15509
190.158.8.125 - - [04/Oct/2015:12:20:40 -0500] "GET /isolucionsda/BarraFavoritos.asp HTTP/1.1" 200 911
190.158.8.125 - - [04/Oct/2015:12:20:40 -0500] "GET /isolucionsda/Session.asp?Continue=1 HTTP/1.1" 200 6195
190.158.8.125 - - [04/Oct/2015:12:20:40 -0500] "GET /isolucionsda/Menu.asp?Pagina=Menu.asp&IdModulo=7 HTTP/1.1" 200 33610
190.158.8.125 - - [04/Oct/2015:12:20:44 -0500] "GET /isolucionsda/FrameSetGeneral.asp?Pagina=FiltroNotaMejora.asp&EsAbierta=1&ConMenu=NO HTTP/1.1" 200 6539
190.158.8.125 - - [04/Oct/2015:12:20:44 -0500] "GET /isolucionsda/Encabezado.asp?Pagina=FiltroNotaMejora.asp&EsAbierta=1&ConMenu=NO HTTP/1.1" 200 15484
190.158.8.125 - - [04/Oct/2015:12:20:44 -0500] "GET /isolucionsda/BarraTitulos.asp?Pagina=FiltroNotaMejora.asp&EsAbierta=1&ConMenu=NO HTTP/1.1" 200 6865
190.158.8.125 - - [04/Oct/2015:12:20:44 -0500] "GET /isolucionsda/BarraFavoritos.asp HTTP/1.1" 200 911
190.158.8.125 - - [04/Oct/2015:12:20:44 -0500] "GET /isolucionsda/Session.asp?Continue=1 HTTP/1.1" 200 6195
190.158.8.125 - - [04/Oct/2015:12:20:44 -0500] "GET /isolucionsda/FiltroNotaMejora.asp?Pagina=FiltroNotaMejora.asp&EsAbierta=1&ConMenu=NO HTTP/1.1" 200 45742
190.158.8.125 - - [04/Oct/2015:12:20:50 -0500] "GET /IsolucionSDA/Jerarquia.asp?Tabla=Proceso&Form=Filtro&CampoDisplay=CodProcesoDisplayObjetoProceso&CampoHidden=CodProceso&bSubmit=True&items= HTTP/1.1" 200 10466
190.158.8.125 - - [04/Oct/2015:12:20:50 -0500] "GET /IsolucionSDA/Jerarquia.asp?Tabla=Proceso&Form=Filtro&CampoDisplay=CodProcesoDisplayObjetoProceso&CampoHidden=CodProceso&bSubmit=True&items= HTTP/1.1" 200 10466
161.10.140.89 - - [04/Oct/2015:12:20:50 -0500] "GET /BLA/boletinlegal/js/jquery.scrollShow.js HTTP/1.1" 200 4586
161.10.140.89 - - [04/Oct/2015:12:20:50 -0500] "GET /galeria/galeria/jquery.fancybox.js?v=2.1.5 HTTP/1.1" 200 48706
161.10.140.89 - - [04/Oct/2015:12:20:50 -0500] "GET /galeria/galeria/jquery.fancybox.css?v=2.1.5 HTTP/1.1" 200 4895
161.10.140.89 - - [04/Oct/2015:12:20:51 -0500] "GET /galeria/carrusel/Carrusel/jquery.thumbnailScroller.css HTTP/1.1" 200 2066
161.10.140.89 - - [04/Oct/2015:12:20:51 -0500] "GET /galeria/carrusel/Carrusel/jquery-ui-1.8.13.custom.min.js HTTP/1.1" 200 10800
161.10.140.89 - - [04/Oct/2015:12:20:52 -0500] "GET /galeria/carrusel/Carrusel/jquery.thumbnailScroller.js HTTP/1.1" 200 8157
190.158.8.125 - - [04/Oct/2015:12:20:52 -0500] "POST /IsolucionSDA/Jerarquia.asp HTTP/1.1" 200 8003
190.158.8.125 - - [04/Oct/2015:12:20:53 -0500] "POST /isolucionsda/FiltroNotaMejora.asp HTTP/1.1" 200 39774
66.249.65.213 - - [04/Oct/2015:12:20:56 -0500] "GET /BLA/resoluciones/RESOLUCIONES%202010/6594.pdf HTTP/1.1" 200 239097
161.10.140.89 - - [04/Oct/2015:12:21:00 -0500] "GET /galeria/nivo-slider/demo/demo.html HTTP/1.1" 200 3905
161.10.140.89 - - [04/Oct/2015:12:21:00 -0500] "GET /galeria/nivo-slider/themes/default/default.css HTTP/1.1" 200 1569
161.10.140.89 - - [04/Oct/2015:12:21:00 -0500] "GET /galeria/nivo-slider/themes/pascal/pascal.css HTTP/1.1" 200 2258
161.10.140.89 - - [04/Oct/2015:12:21:00 -0500] "GET /galeria/nivo-slider/themes/orman/orman.css HTTP/1.1" 200 2152
161.10.140.89 - - [04/Oct/2015:12:21:00 -0500] "GET /galeria/nivo-slider/nivo-slider.css HTTP/1.1" 200 1507
161.10.140.89 - - [04/Oct/2015:12:21:00 -0500] "GET /galeria/nivo-slider/demo/style.css HTTP/1.1" 200 2222
161.10.140.89 - - [04/Oct/2015:12:21:00 -0500] "GET /galeria/nivo-slider/demo/images/La-SDA-se-suma-a-la-Gran-Movilizacion.jpg HTTP/1.1" 200 92233
161.10.140.89 - - [04/Oct/2015:12:21:00 -0500] "GET /galeria/nivo-slider/demo/images/simulacro-nacional.jpg HTTP/1.1" 200 241925
161.10.140.89 - - [04/Oct/2015:12:21:00 -0500] "GET /galeria/nivo-slider/demo/images/simulacro-busqueda-rescate-urbano.jpg HTTP/1.1" 200 251375
161.10.140.89 - - [04/Oct/2015:12:21:00 -0500] "GET /galeria/nivo-slider/demo/images/Semana-PYBA.jpg HTTP/1.1" 200 103786
109.61.20.8 - - [04/Oct/2015:12:21:01 -0500] "POST /xmlrpc.php HTTP/1.1" 301 334
161.10.140.89 - - [04/Oct/2015:12:21:01 -0500] "GET /galeria/nivo-slider/demo/images/Plan-Quinquenal.jpg HTTP/1.1" 200 412438
161.10.140.89 - - [04/Oct/2015:12:21:01 -0500] "GET /galeria/nivo-slider/demo/images/4Simple_Slider.png HTTP/1.1" 200 11722
109.61.20.8 - - [04/Oct/2015:12:21:01 -0500] "POST /xmlrpc.php HTTP/1.1" 301 334
161.10.140.89 - - [04/Oct/2015:12:21:03 -0500] "GET /galeria/nivo-slider/themes/default/loading.gif HTTP/1.1" 200 1737
161.10.140.89 - - [04/Oct/2015:12:21:03 -0500] "GET /galeria/nivo-slider/demo/images/PREDAcamp.jpg HTTP/1.1" 200 295358
66.249.65.45 - - [04/Oct/2015:12:21:04 -0500] "GET / HTTP/1.1" 200 10190
161.10.140.89 - - [04/Oct/2015:12:21:05 -0500] "GET /galeria/nivo-slider/demo/images/banner-llantas2.jpg HTTP/1.1" 200 204644
190.158.8.125 - - [04/Oct/2015:12:20:40 -0500] "GET /isolucionsda/BarraTitulos.asp?Pagina=Menu.asp&IdModulo=7 HTTP/1.1" 502 1358
161.10.140.89 - - [04/Oct/2015:12:21:06 -0500] "GET /galeria/nivo-slider/demo/images/9Signos.jpg HTTP/1.1" 200 81776
186.112.246.72 - - [04/Oct/2015:12:21:10 -0500] "GET /portalsiaccapacitaciones/Soportes%20Capacitaciones%202015/0009.%20Presentacion%20HC%20CAEM%20Gestion%20Huella.pdf HTTP/1.1" 206 32768
186.112.246.72 - - [04/Oct/2015:12:21:10 -0500] "GET /portalsiaccapacitaciones/Soportes%20Capacitaciones%202015/0009.%20Presentacion%20HC%20CAEM%20Gestion%20Huella.pdf HTTP/1.1" 206 3287269
161.10.140.89 - - [04/Oct/2015:12:21:11 -0500] "GET /galeria/nivo-slider/demo/images/Comparendo-ambiental-Banner.jpg HTTP/1.1" 200 83731
161.10.140.89 - - [04/Oct/2015:12:21:14 -0500] "GET /galeria/nivo-slider/demo/images/Ruta-vertimientos-01.jpg HTTP/1.1" 200 130151
161.10.140.89 - - [04/Oct/2015:12:21:14 -0500] "GET /galeria/nivo-slider/demo/images/bolsas-06.jpg HTTP/1.1" 200 90982
161.10.140.89 - - [04/Oct/2015:12:21:15 -0500] "GET /galeria/nivo-slider/demo/images/Conoce-los-humedales.jpg HTTP/1.1" 200 294036
186.112.246.72 - - [04/Oct/2015:12:21:19 -0500] "GET /portalsiaccapacitaciones/Soportes%20Capacitaciones%202015/0010.%20TALLER%20EFICIENCIA%20ENERGETICA%20CAEM%20SDA.pdf HTTP/1.1" 200 6176468
186.112.246.72 - - [04/Oct/2015:12:21:21 -0500] "GET /portalsiaccapacitaciones/Soportes%20Capacitaciones%202015/0007.%20Estrategia%20de%20sostenibilidad.pdf HTTP/1.1" 200 2507858
66.249.65.227 - - [04/Oct/2015:12:21:22 -0500] "GET /BLA/resoluciones/RESOLUCIONES%202010/5778.pdf HTTP/1.1" 200 100500
186.112.246.72 - - [04/Oct/2015:12:21:23 -0500] "GET /portalsiaccapacitaciones/Soportes%20Capacitaciones%202015/0006.%20Auditorio%20Ambiental%202015.pdf HTTP/1.1" 200 1649539
201.234.75.11 - - [04/Oct/2015:12:21:26 -0500] "GET /galeria/galeria/fotos/Movilizacion2P.jpg HTTP/1.1" 304 -
186.112.246.72 - - [04/Oct/2015:12:21:26 -0500] "GET /portalsiaccapacitaciones/Soportes%20Capacitaciones%202015/0005.%20Taller%20HC%20Corporativa%20SDA%2029_07_2015.pdf HTTP/1.1" 200 1498226
186.112.246.72 - - [04/Oct/2015:12:21:28 -0500] "GET /portalsiaccapacitaciones/Soportes%20Capacitaciones%202015/0004.%20Matriz%20HC_MVC.xlsx HTTP/1.1" 200 577531
186.112.246.72 - - [04/Oct/2015:12:21:31 -0500] "GET /portalsiaccapacitaciones/Soportes%20Capacitaciones%202015/0002.%20Taller%20HC%20Corporativa%20SDA%2006-04-2015.pdf HTTP/1.1" 200 12264646
201.245.192.253 - - [04/Oct/2015:12:21:35 -0500] "POST /forms/lservlet;jsessionid=ac16012b30d62e507505f2c64e898405c7619f87fb44.e3iSbxaKaheRe38Ka34Oa3eLbxf0n6jAmljGr5XDqQLvpAe HTTP/1.1" 200 2
66.249.65.213 - - [04/Oct/2015:12:21:48 -0500] "GET /BLA/resoluciones/RESOLUCIONES%202010/5933.pdf HTTP/1.1" 200 335483
186.112.246.72 - - [04/Oct/2015:12:21:50 -0500] "GET /portalsiaccapacitaciones/Soportes%20Capacitaciones%202015/0001.%20Presentacion%20CAEM-MVC%2006-04-2015.pdf HTTP/1.1" 200 1249859
190.84.78.198 - - [04/Oct/2015:12:21:50 -0500] "GET /crossdomain.xml HTTP/1.1" 404 1280
190.84.78.198 - - [04/Oct/2015:12:21:50 -0500] "GET /arcgis/services/Calidad_del_Agua_WQI/MapServer/WMSServer?VERSION=1%2E1%2E1&SRS=EPSG%3A4686&REQUEST=GetMap&FORMAT=image%2Fpng&BBOX=%2D74%2E08498314367992%2C4%2E610426444832526%2C%2D74%2E07848245621199%2C4%2E613486431686023&HEIGHT=643&STYLES=&LAYERS=3%2C4%2C5%2C6%2C7&WIDTH=1366&TRANSPARENT=TRUE&SERVICE=WMS HTTP/1.1" 200 4932
190.84.78.198 - - [04/Oct/2015:12:21:52 -0500] "GET /arcgis/services/Calidad_del_Agua_WQI/MapServer/WMSServer?VERSION=1%2E1%2E1&SRS=EPSG%3A4686&REQUEST=GetMap&FORMAT=image%2Fpng&BBOX=%2D74%2E08516903690176%2C4%2E609508642744823%2C%2D74%2E07866834943383%2C4%2E61256862959832&HEIGHT=643&STYLES=&LAYERS=3%2C4%2C5%2C6%2C7&WIDTH=1366&TRANSPARENT=TRUE&SERVICE=WMS HTTP/1.1" 200 4932
190.84.78.198 - - [04/Oct/2015:12:21:53 -0500] "GET /arcgis/services/Calidad_del_Agua_WQI/MapServer/WMSServer?VERSION=1%2E1%2E1&SRS=EPSG%3A4686&REQUEST=GetMap&FORMAT=image%2Fpng&BBOX=%2D74%2E0853248033233%2C4%2E6098656203502%2C%2D74%2E07882411585537%2C4%2E612925607203697&HEIGHT=643&STYLES=&LAYERS=3%2C4%2C5%2C6%2C7&WIDTH=1366&TRANSPARENT=TRUE&SERVICE=WMS HTTP/1.1" 200 4932
186.112.246.72 - - [04/Oct/2015:12:21:57 -0500] "GET /portalsiaccapacitaciones/ HTTP/1.1" 200 4186
186.112.246.72 - - [04/Oct/2015:12:21:58 -0500] "GET /portalsiaccapacitaciones/Soportes%20Capacitaciones%202015/0010.%20TALLER%20EFICIENCIA%20ENERGETICA%20CAEM%20SDA.pdf HTTP/1.1" 206 32768
186.112.246.72 - - [04/Oct/2015:12:21:59 -0500] "GET /portalsiaccapacitaciones/Soportes%20Capacitaciones%202015/0007.%20Estrategia%20de%20sostenibilidad.pdf HTTP/1.1" 206 32768
186.112.246.72 - - [04/Oct/2015:12:22:00 -0500] "GET /portalsiaccapacitaciones/Soportes%20Capacitaciones%202015/0010.%20TALLER%20EFICIENCIA%20ENERGETICA%20CAEM%20SDA.pdf HTTP/1.1" 206 6143700
186.112.246.72 - - [04/Oct/2015:12:22:00 -0500] "GET /portalsiaccapacitaciones/Soportes%20Capacitaciones%202015/0007.%20Estrategia%20de%20sostenibilidad.pdf HTTP/1.1" 206 2475090
186.112.246.72 - - [04/Oct/2015:12:22:01 -0500] "GET /portalsiaccapacitaciones/Soportes%20Capacitaciones%202015/0006.%20Auditorio%20Ambiental%202015.pdf HTTP/1.1" 206 32768
186.112.246.72 - - [04/Oct/2015:12:22:03 -0500] "GET /portalsiaccapacitaciones/Soportes%20Capacitaciones%202015/0005.%20Taller%20HC%20Corporativa%20SDA%2029_07_2015.pdf HTTP/1.1" 206 32768
186.112.246.72 - - [04/Oct/2015:12:22:05 -0500] "GET /portalsiaccapacitaciones/Soportes%20Capacitaciones%202015/0002.%20Taller%20HC%20Corporativa%20SDA%2006-04-2015.pdf HTTP/1.1" 206 32768
186.112.246.72 - - [04/Oct/2015:12:22:05 -0500] "GET /portalsiaccapacitaciones/Soportes%20Capacitaciones%202015/0005.%20Taller%20HC%20Corporativa%20SDA%2029_07_2015.pdf HTTP/1.1" 206 1465458
186.112.246.72 - - [04/Oct/2015:12:22:06 -0500] "GET /portalsiaccapacitaciones/Soportes%20Capacitaciones%202015/0006.%20Auditorio%20Ambiental%202015.pdf HTTP/1.1" 206 1616771
186.112.246.72 - - [04/Oct/2015:12:22:07 -0500] "GET /portalsiaccapacitaciones/Soportes%20Capacitaciones%202015/0002.%20Taller%20HC%20Corporativa%20SDA%2006-04-2015.pdf HTTP/1.1" 206 12231878
66.249.65.220 - - [04/Oct/2015:12:22:14 -0500] "GET /BLA/resoluciones/RESOLUCIONES%202010/6051.pdf HTTP/1.1" 200 641712
161.10.140.89 - - [04/Oct/2015:12:22:15 -0500] "GET /galeria/galeria/jquery.fancybox.js?v=2.1.5 HTTP/1.1" 304 -
161.10.140.89 - - [04/Oct/2015:12:22:15 -0500] "GET /BLA/boletinlegal/js/jquery.scrollShow.js HTTP/1.1" 304 -
161.10.140.89 - - [04/Oct/2015:12:22:15 -0500] "GET /galeria/galeria/jquery.fancybox.css?v=2.1.5 HTTP/1.1" 304 -
190.158.8.125 - - [04/Oct/2015:12:22:25 -0500] "GET /isolucionsda/NotaMejora.asp?CodSucursal=&ID_NotaMejora=229&Accion=ModificarForma HTTP/1.1" 200 68874
66.249.65.227 - - [04/Oct/2015:12:22:40 -0500] "GET /BLA/resoluciones/RESOLUCIONES%202010/6714.pdf HTTP/1.1" 200 294051
78.57.162.117 - - [04/Oct/2015:12:22:45 -0500] "POST /xmlrpc.php HTTP/1.1" 301 334
78.57.162.117 - - [04/Oct/2015:12:22:46 -0500] "POST /xmlrpc.php HTTP/1.1" 301 334
181.142.229.84 - - [04/Oct/2015:12:23:01 -0500] "GET /galeria/carrusel/Carrusel/jquery.thumbnailScroller.css HTTP/1.1" 200 2066
181.142.229.84 - - [04/Oct/2015:12:23:01 -0500] "GET /galeria/carrusel/Carrusel/jquery-ui-1.8.13.custom.min.js HTTP/1.1" 200 10800
181.142.229.84 - - [04/Oct/2015:12:23:01 -0500] "GET /galeria/carrusel/Carrusel/jquery.thumbnailScroller.js HTTP/1.1" 200 8157
181.142.229.84 - - [04/Oct/2015:12:23:02 -0500] "GET /galeria/nivo-slider/demo/demo.html HTTP/1.1" 200 3905
190.158.8.125 - - [04/Oct/2015:12:23:03 -0500] "GET /ISOlucionSDA/BancoAnexo/NotaMejora/SeguimientoPlan/229/229/2015ie175998%20subsec%20eliminacion%20de%20formatos%20suelos0.docx HTTP/1.1" 200 220181
181.142.229.84 - - [04/Oct/2015:12:23:06 -0500] "GET /galeria/nivo-slider/themes/default/default.css HTTP/1.1" 200 1569
181.142.229.84 - - [04/Oct/2015:12:23:06 -0500] "GET /galeria/nivo-slider/themes/pascal/pascal.css HTTP/1.1" 200 2258
181.142.229.84 - - [04/Oct/2015:12:23:06 -0500] "GET /galeria/nivo-slider/themes/orman/orman.css HTTP/1.1" 200 2152
181.142.229.84 - - [04/Oct/2015:12:23:06 -0500] "GET /galeria/nivo-slider/nivo-slider.css HTTP/1.1" 200 1507
181.142.229.84 - - [04/Oct/2015:12:23:06 -0500] "GET /galeria/nivo-slider/demo/style.css HTTP/1.1" 200 2222
181.142.229.84 - - [04/Oct/2015:12:23:06 -0500] "GET /galeria/nivo-slider/demo/scripts/jquery-1.7.1.min.js HTTP/1.1" 200 93868
181.142.229.84 - - [04/Oct/2015:12:23:06 -0500] "GET /galeria/nivo-slider/jquery.nivo.slider.pack.js HTTP/1.1" 200 11561
181.142.229.84 - - [04/Oct/2015:12:23:06 -0500] "GET /galeria/nivo-slider/demo/images/La-SDA-se-suma-a-la-Gran-Movilizacion.jpg HTTP/1.1" 200 92233
181.142.229.84 - - [04/Oct/2015:12:23:06 -0500] "GET /galeria/nivo-slider/demo/images/simulacro-nacional.jpg HTTP/1.1" 200 241925
181.142.229.84 - - [04/Oct/2015:12:23:06 -0500] "GET /galeria/nivo-slider/demo/images/simulacro-busqueda-rescate-urbano.jpg HTTP/1.1" 200 251375
181.142.229.84 - - [04/Oct/2015:12:23:06 -0500] "GET /galeria/nivo-slider/demo/images/Semana-PYBA.jpg HTTP/1.1" 200 103786
181.142.229.84 - - [04/Oct/2015:12:23:06 -0500] "GET /galeria/nivo-slider/demo/images/Plan-Quinquenal.jpg HTTP/1.1" 200 412438
181.142.229.84 - - [04/Oct/2015:12:23:06 -0500] "GET /galeria/nivo-slider/demo/images/PREDAcamp.jpg HTTP/1.1" 200 295358
181.142.229.84 - - [04/Oct/2015:12:23:07 -0500] "GET /galeria/nivo-slider/demo/images/banner-llantas2.jpg HTTP/1.1" 200 204644
181.142.229.84 - - [04/Oct/2015:12:23:09 -0500] "GET /galeria/nivo-slider/demo/images/9Signos.jpg HTTP/1.1" 200 81776
181.142.229.84 - - [04/Oct/2015:12:23:10 -0500] "GET /galeria/nivo-slider/demo/images/Comparendo-ambiental-Banner.jpg HTTP/1.1" 200 83731
181.142.229.84 - - [04/Oct/2015:12:23:10 -0500] "GET /galeria/nivo-slider/demo/images/Ruta-vertimientos-01.jpg HTTP/1.1" 200 130151
181.142.229.84 - - [04/Oct/2015:12:23:10 -0500] "GET /galeria/nivo-slider/demo/images/bolsas-06.jpg HTTP/1.1" 200 90982
181.142.229.84 - - [04/Oct/2015:12:23:10 -0500] "GET /galeria/nivo-slider/demo/images/Conoce-los-humedales.jpg HTTP/1.1" 200 294036
181.142.229.84 - - [04/Oct/2015:12:23:10 -0500] "GET /galeria/nivo-slider/demo/images/ecolecta-Dic2014.png HTTP/1.1" 200 288593
181.142.229.84 - - [04/Oct/2015:12:23:10 -0500] "GET /galeria/nivo-slider/demo/images/4Simple_Slider.png HTTP/1.1" 200 11722
181.142.229.84 - - [04/Oct/2015:12:23:11 -0500] "GET /galeria/nivo-slider/themes/default/loading.gif HTTP/1.1" 200 1737
181.142.229.84 - - [04/Oct/2015:12:23:16 -0500] "GET /galeria/nivo-slider/themes/default/arrows.png HTTP/1.1" 200 824
181.142.229.84 - - [04/Oct/2015:12:23:16 -0500] "GET /galeria/nivo-slider/themes/default/bullets.png HTTP/1.1" 200 1281
181.142.229.84 - - [04/Oct/2015:12:23:22 -0500] "GET /galeria/galeria/fotos/Movilizacion12P.jpg HTTP/1.1" 200 9230
181.142.229.84 - - [04/Oct/2015:12:23:22 -0500] "GET /galeria/galeria/fotos/Movilizacion2P.jpg HTTP/1.1" 200 8550
181.142.229.84 - - [04/Oct/2015:12:23:22 -0500] "GET /galeria/galeria/fotos/Movilizacion4P.jpg HTTP/1.1" 200 8828
181.142.229.84 - - [04/Oct/2015:12:23:23 -0500] "GET /galeria/galeria/fotos/Movilizacion6P.jpg HTTP/1.1" 200 9026
181.142.229.84 - - [04/Oct/2015:12:23:23 -0500] "GET /galeria/galeria/fotos/Movilizacion5P.jpg HTTP/1.1" 200 8859
181.142.229.84 - - [04/Oct/2015:12:23:23 -0500] "GET /galeria/galeria/fotos/Movilizacion7P.jpg HTTP/1.1" 200 8214
181.142.229.84 - - [04/Oct/2015:12:23:23 -0500] "GET /galeria/galeria/fotos/Movilizacion8P.jpg HTTP/1.1" 200 8171
181.142.229.84 - - [04/Oct/2015:12:23:23 -0500] "GET /galeria/galeria/fotos/Movilizacion9P.jpg HTTP/1.1" 200 7086
181.142.229.84 - - [04/Oct/2015:12:23:23 -0500] "GET /galeria/galeria/fotos/Movilizacion10P.jpg HTTP/1.1" 200 8536
181.142.229.84 - - [04/Oct/2015:12:23:23 -0500] "GET /galeria/galeria/fotos/Movilizacion13P.jpg HTTP/1.1" 200 8760
181.142.229.84 - - [04/Oct/2015:12:23:23 -0500] "GET /galeria/galeria/fotos/Movilizacion11P.jpg HTTP/1.1" 200 9318
181.142.229.84 - - [04/Oct/2015:12:23:23 -0500] "GET /galeria/galeria/fotos/Movilizacion14P.jpg HTTP/1.1" 200 9394
181.142.229.84 - - [04/Oct/2015:12:23:23 -0500] "GET /galeria/galeria/fotos/Movilizacio-por-el-agua1P.jpg HTTP/1.1" 200 7549
181.142.229.84 - - [04/Oct/2015:12:23:23 -0500] "GET /galeria/galeria/fotos/Movilizacio-por-el-agua2P.jpg HTTP/1.1" 200 8044
181.142.229.84 - - [04/Oct/2015:12:23:23 -0500] "GET /galeria/galeria/fotos/Movilizacio-por-el-agua3P.jpg HTTP/1.1" 200 8058
181.142.229.84 - - [04/Oct/2015:12:23:23 -0500] "GET /galeria/galeria/fotos/Movilizacio-por-el-agua4P.jpg HTTP/1.1" 200 10828
181.142.229.84 - - [04/Oct/2015:12:23:23 -0500] "GET /galeria/galeria/fotos/Movilizacio-por-el-agua5P.jpg HTTP/1.1" 200 11066
181.142.229.84 - - [04/Oct/2015:12:23:23 -0500] "GET /galeria/galeria/fotos/Caminando-la-tierra1P.jpg HTTP/1.1" 200 10414
181.142.229.84 - - [04/Oct/2015:12:23:23 -0500] "GET /galeria/galeria/fotos/Caminando-la-tierra2P.jpg HTTP/1.1" 200 9994
181.142.229.84 - - [04/Oct/2015:12:23:23 -0500] "GET /galeria/galeria/fotos/Caminando-la-tierra3P.jpg HTTP/1.1" 200 10203
181.142.229.84 - - [04/Oct/2015:12:23:23 -0500] "GET /galeria/galeria/fotos/Caminando-la-tierra4P.jpg HTTP/1.1" 200 10853
181.142.229.84 - - [04/Oct/2015:12:23:23 -0500] "GET /galeria/galeria/fotos/Caminando-la-tierra5P.jpg HTTP/1.1" 200 11967
181.142.229.84 - - [04/Oct/2015:12:23:23 -0500] "GET /galeria/galeria/fotos/Encuentro-de-Movimientos6P.jpg HTTP/1.1" 200 8320
181.142.229.84 - - [04/Oct/2015:12:23:24 -0500] "GET /galeria/galeria/fotos/Encuentro-de-Movimientos7P.jpg HTTP/1.1" 200 11052
181.142.229.84 - - [04/Oct/2015:12:23:24 -0500] "GET /galeria/galeria/fotos/Encuentro-de-Movimientos8P.jpg HTTP/1.1" 200 11333
181.142.229.84 - - [04/Oct/2015:12:23:24 -0500] "GET /galeria/galeria/fotos/Encuentro-de-Movimientos9P.jpg HTTP/1.1" 200 12419
181.142.229.84 - - [04/Oct/2015:12:23:24 -0500] "GET /galeria/galeria/fotos/Encuentro-de-Movimientos10P.jpg HTTP/1.1" 200 11491
181.142.229.84 - - [04/Oct/2015:12:23:24 -0500] "GET /galeria/galeria/fotos/Encuentro-de-Movimientos12P.jpg HTTP/1.1" 200 11262
181.142.229.84 - - [04/Oct/2015:12:23:24 -0500] "GET /galeria/galeria/fotos/Encuentro-de-Movimientos11P.jpg HTTP/1.1" 200 10157
181.142.229.84 - - [04/Oct/2015:12:23:24 -0500] "GET /galeria/galeria/fotos/Encuentro-de-Movimientos13P.jpg HTTP/1.1" 200 10757
181.142.229.84 - - [04/Oct/2015:12:23:24 -0500] "GET /galeria/galeria/fotos/Encuentro-de-Movimientos14P.jpg HTTP/1.1" 200 10359
181.142.229.84 - - [04/Oct/2015:12:23:24 -0500] "GET /galeria/galeria/fotos/Encuentro-de-Movimientos-sociales1P.jpg HTTP/1.1" 200 10577
181.142.229.84 - - [04/Oct/2015:12:23:24 -0500] "GET /galeria/galeria/fotos/Encuentro-de-Movimientos-sociales2P.jpg HTTP/1.1" 200 11104
181.142.229.84 - - [04/Oct/2015:12:23:24 -0500] "GET /galeria/galeria/fotos/Encuentro-de-Movimientos-sociales3P.jpg HTTP/1.1" 200 9964
181.142.229.84 - - [04/Oct/2015:12:23:24 -0500] "GET /galeria/galeria/fotos/Encuentro-de-Movimientos-sociales4P.jpg HTTP/1.1" 200 10754
181.142.201.80 - - [04/Oct/2015:12:23:26 -0500] "GET /BLA/resoluciones/AUTOS%202010/3116.pdf HTTP/1.1" 200 119996
181.142.201.80 - - [04/Oct/2015:12:23:26 -0500] "GET /favicon.ico HTTP/1.1" 200 7782
190.84.78.198 - - [04/Oct/2015:12:23:32 -0500] "GET /crossdomain.xml HTTP/1.1" 404 1280
190.84.78.198 - - [04/Oct/2015:12:23:32 -0500] "GET /arcgis/services/Calidad_del_Agua_WQI/MapServer/WMSServer?VERSION=1%2E1%2E1&SRS=EPSG%3A4686&REQUEST=GetMap&FORMAT=image%2Fpng&BBOX=%2D74%2E08144271269228%2C4%2E6102945181965005%2C%2D74%2E0798175408253%2C4%2E611059514909876&HEIGHT=643&STYLES=&LAYERS=3%2C4%2C5%2C6%2C7&WIDTH=1366&TRANSPARENT=TRUE&SERVICE=WMS HTTP/1.1" 200 4932
190.84.78.198 - - [04/Oct/2015:12:23:32 -0500] "GET /arcgis/services/Calidad_del_Agua_WQI/MapServer/WMSServer?VERSION=1%2E1%2E1&SRS=EPSG%3A4686&REQUEST=GetMap&FORMAT=image%2Fpng&BBOX=%2D74%2E0825527312515%2C4%2E610025639102843%2C%2D74%2E07930238751754%2C4%2E611555632529591&HEIGHT=643&STYLES=&LAYERS=3%2C4%2C5%2C6%2C7&WIDTH=1366&TRANSPARENT=TRUE&SERVICE=WMS HTTP/1.1" 200 4932
201.245.192.253 - - [04/Oct/2015:12:23:35 -0500] "POST /forms/lservlet;jsessionid=ac16012b30d62e507505f2c64e898405c7619f87fb44.e3iSbxaKaheRe38Ka34Oa3eLbxf0n6jAmljGr5XDqQLvpAe HTTP/1.1" 200 2
190.84.78.198 - - [04/Oct/2015:12:23:36 -0500] "GET /arcgis/services/Calidad_del_Agua_WQI/MapServer/WMSServer?VERSION=1%2E1%2E1&SRS=EPSG%3A4686&REQUEST=GetMap&FORMAT=image%2Fpng&BBOX=%2D74%2E08262555932197%2C4%2E609941922834506%2C%2D74%2E07937521558802%2C4%2E611471916261254&HEIGHT=643&STYLES=&LAYERS=3%2C4%2C5%2C6%2C7&WIDTH=1366&TRANSPARENT=TRUE&SERVICE=WMS HTTP/1.1" 200 4932
190.84.78.198 - - [04/Oct/2015:12:23:38 -0500] "GET /arcgis/services/Calidad_del_Agua_WQI/MapServer/WMSServer?VERSION=1%2E1%2E1&SRS=EPSG%3A4686&REQUEST=GetMap&FORMAT=image%2Fpng&BBOX=%2D74%2E08265093657333%2C4%2E6099011109555335%2C%2D74%2E07940059283938%2C4%2E611431104382282&HEIGHT=643&STYLES=&LAYERS=3%2C4%2C5%2C6%2C7&WIDTH=1366&TRANSPARENT=TRUE&SERVICE=WMS HTTP/1.1" 200 4932
190.158.8.125 - - [04/Oct/2015:12:23:39 -0500] "GET /ISOlucionSDA/BancoAnexo/NotaMejora/SeguimientoPlan/229/229/2015ie175999%20dca0.docx HTTP/1.1" 200 221464
190.84.78.198 - - [04/Oct/2015:12:23:42 -0500] "GET /arcgis/services/Calidad_del_Agua_WQI/MapServer/WMSServer?VERSION=1%2E1%2E1&SRS=EPSG%3A4686&REQUEST=GetMap&FORMAT=image%2Fpng&BBOX=%2D74%2E08587447729941%2C4%2E60956650273824%2C%2D74%2E07937378983148%2C4%2E6126264895917375&HEIGHT=643&STYLES=&LAYERS=3%2C4%2C5%2C6%2C7&WIDTH=1366&TRANSPARENT=TRUE&SERVICE=WMS HTTP/1.1" 200 4932
181.54.218.119 - - [04/Oct/2015:12:23:43 -0500] "GET /galeria/galeria/jquery.fancybox.css?v=2.1.5 HTTP/1.1" 200 4895
181.54.218.119 - - [04/Oct/2015:12:23:44 -0500] "GET /BLA/boletinlegal/js/jquery.scrollShow.js HTTP/1.1" 200 4586
181.54.218.119 - - [04/Oct/2015:12:23:44 -0500] "GET /galeria/galeria/jquery.fancybox.js?v=2.1.5 HTTP/1.1" 200 48706
190.84.78.198 - - [04/Oct/2015:12:23:44 -0500] "GET /crossdomain.xml HTTP/1.1" 404 1280
190.84.78.198 - - [04/Oct/2015:12:23:44 -0500] "GET /arcgis/services/Calidad_del_Agua_WQI/MapServer/WMSServer?VERSION=1%2E1%2E1&SRS=EPSG%3A4686&REQUEST=GetMap&FORMAT=image%2Fpng&BBOX=%2D74%2E08609107202972%2C4%2E610033748289249%2C%2D74%2E07959038456178%2C4%2E613093735142746&HEIGHT=643&STYLES=&LAYERS=3%2C4%2C5%2C6%2C7&WIDTH=1366&TRANSPARENT=TRUE&SERVICE=WMS HTTP/1.1" 200 4932
190.84.78.198 - - [04/Oct/2015:12:23:48 -0500] "GET /arcgis/services/Calidad_del_Agua_WQI/MapServer/WMSServer?VERSION=1%2E1%2E1&SRS=EPSG%3A4686&REQUEST=GetMap&FORMAT=image%2Fpng&BBOX=%2D74%2E08406615071374%2C4%2E61019555163764%2C%2D74%2E08081580697979%2C4%2E611725545064388&HEIGHT=643&STYLES=&LAYERS=3%2C4%2C5%2C6%2C7&WIDTH=1366&TRANSPARENT=TRUE&SERVICE=WMS HTTP/1.1" 200 4932
190.84.78.198 - - [04/Oct/2015:12:23:49 -0500] "GET /arcgis/services/Calidad_del_Agua_WQI/MapServer/WMSServer?VERSION=1%2E1%2E1&SRS=EPSG%3A4686&REQUEST=GetMap&FORMAT=image%2Fpng&BBOX=%2D74%2E08608393364669%2C4%2E610021850984226%2C%2D74%2E07958324617876%2C4%2E613081837837723&HEIGHT=643&STYLES=&LAYERS=3%2C4%2C5%2C6%2C7&WIDTH=1366&TRANSPARENT=TRUE&SERVICE=WMS HTTP/1.1" 200 4932
186.112.246.72 - - [04/Oct/2015:12:23:57 -0500] "GET /portalsiaccapacitaciones/Listas%20de%20Asistencia%202015/ HTTP/1.1" 200 9990
181.54.218.119 - - [04/Oct/2015:12:23:58 -0500] "GET /galeria/galeria/jquery.fancybox.js?v=2.1.5 HTTP/1.1" 304 -
181.54.218.119 - - [04/Oct/2015:12:23:58 -0500] "GET /galeria/galeria/jquery.fancybox.css?v=2.1.5 HTTP/1.1" 304 -
181.54.218.119 - - [04/Oct/2015:12:23:58 -0500] "GET /BLA/boletinlegal/js/jquery.scrollShow.js HTTP/1.1" 304 -
74.86.158.107 - - [04/Oct/2015:12:24:03 -0500] "HEAD / HTTP/1.1" 200 -
186.112.246.72 - - [04/Oct/2015:12:24:04 -0500] "GET /portalsiaccapacitaciones/Listas%20de%20Asistencia%202015/L.A-MT1-11May2015.pdf HTTP/1.1" 200 682250
186.112.246.72 - - [04/Oct/2015:12:24:05 -0500] "GET /portalsiaccapacitaciones/Listas%20de%20Asistencia%202015/L.A-MT1-11May2015.pdf HTTP/1.1" 206 32768
186.83.160.6 - - [04/Oct/2015:12:24:05 -0500] "GET /BLA/boletinlegal/js/jquery.scrollShow.js HTTP/1.1" 200 4586
186.83.160.6 - - [04/Oct/2015:12:24:05 -0500] "GET /galeria/galeria/jquery.fancybox.css?v=2.1.5 HTTP/1.1" 200 4895
186.83.160.6 - - [04/Oct/2015:12:24:05 -0500] "GET /galeria/galeria/jquery.fancybox.js?v=2.1.5 HTTP/1.1" 200 48706
186.112.246.72 - - [04/Oct/2015:12:24:06 -0500] "GET /portalsiaccapacitaciones/Listas%20de%20Asistencia%202015/L.A-MT1-11May2015.pdf HTTP/1.1" 206 649482
186.83.160.6 - - [04/Oct/2015:12:24:09 -0500] "GET /galeria/galeria/jquery.fancybox.js?v=2.1.5 HTTP/1.1" 304 -
186.83.160.6 - - [04/Oct/2015:12:24:09 -0500] "GET /galeria/galeria/jquery.fancybox.css?v=2.1.5 HTTP/1.1" 304 -
186.83.160.6 - - [04/Oct/2015:12:24:09 -0500] "GET /BLA/boletinlegal/js/jquery.scrollShow.js HTTP/1.1" 304 -
181.58.199.10 - - [04/Oct/2015:12:24:38 -0500] "GET /galeria/galeria/jquery.fancybox.css?v=2.1.5 HTTP/1.1" 200 4895
181.58.199.10 - - [04/Oct/2015:12:24:38 -0500] "GET /BLA/boletinlegal/js/jquery.scrollShow.js HTTP/1.1" 200 4586
181.58.199.10 - - [04/Oct/2015:12:24:38 -0500] "GET /galeria/galeria/jquery.fancybox.js?v=2.1.5 HTTP/1.1" 200 48706
186.112.246.72 - - [04/Oct/2015:12:24:43 -0500] "GET /portalsiaccapacitaciones/Listas%20de%20Asistencia%202015/L.A-MT10-18Jun2015.pdf HTTP/1.1" 200 525927
186.112.246.72 - - [04/Oct/2015:12:24:44 -0500] "GET /portalsiaccapacitaciones/Listas%20de%20Asistencia%202015/L.A-MT10-18Jun2015.pdf HTTP/1.1" 206 32768
186.112.246.72 - - [04/Oct/2015:12:24:45 -0500] "GET /portalsiaccapacitaciones/Listas%20de%20Asistencia%202015/L.A-MT10-18Jun2015.pdf HTTP/1.1" 206 493159
190.158.8.125 - - [04/Oct/2015:12:24:59 -0500] "GET /isolucionsda/NotaMejora.asp?CodSucursal=&ID_NotaMejora=230&Accion=ModificarForma HTTP/1.1" 200 102943
66.249.65.220 - - [04/Oct/2015:12:25:04 -0500] "GET /BLA/resoluciones/RESOLUCIONES%202010/6407.pdf HTTP/1.1" 200 514628
181.54.218.119 - - [04/Oct/2015:12:25:17 -0500] "GET /galeria/galeria/fotos/mirador1P.jpg HTTP/1.1" 200 11433
181.54.218.119 - - [04/Oct/2015:12:25:17 -0500] "GET /galeria/galeria/fotos/mirador2P.jpg HTTP/1.1" 200 10111
181.54.218.119 - - [04/Oct/2015:12:25:17 -0500] "GET /galeria/galeria/fotos/mirador3P.jpg HTTP/1.1" 200 9765
181.54.218.119 - - [04/Oct/2015:12:25:17 -0500] "GET /galeria/galeria/fotos/mirador4P.jpg HTTP/1.1" 200 11757
66.249.65.227 - - [04/Oct/2015:12:25:17 -0500] "GET /BLA/resoluciones/RESOLUCIONES%202010/3182.pdf HTTP/1.1" 200 492369
190.158.8.125 - - [04/Oct/2015:12:25:18 -0500] "GET /isolucionsda/NotaMejora.asp?CodSucursal=&ID_NotaMejora=229&Accion=ModificarForma HTTP/1.1" 200 68874
181.58.199.10 - - [04/Oct/2015:12:25:18 -0500] "GET /BLA/boletinlegal/js/jquery.scrollShow.js HTTP/1.1" 200 4586
181.58.199.10 - - [04/Oct/2015:12:25:19 -0500] "GET /galeria/galeria/jquery.fancybox.js?v=2.1.5 HTTP/1.1" 200 48706
181.58.199.10 - - [04/Oct/2015:12:25:19 -0500] "GET /galeria/galeria/jquery.fancybox.css?v=2.1.5 HTTP/1.1" 200 4895
66.249.65.48 - - [04/Oct/2015:12:25:30 -0500] "GET /huelladecarbono/soluciones3.html HTTP/1.1" 200 4631
201.245.192.253 - - [04/Oct/2015:12:25:35 -0500] "POST /forms/lservlet;jsessionid=ac16012b30d62e507505f2c64e898405c7619f87fb44.e3iSbxaKaheRe38Ka34Oa3eLbxf0n6jAmljGr5XDqQLvpAe HTTP/1.1" 200 2
186.112.246.72 - - [04/Oct/2015:12:25:47 -0500] "GET /portalsiaccapacitaciones/Listas%20de%20Asistencia%202015/L.A-MT11-23Jun2015.pdf HTTP/1.1" 200 796363
186.112.246.72 - - [04/Oct/2015:12:25:48 -0500] "GET /portalsiaccapacitaciones/Listas%20de%20Asistencia%202015/L.A-MT11-23Jun2015.pdf HTTP/1.1" 206 32768
186.112.246.72 - - [04/Oct/2015:12:25:49 -0500] "GET /portalsiaccapacitaciones/Listas%20de%20Asistencia%202015/L.A-MT11-23Jun2015.pdf HTTP/1.1" 206 763595
181.225.81.241 - - [04/Oct/2015:12:25:50 -0500] "GET /galeria/galeria/jquery.fancybox.css?v=2.1.5 HTTP/1.1" 304 -
181.225.81.241 - - [04/Oct/2015:12:25:50 -0500] "GET /BLA/boletinlegal/js/jquery.scrollShow.js HTTP/1.1" 304 -
181.225.81.241 - - [04/Oct/2015:12:25:50 -0500] "GET /galeria/galeria/jquery.fancybox.js?v=2.1.5 HTTP/1.1" 304 -
186.155.127.16 - - [04/Oct/2015:12:25:53 -0500] "GET /BLA/boletinlegal/js/jquery.scrollShow.js HTTP/1.1" 200 4586
186.155.127.16 - - [04/Oct/2015:12:25:53 -0500] "GET /galeria/galeria/jquery.fancybox.js?v=2.1.5 HTTP/1.1" 200 48706
186.155.127.16 - - [04/Oct/2015:12:25:53 -0500] "GET /galeria/galeria/jquery.fancybox.css?v=2.1.5 HTTP/1.1" 200 4895
186.112.246.72 - - [04/Oct/2015:12:26:10 -0500] "GET /portalsiaccapacitaciones/Listas%20de%20Asistencia%202015/L.A-MT12-2Jun2015.pdf HTTP/1.1" 200 973564
186.112.246.72 - - [04/Oct/2015:12:26:10 -0500] "GET /portalsiaccapacitaciones/Listas%20de%20Asistencia%202015/L.A-MT12-2Jun2015.pdf HTTP/1.1" 206 32768
186.112.246.72 - - [04/Oct/2015:12:26:12 -0500] "GET /portalsiaccapacitaciones/Listas%20de%20Asistencia%202015/L.A-MT12-2Jun2015.pdf HTTP/1.1" 206 940796
186.154.186.100 - - [04/Oct/2015:12:26:19 -0500] "GET /galeria/galeria/jquery.fancybox.css?v=2.1.5 HTTP/1.1" 200 4895
186.154.186.100 - - [04/Oct/2015:12:26:19 -0500] "GET /BLA/boletinlegal/js/jquery.scrollShow.js HTTP/1.1" 200 4586
186.154.186.100 - - [04/Oct/2015:12:26:19 -0500] "GET /galeria/galeria/jquery.fancybox.js?v=2.1.5 HTTP/1.1" 200 48706
186.112.246.72 - - [04/Oct/2015:12:26:25 -0500] "GET /portalsiaccapacitaciones/Listas%20de%20Asistencia%202015/L.A-MT13-30Jun2015.pdf HTTP/1.1" 200 493045
