186.112.246.72 - - [04/Oct/2015:12:26:25 -0500] "GET /portalsiaccapacitaciones/Listas%20de%20Asistencia%202015/L.A-MT13-30Jun2015.pdf HTTP/1.1" 206 32768
186.112.246.72 - - [04/Oct/2015:12:26:26 -0500] "GET /portalsiaccapacitaciones/Listas%20de%20Asistencia%202015/L.A-MT13-30Jun2015.pdf HTTP/1.1" 206 460277
181.61.178.162 - - [04/Oct/2015:12:26:30 -0500] "GET /galeria/galeria/jquery.fancybox.css?v=2.1.5 HTTP/1.1" 200 4895
181.61.178.162 - - [04/Oct/2015:12:26:31 -0500] "GET /BLA/boletinlegal/js/jquery.scrollShow.js HTTP/1.1" 200 4586
181.61.178.162 - - [04/Oct/2015:12:26:31 -0500] "GET /galeria/galeria/jquery.fancybox.js?v=2.1.5 HTTP/1.1" 200 48706
66.249.65.48 - - [04/Oct/2015:12:26:31 -0500] "GET / HTTP/1.1" 200 10190
66.249.65.213 - - [04/Oct/2015:12:26:33 -0500] "GET /BLA/resoluciones/AUTOS%202008/2331.pdf HTTP/1.1" 200 183169
66.249.65.220 - - [04/Oct/2015:12:26:36 -0500] "GET /BLA/resoluciones/RESOLUCIONES%202010/6714.pdf HTTP/1.1" 200 294051
186.154.186.100 - - [04/Oct/2015:12:26:37 -0500] "GET /galeria/galeria/jquery.fancybox.css?v=2.1.5 HTTP/1.1" 304 -
186.154.186.100 - - [04/Oct/2015:12:26:37 -0500] "GET /BLA/boletinlegal/js/jquery.scrollShow.js HTTP/1.1" 304 -
186.154.186.100 - - [04/Oct/2015:12:26:38 -0500] "GET /galeria/galeria/jquery.fancybox.js?v=2.1.5 HTTP/1.1" 304 -
181.61.178.162 - - [04/Oct/2015:12:26:38 -0500] "GET /BLA/boletinlegal/js/jquery.scrollShow.js HTTP/1.1" 304 -
181.61.178.162 - - [04/Oct/2015:12:26:38 -0500] "GET /galeria/galeria/jquery.fancybox.css?v=2.1.5 HTTP/1.1" 304 -
181.61.178.162 - - [04/Oct/2015:12:26:38 -0500] "GET /galeria/galeria/jquery.fancybox.js?v=2.1.5 HTTP/1.1" 304 -
66.249.65.213 - - [04/Oct/2015:12:26:38 -0500] "GET /BLA/resoluciones/AUTOS%202011/6178.pdf HTTP/1.1" 200 1002588
161.10.3.173 - - [04/Oct/2015:12:26:44 -0500] "GET /galeria/carrusel/Carrusel/jquery.thumbnailScroller.css HTTP/1.1" 200 2066
161.10.3.173 - - [04/Oct/2015:12:26:44 -0500] "GET /galeria/galeria/jquery.fancybox.js?v=2.1.5 HTTP/1.1" 200 48706
161.10.3.173 - - [04/Oct/2015:12:26:44 -0500] "GET /BLA/boletinlegal/js/jquery.scrollShow.js HTTP/1.1" 200 4586
161.10.3.173 - - [04/Oct/2015:12:26:44 -0500] "GET /galeria/galeria/jquery.fancybox.css?v=2.1.5 HTTP/1.1" 200 4895
161.10.3.173 - - [04/Oct/2015:12:26:44 -0500] "GET /galeria/carrusel/Carrusel/jquery-ui-1.8.13.custom.min.js HTTP/1.1" 200 10800
161.10.3.173 - - [04/Oct/2015:12:26:44 -0500] "GET /galeria/carrusel/Carrusel/jquery.thumbnailScroller.js HTTP/1.1" 200 8157
161.10.3.173 - - [04/Oct/2015:12:26:45 -0500] "GET /galeria/nivo-slider/demo/demo.html HTTP/1.1" 200 3905
161.10.3.173 - - [04/Oct/2015:12:26:45 -0500] "GET /galeria/nivo-slider/themes/pascal/pascal.css HTTP/1.1" 200 2258
161.10.3.173 - - [04/Oct/2015:12:26:45 -0500] "GET /galeria/nivo-slider/themes/orman/orman.css HTTP/1.1" 200 2152
161.10.3.173 - - [04/Oct/2015:12:26:45 -0500] "GET /galeria/nivo-slider/demo/scripts/jquery-1.7.1.min.js HTTP/1.1" 200 93868
161.10.3.173 - - [04/Oct/2015:12:26:45 -0500] "GET /galeria/nivo-slider/themes/default/default.css HTTP/1.1" 200 1569
161.10.3.173 - - [04/Oct/2015:12:26:45 -0500] "GET /galeria/nivo-slider/demo/style.css HTTP/1.1" 200 2222
161.10.3.173 - - [04/Oct/2015:12:26:45 -0500] "GET /galeria/nivo-slider/nivo-slider.css HTTP/1.1" 200 1507
161.10.3.173 - - [04/Oct/2015:12:26:45 -0500] "GET /galeria/nivo-slider/jquery.nivo.slider.pack.js HTTP/1.1" 200 11561
161.10.3.173 - - [04/Oct/2015:12:26:46 -0500] "GET /galeria/nivo-slider/demo/images/La-SDA-se-suma-a-la-Gran-Movilizacion.jpg HTTP/1.1" 200 92233
161.10.3.173 - - [04/Oct/2015:12:26:46 -0500] "GET /galeria/nivo-slider/demo/images/simulacro-nacional.jpg HTTP/1.1" 200 241925
161.10.3.173 - - [04/Oct/2015:12:26:46 -0500] "GET /galeria/nivo-slider/demo/images/simulacro-busqueda-rescate-urbano.jpg HTTP/1.1" 200 251375
161.10.3.173 - - [04/Oct/2015:12:26:46 -0500] "GET /galeria/nivo-slider/demo/images/Semana-PYBA.jpg HTTP/1.1" 200 103786
161.10.3.173 - - [04/Oct/2015:12:26:46 -0500] "GET /galeria/nivo-slider/demo/images/Plan-Quinquenal.jpg HTTP/1.1" 200 412438
161.10.3.173 - - [04/Oct/2015:12:26:46 -0500] "GET /galeria/nivo-slider/demo/images/PREDAcamp.jpg HTTP/1.1" 200 295358
161.10.3.173 - - [04/Oct/2015:12:26:46 -0500] "GET /galeria/nivo-slider/demo/images/4Simple_Slider.png HTTP/1.1" 200 11722
161.10.3.173 - - [04/Oct/2015:12:26:47 -0500] "GET /galeria/nivo-slider/themes/default/loading.gif HTTP/1.1" 200 1737
161.10.3.173 - - [04/Oct/2015:12:26:47 -0500] "GET /galeria/nivo-slider/demo/images/banner-llantas2.jpg HTTP/1.1" 200 204644
161.10.3.173 - - [04/Oct/2015:12:26:47 -0500] "GET /galeria/nivo-slider/demo/images/9Signos.jpg HTTP/1.1" 200 81776
161.10.3.173 - - [04/Oct/2015:12:26:48 -0500] "GET /galeria/nivo-slider/demo/images/Comparendo-ambiental-Banner.jpg HTTP/1.1" 200 83731
161.10.3.173 - - [04/Oct/2015:12:26:48 -0500] "GET /galeria/nivo-slider/demo/images/Ruta-vertimientos-01.jpg HTTP/1.1" 200 130151
66.249.65.227 - - [04/Oct/2015:12:26:48 -0500] "GET /BLA/resoluciones/RESOLUCIONES%202011/3619.pdf HTTP/1.1" 200 449588
161.10.3.173 - - [04/Oct/2015:12:26:48 -0500] "GET /galeria/nivo-slider/demo/images/bolsas-06.jpg HTTP/1.1" 200 90982
161.10.3.173 - - [04/Oct/2015:12:26:48 -0500] "GET /galeria/nivo-slider/demo/images/Conoce-los-humedales.jpg HTTP/1.1" 200 294036
161.10.3.173 - - [04/Oct/2015:12:26:49 -0500] "GET /galeria/nivo-slider/demo/images/ecolecta-Dic2014.png HTTP/1.1" 200 288593
161.10.3.173 - - [04/Oct/2015:12:26:49 -0500] "GET /galeria/nivo-slider/themes/default/bullets.png HTTP/1.1" 200 1281
161.10.3.173 - - [04/Oct/2015:12:26:50 -0500] "GET /galeria/nivo-slider/themes/default/arrows.png HTTP/1.1" 200 824
161.10.3.173 - - [04/Oct/2015:12:27:05 -0500] "GET /BLA/boletinlegal/js/jquery.scrollShow.js HTTP/1.1" 304 -
161.10.3.173 - - [04/Oct/2015:12:27:05 -0500] "GET /galeria/galeria/jquery.fancybox.css?v=2.1.5 HTTP/1.1" 304 -
161.10.3.173 - - [04/Oct/2015:12:27:05 -0500] "GET /galeria/galeria/jquery.fancybox.js?v=2.1.5 HTTP/1.1" 304 -
161.10.3.173 - - [04/Oct/2015:12:27:05 -0500] "GET /galeria/galeria/jquery.fancybox.css?v=2.1.5 HTTP/1.1" 304 -
201.228.77.28 - - [04/Oct/2015:12:27:08 -0500] "GET /galeria/galeria/jquery.fancybox.css?v=2.1.5 HTTP/1.1" 200 4895
201.228.77.28 - - [04/Oct/2015:12:27:08 -0500] "GET /BLA/boletinlegal/js/jquery.scrollShow.js HTTP/1.1" 200 4586
201.228.77.28 - - [04/Oct/2015:12:27:08 -0500] "GET /galeria/galeria/jquery.fancybox.js?v=2.1.5 HTTP/1.1" 200 48706
157.55.39.245 - - [04/Oct/2015:12:27:09 -0500] "GET /SIG/Gesti%C3%B3n%20Talento%20Humano/126PA01-PR30.pdf HTTP/1.1" 200 46548
66.249.65.227 - - [04/Oct/2015:12:27:12 -0500] "GET /BLA/resoluciones/RESOLUCIONES%202010/6605.pdf HTTP/1.1" 200 573167
66.249.65.45 - - [04/Oct/2015:12:27:14 -0500] "GET /BLA/boletinlegal/jurisprudencia/analisis/analisis%20sentencia%20C%20401%20de%202010.doc HTTP/1.1" 304 -
201.245.192.253 - - [04/Oct/2015:12:27:35 -0500] "POST /forms/lservlet;jsessionid=ac16012b30d62e507505f2c64e898405c7619f87fb44.e3iSbxaKaheRe38Ka34Oa3eLbxf0n6jAmljGr5XDqQLvpAe HTTP/1.1" 200 2
186.145.114.75 - - [04/Oct/2015:12:27:41 -0500] "GET /galeria/galeria/jquery.fancybox.js?v=2.1.5 HTTP/1.1" 200 48706
186.145.114.75 - - [04/Oct/2015:12:27:41 -0500] "GET /BLA/boletinlegal/js/jquery.scrollShow.js HTTP/1.1" 200 4586
186.145.114.75 - - [04/Oct/2015:12:27:41 -0500] "GET /galeria/galeria/jquery.fancybox.css?v=2.1.5 HTTP/1.1" 200 4895
190.158.8.125 - - [04/Oct/2015:12:27:42 -0500] "POST /isolucionsda/NotaMejora.asp HTTP/1.1" 200 70520
186.112.246.72 - - [04/Oct/2015:12:27:47 -0500] "GET /portalsiaccapacitaciones/Listas%20de%20Asistencia%202015/L.A-MT3-14May2015..pdf HTTP/1.1" 200 514371
186.112.246.72 - - [04/Oct/2015:12:27:48 -0500] "GET /portalsiaccapacitaciones/Listas%20de%20Asistencia%202015/L.A-MT3-14May2015..pdf HTTP/1.1" 206 32768
186.112.246.72 - - [04/Oct/2015:12:27:49 -0500] "GET /portalsiaccapacitaciones/Listas%20de%20Asistencia%202015/L.A-MT3-14May2015..pdf HTTP/1.1" 206 481603
186.112.246.72 - - [04/Oct/2015:12:27:53 -0500] "GET /portalsiaccapacitaciones/Listas%20de%20Asistencia%202015/L.A-MT4-19May2015.pdf HTTP/1.1" 200 422566
186.112.246.72 - - [04/Oct/2015:12:27:53 -0500] "GET /portalsiaccapacitaciones/Listas%20de%20Asistencia%202015/L.A-MT4-19May2015.pdf HTTP/1.1" 206 32768
186.112.246.72 - - [04/Oct/2015:12:27:54 -0500] "GET /portalsiaccapacitaciones/Listas%20de%20Asistencia%202015/L.A-MT4-19May2015.pdf HTTP/1.1" 206 389798
186.145.114.75 - - [04/Oct/2015:12:27:47 -0500] "GET /videos/CRRFFS.mp4 HTTP/1.1" 200 286784363
186.145.114.75 - - [04/Oct/2015:12:28:04 -0500] "GET /galeria/galeria/jquery.fancybox.css?v=2.1.5 HTTP/1.1" 200 4895
186.145.114.75 - - [04/Oct/2015:12:28:04 -0500] "GET /BLA/boletinlegal/js/jquery.scrollShow.js HTTP/1.1" 200 4586
186.145.114.75 - - [04/Oct/2015:12:28:04 -0500] "GET /galeria/galeria/jquery.fancybox.js?v=2.1.5 HTTP/1.1" 200 48706
190.143.25.166 - - [04/Oct/2015:12:28:04 -0500] "GET /galeria/galeria/jquery.fancybox.css?v=2.1.5 HTTP/1.1" 200 4895
190.143.25.166 - - [04/Oct/2015:12:28:04 -0500] "GET /BLA/boletinlegal/js/jquery.scrollShow.js HTTP/1.1" 200 4586
190.143.25.166 - - [04/Oct/2015:12:28:04 -0500] "GET /galeria/galeria/jquery.fancybox.js?v=2.1.5 HTTP/1.1" 200 48706
66.249.65.220 - - [04/Oct/2015:12:28:07 -0500] "GET /BLA/resoluciones/AUTOS%202010/0172.pdf HTTP/1.1" 200 359964
186.112.246.72 - - [04/Oct/2015:12:28:12 -0500] "GET /portalsiaccapacitaciones/Listas%20de%20Asistencia%202015/L.A-MT5-21May2015.pdf HTTP/1.1" 200 833229
186.112.246.72 - - [04/Oct/2015:12:28:14 -0500] "GET /portalsiaccapacitaciones/Listas%20de%20Asistencia%202015/L.A-MT5-21May2015.pdf HTTP/1.1" 206 32768
186.112.246.72 - - [04/Oct/2015:12:28:15 -0500] "GET /portalsiaccapacitaciones/Listas%20de%20Asistencia%202015/L.A-MT5-21May2015.pdf HTTP/1.1" 206 800461
190.143.25.166 - - [04/Oct/2015:12:28:15 -0500] "GET /BLA/boletinlegal/js/jquery.scrollShow.js HTTP/1.1" 304 -
190.143.25.166 - - [04/Oct/2015:12:28:15 -0500] "GET /galeria/galeria/jquery.fancybox.js?v=2.1.5 HTTP/1.1" 304 -
190.143.25.166 - - [04/Oct/2015:12:28:15 -0500] "GET /galeria/galeria/jquery.fancybox.css?v=2.1.5 HTTP/1.1" 304 -
186.112.246.72 - - [04/Oct/2015:12:28:19 -0500] "GET /portalsiaccapacitaciones/Listas%20de%20Asistencia%202015/L.A-MT6-28May2015.pdf HTTP/1.1" 200 389859
186.112.246.72 - - [04/Oct/2015:12:28:20 -0500] "GET /portalsiaccapacitaciones/Listas%20de%20Asistencia%202015/L.A-MT6-28May2015.pdf HTTP/1.1" 206 32768
186.112.246.72 - - [04/Oct/2015:12:28:20 -0500] "GET /portalsiaccapacitaciones/Listas%20de%20Asistencia%202015/L.A-MT6-28May2015.pdf HTTP/1.1" 206 357091
66.249.65.227 - - [04/Oct/2015:12:28:33 -0500] "GET /BLA/resoluciones/RESOLUCIONES%202010/6328.pdf HTTP/1.1" 200 468193
186.112.246.72 - - [04/Oct/2015:12:28:35 -0500] "GET /portalsiaccapacitaciones/Listas%20de%20Asistencia%202015/L.A-MT7-11Jun2015.pdf HTTP/1.1" 200 1212057
186.112.246.72 - - [04/Oct/2015:12:28:36 -0500] "GET /portalsiaccapacitaciones/Listas%20de%20Asistencia%202015/L.A-MT7-11Jun2015.pdf HTTP/1.1" 206 32768
186.112.246.72 - - [04/Oct/2015:12:28:36 -0500] "GET /portalsiaccapacitaciones/Listas%20de%20Asistencia%202015/L.A-MT7-11Jun2015.pdf HTTP/1.1" 206 1179289
186.112.246.72 - - [04/Oct/2015:12:28:40 -0500] "GET /portalsiaccapacitaciones/Listas%20de%20Asistencia%202015/L.A-MT8-12Jun2015.pdf HTTP/1.1" 200 1779338
186.112.246.72 - - [04/Oct/2015:12:28:41 -0500] "GET /portalsiaccapacitaciones/Listas%20de%20Asistencia%202015/L.A-MT8-12Jun2015.pdf HTTP/1.1" 206 32768
186.112.246.72 - - [04/Oct/2015:12:28:42 -0500] "GET /portalsiaccapacitaciones/Listas%20de%20Asistencia%202015/L.A-MT8-12Jun2015.pdf HTTP/1.1" 206 1746570
190.248.211.17 - - [04/Oct/2015:12:28:58 -0500] "GET /crossdomain.xml HTTP/1.1" 404 1280
190.248.211.17 - - [04/Oct/2015:12:28:58 -0500] "GET /arcgis/services/Calidad_del_Agua_WQI/MapServer/WMSServer?VERSION=1%2E1%2E1&TRANSPARENT=TRUE&SERVICE=WMS&FORMAT=image%2Fpng&REQUEST=GetMap&WIDTH=1920&HEIGHT=979&STYLES=&SRS=EPSG%3A4686&LAYERS=3%2C4%2C5%2C6%2C7&BBOX=%2D74%2E0880195817594%2C4%2E608709967934064%2C%2D74%2E07888245149701%2C4%2E613368952583479 HTTP/1.1" 200 9627
190.248.211.17 - - [04/Oct/2015:12:29:03 -0500] "GET /arcgis/services/Calidad_del_Agua_WQI/MapServer/WMSServer?VERSION=1%2E1%2E1&TRANSPARENT=TRUE&SERVICE=WMS&FORMAT=image%2Fpng&REQUEST=GetMap&WIDTH=1920&HEIGHT=979&STYLES=&SRS=EPSG%3A4686&LAYERS=3%2C4%2C5%2C6%2C7&BBOX=%2D74%2E09418000630349%2C4%2E605540525874297%2C%2D74%2E07133718064752%2C4%2E617187987497837 HTTP/1.1" 200 9627
74.86.158.107 - - [04/Oct/2015:12:29:03 -0500] "HEAD / HTTP/1.1" 200 -
190.248.211.17 - - [04/Oct/2015:12:29:04 -0500] "GET /arcgis/services/Calidad_del_Agua_WQI/MapServer/WMSServer?VERSION=1%2E1%2E1&TRANSPARENT=TRUE&SERVICE=WMS&FORMAT=image%2Fpng&REQUEST=GetMap&WIDTH=1920&HEIGHT=979&STYLES=&SRS=EPSG%3A4686&LAYERS=3%2C4%2C5%2C6%2C7&BBOX=%2D74%2E10444738054365%2C4%2E600258122441354%2C%2D74%2E0587617292317%2C4%2E623553045688433 HTTP/1.1" 200 9627
190.248.211.17 - - [04/Oct/2015:12:29:07 -0500] "GET /arcgis/services/Calidad_del_Agua_WQI/MapServer/WMSServer?VERSION=1%2E1%2E1&TRANSPARENT=TRUE&SERVICE=WMS&FORMAT=image%2Fpng&REQUEST=GetMap&WIDTH=1920&HEIGHT=979&STYLES=&SRS=EPSG%3A4686&LAYERS=3%2C4%2C5%2C6%2C7&BBOX=%2D74%2E12498212902396%2C4%2E589693315575468%2C%2D74%2E03361082640008%2C4%2E636283162069625 HTTP/1.1" 200 13795
190.248.211.17 - - [04/Oct/2015:12:29:10 -0500] "GET /crossdomain.xml HTTP/1.1" 404 1280
186.112.246.72 - - [04/Oct/2015:12:29:10 -0500] "GET /portalsiaccapacitaciones/Listas%20de%20Asistencia%202015/L.A-MT9-16Jun2015.pdf HTTP/1.1" 200 685835
104.196.89.237 - - [04/Oct/2015:12:29:11 -0500] "GET /wp-content/uploads/2015/08/banner2.png HTTP/1.1" 301 362
190.248.211.17 - - [04/Oct/2015:12:29:10 -0500] "GET /arcgis/services/Calidad_del_Agua_WQI/MapServer/WMSServer?VERSION=1%2E1%2E1&TRANSPARENT=TRUE&SERVICE=WMS&FORMAT=image%2Fpng&REQUEST=GetMap&WIDTH=1920&HEIGHT=979&STYLES=&SRS=EPSG%3A4686&LAYERS=3%2C4%2C5%2C6%2C7&BBOX=%2D74%2E18658637446491%2C4%2E55799889497781%2C%2D73%2E9581581179052%2C4%2E674473511213201 HTTP/1.1" 200 17711
186.112.246.72 - - [04/Oct/2015:12:29:12 -0500] "GET /portalsiaccapacitaciones/Listas%20de%20Asistencia%202015/L.A-MT9-16Jun2015.pdf HTTP/1.1" 206 32768
104.196.89.237 - - [04/Oct/2015:12:29:12 -0500] "GET /wp-content/uploads/2015/08/fotos1b.png HTTP/1.1" 301 362
186.112.246.72 - - [04/Oct/2015:12:29:13 -0500] "GET /portalsiaccapacitaciones/Listas%20de%20Asistencia%202015/L.A-MT9-16Jun2015.pdf HTTP/1.1" 206 653067
190.248.211.17 - - [04/Oct/2015:12:29:16 -0500] "GET /arcgis/services/Calidad_del_Agua_WQI/MapServer/WMSServer?VERSION=1%2E1%2E1&TRANSPARENT=TRUE&SERVICE=WMS&FORMAT=image%2Fpng&REQUEST=GetMap&WIDTH=1920&HEIGHT=979&STYLES=&SRS=EPSG%3A4686&LAYERS=3%2C4%2C5%2C6%2C7&BBOX=%2D74%2E18658637446491%2C4%2E55799889497781%2C%2D73%2E9581581179052%2C4%2E674473511213201 HTTP/1.1" 200 17711
186.112.246.72 - - [04/Oct/2015:12:29:20 -0500] "GET /portalsiaccapacitaciones/Listas%20de%20Asistencia%202015/L.A.-MT2-12May2015.pdf HTTP/1.1" 200 451260
186.112.246.72 - - [04/Oct/2015:12:29:22 -0500] "GET /portalsiaccapacitaciones/Listas%20de%20Asistencia%202015/L.A.-MT2-12May2015.pdf HTTP/1.1" 206 32768
186.112.246.72 - - [04/Oct/2015:12:29:23 -0500] "GET /portalsiaccapacitaciones/Listas%20de%20Asistencia%202015/L.A.-MT2-12May2015.pdf HTTP/1.1" 206 418492
66.249.65.227 - - [04/Oct/2015:12:29:24 -0500] "GET /BLA/resoluciones/RESOLUCIONES%202010/6607.pdf HTTP/1.1" 200 791279
66.249.65.220 - - [04/Oct/2015:12:29:26 -0500] "GET /BLA/resoluciones/RESOLUCIONES%202010/0585.pdf HTTP/1.1" 200 102460
190.158.8.125 - - [04/Oct/2015:12:29:33 -0500] "GET /ISOlucionSDA/BancoAnexo/NotaMejora/SeguimientoPlan/229/229/2015ie175999%20dca0.docx HTTP/1.1" 206 1
190.158.8.125 - - [04/Oct/2015:12:29:33 -0500] "GET /ISOlucionSDA/BancoAnexo/NotaMejora/SeguimientoPlan/229/229/2015ie175999%20dca0.docx HTTP/1.1" 206 218904
201.245.192.253 - - [04/Oct/2015:12:29:36 -0500] "POST /forms/lservlet;jsessionid=ac16012b30d62e507505f2c64e898405c7619f87fb44.e3iSbxaKaheRe38Ka34Oa3eLbxf0n6jAmljGr5XDqQLvpAe HTTP/1.1" 200 2
190.84.78.198 - - [04/Oct/2015:12:29:39 -0500] "GET /crossdomain.xml HTTP/1.1" 404 1280
190.84.78.198 - - [04/Oct/2015:12:29:39 -0500] "GET /arcgis/services/Calidad_del_Agua_WQI/MapServer/WMSServer?VERSION=1%2E1%2E1&SRS=EPSG%3A4686&REQUEST=GetMap&FORMAT=image%2Fpng&BBOX=%2D74%2E08450635099982%2C4%2E610404944206159%2C%2D74%2E08125600726586%2C4%2E611934937632908&HEIGHT=643&STYLES=&LAYERS=3%2C4%2C5%2C6%2C7&WIDTH=1366&TRANSPARENT=TRUE&SERVICE=WMS HTTP/1.1" 200 4932
190.84.78.198 - - [04/Oct/2015:12:29:40 -0500] "GET /arcgis/services/Calidad_del_Agua_WQI/MapServer/WMSServer?VERSION=1%2E1%2E1&SRS=EPSG%3A4686&REQUEST=GetMap&FORMAT=image%2Fpng&BBOX=%2D74%2E08371636994589%2C4%2E610594111356122%2C%2D74%2E08209119807891%2C4%2E611359108069498&HEIGHT=643&STYLES=&LAYERS=3%2C4%2C5%2C6%2C7&WIDTH=1366&TRANSPARENT=TRUE&SERVICE=WMS HTTP/1.1" 200 4932
190.248.211.17 - - [04/Oct/2015:12:29:45 -0500] "GET /crossdomain.xml HTTP/1.1" 404 1280
190.248.211.17 - - [04/Oct/2015:12:29:45 -0500] "GET /arcgis/services/Calidad_del_Agua_WQI/MapServer/WMSServer?VERSION=1%2E1%2E1&TRANSPARENT=TRUE&SERVICE=WMS&FORMAT=image%2Fpng&REQUEST=GetMap&WIDTH=1920&HEIGHT=979&STYLES=&SRS=EPSG%3A4686&LAYERS=3%2C4%2C5%2C6%2C7&BBOX=%2D74%2E14311362188839%2C4%2E579913730841506%2C%2D74%2E0517423192645%2C4%2E626503577335663 HTTP/1.1" 200 13155
190.248.211.17 - - [04/Oct/2015:12:29:46 -0500] "GET /arcgis/services/Calidad_del_Agua_WQI/MapServer/WMSServer?VERSION=1%2E1%2E1&TRANSPARENT=TRUE&SERVICE=WMS&FORMAT=image%2Fpng&REQUEST=GetMap&WIDTH=1920&HEIGHT=979&STYLES=&SRS=EPSG%3A4686&LAYERS=3%2C4%2C5%2C6%2C7&BBOX=%2D74%2E12472038831332%2C4%2E588527379682612%2C%2D74%2E07903473700138%2C4%2E61182230292969 HTTP/1.1" 200 12510
190.248.211.17 - - [04/Oct/2015:12:29:46 -0500] "GET /arcgis/services/Calidad_del_Agua_WQI/MapServer/WMSServer?VERSION=1%2E1%2E1&TRANSPARENT=TRUE&SERVICE=WMS&FORMAT=image%2Fpng&REQUEST=GetMap&WIDTH=1920&HEIGHT=979&STYLES=&SRS=EPSG%3A4686&LAYERS=3%2C4%2C5%2C6%2C7&BBOX=%2D74%2E11563084727105%2C4%2E592096571191357%2C%2D74%2E09278802161508%2C4%2E603744032814896 HTTP/1.1" 200 12240
190.248.211.17 - - [04/Oct/2015:12:29:47 -0500] "GET /arcgis/services/Calidad_del_Agua_WQI/MapServer/WMSServer?VERSION=1%2E1%2E1&TRANSPARENT=TRUE&SERVICE=WMS&FORMAT=image%2Fpng&REQUEST=GetMap&WIDTH=1920&HEIGHT=979&STYLES=&SRS=EPSG%3A4686&LAYERS=3%2C4%2C5%2C6%2C7&BBOX=%2D74%2E11019139941172%2C4%2E594323746692814%2C%2D74%2E10105426914933%2C4%2E59898273134223 HTTP/1.1" 200 12417
66.249.65.213 - - [04/Oct/2015:12:29:51 -0500] "GET /BLA/resoluciones/RESOLUCIONES%202010/5793.pdf HTTP/1.1" 200 91962
190.248.211.17 - - [04/Oct/2015:12:29:51 -0500] "GET /arcgis/services/Calidad_del_Agua_WQI/MapServer/WMSServer?VERSION=1%2E1%2E1&TRANSPARENT=TRUE&SERVICE=WMS&FORMAT=image%2Fpng&REQUEST=GetMap&WIDTH=1920&HEIGHT=979&STYLES=&SRS=EPSG%3A4686&LAYERS=3%2C4%2C5%2C6%2C7&BBOX=%2D74%2E10837349120327%2C4%2E595242218641064%2C%2D74%2E10380492607207%2C4%2E597571710965773 HTTP/1.1" 200 12308
190.84.78.198 - - [04/Oct/2015:12:29:54 -0500] "GET /crossdomain.xml HTTP/1.1" 404 1280
190.248.211.17 - - [04/Oct/2015:12:29:54 -0500] "GET /arcgis/services/Calidad_del_Agua_WQI/MapServer/WMSServer?VERSION=1%2E1%2E1&TRANSPARENT=TRUE&SERVICE=WMS&FORMAT=image%2Fpng&REQUEST=GetMap&WIDTH=1920&HEIGHT=979&STYLES=&SRS=EPSG%3A4686&LAYERS=3%2C4%2C5%2C6%2C7&BBOX=%2D74%2E11019139941172%2C4%2E594323746692815%2C%2D74%2E10105426914933%2C4%2E598982731342231 HTTP/1.1" 200 12417
190.84.78.198 - - [04/Oct/2015:12:29:54 -0500] "GET /arcgis/services/Calidad_del_Agua_WQI/MapServer/WMSServer?VERSION=1%2E1%2E1&SRS=EPSG%3A4686&REQUEST=GetMap&FORMAT=image%2Fpng&BBOX=%2D74%2E0840389185986%2C4%2E610685720604847%2C%2D74%2E08241374673162%2C4%2E611450717318222&HEIGHT=643&STYLES=&LAYERS=3%2C4%2C5%2C6%2C7&WIDTH=1366&TRANSPARENT=TRUE&SERVICE=WMS HTTP/1.1" 200 4932
190.121.153.195 - - [04/Oct/2015:12:29:55 -0500] "GET /BLA/boletinlegal/js/jquery.scrollShow.js HTTP/1.1" 200 4586
190.121.153.195 - - [04/Oct/2015:12:29:55 -0500] "GET /galeria/galeria/jquery.fancybox.css?v=2.1.5 HTTP/1.1" 200 4895
190.121.153.195 - - [04/Oct/2015:12:29:55 -0500] "GET /galeria/galeria/jquery.fancybox.js?v=2.1.5 HTTP/1.1" 200 48706
190.248.211.17 - - [04/Oct/2015:12:29:56 -0500] "GET /crossdomain.xml HTTP/1.1" 404 1280
190.248.211.17 - - [04/Oct/2015:12:29:56 -0500] "GET /arcgis/services/Calidad_del_Agua_WQI/MapServer/WMSServer?VERSION=1%2E1%2E1&TRANSPARENT=TRUE&SERVICE=WMS&FORMAT=image%2Fpng&REQUEST=GetMap&WIDTH=1920&HEIGHT=979&STYLES=&SRS=EPSG%3A4686&LAYERS=3%2C4%2C5%2C6%2C7&BBOX=%2D74%2E11564512403709%2C4%2E591568330848063%2C%2D74%2E09280229838112%2C4%2E603215792471603 HTTP/1.1" 200 12384
186.112.246.72 - - [04/Oct/2015:12:29:57 -0500] "GET /portalsiaccapacitaciones/Listas%20de%20Asistencia%202015/LA%2006-04-2015.pdf HTTP/1.1" 200 2194159
186.112.246.72 - - [04/Oct/2015:12:29:59 -0500] "GET /portalsiaccapacitaciones/Listas%20de%20Asistencia%202015/LA%2006-04-2015.pdf HTTP/1.1" 206 32768
190.248.211.17 - - [04/Oct/2015:12:29:58 -0500] "GET /arcgis/services/Calidad_del_Agua_WQI/MapServer/WMSServer?VERSION=1%2E1%2E1&TRANSPARENT=TRUE&SERVICE=WMS&FORMAT=image%2Fpng&REQUEST=GetMap&WIDTH=1920&HEIGHT=979&STYLES=&SRS=EPSG%3A4686&LAYERS=3%2C4%2C5%2C6%2C7&BBOX=%2D74%2E12473466507936%2C4%2E586975971106811%2C%2D74%2E07904901376742%2C4%2E6102708943538895 HTTP/1.1" 200 12564
186.112.246.72 - - [04/Oct/2015:12:30:00 -0500] "GET /portalsiaccapacitaciones/Listas%20de%20Asistencia%202015/LA%2006-04-2015.pdf HTTP/1.1" 206 2161391
190.248.211.17 - - [04/Oct/2015:12:30:01 -0500] "GET /arcgis/services/Calidad_del_Agua_WQI/MapServer/WMSServer?VERSION=1%2E1%2E1&TRANSPARENT=TRUE&SERVICE=WMS&FORMAT=image%2Fpng&REQUEST=GetMap&WIDTH=1920&HEIGHT=979&STYLES=&SRS=EPSG%3A4686&LAYERS=3%2C4%2C5%2C6%2C7&BBOX=%2D74%2E1429137471639%2C4%2E577791251624306%2C%2D74%2E05154244454002%2C4%2E624381098118463 HTTP/1.1" 200 12915
186.112.246.72 - - [04/Oct/2015:12:30:03 -0500] "GET /portalsiaccapacitaciones/Listas%20de%20Asistencia%202015/LA%20HC%2019-08-2015.pdf HTTP/1.1" 200 521470
186.112.246.72 - - [04/Oct/2015:12:30:03 -0500] "GET /portalsiaccapacitaciones/Listas%20de%20Asistencia%202015/LA%20HC%2019-08-2015.pdf HTTP/1.1" 206 32768
186.112.246.72 - - [04/Oct/2015:12:30:06 -0500] "GET /portalsiaccapacitaciones/Listas%20de%20Asistencia%202015/LA%20HC%2019-08-2015.pdf HTTP/1.1" 206 84520
190.248.211.17 - - [04/Oct/2015:12:30:07 -0500] "GET /crossdomain.xml HTTP/1.1" 404 1280
190.248.211.17 - - [04/Oct/2015:12:30:08 -0500] "GET /arcgis/services/Calidad_del_Agua_WQI/MapServer/WMSServer?VERSION=1%2E1%2E1&TRANSPARENT=TRUE&SERVICE=WMS&FORMAT=image%2Fpng&REQUEST=GetMap&WIDTH=1920&HEIGHT=979&STYLES=&SRS=EPSG%3A4686&LAYERS=3%2C4%2C5%2C6%2C7&BBOX=%2D74%2E11036272060414%2C4%2E59399538107401%2C%2D74%2E0646770692922%2C4%2E617290304321089 HTTP/1.1" 200 10395
190.248.211.17 - - [04/Oct/2015:12:30:09 -0500] "GET /arcgis/services/Calidad_del_Agua_WQI/MapServer/WMSServer?VERSION=1%2E1%2E1&TRANSPARENT=TRUE&SERVICE=WMS&FORMAT=image%2Fpng&REQUEST=GetMap&WIDTH=1920&HEIGHT=979&STYLES=&SRS=EPSG%3A4686&LAYERS=3%2C4%2C5%2C6%2C7&BBOX=%2D74%2E09527693782718%2C4%2E603358560131952%2C%2D74%2E07243411217121%2C4%2E615006021755492 HTTP/1.1" 200 9627
186.112.246.72 - - [04/Oct/2015:12:30:11 -0500] "GET /portalsiaccapacitaciones/Listas%20de%20Asistencia%202015/LA%20HC%2019-08-2015.pdf HTTP/1.1" 206 32768
190.248.211.17 - - [04/Oct/2015:12:30:10 -0500] "GET /arcgis/services/Calidad_del_Agua_WQI/MapServer/WMSServer?VERSION=1%2E1%2E1&TRANSPARENT=TRUE&SERVICE=WMS&FORMAT=image%2Fpng&REQUEST=GetMap&WIDTH=1920&HEIGHT=979&STYLES=&SRS=EPSG%3A4686&LAYERS=3%2C4%2C5%2C6%2C7&BBOX=%2D74%2E08718914986837%2C4%2E608298321180056%2C%2D74%2E07805201960598%2C4%2E612957305829472 HTTP/1.1" 200 9627
190.248.211.17 - - [04/Oct/2015:12:30:11 -0500] "GET /arcgis/services/Calidad_del_Agua_WQI/MapServer/WMSServer?VERSION=1%2E1%2E1&TRANSPARENT=TRUE&SERVICE=WMS&FORMAT=image%2Fpng&REQUEST=GetMap&WIDTH=1920&HEIGHT=979&STYLES=&SRS=EPSG%3A4686&LAYERS=3%2C4%2C5%2C6%2C7&BBOX=%2D74%2E09527693782718%2C4%2E603358560131952%2C%2D74%2E07243411217121%2C4%2E615006021755492 HTTP/1.1" 200 9627
186.112.246.72 - - [04/Oct/2015:12:30:12 -0500] "GET /portalsiaccapacitaciones/Listas%20de%20Asistencia%202015/LA%20HC%2019-08-2015.pdf HTTP/1.1" 206 32768
186.112.246.72 - - [04/Oct/2015:12:30:12 -0500] "GET /portalsiaccapacitaciones/Listas%20de%20Asistencia%202015/LA%20HC%2019-08-2015.pdf HTTP/1.1" 206 32768
190.248.211.17 - - [04/Oct/2015:12:30:12 -0500] "GET /arcgis/services/Calidad_del_Agua_WQI/MapServer/WMSServer?VERSION=1%2E1%2E1&TRANSPARENT=TRUE&SERVICE=WMS&FORMAT=image%2Fpng&REQUEST=GetMap&WIDTH=1920&HEIGHT=979&STYLES=&SRS=EPSG%3A4686&LAYERS=3%2C4%2C5%2C6%2C7&BBOX=%2D74%2E09053705150356%2C4%2E6072846707915724%2C%2D74%2E08139992124117%2C4%2E611943655440988 HTTP/1.1" 200 9627
190.121.153.195 - - [04/Oct/2015:12:30:13 -0500] "GET /galeria/galeria/jquery.fancybox.css?v=2.1.5 HTTP/1.1" 304 -
190.121.153.195 - - [04/Oct/2015:12:30:13 -0500] "GET /BLA/boletinlegal/js/jquery.scrollShow.js HTTP/1.1" 304 -
190.121.153.195 - - [04/Oct/2015:12:30:13 -0500] "GET /galeria/galeria/jquery.fancybox.js?v=2.1.5 HTTP/1.1" 304 -
186.112.246.72 - - [04/Oct/2015:12:30:13 -0500] "GET /portalsiaccapacitaciones/Listas%20de%20Asistencia%202015/LA%20HC%2019-08-2015.pdf HTTP/1.1" 206 32768
190.158.8.125 - - [04/Oct/2015:12:30:13 -0500] "GET /ISOlucionSDA/Administracion/AnexoEdicion.asp?Objeto=NotaMejora&Sigla=SeguimientoPlan&IdObjeto=229&IdSigla=1433&Titulo=Registros&UPLDAtras=http://190.27.245.106/ISOlucionSDA/NotaMejora.asp&UPLDQuerystring=Id_NotaMejora=229[[]]Accion=ModificarForma&Modo=Edicion&Target=_blank&RutaAdicional=229&Formato=Largo HTTP/1.1" 302 451
190.158.8.125 - - [04/Oct/2015:12:30:13 -0500] "GET /ISOlucionSDA/Administracion/Upload/Upload.asp?UPLDIdObjeto=229&UPLDIdSigla=1433&UPLDAtras=http://190.27.245.106/ISOlucionSDA/NotaMejora.asp&UPLDQuerystring=Id_NotaMejora=229[[]]Accion=ModificarForma&UPLDObjeto=NotaMejora&UPLDSigla=SeguimientoPlan&UPLDRuta=229&UPLDTemporalArchivo= HTTP/1.1" 200 11415
66.249.65.142 - - [04/Oct/2015:12:30:14 -0500] "GET /robots.txt HTTP/1.1" 302 312
66.249.65.254 - - [04/Oct/2015:12:30:15 -0500] "GET / HTTP/1.1" 302 302
186.112.246.72 - - [04/Oct/2015:12:30:15 -0500] "GET /portalsiaccapacitaciones/Listas%20de%20Asistencia%202015/LA%20HC%2019-08-2015.pdf HTTP/1.1" 206 32768
190.248.211.17 - - [04/Oct/2015:12:30:15 -0500] "GET /arcgis/services/Calidad_del_Agua_WQI/MapServer/WMSServer?VERSION=1%2E1%2E1&TRANSPARENT=TRUE&SERVICE=WMS&FORMAT=image%2Fpng&REQUEST=GetMap&WIDTH=1920&HEIGHT=979&STYLES=&SRS=EPSG%3A4686&LAYERS=3%2C4%2C5%2C6%2C7&BBOX=%2D74%2E08669898090116%2C4%2E608621927876848%2C%2D74%2E08213041576997%2C4%2E610951420201556 HTTP/1.1" 200 9627
186.112.246.72 - - [04/Oct/2015:12:30:17 -0500] "GET /portalsiaccapacitaciones/Listas%20de%20Asistencia%202015/LA%20HC%2019-08-2015.pdf HTTP/1.1" 206 32768
190.248.211.17 - - [04/Oct/2015:12:30:17 -0500] "GET /arcgis/services/Calidad_del_Agua_WQI/MapServer/WMSServer?VERSION=1%2E1%2E1&TRANSPARENT=TRUE&SERVICE=WMS&FORMAT=image%2Fpng&REQUEST=GetMap&WIDTH=1920&HEIGHT=979&STYLES=&SRS=EPSG%3A4686&LAYERS=3%2C4%2C5%2C6%2C7&BBOX=%2D74%2E08477994559996%2C4%2E609290556419486%2C%2D74%2E08249566303436%2C4%2E61045530258184 HTTP/1.1" 200 9627
186.112.246.72 - - [04/Oct/2015:12:30:17 -0500] "GET /portalsiaccapacitaciones/Listas%20de%20Asistencia%202015/LA%20HC%2019-08-2015.pdf HTTP/1.1" 206 32768
66.249.65.220 - - [04/Oct/2015:12:30:18 -0500] "GET /BLA/resoluciones/RESOLUCIONES%202010/5678.pdf HTTP/1.1" 200 80662
190.248.211.17 - - [04/Oct/2015:12:30:19 -0500] "GET /crossdomain.xml HTTP/1.1" 404 1280
190.248.211.17 - - [04/Oct/2015:12:30:19 -0500] "GET /arcgis/services/Calidad_del_Agua_WQI/MapServer/WMSServer?VERSION=1%2E1%2E1&TRANSPARENT=TRUE&SERVICE=WMS&FORMAT=image%2Fpng&REQUEST=GetMap&WIDTH=1920&HEIGHT=979&STYLES=&SRS=EPSG%3A4686&LAYERS=3%2C4%2C5%2C6%2C7&BBOX=%2D74%2E08669898090116%2C4%2E608621927876848%2C%2D74%2E08213041576997%2C4%2E610951420201556 HTTP/1.1" 200 9627
186.112.246.72 - - [04/Oct/2015:12:30:20 -0500] "GET /portalsiaccapacitaciones/Listas%20de%20Asistencia%202015/LA%20HC%2019-08-2015.pdf HTTP/1.1" 206 32768
186.112.246.72 - - [04/Oct/2015:12:30:21 -0500] "GET /portalsiaccapacitaciones/Listas%20de%20Asistencia%202015/LA%20HC%2019-08-2015.pdf HTTP/1.1" 206 32768
190.248.211.17 - - [04/Oct/2015:12:30:21 -0500] "GET /arcgis/services/Calidad_del_Agua_WQI/MapServer/WMSServer?VERSION=1%2E1%2E1&TRANSPARENT=TRUE&SERVICE=WMS&FORMAT=image%2Fpng&REQUEST=GetMap&WIDTH=1920&HEIGHT=979&STYLES=&SRS=EPSG%3A4686&LAYERS=3%2C4%2C5%2C6%2C7&BBOX=%2D74%2E09053705150356%2C4%2E6072846707915724%2C%2D74%2E08139992124117%2C4%2E611943655440988 HTTP/1.1" 200 9627
186.112.246.72 - - [04/Oct/2015:12:30:24 -0500] "GET /portalsiaccapacitaciones/Listas%20de%20Asistencia%202015/LA%20HC%2019-08-2015.pdf HTTP/1.1" 206 65536
190.252.132.136 - - [04/Oct/2015:12:30:24 -0500] "GET /POT-2013/Cartografia/01_Clasificacion_Rural_V1_2013.pdf HTTP/1.1" 200 2522282
186.112.246.72 - - [04/Oct/2015:12:30:25 -0500] "GET /portalsiaccapacitaciones/Listas%20de%20Asistencia%202015/LA%20HC%2019-08-2015.pdf HTTP/1.1" 206 43734
190.252.132.136 - - [04/Oct/2015:12:30:25 -0500] "GET /POT-2013/Cartografia/01_Clasificacion_Rural_V1_2013.pdf HTTP/1.1" 206 32768
190.252.132.136 - - [04/Oct/2015:12:30:26 -0500] "GET /POT-2013/Cartografia/01_Clasificacion_Rural_V1_2013.pdf HTTP/1.1" 206 2489514
177.248.251.155 - - [04/Oct/2015:12:30:35 -0500] "GET /galeria/galeria/jquery.fancybox.js?v=2.1.5 HTTP/1.1" 200 48706
177.248.251.155 - - [04/Oct/2015:12:30:35 -0500] "GET /BLA/boletinlegal/js/jquery.scrollShow.js HTTP/1.1" 200 4586
177.248.251.155 - - [04/Oct/2015:12:30:35 -0500] "GET /galeria/galeria/jquery.fancybox.css?v=2.1.5 HTTP/1.1" 200 4895
186.145.114.75 - - [04/Oct/2015:12:30:38 -0500] "GET /BLA/boletinlegal/js/jquery.scrollShow.js HTTP/1.1" 200 4586
186.145.114.75 - - [04/Oct/2015:12:30:38 -0500] "GET /galeria/galeria/jquery.fancybox.css?v=2.1.5 HTTP/1.1" 200 4895
186.145.114.75 - - [04/Oct/2015:12:30:38 -0500] "GET /galeria/galeria/jquery.fancybox.js?v=2.1.5 HTTP/1.1" 200 48706
177.248.251.155 - - [04/Oct/2015:12:30:43 -0500] "GET /galeria/galeria/jquery.fancybox.css?v=2.1.5 HTTP/1.1" 200 4895
177.248.251.155 - - [04/Oct/2015:12:30:43 -0500] "GET /BLA/boletinlegal/js/jquery.scrollShow.js HTTP/1.1" 200 4586
177.248.251.155 - - [04/Oct/2015:12:30:43 -0500] "GET /galeria/galeria/jquery.fancybox.js?v=2.1.5 HTTP/1.1" 200 48706
190.158.8.125 - - [04/Oct/2015:12:30:54 -0500] "POST /ISOlucionSDA/Administracion/Upload/UploadArchivo.asp HTTP/1.1" 302 214
190.158.8.125 - - [04/Oct/2015:12:30:56 -0500] "GET /ISOlucionSDA/NotaMejora.asp?Id_NotaMejora=229&Accion=ModificarForma HTTP/1.1" 200 70938
66.249.65.227 - - [04/Oct/2015:12:31:09 -0500] "GET /BLA/resoluciones/AUTOS%202007/2805.pdf HTTP/1.1" 200 186708
186.112.246.72 - - [04/Oct/2015:12:31:13 -0500] "GET /portalsiaccapacitaciones/Listas%20de%20Asistencia%202015/LA%20HC%2025-05-2015.pdf HTTP/1.1" 200 556697
186.112.246.72 - - [04/Oct/2015:12:31:14 -0500] "GET /portalsiaccapacitaciones/Listas%20de%20Asistencia%202015/LA%20HC%2025-05-2015.pdf HTTP/1.1" 206 32768
186.112.246.72 - - [04/Oct/2015:12:31:16 -0500] "GET /portalsiaccapacitaciones/Listas%20de%20Asistencia%202015/LA%20HC%2025-05-2015.pdf HTTP/1.1" 206 523929
186.112.246.72 - - [04/Oct/2015:12:31:17 -0500] "GET /portalsiaccapacitaciones/Listas%20de%20Asistencia%202015/LA%20HC%2027-05-2015.pdf HTTP/1.1" 200 435516
186.112.246.72 - - [04/Oct/2015:12:31:17 -0500] "GET /portalsiaccapacitaciones/Listas%20de%20Asistencia%202015/LA%20HC%2027-05-2015.pdf HTTP/1.1" 206 32768
186.112.246.72 - - [04/Oct/2015:12:31:19 -0500] "GET /portalsiaccapacitaciones/Listas%20de%20Asistencia%202015/LA%20HC%2027-05-2015.pdf HTTP/1.1" 206 402748
190.236.97.147 - - [04/Oct/2015:12:31:21 -0500] "GET /videos/CRRFFS.mp4 HTTP/1.1" 206 1
190.236.97.147 - - [04/Oct/2015:12:31:22 -0500] "GET /videos/CRRFFS.mp4 HTTP/1.1" 206 279818185
66.249.65.227 - - [04/Oct/2015:12:31:36 -0500] "GET /BLA/resoluciones/RESOLUCIONES%202008/2009.pdf HTTP/1.1" 200 273979
201.245.192.253 - - [04/Oct/2015:12:31:36 -0500] "POST /forms/lservlet;jsessionid=ac16012b30d62e507505f2c64e898405c7619f87fb44.e3iSbxaKaheRe38Ka34Oa3eLbxf0n6jAmljGr5XDqQLvpAe HTTP/1.1" 200 2
190.158.8.125 - - [04/Oct/2015:12:31:36 -0500] "GET /ISOlucionSDA/Administracion/AnexoEdicion.asp?Objeto=NotaMejora&Sigla=SeguimientoPlan&IdObjeto=229&IdSigla=1433&Titulo=Registros&UPLDAtras=http://190.27.245.106/ISOlucionSDA/NotaMejora.asp&UPLDQuerystring=Id_NotaMejora=229[[]]Accion=ModificarForma&Modo=Edicion&Target=_blank&RutaAdicional=229&Formato=Largo HTTP/1.1" 200 9828
190.158.8.125 - - [04/Oct/2015:12:31:36 -0500] "GET /ISOlucionSDA/Administracion/0 HTTP/1.1" 404 1245
190.158.8.125 - - [04/Oct/2015:12:31:38 -0500] "GET /ISOlucionSDA/Administracion/Upload/Upload.asp?UPLDIdObjeto=229&UPLDAtras=http://190.27.245.106/ISOlucionSDA/NotaMejora.asp&UPLDQuerystring=Id_NotaMejora=229[[]]Accion=ModificarForma&UPLDObjeto=NotaMejora&UPLDSigla=SeguimientoPlan&UPLDRuta=229&UPLDTemporalArchivo=&UPLDIdSigla=1433 HTTP/1.1" 200 11415
190.158.8.125 - - [04/Oct/2015:12:31:50 -0500] "POST /ISOlucionSDA/Administracion/Upload/UploadArchivo.asp HTTP/1.1" 302 214
190.158.8.125 - - [04/Oct/2015:12:31:52 -0500] "GET /ISOlucionSDA/NotaMejora.asp?Id_NotaMejora=229&Accion=ModificarForma HTTP/1.1" 200 71250
66.249.65.220 - - [04/Oct/2015:12:32:02 -0500] "GET /BLA/resoluciones/RESOLUCIONES%202010/6444.pdf HTTP/1.1" 200 588987
181.137.178.4 - - [04/Oct/2015:12:32:02 -0500] "GET /BLA/boletinlegal/images/pdf.gif HTTP/1.1" 200 567
190.158.8.125 - - [04/Oct/2015:12:32:02 -0500] "GET /ISOlucionSDA/BancoAnexo/NotaMejora/SeguimientoPlan/229/229/2015ie176098%20scasp0.docx HTTP/1.1" 200 224361
190.158.8.125 - - [04/Oct/2015:12:32:11 -0500] "GET /ISOlucionSDA/BancoAnexo/NotaMejora/SeguimientoPlan/229/229/2015ie184780%20oci0.docx HTTP/1.1" 200 192348
190.236.97.147 - - [04/Oct/2015:12:32:12 -0500] "GET /videos/CRRFFS.mp4 HTTP/1.1" 206 1
186.112.246.72 - - [04/Oct/2015:12:32:13 -0500] "GET /portalsiaccapacitaciones/Listas%20de%20Asistencia%202015/LA.%20HC%2029_07_2015.pdf HTTP/1.1" 200 853932
190.236.97.147 - - [04/Oct/2015:12:32:13 -0500] "GET /videos/CRRFFS.mp4 HTTP/1.1" 206 276397416
186.112.246.72 - - [04/Oct/2015:12:32:15 -0500] "GET /portalsiaccapacitaciones/Listas%20de%20Asistencia%202015/LA.%20HC%2029_07_2015.pdf HTTP/1.1" 206 32768
186.112.246.72 - - [04/Oct/2015:12:32:16 -0500] "GET /portalsiaccapacitaciones/Listas%20de%20Asistencia%202015/LA.%20HC%2029_07_2015.pdf HTTP/1.1" 206 821164
190.84.78.198 - - [04/Oct/2015:12:32:17 -0500] "GET /crossdomain.xml HTTP/1.1" 404 1280
190.84.78.198 - - [04/Oct/2015:12:32:18 -0500] "GET /arcgis/services/Calidad_del_Agua_WQI/MapServer/WMSServer?VERSION=1%2E1%2E1&SRS=EPSG%3A4686&REQUEST=GetMap&FORMAT=image%2Fpng&BBOX=%2D74%2E08491337051824%2C4%2E610475138305833%2C%2D74%2E08166302678428%2C4%2E612005131732581&HEIGHT=643&STYLES=&LAYERS=3%2C4%2C5%2C6%2C7&WIDTH=1366&TRANSPARENT=TRUE&SERVICE=WMS HTTP/1.1" 200 4932
190.84.78.198 - - [04/Oct/2015:12:32:18 -0500] "GET /arcgis/services/Calidad_del_Agua_WQI/MapServer/WMSServer?VERSION=1%2E1%2E1&SRS=EPSG%3A4686&REQUEST=GetMap&FORMAT=image%2Fpng&BBOX=%2D74%2E08666227435754%2C4%2E61005397370781%2C%2D74%2E0801615868896%2C4%2E613113960561307&HEIGHT=643&STYLES=&LAYERS=3%2C4%2C5%2C6%2C7&WIDTH=1366&TRANSPARENT=TRUE&SERVICE=WMS HTTP/1.1" 200 4932
190.84.78.198 - - [04/Oct/2015:12:32:19 -0500] "GET /arcgis/services/Calidad_del_Agua_WQI/MapServer/WMSServer?VERSION=1%2E1%2E1&SRS=EPSG%3A4686&REQUEST=GetMap&FORMAT=image%2Fpng&BBOX=%2D74%2E09194467779048%2C4%2E607805383057296%2C%2D74%2E07569295912066%2C4%2E6154553501910405&HEIGHT=643&STYLES=&LAYERS=3%2C4%2C5%2C6%2C7&WIDTH=1366&TRANSPARENT=TRUE&SERVICE=WMS HTTP/1.1" 200 4932
190.84.78.198 - - [04/Oct/2015:12:32:23 -0500] "GET /arcgis/services/Calidad_del_Agua_WQI/MapServer/WMSServer?VERSION=1%2E1%2E1&SRS=EPSG%3A4686&REQUEST=GetMap&FORMAT=image%2Fpng&BBOX=%2D74%2E08645945951825%2C4%2E60306440507152%2C%2D74%2E07020774084843%2C4%2E610714372205265&HEIGHT=643&STYLES=&LAYERS=3%2C4%2C5%2C6%2C7&WIDTH=1366&TRANSPARENT=TRUE&SERVICE=WMS HTTP/1.1" 200 4932
190.84.78.198 - - [04/Oct/2015:12:32:24 -0500] "GET /arcgis/services/Calidad_del_Agua_WQI/MapServer/WMSServer?VERSION=1%2E1%2E1&SRS=EPSG%3A4686&REQUEST=GetMap&FORMAT=image%2Fpng&BBOX=%2D74%2E0807201995722%2C4%2E604741925080633%2C%2D74%2E07421951210426%2C4%2E60780191193413&HEIGHT=643&STYLES=&LAYERS=3%2C4%2C5%2C6%2C7&WIDTH=1366&TRANSPARENT=TRUE&SERVICE=WMS HTTP/1.1" 200 4932
180.76.15.134 - - [04/Oct/2015:12:32:24 -0500] "GET /StormSDA/ HTTP/1.1" 200 4405
190.84.78.198 - - [04/Oct/2015:12:32:28 -0500] "GET /crossdomain.xml HTTP/1.1" 404 1280
190.84.78.198 - - [04/Oct/2015:12:32:28 -0500] "GET /arcgis/services/Calidad_del_Agua_WQI/MapServer/WMSServer?VERSION=1%2E1%2E1&SRS=EPSG%3A4686&REQUEST=GetMap&FORMAT=image%2Fpng&BBOX=%2D74%2E08071130959917%2C4%2E604789550298262%2C%2D74%2E07421062213123%2C4%2E607849537151759&HEIGHT=643&STYLES=&LAYERS=3%2C4%2C5%2C6%2C7&WIDTH=1366&TRANSPARENT=TRUE&SERVICE=WMS HTTP/1.1" 200 4932
190.84.78.198 - - [04/Oct/2015:12:32:28 -0500] "GET /arcgis/services/Calidad_del_Agua_WQI/MapServer/WMSServer?VERSION=1%2E1%2E1&SRS=EPSG%3A4686&REQUEST=GetMap&FORMAT=image%2Fpng&BBOX=%2D74%2E08661475235463%2C4%2E602605205094905%2C%2D74%2E07036303368481%2C4%2E61025517222865&HEIGHT=643&STYLES=&LAYERS=3%2C4%2C5%2C6%2C7&WIDTH=1366&TRANSPARENT=TRUE&SERVICE=WMS HTTP/1.1" 200 4932
181.59.215.109 - - [04/Oct/2015:12:32:37 -0500] "GET /galeria/galeria/jquery.fancybox.css?v=2.1.5 HTTP/1.1" 200 4895
181.59.215.109 - - [04/Oct/2015:12:32:37 -0500] "GET /BLA/boletinlegal/js/jquery.scrollShow.js HTTP/1.1" 200 4586
181.59.215.109 - - [04/Oct/2015:12:32:37 -0500] "GET /galeria/galeria/jquery.fancybox.js?v=2.1.5 HTTP/1.1" 200 48706
181.137.178.4 - - [04/Oct/2015:12:31:50 -0500] "GET /BLA/boletinlegal/ HTTP/1.1" 200 51063
181.137.178.4 - - [04/Oct/2015:12:32:42 -0500] "GET /BLA/boletinlegal/images/img_1.jpg HTTP/1.1" 200 8067
181.137.178.4 - - [04/Oct/2015:12:32:42 -0500] "GET /BLA/boletinlegal/images/symbol5.gif HTTP/1.1" 200 2857
181.137.178.4 - - [04/Oct/2015:12:32:42 -0500] "GET /BLA/boletinlegal/images/People.png HTTP/1.1" 200 45676
181.137.178.4 - - [04/Oct/2015:12:32:42 -0500] "GET /BLA/boletinlegal/images/group.png HTTP/1.1" 200 47853
181.137.178.4 - - [04/Oct/2015:12:32:42 -0500] "GET /BLA/boletinlegal/images/img_3.jpg HTTP/1.1" 200 1841
190.84.78.198 - - [04/Oct/2015:12:32:44 -0500] "GET /crossdomain.xml HTTP/1.1" 404 1280
190.84.78.198 - - [04/Oct/2015:12:32:44 -0500] "GET /arcgis/services/Calidad_del_Agua_WQI/MapServer/WMSServer?VERSION=1%2E1%2E1&SRS=EPSG%3A4686&REQUEST=GetMap&FORMAT=image%2Fpng&BBOX=%2D74%2E08611348884824%2C4%2E6027580950336215%2C%2D74%2E06986177017842%2C4%2E610408062167366&HEIGHT=643&STYLES=&LAYERS=3%2C4%2C5%2C6%2C7&WIDTH=1366&TRANSPARENT=TRUE&SERVICE=WMS HTTP/1.1" 200 4932
190.84.78.198 - - [04/Oct/2015:12:32:45 -0500] "GET /arcgis/services/Calidad_del_Agua_WQI/MapServer/WMSServer?VERSION=1%2E1%2E1&SRS=EPSG%3A4686&REQUEST=GetMap&FORMAT=image%2Fpng&BBOX=%2D74%2E07988881885699%2C4%2E604835364491714%2C%2D74%2E07338813138905%2C4%2E607895351345211&HEIGHT=643&STYLES=&LAYERS=3%2C4%2C5%2C6%2C7&WIDTH=1366&TRANSPARENT=TRUE&SERVICE=WMS HTTP/1.1" 200 4932
190.84.78.198 - - [04/Oct/2015:12:32:45 -0500] "GET /arcgis/services/Calidad_del_Agua_WQI/MapServer/WMSServer?VERSION=1%2E1%2E1&SRS=EPSG%3A4686&REQUEST=GetMap&FORMAT=image%2Fpng&BBOX=%2D74%2E07753077300019%2C4%2E605515890339377%2C%2D74%2E07428042926624%2C4%2E6070458837661254&HEIGHT=643&STYLES=&LAYERS=3%2C4%2C5%2C6%2C7&WIDTH=1366&TRANSPARENT=TRUE&SERVICE=WMS HTTP/1.1" 200 4932
190.84.78.198 - - [04/Oct/2015:12:32:46 -0500] "GET /arcgis/services/Calidad_del_Agua_WQI/MapServer/WMSServer?VERSION=1%2E1%2E1&SRS=EPSG%3A4686&REQUEST=GetMap&FORMAT=image%2Fpng&BBOX=%2D74%2E07551825617018%2C4%2E605768661892897%2C%2D74%2E07389308430321%2C4%2E606533658606272&HEIGHT=643&STYLES=&LAYERS=3%2C4%2C5%2C6%2C7&WIDTH=1366&TRANSPARENT=TRUE&SERVICE=WMS HTTP/1.1" 200 4932
190.84.78.198 - - [04/Oct/2015:12:32:48 -0500] "GET /arcgis/services/Calidad_del_Agua_WQI/MapServer/WMSServer?VERSION=1%2E1%2E1&SRS=EPSG%3A4686&REQUEST=GetMap&FORMAT=image%2Fpng&BBOX=%2D74%2E07553067277657%2C4%2E605793798810844%2C%2D74%2E07390550090959%2C4%2E6065587955242195&HEIGHT=643&STYLES=&LAYERS=3%2C4%2C5%2C6%2C7&WIDTH=1366&TRANSPARENT=TRUE&SERVICE=WMS HTTP/1.1" 200 4932
191.95.250.164 - - [04/Oct/2015:12:32:50 -0500] "GET /BLA/boletinlegal/js/jquery.scrollShow.js HTTP/1.1" 200 4586
191.95.250.164 - - [04/Oct/2015:12:32:50 -0500] "GET /galeria/galeria/jquery.fancybox.js?v=2.1.5 HTTP/1.1" 200 48706
191.95.250.164 - - [04/Oct/2015:12:32:50 -0500] "GET /galeria/galeria/jquery.fancybox.css?v=2.1.5 HTTP/1.1" 200 4895
191.95.250.164 - - [04/Oct/2015:12:32:50 -0500] "GET /galeria/carrusel/Carrusel/jquery.thumbnailScroller.css HTTP/1.1" 200 2066
186.112.246.72 - - [04/Oct/2015:12:32:52 -0500] "GET /formularios/formulario-tics.php? HTTP/1.1" 200 3888
66.249.65.220 - - [04/Oct/2015:12:32:53 -0500] "GET /BLA/resoluciones/RESOLUCIONES%202010/6877.pdf HTTP/1.1" 200 188136
66.249.65.220 - - [04/Oct/2015:12:32:54 -0500] "GET /BLA/resoluciones/RESOLUCIONES%202010/6419.pdf HTTP/1.1" 200 60470
191.95.250.164 - - [04/Oct/2015:12:32:58 -0500] "GET /galeria/nivo-slider/demo/scripts/jquery-1.7.1.min.js HTTP/1.1" 200 93868
191.95.250.164 - - [04/Oct/2015:12:32:58 -0500] "GET /galeria/nivo-slider/jquery.nivo.slider.pack.js HTTP/1.1" 200 11561
191.95.250.164 - - [04/Oct/2015:12:32:58 -0500] "GET /galeria/nivo-slider/demo/images/simulacro-nacional.jpg HTTP/1.1" 200 241925
191.95.250.164 - - [04/Oct/2015:12:32:58 -0500] "GET /galeria/nivo-slider/demo/images/simulacro-busqueda-rescate-urbano.jpg HTTP/1.1" 200 251375
191.95.250.164 - - [04/Oct/2015:12:32:58 -0500] "GET /galeria/nivo-slider/demo/images/Semana-PYBA.jpg HTTP/1.1" 200 103786
191.95.250.164 - - [04/Oct/2015:12:32:59 -0500] "GET /galeria/nivo-slider/demo/images/Plan-Quinquenal.jpg HTTP/1.1" 200 412438
190.84.78.198 - - [04/Oct/2015:12:33:00 -0500] "GET /crossdomain.xml HTTP/1.1" 404 1280
190.84.78.198 - - [04/Oct/2015:12:33:00 -0500] "GET /arcgis/services/Calidad_del_Agua_WQI/MapServer/WMSServer?VERSION=1%2E1%2E1&SRS=EPSG%3A4686&REQUEST=GetMap&FORMAT=image%2Fpng&BBOX=%2D74%2E07655978966159%2C4%2E605566560284789%2C%2D74%2E07330944592763%2C4%2E607096553711537&HEIGHT=643&STYLES=&LAYERS=3%2C4%2C5%2C6%2C7&WIDTH=1366&TRANSPARENT=TRUE&SERVICE=WMS HTTP/1.1" 200 4932
190.84.78.198 - - [04/Oct/2015:12:33:01 -0500] "GET /arcgis/services/Calidad_del_Agua_WQI/MapServer/WMSServer?VERSION=1%2E1%2E1&SRS=EPSG%3A4686&REQUEST=GetMap&FORMAT=image%2Fpng&BBOX=%2D74%2E07666005448641%2C4%2E605536311132122%2C%2D74%2E07340971075246%2C4%2E60706630455887&HEIGHT=643&STYLES=&LAYERS=3%2C4%2C5%2C6%2C7&WIDTH=1366&TRANSPARENT=TRUE&SERVICE=WMS HTTP/1.1" 200 4932
191.95.250.164 - - [04/Oct/2015:12:33:03 -0500] "GET /galeria/nivo-slider/demo/images/PREDAcamp.jpg HTTP/1.1" 200 295358
181.59.215.109 - - [04/Oct/2015:12:33:07 -0500] "GET /BLA/boletinlegal/js/jquery.scrollShow.js HTTP/1.1" 304 -
181.59.215.109 - - [04/Oct/2015:12:33:07 -0500] "GET /galeria/galeria/jquery.fancybox.css?v=2.1.5 HTTP/1.1" 304 -
181.59.215.109 - - [04/Oct/2015:12:33:07 -0500] "GET /galeria/galeria/jquery.fancybox.js?v=2.1.5 HTTP/1.1" 304 -
186.112.246.72 - - [04/Oct/2015:12:33:10 -0500] "GET /portalsiaccapacitaciones/Cronograma%20de%20visitas%202015 HTTP/1.1" 301 352
186.112.246.72 - - [04/Oct/2015:12:33:10 -0500] "GET /portalsiaccapacitaciones/Cronograma%20de%20visitas%202015/ HTTP/1.1" 200 1112
186.112.246.72 - - [04/Oct/2015:12:33:10 -0500] "GET /icons/blank.gif HTTP/1.1" 200 148
186.112.246.72 - - [04/Oct/2015:12:33:10 -0500] "GET /icons/back.gif HTTP/1.1" 200 216
186.112.246.72 - - [04/Oct/2015:12:33:10 -0500] "GET /icons/unknown.gif HTTP/1.1" 200 245
186.112.246.72 - - [04/Oct/2015:12:33:12 -0500] "GET /portalsiaccapacitaciones/Cronograma%20de%20visitas%202015/CRONOGRAMA%20DE%20VISITAS%202015%2026.06.2015%20DGA.xlsx HTTP/1.1" 200 166914
190.158.8.125 - - [04/Oct/2015:12:33:13 -0500] "GET /isolucionsda/Logout.asp HTTP/1.1" 200 5926
190.158.8.125 - - [04/Oct/2015:12:33:13 -0500] "GET /isolucionsda/ControlDeInicio.asp HTTP/1.1" 200 739
190.158.8.125 - - [04/Oct/2015:12:33:14 -0500] "GET /isolucionsda/IdentificaUsuario.asp?Pagina1=FrameSetGeneral.asp& HTTP/1.1" 200 5090
66.249.65.156 - - [04/Oct/2015:12:33:18 -0500] "GET /robots.txt HTTP/1.1" 302 308
66.249.65.163 - - [04/Oct/2015:12:33:19 -0500] "GET / HTTP/1.1" 302 298
66.249.65.213 - - [04/Oct/2015:12:33:21 -0500] "GET /BLA/resoluciones/RESOLUCIONES%202010/5983.pdf HTTP/1.1" 200 1931311
190.158.8.125 - - [04/Oct/2015:12:33:25 -0500] "POST /isolucionsda/IdentificaUsuario.asp?Pagina1=FrameSetGeneral.asp& HTTP/1.1" 302 173
190.158.8.125 - - [04/Oct/2015:12:33:25 -0500] "GET /isolucionsda/FrameSetGeneral.asp?Pagina1=FrameSetGeneral.asp& HTTP/1.1" 200 6485
190.248.211.17 - - [04/Oct/2015:12:33:25 -0500] "GET /crossdomain.xml HTTP/1.1" 404 1280
190.158.8.125 - - [04/Oct/2015:12:33:25 -0500] "GET /isolucionsda/Encabezado.asp?Pagina1=FrameSetGeneral.asp&&Pagina=MagazinHome.asp HTTP/1.1" 200 15521
190.158.8.125 - - [04/Oct/2015:12:33:25 -0500] "GET /isolucionsda/BarraTitulos.asp?Pagina1=FrameSetGeneral.asp&&Pagina=MagazinHome.asp HTTP/1.1" 200 6844
190.158.8.125 - - [04/Oct/2015:12:33:25 -0500] "GET /isolucionsda/BarraFavoritos.asp HTTP/1.1" 200 911
190.158.8.125 - - [04/Oct/2015:12:33:26 -0500] "GET /isolucionsda/Session.asp?Continue=1 HTTP/1.1" 200 6195
181.137.178.4 - - [04/Oct/2015:12:33:26 -0500] "GET /BLA/boletinlegal/actos.php HTTP/1.1" 200 7551
190.248.211.17 - - [04/Oct/2015:12:33:26 -0500] "GET /arcgis/services/Calidad_del_Agua_WQI/MapServer/WMSServer?VERSION=1%2E1%2E1&TRANSPARENT=TRUE&SERVICE=WMS&FORMAT=image%2Fpng&REQUEST=GetMap&WIDTH=1920&HEIGHT=979&STYLES=&SRS=EPSG%3A4686&LAYERS=3%2C4%2C5%2C6%2C7&BBOX=%2D74%2E0891612170042%2C4%2E607800719929641%2C%2D74%2E08002408674182%2C4%2E612459704579057 HTTP/1.1" 200 9627
190.158.8.125 - - [04/Oct/2015:12:33:26 -0500] "GET /isolucionsda/TareasSFRedirect.asp HTTP/1.1" 302 195
190.158.8.125 - - [04/Oct/2015:12:33:25 -0500] "GET /isolucionsda/MagazinHome.asp HTTP/1.1" 200 25813
190.158.8.125 - - [04/Oct/2015:12:33:27 -0500] "GET /isolucionsda/g/Bgr_Destacado3399CC.jpg HTTP/1.1" 404 1245
190.158.8.125 - - [04/Oct/2015:12:33:26 -0500] "GET /isolucionsda/Login.aspx?TARGET=SFContainerFiltrado.aspx&number=70666669574854654566 HTTP/1.1" 302 886
190.158.8.125 - - [04/Oct/2015:12:33:28 -0500] "GET /isolucionsda/SFContainerFiltrado.aspx?Number=70666669574854654566 HTTP/1.1" 200 14314
190.158.8.125 - - [04/Oct/2015:12:33:28 -0500] "GET /isolucionsda/DetalleTareas.aspx?Number=70666669574854654566 HTTP/1.1" 200 5355
181.137.178.4 - - [04/Oct/2015:12:33:28 -0500] "GET /BLA/resoluciones/ HTTP/1.1" 200 7916
190.158.8.125 - - [04/Oct/2015:12:33:28 -0500] "GET /isolucionsda/infowndpublic.js HTTP/1.1" 404 1245
190.158.8.125 - - [04/Oct/2015:12:33:28 -0500] "GET /isolucionsda/auxlib.js HTTP/1.1" 404 1245
190.158.8.125 - - [04/Oct/2015:12:33:28 -0500] "GET /isolucionsda/infowndcore.js HTTP/1.1" 404 1245
190.158.8.125 - - [04/Oct/2015:12:33:33 -0500] "GET /isolucionsda/FrameSetGeneral.asp?Pagina=Menu.asp&IdModulo=7 HTTP/1.1" 200 6455
190.158.8.125 - - [04/Oct/2015:12:33:33 -0500] "GET /isolucionsda/BarraTitulos.asp?Pagina=Menu.asp&IdModulo=7 HTTP/1.1" 200 6865
190.158.8.125 - - [04/Oct/2015:12:33:33 -0500] "GET /isolucionsda/Encabezado.asp?Pagina=Menu.asp&IdModulo=7 HTTP/1.1" 200 15522
190.158.8.125 - - [04/Oct/2015:12:33:33 -0500] "GET /isolucionsda/BarraFavoritos.asp HTTP/1.1" 200 911
190.158.8.125 - - [04/Oct/2015:12:33:33 -0500] "GET /isolucionsda/Session.asp?Continue=1 HTTP/1.1" 200 6195
190.158.8.125 - - [04/Oct/2015:12:33:33 -0500] "GET /isolucionsda/Menu.asp?Pagina=Menu.asp&IdModulo=7 HTTP/1.1" 200 33594
201.245.192.253 - - [04/Oct/2015:12:33:36 -0500] "POST /forms/lservlet;jsessionid=ac16012b30d62e507505f2c64e898405c7619f87fb44.e3iSbxaKaheRe38Ka34Oa3eLbxf0n6jAmljGr5XDqQLvpAe HTTP/1.1" 200 2
190.158.8.125 - - [04/Oct/2015:12:33:36 -0500] "GET /isolucionsda/FrameSetGeneral.asp?Pagina=FiltroNoConformidades.asp&CodTipoNoConf=5&EsAbierta=1&ConMenu=NO HTTP/1.1" 200 6607
181.137.178.4 - - [04/Oct/2015:12:33:34 -0500] "GET /BLA/resoluciones/index.php?dir=AUTOS+2011%2F HTTP/1.1" 200 555919
190.158.8.125 - - [04/Oct/2015:12:33:37 -0500] "GET /isolucionsda/Encabezado.asp?Pagina=FiltroNoConformidades.asp&CodTipoNoConf=5&EsAbierta=1&ConMenu=NO HTTP/1.1" 200 15497
190.158.8.125 - - [04/Oct/2015:12:33:37 -0500] "GET /isolucionsda/BarraTitulos.asp?Pagina=FiltroNoConformidades.asp&CodTipoNoConf=5&EsAbierta=1&ConMenu=NO HTTP/1.1" 200 6865
190.158.8.125 - - [04/Oct/2015:12:33:37 -0500] "GET /isolucionsda/BarraFavoritos.asp HTTP/1.1" 200 911
190.158.8.125 - - [04/Oct/2015:12:33:37 -0500] "GET /isolucionsda/FiltroNoConformidades.asp?Pagina=FiltroNoConformidades.asp&CodTipoNoConf=5&EsAbierta=1&ConMenu=NO HTTP/1.1" 200 32626
190.158.8.125 - - [04/Oct/2015:12:33:37 -0500] "GET /isolucionsda/Session.asp?Continue=1 HTTP/1.1" 200 6195
66.249.65.227 - - [04/Oct/2015:12:33:40 -0500] "GET /BLA/resoluciones/RESOLUCIONES%202010/6785.pdf HTTP/1.1" 200 42685
190.252.53.210 - - [04/Oct/2015:12:33:41 -0500] "GET /galeria/galeria/jquery.fancybox.css?v=2.1.5 HTTP/1.1" 200 4895
190.252.53.210 - - [04/Oct/2015:12:33:41 -0500] "GET /BLA/boletinlegal/js/jquery.scrollShow.js HTTP/1.1" 200 4586
190.252.53.210 - - [04/Oct/2015:12:33:42 -0500] "GET /galeria/galeria/jquery.fancybox.js?v=2.1.5 HTTP/1.1" 200 48706
66.249.65.227 - - [04/Oct/2015:12:33:46 -0500] "GET /BLA/resoluciones/RESOLUCIONES%202010/5768.pdf HTTP/1.1" 200 79794
190.158.8.125 - - [04/Oct/2015:12:33:48 -0500] "GET /isolucionsda/NoConformidadISOlucion.asp?Id_NoConformidad=705&CodtipoNoConf=5 HTTP/1.1" 200 60733
191.95.250.164 - - [04/Oct/2015:12:33:54 -0500] "GET /galeria/nivo-slider/demo/images/9Signos.jpg HTTP/1.1" 200 81776
74.86.158.107 - - [04/Oct/2015:12:34:03 -0500] "HEAD / HTTP/1.1" 200 -
