186.118.77.138 - - [04/Oct/2015:10:40:24 -0500] "GET /videos/CRRFFS.mp4 HTTP/1.1" 200 286784363
186.118.77.138 - - [04/Oct/2015:10:40:40 -0500] "GET /BLA/boletinlegal/js/jquery.scrollShow.js HTTP/1.1" 304 -
186.118.77.138 - - [04/Oct/2015:10:40:40 -0500] "GET /galeria/galeria/jquery.fancybox.css?v=2.1.5 HTTP/1.1" 304 -
186.118.77.138 - - [04/Oct/2015:10:40:40 -0500] "GET /galeria/galeria/jquery.fancybox.js?v=2.1.5 HTTP/1.1" 304 -
181.130.132.166 - - [04/Oct/2015:10:40:43 -0500] "GET /BLA/boletinlegal/js/jquery.scrollShow.js HTTP/1.1" 200 4586
181.130.132.166 - - [04/Oct/2015:10:40:43 -0500] "GET /galeria/galeria/jquery.fancybox.css?v=2.1.5 HTTP/1.1" 200 4895
181.130.132.166 - - [04/Oct/2015:10:40:43 -0500] "GET /galeria/galeria/jquery.fancybox.js?v=2.1.5 HTTP/1.1" 200 48706
186.118.77.138 - - [04/Oct/2015:10:40:45 -0500] "GET /videos/CRRFFS.mp4 HTTP/1.1" 206 1
181.130.132.166 - - [04/Oct/2015:10:40:47 -0500] "GET /galeria/galeria/jquery.fancybox.js?v=2.1.5 HTTP/1.1" 304 -
181.130.132.166 - - [04/Oct/2015:10:40:47 -0500] "GET /BLA/boletinlegal/js/jquery.scrollShow.js HTTP/1.1" 304 -
181.130.132.166 - - [04/Oct/2015:10:40:47 -0500] "GET /galeria/galeria/jquery.fancybox.css?v=2.1.5 HTTP/1.1" 304 -
66.249.65.220 - - [04/Oct/2015:10:40:49 -0500] "GET /BLA/resoluciones/RESOLUCIONES%202010/1345.pdf HTTP/1.1" 200 346576
190.158.8.125 - - [04/Oct/2015:10:40:51 -0500] "POST /isolucionsda/ListadoMaestroDocumentos3.asp HTTP/1.1" 200 13056
95.20.150.254 - - [04/Oct/2015:10:40:57 -0500] "GET /webdav/x32.php HTTP/1.1" 404 1018
66.249.65.51 - - [04/Oct/2015:10:41:03 -0500] "GET /SIG/ECS/126PM04-PR92.pdf HTTP/1.1" 200 5078284
201.245.192.253 - - [04/Oct/2015:10:41:24 -0500] "POST /forms/lservlet;jsessionid=ac16012b30d62e507505f2c64e898405c7619f87fb44.e3iSbxaKaheRe38Ka34Oa3eLbxf0n6jAmljGr5XDqQLvpAe HTTP/1.1" 200 2
190.158.8.125 - - [04/Oct/2015:10:41:29 -0500] "GET /isolucionsda/FrameSetGeneral.asp?Pagina=Menu.asp&IdModulo=4 HTTP/1.1" 200 6455
190.158.8.125 - - [04/Oct/2015:10:41:30 -0500] "GET /isolucionsda/Encabezado.asp?Pagina=Menu.asp&IdModulo=4 HTTP/1.1" 200 15507
190.158.8.125 - - [04/Oct/2015:10:41:30 -0500] "GET /isolucionsda/BarraTitulos.asp?Pagina=Menu.asp&IdModulo=4 HTTP/1.1" 200 6857
190.158.8.125 - - [04/Oct/2015:10:41:30 -0500] "GET /isolucionsda/BarraFavoritos.asp HTTP/1.1" 200 911
190.158.8.125 - - [04/Oct/2015:10:41:30 -0500] "GET /isolucionsda/Menu.asp?Pagina=Menu.asp&IdModulo=4 HTTP/1.1" 200 17869
190.158.8.125 - - [04/Oct/2015:10:41:30 -0500] "GET /isolucionsda/Session.asp?Continue=1 HTTP/1.1" 200 6195
190.158.8.125 - - [04/Oct/2015:10:41:32 -0500] "GET /isolucionsda/FrameSetGeneral.asp?Pagina=Administracion/SalaEdicion/Magazines.asp HTTP/1.1" 200 6550
190.158.8.125 - - [04/Oct/2015:10:41:32 -0500] "GET /isolucionsda/BarraTitulos.asp?Pagina=Administracion/SalaEdicion/Magazines.asp HTTP/1.1" 200 6857
190.158.8.125 - - [04/Oct/2015:10:41:32 -0500] "GET /isolucionsda/Administracion/SalaEdicion/Magazines.asp?Pagina=Administracion/SalaEdicion/Magazines.asp HTTP/1.1" 200 8591
190.158.8.125 - - [04/Oct/2015:10:41:32 -0500] "GET /isolucionsda/BarraFavoritos.asp HTTP/1.1" 200 911
190.158.8.125 - - [04/Oct/2015:10:41:32 -0500] "GET /isolucionsda/Encabezado.asp?Pagina=Administracion/SalaEdicion/Magazines.asp HTTP/1.1" 200 15497
190.158.8.125 - - [04/Oct/2015:10:41:32 -0500] "GET /isolucionsda/Session.asp?Continue=1 HTTP/1.1" 200 6195
190.158.8.125 - - [04/Oct/2015:10:41:36 -0500] "GET /isolucionsda/Administracion/SalaEdicion/ArticuloMenu.asp?Palabra=&Buscar=Buscar&Letra=TODO HTTP/1.1" 200 54086
190.158.8.125 - - [04/Oct/2015:10:41:41 -0500] "POST /isolucionsda/Administracion/SalaEdicion/ArticuloMenu.asp HTTP/1.1" 200 24094
66.249.65.227 - - [04/Oct/2015:10:41:45 -0500] "GET /BLA/resoluciones/RESOLUCIONES%202009/8230.pdf HTTP/1.1" 200 484637
190.158.8.125 - - [04/Oct/2015:10:41:57 -0500] "GET /isolucionsda/javascript/ClickValidation.js HTTP/1.1" 404 1245
190.158.8.125 - - [04/Oct/2015:10:41:57 -0500] "GET /isolucionsda/Administracion/SalaEdicion/g/GifTransparente.gif HTTP/1.1" 404 1245
190.158.8.125 - - [04/Oct/2015:10:41:57 -0500] "GET /isolucionsda/Administracion/Graficas/vacio1x1.gif HTTP/1.1" 404 1245
190.158.8.125 - - [04/Oct/2015:10:41:58 -0500] "GET /isolucionsda/Administracion/SalaEdicion/g/GifTransparente.gif HTTP/1.1" 404 1245
190.158.8.125 - - [04/Oct/2015:10:41:57 -0500] "GET /isolucionsda/Administracion/SalaEdicion/Articulo.asp?Id_Articulo=8190 HTTP/1.1" 200 260802
201.234.75.11 - - [04/Oct/2015:10:42:06 -0500] "GET /galeria/galeria/fotos/Movilizacion12P.jpg HTTP/1.1" 304 -
190.158.8.125 - - [04/Oct/2015:10:42:10 -0500] "GET /isolucionsda/g/Ico_ComentarioOver.gif HTTP/1.1" 200 182
190.158.8.125 - - [04/Oct/2015:10:42:11 -0500] "POST /isolucionsda/Administracion/SalaEdicion/Articulo.asp HTTP/1.1" 302 168
190.158.8.125 - - [04/Oct/2015:10:42:11 -0500] "GET /isolucionsda/Administracion/SalaEdicion/ArticuloRevisarAdicionando.asp?Id_Articulo=8190 HTTP/1.1" 200 6018
190.158.8.125 - - [04/Oct/2015:10:42:16 -0500] "GET /isolucionsda/g/Bot_AdministradorOver.jpg HTTP/1.1" 200 1630
190.158.8.125 - - [04/Oct/2015:10:42:16 -0500] "GET /isolucionsda/g/Bot_GlosarioOver.jpg HTTP/1.1" 200 1948
66.249.65.220 - - [04/Oct/2015:10:42:28 -0500] "GET /BLA/resoluciones/RESOLUCIONES%202011/5625.pdf HTTP/1.1" 200 457947
192.99.111.103 - - [04/Oct/2015:10:42:38 -0500] "GET /webdav/x32.php?act=phptools&host=190.207.229.109&port=80&time=120 HTTP/1.1" 404 1018
181.134.81.84 - - [04/Oct/2015:10:42:50 -0500] "GET /galeria/galeria/jquery.fancybox.css?v=2.1.5 HTTP/1.1" 200 4895
181.134.81.84 - - [04/Oct/2015:10:42:50 -0500] "GET /BLA/boletinlegal/js/jquery.scrollShow.js HTTP/1.1" 200 4586
181.134.81.84 - - [04/Oct/2015:10:42:50 -0500] "GET /galeria/galeria/jquery.fancybox.js?v=2.1.5 HTTP/1.1" 200 48706
181.134.81.84 - - [04/Oct/2015:10:42:56 -0500] "GET /BLA/boletinlegal/js/jquery.scrollShow.js HTTP/1.1" 304 -
181.134.81.84 - - [04/Oct/2015:10:42:56 -0500] "GET /galeria/galeria/jquery.fancybox.js?v=2.1.5 HTTP/1.1" 304 -
181.134.81.84 - - [04/Oct/2015:10:42:56 -0500] "GET /galeria/galeria/jquery.fancybox.css?v=2.1.5 HTTP/1.1" 304 -
190.158.8.125 - - [04/Oct/2015:10:43:04 -0500] "POST /isolucionsda/Administracion/SalaEdicion/ArticuloMenu.asp HTTP/1.1" 200 23651
66.249.65.227 - - [04/Oct/2015:10:43:10 -0500] "GET /BLA/resoluciones/AUTOS%202011/1911.pdf HTTP/1.1" 200 156681
181.55.156.117 - - [04/Oct/2015:10:43:19 -0500] "GET /galeria/galeria/jquery.fancybox.css?v=2.1.5 HTTP/1.1" 200 4895
181.55.156.117 - - [04/Oct/2015:10:43:20 -0500] "GET /BLA/boletinlegal/js/jquery.scrollShow.js HTTP/1.1" 200 4586
181.55.156.117 - - [04/Oct/2015:10:43:20 -0500] "GET /galeria/galeria/jquery.fancybox.js?v=2.1.5 HTTP/1.1" 200 48706
207.241.239.58 - - [04/Oct/2015:10:43:22 -0500] "GET /robots.txt HTTP/1.0" 404 1018
207.241.239.58 - - [04/Oct/2015:10:43:23 -0500] "GET /galeria/juegos/ear/EARI.swf HTTP/1.0" 200 526915
201.245.192.253 - - [04/Oct/2015:10:43:24 -0500] "POST /forms/lservlet;jsessionid=ac16012b30d62e507505f2c64e898405c7619f87fb44.e3iSbxaKaheRe38Ka34Oa3eLbxf0n6jAmljGr5XDqQLvpAe HTTP/1.1" 200 2
66.249.65.227 - - [04/Oct/2015:10:43:51 -0500] "GET /BLA/resoluciones/RESOLUCIONES%202010/0081.pdf HTTP/1.1" 200 544333
66.249.65.213 - - [04/Oct/2015:10:43:53 -0500] "GET /BLA/resoluciones/AUTOS%202008/3426.pdf HTTP/1.1" 200 133358
190.158.8.125 - - [04/Oct/2015:10:43:53 -0500] "GET /isolucionsda/Administracion/SalaEdicion/Articulo.asp?Id_Articulo=8204 HTTP/1.1" 200 50539
190.158.8.125 - - [04/Oct/2015:10:43:54 -0500] "GET /isolucionsda/javascript/ClickValidation.js HTTP/1.1" 404 1245
190.158.8.125 - - [04/Oct/2015:10:43:54 -0500] "GET /isolucionsda/Administracion/SalaEdicion/g/GifTransparente.gif HTTP/1.1" 404 1245
190.158.8.125 - - [04/Oct/2015:10:43:54 -0500] "GET /isolucionsda/Administracion/Graficas/vacio1x1.gif HTTP/1.1" 404 1245
190.158.8.125 - - [04/Oct/2015:10:43:59 -0500] "GET /isolucionsda/g/Ico_ComentarioOver.gif HTTP/1.1" 200 182
190.158.8.125 - - [04/Oct/2015:10:44:01 -0500] "GET /isolucionsda/Administracion/SalaEdicion/ArticuloComentarios.asp?Id_Articulo=8204&IdProyecto= HTTP/1.1" 200 9624
74.86.158.107 - - [04/Oct/2015:10:44:03 -0500] "HEAD / HTTP/1.1" 200 -
81.95.96.126 - - [04/Oct/2015:10:44:11 -0500] "GET /old/wp-admin/ HTTP/1.1" 404 1018
121.45.216.181 - - [04/Oct/2015:10:44:16 -0500] "PUT /webdav/shell.php HTTP/1.1" 405 938
190.158.8.125 - - [04/Oct/2015:10:44:33 -0500] "GET /isolucionsda/g/Bot_AdministradorOver.jpg HTTP/1.1" 200 1630
66.249.65.213 - - [04/Oct/2015:10:44:35 -0500] "GET /BLA/resoluciones/RESOLUCIONES%202014/0086.pdf HTTP/1.1" 304 -
190.158.8.125 - - [04/Oct/2015:10:44:53 -0500] "GET /isolucionsda/javascript/ClickValidation.js HTTP/1.1" 404 1245
190.158.8.125 - - [04/Oct/2015:10:44:53 -0500] "GET /isolucionsda/Administracion/SalaEdicion/g/GifTransparente.gif HTTP/1.1" 404 1245
190.158.8.125 - - [04/Oct/2015:10:44:53 -0500] "GET /isolucionsda/Administracion/Graficas/vacio1x1.gif HTTP/1.1" 404 1245
190.158.8.125 - - [04/Oct/2015:10:44:53 -0500] "GET /isolucionsda/Administracion/SalaEdicion/Articulo.asp?Id_Articulo=8190 HTTP/1.1" 200 260802
190.158.8.125 - - [04/Oct/2015:10:44:59 -0500] "GET /isolucionsda/Administracion/SalaEdicion/ArticuloComentarios.asp?Id_Articulo=8190&IdProyecto= HTTP/1.1" 200 9684
66.249.65.220 - - [04/Oct/2015:10:45:17 -0500] "GET /BLA/resoluciones/RESOLUCIONES%202008/4090.pdf HTTP/1.1" 200 347852
201.245.192.253 - - [04/Oct/2015:10:45:24 -0500] "POST /forms/lservlet;jsessionid=ac16012b30d62e507505f2c64e898405c7619f87fb44.e3iSbxaKaheRe38Ka34Oa3eLbxf0n6jAmljGr5XDqQLvpAe HTTP/1.1" 200 2
66.249.65.220 - - [04/Oct/2015:10:46:00 -0500] "GET /BLA/resoluciones/RESOLUCIONES%202009/4521.pdf HTTP/1.1" 304 -
192.99.111.103 - - [04/Oct/2015:10:46:02 -0500] "GET /webdav/x32.php?act=phptools&host=190.207.229.109&port=80&time=120 HTTP/1.1" 404 1018
66.249.65.213 - - [04/Oct/2015:10:46:42 -0500] "GET /BLA/resoluciones/RESOLUCIONES%202009/3625.pdf HTTP/1.1" 200 211212
190.157.139.3 - - [04/Oct/2015:10:46:43 -0500] "GET /galeria/galeria/jquery.fancybox.css?v=2.1.5 HTTP/1.1" 200 4895
190.157.139.3 - - [04/Oct/2015:10:46:43 -0500] "GET /BLA/boletinlegal/js/jquery.scrollShow.js HTTP/1.1" 200 4586
190.157.139.3 - - [04/Oct/2015:10:46:43 -0500] "GET /galeria/galeria/jquery.fancybox.js?v=2.1.5 HTTP/1.1" 200 48706
190.157.139.3 - - [04/Oct/2015:10:46:50 -0500] "GET /BLA/boletinlegal/js/jquery.scrollShow.js HTTP/1.1" 304 -
190.157.139.3 - - [04/Oct/2015:10:46:50 -0500] "GET /galeria/galeria/jquery.fancybox.js?v=2.1.5 HTTP/1.1" 304 -
190.157.139.3 - - [04/Oct/2015:10:46:50 -0500] "GET /galeria/galeria/jquery.fancybox.css?v=2.1.5 HTTP/1.1" 304 -
66.249.65.227 - - [04/Oct/2015:10:46:53 -0500] "GET /BLA/resoluciones/RESOLUCIONES%202010/3505.pdf HTTP/1.1" 200 580543
201.245.192.253 - - [04/Oct/2015:10:47:24 -0500] "POST /forms/lservlet;jsessionid=ac16012b30d62e507505f2c64e898405c7619f87fb44.e3iSbxaKaheRe38Ka34Oa3eLbxf0n6jAmljGr5XDqQLvpAe HTTP/1.1" 200 2
66.249.65.213 - - [04/Oct/2015:10:47:25 -0500] "GET /BLA/resoluciones/RESOLUCIONES%202007/RES%202007%202301%20AL%202400/RESOLUCION%202348%20DE%202007.pdf HTTP/1.1" 304 -
190.157.139.3 - - [04/Oct/2015:10:47:40 -0500] "GET /galeria/carrusel/Carrusel/jquery.thumbnailScroller.css HTTP/1.1" 200 2066
190.157.139.3 - - [04/Oct/2015:10:47:40 -0500] "GET /galeria/carrusel/Carrusel/jquery-ui-1.8.13.custom.min.js HTTP/1.1" 200 10800
190.157.139.3 - - [04/Oct/2015:10:47:40 -0500] "GET /galeria/carrusel/Carrusel/jquery.thumbnailScroller.js HTTP/1.1" 200 8157
190.157.139.3 - - [04/Oct/2015:10:47:42 -0500] "GET /galeria/nivo-slider/demo/demo.html HTTP/1.1" 200 3905
190.157.139.3 - - [04/Oct/2015:10:47:43 -0500] "GET /galeria/nivo-slider/themes/pascal/pascal.css HTTP/1.1" 200 2258
190.157.139.3 - - [04/Oct/2015:10:47:43 -0500] "GET /galeria/nivo-slider/themes/default/default.css HTTP/1.1" 200 1569
190.157.139.3 - - [04/Oct/2015:10:47:43 -0500] "GET /galeria/nivo-slider/nivo-slider.css HTTP/1.1" 200 1507
190.157.139.3 - - [04/Oct/2015:10:47:43 -0500] "GET /galeria/nivo-slider/themes/orman/orman.css HTTP/1.1" 200 2152
190.157.139.3 - - [04/Oct/2015:10:47:43 -0500] "GET /galeria/nivo-slider/demo/style.css HTTP/1.1" 200 2222
190.157.139.3 - - [04/Oct/2015:10:47:43 -0500] "GET /galeria/nivo-slider/demo/images/La-SDA-se-suma-a-la-Gran-Movilizacion.jpg HTTP/1.1" 200 92233
190.157.139.3 - - [04/Oct/2015:10:47:43 -0500] "GET /galeria/nivo-slider/demo/images/simulacro-nacional.jpg HTTP/1.1" 200 241925
190.157.139.3 - - [04/Oct/2015:10:47:43 -0500] "GET /galeria/nivo-slider/demo/images/simulacro-busqueda-rescate-urbano.jpg HTTP/1.1" 200 251375
190.157.139.3 - - [04/Oct/2015:10:47:43 -0500] "GET /galeria/nivo-slider/demo/images/Semana-PYBA.jpg HTTP/1.1" 200 103786
190.157.139.3 - - [04/Oct/2015:10:47:43 -0500] "GET /galeria/nivo-slider/demo/images/PREDAcamp.jpg HTTP/1.1" 200 295358
190.157.139.3 - - [04/Oct/2015:10:47:43 -0500] "GET /galeria/nivo-slider/demo/images/Plan-Quinquenal.jpg HTTP/1.1" 200 412438
190.157.139.3 - - [04/Oct/2015:10:47:44 -0500] "GET /galeria/nivo-slider/demo/images/banner-llantas2.jpg HTTP/1.1" 200 204644
190.157.139.3 - - [04/Oct/2015:10:47:44 -0500] "GET /galeria/nivo-slider/demo/images/9Signos.jpg HTTP/1.1" 200 81776
190.157.139.3 - - [04/Oct/2015:10:47:44 -0500] "GET /galeria/nivo-slider/demo/images/Comparendo-ambiental-Banner.jpg HTTP/1.1" 200 83731
190.157.139.3 - - [04/Oct/2015:10:47:45 -0500] "GET /galeria/nivo-slider/demo/images/Ruta-vertimientos-01.jpg HTTP/1.1" 200 130151
190.157.139.3 - - [04/Oct/2015:10:47:45 -0500] "GET /galeria/nivo-slider/demo/scripts/jquery-1.7.1.min.js HTTP/1.1" 200 93868
190.157.139.3 - - [04/Oct/2015:10:47:46 -0500] "GET /galeria/nivo-slider/jquery.nivo.slider.pack.js HTTP/1.1" 200 11561
190.157.139.3 - - [04/Oct/2015:10:47:46 -0500] "GET /galeria/nivo-slider/demo/images/bolsas-06.jpg HTTP/1.1" 200 90982
190.157.139.3 - - [04/Oct/2015:10:47:46 -0500] "GET /galeria/nivo-slider/demo/images/Conoce-los-humedales.jpg HTTP/1.1" 200 294036
190.157.139.3 - - [04/Oct/2015:10:47:46 -0500] "GET /galeria/nivo-slider/demo/images/ecolecta-Dic2014.png HTTP/1.1" 200 288593
190.157.139.3 - - [04/Oct/2015:10:47:47 -0500] "GET /galeria/nivo-slider/demo/images/4Simple_Slider.png HTTP/1.1" 200 11722
190.157.139.3 - - [04/Oct/2015:10:47:47 -0500] "GET /galeria/nivo-slider/themes/default/loading.gif HTTP/1.1" 200 1737
190.157.139.3 - - [04/Oct/2015:10:47:48 -0500] "GET /galeria/nivo-slider/themes/default/bullets.png HTTP/1.1" 200 1281
190.157.139.3 - - [04/Oct/2015:10:47:48 -0500] "GET /galeria/nivo-slider/themes/default/arrows.png HTTP/1.1" 200 824
186.121.62.252 - - [04/Oct/2015:10:47:49 -0500] "GET /galeria/galeria/jquery.fancybox.css?v=2.1.5 HTTP/1.1" 200 4895
186.121.62.252 - - [04/Oct/2015:10:47:49 -0500] "GET /galeria/galeria/jquery.fancybox.js?v=2.1.5 HTTP/1.1" 200 48706
186.121.62.252 - - [04/Oct/2015:10:47:49 -0500] "GET /BLA/boletinlegal/js/jquery.scrollShow.js HTTP/1.1" 200 4586
180.76.15.135 - - [04/Oct/2015:10:48:03 -0500] "GET /BLA/boletinlegal/Circulares/2012/Circular%20No.%2016%20del%2022%20de%20octubre%20de%202012.pdf HTTP/1.1" 200 381186
66.249.65.48 - - [04/Oct/2015:10:48:07 -0500] "GET /BLA/boletinlegal/jurisprudencia/analisis/Analisis%20jurisprudencial%20Sentencia%20C-366-11.doc HTTP/1.1" 304 -
175.44.34.192 - - [04/Oct/2015:10:48:40 -0500] "GET /bla/ HTTP/1.1" 200 538
66.249.65.227 - - [04/Oct/2015:10:48:49 -0500] "GET /Autoliquidacion/TR%C3%81MITES%20AGUAS%20SUPERFICIALES/FORMULARIO%20NACIONAL%20SOLICITUD%20-Concesion%20Aguas%20Superficiales.pdf HTTP/1.1" 304 -
190.158.8.125 - - [04/Oct/2015:10:48:50 -0500] "GET /isolucionsda/g/Bot_AdministradorOver.jpg HTTP/1.1" 200 1630
74.86.158.107 - - [04/Oct/2015:10:49:03 -0500] "HEAD / HTTP/1.1" 200 -
186.155.165.142 - - [04/Oct/2015:10:49:09 -0500] "GET /BLA/resoluciones/RESOLUCIONES%202013/2151.pdf HTTP/1.1" 200 766365
186.155.165.142 - - [04/Oct/2015:10:49:09 -0500] "GET /favicon.ico HTTP/1.1" 200 7782
201.245.192.253 - - [04/Oct/2015:10:49:24 -0500] "POST /forms/lservlet;jsessionid=ac16012b30d62e507505f2c64e898405c7619f87fb44.e3iSbxaKaheRe38Ka34Oa3eLbxf0n6jAmljGr5XDqQLvpAe HTTP/1.1" 200 2
186.118.77.138 - - [04/Oct/2015:10:40:45 -0500] "GET /videos/CRRFFS.mp4 HTTP/1.1" 206 278343115
66.249.65.213 - - [04/Oct/2015:10:49:32 -0500] "GET /BLA/resoluciones/RESOLUCIONES%202010/6327.pdf HTTP/1.1" 200 550237
200.118.249.113 - - [04/Oct/2015:10:49:33 -0500] "GET /desprendiblespago/controlador HTTP/1.1" 200 2321
186.121.62.252 - - [04/Oct/2015:10:49:33 -0500] "GET /BLA/boletinlegal/js/jquery.scrollShow.js HTTP/1.1" 200 4586
186.121.62.252 - - [04/Oct/2015:10:49:33 -0500] "GET /galeria/galeria/jquery.fancybox.css?v=2.1.5 HTTP/1.1" 200 4895
186.121.62.252 - - [04/Oct/2015:10:49:33 -0500] "GET /galeria/galeria/jquery.fancybox.js?v=2.1.5 HTTP/1.1" 200 48706
200.118.249.113 - - [04/Oct/2015:10:49:37 -0500] "GET /desprendiblespago/css/estilos.css HTTP/1.1" 304 -
200.118.249.113 - - [04/Oct/2015:10:49:38 -0500] "GET /desprendiblespago/scripts/validarIngreso.js HTTP/1.1" 304 -
200.118.249.113 - - [04/Oct/2015:10:49:38 -0500] "GET /desprendiblespago/images/cabezoteHojaVida.jpg HTTP/1.1" 304 -
200.118.249.113 - - [04/Oct/2015:10:49:38 -0500] "GET /desprendiblespago/images/logo_bogota_p.jpg HTTP/1.1" 304 -
200.118.249.113 - - [04/Oct/2015:10:49:40 -0500] "POST /desprendiblespago/controlador HTTP/1.1" 200 5371
200.118.249.113 - - [04/Oct/2015:10:49:49 -0500] "POST /desprendiblespago/controlador HTTP/1.1" 200 6645
200.118.249.113 - - [04/Oct/2015:10:49:51 -0500] "POST /desprendiblespago/controlador HTTP/1.1" 200 12428
66.249.65.213 - - [04/Oct/2015:10:49:55 -0500] "GET /BLA/resoluciones/RESOLUCIONES%202010/1393.pdf HTTP/1.1" 200 481127
66.249.65.220 - - [04/Oct/2015:10:50:14 -0500] "GET /BLA/resoluciones/RESOLUCIONES%202008/2955.pdf HTTP/1.1" 200 271184
66.249.65.220 - - [04/Oct/2015:10:50:57 -0500] "GET /BLA/resoluciones/RESOLUCIONES%202008/0835.pdf HTTP/1.1" 200 192102
200.118.175.40 - - [04/Oct/2015:10:51:04 -0500] "GET /galeria/galeria/jquery.fancybox.css?v=2.1.5 HTTP/1.1" 200 4895
200.118.175.40 - - [04/Oct/2015:10:51:04 -0500] "GET /BLA/boletinlegal/js/jquery.scrollShow.js HTTP/1.1" 200 4586
200.118.175.40 - - [04/Oct/2015:10:51:04 -0500] "GET /galeria/galeria/jquery.fancybox.js?v=2.1.5 HTTP/1.1" 200 48706
66.249.65.51 - - [04/Oct/2015:10:51:05 -0500] "GET /BLA/boletinlegal/js/jquery.scrollShow.js HTTP/1.1" 200 4586
200.118.175.40 - - [04/Oct/2015:10:51:24 -0500] "GET /galeria/galeria/jquery.fancybox.css?v=2.1.5 HTTP/1.1" 304 -
200.118.175.40 - - [04/Oct/2015:10:51:24 -0500] "GET /galeria/galeria/jquery.fancybox.js?v=2.1.5 HTTP/1.1" 304 -
200.118.175.40 - - [04/Oct/2015:10:51:24 -0500] "GET /BLA/boletinlegal/js/jquery.scrollShow.js HTTP/1.1" 304 -
201.245.192.253 - - [04/Oct/2015:10:51:25 -0500] "POST /forms/lservlet;jsessionid=ac16012b30d62e507505f2c64e898405c7619f87fb44.e3iSbxaKaheRe38Ka34Oa3eLbxf0n6jAmljGr5XDqQLvpAe HTTP/1.1" 200 2
181.57.0.53 - - [04/Oct/2015:10:51:41 -0500] "GET /galeria/galeria/jquery.fancybox.css?v=2.1.5 HTTP/1.1" 200 4895
181.57.0.53 - - [04/Oct/2015:10:51:41 -0500] "GET /BLA/boletinlegal/js/jquery.scrollShow.js HTTP/1.1" 200 4586
181.57.0.53 - - [04/Oct/2015:10:51:41 -0500] "GET /galeria/galeria/jquery.fancybox.js?v=2.1.5 HTTP/1.1" 200 48706
66.249.65.227 - - [04/Oct/2015:10:51:55 -0500] "GET /BLA/resoluciones/RESOLUCIONES%202010/6833.pdf HTTP/1.1" 200 727474
66.249.65.45 - - [04/Oct/2015:10:51:05 -0500] "GET /BLA/boletinlegal/index.php HTTP/1.1" 200 51063
181.57.0.53 - - [04/Oct/2015:10:51:50 -0500] "GET /videos/CRRFFS.mp4 HTTP/1.1" 200 286784363
190.158.8.125 - - [04/Oct/2015:10:52:04 -0500] "GET /isolucionsda/FrameSetGeneral.asp?Pagina=Menu.asp&IdModulo=4 HTTP/1.1" 200 6455
181.57.0.53 - - [04/Oct/2015:10:52:04 -0500] "GET /galeria/galeria/jquery.fancybox.js?v=2.1.5 HTTP/1.1" 304 -
181.57.0.53 - - [04/Oct/2015:10:52:04 -0500] "GET /BLA/boletinlegal/js/jquery.scrollShow.js HTTP/1.1" 304 -
181.57.0.53 - - [04/Oct/2015:10:52:04 -0500] "GET /galeria/galeria/jquery.fancybox.css?v=2.1.5 HTTP/1.1" 304 -
190.158.8.125 - - [04/Oct/2015:10:52:04 -0500] "GET /isolucionsda/BarraTitulos.asp?Pagina=Menu.asp&IdModulo=4 HTTP/1.1" 200 6857
190.158.8.125 - - [04/Oct/2015:10:52:04 -0500] "GET /isolucionsda/Encabezado.asp?Pagina=Menu.asp&IdModulo=4 HTTP/1.1" 200 15507
190.158.8.125 - - [04/Oct/2015:10:52:04 -0500] "GET /isolucionsda/BarraFavoritos.asp HTTP/1.1" 200 911
190.158.8.125 - - [04/Oct/2015:10:52:04 -0500] "GET /isolucionsda/Menu.asp?Pagina=Menu.asp&IdModulo=4 HTTP/1.1" 200 17869
190.158.8.125 - - [04/Oct/2015:10:52:04 -0500] "GET /isolucionsda/Session.asp?Continue=1 HTTP/1.1" 200 6195
181.57.0.53 - - [04/Oct/2015:10:52:05 -0500] "GET /videos/CRRFFS.mp4 HTTP/1.1" 206 1
190.158.8.125 - - [04/Oct/2015:10:52:06 -0500] "GET /isolucionsda/FrameSetGeneral.asp?Pagina=ListadoMaestroDocumentos3.asp HTTP/1.1" 200 6506
190.158.8.125 - - [04/Oct/2015:10:52:06 -0500] "GET /isolucionsda/Encabezado.asp?Pagina=ListadoMaestroDocumentos3.asp HTTP/1.1" 200 15518
190.158.8.125 - - [04/Oct/2015:10:52:07 -0500] "GET /isolucionsda/BarraTitulos.asp?Pagina=ListadoMaestroDocumentos3.asp HTTP/1.1" 200 6857
190.158.8.125 - - [04/Oct/2015:10:52:07 -0500] "GET /isolucionsda/ListadoMaestroDocumentos3.asp?Pagina=ListadoMaestroDocumentos3.asp HTTP/1.1" 200 11483
190.158.8.125 - - [04/Oct/2015:10:52:07 -0500] "GET /isolucionsda/Session.asp?Continue=1 HTTP/1.1" 200 6195
201.228.42.217 - - [04/Oct/2015:10:52:10 -0500] "GET /BLA/boletinlegal/js/jquery.scrollShow.js HTTP/1.1" 200 4586
201.228.42.217 - - [04/Oct/2015:10:52:10 -0500] "GET /galeria/galeria/jquery.fancybox.css?v=2.1.5 HTTP/1.1" 200 4895
201.228.42.217 - - [04/Oct/2015:10:52:10 -0500] "GET /galeria/galeria/jquery.fancybox.js?v=2.1.5 HTTP/1.1" 200 48706
192.99.111.103 - - [04/Oct/2015:10:52:19 -0500] "GET /webdav/x32.php?act=phptools&host=190.207.229.109&port=80&time=120 HTTP/1.1" 404 1018
66.249.65.213 - - [04/Oct/2015:10:52:22 -0500] "GET /BLA/resoluciones/RESOLUCIONES%202010/5400.pdf HTTP/1.1" 200 276244
190.158.8.125 - - [04/Oct/2015:10:52:07 -0500] "GET /isolucionsda/BarraFavoritos.asp HTTP/1.1" 200 -
190.158.8.125 - - [04/Oct/2015:10:52:26 -0500] "GET /isolucionsda/BarraFavoritos.asp HTTP/1.1" 200 911
186.84.224.178 - - [04/Oct/2015:10:52:31 -0500] "GET /BLA/boletinlegal/js/jquery.scrollShow.js HTTP/1.1" 200 4586
186.84.224.178 - - [04/Oct/2015:10:52:32 -0500] "GET /galeria/galeria/jquery.fancybox.js?v=2.1.5 HTTP/1.1" 200 48706
186.84.224.178 - - [04/Oct/2015:10:52:32 -0500] "GET /galeria/galeria/jquery.fancybox.css?v=2.1.5 HTTP/1.1" 200 4895
201.228.42.217 - - [04/Oct/2015:10:52:35 -0500] "GET /galeria/galeria/jquery.fancybox.css?v=2.1.5 HTTP/1.1" 304 -
201.228.42.217 - - [04/Oct/2015:10:52:35 -0500] "GET /BLA/boletinlegal/js/jquery.scrollShow.js HTTP/1.1" 304 -
201.228.42.217 - - [04/Oct/2015:10:52:35 -0500] "GET /galeria/galeria/jquery.fancybox.js?v=2.1.5 HTTP/1.1" 304 -
190.158.8.125 - - [04/Oct/2015:10:52:41 -0500] "POST /isolucionsda/ListadoMaestroDocumentos3.asp HTTP/1.1" 200 18115
186.84.224.178 - - [04/Oct/2015:10:52:44 -0500] "GET /BLA/boletinlegal/js/jquery.scrollShow.js HTTP/1.1" 304 -
186.84.224.178 - - [04/Oct/2015:10:52:44 -0500] "GET /galeria/galeria/jquery.fancybox.css?v=2.1.5 HTTP/1.1" 304 -
186.84.224.178 - - [04/Oct/2015:10:52:44 -0500] "GET /galeria/galeria/jquery.fancybox.js?v=2.1.5 HTTP/1.1" 304 -
190.158.8.125 - - [04/Oct/2015:10:52:45 -0500] "POST /isolucionsda/ListadoMaestroDocumentos3.asp HTTP/1.1" 200 12475
190.158.8.125 - - [04/Oct/2015:10:52:50 -0500] "GET /isolucionsda/FramesetArticulo.asp?Pagina=bancoconocimiento%2FE%2FEvaluacionAmbientalDelPlanDeContingenciasParaAlmacenamientoDeHidrocarburosEnElD%5FC%5Fv1%2FEvaluacionAmbientalDelPlanDeContingenciasParaAlmacenamientoDeHidrocarburosEnElD%5FC%5Fv1%2Easp&IdArticulo=8859 HTTP/1.1" 200 7637
190.158.8.125 - - [04/Oct/2015:10:52:50 -0500] "GET /isolucionsda/Arriba.asp?Pagina=bancoconocimiento%2FE%2FEvaluacionAmbientalDelPlanDeContingenciasParaAlmacenamientoDeHidrocarburosEnElD%5FC%5Fv1%2FEvaluacionAmbientalDelPlanDeContingenciasParaAlmacenamientoDeHidrocarburosEnElD%5FC%5Fv1%2Easp&IdArticulo=8859 HTTP/1.1" 200 10674
190.158.8.125 - - [04/Oct/2015:10:52:50 -0500] "GET /isolucionsda/bancoconocimiento/E/EvaluacionAmbientalDelPlanDeContingenciasParaAlmacenamientoDeHidrocarburosEnElD_C_v1/EvaluacionAmbientalDelPlanDeContingenciasParaAlmacenamientoDeHidrocarburosEnElD_C_v1.asp?IdArticulo=8859 HTTP/1.1" 200 97051
66.249.65.227 - - [04/Oct/2015:10:53:04 -0500] "GET /BLA/resoluciones/RESOLUCIONES%202010/5731.pdf HTTP/1.1" 200 76792
66.249.65.227 - - [04/Oct/2015:10:53:17 -0500] "GET /BLA/resoluciones/AUTOS%202014/1788.pdf HTTP/1.1" 200 447445
201.245.192.253 - - [04/Oct/2015:10:53:25 -0500] "POST /forms/lservlet;jsessionid=ac16012b30d62e507505f2c64e898405c7619f87fb44.e3iSbxaKaheRe38Ka34Oa3eLbxf0n6jAmljGr5XDqQLvpAe HTTP/1.1" 200 2
186.114.45.131 - - [04/Oct/2015:10:53:26 -0500] "GET /galeria/galeria/jquery.fancybox.css?v=2.1.5 HTTP/1.1" 200 4895
186.114.45.131 - - [04/Oct/2015:10:53:26 -0500] "GET /BLA/boletinlegal/js/jquery.scrollShow.js HTTP/1.1" 200 4586
186.114.45.131 - - [04/Oct/2015:10:53:26 -0500] "GET /galeria/galeria/jquery.fancybox.js?v=2.1.5 HTTP/1.1" 200 48706
186.114.45.131 - - [04/Oct/2015:10:53:41 -0500] "GET /BLA/boletinlegal/js/jquery.scrollShow.js HTTP/1.1" 304 -
186.114.45.131 - - [04/Oct/2015:10:53:41 -0500] "GET /galeria/galeria/jquery.fancybox.js?v=2.1.5 HTTP/1.1" 304 -
186.114.45.131 - - [04/Oct/2015:10:53:41 -0500] "GET /galeria/galeria/jquery.fancybox.css?v=2.1.5 HTTP/1.1" 304 -
181.225.107.106 - - [04/Oct/2015:10:53:42 -0500] "GET /BLA/boletinlegal/js/jquery.scrollShow.js HTTP/1.1" 200 4586
186.114.45.131 - - [04/Oct/2015:10:53:42 -0500] "GET /galeria/galeria/jquery.fancybox.css?v=2.1.5 HTTP/1.1" 200 4895
186.114.45.131 - - [04/Oct/2015:10:53:42 -0500] "GET /BLA/boletinlegal/js/jquery.scrollShow.js HTTP/1.1" 200 4586
186.114.45.131 - - [04/Oct/2015:10:53:42 -0500] "GET /galeria/galeria/jquery.fancybox.js?v=2.1.5 HTTP/1.1" 200 48706
181.225.107.106 - - [04/Oct/2015:10:53:43 -0500] "GET /galeria/galeria/jquery.fancybox.css?v=2.1.5 HTTP/1.1" 200 4895
181.225.107.106 - - [04/Oct/2015:10:53:43 -0500] "GET /galeria/galeria/jquery.fancybox.js?v=2.1.5 HTTP/1.1" 200 48706
181.57.0.53 - - [04/Oct/2015:10:52:05 -0500] "GET /videos/CRRFFS.mp4 HTTP/1.1" 206 278269915
66.249.65.220 - - [04/Oct/2015:10:53:46 -0500] "GET /BLA/resoluciones/RESOLUCIONES%202010/6544.pdf HTTP/1.1" 200 580665
181.225.107.106 - - [04/Oct/2015:10:53:57 -0500] "GET /BLA/boletinlegal/js/jquery.scrollShow.js HTTP/1.1" 304 -
181.225.107.106 - - [04/Oct/2015:10:53:58 -0500] "GET /galeria/galeria/jquery.fancybox.js?v=2.1.5 HTTP/1.1" 304 -
181.225.107.106 - - [04/Oct/2015:10:53:58 -0500] "GET /galeria/galeria/jquery.fancybox.css?v=2.1.5 HTTP/1.1" 304 -
74.86.158.107 - - [04/Oct/2015:10:54:03 -0500] "HEAD / HTTP/1.1" 200 -
192.99.111.103 - - [04/Oct/2015:10:54:25 -0500] "GET /webdav/x32.php?act=phptools&host=190.207.229.109&port=80&time=120 HTTP/1.1" 404 1018
66.249.65.213 - - [04/Oct/2015:10:54:29 -0500] "GET /BLA/resoluciones/AUTOS%202012/2235.pdf HTTP/1.1" 200 2257763
121.45.216.181 - - [04/Oct/2015:10:54:41 -0500] "PUT /webdav/shell.php HTTP/1.1" 405 938
186.31.25.82 - - [04/Oct/2015:10:54:51 -0500] "GET /galeria/galeria/jquery.fancybox.css?v=2.1.5 HTTP/1.1" 200 4895
186.31.25.82 - - [04/Oct/2015:10:54:51 -0500] "GET /galeria/galeria/jquery.fancybox.css?v=2.1.5 HTTP/1.1" 200 4895
186.31.25.82 - - [04/Oct/2015:10:54:51 -0500] "GET /BLA/boletinlegal/js/jquery.scrollShow.js HTTP/1.1" 200 4586
186.31.25.82 - - [04/Oct/2015:10:54:51 -0500] "GET /BLA/boletinlegal/js/jquery.scrollShow.js HTTP/1.1" 200 4586
186.31.25.82 - - [04/Oct/2015:10:54:51 -0500] "GET /galeria/galeria/jquery.fancybox.js?v=2.1.5 HTTP/1.1" 200 48706
186.31.25.82 - - [04/Oct/2015:10:54:51 -0500] "GET /galeria/galeria/jquery.fancybox.js?v=2.1.5 HTTP/1.1" 200 48706
192.99.111.103 - - [04/Oct/2015:10:55:06 -0500] "GET /webdav/x32.php?act=phptools&host=190.207.229.109&port=80&time=120 HTTP/1.1" 404 1018
66.249.65.227 - - [04/Oct/2015:10:55:11 -0500] "GET /BLA/resoluciones/RESOLUCIONES%202010/6638.pdf HTTP/1.1" 200 1151200
201.245.192.253 - - [04/Oct/2015:10:55:25 -0500] "POST /forms/lservlet;jsessionid=ac16012b30d62e507505f2c64e898405c7619f87fb44.e3iSbxaKaheRe38Ka34Oa3eLbxf0n6jAmljGr5XDqQLvpAe HTTP/1.1" 200 2
201.244.24.10 - - [04/Oct/2015:10:55:27 -0500] "GET /BLA/resoluciones/RESOLUCIONES%202007/RES%202007%201401%20AL%201500/RESOLUCION%201473%20DE%202007.pdf HTTP/1.1" 200 304300
201.244.24.10 - - [04/Oct/2015:10:55:27 -0500] "GET /favicon.ico HTTP/1.1" 200 7782
201.244.24.10 - - [04/Oct/2015:10:55:27 -0500] "GET /BLA/resoluciones/RESOLUCIONES%202007/RES%202007%201401%20AL%201500/RESOLUCION%201473%20DE%202007.pdf HTTP/1.1" 206 32768
201.244.24.10 - - [04/Oct/2015:10:55:28 -0500] "GET /BLA/resoluciones/RESOLUCIONES%202007/RES%202007%201401%20AL%201500/RESOLUCION%201473%20DE%202007.pdf HTTP/1.1" 206 271532
121.45.216.181 - - [04/Oct/2015:10:55:38 -0500] "PUT /webdav/shell.php HTTP/1.1" 405 938
66.249.65.227 - - [04/Oct/2015:10:55:54 -0500] "GET /BLA/resoluciones/RESOLUCIONES%202009/6755.pdf HTTP/1.1" 200 754767
66.249.65.227 - - [04/Oct/2015:10:55:58 -0500] "GET /BLA/resoluciones/RESOLUCIONES%202010/5665.pdf HTTP/1.1" 200 82791
192.99.111.103 - - [04/Oct/2015:10:56:10 -0500] "GET /webdav/x32.php?act=phptools&host=190.207.229.109&port=80&time=120 HTTP/1.1" 404 1018
186.29.78.230 - - [04/Oct/2015:10:56:26 -0500] "GET /BLA/boletinlegal/js/jquery.scrollShow.js HTTP/1.1" 200 4586
186.29.78.230 - - [04/Oct/2015:10:56:26 -0500] "GET /galeria/galeria/jquery.fancybox.css?v=2.1.5 HTTP/1.1" 200 4895
186.29.78.230 - - [04/Oct/2015:10:56:26 -0500] "GET /galeria/carrusel/Carrusel/jquery.thumbnailScroller.css HTTP/1.1" 200 2066
186.29.78.230 - - [04/Oct/2015:10:56:27 -0500] "GET /galeria/carrusel/Carrusel/jquery-ui-1.8.13.custom.min.js HTTP/1.1" 200 10800
186.29.78.230 - - [04/Oct/2015:10:56:27 -0500] "GET /galeria/carrusel/Carrusel/jquery.thumbnailScroller.js HTTP/1.1" 200 8157
186.29.78.230 - - [04/Oct/2015:10:56:27 -0500] "GET /galeria/galeria/jquery.fancybox.js?v=2.1.5 HTTP/1.1" 200 48706
186.29.78.230 - - [04/Oct/2015:10:56:32 -0500] "GET /galeria/nivo-slider/demo/demo.html HTTP/1.1" 200 3905
207.46.13.176 - - [04/Oct/2015:10:56:32 -0500] "GET /galeria/bibloteca/mycontentflow.css HTTP/1.1" 200 3110
186.29.78.230 - - [04/Oct/2015:10:56:33 -0500] "GET /galeria/nivo-slider/themes/default/default.css HTTP/1.1" 200 1569
186.29.78.230 - - [04/Oct/2015:10:56:33 -0500] "GET /galeria/nivo-slider/themes/pascal/pascal.css HTTP/1.1" 200 2258
186.29.78.230 - - [04/Oct/2015:10:56:33 -0500] "GET /galeria/nivo-slider/themes/orman/orman.css HTTP/1.1" 200 2152
186.29.78.230 - - [04/Oct/2015:10:56:33 -0500] "GET /galeria/nivo-slider/nivo-slider.css HTTP/1.1" 200 1507
186.29.78.230 - - [04/Oct/2015:10:56:33 -0500] "GET /galeria/nivo-slider/demo/style.css HTTP/1.1" 200 2222
186.29.78.230 - - [04/Oct/2015:10:56:33 -0500] "GET /galeria/nivo-slider/demo/images/La-SDA-se-suma-a-la-Gran-Movilizacion.jpg HTTP/1.1" 200 92233
186.29.78.230 - - [04/Oct/2015:10:56:33 -0500] "GET /galeria/nivo-slider/demo/images/simulacro-nacional.jpg HTTP/1.1" 200 241925
186.29.78.230 - - [04/Oct/2015:10:56:33 -0500] "GET /galeria/nivo-slider/demo/scripts/jquery-1.7.1.min.js HTTP/1.1" 200 93868
186.29.78.230 - - [04/Oct/2015:10:56:34 -0500] "GET /galeria/nivo-slider/jquery.nivo.slider.pack.js HTTP/1.1" 200 11561
186.29.78.230 - - [04/Oct/2015:10:56:34 -0500] "GET /galeria/nivo-slider/demo/images/simulacro-busqueda-rescate-urbano.jpg HTTP/1.1" 200 251375
157.55.39.174 - - [04/Oct/2015:10:56:36 -0500] "GET /galeria/bibloteca/ContentFlowAddOn_white.js HTTP/1.1" 200 2497
186.29.78.230 - - [04/Oct/2015:10:56:36 -0500] "GET /galeria/nivo-slider/demo/images/Semana-PYBA.jpg HTTP/1.1" 200 103786
186.29.78.230 - - [04/Oct/2015:10:56:36 -0500] "GET /galeria/nivo-slider/demo/images/Plan-Quinquenal.jpg HTTP/1.1" 200 412438
66.249.65.213 - - [04/Oct/2015:10:56:36 -0500] "GET /BLA/resoluciones/RESOLUCIONES%202010/6643.pdf HTTP/1.1" 200 596385
186.29.78.230 - - [04/Oct/2015:10:56:39 -0500] "GET /galeria/nivo-slider/demo/images/PREDAcamp.jpg HTTP/1.1" 200 295358
186.29.78.230 - - [04/Oct/2015:10:56:43 -0500] "GET /galeria/nivo-slider/demo/images/banner-llantas2.jpg HTTP/1.1" 200 204644
186.29.78.230 - - [04/Oct/2015:10:56:44 -0500] "GET /galeria/nivo-slider/demo/images/9Signos.jpg HTTP/1.1" 200 81776
186.29.78.230 - - [04/Oct/2015:10:56:44 -0500] "GET /galeria/nivo-slider/demo/images/Comparendo-ambiental-Banner.jpg HTTP/1.1" 200 83731
186.29.78.230 - - [04/Oct/2015:10:56:45 -0500] "GET /galeria/nivo-slider/demo/images/Ruta-vertimientos-01.jpg HTTP/1.1" 200 130151
186.29.78.230 - - [04/Oct/2015:10:56:45 -0500] "GET /galeria/nivo-slider/demo/images/bolsas-06.jpg HTTP/1.1" 200 90982
186.29.78.230 - - [04/Oct/2015:10:56:45 -0500] "GET /galeria/nivo-slider/demo/images/Conoce-los-humedales.jpg HTTP/1.1" 200 294036
186.29.78.230 - - [04/Oct/2015:10:56:45 -0500] "GET /galeria/nivo-slider/demo/images/ecolecta-Dic2014.png HTTP/1.1" 200 288593
186.29.78.230 - - [04/Oct/2015:10:56:46 -0500] "GET /galeria/nivo-slider/demo/images/4Simple_Slider.png HTTP/1.1" 200 11722
186.29.78.230 - - [04/Oct/2015:10:56:46 -0500] "GET /galeria/nivo-slider/themes/default/loading.gif HTTP/1.1" 200 1737
186.29.78.230 - - [04/Oct/2015:10:56:49 -0500] "GET /galeria/nivo-slider/themes/default/arrows.png HTTP/1.1" 200 824
186.29.78.230 - - [04/Oct/2015:10:56:49 -0500] "GET /galeria/nivo-slider/themes/default/bullets.png HTTP/1.1" 200 1281
66.249.65.227 - - [04/Oct/2015:10:57:19 -0500] "GET /BLA/resoluciones/RESOLUCIONES%202010/6881.pdf HTTP/1.1" 200 188080
201.245.192.253 - - [04/Oct/2015:10:57:25 -0500] "POST /forms/lservlet;jsessionid=ac16012b30d62e507505f2c64e898405c7619f87fb44.e3iSbxaKaheRe38Ka34Oa3eLbxf0n6jAmljGr5XDqQLvpAe HTTP/1.1" 200 2
190.158.8.125 - - [04/Oct/2015:10:57:46 -0500] "GET /isolucionsda/g/Bot_AdministradorOver.jpg HTTP/1.1" 200 1630
190.158.8.125 - - [04/Oct/2015:10:57:46 -0500] "GET /isolucionsda/g/Bot_ImprimirOver.jpg HTTP/1.1" 200 1774
190.158.8.125 - - [04/Oct/2015:10:57:46 -0500] "GET /isolucionsda/g/Bot_RiesgosDaftOver_ESP.jpg HTTP/1.1" 200 5255
190.158.8.125 - - [04/Oct/2015:10:57:48 -0500] "GET /isolucionsda/FrameSetGeneral.asp?Pagina=Menu.asp&IdModulo=7 HTTP/1.1" 200 6455
190.158.8.125 - - [04/Oct/2015:10:57:48 -0500] "GET /isolucionsda/Encabezado.asp?Pagina=Menu.asp&IdModulo=7 HTTP/1.1" 200 15507
190.158.8.125 - - [04/Oct/2015:10:57:48 -0500] "GET /isolucionsda/BarraTitulos.asp?Pagina=Menu.asp&IdModulo=7 HTTP/1.1" 200 6865
192.92.196.214 - - [04/Oct/2015:10:57:48 -0500] "GET /SIG/Gesti%C3%B3n%20Talento%20Humano/126PA01-PR30.pdf HTTP/1.1" 200 46548
190.158.8.125 - - [04/Oct/2015:10:57:48 -0500] "GET /isolucionsda/BarraFavoritos.asp HTTP/1.1" 200 911
190.158.8.125 - - [04/Oct/2015:10:57:48 -0500] "GET /isolucionsda/Session.asp?Continue=1 HTTP/1.1" 200 6195
190.158.8.125 - - [04/Oct/2015:10:57:48 -0500] "GET /isolucionsda/Menu.asp?Pagina=Menu.asp&IdModulo=7 HTTP/1.1" 200 33594
190.158.8.125 - - [04/Oct/2015:10:57:50 -0500] "GET /isolucionsda/g/Bot_AmbientalOver_ESP.jpg HTTP/1.1" 200 5391
190.158.8.125 - - [04/Oct/2015:10:57:57 -0500] "GET /isolucionsda/FrameSetGeneral.asp?Pagina=Menu.asp&IdModulo=7 HTTP/1.1" 200 6455
190.158.8.125 - - [04/Oct/2015:10:57:57 -0500] "GET /isolucionsda/Encabezado.asp?Pagina=Menu.asp&IdModulo=7 HTTP/1.1" 200 15497
190.158.8.125 - - [04/Oct/2015:10:57:57 -0500] "GET /isolucionsda/Session.asp?Continue=1 HTTP/1.1" 200 6195
190.158.8.125 - - [04/Oct/2015:10:57:57 -0500] "GET /isolucionsda/BarraTitulos.asp?Pagina=Menu.asp&IdModulo=7 HTTP/1.1" 200 6865
190.158.8.125 - - [04/Oct/2015:10:57:57 -0500] "GET /isolucionsda/Menu.asp?Pagina=Menu.asp&IdModulo=7 HTTP/1.1" 200 33594
66.249.65.220 - - [04/Oct/2015:10:58:01 -0500] "GET /BLA/resoluciones/RESOLUCIONES%202009/2612.pdf HTTP/1.1" 200 342914
190.158.8.125 - - [04/Oct/2015:10:58:03 -0500] "GET /isolucionsda/FrameSetGeneral.asp?Pagina=FiltroNotaMejora.asp&EsAbierta=1&ConMenu=NO HTTP/1.1" 200 6539
190.158.8.125 - - [04/Oct/2015:10:58:03 -0500] "GET /isolucionsda/Encabezado.asp?Pagina=FiltroNotaMejora.asp&EsAbierta=1&ConMenu=NO HTTP/1.1" 200 15497
190.158.8.125 - - [04/Oct/2015:10:58:03 -0500] "GET /isolucionsda/BarraTitulos.asp?Pagina=FiltroNotaMejora.asp&EsAbierta=1&ConMenu=NO HTTP/1.1" 200 6865
190.158.8.125 - - [04/Oct/2015:10:58:03 -0500] "GET /isolucionsda/BarraFavoritos.asp HTTP/1.1" 200 911
190.158.8.125 - - [04/Oct/2015:10:58:04 -0500] "GET /isolucionsda/Session.asp?Continue=1 HTTP/1.1" 200 6195
190.158.8.125 - - [04/Oct/2015:10:58:03 -0500] "GET /isolucionsda/FiltroNotaMejora.asp?Pagina=FiltroNotaMejora.asp&EsAbierta=1&ConMenu=NO HTTP/1.1" 200 45742
190.158.8.125 - - [04/Oct/2015:10:58:10 -0500] "GET /IsolucionSDA/Jerarquia.asp?Tabla=Proceso&Form=Filtro&CampoDisplay=CodProcesoDisplayObjetoProceso&CampoHidden=CodProceso&bSubmit=True&items= HTTP/1.1" 200 10466
157.55.39.62 - - [04/Oct/2015:10:58:11 -0500] "GET /galeria/bibloteca/contentflow.css HTTP/1.1" 200 3201
190.158.8.125 - - [04/Oct/2015:10:58:13 -0500] "GET /IsolucionSDA/Jerarquia.asp?Tabla=Proceso&Form=Filtro&CampoDisplay=CodProcesoDisplayObjetoProceso&CampoHidden=CodProceso&bSubmit=True&items= HTTP/1.1" 200 10466
190.158.8.125 - - [04/Oct/2015:10:58:15 -0500] "POST /IsolucionSDA/Jerarquia.asp HTTP/1.1" 200 8003
190.158.8.125 - - [04/Oct/2015:10:58:15 -0500] "POST /isolucionsda/FiltroNotaMejora.asp HTTP/1.1" 200 39774
190.158.8.125 - - [04/Oct/2015:10:57:57 -0500] "GET /isolucionsda/BarraFavoritos.asp HTTP/1.1" 200 -
190.158.8.125 - - [04/Oct/2015:10:58:24 -0500] "GET /isolucionsda/NotaMejora.asp?CodSucursal=&ID_NotaMejora=406&Accion=ModificarForma HTTP/1.1" 200 68378
66.249.65.227 - - [04/Oct/2015:10:58:43 -0500] "GET /BLA/resoluciones/RESOLUCIONES%202010/5970.pdf HTTP/1.1" 200 324249
190.12.140.101 - - [04/Oct/2015:10:58:46 -0500] "GET /BLA/resoluciones/AUTOS%25202008/1597.pdf HTTP/1.1" 404 1120
186.155.127.16 - - [04/Oct/2015:10:58:59 -0500] "GET /BLA/boletinlegal/js/jquery.scrollShow.js HTTP/1.1" 200 4586
186.155.127.16 - - [04/Oct/2015:10:59:01 -0500] "GET /galeria/galeria/jquery.fancybox.js?v=2.1.5 HTTP/1.1" 200 48706
186.155.115.4 - - [04/Oct/2015:10:59:01 -0500] "GET /BLA/boletinlegal/js/jquery.scrollShow.js HTTP/1.1" 200 4586
186.155.115.4 - - [04/Oct/2015:10:59:01 -0500] "GET /galeria/galeria/jquery.fancybox.js?v=2.1.5 HTTP/1.1" 200 48706
186.155.115.4 - - [04/Oct/2015:10:59:01 -0500] "GET /galeria/galeria/jquery.fancybox.css?v=2.1.5 HTTP/1.1" 200 4895
66.249.65.213 - - [04/Oct/2015:10:59:02 -0500] "GET /BLA/resoluciones/RESOLUCIONES%202008/3853.pdf HTTP/1.1" 200 430129
74.86.158.107 - - [04/Oct/2015:10:59:04 -0500] "HEAD / HTTP/1.1" 200 -
186.155.127.16 - - [04/Oct/2015:10:59:11 -0500] "GET /galeria/galeria/jquery.fancybox.css?v=2.1.5 HTTP/1.1" 200 4895
201.245.192.253 - - [04/Oct/2015:10:59:25 -0500] "POST /forms/lservlet;jsessionid=ac16012b30d62e507505f2c64e898405c7619f87fb44.e3iSbxaKaheRe38Ka34Oa3eLbxf0n6jAmljGr5XDqQLvpAe HTTP/1.1" 200 2
66.249.65.213 - - [04/Oct/2015:10:59:26 -0500] "GET /BLA/resoluciones/RESOLUCIONES%202009/9278.pdf HTTP/1.1" 200 606450
186.155.115.4 - - [04/Oct/2015:10:59:28 -0500] "GET /BLA/boletinlegal/js/jquery.scrollShow.js HTTP/1.1" 304 -
186.155.115.4 - - [04/Oct/2015:10:59:28 -0500] "GET /galeria/galeria/jquery.fancybox.js?v=2.1.5 HTTP/1.1" 304 -
186.155.115.4 - - [04/Oct/2015:10:59:28 -0500] "GET /galeria/galeria/jquery.fancybox.css?v=2.1.5 HTTP/1.1" 304 -
186.155.115.4 - - [04/Oct/2015:10:59:30 -0500] "GET /BLA/boletinlegal/js/jquery.scrollShow.js HTTP/1.1" 200 4586
186.155.115.4 - - [04/Oct/2015:10:59:31 -0500] "GET /galeria/galeria/jquery.fancybox.js?v=2.1.5 HTTP/1.1" 200 48706
190.254.10.186 - - [04/Oct/2015:10:59:33 -0500] "GET /BLA/resoluciones/AUTOS%202011/2425.pdf HTTP/1.1" 200 381613
190.254.10.186 - - [04/Oct/2015:10:59:34 -0500] "GET /BLA/resoluciones/AUTOS%202011/2425.pdf HTTP/1.1" 200 381613
186.31.114.241 - - [04/Oct/2015:10:59:42 -0500] "GET /galeria/galeria/jquery.fancybox.css?v=2.1.5 HTTP/1.1" 200 4895
186.31.114.241 - - [04/Oct/2015:10:59:42 -0500] "GET /BLA/boletinlegal/js/jquery.scrollShow.js HTTP/1.1" 200 4586
186.31.114.241 - - [04/Oct/2015:10:59:42 -0500] "GET /galeria/galeria/jquery.fancybox.js?v=2.1.5 HTTP/1.1" 200 48706
186.31.114.241 - - [04/Oct/2015:10:59:45 -0500] "GET /galeria/galeria/jquery.fancybox.css?v=2.1.5 HTTP/1.1" 304 -
186.31.114.241 - - [04/Oct/2015:10:59:45 -0500] "GET /BLA/boletinlegal/js/jquery.scrollShow.js HTTP/1.1" 304 -
186.31.114.241 - - [04/Oct/2015:10:59:45 -0500] "GET /galeria/galeria/jquery.fancybox.js?v=2.1.5 HTTP/1.1" 304 -
190.12.140.101 - - [04/Oct/2015:10:59:50 -0500] "GET /BLA HTTP/1.1" 301 298
190.12.140.101 - - [04/Oct/2015:10:59:50 -0500] "GET /BLA/ HTTP/1.1" 200 538
190.12.140.101 - - [04/Oct/2015:10:59:56 -0500] "GET /BLA/boletinlegal/styles2.css HTTP/1.1" 200 1838
190.12.140.101 - - [04/Oct/2015:10:59:56 -0500] "GET /BLA/boletinlegal/style.css HTTP/1.1" 200 9406
190.12.140.101 - - [04/Oct/2015:10:59:56 -0500] "GET /BLA/boletinlegal/js/jquery.scrollTo-min.js HTTP/1.1" 200 1150
190.12.140.101 - - [04/Oct/2015:10:59:56 -0500] "GET /BLA/boletinlegal/js/jquery.js HTTP/1.1" 200 57254
190.12.140.101 - - [04/Oct/2015:10:59:56 -0500] "GET /BLA/boletinlegal/js/jquery.scrollShow.js HTTP/1.1" 200 4586
190.12.140.101 - - [04/Oct/2015:10:59:56 -0500] "GET /BLA/boletinlegal/images/cabezote%20BLEGAL.jpg HTTP/1.1" 200 118164
190.12.140.101 - - [04/Oct/2015:10:59:57 -0500] "GET /BLA/boletinlegal/images/historia.png HTTP/1.1" 200 52775
190.12.140.101 - - [04/Oct/2015:10:59:57 -0500] "GET /BLA/boletinlegal/images/arr_l.jpg HTTP/1.1" 200 1979
190.12.140.101 - - [04/Oct/2015:10:59:57 -0500] "GET /BLA/boletinlegal/images/subscribe-icon-big.png HTTP/1.1" 200 47702
190.12.140.101 - - [04/Oct/2015:10:59:57 -0500] "GET /BLA/boletinlegal/images/nuevo.gif HTTP/1.1" 200 26475
190.12.140.101 - - [04/Oct/2015:10:59:57 -0500] "GET /BLA/boletinlegal/images/screen_1.png HTTP/1.1" 200 202547
190.12.140.101 - - [04/Oct/2015:10:59:57 -0500] "GET /BLA/boletinlegal/images/launch.jpg HTTP/1.1" 200 14577
190.12.140.101 - - [04/Oct/2015:10:59:57 -0500] "GET /BLA/boletinlegal/images/screen_2.png HTTP/1.1" 200 362502
190.12.140.101 - - [04/Oct/2015:10:59:57 -0500] "GET /BLA/boletinlegal/images/body_bg.jpg HTTP/1.1" 200 1601
190.12.140.101 - - [04/Oct/2015:10:59:57 -0500] "GET /BLA/boletinlegal/images/menu_lft.gif HTTP/1.1" 200 1713
190.12.140.101 - - [04/Oct/2015:10:59:57 -0500] "GET /BLA/boletinlegal/images/menu_rght.gif HTTP/1.1" 200 1627
190.12.140.101 - - [04/Oct/2015:10:59:57 -0500] "GET /BLA/boletinlegal/images/bg_top.jpg HTTP/1.1" 200 522
190.12.140.101 - - [04/Oct/2015:10:59:57 -0500] "GET /BLA/boletinlegal/images/menu_bg.jpg HTTP/1.1" 200 620
190.12.140.101 - - [04/Oct/2015:10:59:57 -0500] "GET /BLA/boletinlegal/images/text.jpg HTTP/1.1" 200 568
190.12.140.101 - - [04/Oct/2015:10:59:58 -0500] "GET /BLA/boletinlegal/images/hover.jpg HTTP/1.1" 200 640
190.254.10.186 - - [04/Oct/2015:11:00:00 -0500] "GET /BLA/resoluciones/AUTOS%202011/2425.pdf HTTP/1.1" 206 1
190.12.140.101 - - [04/Oct/2015:11:00:02 -0500] "GET /BLA/boletinlegal/images/screen_5.png HTTP/1.1" 200 368876
190.12.140.101 - - [04/Oct/2015:11:00:02 -0500] "GET /BLA/boletinlegal/images/screen_3.png HTTP/1.1" 200 210620
190.12.140.101 - - [04/Oct/2015:11:00:02 -0500] "GET /BLA/boletinlegal/images/arr_r.jpg HTTP/1.1" 200 1998
190.12.140.101 - - [04/Oct/2015:11:00:02 -0500] "GET /BLA/boletinlegal/images/pdf.gif HTTP/1.1" 200 567
190.12.140.101 - - [04/Oct/2015:11:00:02 -0500] "GET /BLA/boletinlegal/images/footer_bg.jpg HTTP/1.1" 200 586
190.254.10.186 - - [04/Oct/2015:11:00:02 -0500] "GET /BLA/resoluciones/AUTOS%202011/2425.pdf HTTP/1.1" 200 381613
66.249.65.220 - - [04/Oct/2015:11:00:08 -0500] "GET /BLA/resoluciones/RESOLUCIONES%202010/6663.pdf HTTP/1.1" 200 857479
190.66.145.120 - - [04/Oct/2015:11:00:10 -0500] "GET /galeria/galeria/jquery.fancybox.js?v=2.1.5 HTTP/1.1" 200 48706
190.66.145.120 - - [04/Oct/2015:11:00:10 -0500] "GET /BLA/boletinlegal/js/jquery.scrollShow.js HTTP/1.1" 200 4586
190.66.145.120 - - [04/Oct/2015:11:00:10 -0500] "GET /galeria/galeria/jquery.fancybox.css?v=2.1.5 HTTP/1.1" 200 4895
190.12.140.101 - - [04/Oct/2015:11:00:17 -0500] "GET /BLA/boletinlegal/documentos-importantes.php HTTP/1.1" 200 4822
190.12.140.101 - - [04/Oct/2015:11:00:17 -0500] "GET /BLA/boletinlegal/ajax.js HTTP/1.1" 200 577
190.12.140.101 - - [04/Oct/2015:11:00:17 -0500] "GET /BLA/boletinlegal/niceforms.js HTTP/1.1" 200 22876
190.12.140.101 - - [04/Oct/2015:11:00:17 -0500] "GET /BLA/boletinlegal/images/abajo.png HTTP/1.1" 200 96676
190.12.140.101 - - [04/Oct/2015:11:00:17 -0500] "GET /BLA/boletinlegal/niceforms-default.css HTTP/1.1" 200 6694
190.12.140.101 - - [04/Oct/2015:11:00:17 -0500] "GET /BLA/boletinlegal/js/ajax_documentos.js HTTP/1.1" 200 1155
190.12.140.101 - - [04/Oct/2015:11:00:17 -0500] "GET /BLA/boletinlegal/images/footer_bg_l.jpg HTTP/1.1" 200 776
190.12.140.101 - - [04/Oct/2015:11:00:17 -0500] "GET /BLA/boletinlegal/img/button-right.png HTTP/1.1" 200 57878
190.12.140.101 - - [04/Oct/2015:11:00:17 -0500] "GET /BLA/boletinlegal/img/0.png HTTP/1.1" 200 110
190.12.140.101 - - [04/Oct/2015:11:00:17 -0500] "GET /BLA/boletinlegal/img/button-left.png HTTP/1.1" 200 57071
190.12.140.101 - - [04/Oct/2015:11:00:17 -0500] "GET /BLA/boletinlegal/img/textarea-br.png HTTP/1.1" 200 488
190.12.140.101 - - [04/Oct/2015:11:00:17 -0500] "GET /BLA/boletinlegal/img/button.png HTTP/1.1" 200 43241
190.12.140.101 - - [04/Oct/2015:11:00:17 -0500] "GET /BLA/boletinlegal/img/textarea-bl.png HTTP/1.1" 200 265
190.12.140.101 - - [04/Oct/2015:11:00:17 -0500] "GET /BLA/boletinlegal/img/textarea-r-off.png HTTP/1.1" 200 266
190.12.140.101 - - [04/Oct/2015:11:00:18 -0500] "GET /BLA/boletinlegal/img/textarea-tr.png HTTP/1.1" 200 488
190.12.140.101 - - [04/Oct/2015:11:00:18 -0500] "GET /BLA/boletinlegal/img/textarea-l-off.png HTTP/1.1" 200 168
190.12.140.101 - - [04/Oct/2015:11:00:18 -0500] "GET /BLA/boletinlegal/img/textarea-tl.png HTTP/1.1" 200 269
190.254.10.186 - - [04/Oct/2015:11:00:18 -0500] "GET /BLA/resoluciones/AUTOS%202011/2425.pdf HTTP/1.1" 206 1
190.254.10.186 - - [04/Oct/2015:11:00:19 -0500] "GET /BLA/resoluciones/AUTOS%202011/2425.pdf HTTP/1.1" 200 381613
190.12.140.101 - - [04/Oct/2015:10:59:56 -0500] "GET /BLA/boletinlegal/index.php HTTP/1.1" 200 28619
190.12.140.101 - - [04/Oct/2015:11:00:34 -0500] "GET /BLA/boletinlegal/index.php HTTP/1.1" 200 16331
190.66.145.120 - - [04/Oct/2015:11:00:47 -0500] "GET /BLA/boletinlegal/js/jquery.scrollShow.js HTTP/1.1" 304 -
190.66.145.120 - - [04/Oct/2015:11:00:47 -0500] "GET /galeria/galeria/jquery.fancybox.js?v=2.1.5 HTTP/1.1" 304 -
190.66.145.120 - - [04/Oct/2015:11:00:47 -0500] "GET /galeria/galeria/jquery.fancybox.css?v=2.1.5 HTTP/1.1" 304 -
66.249.65.220 - - [04/Oct/2015:11:00:50 -0500] "GET /BLA/resoluciones/AUTOS%202006/AUTOS%202006%202601%20-%202700/00002602.tif HTTP/1.1" 200 53012
66.249.65.227 - - [04/Oct/2015:11:00:51 -0500] "GET /BLA/resoluciones/RESOLUCIONES%202008/5327.pdf HTTP/1.1" 200 430548
190.254.10.186 - - [04/Oct/2015:11:01:16 -0500] "GET /BLA/resoluciones/AUTOS%202011/2425.pdf HTTP/1.1" 206 1
190.254.10.186 - - [04/Oct/2015:11:01:17 -0500] "GET /BLA/resoluciones/AUTOS%202011/2425.pdf HTTP/1.1" 200 381613
201.245.192.253 - - [04/Oct/2015:11:01:26 -0500] "POST /forms/lservlet;jsessionid=ac16012b30d62e507505f2c64e898405c7619f87fb44.e3iSbxaKaheRe38Ka34Oa3eLbxf0n6jAmljGr5XDqQLvpAe HTTP/1.1" 200 2
186.115.88.145 - - [04/Oct/2015:11:01:30 -0500] "GET /BLA/resoluciones/RESOLUCIONES%202009/4698.pdf HTTP/1.1" 200 326782
186.115.88.145 - - [04/Oct/2015:11:01:31 -0500] "GET /favicon.ico HTTP/1.1" 200 7782
66.249.65.227 - - [04/Oct/2015:11:01:33 -0500] "GET /BLA/resoluciones/RESOLUCIONES%202010/6740.pdf HTTP/1.1" 200 39774
200.118.249.113 - - [04/Oct/2015:11:01:50 -0500] "POST /desprendiblespago/controlador HTTP/1.1" 200 2321
66.249.65.213 - - [04/Oct/2015:11:02:06 -0500] "GET /BLA/resoluciones/AUTOS%202014/5611.pdf HTTP/1.1" 200 190929
66.249.65.220 - - [04/Oct/2015:11:02:16 -0500] "GET /BLA/resoluciones/RESOLUCIONES%202009/0615.pdf HTTP/1.1" 200 320637
66.249.65.220 - - [04/Oct/2015:11:02:58 -0500] "GET /BLA/resoluciones/RESOLUCIONES%202010/6577.pdf HTTP/1.1" 200 344928
190.87.117.139 - - [04/Oct/2015:11:03:19 -0500] "GET /galeria/galeria/jquery.fancybox.css?v=2.1.5 HTTP/1.1" 200 4895
190.87.117.139 - - [04/Oct/2015:11:03:19 -0500] "GET /BLA/boletinlegal/js/jquery.scrollShow.js HTTP/1.1" 200 4586
190.87.117.139 - - [04/Oct/2015:11:03:19 -0500] "GET /galeria/galeria/jquery.fancybox.js?v=2.1.5 HTTP/1.1" 200 48706
201.245.192.253 - - [04/Oct/2015:11:03:26 -0500] "POST /forms/lservlet;jsessionid=ac16012b30d62e507505f2c64e898405c7619f87fb44.e3iSbxaKaheRe38Ka34Oa3eLbxf0n6jAmljGr5XDqQLvpAe HTTP/1.1" 200 2
190.12.140.101 - - [04/Oct/2015:11:03:32 -0500] "GET /BLA/resoluciones/AUTOS%25202008/1597.pdf HTTP/1.1" 404 1120
66.249.65.220 - - [04/Oct/2015:11:03:41 -0500] "GET /BLA/resoluciones/RESOLUCIONES%202010/6883.pdf HTTP/1.1" 200 189752
186.81.139.104 - - [04/Oct/2015:11:03:55 -0500] "GET /BLA/resoluciones/RESOLUCIONES%202014/3908.pdf HTTP/1.1" 200 619995
186.81.139.104 - - [04/Oct/2015:11:03:55 -0500] "GET /favicon.ico HTTP/1.1" 200 7782
186.81.139.104 - - [04/Oct/2015:11:03:55 -0500] "GET /BLA/resoluciones/RESOLUCIONES%202014/3908.pdf HTTP/1.1" 206 32768
186.81.139.104 - - [04/Oct/2015:11:03:56 -0500] "GET /BLA/resoluciones/RESOLUCIONES%202014/3908.pdf HTTP/1.1" 206 587227
74.86.158.107 - - [04/Oct/2015:11:04:03 -0500] "HEAD / HTTP/1.1" 200 -
186.80.185.112 - - [04/Oct/2015:11:04:08 -0500] "GET /galeria/galeria/jquery.fancybox.css?v=2.1.5 HTTP/1.1" 200 4895
186.80.185.112 - - [04/Oct/2015:11:04:08 -0500] "GET /galeria/galeria/jquery.fancybox.js?v=2.1.5 HTTP/1.1" 200 48706
186.80.185.112 - - [04/Oct/2015:11:04:08 -0500] "GET /BLA/boletinlegal/js/jquery.scrollShow.js HTTP/1.1" 200 4586
