186.113.142.17 - - [05/Oct/2015:06:07:16 -0500] "GET /BLA/boletinlegal/images/faun.png HTTP/1.1" 200 613440
186.113.142.17 - - [05/Oct/2015:06:07:16 -0500] "GET /BLA/boletinlegal/images/flor.png HTTP/1.1" 200 587454
186.113.142.17 - - [05/Oct/2015:06:07:19 -0500] "GET /BLA/boletinlegal/images/silvi.png HTTP/1.1" 200 588511
186.113.142.17 - - [05/Oct/2015:06:07:21 -0500] "GET /BLA/boletinlegal/images/hume.png HTTP/1.1" 200 481651
66.249.65.48 - - [05/Oct/2015:06:07:21 -0500] "GET / HTTP/1.1" 200 10190
186.113.142.17 - - [05/Oct/2015:06:07:21 -0500] "GET /BLA/boletinlegal/images/vert.png HTTP/1.1" 200 485866
186.113.142.17 - - [05/Oct/2015:06:07:23 -0500] "GET /BLA/boletinlegal/images/resi.png HTTP/1.1" 200 556571
186.113.142.17 - - [05/Oct/2015:06:07:24 -0500] "GET /BLA/boletinlegal/images/lice.png HTTP/1.1" 200 487297
186.113.142.17 - - [05/Oct/2015:06:07:24 -0500] "GET /BLA/boletinlegal/images/pma.png HTTP/1.1" 200 530205
186.113.142.17 - - [05/Oct/2015:06:07:24 -0500] "GET /BLA/boletinlegal/images/cons.png HTTP/1.1" 200 545034
186.113.142.17 - - [05/Oct/2015:06:07:26 -0500] "GET /BLA/boletinlegal/images/comp-estr.png HTTP/1.1" 200 644020
186.113.142.17 - - [05/Oct/2015:06:07:27 -0500] "GET /BLA/boletinlegal/images/bla.png HTTP/1.1" 200 113997
201.245.192.253 - - [05/Oct/2015:06:07:33 -0500] "POST /forms/lservlet;jsessionid=ac16012b30d62e507505f2c64e898405c7619f87fb44.e3iSbxaKaheRe38Ka34Oa3eLbxf0n6jAmljGr5XDqQLvpAe HTTP/1.1" 200 2
66.249.65.48 - - [05/Oct/2015:06:07:35 -0500] "GET /css/style.css HTTP/1.1" 200 3610
186.113.142.17 - - [05/Oct/2015:06:07:36 -0500] "GET /BLA/boletinlegal/consulta.php?menu=publicidad HTTP/1.1" 200 25319
186.113.142.17 - - [05/Oct/2015:06:07:36 -0500] "GET /BLA/boletinlegal/images/docs.png HTTP/1.1" 200 10288
186.113.142.17 - - [05/Oct/2015:06:07:36 -0500] "GET /BLA/boletinlegal/images/background.gif HTTP/1.1" 200 -
186.113.142.17 - - [05/Oct/2015:06:07:38 -0500] "GET /BLA/boletinlegal/consulta.php?menu=publicidad HTTP/1.1" 200 25319
186.113.142.17 - - [05/Oct/2015:06:07:39 -0500] "GET /BLA/boletinlegal/consulta.php?menu=publicidad HTTP/1.1" 200 25319
186.113.142.17 - - [05/Oct/2015:06:07:39 -0500] "GET /BLA/boletinlegal/consulta.php?menu=publicidad HTTP/1.1" 200 25319
186.113.142.17 - - [05/Oct/2015:06:07:40 -0500] "GET /BLA/boletinlegal/consulta.php?menu=publicidad HTTP/1.1" 200 25319
186.113.142.17 - - [05/Oct/2015:06:07:40 -0500] "GET /BLA/boletinlegal/consulta.php?menu=publicidad HTTP/1.1" 200 25319
186.113.142.17 - - [05/Oct/2015:06:07:41 -0500] "GET /BLA/boletinlegal/consulta.php?menu=publicidad HTTP/1.1" 200 25319
186.113.142.17 - - [05/Oct/2015:06:07:41 -0500] "GET /BLA/boletinlegal/consulta.php?menu=publicidad HTTP/1.1" 200 25319
186.113.142.17 - - [05/Oct/2015:06:07:52 -0500] "GET /BLA/boletinlegal/consulta.php?menu=publicidad HTTP/1.1" 200 25319
186.113.142.17 - - [05/Oct/2015:06:07:52 -0500] "GET /BLA/boletinlegal/consulta.php?menu=publicidad HTTP/1.1" 200 25319
186.113.142.17 - - [05/Oct/2015:06:07:52 -0500] "GET /BLA/boletinlegal/consulta.php?menu=publicidad HTTP/1.1" 200 25319
181.129.91.160 - - [05/Oct/2015:06:07:55 -0500] "GET /BLA/boletinlegal/js/jquery.scrollShow.js HTTP/1.1" 200 4586
181.129.91.160 - - [05/Oct/2015:06:07:55 -0500] "GET /galeria/galeria/jquery.fancybox.css?v=2.1.5 HTTP/1.1" 200 4895
181.129.91.160 - - [05/Oct/2015:06:07:55 -0500] "GET /galeria/galeria/jquery.fancybox.js?v=2.1.5 HTTP/1.1" 200 48706
186.113.142.17 - - [05/Oct/2015:06:07:55 -0500] "GET /BLA/boletinlegal/consulta.php?menu=publicidad HTTP/1.1" 200 25319
186.113.142.17 - - [05/Oct/2015:06:07:55 -0500] "GET /BLA/boletinlegal/consulta.php?menu=publicidad HTTP/1.1" 200 25319
186.113.142.17 - - [05/Oct/2015:06:07:58 -0500] "GET /BLA/boletinlegal/consulta.php?menu=publicidad HTTP/1.1" 200 25319
186.113.142.17 - - [05/Oct/2015:06:07:58 -0500] "GET /BLA/boletinlegal/consulta.php?menu=publicidad HTTP/1.1" 200 25319
66.249.65.213 - - [05/Oct/2015:06:07:59 -0500] "GET /BLA/resoluciones/AUTOS%202012/2437.pdf HTTP/1.1" 200 2316527
186.113.142.17 - - [05/Oct/2015:06:08:05 -0500] "GET /BLA/boletinlegal/norma_menu.php HTTP/1.1" 200 5344
186.113.142.17 - - [05/Oct/2015:06:08:11 -0500] "GET /BLA/boletinlegal/consulta.php?menu=publicidad HTTP/1.1" 200 25319
181.129.91.160 - - [05/Oct/2015:06:08:17 -0500] "GET /galeria/galeria/jquery.fancybox.css?v=2.1.5 HTTP/1.1" 304 -
181.129.91.160 - - [05/Oct/2015:06:08:17 -0500] "GET /BLA/boletinlegal/js/jquery.scrollShow.js HTTP/1.1" 304 -
181.129.91.160 - - [05/Oct/2015:06:08:17 -0500] "GET /galeria/galeria/jquery.fancybox.js?v=2.1.5 HTTP/1.1" 304 -
37.48.118.10 - - [05/Oct/2015:06:08:55 -0500] "GET /BLA/boletinlegal/js/jquery.scrollShow.js HTTP/1.1" 200 4586
37.48.118.10 - - [05/Oct/2015:06:08:54 -0500] "GET /galeria/galeria/jquery.fancybox.js?v=2.1.5 HTTP/1.1" 200 48706
66.249.65.220 - - [05/Oct/2015:06:09:15 -0500] "GET /BLA/resoluciones/RESOLUCIONES%202008/0045.pdf HTTP/1.1" 200 327715
201.245.192.253 - - [05/Oct/2015:06:09:33 -0500] "POST /forms/lservlet;jsessionid=ac16012b30d62e507505f2c64e898405c7619f87fb44.e3iSbxaKaheRe38Ka34Oa3eLbxf0n6jAmljGr5XDqQLvpAe HTTP/1.1" 200 2
37.48.118.10 - - [05/Oct/2015:06:08:54 -0500] "GET /galeria/galeria/jquery.fancybox.css?v=2.1.5 HTTP/1.1" 200 4895
74.86.158.107 - - [05/Oct/2015:06:09:53 -0500] "HEAD / HTTP/1.1" 200 -
66.249.65.213 - - [05/Oct/2015:06:09:54 -0500] "GET /BLA/resoluciones/AUTOS%202010/2132.pdf HTTP/1.1" 200 1272305
66.249.65.227 - - [05/Oct/2015:06:10:32 -0500] "GET /BLA/resoluciones/AUTOS%202010/4506.pdf HTTP/1.1" 200 326365
66.249.65.227 - - [05/Oct/2015:06:11:02 -0500] "GET /BLA/resoluciones/RESOLUCIONES%202008/4583.pdf HTTP/1.1" 200 252911
66.249.65.213 - - [05/Oct/2015:06:11:10 -0500] "GET /BLA/resoluciones/AUTOS%202007/3687.pdf HTTP/1.1" 200 62026
152.61.128.66 - - [05/Oct/2015:06:11:32 -0500] "HEAD / HTTP/1.1" 200 -
152.61.128.66 - - [05/Oct/2015:06:11:32 -0500] "GET /arcgis/services/Calidad_del_Agua_WQI/MapServer/WMSServer?SERVICE=WMS&REQUEST=GetCapabilities HTTP/1.1" 200 32135
201.245.192.253 - - [05/Oct/2015:06:11:33 -0500] "POST /forms/lservlet;jsessionid=ac16012b30d62e507505f2c64e898405c7619f87fb44.e3iSbxaKaheRe38Ka34Oa3eLbxf0n6jAmljGr5XDqQLvpAe HTTP/1.1" 200 2
152.61.128.66 - - [05/Oct/2015:06:11:33 -0500] "GET /arcgis/services/Calidad_del_Agua_WQI/MapServer/WMSServer?SERVICE=WMS&REQUEST=GetCapabilities HTTP/1.0" 200 32135
152.61.128.66 - - [05/Oct/2015:06:11:34 -0500] "GET /arcgis/services/Calidad_del_Agua_WQI/MapServer/WMSServer?SERVICE=WMS&REQUEST=GetCapabilities HTTP/1.0" 200 32135
152.61.128.66 - - [05/Oct/2015:06:11:35 -0500] "GET /arcgis/services/Calidad_del_Agua_WQI/MapServer/WMSServer?SERVICE=WMS&REQUEST=GetCapabilities HTTP/1.0" 200 32135
152.61.128.66 - - [05/Oct/2015:06:11:36 -0500] "GET /arcgis/services/Calidad_del_Agua_WQI/MapServer/WMSServer?VERSION=1.1.1&REQUEST=GetMap&LAYERS=0&SRS=EPSG:4326&BBOX=-74.473395,3.674381,-73.963300,4.920569&WIDTH=250&HEIGHT=250&FORMAT=image/bmp&STYLES=& HTTP/1.1" 200 188054
66.249.65.220 - - [05/Oct/2015:06:11:48 -0500] "GET /BLA/resoluciones/AUTOS%202007/0451.pdf HTTP/1.1" 200 35711
66.249.65.220 - - [05/Oct/2015:06:12:27 -0500] "GET /BLA/resoluciones/AUTOS%202007/0645.pdf HTTP/1.1" 200 72691
66.249.65.227 - - [05/Oct/2015:06:13:05 -0500] "GET /BLA/resoluciones/AUTOS%202010/1910.pdf HTTP/1.1" 200 145921
186.80.43.109 - - [05/Oct/2015:06:13:31 -0500] "-" 408 -
201.245.192.253 - - [05/Oct/2015:06:13:33 -0500] "POST /forms/lservlet;jsessionid=ac16012b30d62e507505f2c64e898405c7619f87fb44.e3iSbxaKaheRe38Ka34Oa3eLbxf0n6jAmljGr5XDqQLvpAe HTTP/1.1" 200 2
186.30.7.147 - - [05/Oct/2015:06:13:42 -0500] "GET /galeria/carrusel/Carrusel/jquery.thumbnailScroller.css HTTP/1.1" 200 2066
186.30.7.147 - - [05/Oct/2015:06:13:42 -0500] "GET /galeria/galeria/jquery.fancybox.css?v=2.1.5 HTTP/1.1" 200 4895
186.30.7.147 - - [05/Oct/2015:06:13:42 -0500] "GET /BLA/boletinlegal/js/jquery.scrollShow.js HTTP/1.1" 200 4586
186.30.7.147 - - [05/Oct/2015:06:13:42 -0500] "GET /galeria/carrusel/Carrusel/jquery-ui-1.8.13.custom.min.js HTTP/1.1" 200 10800
186.30.7.147 - - [05/Oct/2015:06:13:42 -0500] "GET /galeria/galeria/jquery.fancybox.js?v=2.1.5 HTTP/1.1" 200 48706
186.30.7.147 - - [05/Oct/2015:06:13:42 -0500] "GET /galeria/carrusel/Carrusel/jquery.thumbnailScroller.js HTTP/1.1" 200 8157
66.249.65.213 - - [05/Oct/2015:06:13:43 -0500] "GET /BLA/resoluciones/AUTOS%202010/0534.pdf HTTP/1.1" 200 187521
186.30.7.147 - - [05/Oct/2015:06:13:44 -0500] "GET /galeria/nivo-slider/demo/demo.html HTTP/1.1" 200 3905
201.234.75.11 - - [05/Oct/2015:06:13:44 -0500] "GET /galeria/nivo-slider/demo/images/2Ecoyoga.jpg HTTP/1.1" 304 -
186.30.7.147 - - [05/Oct/2015:06:13:47 -0500] "GET /galeria/nivo-slider/nivo-slider.css HTTP/1.1" 200 1507
186.30.7.147 - - [05/Oct/2015:06:13:48 -0500] "GET /galeria/nivo-slider/themes/orman/orman.css HTTP/1.1" 200 2152
186.30.7.147 - - [05/Oct/2015:06:13:48 -0500] "GET /galeria/nivo-slider/demo/images/La-SDA-se-suma-a-la-Gran-Movilizacion.jpg HTTP/1.1" 200 92233
186.30.7.147 - - [05/Oct/2015:06:13:48 -0500] "GET /galeria/nivo-slider/themes/default/default.css HTTP/1.1" 200 1569
186.30.7.147 - - [05/Oct/2015:06:13:48 -0500] "GET /galeria/nivo-slider/themes/pascal/pascal.css HTTP/1.1" 200 2258
186.30.7.147 - - [05/Oct/2015:06:13:48 -0500] "GET /galeria/nivo-slider/demo/style.css HTTP/1.1" 200 2222
186.30.7.147 - - [05/Oct/2015:06:13:48 -0500] "GET /galeria/nivo-slider/demo/demo.html HTTP/1.1" 304 -
186.30.7.147 - - [05/Oct/2015:06:13:48 -0500] "GET /galeria/nivo-slider/themes/pascal/pascal.css HTTP/1.1" 200 2258
186.30.7.147 - - [05/Oct/2015:06:13:48 -0500] "GET /galeria/nivo-slider/demo/images/La-SDA-se-suma-a-la-Gran-Movilizacion.jpg HTTP/1.1" 200 92233
186.30.7.147 - - [05/Oct/2015:06:13:48 -0500] "GET /galeria/nivo-slider/nivo-slider.css HTTP/1.1" 200 1507
186.30.7.147 - - [05/Oct/2015:06:13:48 -0500] "GET /galeria/nivo-slider/themes/default/default.css HTTP/1.1" 200 1569
186.30.7.147 - - [05/Oct/2015:06:13:48 -0500] "GET /galeria/nivo-slider/demo/style.css HTTP/1.1" 200 2222
186.30.7.147 - - [05/Oct/2015:06:13:48 -0500] "GET /galeria/nivo-slider/themes/orman/orman.css HTTP/1.1" 200 2152
186.30.7.147 - - [05/Oct/2015:06:13:49 -0500] "GET /galeria/nivo-slider/demo/scripts/jquery-1.7.1.min.js HTTP/1.1" 200 93868
186.30.7.147 - - [05/Oct/2015:06:13:49 -0500] "GET /galeria/nivo-slider/jquery.nivo.slider.pack.js HTTP/1.1" 200 11561
186.30.7.147 - - [05/Oct/2015:06:13:49 -0500] "GET /galeria/nivo-slider/demo/images/simulacro-nacional.jpg HTTP/1.1" 200 241925
186.30.7.147 - - [05/Oct/2015:06:13:49 -0500] "GET /galeria/nivo-slider/demo/images/simulacro-busqueda-rescate-urbano.jpg HTTP/1.1" 200 251375
186.30.7.147 - - [05/Oct/2015:06:13:49 -0500] "GET /galeria/nivo-slider/demo/images/Semana-PYBA.jpg HTTP/1.1" 200 103786
186.30.7.147 - - [05/Oct/2015:06:13:49 -0500] "GET /galeria/nivo-slider/demo/images/4Simple_Slider.png HTTP/1.1" 200 11722
186.30.7.147 - - [05/Oct/2015:06:13:50 -0500] "GET /galeria/nivo-slider/themes/default/loading.gif HTTP/1.1" 200 1737
186.30.7.147 - - [05/Oct/2015:06:13:50 -0500] "GET /galeria/nivo-slider/demo/images/Plan-Quinquenal.jpg HTTP/1.1" 200 412438
186.30.7.147 - - [05/Oct/2015:06:13:50 -0500] "GET /galeria/nivo-slider/demo/images/PREDAcamp.jpg HTTP/1.1" 200 295358
186.30.7.147 - - [05/Oct/2015:06:13:51 -0500] "GET /galeria/nivo-slider/demo/images/banner-llantas2.jpg HTTP/1.1" 200 204644
186.30.7.147 - - [05/Oct/2015:06:13:51 -0500] "GET /galeria/nivo-slider/demo/images/9Signos.jpg HTTP/1.1" 200 81776
186.30.7.147 - - [05/Oct/2015:06:13:51 -0500] "GET /galeria/nivo-slider/demo/images/Comparendo-ambiental-Banner.jpg HTTP/1.1" 200 83731
186.30.7.147 - - [05/Oct/2015:06:13:53 -0500] "GET /galeria/nivo-slider/demo/images/Ruta-vertimientos-01.jpg HTTP/1.1" 200 130151
186.30.7.147 - - [05/Oct/2015:06:13:53 -0500] "GET /galeria/nivo-slider/demo/images/Conoce-los-humedales.jpg HTTP/1.1" 200 294036
186.30.7.147 - - [05/Oct/2015:06:13:54 -0500] "GET /galeria/nivo-slider/demo/images/ecolecta-Dic2014.png HTTP/1.1" 200 288593
186.30.7.147 - - [05/Oct/2015:06:13:54 -0500] "GET /galeria/nivo-slider/demo/images/bolsas-06.jpg HTTP/1.1" 200 90982
186.30.7.147 - - [05/Oct/2015:06:13:58 -0500] "GET /galeria/nivo-slider/themes/default/bullets.png HTTP/1.1" 200 1281
186.30.7.147 - - [05/Oct/2015:06:13:58 -0500] "GET /galeria/nivo-slider/themes/default/arrows.png HTTP/1.1" 200 824
186.30.7.147 - - [05/Oct/2015:06:14:10 -0500] "GET /galeria/galeria/jquery.fancybox.js?v=2.1.5 HTTP/1.1" 304 -
186.30.7.147 - - [05/Oct/2015:06:14:10 -0500] "GET /BLA/boletinlegal/js/jquery.scrollShow.js HTTP/1.1" 304 -
186.30.7.147 - - [05/Oct/2015:06:14:10 -0500] "GET /galeria/galeria/jquery.fancybox.css?v=2.1.5 HTTP/1.1" 304 -
186.30.7.147 - - [05/Oct/2015:06:14:11 -0500] "GET /galeria/galeria/jquery.fancybox.js?v=2.1.5 HTTP/1.1" 304 -
66.249.65.227 - - [05/Oct/2015:06:14:21 -0500] "GET /BLA/resoluciones/AUTOS%202010/5223.pdf HTTP/1.1" 200 162385
66.249.65.227 - - [05/Oct/2015:06:14:49 -0500] "GET /BLA/resoluciones/RESOLUCIONES%202006/RES%202006%201801-1850/00001826.tif HTTP/1.1" 304 -
74.86.158.107 - - [05/Oct/2015:06:14:53 -0500] "HEAD / HTTP/1.1" 200 -
66.249.65.227 - - [05/Oct/2015:06:14:59 -0500] "GET /BLA/resoluciones/AUTOS%202010/6134.pdf HTTP/1.1" 200 124386
66.249.65.213 - - [05/Oct/2015:06:15:18 -0500] "GET /BLA/resoluciones/RESOLUCIONES%202010/7748.pdf HTTP/1.1" 200 506842
186.83.0.230 - - [05/Oct/2015:06:15:32 -0500] "GET /galeria/galeria/jquery.fancybox.css?v=2.1.5 HTTP/1.1" 200 4895
186.83.0.230 - - [05/Oct/2015:06:15:32 -0500] "GET /BLA/boletinlegal/js/jquery.scrollShow.js HTTP/1.1" 200 4586
186.83.0.230 - - [05/Oct/2015:06:15:32 -0500] "GET /galeria/galeria/jquery.fancybox.js?v=2.1.5 HTTP/1.1" 200 48706
201.245.192.253 - - [05/Oct/2015:06:15:34 -0500] "POST /forms/lservlet;jsessionid=ac16012b30d62e507505f2c64e898405c7619f87fb44.e3iSbxaKaheRe38Ka34Oa3eLbxf0n6jAmljGr5XDqQLvpAe HTTP/1.1" 200 2
66.249.65.220 - - [05/Oct/2015:06:15:38 -0500] "GET /BLA/resoluciones/AUTOS%202010/5532.pdf HTTP/1.1" 200 129111
186.83.0.230 - - [05/Oct/2015:06:15:40 -0500] "GET /BLA/boletinlegal/js/jquery.scrollShow.js HTTP/1.1" 304 -
186.83.0.230 - - [05/Oct/2015:06:15:40 -0500] "GET /galeria/galeria/jquery.fancybox.js?v=2.1.5 HTTP/1.1" 304 -
186.83.0.230 - - [05/Oct/2015:06:15:40 -0500] "GET /galeria/galeria/jquery.fancybox.css?v=2.1.5 HTTP/1.1" 304 -
66.249.65.220 - - [05/Oct/2015:06:16:16 -0500] "GET /BLA/resoluciones/AUTOS%202007/2674.pdf HTTP/1.1" 200 165226
186.115.46.109 - - [05/Oct/2015:06:16:17 -0500] "GET /galeria/galeria/jquery.fancybox.css?v=2.1.5 HTTP/1.1" 200 4895
186.115.46.109 - - [05/Oct/2015:06:16:18 -0500] "GET /BLA/boletinlegal/js/jquery.scrollShow.js HTTP/1.1" 200 4586
186.115.46.109 - - [05/Oct/2015:06:16:18 -0500] "GET /galeria/galeria/jquery.fancybox.js?v=2.1.5 HTTP/1.1" 200 48706
66.249.65.51 - - [05/Oct/2015:06:16:54 -0500] "GET /BLA/boletinlegal/jurisprudencia/analisis/analisis%20sentencia%20C%20401%20de%202010.doc HTTP/1.1" 304 -
66.249.65.213 - - [05/Oct/2015:06:17:32 -0500] "GET /BLA/resoluciones/AUTOS%202007/2047.pdf HTTP/1.1" 200 98616
201.245.192.253 - - [05/Oct/2015:06:17:34 -0500] "POST /forms/lservlet;jsessionid=ac16012b30d62e507505f2c64e898405c7619f87fb44.e3iSbxaKaheRe38Ka34Oa3eLbxf0n6jAmljGr5XDqQLvpAe HTTP/1.1" 200 2
66.249.65.220 - - [05/Oct/2015:06:18:11 -0500] "GET /BLA/resoluciones/AUTOS%202010/6413.pdf HTTP/1.1" 200 167645
66.249.65.227 - - [05/Oct/2015:06:18:49 -0500] "GET /BLA/resoluciones/RESOLUCIONES%202007/RES%202007%204201%20AL%204300/RESOLUCION%204299%20DE%202007.pdf HTTP/1.1" 200 720821
186.113.142.17 - - [05/Oct/2015:06:19:22 -0500] "GET /BLA/boletinlegal/consulta.php?menu=ruido HTTP/1.1" 200 2331
186.113.142.17 - - [05/Oct/2015:06:19:23 -0500] "GET /BLA/boletinlegal/consulta.php?menu=ruido HTTP/1.1" 200 2331
186.113.142.17 - - [05/Oct/2015:06:19:24 -0500] "GET /BLA/boletinlegal/consulta.php?menu=ruido HTTP/1.1" 200 2331
186.113.142.17 - - [05/Oct/2015:06:19:26 -0500] "GET /BLA/boletinlegal/consulta.php?menu=ruido HTTP/1.1" 200 2331
66.249.65.213 - - [05/Oct/2015:06:19:27 -0500] "GET /BLA/resoluciones/RESOLUCIONES%202007/RES%202007%202701%20AL%202800/RESOLUCION%202741%20DE%202007.pdf HTTP/1.1" 200 252166
201.245.192.253 - - [05/Oct/2015:06:19:34 -0500] "POST /forms/lservlet;jsessionid=ac16012b30d62e507505f2c64e898405c7619f87fb44.e3iSbxaKaheRe38Ka34Oa3eLbxf0n6jAmljGr5XDqQLvpAe HTTP/1.1" 200 2
112.111.173.86 - - [05/Oct/2015:06:19:35 -0500] "GET /bla/ HTTP/1.1" 200 538
186.115.81.231 - - [05/Oct/2015:06:19:39 -0500] "GET /galeria/galeria/jquery.fancybox.css?v=2.1.5 HTTP/1.1" 200 4895
186.115.81.231 - - [05/Oct/2015:06:19:39 -0500] "GET /BLA/boletinlegal/js/jquery.scrollShow.js HTTP/1.1" 200 4586
186.115.81.231 - - [05/Oct/2015:06:19:39 -0500] "GET /galeria/galeria/jquery.fancybox.js?v=2.1.5 HTTP/1.1" 200 48706
66.249.65.220 - - [05/Oct/2015:06:19:39 -0500] "GET /BLA/resoluciones/AUTOS%202013/0281.pdf HTTP/1.1" 200 5169122
186.29.26.139 - - [05/Oct/2015:06:19:49 -0500] "GET /wp-content/uploads/2015/08/banner2.png HTTP/1.1" 301 362
186.29.26.139 - - [05/Oct/2015:06:19:49 -0500] "GET /wp-content/uploads/2015/08/fotos3b.png HTTP/1.1" 301 362
186.29.26.139 - - [05/Oct/2015:06:19:49 -0500] "GET /wp-content/uploads/2015/08/fotos1b.png HTTP/1.1" 301 362
186.29.26.139 - - [05/Oct/2015:06:19:50 -0500] "GET /wp-content/uploads/2015/08/fotos2b.png HTTP/1.1" 301 362
186.29.26.139 - - [05/Oct/2015:06:19:50 -0500] "GET /wp-content/uploads/2015/08/danos.png HTTP/1.1" 301 360
186.29.26.139 - - [05/Oct/2015:06:19:50 -0500] "GET /wp-content/uploads/2015/07/UNO.png HTTP/1.1" 301 358
186.29.26.139 - - [05/Oct/2015:06:19:51 -0500] "GET /wp-content/uploads/2015/07/CUARTO.png HTTP/1.1" 301 361
186.29.26.139 - - [05/Oct/2015:06:19:53 -0500] "GET /wp-content/uploads/2015/07/DOS.png HTTP/1.1" 301 358
186.29.26.139 - - [05/Oct/2015:06:19:53 -0500] "GET /wp-content/uploads/2015/07/TERCER.png HTTP/1.1" 301 361
74.86.158.107 - - [05/Oct/2015:06:19:53 -0500] "HEAD / HTTP/1.1" 200 -
66.249.65.220 - - [05/Oct/2015:06:20:05 -0500] "GET /BLA/resoluciones/AUTOS%202010/0558.pdf HTTP/1.1" 200 372058
217.126.208.195 - - [05/Oct/2015:06:20:39 -0500] "GET /BLA/resoluciones/RESOLUCIONES%202014/0970.pdf HTTP/1.1" 206 299
217.126.208.195 - - [05/Oct/2015:06:20:39 -0500] "GET /BLA/resoluciones/RESOLUCIONES%202014/0970.pdf HTTP/1.1" 206 725
217.126.208.195 - - [05/Oct/2015:06:20:39 -0500] "GET /BLA/resoluciones/RESOLUCIONES%202014/0970.pdf HTTP/1.1" 206 303829
66.249.65.220 - - [05/Oct/2015:06:20:43 -0500] "GET /BLA/resoluciones/AUTOS%202007/3813.pdf HTTP/1.1" 200 85986
66.249.65.227 - - [05/Oct/2015:06:21:22 -0500] "GET /BLA/resoluciones/AUTOS%202007/1852.pdf HTTP/1.1" 200 70118
201.245.192.253 - - [05/Oct/2015:06:21:34 -0500] "POST /forms/lservlet;jsessionid=ac16012b30d62e507505f2c64e898405c7619f87fb44.e3iSbxaKaheRe38Ka34Oa3eLbxf0n6jAmljGr5XDqQLvpAe HTTP/1.1" 200 2
199.30.25.51 - - [05/Oct/2015:06:21:38 -0500] "GET /huelladecarbono/estilos.css HTTP/1.1" 200 4034
199.30.25.51 - - [05/Oct/2015:06:21:38 -0500] "GET /huelladecarbono/Imagenes/btn_gris.png HTTP/1.1" 200 3006
199.30.25.51 - - [05/Oct/2015:06:21:38 -0500] "GET /huelladecarbono/Imagenes/btn_gris2.png HTTP/1.1" 200 4298
199.30.25.51 - - [05/Oct/2015:06:21:39 -0500] "GET /huelladecarbono/Imagenes/btn_gris3.png HTTP/1.1" 200 4357
199.30.25.51 - - [05/Oct/2015:06:21:39 -0500] "GET /huelladecarbono/Imagenes/btn_gris4.png HTTP/1.1" 200 2999
199.30.25.51 - - [05/Oct/2015:06:21:39 -0500] "GET /huelladecarbono/Imagenes/btn_gris5.png HTTP/1.1" 200 4459
199.30.25.51 - - [05/Oct/2015:06:21:39 -0500] "GET /huelladecarbono/Imagenes/campana_title.jpg HTTP/1.1" 200 5453
199.30.25.51 - - [05/Oct/2015:06:21:39 -0500] "GET /huelladecarbono/Imagenes/fondo_header.jpg HTTP/1.1" 200 28877
199.30.25.51 - - [05/Oct/2015:06:21:40 -0500] "GET /huelladecarbono/Imagenes/btn_verde3.png HTTP/1.1" 200 4302
199.30.25.51 - - [05/Oct/2015:06:21:40 -0500] "GET /huelladecarbono/Imagenes/btn_verde.png HTTP/1.1" 200 3266
199.30.25.51 - - [05/Oct/2015:06:21:40 -0500] "GET /huelladecarbono/Imagenes/btn_verde5.png HTTP/1.1" 200 4384
199.30.25.51 - - [05/Oct/2015:06:21:40 -0500] "GET /huelladecarbono/Imagenes/btn_verde4.png HTTP/1.1" 200 3343
199.30.25.51 - - [05/Oct/2015:06:21:41 -0500] "GET /huelladecarbono/Imagenes/btn_verde3.png HTTP/1.1" 200 4302
199.30.25.51 - - [05/Oct/2015:06:21:41 -0500] "GET /huelladecarbono/Imagenes/btn_verde4.png HTTP/1.1" 200 3343
199.30.25.51 - - [05/Oct/2015:06:21:41 -0500] "GET /huelladecarbono/Imagenes/btn_verde5.png HTTP/1.1" 200 4384
199.30.25.51 - - [05/Oct/2015:06:21:41 -0500] "GET /huelladecarbono/Imagenes/btn_verde.png HTTP/1.1" 200 3266
199.30.25.51 - - [05/Oct/2015:06:21:41 -0500] "GET /huelladecarbono/Imagenes/btn_verde2.png HTTP/1.1" 200 4064
66.249.65.227 - - [05/Oct/2015:06:22:00 -0500] "GET /BLA/resoluciones/RESOLUCIONES%202007/RES%202007%201301%20AL%201400/RESOLUCION%201349%20DE%202007.pdf HTTP/1.1" 200 26078
201.245.192.253 - - [05/Oct/2015:06:22:04 -0500] "GET /galeria/nivo-slider/demo/demo.html HTTP/1.1" 304 -
201.245.192.253 - - [05/Oct/2015:06:22:05 -0500] "GET /galeria/nivo-slider/themes/default/default.css HTTP/1.1" 304 -
201.245.192.253 - - [05/Oct/2015:06:22:05 -0500] "GET /galeria/nivo-slider/demo/images/La-SDA-se-suma-a-la-Gran-Movilizacion.jpg HTTP/1.1" 304 -
201.245.192.253 - - [05/Oct/2015:06:22:05 -0500] "GET /galeria/nivo-slider/demo/images/simulacro-nacional.jpg HTTP/1.1" 304 -
201.245.192.253 - - [05/Oct/2015:06:22:05 -0500] "GET /galeria/nivo-slider/demo/images/simulacro-busqueda-rescate-urbano.jpg HTTP/1.1" 304 -
200.106.89.32 - - [05/Oct/2015:06:22:06 -0500] "GET /galeria/galeria/jquery.fancybox.css?v=2.1.5 HTTP/1.1" 200 4895
200.106.89.32 - - [05/Oct/2015:06:22:06 -0500] "GET /BLA/boletinlegal/js/jquery.scrollShow.js HTTP/1.1" 200 4586
200.106.89.32 - - [05/Oct/2015:06:22:06 -0500] "GET /galeria/galeria/jquery.fancybox.js?v=2.1.5 HTTP/1.1" 200 48706
200.106.89.32 - - [05/Oct/2015:06:22:28 -0500] "GET /galeria/galeria/jquery.fancybox.css?v=2.1.5 HTTP/1.1" 304 -
200.106.89.32 - - [05/Oct/2015:06:22:28 -0500] "GET /BLA/boletinlegal/js/jquery.scrollShow.js HTTP/1.1" 304 -
200.106.89.32 - - [05/Oct/2015:06:22:28 -0500] "GET /galeria/galeria/jquery.fancybox.js?v=2.1.5 HTTP/1.1" 304 -
66.249.65.227 - - [05/Oct/2015:06:22:38 -0500] "GET /BLA/resoluciones/Notificaciones/AUTOS%202014/4020.doc HTTP/1.1" 200 97280
186.113.142.17 - - [05/Oct/2015:06:23:15 -0500] "GET /BLA/boletinlegal/consulta.php?menu=emisiones HTTP/1.1" 200 15957
186.113.142.17 - - [05/Oct/2015:06:23:16 -0500] "GET /BLA/boletinlegal/consulta.php?menu=emisiones HTTP/1.1" 200 15957
186.113.142.17 - - [05/Oct/2015:06:23:16 -0500] "GET /BLA/boletinlegal/consulta.php?menu=emisiones HTTP/1.1" 200 15957
66.249.65.213 - - [05/Oct/2015:06:23:16 -0500] "GET /BLA/resoluciones/AUTOS%202011/6179.pdf HTTP/1.1" 200 240445
186.113.142.17 - - [05/Oct/2015:06:23:17 -0500] "GET /BLA/boletinlegal/consulta.php?menu=emisiones HTTP/1.1" 200 15957
201.245.192.253 - - [05/Oct/2015:06:23:34 -0500] "POST /forms/lservlet;jsessionid=ac16012b30d62e507505f2c64e898405c7619f87fb44.e3iSbxaKaheRe38Ka34Oa3eLbxf0n6jAmljGr5XDqQLvpAe HTTP/1.1" 200 2
66.249.65.227 - - [05/Oct/2015:06:23:55 -0500] "GET /BLA/resoluciones/RESOLUCIONES%202009/9402.pdf HTTP/1.1" 200 408837
66.249.65.213 - - [05/Oct/2015:06:23:57 -0500] "GET /BLA/resoluciones/AUTOS%202006/AUTOS%202006%203301%20-%203418/00003400.tif HTTP/1.1" 200 189888
66.249.65.51 - - [05/Oct/2015:06:23:57 -0500] "GET /ecodirectorio/files/res/downloads/download_0115.pdf HTTP/1.1" 200 172099
85.251.222.186 - - [05/Oct/2015:06:24:14 -0500] "GET /galeria/galeria/jquery.fancybox.css?v=2.1.5 HTTP/1.1" 200 4895
85.251.222.186 - - [05/Oct/2015:06:24:14 -0500] "GET /BLA/boletinlegal/js/jquery.scrollShow.js HTTP/1.1" 200 4586
85.251.222.186 - - [05/Oct/2015:06:24:14 -0500] "GET /galeria/galeria/jquery.fancybox.js?v=2.1.5 HTTP/1.1" 200 48706
85.251.222.186 - - [05/Oct/2015:06:24:20 -0500] "GET /galeria/galeria/jquery.fancybox.js?v=2.1.5 HTTP/1.1" 304 -
85.251.222.186 - - [05/Oct/2015:06:24:20 -0500] "GET /BLA/boletinlegal/js/jquery.scrollShow.js HTTP/1.1" 304 -
85.251.222.186 - - [05/Oct/2015:06:24:20 -0500] "GET /galeria/galeria/jquery.fancybox.css?v=2.1.5 HTTP/1.1" 304 -
66.249.65.220 - - [05/Oct/2015:06:24:33 -0500] "GET /BLA/resoluciones/RESOLUCIONES%202014/3128.pdf HTTP/1.1" 200 490283
74.86.158.107 - - [05/Oct/2015:06:24:53 -0500] "HEAD / HTTP/1.1" 200 -
66.249.65.220 - - [05/Oct/2015:06:24:54 -0500] "GET /galeria/galeria/jquery.fancybox.js?v=2.1.5 HTTP/1.1" 200 48706
66.249.65.213 - - [05/Oct/2015:06:24:55 -0500] "GET /galeria/galeria/jquery.fancybox.css?v=2.1.5 HTTP/1.1" 200 4895
66.249.65.213 - - [05/Oct/2015:06:24:56 -0500] "GET /BLA/boletinlegal/js/jquery.scrollShow.js HTTP/1.1" 200 4586
66.249.65.213 - - [05/Oct/2015:06:25:11 -0500] "GET /BLA/resoluciones/RESOLUCIONES%202009/1903.pdf HTTP/1.1" 200 899770
201.245.192.253 - - [05/Oct/2015:06:25:35 -0500] "POST /forms/lservlet;jsessionid=ac16012b30d62e507505f2c64e898405c7619f87fb44.e3iSbxaKaheRe38Ka34Oa3eLbxf0n6jAmljGr5XDqQLvpAe HTTP/1.1" 200 2
66.249.65.213 - - [05/Oct/2015:06:25:49 -0500] "GET /BLA/resoluciones/AUTOS%202013/1085.pdf HTTP/1.1" 200 244638
181.49.188.4 - - [05/Oct/2015:06:26:18 -0500] "GET /BLA/boletinlegal/js/jquery.scrollShow.js HTTP/1.1" 304 -
181.49.188.4 - - [05/Oct/2015:06:26:18 -0500] "GET /galeria/galeria/jquery.fancybox.css?v=2.1.5 HTTP/1.1" 200 4895
181.49.188.4 - - [05/Oct/2015:06:26:18 -0500] "GET /galeria/galeria/jquery.fancybox.js?v=2.1.5 HTTP/1.1" 200 48706
181.49.188.4 - - [05/Oct/2015:06:26:27 -0500] "GET /galeria/galeria/jquery.fancybox.css?v=2.1.5 HTTP/1.1" 304 -
181.49.188.4 - - [05/Oct/2015:06:26:27 -0500] "GET /BLA/boletinlegal/js/jquery.scrollShow.js HTTP/1.1" 304 -
181.49.188.4 - - [05/Oct/2015:06:26:27 -0500] "GET /galeria/galeria/jquery.fancybox.js?v=2.1.5 HTTP/1.1" 304 -
66.249.65.220 - - [05/Oct/2015:06:26:28 -0500] "GET /BLA/resoluciones/RESOLUCIONES%202010/7396.pdf HTTP/1.1" 200 326109
186.113.142.17 - - [05/Oct/2015:06:26:46 -0500] "GET /BLA/boletinlegal/consulta.php?menu=emisiones HTTP/1.1" 200 15957
186.113.142.17 - - [05/Oct/2015:06:26:47 -0500] "GET /BLA/boletinlegal/consulta.php?menu=emisiones HTTP/1.1" 200 15957
186.113.142.17 - - [05/Oct/2015:06:26:48 -0500] "GET /BLA/boletinlegal/consulta.php?menu=emisiones HTTP/1.1" 200 15957
186.113.142.17 - - [05/Oct/2015:06:26:50 -0500] "GET /BLA/boletinlegal/consulta.php?menu=emisiones HTTP/1.1" 200 15957
186.113.142.17 - - [05/Oct/2015:06:26:50 -0500] "GET /BLA/boletinlegal/consulta.php?menu=emisiones HTTP/1.1" 200 15957
66.249.65.227 - - [05/Oct/2015:06:27:06 -0500] "GET /BLA/resoluciones/RESOLUCIONES%202010/5344.pdf HTTP/1.1" 200 311912
186.113.142.17 - - [05/Oct/2015:06:27:33 -0500] "GET /BLA/boletinlegal/consulta.php?menu=flora HTTP/1.1" 200 1420
186.113.142.17 - - [05/Oct/2015:06:27:34 -0500] "GET /BLA/boletinlegal/consulta.php?menu=fauna HTTP/1.1" 200 7328
186.113.142.17 - - [05/Oct/2015:06:27:34 -0500] "GET /BLA/boletinlegal/consulta.php?menu=fauna HTTP/1.1" 200 7328
201.245.192.253 - - [05/Oct/2015:06:27:35 -0500] "POST /forms/lservlet;jsessionid=ac16012b30d62e507505f2c64e898405c7619f87fb44.e3iSbxaKaheRe38Ka34Oa3eLbxf0n6jAmljGr5XDqQLvpAe HTTP/1.1" 200 2
186.113.142.17 - - [05/Oct/2015:06:27:37 -0500] "GET /BLA/boletinlegal/consulta.php?menu=fauna HTTP/1.1" 200 7328
66.249.65.220 - - [05/Oct/2015:06:27:44 -0500] "GET /BLA/resoluciones/RESOLUCIONES%202009/9464.pdf HTTP/1.1" 200 394839
66.249.65.213 - - [05/Oct/2015:06:28:13 -0500] "GET /BLA/resoluciones/AUTOS%202012/2636.pdf HTTP/1.1" 200 847954
66.249.65.220 - - [05/Oct/2015:06:28:22 -0500] "GET /BLA/resoluciones/RESOLUCIONES%202010/1554.pdf HTTP/1.1" 200 420315
66.249.67.156 - - [05/Oct/2015:06:29:00 -0500] "GET /BLA/resoluciones/AUTOS%202011/5701.pdf HTTP/1.1" 200 311776
201.245.192.253 - - [05/Oct/2015:06:29:35 -0500] "POST /forms/lservlet;jsessionid=ac16012b30d62e507505f2c64e898405c7619f87fb44.e3iSbxaKaheRe38Ka34Oa3eLbxf0n6jAmljGr5XDqQLvpAe HTTP/1.1" 200 2
66.249.65.227 - - [05/Oct/2015:06:29:39 -0500] "GET /BLA/resoluciones/AUTOS%202013/3582.pdf HTTP/1.1" 200 1126894
74.86.158.107 - - [05/Oct/2015:06:29:53 -0500] "HEAD / HTTP/1.1" 200 -
186.113.142.17 - - [05/Oct/2015:06:29:53 -0500] "GET /BLA/boletinlegal/consulta.php?menu=emisiones HTTP/1.1" 200 15957
201.245.192.253 - - [05/Oct/2015:06:30:12 -0500] "GET /galeria/galeria/jquery.fancybox.js?v=2.1.5 HTTP/1.1" 304 -
201.245.192.253 - - [05/Oct/2015:06:30:12 -0500] "GET /galeria/galeria/jquery.fancybox.css?v=2.1.5 HTTP/1.1" 304 -
186.113.142.17 - - [05/Oct/2015:06:30:14 -0500] "GET /BLA/boletinlegal/consulta.php?menu=humedales HTTP/1.1" 200 6693
66.249.65.227 - - [05/Oct/2015:06:30:17 -0500] "GET /BLA/resoluciones/RESOLUCIONES%202012/0919.pdf HTTP/1.1" 200 137904
186.113.142.17 - - [05/Oct/2015:06:30:28 -0500] "GET /BLA/boletinlegal/consulta.php?menu=pma HTTP/1.1" 200 1334
66.249.65.227 - - [05/Oct/2015:06:30:30 -0500] "GET /galeria/galeria/fotos/Encuentro-de-Movimientos-sociales6G.jpg HTTP/1.1" 304 -
95.130.167.213 - - [05/Oct/2015:06:30:33 -0500] "GET /galeria/galeria/jquery.fancybox.js?v=2.1.5 HTTP/1.1" 200 48706
95.130.167.213 - - [05/Oct/2015:06:30:33 -0500] "GET /BLA/boletinlegal/js/jquery.scrollShow.js HTTP/1.1" 200 4586
95.130.167.213 - - [05/Oct/2015:06:30:33 -0500] "GET /galeria/carrusel/Carrusel/jquery-ui-1.8.13.custom.min.js HTTP/1.1" 200 10800
95.130.167.213 - - [05/Oct/2015:06:30:33 -0500] "GET /galeria/carrusel/Carrusel/jquery.thumbnailScroller.css HTTP/1.1" 200 2066
95.130.167.213 - - [05/Oct/2015:06:30:33 -0500] "GET /galeria/galeria/jquery.fancybox.css?v=2.1.5 HTTP/1.1" 200 4895
95.130.167.213 - - [05/Oct/2015:06:30:33 -0500] "GET /galeria/carrusel/Carrusel/jquery.thumbnailScroller.js HTTP/1.1" 200 8157
186.113.142.17 - - [05/Oct/2015:06:30:33 -0500] "GET /BLA/boletinlegal/consulta.php?menu=concesion HTTP/1.1" 200 4170
95.130.167.213 - - [05/Oct/2015:06:30:37 -0500] "GET /galeria/nivo-slider/demo/demo.html HTTP/1.1" 200 3905
95.130.167.213 - - [05/Oct/2015:06:30:40 -0500] "GET /galeria/nivo-slider/themes/default/default.css HTTP/1.1" 200 1569
95.130.167.213 - - [05/Oct/2015:06:30:40 -0500] "GET /galeria/nivo-slider/themes/pascal/pascal.css HTTP/1.1" 200 2258
95.130.167.213 - - [05/Oct/2015:06:30:40 -0500] "GET /galeria/nivo-slider/themes/orman/orman.css HTTP/1.1" 200 2152
95.130.167.213 - - [05/Oct/2015:06:30:40 -0500] "GET /galeria/nivo-slider/demo/style.css HTTP/1.1" 200 2222
95.130.167.213 - - [05/Oct/2015:06:30:40 -0500] "GET /galeria/nivo-slider/nivo-slider.css HTTP/1.1" 200 1507
95.130.167.213 - - [05/Oct/2015:06:30:40 -0500] "GET /galeria/nivo-slider/demo/images/La-SDA-se-suma-a-la-Gran-Movilizacion.jpg HTTP/1.1" 200 92233
95.130.167.213 - - [05/Oct/2015:06:30:40 -0500] "GET /galeria/nivo-slider/demo/scripts/jquery-1.7.1.min.js HTTP/1.1" 200 93868
95.130.167.213 - - [05/Oct/2015:06:30:40 -0500] "GET /galeria/nivo-slider/jquery.nivo.slider.pack.js HTTP/1.1" 200 11561
95.130.167.213 - - [05/Oct/2015:06:30:40 -0500] "GET /galeria/nivo-slider/demo/images/simulacro-nacional.jpg HTTP/1.1" 200 241925
95.130.167.213 - - [05/Oct/2015:06:30:40 -0500] "GET /galeria/nivo-slider/demo/images/simulacro-busqueda-rescate-urbano.jpg HTTP/1.1" 200 251375
95.130.167.213 - - [05/Oct/2015:06:30:40 -0500] "GET /galeria/nivo-slider/demo/images/Semana-PYBA.jpg HTTP/1.1" 200 103786
95.130.167.213 - - [05/Oct/2015:06:30:40 -0500] "GET /galeria/nivo-slider/demo/images/Plan-Quinquenal.jpg HTTP/1.1" 200 412438
95.130.167.213 - - [05/Oct/2015:06:30:40 -0500] "GET /galeria/nivo-slider/demo/images/PREDAcamp.jpg HTTP/1.1" 200 295358
95.130.167.213 - - [05/Oct/2015:06:30:41 -0500] "GET /galeria/nivo-slider/demo/images/banner-llantas2.jpg HTTP/1.1" 200 204644
95.130.167.213 - - [05/Oct/2015:06:30:41 -0500] "GET /galeria/nivo-slider/demo/images/9Signos.jpg HTTP/1.1" 200 81776
95.130.167.213 - - [05/Oct/2015:06:30:41 -0500] "GET /galeria/nivo-slider/demo/images/Comparendo-ambiental-Banner.jpg HTTP/1.1" 200 83731
95.130.167.213 - - [05/Oct/2015:06:30:42 -0500] "GET /galeria/nivo-slider/demo/images/Ruta-vertimientos-01.jpg HTTP/1.1" 200 130151
95.130.167.213 - - [05/Oct/2015:06:30:42 -0500] "GET /galeria/nivo-slider/demo/images/bolsas-06.jpg HTTP/1.1" 200 90982
95.130.167.213 - - [05/Oct/2015:06:30:42 -0500] "GET /galeria/nivo-slider/demo/images/ecolecta-Dic2014.png HTTP/1.1" 200 288593
95.130.167.213 - - [05/Oct/2015:06:30:42 -0500] "GET /galeria/nivo-slider/demo/images/Conoce-los-humedales.jpg HTTP/1.1" 200 294036
95.130.167.213 - - [05/Oct/2015:06:30:42 -0500] "GET /galeria/nivo-slider/demo/images/4Simple_Slider.png HTTP/1.1" 200 11722
95.130.167.213 - - [05/Oct/2015:06:30:43 -0500] "GET /galeria/nivo-slider/themes/default/loading.gif HTTP/1.1" 200 1737
66.249.65.220 - - [05/Oct/2015:06:30:55 -0500] "GET /BLA/resoluciones/AUTOS%202011/3235.pdf HTTP/1.1" 200 406537
66.249.65.227 - - [05/Oct/2015:06:31:33 -0500] "GET /BLA/resoluciones/AUTOS%202012/1529.pdf HTTP/1.1" 200 578031
201.245.192.253 - - [05/Oct/2015:06:31:35 -0500] "POST /forms/lservlet;jsessionid=ac16012b30d62e507505f2c64e898405c7619f87fb44.e3iSbxaKaheRe38Ka34Oa3eLbxf0n6jAmljGr5XDqQLvpAe HTTP/1.1" 200 2
191.95.248.7 - - [05/Oct/2015:06:31:52 -0500] "GET /isolucionsda/ControlDeInicio.asp HTTP/1.1" 200 739
181.49.188.4 - - [05/Oct/2015:06:32:10 -0500] "GET /galeria/galeria/jquery.fancybox.css?v=2.1.5 HTTP/1.1" 200 4895
181.49.188.4 - - [05/Oct/2015:06:32:10 -0500] "GET /BLA/boletinlegal/js/jquery.scrollShow.js HTTP/1.1" 304 -
181.49.188.4 - - [05/Oct/2015:06:32:10 -0500] "GET /galeria/galeria/jquery.fancybox.js?v=2.1.5 HTTP/1.1" 200 48706
201.245.192.253 - - [05/Oct/2015:06:32:11 -0500] "GET /galeria/galeria/jquery.fancybox.js?v=2.1.5 HTTP/1.1" 304 -
201.245.192.253 - - [05/Oct/2015:06:32:11 -0500] "GET /galeria/galeria/jquery.fancybox.css?v=2.1.5 HTTP/1.1" 304 -
66.249.65.213 - - [05/Oct/2015:06:32:12 -0500] "GET /BLA/resoluciones/RESOLUCIONES%202010/5370.pdf HTTP/1.1" 200 734737
201.245.192.253 - - [05/Oct/2015:06:32:12 -0500] "GET /galeria/nivo-slider/demo/demo.html HTTP/1.1" 304 -
201.245.192.253 - - [05/Oct/2015:06:32:15 -0500] "GET /galeria/nivo-slider/demo/images/La-SDA-se-suma-a-la-Gran-Movilizacion.jpg HTTP/1.1" 304 -
201.245.192.253 - - [05/Oct/2015:06:32:15 -0500] "GET /galeria/nivo-slider/demo/images/simulacro-nacional.jpg HTTP/1.1" 304 -
201.245.192.253 - - [05/Oct/2015:06:32:15 -0500] "GET /galeria/nivo-slider/demo/images/simulacro-busqueda-rescate-urbano.jpg HTTP/1.1" 304 -
201.245.192.253 - - [05/Oct/2015:06:32:15 -0500] "GET /galeria/nivo-slider/demo/images/Semana-PYBA.jpg HTTP/1.1" 304 -
201.245.192.253 - - [05/Oct/2015:06:32:15 -0500] "GET /galeria/nivo-slider/demo/images/Plan-Quinquenal.jpg HTTP/1.1" 304 -
201.245.192.253 - - [05/Oct/2015:06:32:16 -0500] "GET /galeria/nivo-slider/demo/images/banner-llantas2.jpg HTTP/1.1" 304 -
201.245.192.253 - - [05/Oct/2015:06:32:16 -0500] "GET /galeria/nivo-slider/demo/images/Comparendo-ambiental-Banner.jpg HTTP/1.1" 304 -
201.245.192.253 - - [05/Oct/2015:06:32:16 -0500] "GET /galeria/nivo-slider/demo/images/Conoce-los-humedales.jpg HTTP/1.1" 304 -
181.49.188.4 - - [05/Oct/2015:06:32:32 -0500] "GET /galeria/galeria/jquery.fancybox.css?v=2.1.5 HTTP/1.1" 304 -
181.49.188.4 - - [05/Oct/2015:06:32:32 -0500] "GET /BLA/boletinlegal/js/jquery.scrollShow.js HTTP/1.1" 304 -
181.49.188.4 - - [05/Oct/2015:06:32:32 -0500] "GET /galeria/galeria/jquery.fancybox.js?v=2.1.5 HTTP/1.1" 304 -
66.249.65.213 - - [05/Oct/2015:06:32:34 -0500] "GET /BLA/resoluciones/AUTOS%202008/0152.pdf HTTP/1.1" 200 123734
66.249.65.213 - - [05/Oct/2015:06:32:50 -0500] "GET /BLA/resoluciones/AUTOS%202013/1346.pdf HTTP/1.1" 304 -
207.46.13.40 - - [05/Oct/2015:06:33:15 -0500] "GET /POT-2013/index.php?dir=&sort=date&order=asc HTTP/1.1" 200 2679
66.249.65.213 - - [05/Oct/2015:06:33:28 -0500] "GET /BLA/resoluciones/RESOLUCIONES%202007/RES%202007%201101%20AL%201200/RESOLUCION%201175%20DE%202007.pdf HTTP/1.1" 304 -
201.245.192.253 - - [05/Oct/2015:06:33:36 -0500] "POST /forms/lservlet;jsessionid=ac16012b30d62e507505f2c64e898405c7619f87fb44.e3iSbxaKaheRe38Ka34Oa3eLbxf0n6jAmljGr5XDqQLvpAe HTTP/1.1" 200 2
122.57.183.43 - - [05/Oct/2015:06:34:00 -0500] "POST /xmlrpc.php HTTP/1.1" 301 334
122.57.183.43 - - [05/Oct/2015:06:34:01 -0500] "POST /xmlrpc.php HTTP/1.1" 301 334
66.249.65.227 - - [05/Oct/2015:06:34:06 -0500] "GET /BLA/resoluciones/RESOLUCIONES%202008/0933.pdf HTTP/1.1" 304 -
191.103.161.185 - - [05/Oct/2015:06:34:31 -0500] "GET /galeria/galeria/jquery.fancybox.css?v=2.1.5 HTTP/1.1" 200 4895
191.103.161.185 - - [05/Oct/2015:06:34:31 -0500] "GET /BLA/boletinlegal/js/jquery.scrollShow.js HTTP/1.1" 200 4586
191.103.161.185 - - [05/Oct/2015:06:34:32 -0500] "GET /galeria/galeria/jquery.fancybox.js?v=2.1.5 HTTP/1.1" 200 48706
191.103.161.185 - - [05/Oct/2015:06:34:36 -0500] "GET /BLA/boletinlegal/js/jquery.scrollShow.js HTTP/1.1" 304 -
191.103.161.185 - - [05/Oct/2015:06:34:36 -0500] "GET /galeria/galeria/jquery.fancybox.js?v=2.1.5 HTTP/1.1" 304 -
191.103.161.185 - - [05/Oct/2015:06:34:36 -0500] "GET /galeria/galeria/jquery.fancybox.css?v=2.1.5 HTTP/1.1" 304 -
66.249.65.213 - - [05/Oct/2015:06:34:45 -0500] "GET /BLA/resoluciones/AUTOS%202012/2545.pdf HTTP/1.1" 304 -
74.86.158.107 - - [05/Oct/2015:06:34:53 -0500] "HEAD / HTTP/1.1" 200 -
87.220.196.171 - - [05/Oct/2015:06:35:09 -0500] "GET /BLA/boletinlegal/js/jquery.scrollShow.js HTTP/1.1" 200 4586
87.220.196.171 - - [05/Oct/2015:06:35:09 -0500] "GET /galeria/galeria/jquery.fancybox.js?v=2.1.5 HTTP/1.1" 200 48706
87.220.196.171 - - [05/Oct/2015:06:35:09 -0500] "GET /galeria/galeria/jquery.fancybox.css?v=2.1.5 HTTP/1.1" 200 4895
85.64.115.14 - - [05/Oct/2015:06:35:33 -0500] "POST /xmlrpc.php HTTP/1.1" 301 334
85.64.115.14 - - [05/Oct/2015:06:35:34 -0500] "POST /xmlrpc.php HTTP/1.1" 301 334
201.245.192.253 - - [05/Oct/2015:06:35:36 -0500] "POST /forms/lservlet;jsessionid=ac16012b30d62e507505f2c64e898405c7619f87fb44.e3iSbxaKaheRe38Ka34Oa3eLbxf0n6jAmljGr5XDqQLvpAe HTTP/1.1" 200 2
87.220.196.171 - - [05/Oct/2015:06:35:52 -0500] "GET /BLA/boletinlegal/js/jquery.scrollShow.js HTTP/1.1" 200 4586
87.220.196.171 - - [05/Oct/2015:06:35:52 -0500] "GET /galeria/galeria/jquery.fancybox.js?v=2.1.5 HTTP/1.1" 200 48706
87.220.196.171 - - [05/Oct/2015:06:35:52 -0500] "GET /galeria/galeria/jquery.fancybox.css?v=2.1.5 HTTP/1.1" 200 4895
64.35.47.19 - - [05/Oct/2015:06:35:58 -0500] "GET /galeria/galeria/jquery.fancybox.css?v=2.1.5 HTTP/1.1" 304 -
64.35.47.19 - - [05/Oct/2015:06:35:58 -0500] "GET /BLA/boletinlegal/js/jquery.scrollShow.js HTTP/1.1" 304 -
64.35.47.19 - - [05/Oct/2015:06:35:58 -0500] "GET /galeria/galeria/jquery.fancybox.js?v=2.1.5 HTTP/1.1" 304 -
66.249.65.227 - - [05/Oct/2015:06:36:01 -0500] "GET /BLA/resoluciones/AUTOS%202009/1289.pdf HTTP/1.1" 200 244661
66.249.65.45 - - [05/Oct/2015:06:36:49 -0500] "GET /ecodirectorio/files/res/downloads/download_0058.pdf HTTP/1.1" 200 380687
201.245.192.253 - - [05/Oct/2015:06:36:51 -0500] "GET /galeria/nivo-slider/demo/demo.html HTTP/1.1" 304 -
201.245.192.253 - - [05/Oct/2015:06:36:52 -0500] "GET /galeria/nivo-slider/demo/images/La-SDA-se-suma-a-la-Gran-Movilizacion.jpg HTTP/1.1" 304 -
201.245.192.253 - - [05/Oct/2015:06:36:53 -0500] "GET /galeria/nivo-slider/demo/images/simulacro-nacional.jpg HTTP/1.1" 304 -
201.245.192.253 - - [05/Oct/2015:06:36:53 -0500] "GET /galeria/nivo-slider/demo/images/simulacro-busqueda-rescate-urbano.jpg HTTP/1.1" 304 -
201.245.192.253 - - [05/Oct/2015:06:36:53 -0500] "GET /galeria/nivo-slider/demo/images/Plan-Quinquenal.jpg HTTP/1.1" 304 -
201.245.192.253 - - [05/Oct/2015:06:36:53 -0500] "GET /galeria/nivo-slider/demo/images/Conoce-los-humedales.jpg HTTP/1.1" 304 -
201.245.192.253 - - [05/Oct/2015:06:37:36 -0500] "POST /forms/lservlet;jsessionid=ac16012b30d62e507505f2c64e898405c7619f87fb44.e3iSbxaKaheRe38Ka34Oa3eLbxf0n6jAmljGr5XDqQLvpAe HTTP/1.1" 200 2
157.55.39.245 - - [05/Oct/2015:06:37:51 -0500] "GET /SIG/Gesti%C3%B3n%20Jur%C3%ADdica/126PA05-PR11.pdf HTTP/1.1" 200 114687
66.249.65.220 - - [05/Oct/2015:06:37:56 -0500] "GET /BLA/resoluciones/RESOLUCIONES%202011/5547.pdf HTTP/1.1" 200 685800
190.147.32.87 - - [05/Oct/2015:06:38:13 -0500] "GET /galeria/galeria/jquery.fancybox.js?v=2.1.5 HTTP/1.0" 304 -
190.147.32.87 - - [05/Oct/2015:06:38:13 -0500] "GET /galeria/galeria/jquery.fancybox.css?v=2.1.5 HTTP/1.0" 304 -
190.147.32.87 - - [05/Oct/2015:06:38:24 -0500] "GET /galeria/nivo-slider/demo/demo.html HTTP/1.0" 200 3905
190.147.32.87 - - [05/Oct/2015:06:38:24 -0500] "GET /galeria/nivo-slider/demo/images/simulacro-nacional.jpg HTTP/1.0" 200 241925
190.147.32.87 - - [05/Oct/2015:06:38:24 -0500] "GET /galeria/nivo-slider/demo/images/simulacro-busqueda-rescate-urbano.jpg HTTP/1.0" 200 251375
190.147.32.87 - - [05/Oct/2015:06:38:24 -0500] "GET /galeria/nivo-slider/demo/images/La-SDA-se-suma-a-la-Gran-Movilizacion.jpg HTTP/1.0" 304 -
190.147.32.87 - - [05/Oct/2015:06:38:24 -0500] "GET /galeria/nivo-slider/demo/images/Plan-Quinquenal.jpg HTTP/1.0" 304 -
190.147.32.87 - - [05/Oct/2015:06:38:24 -0500] "GET /galeria/nivo-slider/demo/images/Semana-PYBA.jpg HTTP/1.0" 304 -
66.249.65.220 - - [05/Oct/2015:06:38:34 -0500] "GET /BLA/resoluciones/RESOLUCIONES%202014/0657.pdf HTTP/1.1" 200 525919
66.249.65.213 - - [05/Oct/2015:06:39:12 -0500] "GET /BLA/resoluciones/AUTOS%202010/1887.pdf HTTP/1.1" 200 78840
201.245.192.253 - - [05/Oct/2015:06:39:36 -0500] "POST /forms/lservlet;jsessionid=ac16012b30d62e507505f2c64e898405c7619f87fb44.e3iSbxaKaheRe38Ka34Oa3eLbxf0n6jAmljGr5XDqQLvpAe HTTP/1.1" 200 2
66.249.65.213 - - [05/Oct/2015:06:39:50 -0500] "GET /BLA/resoluciones/RESOLUCIONES%202009/7552.pdf HTTP/1.1" 200 538262
74.86.158.107 - - [05/Oct/2015:06:39:53 -0500] "HEAD / HTTP/1.1" 200 -
186.121.120.180 - - [05/Oct/2015:06:40:41 -0500] "GET /BLA/boletinlegal/js/jquery.scrollShow.js HTTP/1.1" 200 4586
186.121.120.180 - - [05/Oct/2015:06:40:41 -0500] "GET /galeria/galeria/jquery.fancybox.js?v=2.1.5 HTTP/1.1" 200 48706
186.121.120.180 - - [05/Oct/2015:06:40:41 -0500] "GET /galeria/galeria/jquery.fancybox.css?v=2.1.5 HTTP/1.1" 200 4895
66.249.65.227 - - [05/Oct/2015:06:41:07 -0500] "GET /BLA/resoluciones/RESOLUCIONES%202007/RES%202007%20601%20AL%20700/RESOLUCION%200646%20DE%202007.pdf HTTP/1.1" 200 316628
66.249.65.213 - - [05/Oct/2015:06:41:11 -0500] "GET /BLA/resoluciones/RESOLUCIONES%202009/0232.pdf HTTP/1.1" 200 177819
201.245.192.253 - - [05/Oct/2015:06:41:37 -0500] "POST /forms/lservlet;jsessionid=ac16012b30d62e507505f2c64e898405c7619f87fb44.e3iSbxaKaheRe38Ka34Oa3eLbxf0n6jAmljGr5XDqQLvpAe HTTP/1.1" 200 2
66.249.65.213 - - [05/Oct/2015:06:41:45 -0500] "GET /BLA/resoluciones/AUTOS%202007/1162.pdf HTTP/1.1" 200 47957
201.234.75.11 - - [05/Oct/2015:06:41:52 -0500] "GET /galeria/galeria/fotos/Movilizacion12P.jpg HTTP/1.1" 304 -
66.249.65.213 - - [05/Oct/2015:06:41:57 -0500] "GET /BLA/resoluciones/RESOLUCIONES%202010/1430.pdf HTTP/1.1" 304 -
181.129.66.59 - - [05/Oct/2015:06:42:00 -0500] "GET /videos/ArchivoSDA.flv HTTP/1.1" 200 31205279
66.249.65.227 - - [05/Oct/2015:06:42:23 -0500] "GET /BLA/resoluciones/AUTOS%202007/2800.pdf HTTP/1.1" 200 87229
186.115.82.213 - - [05/Oct/2015:06:42:24 -0500] "GET /BLA/boletinlegal/js/jquery.scrollShow.js HTTP/1.1" 200 4586
186.115.82.213 - - [05/Oct/2015:06:42:24 -0500] "GET /galeria/galeria/jquery.fancybox.js?v=2.1.5 HTTP/1.1" 200 48706
186.115.82.213 - - [05/Oct/2015:06:42:24 -0500] "GET /galeria/galeria/jquery.fancybox.css?v=2.1.5 HTTP/1.1" 200 4895
186.115.82.213 - - [05/Oct/2015:06:42:24 -0500] "GET /galeria/carrusel/Carrusel/jquery.thumbnailScroller.css HTTP/1.1" 200 2066
186.115.82.213 - - [05/Oct/2015:06:42:24 -0500] "GET /galeria/carrusel/Carrusel/jquery-ui-1.8.13.custom.min.js HTTP/1.1" 200 10800
186.115.82.213 - - [05/Oct/2015:06:42:24 -0500] "GET /galeria/carrusel/Carrusel/jquery.thumbnailScroller.js HTTP/1.1" 200 8157
186.115.82.213 - - [05/Oct/2015:06:42:27 -0500] "GET /galeria/nivo-slider/demo/demo.html HTTP/1.1" 200 3905
186.115.82.213 - - [05/Oct/2015:06:42:28 -0500] "GET /galeria/nivo-slider/themes/default/default.css HTTP/1.1" 200 1569
186.115.82.213 - - [05/Oct/2015:06:42:28 -0500] "GET /galeria/nivo-slider/themes/pascal/pascal.css HTTP/1.1" 200 2258
186.115.82.213 - - [05/Oct/2015:06:42:28 -0500] "GET /galeria/nivo-slider/themes/orman/orman.css HTTP/1.1" 200 2152
186.115.82.213 - - [05/Oct/2015:06:42:28 -0500] "GET /galeria/nivo-slider/nivo-slider.css HTTP/1.1" 200 1507
186.115.82.213 - - [05/Oct/2015:06:42:28 -0500] "GET /galeria/nivo-slider/demo/style.css HTTP/1.1" 200 2222
186.115.82.213 - - [05/Oct/2015:06:42:28 -0500] "GET /galeria/nivo-slider/demo/images/La-SDA-se-suma-a-la-Gran-Movilizacion.jpg HTTP/1.1" 200 92233
186.115.82.213 - - [05/Oct/2015:06:42:28 -0500] "GET /galeria/nivo-slider/demo/images/simulacro-nacional.jpg HTTP/1.1" 200 241925
186.115.82.213 - - [05/Oct/2015:06:42:28 -0500] "GET /galeria/nivo-slider/demo/images/simulacro-busqueda-rescate-urbano.jpg HTTP/1.1" 200 251375
186.115.82.213 - - [05/Oct/2015:06:42:28 -0500] "GET /galeria/nivo-slider/demo/images/Semana-PYBA.jpg HTTP/1.1" 200 103786
186.115.82.213 - - [05/Oct/2015:06:42:28 -0500] "GET /galeria/nivo-slider/demo/images/Plan-Quinquenal.jpg HTTP/1.1" 200 412438
186.115.82.213 - - [05/Oct/2015:06:42:28 -0500] "GET /galeria/nivo-slider/demo/images/PREDAcamp.jpg HTTP/1.1" 200 295358
186.115.82.213 - - [05/Oct/2015:06:42:28 -0500] "GET /galeria/nivo-slider/demo/images/banner-llantas2.jpg HTTP/1.1" 200 204644
186.115.82.213 - - [05/Oct/2015:06:42:29 -0500] "GET /galeria/nivo-slider/demo/images/9Signos.jpg HTTP/1.1" 200 81776
186.115.82.213 - - [05/Oct/2015:06:42:29 -0500] "GET /galeria/nivo-slider/demo/images/Comparendo-ambiental-Banner.jpg HTTP/1.1" 200 83731
186.115.82.213 - - [05/Oct/2015:06:42:30 -0500] "GET /galeria/nivo-slider/demo/images/Ruta-vertimientos-01.jpg HTTP/1.1" 200 130151
186.115.82.213 - - [05/Oct/2015:06:42:30 -0500] "GET /galeria/nivo-slider/demo/images/bolsas-06.jpg HTTP/1.1" 200 90982
186.115.82.213 - - [05/Oct/2015:06:42:31 -0500] "GET /galeria/nivo-slider/demo/images/Conoce-los-humedales.jpg HTTP/1.1" 200 294036
186.115.82.213 - - [05/Oct/2015:06:42:31 -0500] "GET /galeria/nivo-slider/demo/images/ecolecta-Dic2014.png HTTP/1.1" 200 288593
186.115.82.213 - - [05/Oct/2015:06:42:31 -0500] "GET /galeria/nivo-slider/demo/scripts/jquery-1.7.1.min.js HTTP/1.1" 200 93868
186.115.82.213 - - [05/Oct/2015:06:42:31 -0500] "GET /galeria/nivo-slider/jquery.nivo.slider.pack.js HTTP/1.1" 200 11561
186.115.82.213 - - [05/Oct/2015:06:42:32 -0500] "GET /galeria/nivo-slider/demo/images/4Simple_Slider.png HTTP/1.1" 200 11722
186.115.82.213 - - [05/Oct/2015:06:42:32 -0500] "GET /galeria/nivo-slider/themes/default/loading.gif HTTP/1.1" 200 1737
186.115.82.213 - - [05/Oct/2015:06:42:32 -0500] "GET /galeria/nivo-slider/themes/default/arrows.png HTTP/1.1" 200 824
186.115.82.213 - - [05/Oct/2015:06:42:32 -0500] "GET /galeria/nivo-slider/themes/default/bullets.png HTTP/1.1" 200 1281
190.27.153.250 - - [05/Oct/2015:06:42:41 -0500] "GET /galeria/carrusel/Carrusel/jquery.thumbnailScroller.js HTTP/1.1" 200 8157
190.27.153.250 - - [05/Oct/2015:06:42:41 -0500] "GET /galeria/carrusel/Carrusel/jquery-ui-1.8.13.custom.min.js HTTP/1.1" 200 10800
190.27.153.250 - - [05/Oct/2015:06:42:41 -0500] "GET /BLA/boletinlegal/js/jquery.scrollShow.js HTTP/1.1" 200 4586
190.27.153.250 - - [05/Oct/2015:06:42:41 -0500] "GET /galeria/galeria/jquery.fancybox.js?v=2.1.5 HTTP/1.1" 200 48706
190.27.153.250 - - [05/Oct/2015:06:42:41 -0500] "GET /galeria/galeria/jquery.fancybox.css?v=2.1.5 HTTP/1.1" 200 4895
190.27.153.250 - - [05/Oct/2015:06:42:41 -0500] "GET /galeria/carrusel/Carrusel/jquery.thumbnailScroller.css HTTP/1.1" 200 2066
190.27.153.250 - - [05/Oct/2015:06:42:41 -0500] "GET /galeria/nivo-slider/demo/demo.html HTTP/1.1" 200 3905
190.27.153.250 - - [05/Oct/2015:06:42:42 -0500] "GET /galeria/nivo-slider/themes/default/default.css HTTP/1.1" 200 1569
190.27.153.250 - - [05/Oct/2015:06:42:42 -0500] "GET /galeria/nivo-slider/themes/pascal/pascal.css HTTP/1.1" 200 2258
190.27.153.250 - - [05/Oct/2015:06:42:42 -0500] "GET /galeria/nivo-slider/themes/orman/orman.css HTTP/1.1" 200 2152
190.27.153.250 - - [05/Oct/2015:06:42:42 -0500] "GET /galeria/nivo-slider/demo/style.css HTTP/1.1" 200 2222
190.27.153.250 - - [05/Oct/2015:06:42:42 -0500] "GET /galeria/nivo-slider/nivo-slider.css HTTP/1.1" 200 1507
190.27.153.250 - - [05/Oct/2015:06:42:42 -0500] "GET /galeria/nivo-slider/demo/images/La-SDA-se-suma-a-la-Gran-Movilizacion.jpg HTTP/1.1" 200 92233
190.27.153.250 - - [05/Oct/2015:06:42:42 -0500] "GET /galeria/nivo-slider/demo/images/simulacro-nacional.jpg HTTP/1.1" 200 241925
190.27.153.250 - - [05/Oct/2015:06:42:42 -0500] "GET /galeria/nivo-slider/demo/images/PREDAcamp.jpg HTTP/1.1" 200 295358
190.27.153.250 - - [05/Oct/2015:06:42:42 -0500] "GET /galeria/nivo-slider/demo/images/simulacro-busqueda-rescate-urbano.jpg HTTP/1.1" 200 251375
190.27.153.250 - - [05/Oct/2015:06:42:42 -0500] "GET /galeria/nivo-slider/demo/images/Semana-PYBA.jpg HTTP/1.1" 200 103786
190.27.153.250 - - [05/Oct/2015:06:42:42 -0500] "GET /galeria/nivo-slider/demo/images/Plan-Quinquenal.jpg HTTP/1.1" 200 412438
190.27.153.250 - - [05/Oct/2015:06:42:42 -0500] "GET /galeria/nivo-slider/demo/images/banner-llantas2.jpg HTTP/1.1" 200 204644
190.27.153.250 - - [05/Oct/2015:06:42:42 -0500] "GET /galeria/nivo-slider/demo/images/9Signos.jpg HTTP/1.1" 200 81776
190.27.153.250 - - [05/Oct/2015:06:42:42 -0500] "GET /galeria/nivo-slider/demo/images/Comparendo-ambiental-Banner.jpg HTTP/1.1" 200 83731
190.27.153.250 - - [05/Oct/2015:06:42:43 -0500] "GET /galeria/nivo-slider/demo/images/Ruta-vertimientos-01.jpg HTTP/1.1" 200 130151
190.27.153.250 - - [05/Oct/2015:06:42:43 -0500] "GET /galeria/nivo-slider/demo/images/bolsas-06.jpg HTTP/1.1" 200 90982
190.27.153.250 - - [05/Oct/2015:06:42:43 -0500] "GET /galeria/nivo-slider/demo/images/ecolecta-Dic2014.png HTTP/1.1" 200 288593
190.27.153.250 - - [05/Oct/2015:06:42:43 -0500] "GET /galeria/nivo-slider/demo/images/Conoce-los-humedales.jpg HTTP/1.1" 200 294036
