162.210.196.100 - - [05/Oct/2015:01:49:20 -0500] "GET /Anexos%20estudio%20Organizacional%20SDA/index.php?dir=ANEXO%20No.%205%20-%20ESTUDIO%20Y%20PROPUESTA%20SERAMB%20IENTE/&sort=date&order=desc HTTP/1.0" 200 3622
162.210.196.100 - - [05/Oct/2015:01:49:21 -0500] "GET /Anexos%20estudio%20Organizacional%20SDA/index.php?dir=ANEXO%20No.%205%20-%20ESTUDIO%20Y%20PROPUESTA%20SERAMB%20IENTE/&sort=size&order=desc HTTP/1.0" 200 3622
162.210.196.100 - - [05/Oct/2015:01:49:23 -0500] "GET /Anexos%20estudio%20Organizacional%20SDA/index.php?dir=ANEXO%20No.%207%20-%20PROYECTO%20DE%20DECRETO%20MODIFICATORIO%20DE%20ESTRUCTURA%20DE%20LA%20SDA/&sort=date&order=desc HTTP/1.0" 200 2593
162.210.196.100 - - [05/Oct/2015:01:49:24 -0500] "GET /Anexos%20estudio%20Organizacional%20SDA/index.php?dir=ANEXO%20No.%207%20-%20PROYECTO%20DE%20DECRETO%20MODIFICATORIO%20DE%20ESTRUCTURA%20DE%20LA%20SDA/&sort=size&order=desc HTTP/1.0" 200 2593
66.249.65.227 - - [05/Oct/2015:01:49:38 -0500] "GET /BLA/resoluciones/AUTOS%202009/0041.pdf HTTP/1.1" 200 104376
66.249.65.213 - - [05/Oct/2015:01:50:01 -0500] "GET /BLA/resoluciones/RESOLUCIONES%202010/6790.pdf HTTP/1.1" 200 41713
162.210.196.100 - - [05/Oct/2015:01:50:21 -0500] "GET /Anexos%20estudio%20Organizacional%20SDA/index.php?dir=ANEXO%20No.11-PROYECTO%20DE%20DECRETO%20MODIFICATORIO%20PLANTA%20DE%20CARGOS%20SDA/&sort=date&order=desc HTTP/1.0" 200 2568
162.210.196.100 - - [05/Oct/2015:01:50:22 -0500] "GET /Anexos%20estudio%20Organizacional%20SDA/index.php?dir=ANEXO%20No.11-PROYECTO%20DE%20DECRETO%20MODIFICATORIO%20PLANTA%20DE%20CARGOS%20SDA/&sort=size&order=desc HTTP/1.0" 200 2568
66.249.65.227 - - [05/Oct/2015:01:50:24 -0500] "GET /BLA/resoluciones/AUTOS%202010/1425.pdf HTTP/1.1" 200 248983
162.210.196.100 - - [05/Oct/2015:01:50:24 -0500] "GET /Anexos%20estudio%20Organizacional%20SDA/index.php?dir=ANEXO%20No.12-PROYECTO%20ACTUALIZACION%20MANUAL%20DE%20FUNCIONES%20SDA/&sort=date&order=desc HTTP/1.0" 200 2514
162.210.196.100 - - [05/Oct/2015:01:50:26 -0500] "GET /Anexos%20estudio%20Organizacional%20SDA/index.php?dir=ANEXO%20No.12-PROYECTO%20ACTUALIZACION%20MANUAL%20DE%20FUNCIONES%20SDA/&sort=size&order=desc HTTP/1.0" 200 2514
162.210.196.100 - - [05/Oct/2015:01:50:27 -0500] "GET /Autoliquidacion/Cobro%20Clasificacion%20Uso%20De%20Vivenda%20En%20Suelo%20Restringido/Aplicativo.html HTTP/1.0" 200 359
162.210.196.100 - - [05/Oct/2015:01:50:29 -0500] "GET /Autoliquidacion/Fauna%20Silvestre/Aplicativo.html HTTP/1.0" 200 359
162.210.196.100 - - [05/Oct/2015:01:50:30 -0500] "GET /Autoliquidacion/Grupo%20Forestal%20-%20Industria%20de%20la%20Madera/Aplicativo.html HTTP/1.0" 200 359
162.210.196.100 - - [05/Oct/2015:01:50:32 -0500] "GET /Autoliquidacion/Grupo%20Forestal%20-%20Silvicultura/Aplicativo.html HTTP/1.0" 200 359
162.210.196.100 - - [05/Oct/2015:01:50:33 -0500] "GET /Autoliquidacion/PERMISO%20DE%20OCUPACION%20DE%20SUELO/Aplicativo.html HTTP/1.0" 200 359
162.210.196.100 - - [05/Oct/2015:01:50:35 -0500] "GET /Autoliquidacion/Plan%20de%20manejo%20ambiental%20para%20sitios%20de%20aprovechamiento%20y%20o%20disposicion%20final%20de%20escombros/Aplicativo.html HTTP/1.0" 200 359
162.210.196.100 - - [05/Oct/2015:01:50:37 -0500] "GET /Autoliquidacion/Solicitud%20de%20Licencia%20Ambiental/Aplicativo.html HTTP/1.0" 200 359
162.210.196.100 - - [05/Oct/2015:01:50:38 -0500] "GET /Autoliquidacion/Solicitudes%20relacionadas%20con%20calidad%20del%20aire%20auditiva%20y%20visual/Registro%20de%20Elementos%20de%20publicidad%20Exterior%20Visual/Aplicativo.html HTTP/1.0" 200 359
162.210.196.100 - - [05/Oct/2015:01:50:39 -0500] "GET /Autoliquidacion/index.php?dir=Cobro%20Clasificacion%20Uso%20De%20Vivenda%20En%20Suelo%20Restringido/&sort=name&order=desc HTTP/1.0" 200 2730
162.210.196.100 - - [05/Oct/2015:01:50:41 -0500] "GET /Autoliquidacion/index.php?dir=Cobro%20Clasificacion%20Uso%20De%20Vivenda%20En%20Suelo%20Restringido/COMPATIBILIDAD%20USO%20DE%20VIVIENDA/ HTTP/1.0" 200 2813
162.210.196.100 - - [05/Oct/2015:01:50:43 -0500] "GET /Autoliquidacion/index.php?dir=Fauna%20Silvestre/&sort=name&order=desc HTTP/1.0" 200 3032
162.210.196.100 - - [05/Oct/2015:01:50:45 -0500] "GET /Autoliquidacion/index.php?dir=Grupo%20Forestal%20-%20Industria%20de%20la%20Madera/&sort=date&order=asc HTTP/1.0" 200 6505
162.210.196.100 - - [05/Oct/2015:01:50:46 -0500] "GET /Autoliquidacion/index.php?dir=Grupo%20Forestal%20-%20Industria%20de%20la%20Madera/&sort=name&order=desc HTTP/1.0" 200 6504
66.249.65.220 - - [05/Oct/2015:01:50:47 -0500] "GET /BLA/resoluciones/RESOLUCIONES%202009/9237.pdf HTTP/1.1" 200 517093
162.210.196.100 - - [05/Oct/2015:01:50:48 -0500] "GET /Autoliquidacion/index.php?dir=Grupo%20Forestal%20-%20Industria%20de%20la%20Madera/&sort=size&order=asc HTTP/1.0" 200 6505
186.155.129.224 - - [05/Oct/2015:01:50:49 -0500] "GET /videos/ArchivoSDA.flv HTTP/1.1" 200 31205279
162.210.196.100 - - [05/Oct/2015:01:50:49 -0500] "GET /Autoliquidacion/index.php?dir=Grupo%20Forestal%20-%20Silvicultura/&sort=date&order=asc HTTP/1.0" 200 4955
201.245.192.253 - - [05/Oct/2015:01:51:04 -0500] "POST /forms/lservlet;jsessionid=ac16012b30d62e507505f2c64e898405c7619f87fb44.e3iSbxaKaheRe38Ka34Oa3eLbxf0n6jAmljGr5XDqQLvpAe HTTP/1.1" 200 2
66.249.65.213 - - [05/Oct/2015:01:51:09 -0500] "GET /BLA/resoluciones/RESOLUCIONES%202008/0044.pdf HTTP/1.1" 200 346286
162.210.196.100 - - [05/Oct/2015:01:51:16 -0500] "GET /Autoliquidacion/index.php?dir=Grupo%20Forestal%20-%20Silvicultura/&sort=name&order=desc HTTP/1.0" 200 4954
162.210.196.100 - - [05/Oct/2015:01:51:18 -0500] "GET /Autoliquidacion/index.php?dir=Grupo%20Forestal%20-%20Silvicultura/&sort=size&order=asc HTTP/1.0" 200 4955
162.210.196.100 - - [05/Oct/2015:01:51:19 -0500] "GET /Autoliquidacion/index.php?dir=PERMISO%20DE%20OCUPACION%20DE%20SUELO/&sort=name&order=desc HTTP/1.0" 200 2342
162.210.196.100 - - [05/Oct/2015:01:51:21 -0500] "GET /Autoliquidacion/index.php?dir=Plan%20de%20manejo%20ambiental%20para%20sitios%20de%20aprovechamiento%20y%20o%20disposicion%20final%20de%20escombros/&sort=date&order=asc HTTP/1.0" 200 2472
162.210.196.100 - - [05/Oct/2015:01:51:22 -0500] "GET /Autoliquidacion/index.php?dir=Solicitud%20de%20Licencia%20Ambiental/&sort=name&order=desc HTTP/1.0" 200 2614
162.210.196.100 - - [05/Oct/2015:01:51:24 -0500] "GET /Autoliquidacion/index.php?dir=Solicitud%20de%20Licencia%20Ambiental/&sort=size&order=asc HTTP/1.0" 200 2615
162.210.196.100 - - [05/Oct/2015:01:51:25 -0500] "GET /Autoliquidacion/index.php?dir=Solicitudes%20relacionadas%20con%20calidad%20del%20aire%20auditiva%20y%20visual/&sort=date&order=desc HTTP/1.0" 200 5747
162.210.196.100 - - [05/Oct/2015:01:51:27 -0500] "GET /Autoliquidacion/index.php?dir=Solicitudes%20relacionadas%20con%20calidad%20del%20aire%20auditiva%20y%20visual/&sort=name&order=asc HTTP/1.0" 200 5748
162.210.196.100 - - [05/Oct/2015:01:51:29 -0500] "GET /Autoliquidacion/index.php?dir=Solicitudes%20relacionadas%20con%20calidad%20del%20aire%20auditiva%20y%20visual/&sort=size&order=desc HTTP/1.0" 200 5747
162.210.196.100 - - [05/Oct/2015:01:51:30 -0500] "GET /Autoliquidacion/index.php?dir=Solicitudes%20relacionadas%20con%20calidad%20del%20aire%20auditiva%20y%20visual/Registro%20de%20Elementos%20de%20publicidad%20Exterior%20Visual/&sort=date&order=asc HTTP/1.0" 200 4013
162.210.196.100 - - [05/Oct/2015:01:51:32 -0500] "GET /Autoliquidacion/index.php?dir=Solicitudes%20relacionadas%20con%20calidad%20del%20aire%20auditiva%20y%20visual/Registro%20de%20Elementos%20de%20publicidad%20Exterior%20Visual/&sort=name&order=desc HTTP/1.0" 200 4012
66.249.65.213 - - [05/Oct/2015:01:51:32 -0500] "GET /BLA/resoluciones/RESOLUCIONES%202008/2872.pdf HTTP/1.1" 200 174070
162.210.196.100 - - [05/Oct/2015:01:51:33 -0500] "GET /Autoliquidacion/index.php?dir=Solicitudes%20relacionadas%20con%20calidad%20del%20aire%20auditiva%20y%20visual/Registro%20de%20Elementos%20de%20publicidad%20Exterior%20Visual/&sort=size&order=asc HTTP/1.0" 200 4013
162.210.196.100 - - [05/Oct/2015:01:51:46 -0500] "GET /POT-2013/index.php?dir=&sort=date&order=desc HTTP/1.0" 200 2678
162.210.196.100 - - [05/Oct/2015:01:51:47 -0500] "GET /POT-2013/index.php?dir=&sort=size&order=desc HTTP/1.0" 200 2678
162.210.196.100 - - [05/Oct/2015:01:51:49 -0500] "GET /POT-2013/index.php?dir=memoria%20justificativa/&sort=name&order=desc HTTP/1.0" 200 2483
162.210.196.100 - - [05/Oct/2015:01:51:50 -0500] "GET /PruebasSTORM/StormSDA_pruebas/stormWeb/img/index.jsp HTTP/1.0" 200 16876
162.210.196.100 - - [05/Oct/2015:01:51:52 -0500] "GET /SIG/index.php?dir=ECS/&sort=date&order=asc HTTP/1.0" 200 16570
66.249.65.220 - - [05/Oct/2015:01:51:55 -0500] "GET /BLA/resoluciones/AUTOS%202007/3441.pdf HTTP/1.1" 200 219435
180.76.15.19 - - [05/Oct/2015:01:52:01 -0500] "GET /BLA/boletinlegal/js/jquery.js HTTP/1.1" 200 57254
66.249.65.227 - - [05/Oct/2015:01:52:18 -0500] "GET /BLA/resoluciones/AUTOS%202007/2501.pdf HTTP/1.1" 200 198532
66.249.65.213 - - [05/Oct/2015:01:52:41 -0500] "GET /BLA/resoluciones/AUTOS%202010/1477.pdf HTTP/1.1" 200 265509
66.249.65.45 - - [05/Oct/2015:01:52:45 -0500] "GET /ecodirectorio/files/res/downloads/download_0148.pdf HTTP/1.1" 200 230143
66.249.65.227 - - [05/Oct/2015:01:53:04 -0500] "GET /BLA/resoluciones/AUTOS%202007/0857.pdf HTTP/1.1" 200 191124
201.245.192.253 - - [05/Oct/2015:01:53:05 -0500] "POST /forms/lservlet;jsessionid=ac16012b30d62e507505f2c64e898405c7619f87fb44.e3iSbxaKaheRe38Ka34Oa3eLbxf0n6jAmljGr5XDqQLvpAe HTTP/1.1" 200 2
66.249.65.213 - - [05/Oct/2015:01:53:27 -0500] "GET /BLA/resoluciones/RESOLUCIONES%202010/0391.pdf HTTP/1.1" 200 119342
66.249.65.213 - - [05/Oct/2015:01:53:50 -0500] "GET /BLA/resoluciones/RESOLUCIONES%202007/RES%202007%202501%20AL%202600/RESOLUCION%202503%20DE%202007.pdf HTTP/1.1" 200 15589
66.249.65.213 - - [05/Oct/2015:01:54:13 -0500] "GET /BLA/resoluciones/AUTOS%202007/1237.pdf HTTP/1.1" 200 547304
181.48.106.129 - - [05/Oct/2015:01:54:17 -0500] "GET /isolucionsda/ HTTP/1.1" 302 140
181.48.106.129 - - [05/Oct/2015:01:54:17 -0500] "GET /isolucionsda/ControlDeInicio.asp HTTP/1.1" 200 739
181.48.106.129 - - [05/Oct/2015:01:54:20 -0500] "GET /favicon.ico HTTP/1.1" 200 7782
66.249.65.227 - - [05/Oct/2015:01:54:35 -0500] "GET /BLA/resoluciones/RESOLUCIONES%202010/6480.pdf HTTP/1.1" 200 762200
66.249.65.227 - - [05/Oct/2015:01:54:58 -0500] "GET /BLA/resoluciones/AUTOS%202010/1424.pdf HTTP/1.1" 200 267171
201.234.75.11 - - [05/Oct/2015:01:55:00 -0500] "GET /galeria/nivo-slider/demo/images/VoluntariadoPYBA.jpg HTTP/1.1" 304 -
201.245.192.253 - - [05/Oct/2015:01:55:05 -0500] "POST /forms/lservlet;jsessionid=ac16012b30d62e507505f2c64e898405c7619f87fb44.e3iSbxaKaheRe38Ka34Oa3eLbxf0n6jAmljGr5XDqQLvpAe HTTP/1.1" 200 2
66.249.65.220 - - [05/Oct/2015:01:55:21 -0500] "GET /BLA/resoluciones/RESOLUCIONES%202009/3615.pdf HTTP/1.1" 200 88689
66.249.65.227 - - [05/Oct/2015:01:55:44 -0500] "GET /BLA/resoluciones/AUTOS%202007/1150.pdf HTTP/1.1" 200 139890
66.249.65.227 - - [05/Oct/2015:01:56:07 -0500] "GET /BLA/resoluciones/AUTOS%202010/1471.pdf HTTP/1.1" 200 270875
66.249.65.213 - - [05/Oct/2015:01:56:30 -0500] "GET /BLA/resoluciones/AUTOS%202007/3065.pdf HTTP/1.1" 200 115543
66.249.65.213 - - [05/Oct/2015:01:56:53 -0500] "GET /BLA/resoluciones/RESOLUCIONES%202011/3046.pdf HTTP/1.1" 200 701544
66.249.65.51 - - [05/Oct/2015:01:57:01 -0500] "GET /ecodirectorio/files/res/downloads/download_0043.pdf HTTP/1.1" 200 153363
201.245.192.253 - - [05/Oct/2015:01:57:05 -0500] "POST /forms/lservlet;jsessionid=ac16012b30d62e507505f2c64e898405c7619f87fb44.e3iSbxaKaheRe38Ka34Oa3eLbxf0n6jAmljGr5XDqQLvpAe HTTP/1.1" 200 2
66.249.65.220 - - [05/Oct/2015:01:57:16 -0500] "GET /BLA/resoluciones/RESOLUCIONES%202010/6730.pdf HTTP/1.1" 200 915217
66.249.65.227 - - [05/Oct/2015:01:57:38 -0500] "GET /BLA/resoluciones/AUTOS%202010/0860.pdf HTTP/1.1" 200 263501
66.249.65.220 - - [05/Oct/2015:01:58:01 -0500] "GET /BLA/resoluciones/AUTOS%202010/1398.pdf HTTP/1.1" 200 246938
66.249.65.213 - - [05/Oct/2015:01:58:24 -0500] "GET /BLA/resoluciones/AUTOS%202007/2839.pdf HTTP/1.1" 200 249187
66.249.65.213 - - [05/Oct/2015:01:58:47 -0500] "GET /BLA/resoluciones/RESOLUCIONES%202010/5697.pdf HTTP/1.1" 200 83318
201.245.192.253 - - [05/Oct/2015:01:59:05 -0500] "POST /forms/lservlet;jsessionid=ac16012b30d62e507505f2c64e898405c7619f87fb44.e3iSbxaKaheRe38Ka34Oa3eLbxf0n6jAmljGr5XDqQLvpAe HTTP/1.1" 200 2
66.249.65.227 - - [05/Oct/2015:01:59:10 -0500] "GET /BLA/resoluciones/AUTOS%202007/1153.pdf HTTP/1.1" 200 30240
157.55.39.252 - - [05/Oct/2015:01:59:19 -0500] "GET / HTTP/1.1" 301 324
66.249.65.227 - - [05/Oct/2015:01:59:33 -0500] "GET /BLA/resoluciones/RESOLUCIONES%202007/RES%202007%20501%20AL%20600/RESOLUCION%200552%20DE%202007.pdf HTTP/1.1" 200 505260
66.249.65.227 - - [05/Oct/2015:01:59:56 -0500] "GET /BLA/resoluciones/AUTOS%202007/1897.pdf HTTP/1.1" 200 106298
66.249.65.213 - - [05/Oct/2015:02:00:19 -0500] "GET /BLA/resoluciones/AUTOS%202007/3748.pdf HTTP/1.1" 200 165613
66.249.65.213 - - [05/Oct/2015:02:00:21 -0500] "GET /BLA/resoluciones/RESOLUCIONES%202006/RES%202006%201801-1850/00001842.tif HTTP/1.1" 304 -
207.46.13.176 - - [05/Oct/2015:02:00:35 -0500] "GET /videos/galeria-cronicas/js/jplayer.playlist.min.js HTTP/1.1" 200 8608
207.46.13.176 - - [05/Oct/2015:02:00:36 -0500] "GET /videos/galeria-cronicas/skin/blue.monday/jplayer.blue.monday.css HTTP/1.1" 200 12518
157.55.39.174 - - [05/Oct/2015:02:00:38 -0500] "GET /videos/galeria-cronicas/js/jquery.jplayer.min.js HTTP/1.1" 200 43668
66.249.65.213 - - [05/Oct/2015:02:00:41 -0500] "GET /BLA/resoluciones/AUTOS%202007/3247.pdf HTTP/1.1" 200 89951
66.249.65.213 - - [05/Oct/2015:02:01:04 -0500] "GET /BLA/resoluciones/RESOLUCIONES%202009/3781.pdf HTTP/1.1" 200 63260
201.245.192.253 - - [05/Oct/2015:02:01:05 -0500] "POST /forms/lservlet;jsessionid=ac16012b30d62e507505f2c64e898405c7619f87fb44.e3iSbxaKaheRe38Ka34Oa3eLbxf0n6jAmljGr5XDqQLvpAe HTTP/1.1" 200 2
74.86.158.107 - - [05/Oct/2015:02:01:07 -0500] "HEAD / HTTP/1.1" 200 -
189.158.112.41 - - [05/Oct/2015:02:01:08 -0500] "GET /galeria/galeria/jquery.fancybox.css?v=2.1.5 HTTP/1.1" 200 4895
189.158.112.41 - - [05/Oct/2015:02:01:08 -0500] "GET /BLA/boletinlegal/js/jquery.scrollShow.js HTTP/1.1" 200 4586
189.158.112.41 - - [05/Oct/2015:02:01:08 -0500] "GET /galeria/galeria/jquery.fancybox.js?v=2.1.5 HTTP/1.1" 200 48706
66.249.65.227 - - [05/Oct/2015:02:01:21 -0500] "GET /BLA/resoluciones/AUTOS%202013/1172.pdf HTTP/1.1" 200 618192
66.249.65.220 - - [05/Oct/2015:02:01:27 -0500] "GET /BLA/resoluciones/RESOLUCIONES%202007/RES%202007%201801%20AL%201900/RESOLUCION%201826%20DE%202007.pdf HTTP/1.1" 200 162690
66.249.65.227 - - [05/Oct/2015:02:01:50 -0500] "GET /BLA/resoluciones/RESOLUCIONES%202008/3037.pdf HTTP/1.1" 200 220012
201.234.75.11 - - [05/Oct/2015:02:02:12 -0500] "GET /galeria/galeria/fotos/Movilizacion14P.jpg HTTP/1.1" 304 -
66.249.65.220 - - [05/Oct/2015:02:02:13 -0500] "GET /BLA/resoluciones/RESOLUCIONES%202007/RES%202007%201%20AL%20100/RESOLUCION%200057%20DE%202007.pdf HTTP/1.1" 200 236152
51.254.143.239 - - [05/Oct/2015:02:02:27 -0500] "GET /robots.txt HTTP/1.0" 404 1015
51.254.143.239 - - [05/Oct/2015:02:02:29 -0500] "GET /Autoliquidacion/Grupo%20Forestal%20-%20Silvicultura/Solicitud%20y%20lista%20de%20chequeo%20Evaluaci%C3%B3n%20Silvicultural.xlsx HTTP/1.0" 200 100649
51.254.143.239 - - [05/Oct/2015:02:02:31 -0500] "GET /PruebasSTORM/StormSDA_pruebas/lib/ HTTP/1.0" 200 6441
51.254.143.239 - - [05/Oct/2015:02:02:34 -0500] "GET /PruebasSTORM/StormSDA_pruebas/nsjars/ HTTP/1.0" 200 4112
66.249.65.220 - - [05/Oct/2015:02:02:36 -0500] "GET /BLA/resoluciones/RESOLUCIONES%202007/RES%202007%202701%20AL%202800/RESOLUCION%202703%20DE%202007.pdf HTTP/1.1" 200 217939
51.254.143.239 - - [05/Oct/2015:02:02:37 -0500] "GET /PruebasSTORM/StormSDA_pruebas/storm/ HTTP/1.0" 200 5619
51.254.143.239 - - [05/Oct/2015:02:02:40 -0500] "GET /PruebasSTORM/StormSDA_pruebas/storm_silv/ HTTP/1.0" 200 5853
51.254.143.239 - - [05/Oct/2015:02:02:44 -0500] "GET /StormSDA/userFiles%20-%20Copy%2019-07-2012/user_files/1/ HTTP/1.0" 200 1747
51.254.143.239 - - [05/Oct/2015:02:02:47 -0500] "GET /StormSDA/userFiles%20-%20Copy%2019-07-2012/user_files/85/ HTTP/1.0" 200 873
51.254.143.239 - - [05/Oct/2015:02:02:49 -0500] "GET /StormSDA/userFiles%20-%20Copy%2019-07-2012/user_files/86/ HTTP/1.0" 200 873
66.249.65.227 - - [05/Oct/2015:02:02:51 -0500] "GET /BLA/resoluciones/RESOLUCIONES%202010/4869.pdf HTTP/1.1" 200 748881
51.254.143.239 - - [05/Oct/2015:02:02:52 -0500] "GET /StormSDA/userFiles%20-%20Copy%2019-07-2012/user_files/87/ HTTP/1.0" 200 873
51.254.143.239 - - [05/Oct/2015:02:02:54 -0500] "GET /StormSDA/userFiles%20-%20Copy%2019-07-2012/user_files/88/ HTTP/1.0" 200 873
51.254.143.239 - - [05/Oct/2015:02:02:56 -0500] "GET /StormSDA/userFiles%20-%20Copy%2019-07-2012/user_files/formatos/eventos/ HTTP/1.0" 200 910
51.254.143.239 - - [05/Oct/2015:02:02:59 -0500] "GET /StormSDA/userFiles%20-%20Copy%2019-07-2012/user_files/formulas/2/ HTTP/1.0" 200 898
66.249.65.220 - - [05/Oct/2015:02:02:59 -0500] "GET /BLA/resoluciones/AUTOS%202010/5255.pdf HTTP/1.1" 200 189451
51.254.143.239 - - [05/Oct/2015:02:03:01 -0500] "GET /StormSDA/userFiles%20-%20Copy%2019-07-2012/user_files/formulas/3/ HTTP/1.0" 200 898
186.155.113.192 - - [05/Oct/2015:02:03:03 -0500] "GET /BLA/resoluciones/AUTOS%202009/0733.pdf HTTP/1.1" 200 110944
51.254.143.239 - - [05/Oct/2015:02:03:04 -0500] "GET /StormSDA/userFiles%20-%20Copy%2019-07-2012/user_files/formulas/4/ HTTP/1.0" 200 898
201.245.192.253 - - [05/Oct/2015:02:03:06 -0500] "POST /forms/lservlet;jsessionid=ac16012b30d62e507505f2c64e898405c7619f87fb44.e3iSbxaKaheRe38Ka34Oa3eLbxf0n6jAmljGr5XDqQLvpAe HTTP/1.1" 200 2
51.254.143.239 - - [05/Oct/2015:02:03:06 -0500] "GET /StormSDA/userFiles%20-%20Copy%2019-07-2012/user_files/listas/ HTTP/1.0" 200 1299
51.254.143.239 - - [05/Oct/2015:02:03:09 -0500] "GET /StormSDA/userFiles/backup%2027-09-2012/1.jar HTTP/1.0" 200 2763
51.254.143.239 - - [05/Oct/2015:02:03:12 -0500] "GET /StormSDA/userFiles/backup%2027-09-2012/2.jar HTTP/1.0" 200 1892
51.254.143.239 - - [05/Oct/2015:02:03:15 -0500] "GET /StormSDA/userFiles/backup%2027-09-2012/85.jar HTTP/1.0" 200 2753
51.254.143.239 - - [05/Oct/2015:02:03:17 -0500] "GET /StormSDA/userFiles/backup%2027-09-2012/86.jar HTTP/1.0" 200 2753
51.254.143.239 - - [05/Oct/2015:02:03:20 -0500] "GET /StormSDA/userFiles/backup%2027-09-2012/87.jar HTTP/1.0" 200 2753
66.249.65.213 - - [05/Oct/2015:02:03:22 -0500] "GET /BLA/resoluciones/AUTOS%202007/0607.pdf HTTP/1.1" 200 65806
51.254.143.239 - - [05/Oct/2015:02:03:23 -0500] "GET /StormSDA/userFiles/backup%2027-09-2012/88.jar HTTP/1.0" 200 2753
51.254.143.239 - - [05/Oct/2015:02:03:27 -0500] "GET /StormSDA/userFiles/backup%2027-09-2012/89.jar HTTP/1.0" 200 2753
51.254.143.239 - - [05/Oct/2015:02:03:30 -0500] "GET /StormSDA/userFiles/backup%2027-09-2012/90.jar HTTP/1.0" 200 2753
51.254.143.239 - - [05/Oct/2015:02:03:33 -0500] "GET /StormSDA/userFiles/backup%2027-09-2012/91.jar HTTP/1.0" 200 2753
51.254.143.239 - - [05/Oct/2015:02:03:37 -0500] "GET /StormSDA/userFiles/backup%2027-09-2012/92.jar HTTP/1.0" 200 2753
51.254.143.239 - - [05/Oct/2015:02:03:40 -0500] "GET /StormSDA/userFiles/backup%2027-09-2012/93.jar HTTP/1.0" 200 2753
51.254.143.239 - - [05/Oct/2015:02:03:43 -0500] "GET /StormSDA/userFiles/backup%2027-09-2012/94.jar HTTP/1.0" 200 2753
66.249.65.213 - - [05/Oct/2015:02:03:45 -0500] "GET /BLA/resoluciones/AUTOS%202007/0685.pdf HTTP/1.1" 200 206298
51.254.143.239 - - [05/Oct/2015:02:03:46 -0500] "GET /StormSDA/userFiles/backup%2027-09-2012/95.jar HTTP/1.0" 200 2876
51.254.143.239 - - [05/Oct/2015:02:03:49 -0500] "GET /StormSDA/userFiles/backup%2027-09-2012/96.jar HTTP/1.0" 200 2753
190.24.116.108 - - [05/Oct/2015:02:03:51 -0500] "GET /galeria/galeria/jquery.fancybox.js?v=2.1.5 HTTP/1.1" 200 48706
190.24.116.108 - - [05/Oct/2015:02:03:51 -0500] "GET /BLA/boletinlegal/js/jquery.scrollShow.js HTTP/1.1" 200 4586
190.24.116.108 - - [05/Oct/2015:02:03:51 -0500] "GET /galeria/galeria/jquery.fancybox.css?v=2.1.5 HTTP/1.1" 200 4895
51.254.143.239 - - [05/Oct/2015:02:03:52 -0500] "GET /StormSDA/userFiles/backup%2027-09-2012/97.jar HTTP/1.0" 200 2753
51.254.143.239 - - [05/Oct/2015:02:03:55 -0500] "GET /StormSDA/userFiles/backup%2027-09-2012/StormAdmin.jar HTTP/1.0" 200 622592
190.24.116.108 - - [05/Oct/2015:02:03:57 -0500] "GET /BLA/boletinlegal/js/jquery.scrollShow.js HTTP/1.1" 304 -
190.24.116.108 - - [05/Oct/2015:02:03:57 -0500] "GET /galeria/galeria/jquery.fancybox.css?v=2.1.5 HTTP/1.1" 304 -
190.24.116.108 - - [05/Oct/2015:02:03:57 -0500] "GET /galeria/galeria/jquery.fancybox.js?v=2.1.5 HTTP/1.1" 304 -
51.254.143.239 - - [05/Oct/2015:02:03:58 -0500] "GET /StormSDA/userFiles/backup%2027-09-2012/basicos.jar HTTP/1.0" 200 379078
66.249.65.227 - - [05/Oct/2015:02:03:58 -0500] "GET /BLA/resoluciones/AUTOS%202006/AUTOS%202006%203301%20-%203418/00003364.tif HTTP/1.1" 200 76324
51.254.143.239 - - [05/Oct/2015:02:04:01 -0500] "GET /StormSDA/userFiles/backup%2027-09-2012/user_files.jnlp HTTP/1.0" 200 1353
51.254.143.239 - - [05/Oct/2015:02:04:05 -0500] "GET /StormSDA/userFiles/backup%2027-09-2012/user_files.jnlp.bak HTTP/1.0" 200 616
51.254.143.239 - - [05/Oct/2015:02:04:07 -0500] "GET /StormSDA/userFiles/user_files.jnlp HTTP/1.0" 200 1353
66.249.65.213 - - [05/Oct/2015:02:04:07 -0500] "GET /BLA/resoluciones/AUTOS%202010/1413.pdf HTTP/1.1" 200 237473
51.254.143.239 - - [05/Oct/2015:02:04:09 -0500] "GET /StormSDA/userFiles/user_files/1.jar HTTP/1.0" 200 4158
51.254.143.239 - - [05/Oct/2015:02:04:11 -0500] "GET /StormSDA/userFiles/user_files/85.jar HTTP/1.0" 200 4148
51.254.143.239 - - [05/Oct/2015:02:04:13 -0500] "GET /StormSDA/userFiles/user_files/86.jar HTTP/1.0" 200 4148
51.254.143.239 - - [05/Oct/2015:02:04:15 -0500] "GET /StormSDA/userFiles/user_files/87.jar HTTP/1.0" 200 4148
51.254.143.239 - - [05/Oct/2015:02:04:17 -0500] "GET /StormSDA/userFiles/user_files/88.jar HTTP/1.0" 200 4148
51.254.143.239 - - [05/Oct/2015:02:04:19 -0500] "GET /StormSDA/userFiles/user_files/89/ HTTP/1.0" 200 813
51.254.143.239 - - [05/Oct/2015:02:04:21 -0500] "GET /StormSDA/userFiles/user_files/89.jar HTTP/1.0" 200 4148
51.254.143.239 - - [05/Oct/2015:02:04:23 -0500] "GET /StormSDA/userFiles/user_files/90.jar HTTP/1.0" 200 4148
51.254.143.239 - - [05/Oct/2015:02:04:25 -0500] "GET /StormSDA/userFiles/user_files/91/ HTTP/1.0" 200 813
51.254.143.239 - - [05/Oct/2015:02:04:27 -0500] "GET /StormSDA/userFiles/user_files/92/ HTTP/1.0" 200 813
51.254.143.239 - - [05/Oct/2015:02:04:29 -0500] "GET /StormSDA/userFiles/user_files/94/ HTTP/1.0" 200 813
66.249.65.220 - - [05/Oct/2015:02:04:30 -0500] "GET /BLA/resoluciones/AUTOS%202010/1428.pdf HTTP/1.1" 200 200429
51.254.143.239 - - [05/Oct/2015:02:04:31 -0500] "GET /StormSDA/userFiles/user_files/95/ HTTP/1.0" 200 813
116.88.204.109 - - [05/Oct/2015:02:04:47 -0500] "POST /xmlrpc.php HTTP/1.1" 301 334
66.249.65.213 - - [05/Oct/2015:02:04:48 -0500] "GET /BLA/boletinlegal/js/jquery.scrollShow.js HTTP/1.1" 200 4586
66.249.65.227 - - [05/Oct/2015:02:04:48 -0500] "GET /galeria/galeria/jquery.fancybox.css?v=2.1.5 HTTP/1.1" 200 4895
66.249.65.227 - - [05/Oct/2015:02:04:49 -0500] "GET /galeria/galeria/jquery.fancybox.js?v=2.1.5 HTTP/1.1" 200 48706
66.249.65.220 - - [05/Oct/2015:02:04:53 -0500] "GET /BLA/resoluciones/RESOLUCIONES%202009/8252.pdf HTTP/1.1" 200 390938
51.254.143.239 - - [05/Oct/2015:02:05:02 -0500] "GET /StormSDA/userFiles/user_files/96/ HTTP/1.0" 200 813
51.254.143.239 - - [05/Oct/2015:02:05:03 -0500] "GET /StormSDA/userFiles/user_files/97/ HTTP/1.0" 200 813
201.245.192.253 - - [05/Oct/2015:02:05:06 -0500] "POST /forms/lservlet;jsessionid=ac16012b30d62e507505f2c64e898405c7619f87fb44.e3iSbxaKaheRe38Ka34Oa3eLbxf0n6jAmljGr5XDqQLvpAe HTTP/1.1" 200 2
66.249.65.227 - - [05/Oct/2015:02:05:16 -0500] "GET /BLA/resoluciones/AUTOS%202007/0139.pdf HTTP/1.1" 200 292991
51.254.143.239 - - [05/Oct/2015:02:05:16 -0500] "GET /StormSDA/userFiles/user_files/98/ HTTP/1.0" 200 813
51.254.143.239 - - [05/Oct/2015:02:05:18 -0500] "GET /StormSDA/userFiles/user_files/formatos/ HTTP/1.0" 200 1454
51.254.143.239 - - [05/Oct/2015:02:05:20 -0500] "GET /StormSDA/userFiles/user_files/formatos/eventos/ HTTP/1.0" 200 850
51.254.143.239 - - [05/Oct/2015:02:05:21 -0500] "GET /StormSDA/userFiles/user_files/formulas/ HTTP/1.0" 200 1440
51.254.143.239 - - [05/Oct/2015:02:05:23 -0500] "GET /StormSDA/userFiles/user_files/formulas/2/ HTTP/1.0" 200 838
51.254.143.239 - - [05/Oct/2015:02:05:25 -0500] "GET /StormSDA/userFiles/user_files/formulas/3/ HTTP/1.0" 200 838
51.254.143.239 - - [05/Oct/2015:02:05:27 -0500] "GET /StormSDA/userFiles/user_files/formulas/4/ HTTP/1.0" 200 838
51.254.143.239 - - [05/Oct/2015:02:05:28 -0500] "GET /StormSDA/userFiles/user_files/listas/ HTTP/1.0" 200 1239
66.249.65.227 - - [05/Oct/2015:02:05:38 -0500] "GET /BLA/resoluciones/AUTOS%202014/6469.pdf HTTP/1.1" 200 407538
66.249.65.213 - - [05/Oct/2015:02:05:39 -0500] "GET /BLA/resoluciones/AUTOS%202007/0726.pdf HTTP/1.1" 200 63152
112.111.172.91 - - [05/Oct/2015:02:05:42 -0500] "GET /bla/ HTTP/1.1" 200 538
66.249.65.213 - - [05/Oct/2015:02:06:02 -0500] "GET /BLA/resoluciones/AUTOS%202007/1214.pdf HTTP/1.1" 200 119110
74.86.158.107 - - [05/Oct/2015:02:06:07 -0500] "HEAD / HTTP/1.1" 200 -
66.249.65.220 - - [05/Oct/2015:02:06:25 -0500] "GET /BLA/resoluciones/RESOLUCIONES%202010/5789.pdf HTTP/1.1" 200 76668
66.249.65.220 - - [05/Oct/2015:02:06:48 -0500] "GET /BLA/resoluciones/AUTOS%202007/3406.pdf HTTP/1.1" 200 138321
180.76.15.24 - - [05/Oct/2015:02:06:59 -0500] "GET /BLA/boletinlegal/Circulares/2013/Circular%20No.%204%20del%2005%20de%20junio%20de%202013.pdf HTTP/1.1" 200 130461
201.245.192.253 - - [05/Oct/2015:02:07:06 -0500] "POST /forms/lservlet;jsessionid=ac16012b30d62e507505f2c64e898405c7619f87fb44.e3iSbxaKaheRe38Ka34Oa3eLbxf0n6jAmljGr5XDqQLvpAe HTTP/1.1" 200 2
66.249.65.213 - - [05/Oct/2015:02:07:10 -0500] "GET /BLA/resoluciones/AUTOS%202011/2260.pdf HTTP/1.1" 200 430547
66.249.65.213 - - [05/Oct/2015:02:07:33 -0500] "GET /BLA/resoluciones/RESOLUCIONES%202010/6044.pdf HTTP/1.1" 200 658973
66.249.65.220 - - [05/Oct/2015:02:07:56 -0500] "GET /BLA/resoluciones/RESOLUCIONES%202010/6408.pdf HTTP/1.1" 200 516711
66.249.65.213 - - [05/Oct/2015:02:08:19 -0500] "GET /BLA/resoluciones/RESOLUCIONES%202010/6027.pdf HTTP/1.1" 200 506784
66.249.65.220 - - [05/Oct/2015:02:08:42 -0500] "GET /BLA/resoluciones/RESOLUCIONES%202008/0573.pdf HTTP/1.1" 200 163551
66.249.65.227 - - [05/Oct/2015:02:09:05 -0500] "GET /BLA/resoluciones/RESOLUCIONES%202010/6104.pdf HTTP/1.1" 200 659257
201.245.192.253 - - [05/Oct/2015:02:09:06 -0500] "POST /forms/lservlet;jsessionid=ac16012b30d62e507505f2c64e898405c7619f87fb44.e3iSbxaKaheRe38Ka34Oa3eLbxf0n6jAmljGr5XDqQLvpAe HTTP/1.1" 200 2
66.249.65.213 - - [05/Oct/2015:02:09:28 -0500] "GET /BLA/resoluciones/RESOLUCIONES%202008/2401.pdf HTTP/1.1" 200 199894
66.249.65.213 - - [05/Oct/2015:02:09:51 -0500] "GET /BLA/resoluciones/RESOLUCIONES%202010/6446.pdf HTTP/1.1" 200 74376
66.249.65.227 - - [05/Oct/2015:02:10:13 -0500] "GET /BLA/resoluciones/RESOLUCIONES%202010/6494.pdf HTTP/1.1" 200 341911
66.249.65.220 - - [05/Oct/2015:02:10:36 -0500] "GET /BLA/resoluciones/RESOLUCIONES%202009/4417.pdf HTTP/1.1" 200 488750
186.154.123.78 - - [05/Oct/2015:02:10:39 -0500] "GET /BLA/boletinlegal/js/jquery.scrollShow.js HTTP/1.1" 200 4586
186.154.123.78 - - [05/Oct/2015:02:10:39 -0500] "GET /galeria/galeria/jquery.fancybox.js?v=2.1.5 HTTP/1.1" 200 48706
186.154.123.78 - - [05/Oct/2015:02:10:39 -0500] "GET /galeria/galeria/jquery.fancybox.css?v=2.1.5 HTTP/1.1" 200 4895
66.249.65.213 - - [05/Oct/2015:02:10:59 -0500] "GET /BLA/resoluciones/RESOLUCIONES%202010/6358.pdf HTTP/1.1" 200 507752
201.245.192.253 - - [05/Oct/2015:02:11:07 -0500] "POST /forms/lservlet;jsessionid=ac16012b30d62e507505f2c64e898405c7619f87fb44.e3iSbxaKaheRe38Ka34Oa3eLbxf0n6jAmljGr5XDqQLvpAe HTTP/1.1" 200 2
66.249.65.48 - - [05/Oct/2015:02:11:22 -0500] "GET /SIG/ECS/126PM04-PR109.pdf HTTP/1.1" 200 3746786
66.249.65.220 - - [05/Oct/2015:02:11:45 -0500] "GET /BLA/resoluciones/RESOLUCIONES%202009/1155.pdf HTTP/1.1" 200 503310
66.249.65.220 - - [05/Oct/2015:02:12:08 -0500] "GET /BLA/resoluciones/RESOLUCIONES%202012/0820.pdf HTTP/1.1" 200 432779
66.249.65.227 - - [05/Oct/2015:02:12:31 -0500] "GET /BLA/resoluciones/AUTOS%202014/4569.pdf HTTP/1.1" 200 147467
66.249.65.220 - - [05/Oct/2015:02:12:54 -0500] "GET /BLA/resoluciones/RESOLUCIONES%202009/4711.pdf HTTP/1.1" 200 598639
189.181.5.36 - - [05/Oct/2015:02:12:56 -0500] "GET /galeria/galeria/jquery.fancybox.css?v=2.1.5 HTTP/1.1" 200 4895
189.181.5.36 - - [05/Oct/2015:02:12:56 -0500] "GET /BLA/boletinlegal/js/jquery.scrollShow.js HTTP/1.1" 200 4586
189.181.5.36 - - [05/Oct/2015:02:12:56 -0500] "GET /galeria/galeria/jquery.fancybox.js?v=2.1.5 HTTP/1.1" 200 48706
201.245.192.253 - - [05/Oct/2015:02:13:07 -0500] "POST /forms/lservlet;jsessionid=ac16012b30d62e507505f2c64e898405c7619f87fb44.e3iSbxaKaheRe38Ka34Oa3eLbxf0n6jAmljGr5XDqQLvpAe HTTP/1.1" 200 2
189.181.5.36 - - [05/Oct/2015:02:13:15 -0500] "GET /BLA/boletinlegal/js/jquery.scrollShow.js HTTP/1.1" 304 -
189.181.5.36 - - [05/Oct/2015:02:13:15 -0500] "GET /galeria/galeria/jquery.fancybox.css?v=2.1.5 HTTP/1.1" 304 -
189.181.5.36 - - [05/Oct/2015:02:13:15 -0500] "GET /galeria/galeria/jquery.fancybox.js?v=2.1.5 HTTP/1.1" 304 -
66.249.65.213 - - [05/Oct/2015:02:13:17 -0500] "GET /BLA/resoluciones/RESOLUCIONES%202010/2776.pdf HTTP/1.1" 200 1701728
66.249.65.227 - - [05/Oct/2015:02:13:39 -0500] "GET /BLA/resoluciones/RESOLUCIONES%202009/3183.pdf HTTP/1.1" 200 778242
66.249.65.227 - - [05/Oct/2015:02:14:02 -0500] "GET /BLA/resoluciones/RESOLUCIONES%202009/0303.pdf HTTP/1.1" 200 296608
66.249.65.227 - - [05/Oct/2015:02:14:16 -0500] "GET /BLA/resoluciones/RESOLUCIONES%202011/5090.pdf HTTP/1.1" 200 448575
66.249.65.220 - - [05/Oct/2015:02:14:25 -0500] "GET /BLA/resoluciones/RESOLUCIONES%202014/1558.pdf HTTP/1.1" 200 214710
66.249.65.227 - - [05/Oct/2015:02:14:48 -0500] "GET /BLA/resoluciones/RESOLUCIONES%202007/RES%202007%201201%20AL%201300/RESOLUCION%201242%20DE%202007.pdf HTTP/1.1" 200 849482
74.86.158.107 - - [05/Oct/2015:02:15:00 -0500] "HEAD / HTTP/1.1" 200 -
201.245.192.253 - - [05/Oct/2015:02:15:07 -0500] "POST /forms/lservlet;jsessionid=ac16012b30d62e507505f2c64e898405c7619f87fb44.e3iSbxaKaheRe38Ka34Oa3eLbxf0n6jAmljGr5XDqQLvpAe HTTP/1.1" 200 2
66.249.65.227 - - [05/Oct/2015:02:15:11 -0500] "GET /BLA/resoluciones/AUTOS%202007/3447.pdf HTTP/1.1" 200 438614
66.249.65.227 - - [05/Oct/2015:02:15:34 -0500] "GET /BLA/resoluciones/RESOLUCIONES%202007/RES%202007%201101%20AL%201200/RESOLUCION%201133%20DE%202007.pdf HTTP/1.1" 200 222947
186.69.180.210 - - [05/Oct/2015:02:15:46 -0500] "GET /BLA/boletinlegal/js/jquery.scrollShow.js HTTP/1.1" 200 4586
186.69.180.210 - - [05/Oct/2015:02:15:46 -0500] "GET /galeria/galeria/jquery.fancybox.css?v=2.1.5 HTTP/1.1" 200 4895
186.69.180.210 - - [05/Oct/2015:02:15:46 -0500] "GET /galeria/galeria/jquery.fancybox.js?v=2.1.5 HTTP/1.1" 200 48706
66.249.65.213 - - [05/Oct/2015:02:15:57 -0500] "GET /BLA/resoluciones/RESOLUCIONES%202012/0595.pdf HTTP/1.1" 200 311783
66.249.65.227 - - [05/Oct/2015:02:16:20 -0500] "GET /BLA/resoluciones/RESOLUCIONES%202008/4174.pdf HTTP/1.1" 200 638070
66.249.65.227 - - [05/Oct/2015:02:16:42 -0500] "GET /BLA/resoluciones/AUTOS%202007/0955.pdf HTTP/1.1" 200 43429
66.249.65.227 - - [05/Oct/2015:02:17:05 -0500] "GET /BLA/resoluciones/RESOLUCIONES%202013/1331.pdf HTTP/1.1" 200 2015449
201.245.192.253 - - [05/Oct/2015:02:17:07 -0500] "POST /forms/lservlet;jsessionid=ac16012b30d62e507505f2c64e898405c7619f87fb44.e3iSbxaKaheRe38Ka34Oa3eLbxf0n6jAmljGr5XDqQLvpAe HTTP/1.1" 200 2
181.130.4.123 - - [05/Oct/2015:02:17:19 -0500] "GET /BLA/resoluciones/RESOLUCIONES%202009/8469.pdf HTTP/1.1" 200 47922
181.130.4.123 - - [05/Oct/2015:02:17:19 -0500] "GET /favicon.ico HTTP/1.1" 200 7782
181.130.4.123 - - [05/Oct/2015:02:17:21 -0500] "GET /BLA/resoluciones/RESOLUCIONES%202008/3329.pdf HTTP/1.1" 200 62786
66.249.65.220 - - [05/Oct/2015:02:17:28 -0500] "GET /BLA/resoluciones/AUTOS%202012/0141.pdf HTTP/1.1" 200 157990
66.249.65.220 - - [05/Oct/2015:02:17:37 -0500] "GET /galeria/galeria/fotos/Jaboque3G.jpg HTTP/1.1" 304 -
66.249.65.220 - - [05/Oct/2015:02:17:40 -0500] "GET /galeria/galeria/fotos/Humedal-Vaca3P.jpg HTTP/1.1" 304 -
66.249.65.220 - - [05/Oct/2015:02:17:51 -0500] "GET /BLA/resoluciones/RESOLUCIONES%202009/4347.pdf HTTP/1.1" 200 413871
181.130.4.123 - - [05/Oct/2015:02:18:00 -0500] "GET /transparencia/directorioservidores/abril2015.pdf HTTP/1.1" 200 325020
66.249.65.213 - - [05/Oct/2015:02:18:14 -0500] "GET /BLA/resoluciones/RESOLUCIONES%202013/1526.pdf HTTP/1.1" 200 563705
66.249.65.220 - - [05/Oct/2015:02:18:33 -0500] "GET /BLA/resoluciones/RESOLUCIONES%202013/1673.pdf HTTP/1.1" 200 738233
66.249.65.220 - - [05/Oct/2015:02:18:37 -0500] "GET /BLA/resoluciones/AUTOS%202013/2208.pdf HTTP/1.1" 200 455506
66.249.65.227 - - [05/Oct/2015:02:19:00 -0500] "GET /BLA/resoluciones/AUTOS%202009/3365.pdf HTTP/1.1" 200 211013
201.245.192.253 - - [05/Oct/2015:02:19:07 -0500] "POST /forms/lservlet;jsessionid=ac16012b30d62e507505f2c64e898405c7619f87fb44.e3iSbxaKaheRe38Ka34Oa3eLbxf0n6jAmljGr5XDqQLvpAe HTTP/1.1" 200 2
66.249.65.213 - - [05/Oct/2015:02:19:23 -0500] "GET /BLA/resoluciones/AUTOS%202013/1491.pdf HTTP/1.1" 200 1016342
66.249.65.227 - - [05/Oct/2015:02:19:45 -0500] "GET /BLA/resoluciones/AUTOS%202008/3020.pdf HTTP/1.1" 200 310850
74.86.158.107 - - [05/Oct/2015:02:19:51 -0500] "HEAD / HTTP/1.1" 200 -
220.181.108.100 - - [05/Oct/2015:02:20:04 -0500] "GET /BLA/resoluciones/RESOLUCIONES%202008/4263.pdf HTTP/1.1" 200 350090
127.0.0.1 - - [05/Oct/2015:02:20:05 -0500] "POST /plugins/update-check/1.1/ HTTP/1.0" 404 1021
127.0.0.1 - - [05/Oct/2015:02:20:05 -0500] "POST /themes/update-check/1.1/ HTTP/1.0" 404 1021
127.0.0.1 - - [05/Oct/2015:02:20:05 -0500] "POST /core/version-check/1.7/?version=4.2.2&php=5.5.15&locale=es_ES&mysql=5.6.20&local_package=&blogs=1&users=10&multisite_enabled=0 HTTP/1.0" 404 1021
127.0.0.1 - - [05/Oct/2015:02:20:06 -0500] "POST /themes/update-check/1.1/ HTTP/1.0" 404 1021
127.0.0.1 - - [05/Oct/2015:02:20:06 -0500] "POST /plugins/update-check/1.1/ HTTP/1.0" 404 1021
66.249.65.220 - - [05/Oct/2015:02:20:08 -0500] "GET /BLA/resoluciones/RESOLUCIONES%202011/3829.pdf HTTP/1.1" 200 105152
66.249.65.220 - - [05/Oct/2015:02:20:31 -0500] "GET /BLA/resoluciones/RESOLUCIONES%202009/6912.pdf HTTP/1.1" 200 200977
66.249.65.48 - - [05/Oct/2015:02:20:54 -0500] "GET /Anexos%20estudio%20Organizacional%20SDA/index.php?dir=ANEXO%20No.%201-%20NORMAS%20LEGALES%20DE%20ESTRUCTURA%20Y%20PLANTA/RESE%D1A%20HIST%D3RICA%20SDA-NORMAS/&sort=size&order=asc HTTP/1.1" 200 9108
201.245.192.253 - - [05/Oct/2015:02:21:08 -0500] "POST /forms/lservlet;jsessionid=ac16012b30d62e507505f2c64e898405c7619f87fb44.e3iSbxaKaheRe38Ka34Oa3eLbxf0n6jAmljGr5XDqQLvpAe HTTP/1.1" 200 2
66.249.65.227 - - [05/Oct/2015:02:21:17 -0500] "GET /BLA/resoluciones/RESOLUCIONES%202008/5216.pdf HTTP/1.1" 200 332011
66.249.65.213 - - [05/Oct/2015:02:21:40 -0500] "GET /BLA/resoluciones/RESOLUCIONES%202012/0175.pdf HTTP/1.1" 200 474034
66.249.65.220 - - [05/Oct/2015:02:22:03 -0500] "GET /BLA/resoluciones/RESOLUCIONES%202008/4182.pdf HTTP/1.1" 200 86027
207.46.13.40 - - [05/Oct/2015:02:22:26 -0500] "GET /dama/libreria/php/frame_detalle.php?h_id=643 HTTP/1.1" 404 1019
66.249.65.213 - - [05/Oct/2015:02:22:26 -0500] "GET /BLA/resoluciones/AUTOS%202010/4684.pdf HTTP/1.1" 200 487827
66.249.65.220 - - [05/Oct/2015:02:22:49 -0500] "GET /BLA/resoluciones/RESOLUCIONES%202013/0061.pdf HTTP/1.1" 200 713823
66.249.65.220 - - [05/Oct/2015:02:22:53 -0500] "GET /BLA/resoluciones/RESOLUCIONES%202009/5737.pdf HTTP/1.1" 200 25854993
201.245.192.253 - - [05/Oct/2015:02:23:08 -0500] "POST /forms/lservlet;jsessionid=ac16012b30d62e507505f2c64e898405c7619f87fb44.e3iSbxaKaheRe38Ka34Oa3eLbxf0n6jAmljGr5XDqQLvpAe HTTP/1.1" 200 2
66.249.65.213 - - [05/Oct/2015:02:23:29 -0500] "GET /BLA/resoluciones/RESOLUCIONES%202007/RES%202007%202201%20AL%202300/RESOLUCION%202298%20DE%202007.pdf HTTP/1.1" 200 372708
181.130.4.123 - - [05/Oct/2015:02:23:33 -0500] "GET /videos/ArchivoSDA.flv HTTP/1.1" 200 31205279
66.249.65.227 - - [05/Oct/2015:02:23:35 -0500] "GET /BLA/resoluciones/AUTOS%202013/0678.pdf HTTP/1.1" 200 355656
66.249.65.227 - - [05/Oct/2015:02:23:57 -0500] "GET /BLA/resoluciones/AUTOS%202010/2042.pdf HTTP/1.1" 200 315637
66.249.65.213 - - [05/Oct/2015:02:24:11 -0500] "GET /galeria/galeria/fotos/Humedal-Vaca2P.jpg HTTP/1.1" 304 -
66.249.65.213 - - [05/Oct/2015:02:24:15 -0500] "GET /BLA/resoluciones/AUTOS%202006/AUTOS%202006%203301%20-%203418/00003345.tif HTTP/1.1" 200 55252
66.249.65.220 - - [05/Oct/2015:02:24:20 -0500] "GET /BLA/resoluciones/RESOLUCIONES%202010/0901.pdf HTTP/1.1" 200 104898
66.249.65.227 - - [05/Oct/2015:02:24:43 -0500] "GET /BLA/resoluciones/RESOLUCIONES%202010/3755.pdf HTTP/1.1" 304 -
74.86.158.107 - - [05/Oct/2015:02:24:51 -0500] "HEAD / HTTP/1.1" 200 -
186.145.58.53 - - [05/Oct/2015:02:24:53 -0500] "GET /forms/frmservlet?config=sia HTTP/1.1" 200 4028
186.145.58.53 - - [05/Oct/2015:02:24:59 -0500] "GET /forms/java/frmall_jinit.jar HTTP/1.1" 304 -
186.145.58.53 - - [05/Oct/2015:02:25:00 -0500] "GET /forms/java/icons.jar HTTP/1.1" 304 -
186.145.58.53 - - [05/Oct/2015:02:25:01 -0500] "GET /forms/java/java/awt/KeyboardFocusManager.class HTTP/1.1" 404 352
186.145.58.53 - - [05/Oct/2015:02:25:01 -0500] "GET /forms/java/java/awt/KeyboardFocusManager.class HTTP/1.1" 404 352
186.145.58.53 - - [05/Oct/2015:02:25:02 -0500] "GET /forms/java/java/awt/event/MouseWheelListener.class HTTP/1.1" 404 356
186.145.58.53 - - [05/Oct/2015:02:25:02 -0500] "GET /forms/java/java/awt/event/MouseWheelListener.class HTTP/1.1" 404 356
186.145.58.53 - - [05/Oct/2015:02:25:02 -0500] "GET /forms/java/oracle/forms/registry/Registry.dat HTTP/1.1" 200 4213
186.145.58.53 - - [05/Oct/2015:02:25:02 -0500] "GET /forms/java/oracle/forms/registry/default.dat HTTP/1.1" 404 350
186.145.58.53 - - [05/Oct/2015:02:25:02 -0500] "GET /forms/frmservlet?config=sia&acceptLanguage=es-CO&ifcmd=startsession HTTP/1.1" 200 119
186.145.58.53 - - [05/Oct/2015:02:25:03 -0500] "GET /forms/lservlet;jsessionid=ac16012b30d6c20fc82f62ac4e148c7c89bd54c3931f.e3iSbxaKaheRe38Ka34Oa3eLbxf0n6jAmljGr5XDqQLvpAe?ifcmd=getinfo&ifhost=Edgar-PC&ifip=192.168.0.13 HTTP/1.1" 200 8
186.145.58.53 - - [05/Oct/2015:02:25:03 -0500] "POST /forms/lservlet;jsessionid=ac16012b30d6c20fc82f62ac4e148c7c89bd54c3931f.e3iSbxaKaheRe38Ka34Oa3eLbxf0n6jAmljGr5XDqQLvpAe HTTP/1.1" 200 8
186.145.58.53 - - [05/Oct/2015:02:25:04 -0500] "GET /forms/java/oracle/forms/engine/RunformBundle_es_CO.class HTTP/1.1" 404 362
186.145.58.53 - - [05/Oct/2015:02:25:04 -0500] "GET /forms/java/oracle/forms/engine/RunformBundle_es_CO.class HTTP/1.1" 404 362
186.145.58.53 - - [05/Oct/2015:02:25:04 -0500] "GET /forms/java/oracle/forms/engine/RunformBundle_es_CO.properties HTTP/1.1" 404 367
186.145.58.53 - - [05/Oct/2015:02:25:04 -0500] "POST /forms/lservlet;jsessionid=ac16012b30d6c20fc82f62ac4e148c7c89bd54c3931f.e3iSbxaKaheRe38Ka34Oa3eLbxf0n6jAmljGr5XDqQLvpAe HTTP/1.1" 200 64000
186.145.58.53 - - [05/Oct/2015:02:25:05 -0500] "POST /forms/lservlet;jsessionid=ac16012b30d6c20fc82f62ac4e148c7c89bd54c3931f.e3iSbxaKaheRe38Ka34Oa3eLbxf0n6jAmljGr5XDqQLvpAe HTTP/1.1" 200 64000
186.145.58.53 - - [05/Oct/2015:02:25:05 -0500] "POST /forms/lservlet;jsessionid=ac16012b30d6c20fc82f62ac4e148c7c89bd54c3931f.e3iSbxaKaheRe38Ka34Oa3eLbxf0n6jAmljGr5XDqQLvpAe HTTP/1.1" 200 63623
186.145.58.53 - - [05/Oct/2015:02:25:06 -0500] "HEAD /imagenes/dama_logo.gif HTTP/1.1" 200 -
66.249.65.227 - - [05/Oct/2015:02:25:06 -0500] "GET /BLA/resoluciones/RESOLUCIONES%202013/0936.pdf HTTP/1.1" 304 -
186.145.58.53 - - [05/Oct/2015:02:25:06 -0500] "GET /imagenes/dama_logo.gif HTTP/1.1" 200 21482
186.145.58.53 - - [05/Oct/2015:02:25:07 -0500] "POST /forms/lservlet;jsessionid=ac16012b30d6c20fc82f62ac4e148c7c89bd54c3931f.e3iSbxaKaheRe38Ka34Oa3eLbxf0n6jAmljGr5XDqQLvpAe HTTP/1.1" 200 2
186.145.58.53 - - [05/Oct/2015:02:25:07 -0500] "POST /forms/lservlet;jsessionid=ac16012b30d6c20fc82f62ac4e148c7c89bd54c3931f.e3iSbxaKaheRe38Ka34Oa3eLbxf0n6jAmljGr5XDqQLvpAe HTTP/1.1" 200 2
201.245.192.253 - - [05/Oct/2015:02:25:08 -0500] "POST /forms/lservlet;jsessionid=ac16012b30d62e507505f2c64e898405c7619f87fb44.e3iSbxaKaheRe38Ka34Oa3eLbxf0n6jAmljGr5XDqQLvpAe HTTP/1.1" 200 2
62.149.143.143 - - [05/Oct/2015:02:25:25 -0500] "POST /wp-login.php HTTP/1.1" 301 332
66.249.65.213 - - [05/Oct/2015:02:25:29 -0500] "GET /BLA/resoluciones/RESOLUCIONES%202010/6504.pdf HTTP/1.1" 304 -
186.145.58.53 - - [05/Oct/2015:02:25:32 -0500] "POST /forms/lservlet;jsessionid=ac16012b30d6c20fc82f62ac4e148c7c89bd54c3931f.e3iSbxaKaheRe38Ka34Oa3eLbxf0n6jAmljGr5XDqQLvpAe HTTP/1.1" 200 7996
186.145.58.53 - - [05/Oct/2015:02:25:33 -0500] "POST /forms/lservlet;jsessionid=ac16012b30d6c20fc82f62ac4e148c7c89bd54c3931f.e3iSbxaKaheRe38Ka34Oa3eLbxf0n6jAmljGr5XDqQLvpAe HTTP/1.1" 200 64
186.145.58.53 - - [05/Oct/2015:02:25:33 -0500] "POST /forms/lservlet;jsessionid=ac16012b30d6c20fc82f62ac4e148c7c89bd54c3931f.e3iSbxaKaheRe38Ka34Oa3eLbxf0n6jAmljGr5XDqQLvpAe HTTP/1.1" 200 2
186.145.58.53 - - [05/Oct/2015:02:25:33 -0500] "POST /forms/lservlet;jsessionid=ac16012b30d6c20fc82f62ac4e148c7c89bd54c3931f.e3iSbxaKaheRe38Ka34Oa3eLbxf0n6jAmljGr5XDqQLvpAe HTTP/1.1" 200 2
186.145.58.53 - - [05/Oct/2015:02:25:33 -0500] "POST /forms/lservlet;jsessionid=ac16012b30d6c20fc82f62ac4e148c7c89bd54c3931f.e3iSbxaKaheRe38Ka34Oa3eLbxf0n6jAmljGr5XDqQLvpAe HTTP/1.1" 200 2
186.145.58.53 - - [05/Oct/2015:02:25:36 -0500] "POST /forms/lservlet;jsessionid=ac16012b30d6c20fc82f62ac4e148c7c89bd54c3931f.e3iSbxaKaheRe38Ka34Oa3eLbxf0n6jAmljGr5XDqQLvpAe HTTP/1.1" 200 34716
186.145.58.53 - - [05/Oct/2015:02:25:37 -0500] "GET /imagenes/listval.gif HTTP/1.1" 200 905
186.145.58.53 - - [05/Oct/2015:02:25:37 -0500] "GET /imagenes/tree1.gif HTTP/1.1" 200 1161
186.145.58.53 - - [05/Oct/2015:02:25:37 -0500] "GET /imagenes/CAMERA3.gif HTTP/1.1" 200 4150
186.145.58.53 - - [05/Oct/2015:02:25:37 -0500] "GET /imagenes/SLIDE1.gif HTTP/1.1" 200 1111
186.145.58.53 - - [05/Oct/2015:02:25:37 -0500] "GET /imagenes/flexcomb.gif HTTP/1.1" 200 1169
186.145.58.53 - - [05/Oct/2015:02:25:37 -0500] "GET /imagenes/GO.gif HTTP/1.1" 200 904
186.145.58.53 - - [05/Oct/2015:02:25:37 -0500] "GET /imagenes/HRTOOLS.gif HTTP/1.1" 200 2238
186.145.58.53 - - [05/Oct/2015:02:25:37 -0500] "GET /imagenes/rt_rec1.gif HTTP/1.1" 200 867
186.145.58.53 - - [05/Oct/2015:02:25:37 -0500] "GET /imagenes/apply.gif HTTP/1.1" 200 903
186.145.58.53 - - [05/Oct/2015:02:25:37 -0500] "GET /imagenes/exit.gif HTTP/1.1" 200 916
186.145.58.53 - - [05/Oct/2015:02:25:37 -0500] "GET /imagenes/LISTVAL.gif HTTP/1.1" 200 905
186.145.58.53 - - [05/Oct/2015:02:25:37 -0500] "GET /imagenes/edit.gif HTTP/1.1" 200 919
186.145.58.53 - - [05/Oct/2015:02:25:37 -0500] "GET /imagenes/rt_rec4.gif HTTP/1.1" 200 865
186.145.58.53 - - [05/Oct/2015:02:25:37 -0500] "GET /imagenes/rt_rec3.gif HTTP/1.1" 200 844
186.145.58.53 - - [05/Oct/2015:02:25:37 -0500] "GET /imagenes/rt_rec2.gif HTTP/1.1" 200 847
186.145.58.53 - - [05/Oct/2015:02:25:37 -0500] "GET /imagenes/rt_rdel.gif HTTP/1.1" 200 899
186.145.58.53 - - [05/Oct/2015:02:25:37 -0500] "GET /imagenes/rt_radd.gif HTTP/1.1" 200 907
186.145.58.53 - - [05/Oct/2015:02:25:37 -0500] "GET /imagenes/rt_quer3.gif HTTP/1.1" 200 939
186.145.58.53 - - [05/Oct/2015:02:25:37 -0500] "GET /imagenes/rt_quer2.gif HTTP/1.1" 200 936
186.145.58.53 - - [05/Oct/2015:02:25:37 -0500] "GET /imagenes/rt_quer1.gif HTTP/1.1" 200 930
186.145.58.53 - - [05/Oct/2015:02:25:38 -0500] "GET /imagenes/rt_save.gif HTTP/1.1" 200 903
186.145.58.53 - - [05/Oct/2015:02:25:38 -0500] "GET /imagenes/rt_pset.gif HTTP/1.1" 200 914
186.145.58.53 - - [05/Oct/2015:02:25:38 -0500] "GET /imagenes/QUEJA.gif HTTP/1.1" 200 1091
186.145.58.53 - - [05/Oct/2015:02:25:38 -0500] "GET /imagenes/ARBOL.gif HTTP/1.1" 200 1026
186.145.58.53 - - [05/Oct/2015:02:25:38 -0500] "GET /imagenes/Clipboard.gif HTTP/1.1" 200 1466
186.145.58.53 - - [05/Oct/2015:02:25:38 -0500] "GET /imagenes/DINERO.gif HTTP/1.1" 200 1766
186.145.58.53 - - [05/Oct/2015:02:25:38 -0500] "GET /imagenes/URGENTE.gif HTTP/1.1" 200 964
186.145.58.53 - - [05/Oct/2015:02:25:38 -0500] "GET /imagenes/TREE4.gif HTTP/1.1" 200 4150
186.145.58.53 - - [05/Oct/2015:02:25:38 -0500] "POST /forms/lservlet;jsessionid=ac16012b30d6c20fc82f62ac4e148c7c89bd54c3931f.e3iSbxaKaheRe38Ka34Oa3eLbxf0n6jAmljGr5XDqQLvpAe HTTP/1.1" 200 7
186.145.58.53 - - [05/Oct/2015:02:25:38 -0500] "POST /forms/lservlet;jsessionid=ac16012b30d6c20fc82f62ac4e148c7c89bd54c3931f.e3iSbxaKaheRe38Ka34Oa3eLbxf0n6jAmljGr5XDqQLvpAe HTTP/1.1" 200 34
186.145.58.53 - - [05/Oct/2015:02:25:38 -0500] "POST /forms/lservlet;jsessionid=ac16012b30d6c20fc82f62ac4e148c7c89bd54c3931f.e3iSbxaKaheRe38Ka34Oa3eLbxf0n6jAmljGr5XDqQLvpAe HTTP/1.1" 200 2
186.145.58.53 - - [05/Oct/2015:02:25:41 -0500] "POST /forms/lservlet;jsessionid=ac16012b30d6c20fc82f62ac4e148c7c89bd54c3931f.e3iSbxaKaheRe38Ka34Oa3eLbxf0n6jAmljGr5XDqQLvpAe HTTP/1.1" 200 2
186.145.58.53 - - [05/Oct/2015:02:25:41 -0500] "POST /forms/lservlet;jsessionid=ac16012b30d6c20fc82f62ac4e148c7c89bd54c3931f.e3iSbxaKaheRe38Ka34Oa3eLbxf0n6jAmljGr5XDqQLvpAe HTTP/1.1" 200 699
186.145.58.53 - - [05/Oct/2015:02:25:42 -0500] "GET /imagenes/Srch_frw.gif HTTP/1.1" 200 925
186.145.58.53 - - [05/Oct/2015:02:25:42 -0500] "POST /forms/lservlet;jsessionid=ac16012b30d6c20fc82f62ac4e148c7c89bd54c3931f.e3iSbxaKaheRe38Ka34Oa3eLbxf0n6jAmljGr5XDqQLvpAe HTTP/1.1" 200 10
66.249.65.220 - - [05/Oct/2015:02:25:52 -0500] "GET /BLA/resoluciones/RESOLUCIONES%202010/5779.pdf HTTP/1.1" 304 -
66.249.65.220 - - [05/Oct/2015:02:26:14 -0500] "GET /BLA/resoluciones/RESOLUCIONES%202010/6514.pdf HTTP/1.1" 304 -
186.145.58.53 - - [05/Oct/2015:02:26:27 -0500] "POST /forms/lservlet;jsessionid=ac16012b30d6c20fc82f62ac4e148c7c89bd54c3931f.e3iSbxaKaheRe38Ka34Oa3eLbxf0n6jAmljGr5XDqQLvpAe HTTP/1.1" 200 24
186.145.58.53 - - [05/Oct/2015:02:26:27 -0500] "POST /forms/lservlet;jsessionid=ac16012b30d6c20fc82f62ac4e148c7c89bd54c3931f.e3iSbxaKaheRe38Ka34Oa3eLbxf0n6jAmljGr5XDqQLvpAe HTTP/1.1" 200 14
186.145.58.53 - - [05/Oct/2015:02:26:28 -0500] "POST /forms/lservlet;jsessionid=ac16012b30d6c20fc82f62ac4e148c7c89bd54c3931f.e3iSbxaKaheRe38Ka34Oa3eLbxf0n6jAmljGr5XDqQLvpAe HTTP/1.1" 200 14
186.145.58.53 - - [05/Oct/2015:02:26:29 -0500] "POST /forms/lservlet;jsessionid=ac16012b30d6c20fc82f62ac4e148c7c89bd54c3931f.e3iSbxaKaheRe38Ka34Oa3eLbxf0n6jAmljGr5XDqQLvpAe HTTP/1.1" 200 4020
186.145.58.53 - - [05/Oct/2015:02:26:30 -0500] "POST /forms/lservlet;jsessionid=ac16012b30d6c20fc82f62ac4e148c7c89bd54c3931f.e3iSbxaKaheRe38Ka34Oa3eLbxf0n6jAmljGr5XDqQLvpAe HTTP/1.1" 200 2
186.145.58.53 - - [05/Oct/2015:02:26:32 -0500] "POST /forms/lservlet;jsessionid=ac16012b30d6c20fc82f62ac4e148c7c89bd54c3931f.e3iSbxaKaheRe38Ka34Oa3eLbxf0n6jAmljGr5XDqQLvpAe HTTP/1.1" 200 2
186.145.58.53 - - [05/Oct/2015:02:26:32 -0500] "POST /forms/lservlet;jsessionid=ac16012b30d6c20fc82f62ac4e148c7c89bd54c3931f.e3iSbxaKaheRe38Ka34Oa3eLbxf0n6jAmljGr5XDqQLvpAe HTTP/1.1" 200 14
186.145.58.53 - - [05/Oct/2015:02:26:34 -0500] "POST /forms/lservlet;jsessionid=ac16012b30d6c20fc82f62ac4e148c7c89bd54c3931f.e3iSbxaKaheRe38Ka34Oa3eLbxf0n6jAmljGr5XDqQLvpAe HTTP/1.1" 200 14
186.145.58.53 - - [05/Oct/2015:02:26:35 -0500] "POST /forms/lservlet;jsessionid=ac16012b30d6c20fc82f62ac4e148c7c89bd54c3931f.e3iSbxaKaheRe38Ka34Oa3eLbxf0n6jAmljGr5XDqQLvpAe HTTP/1.1" 200 131
186.145.58.53 - - [05/Oct/2015:02:26:36 -0500] "POST /forms/lservlet;jsessionid=ac16012b30d6c20fc82f62ac4e148c7c89bd54c3931f.e3iSbxaKaheRe38Ka34Oa3eLbxf0n6jAmljGr5XDqQLvpAe HTTP/1.1" 200 2
66.249.65.227 - - [05/Oct/2015:02:26:37 -0500] "GET /BLA/resoluciones/RESOLUCIONES%202011/5101.pdf HTTP/1.1" 304 -
186.145.58.53 - - [05/Oct/2015:02:26:36 -0500] "GET /reports/rwservlet/getjobid361836?server=rep_srvapsda HTTP/1.1" 200 491291
186.145.58.53 - - [05/Oct/2015:02:26:39 -0500] "POST /forms/lservlet;jsessionid=ac16012b30d6c20fc82f62ac4e148c7c89bd54c3931f.e3iSbxaKaheRe38Ka34Oa3eLbxf0n6jAmljGr5XDqQLvpAe HTTP/1.1" 200 2
186.145.58.53 - - [05/Oct/2015:02:26:39 -0500] "POST /forms/lservlet;jsessionid=ac16012b30d6c20fc82f62ac4e148c7c89bd54c3931f.e3iSbxaKaheRe38Ka34Oa3eLbxf0n6jAmljGr5XDqQLvpAe HTTP/1.1" 200 97
186.145.58.53 - - [05/Oct/2015:02:26:40 -0500] "POST /forms/lservlet;jsessionid=ac16012b30d6c20fc82f62ac4e148c7c89bd54c3931f.e3iSbxaKaheRe38Ka34Oa3eLbxf0n6jAmljGr5XDqQLvpAe HTTP/1.1" 200 2
186.145.58.53 - - [05/Oct/2015:02:26:41 -0500] "POST /forms/lservlet;jsessionid=ac16012b30d6c20fc82f62ac4e148c7c89bd54c3931f.e3iSbxaKaheRe38Ka34Oa3eLbxf0n6jAmljGr5XDqQLvpAe HTTP/1.1" 200 2
186.145.58.53 - - [05/Oct/2015:02:26:41 -0500] "POST /forms/lservlet;jsessionid=ac16012b30d6c20fc82f62ac4e148c7c89bd54c3931f.e3iSbxaKaheRe38Ka34Oa3eLbxf0n6jAmljGr5XDqQLvpAe HTTP/1.1" 200 28
186.145.58.53 - - [05/Oct/2015:02:26:42 -0500] "POST /forms/lservlet;jsessionid=ac16012b30d6c20fc82f62ac4e148c7c89bd54c3931f.e3iSbxaKaheRe38Ka34Oa3eLbxf0n6jAmljGr5XDqQLvpAe HTTP/1.1" 200 2
186.145.58.53 - - [05/Oct/2015:02:26:42 -0500] "POST /forms/lservlet;jsessionid=ac16012b30d6c20fc82f62ac4e148c7c89bd54c3931f.e3iSbxaKaheRe38Ka34Oa3eLbxf0n6jAmljGr5XDqQLvpAe HTTP/1.1" 200 14
186.145.58.53 - - [05/Oct/2015:02:26:44 -0500] "POST /forms/lservlet;jsessionid=ac16012b30d6c20fc82f62ac4e148c7c89bd54c3931f.e3iSbxaKaheRe38Ka34Oa3eLbxf0n6jAmljGr5XDqQLvpAe HTTP/1.1" 200 14
186.145.58.53 - - [05/Oct/2015:02:26:45 -0500] "POST /forms/lservlet;jsessionid=ac16012b30d6c20fc82f62ac4e148c7c89bd54c3931f.e3iSbxaKaheRe38Ka34Oa3eLbxf0n6jAmljGr5XDqQLvpAe HTTP/1.1" 200 14
186.145.58.53 - - [05/Oct/2015:02:26:47 -0500] "POST /forms/lservlet;jsessionid=ac16012b30d6c20fc82f62ac4e148c7c89bd54c3931f.e3iSbxaKaheRe38Ka34Oa3eLbxf0n6jAmljGr5XDqQLvpAe HTTP/1.1" 200 14
186.145.58.53 - - [05/Oct/2015:02:26:48 -0500] "POST /forms/lservlet;jsessionid=ac16012b30d6c20fc82f62ac4e148c7c89bd54c3931f.e3iSbxaKaheRe38Ka34Oa3eLbxf0n6jAmljGr5XDqQLvpAe HTTP/1.1" 200 15
