186.85.90.90 - - [06/Oct/2015:05:43:42 -0500] "POST /forms/lservlet;jsessionid=ac16012b30d63e90c45a80b845eb8f75fb3a9ecfdaf3.e3iSbxaKaheRe38Ka34Oa3eLbxf0n6jAmljGr5XDqQLvpAe HTTP/1.1" 200 4132
186.85.90.90 - - [06/Oct/2015:05:43:43 -0500] "POST /forms/lservlet;jsessionid=ac16012b30d63e90c45a80b845eb8f75fb3a9ecfdaf3.e3iSbxaKaheRe38Ka34Oa3eLbxf0n6jAmljGr5XDqQLvpAe HTTP/1.1" 200 2
186.85.90.90 - - [06/Oct/2015:05:43:44 -0500] "POST /forms/lservlet;jsessionid=ac16012b30d63e90c45a80b845eb8f75fb3a9ecfdaf3.e3iSbxaKaheRe38Ka34Oa3eLbxf0n6jAmljGr5XDqQLvpAe HTTP/1.1" 200 78
66.249.64.96 - - [06/Oct/2015:05:43:57 -0500] "GET /BLA/resoluciones/RESOLUCIONES%202009/3538.pdf HTTP/1.1" 200 720952
186.85.90.90 - - [06/Oct/2015:05:44:04 -0500] "POST /forms/lservlet;jsessionid=ac16012b30d63e90c45a80b845eb8f75fb3a9ecfdaf3.e3iSbxaKaheRe38Ka34Oa3eLbxf0n6jAmljGr5XDqQLvpAe HTTP/1.1" 200 2
186.85.90.90 - - [06/Oct/2015:05:44:04 -0500] "POST /forms/lservlet;jsessionid=ac16012b30d63e90c45a80b845eb8f75fb3a9ecfdaf3.e3iSbxaKaheRe38Ka34Oa3eLbxf0n6jAmljGr5XDqQLvpAe HTTP/1.1" 200 2396
186.85.90.90 - - [06/Oct/2015:05:44:04 -0500] "POST /forms/lservlet;jsessionid=ac16012b30d63e90c45a80b845eb8f75fb3a9ecfdaf3.e3iSbxaKaheRe38Ka34Oa3eLbxf0n6jAmljGr5XDqQLvpAe HTTP/1.1" 200 15
186.85.90.90 - - [06/Oct/2015:05:44:05 -0500] "POST /forms/lservlet;jsessionid=ac16012b30d63e90c45a80b845eb8f75fb3a9ecfdaf3.e3iSbxaKaheRe38Ka34Oa3eLbxf0n6jAmljGr5XDqQLvpAe HTTP/1.1" 200 26
186.85.90.90 - - [06/Oct/2015:05:44:06 -0500] "POST /forms/lservlet;jsessionid=ac16012b30d63e90c45a80b845eb8f75fb3a9ecfdaf3.e3iSbxaKaheRe38Ka34Oa3eLbxf0n6jAmljGr5XDqQLvpAe HTTP/1.1" 200 4062
186.85.90.90 - - [06/Oct/2015:05:44:06 -0500] "POST /forms/lservlet;jsessionid=ac16012b30d63e90c45a80b845eb8f75fb3a9ecfdaf3.e3iSbxaKaheRe38Ka34Oa3eLbxf0n6jAmljGr5XDqQLvpAe HTTP/1.1" 200 2
181.50.77.217 - - [06/Oct/2015:05:44:10 -0500] "GET /forms/frmservlet?config=sia HTTP/1.1" 200 4028
181.50.77.217 - - [06/Oct/2015:05:44:22 -0500] "GET /forms/java/frmall_jinit.jar HTTP/1.1" 304 -
181.50.77.217 - - [06/Oct/2015:05:44:22 -0500] "GET /forms/java/icons.jar HTTP/1.1" 304 -
181.50.77.217 - - [06/Oct/2015:05:44:23 -0500] "GET /forms/java/java/awt/KeyboardFocusManager.class HTTP/1.1" 404 352
181.50.77.217 - - [06/Oct/2015:05:44:23 -0500] "GET /forms/java/java/awt/KeyboardFocusManager.class HTTP/1.1" 404 352
181.50.77.217 - - [06/Oct/2015:05:44:23 -0500] "GET /favicon.ico HTTP/1.1" 200 7782
181.50.77.217 - - [06/Oct/2015:05:44:24 -0500] "GET /forms/java/java/awt/event/MouseWheelListener.class HTTP/1.1" 404 356
181.50.77.217 - - [06/Oct/2015:05:44:24 -0500] "GET /forms/java/java/awt/event/MouseWheelListener.class HTTP/1.1" 404 356
181.50.77.217 - - [06/Oct/2015:05:44:25 -0500] "GET /forms/java/oracle/forms/registry/Registry.dat HTTP/1.1" 200 4213
181.50.77.217 - - [06/Oct/2015:05:44:25 -0500] "GET /forms/java/oracle/forms/registry/default.dat HTTP/1.1" 404 350
181.50.77.217 - - [06/Oct/2015:05:44:25 -0500] "GET /forms/frmservlet?config=sia&acceptLanguage=es-CO&ifcmd=startsession HTTP/1.1" 200 119
181.50.77.217 - - [06/Oct/2015:05:44:25 -0500] "GET /forms/lservlet;jsessionid=ac16012b30d67327e6abf7974de294c3a63ec74a04e5.e3iSbxaKaheRe38Ka34Oa3eLbxf0n6jAmljGr5XDqQLvpAe?ifcmd=getinfo&ifhost=LuisJavier&ifip=192.168.0.19 HTTP/1.1" 200 8
181.50.77.217 - - [06/Oct/2015:05:44:25 -0500] "POST /forms/lservlet;jsessionid=ac16012b30d67327e6abf7974de294c3a63ec74a04e5.e3iSbxaKaheRe38Ka34Oa3eLbxf0n6jAmljGr5XDqQLvpAe HTTP/1.1" 200 8
181.50.77.217 - - [06/Oct/2015:05:44:26 -0500] "GET /forms/java/oracle/forms/engine/RunformBundle_es_CO.class HTTP/1.1" 404 362
181.50.77.217 - - [06/Oct/2015:05:44:26 -0500] "GET /forms/java/oracle/forms/engine/RunformBundle_es_CO.class HTTP/1.1" 404 362
181.50.77.217 - - [06/Oct/2015:05:44:26 -0500] "GET /forms/java/oracle/forms/engine/RunformBundle_es_CO.properties HTTP/1.1" 404 367
181.50.77.217 - - [06/Oct/2015:05:44:26 -0500] "POST /forms/lservlet;jsessionid=ac16012b30d67327e6abf7974de294c3a63ec74a04e5.e3iSbxaKaheRe38Ka34Oa3eLbxf0n6jAmljGr5XDqQLvpAe HTTP/1.1" 200 64000
181.50.77.217 - - [06/Oct/2015:05:44:28 -0500] "POST /forms/lservlet;jsessionid=ac16012b30d67327e6abf7974de294c3a63ec74a04e5.e3iSbxaKaheRe38Ka34Oa3eLbxf0n6jAmljGr5XDqQLvpAe HTTP/1.1" 200 64000
66.249.64.96 - - [06/Oct/2015:05:44:29 -0500] "GET /BLA/resoluciones/RESOLUCIONES%202009/4030.pdf HTTP/1.1" 200 220931
181.50.77.217 - - [06/Oct/2015:05:44:28 -0500] "POST /forms/lservlet;jsessionid=ac16012b30d67327e6abf7974de294c3a63ec74a04e5.e3iSbxaKaheRe38Ka34Oa3eLbxf0n6jAmljGr5XDqQLvpAe HTTP/1.1" 200 63623
181.50.77.217 - - [06/Oct/2015:05:44:30 -0500] "HEAD /imagenes/dama_logo.gif HTTP/1.1" 200 -
181.50.77.217 - - [06/Oct/2015:05:44:30 -0500] "GET /imagenes/dama_logo.gif HTTP/1.1" 200 21482
181.50.77.217 - - [06/Oct/2015:05:44:30 -0500] "POST /forms/lservlet;jsessionid=ac16012b30d67327e6abf7974de294c3a63ec74a04e5.e3iSbxaKaheRe38Ka34Oa3eLbxf0n6jAmljGr5XDqQLvpAe HTTP/1.1" 200 2
181.50.77.217 - - [06/Oct/2015:05:44:31 -0500] "POST /forms/lservlet;jsessionid=ac16012b30d67327e6abf7974de294c3a63ec74a04e5.e3iSbxaKaheRe38Ka34Oa3eLbxf0n6jAmljGr5XDqQLvpAe HTTP/1.1" 200 2
66.249.64.101 - - [06/Oct/2015:05:44:34 -0500] "GET /BLA/resoluciones/RESOLUCIONES%202010/0620.pdf HTTP/1.1" 200 525794
66.249.64.101 - - [06/Oct/2015:05:44:36 -0500] "GET /BLA/resoluciones/RESOLUCIONES%202007/RES%202007%20201%20AL%20300/RESOLUCION%200239%20DE%202007.pdf HTTP/1.1" 200 160621
74.86.158.107 - - [06/Oct/2015:05:44:41 -0500] "HEAD / HTTP/1.1" 200 -
181.50.77.217 - - [06/Oct/2015:05:44:41 -0500] "POST /forms/lservlet;jsessionid=ac16012b30d67327e6abf7974de294c3a63ec74a04e5.e3iSbxaKaheRe38Ka34Oa3eLbxf0n6jAmljGr5XDqQLvpAe HTTP/1.1" 200 7996
181.50.77.217 - - [06/Oct/2015:05:44:42 -0500] "POST /forms/lservlet;jsessionid=ac16012b30d67327e6abf7974de294c3a63ec74a04e5.e3iSbxaKaheRe38Ka34Oa3eLbxf0n6jAmljGr5XDqQLvpAe HTTP/1.1" 200 64
181.50.77.217 - - [06/Oct/2015:05:44:42 -0500] "POST /forms/lservlet;jsessionid=ac16012b30d67327e6abf7974de294c3a63ec74a04e5.e3iSbxaKaheRe38Ka34Oa3eLbxf0n6jAmljGr5XDqQLvpAe HTTP/1.1" 200 2
181.50.77.217 - - [06/Oct/2015:05:44:42 -0500] "POST /forms/lservlet;jsessionid=ac16012b30d67327e6abf7974de294c3a63ec74a04e5.e3iSbxaKaheRe38Ka34Oa3eLbxf0n6jAmljGr5XDqQLvpAe HTTP/1.1" 200 2
181.50.77.217 - - [06/Oct/2015:05:44:42 -0500] "POST /forms/lservlet;jsessionid=ac16012b30d67327e6abf7974de294c3a63ec74a04e5.e3iSbxaKaheRe38Ka34Oa3eLbxf0n6jAmljGr5XDqQLvpAe HTTP/1.1" 200 2
181.50.77.217 - - [06/Oct/2015:05:44:45 -0500] "POST /forms/lservlet;jsessionid=ac16012b30d67327e6abf7974de294c3a63ec74a04e5.e3iSbxaKaheRe38Ka34Oa3eLbxf0n6jAmljGr5XDqQLvpAe HTTP/1.1" 200 34716
181.50.77.217 - - [06/Oct/2015:05:44:47 -0500] "GET /imagenes/listval.gif HTTP/1.1" 200 905
181.50.77.217 - - [06/Oct/2015:05:44:47 -0500] "GET /imagenes/tree1.gif HTTP/1.1" 200 1161
181.50.77.217 - - [06/Oct/2015:05:44:47 -0500] "GET /imagenes/CAMERA3.gif HTTP/1.1" 200 4150
181.50.77.217 - - [06/Oct/2015:05:44:47 -0500] "GET /imagenes/SLIDE1.gif HTTP/1.1" 200 1111
181.50.77.217 - - [06/Oct/2015:05:44:47 -0500] "GET /imagenes/flexcomb.gif HTTP/1.1" 200 1169
181.50.77.217 - - [06/Oct/2015:05:44:47 -0500] "GET /imagenes/GO.gif HTTP/1.1" 200 904
181.50.77.217 - - [06/Oct/2015:05:44:47 -0500] "GET /imagenes/HRTOOLS.gif HTTP/1.1" 200 2238
181.50.77.217 - - [06/Oct/2015:05:44:47 -0500] "GET /imagenes/rt_rec1.gif HTTP/1.1" 200 867
181.50.77.217 - - [06/Oct/2015:05:44:47 -0500] "GET /imagenes/apply.gif HTTP/1.1" 200 903
181.50.77.217 - - [06/Oct/2015:05:44:47 -0500] "GET /imagenes/exit.gif HTTP/1.1" 200 916
181.50.77.217 - - [06/Oct/2015:05:44:48 -0500] "GET /imagenes/LISTVAL.gif HTTP/1.1" 200 905
181.50.77.217 - - [06/Oct/2015:05:44:48 -0500] "GET /imagenes/edit.gif HTTP/1.1" 200 919
181.50.77.217 - - [06/Oct/2015:05:44:48 -0500] "GET /imagenes/rt_rec4.gif HTTP/1.1" 200 865
181.50.77.217 - - [06/Oct/2015:05:44:48 -0500] "GET /imagenes/rt_rec3.gif HTTP/1.1" 200 844
181.50.77.217 - - [06/Oct/2015:05:44:48 -0500] "GET /imagenes/rt_rec2.gif HTTP/1.1" 200 847
181.50.77.217 - - [06/Oct/2015:05:44:48 -0500] "GET /imagenes/rt_rdel.gif HTTP/1.1" 200 899
181.50.77.217 - - [06/Oct/2015:05:44:48 -0500] "GET /imagenes/rt_radd.gif HTTP/1.1" 200 907
181.50.77.217 - - [06/Oct/2015:05:44:48 -0500] "GET /imagenes/rt_quer3.gif HTTP/1.1" 200 939
181.50.77.217 - - [06/Oct/2015:05:44:48 -0500] "GET /imagenes/rt_quer2.gif HTTP/1.1" 200 936
181.50.77.217 - - [06/Oct/2015:05:44:48 -0500] "GET /imagenes/rt_quer1.gif HTTP/1.1" 200 930
181.50.77.217 - - [06/Oct/2015:05:44:48 -0500] "GET /imagenes/rt_save.gif HTTP/1.1" 200 903
181.50.77.217 - - [06/Oct/2015:05:44:48 -0500] "GET /imagenes/rt_pset.gif HTTP/1.1" 200 914
181.50.77.217 - - [06/Oct/2015:05:44:48 -0500] "GET /imagenes/QUEJA.gif HTTP/1.1" 200 1091
181.50.77.217 - - [06/Oct/2015:05:44:48 -0500] "GET /imagenes/ARBOL.gif HTTP/1.1" 200 1026
181.50.77.217 - - [06/Oct/2015:05:44:48 -0500] "GET /imagenes/Clipboard.gif HTTP/1.1" 200 1466
181.50.77.217 - - [06/Oct/2015:05:44:48 -0500] "GET /imagenes/DINERO.gif HTTP/1.1" 200 1766
181.50.77.217 - - [06/Oct/2015:05:44:48 -0500] "GET /imagenes/URGENTE.gif HTTP/1.1" 200 964
181.50.77.217 - - [06/Oct/2015:05:44:48 -0500] "GET /imagenes/TREE4.gif HTTP/1.1" 200 4150
181.50.77.217 - - [06/Oct/2015:05:44:48 -0500] "POST /forms/lservlet;jsessionid=ac16012b30d67327e6abf7974de294c3a63ec74a04e5.e3iSbxaKaheRe38Ka34Oa3eLbxf0n6jAmljGr5XDqQLvpAe HTTP/1.1" 200 7
181.50.77.217 - - [06/Oct/2015:05:44:48 -0500] "POST /forms/lservlet;jsessionid=ac16012b30d67327e6abf7974de294c3a63ec74a04e5.e3iSbxaKaheRe38Ka34Oa3eLbxf0n6jAmljGr5XDqQLvpAe HTTP/1.1" 200 34
181.50.77.217 - - [06/Oct/2015:05:44:48 -0500] "POST /forms/lservlet;jsessionid=ac16012b30d67327e6abf7974de294c3a63ec74a04e5.e3iSbxaKaheRe38Ka34Oa3eLbxf0n6jAmljGr5XDqQLvpAe HTTP/1.1" 200 2
181.50.77.217 - - [06/Oct/2015:05:44:48 -0500] "POST /forms/lservlet;jsessionid=ac16012b30d67327e6abf7974de294c3a63ec74a04e5.e3iSbxaKaheRe38Ka34Oa3eLbxf0n6jAmljGr5XDqQLvpAe HTTP/1.1" 200 647
181.50.77.217 - - [06/Oct/2015:05:45:00 -0500] "POST /forms/lservlet;jsessionid=ac16012b30d67327e6abf7974de294c3a63ec74a04e5.e3iSbxaKaheRe38Ka34Oa3eLbxf0n6jAmljGr5XDqQLvpAe HTTP/1.1" 200 24
181.50.77.217 - - [06/Oct/2015:05:45:00 -0500] "POST /forms/lservlet;jsessionid=ac16012b30d67327e6abf7974de294c3a63ec74a04e5.e3iSbxaKaheRe38Ka34Oa3eLbxf0n6jAmljGr5XDqQLvpAe HTTP/1.1" 200 6946
181.50.77.217 - - [06/Oct/2015:05:45:01 -0500] "POST /forms/lservlet;jsessionid=ac16012b30d67327e6abf7974de294c3a63ec74a04e5.e3iSbxaKaheRe38Ka34Oa3eLbxf0n6jAmljGr5XDqQLvpAe HTTP/1.1" 200 2
190.146.253.120 - - [06/Oct/2015:05:45:02 -0500] "GET /BLA/resoluciones/RESOLUCIONES%202008/0926.pdf HTTP/1.1" 200 194707
181.50.77.217 - - [06/Oct/2015:05:45:05 -0500] "POST /forms/lservlet;jsessionid=ac16012b30d67327e6abf7974de294c3a63ec74a04e5.e3iSbxaKaheRe38Ka34Oa3eLbxf0n6jAmljGr5XDqQLvpAe HTTP/1.1" 200 2
66.249.64.96 - - [06/Oct/2015:05:45:06 -0500] "GET /BLA/resoluciones/RESOLUCIONES%202007/RES%202007%201801%20AL%201900/RESOLUCION%201807%20DE%202007.pdf HTTP/1.1" 304 -
181.50.77.217 - - [06/Oct/2015:05:45:05 -0500] "POST /forms/lservlet;jsessionid=ac16012b30d67327e6abf7974de294c3a63ec74a04e5.e3iSbxaKaheRe38Ka34Oa3eLbxf0n6jAmljGr5XDqQLvpAe HTTP/1.1" 200 14
181.50.77.217 - - [06/Oct/2015:05:45:06 -0500] "POST /forms/lservlet;jsessionid=ac16012b30d67327e6abf7974de294c3a63ec74a04e5.e3iSbxaKaheRe38Ka34Oa3eLbxf0n6jAmljGr5XDqQLvpAe HTTP/1.1" 200 14
181.50.77.217 - - [06/Oct/2015:05:45:07 -0500] "POST /forms/lservlet;jsessionid=ac16012b30d67327e6abf7974de294c3a63ec74a04e5.e3iSbxaKaheRe38Ka34Oa3eLbxf0n6jAmljGr5XDqQLvpAe HTTP/1.1" 200 14
181.50.77.217 - - [06/Oct/2015:05:45:09 -0500] "POST /forms/lservlet;jsessionid=ac16012b30d67327e6abf7974de294c3a63ec74a04e5.e3iSbxaKaheRe38Ka34Oa3eLbxf0n6jAmljGr5XDqQLvpAe HTTP/1.1" 200 14
181.50.77.217 - - [06/Oct/2015:05:45:10 -0500] "POST /forms/lservlet;jsessionid=ac16012b30d67327e6abf7974de294c3a63ec74a04e5.e3iSbxaKaheRe38Ka34Oa3eLbxf0n6jAmljGr5XDqQLvpAe HTTP/1.1" 200 15
181.50.77.217 - - [06/Oct/2015:05:45:13 -0500] "POST /forms/lservlet;jsessionid=ac16012b30d67327e6abf7974de294c3a63ec74a04e5.e3iSbxaKaheRe38Ka34Oa3eLbxf0n6jAmljGr5XDqQLvpAe HTTP/1.1" 200 15
181.50.77.217 - - [06/Oct/2015:05:45:17 -0500] "POST /forms/lservlet;jsessionid=ac16012b30d67327e6abf7974de294c3a63ec74a04e5.e3iSbxaKaheRe38Ka34Oa3eLbxf0n6jAmljGr5XDqQLvpAe HTTP/1.1" 200 15
181.50.77.217 - - [06/Oct/2015:05:45:25 -0500] "POST /forms/lservlet;jsessionid=ac16012b30d67327e6abf7974de294c3a63ec74a04e5.e3iSbxaKaheRe38Ka34Oa3eLbxf0n6jAmljGr5XDqQLvpAe HTTP/1.1" 200 15
181.61.43.195 - - [06/Oct/2015:05:45:26 -0500] "GET /BLA/boletinlegal/js/jquery.scrollShow.js HTTP/1.1" 200 4586
181.61.43.195 - - [06/Oct/2015:05:45:26 -0500] "GET /galeria/galeria/jquery.fancybox.js?v=2.1.5 HTTP/1.1" 200 48706
181.61.43.195 - - [06/Oct/2015:05:45:26 -0500] "GET /galeria/galeria/jquery.fancybox.css?v=2.1.5 HTTP/1.1" 200 4895
181.61.43.195 - - [06/Oct/2015:05:45:26 -0500] "GET /galeria/carrusel/Carrusel/jquery.thumbnailScroller.css HTTP/1.1" 200 2066
181.61.43.195 - - [06/Oct/2015:05:45:26 -0500] "GET /galeria/carrusel/Carrusel/jquery-ui-1.8.13.custom.min.js HTTP/1.1" 200 10800
181.61.43.195 - - [06/Oct/2015:05:45:26 -0500] "GET /galeria/carrusel/Carrusel/jquery.thumbnailScroller.js HTTP/1.1" 200 8157
186.85.90.90 - - [06/Oct/2015:05:45:34 -0500] "POST /forms/lservlet;jsessionid=ac16012b30d63e90c45a80b845eb8f75fb3a9ecfdaf3.e3iSbxaKaheRe38Ka34Oa3eLbxf0n6jAmljGr5XDqQLvpAe HTTP/1.1" 200 2
181.50.77.217 - - [06/Oct/2015:05:45:34 -0500] "POST /forms/lservlet;jsessionid=ac16012b30d67327e6abf7974de294c3a63ec74a04e5.e3iSbxaKaheRe38Ka34Oa3eLbxf0n6jAmljGr5XDqQLvpAe HTTP/1.1" 200 15
181.50.77.217 - - [06/Oct/2015:05:45:43 -0500] "POST /forms/lservlet;jsessionid=ac16012b30d67327e6abf7974de294c3a63ec74a04e5.e3iSbxaKaheRe38Ka34Oa3eLbxf0n6jAmljGr5XDqQLvpAe HTTP/1.1" 200 15
181.50.77.217 - - [06/Oct/2015:05:45:52 -0500] "POST /forms/lservlet;jsessionid=ac16012b30d67327e6abf7974de294c3a63ec74a04e5.e3iSbxaKaheRe38Ka34Oa3eLbxf0n6jAmljGr5XDqQLvpAe HTTP/1.1" 200 15
181.61.43.195 - - [06/Oct/2015:05:45:54 -0500] "GET /galeria/nivo-slider/demo/demo.html HTTP/1.1" 200 3733
181.61.43.195 - - [06/Oct/2015:05:45:54 -0500] "GET /galeria/nivo-slider/themes/default/default.css HTTP/1.1" 200 1569
181.61.43.195 - - [06/Oct/2015:05:45:54 -0500] "GET /galeria/nivo-slider/themes/pascal/pascal.css HTTP/1.1" 200 2258
181.61.43.195 - - [06/Oct/2015:05:45:54 -0500] "GET /galeria/nivo-slider/nivo-slider.css HTTP/1.1" 200 1507
181.61.43.195 - - [06/Oct/2015:05:45:54 -0500] "GET /galeria/nivo-slider/themes/orman/orman.css HTTP/1.1" 200 2152
181.61.43.195 - - [06/Oct/2015:05:45:54 -0500] "GET /galeria/nivo-slider/demo/style.css HTTP/1.1" 200 2222
181.61.43.195 - - [06/Oct/2015:05:45:54 -0500] "GET /galeria/nivo-slider/demo/images/Arbol-banner2015.jpg HTTP/1.1" 200 231726
181.61.43.195 - - [06/Oct/2015:05:45:54 -0500] "GET /galeria/nivo-slider/demo/images/Banner-ahorro-de-agua.jpg HTTP/1.1" 200 149141
181.61.43.195 - - [06/Oct/2015:05:45:54 -0500] "GET /galeria/nivo-slider/demo/images/Banner-cursos.jpg HTTP/1.1" 200 207520
181.61.43.195 - - [06/Oct/2015:05:45:54 -0500] "GET /galeria/nivo-slider/demo/images/simulacro-busqueda-rescate-urbano.jpg HTTP/1.1" 200 251375
181.61.43.195 - - [06/Oct/2015:05:45:54 -0500] "GET /galeria/nivo-slider/demo/images/Plan-Quinquenal.jpg HTTP/1.1" 200 412438
181.61.43.195 - - [06/Oct/2015:05:45:54 -0500] "GET /galeria/nivo-slider/demo/images/PREDAcamp.jpg HTTP/1.1" 200 295358
181.61.43.195 - - [06/Oct/2015:05:45:57 -0500] "GET /galeria/nivo-slider/demo/images/4Simple_Slider.png HTTP/1.1" 200 11722
181.61.43.195 - - [06/Oct/2015:05:45:59 -0500] "GET /galeria/nivo-slider/themes/default/loading.gif HTTP/1.1" 200 1737
181.50.77.217 - - [06/Oct/2015:05:46:01 -0500] "POST /forms/lservlet;jsessionid=ac16012b30d67327e6abf7974de294c3a63ec74a04e5.e3iSbxaKaheRe38Ka34Oa3eLbxf0n6jAmljGr5XDqQLvpAe HTTP/1.1" 200 15
181.61.43.195 - - [06/Oct/2015:05:46:02 -0500] "GET /galeria/nivo-slider/demo/images/banner-llantas2.jpg HTTP/1.1" 200 204644
181.61.43.195 - - [06/Oct/2015:05:46:04 -0500] "GET /galeria/nivo-slider/demo/images/9Signos.jpg HTTP/1.1" 200 81776
181.61.43.195 - - [06/Oct/2015:05:46:04 -0500] "GET /galeria/nivo-slider/demo/images/Comparendo-ambiental-Banner.jpg HTTP/1.1" 200 83731
181.61.43.195 - - [06/Oct/2015:05:46:07 -0500] "GET /galeria/nivo-slider/demo/images/Ruta-vertimientos-01.jpg HTTP/1.1" 200 130151
181.61.43.195 - - [06/Oct/2015:05:46:07 -0500] "GET /galeria/nivo-slider/demo/images/bolsas-06.jpg HTTP/1.1" 200 90982
181.61.43.195 - - [06/Oct/2015:05:46:08 -0500] "GET /galeria/nivo-slider/demo/images/Conoce-los-humedales.jpg HTTP/1.1" 200 294036
181.61.43.195 - - [06/Oct/2015:05:46:09 -0500] "GET /galeria/nivo-slider/demo/images/ecolecta-Dic2014.png HTTP/1.1" 200 288593
181.50.77.217 - - [06/Oct/2015:05:46:10 -0500] "POST /forms/lservlet;jsessionid=ac16012b30d67327e6abf7974de294c3a63ec74a04e5.e3iSbxaKaheRe38Ka34Oa3eLbxf0n6jAmljGr5XDqQLvpAe HTTP/1.1" 200 15
181.61.43.195 - - [06/Oct/2015:05:46:12 -0500] "GET /galeria/nivo-slider/demo/scripts/jquery-1.7.1.min.js HTTP/1.1" 200 93868
181.61.43.195 - - [06/Oct/2015:05:46:13 -0500] "GET /galeria/nivo-slider/jquery.nivo.slider.pack.js HTTP/1.1" 200 11561
181.50.77.217 - - [06/Oct/2015:05:46:19 -0500] "POST /forms/lservlet;jsessionid=ac16012b30d67327e6abf7974de294c3a63ec74a04e5.e3iSbxaKaheRe38Ka34Oa3eLbxf0n6jAmljGr5XDqQLvpAe HTTP/1.1" 200 78
181.50.77.217 - - [06/Oct/2015:05:46:20 -0500] "POST /forms/lservlet;jsessionid=ac16012b30d67327e6abf7974de294c3a63ec74a04e5.e3iSbxaKaheRe38Ka34Oa3eLbxf0n6jAmljGr5XDqQLvpAe HTTP/1.1" 200 2
181.61.43.195 - - [06/Oct/2015:05:46:21 -0500] "GET /galeria/nivo-slider/themes/default/arrows.png HTTP/1.1" 200 824
181.61.43.195 - - [06/Oct/2015:05:46:21 -0500] "GET /galeria/nivo-slider/themes/default/bullets.png HTTP/1.1" 200 1281
181.50.77.217 - - [06/Oct/2015:05:46:26 -0500] "POST /forms/lservlet;jsessionid=ac16012b30d67327e6abf7974de294c3a63ec74a04e5.e3iSbxaKaheRe38Ka34Oa3eLbxf0n6jAmljGr5XDqQLvpAe HTTP/1.1" 200 2
66.249.64.96 - - [06/Oct/2015:05:46:45 -0500] "GET /BLA/resoluciones/RESOLUCIONES%202011/0959.pdf HTTP/1.1" 200 66335
66.249.64.101 - - [06/Oct/2015:05:46:55 -0500] "GET /BLA/resoluciones/RESOLUCIONES%202002/RES%202002%20951-1000/00000994.tif HTTP/1.1" 304 -
66.249.64.101 - - [06/Oct/2015:05:47:34 -0500] "GET /BLA/resoluciones/RESOLUCIONES%202008/0847.pdf HTTP/1.1" 200 342086
186.85.90.90 - - [06/Oct/2015:05:47:34 -0500] "POST /forms/lservlet;jsessionid=ac16012b30d63e90c45a80b845eb8f75fb3a9ecfdaf3.e3iSbxaKaheRe38Ka34Oa3eLbxf0n6jAmljGr5XDqQLvpAe HTTP/1.1" 200 2
66.249.64.101 - - [06/Oct/2015:05:47:36 -0500] "GET /BLA/resoluciones/AUTOS%202007/2107.pdf HTTP/1.1" 200 80103
66.249.64.106 - - [06/Oct/2015:05:47:40 -0500] "GET /portel_dama/libreria/php/2006/ECOSISTEMAS%20FINAL%20web_mz27/x%20restauracion/sitio/22_proye/xtras_in/2d.pdf HTTP/1.1" 404 1018
66.249.64.101 - - [06/Oct/2015:05:47:56 -0500] "GET /portel_dama/libreria/php/2006/ECOSISTEMAS%20FINAL%20web_mz27/x%20restauracion/sitio/11_escen/xtras/14_flora.pdf HTTP/1.1" 404 1018
62.189.9.200 - - [06/Oct/2015:05:47:58 -0500] "GET /galeria/carrusel/Carrusel/jquery.thumbnailScroller.css HTTP/1.1" 200 2066
62.189.9.200 - - [06/Oct/2015:05:47:58 -0500] "GET /galeria/carrusel/Carrusel/jquery-ui-1.8.13.custom.min.js HTTP/1.1" 200 10800
62.189.9.200 - - [06/Oct/2015:05:47:58 -0500] "GET /galeria/carrusel/Carrusel/jquery.thumbnailScroller.js HTTP/1.1" 200 8157
62.189.9.200 - - [06/Oct/2015:05:47:58 -0500] "GET /galeria/nivo-slider/demo/demo.html HTTP/1.1" 200 3733
62.189.9.200 - - [06/Oct/2015:05:47:58 -0500] "GET /galeria/nivo-slider/themes/default/default.css HTTP/1.1" 200 1569
62.189.9.200 - - [06/Oct/2015:05:47:58 -0500] "GET /galeria/nivo-slider/nivo-slider.css HTTP/1.1" 200 1507
62.189.9.200 - - [06/Oct/2015:05:47:58 -0500] "GET /galeria/nivo-slider/demo/style.css HTTP/1.1" 200 2222
62.189.9.200 - - [06/Oct/2015:05:47:58 -0500] "GET /galeria/nivo-slider/demo/images/Plan-Quinquenal.jpg HTTP/1.1" 200 412438
62.189.9.200 - - [06/Oct/2015:05:47:58 -0500] "GET /galeria/nivo-slider/demo/images/Arbol-banner2015.jpg HTTP/1.1" 200 231726
62.189.9.200 - - [06/Oct/2015:05:47:58 -0500] "GET /galeria/nivo-slider/themes/orman/orman.css HTTP/1.1" 200 2152
62.189.9.200 - - [06/Oct/2015:05:47:58 -0500] "GET /galeria/nivo-slider/themes/pascal/pascal.css HTTP/1.1" 200 2258
62.189.9.200 - - [06/Oct/2015:05:47:58 -0500] "GET /galeria/nivo-slider/demo/scripts/jquery-1.7.1.min.js HTTP/1.1" 200 93868
62.189.9.200 - - [06/Oct/2015:05:47:58 -0500] "GET /galeria/nivo-slider/jquery.nivo.slider.pack.js HTTP/1.1" 200 11561
62.189.9.200 - - [06/Oct/2015:05:47:59 -0500] "GET /galeria/nivo-slider/demo/images/Banner-ahorro-de-agua.jpg HTTP/1.1" 200 149141
62.189.9.200 - - [06/Oct/2015:05:47:59 -0500] "GET /galeria/nivo-slider/demo/images/Banner-cursos.jpg HTTP/1.1" 200 207520
62.189.9.200 - - [06/Oct/2015:05:47:59 -0500] "GET /galeria/nivo-slider/demo/images/simulacro-busqueda-rescate-urbano.jpg HTTP/1.1" 200 251375
62.189.9.200 - - [06/Oct/2015:05:47:59 -0500] "GET /galeria/nivo-slider/demo/images/PREDAcamp.jpg HTTP/1.1" 200 295358
62.189.9.200 - - [06/Oct/2015:05:48:00 -0500] "GET /galeria/nivo-slider/demo/images/banner-llantas2.jpg HTTP/1.1" 200 204644
62.189.9.200 - - [06/Oct/2015:05:48:00 -0500] "GET /galeria/nivo-slider/demo/images/9Signos.jpg HTTP/1.1" 200 81776
62.189.9.200 - - [06/Oct/2015:05:48:01 -0500] "GET /galeria/nivo-slider/demo/images/Comparendo-ambiental-Banner.jpg HTTP/1.1" 200 83731
62.189.9.200 - - [06/Oct/2015:05:48:01 -0500] "GET /galeria/nivo-slider/demo/images/Ruta-vertimientos-01.jpg HTTP/1.1" 200 130151
62.189.9.200 - - [06/Oct/2015:05:48:01 -0500] "GET /galeria/nivo-slider/demo/images/bolsas-06.jpg HTTP/1.1" 200 90982
62.189.9.200 - - [06/Oct/2015:05:48:02 -0500] "GET /galeria/nivo-slider/demo/images/Conoce-los-humedales.jpg HTTP/1.1" 200 294036
62.189.9.200 - - [06/Oct/2015:05:48:02 -0500] "GET /galeria/nivo-slider/demo/images/ecolecta-Dic2014.png HTTP/1.1" 200 288593
62.189.9.200 - - [06/Oct/2015:05:48:02 -0500] "GET /galeria/nivo-slider/demo/images/4Simple_Slider.png HTTP/1.1" 200 11722
66.249.64.106 - - [06/Oct/2015:05:48:03 -0500] "GET /BLA/resoluciones/RESOLUCIONES%202009/6396.pdf HTTP/1.1" 200 485253
62.189.9.200 - - [06/Oct/2015:05:48:03 -0500] "GET /galeria/nivo-slider/themes/default/loading.gif HTTP/1.1" 200 1737
62.189.9.200 - - [06/Oct/2015:05:48:05 -0500] "GET /galeria/nivo-slider/themes/default/arrows.png HTTP/1.1" 200 824
62.189.9.200 - - [06/Oct/2015:05:48:05 -0500] "GET /galeria/nivo-slider/themes/default/bullets.png HTTP/1.1" 200 1281
66.249.64.101 - - [06/Oct/2015:05:48:16 -0500] "GET /BLA/resoluciones/RESOLUCIONES%202008/2333.pdf HTTP/1.1" 200 35344
181.50.77.217 - - [06/Oct/2015:05:48:26 -0500] "POST /forms/lservlet;jsessionid=ac16012b30d67327e6abf7974de294c3a63ec74a04e5.e3iSbxaKaheRe38Ka34Oa3eLbxf0n6jAmljGr5XDqQLvpAe HTTP/1.1" 200 2
66.249.64.106 - - [06/Oct/2015:05:48:47 -0500] "GET /BLA/resoluciones/Notificaciones/AUTOS%202014/3936.doc HTTP/1.1" 200 140288
66.249.64.96 - - [06/Oct/2015:05:49:02 -0500] "GET /BLA/resoluciones/Notificaciones/AUTOS%202014/4391.doc HTTP/1.1" 200 136192
186.28.30.18 - - [06/Oct/2015:05:49:27 -0500] "GET /autoliquidacion HTTP/1.1" 301 310
186.28.30.18 - - [06/Oct/2015:05:49:28 -0500] "GET /autoliquidacion/ HTTP/1.1" 200 6375
186.28.30.18 - - [06/Oct/2015:05:49:28 -0500] "GET /autoliquidacion/dlf/styles.css HTTP/1.1" 200 3045
186.28.30.18 - - [06/Oct/2015:05:49:28 -0500] "GET /autoliquidacion/dlf/folder.png HTTP/1.1" 200 410
186.28.30.18 - - [06/Oct/2015:05:49:28 -0500] "GET /autoliquidacion/dlf/bg.gif HTTP/1.1" 200 54
186.85.90.90 - - [06/Oct/2015:05:49:34 -0500] "POST /forms/lservlet;jsessionid=ac16012b30d63e90c45a80b845eb8f75fb3a9ecfdaf3.e3iSbxaKaheRe38Ka34Oa3eLbxf0n6jAmljGr5XDqQLvpAe HTTP/1.1" 200 2
74.86.158.107 - - [06/Oct/2015:05:49:41 -0500] "HEAD / HTTP/1.1" 200 -
157.55.39.10 - - [06/Oct/2015:05:49:44 -0500] "GET /robots.txt HTTP/1.1" 404 1018
186.84.137.135 - - [06/Oct/2015:05:50:02 -0500] "GET /galeria/carrusel/Carrusel/jquery.thumbnailScroller.css HTTP/1.1" 200 2066
186.84.137.135 - - [06/Oct/2015:05:50:02 -0500] "GET /galeria/galeria/jquery.fancybox.js?v=2.1.5 HTTP/1.1" 200 48706
186.84.137.135 - - [06/Oct/2015:05:50:02 -0500] "GET /galeria/carrusel/Carrusel/jquery-ui-1.8.13.custom.min.js HTTP/1.1" 200 10800
186.84.137.135 - - [06/Oct/2015:05:50:02 -0500] "GET /BLA/boletinlegal/js/jquery.scrollShow.js HTTP/1.1" 200 4586
186.84.137.135 - - [06/Oct/2015:05:50:02 -0500] "GET /galeria/galeria/jquery.fancybox.css?v=2.1.5 HTTP/1.1" 200 4895
186.84.137.135 - - [06/Oct/2015:05:50:02 -0500] "GET /galeria/carrusel/Carrusel/jquery.thumbnailScroller.js HTTP/1.1" 200 8157
186.84.137.135 - - [06/Oct/2015:05:50:03 -0500] "GET /galeria/nivo-slider/demo/demo.html HTTP/1.1" 200 3733
186.84.137.135 - - [06/Oct/2015:05:50:05 -0500] "GET /galeria/nivo-slider/themes/default/default.css HTTP/1.1" 200 1569
186.84.137.135 - - [06/Oct/2015:05:50:05 -0500] "GET /galeria/nivo-slider/demo/style.css HTTP/1.1" 200 2222
186.84.137.135 - - [06/Oct/2015:05:50:05 -0500] "GET /galeria/nivo-slider/themes/orman/orman.css HTTP/1.1" 200 2152
186.84.137.135 - - [06/Oct/2015:05:50:05 -0500] "GET /galeria/nivo-slider/themes/pascal/pascal.css HTTP/1.1" 200 2258
186.84.137.135 - - [06/Oct/2015:05:50:05 -0500] "GET /galeria/nivo-slider/demo/images/Arbol-banner2015.jpg HTTP/1.1" 200 231726
186.84.137.135 - - [06/Oct/2015:05:50:05 -0500] "GET /galeria/nivo-slider/nivo-slider.css HTTP/1.1" 200 1507
186.84.137.135 - - [06/Oct/2015:05:50:05 -0500] "GET /galeria/nivo-slider/demo/scripts/jquery-1.7.1.min.js HTTP/1.1" 200 93868
186.84.137.135 - - [06/Oct/2015:05:50:05 -0500] "GET /galeria/nivo-slider/jquery.nivo.slider.pack.js HTTP/1.1" 200 11561
186.84.137.135 - - [06/Oct/2015:05:50:05 -0500] "GET /galeria/nivo-slider/demo/images/Banner-ahorro-de-agua.jpg HTTP/1.1" 200 149141
186.84.137.135 - - [06/Oct/2015:05:50:05 -0500] "GET /galeria/nivo-slider/demo/images/Banner-cursos.jpg HTTP/1.1" 200 207520
186.84.137.135 - - [06/Oct/2015:05:50:05 -0500] "GET /galeria/nivo-slider/demo/images/4Simple_Slider.png HTTP/1.1" 200 11722
186.84.137.135 - - [06/Oct/2015:05:50:06 -0500] "GET /galeria/nivo-slider/themes/default/loading.gif HTTP/1.1" 200 1737
186.84.137.135 - - [06/Oct/2015:05:50:06 -0500] "GET /galeria/nivo-slider/demo/images/simulacro-busqueda-rescate-urbano.jpg HTTP/1.1" 200 251375
186.84.137.135 - - [06/Oct/2015:05:50:06 -0500] "GET /galeria/nivo-slider/demo/images/Plan-Quinquenal.jpg HTTP/1.1" 200 412438
186.84.137.135 - - [06/Oct/2015:05:50:06 -0500] "GET /galeria/nivo-slider/demo/images/PREDAcamp.jpg HTTP/1.1" 200 295358
186.84.137.135 - - [06/Oct/2015:05:50:06 -0500] "GET /galeria/nivo-slider/demo/images/banner-llantas2.jpg HTTP/1.1" 200 204644
186.84.137.135 - - [06/Oct/2015:05:50:07 -0500] "GET /galeria/nivo-slider/demo/images/9Signos.jpg HTTP/1.1" 200 81776
186.84.137.135 - - [06/Oct/2015:05:50:07 -0500] "GET /galeria/nivo-slider/demo/images/Comparendo-ambiental-Banner.jpg HTTP/1.1" 200 83731
186.84.137.135 - - [06/Oct/2015:05:50:07 -0500] "GET /galeria/nivo-slider/demo/images/Ruta-vertimientos-01.jpg HTTP/1.1" 200 130151
186.84.137.135 - - [06/Oct/2015:05:50:08 -0500] "GET /galeria/nivo-slider/demo/images/bolsas-06.jpg HTTP/1.1" 200 90982
186.84.137.135 - - [06/Oct/2015:05:50:08 -0500] "GET /galeria/nivo-slider/demo/images/Conoce-los-humedales.jpg HTTP/1.1" 200 294036
186.84.137.135 - - [06/Oct/2015:05:50:08 -0500] "GET /galeria/nivo-slider/demo/images/ecolecta-Dic2014.png HTTP/1.1" 200 288593
186.84.137.135 - - [06/Oct/2015:05:50:10 -0500] "GET /galeria/nivo-slider/themes/default/bullets.png HTTP/1.1" 200 1281
186.84.137.135 - - [06/Oct/2015:05:50:10 -0500] "GET /galeria/nivo-slider/themes/default/arrows.png HTTP/1.1" 200 824
66.249.64.96 - - [06/Oct/2015:05:50:17 -0500] "GET /BLA/resoluciones/RESOLUCIONES%202002/RES%202002%20951-1000/00000953.tif HTTP/1.1" 304 -
181.50.77.217 - - [06/Oct/2015:05:50:26 -0500] "POST /forms/lservlet;jsessionid=ac16012b30d67327e6abf7974de294c3a63ec74a04e5.e3iSbxaKaheRe38Ka34Oa3eLbxf0n6jAmljGr5XDqQLvpAe HTTP/1.1" 200 2
66.249.64.101 - - [06/Oct/2015:05:50:34 -0500] "GET /BLA/resoluciones/RESOLUCIONES%202008/3265.pdf HTTP/1.1" 200 399639
66.249.64.101 - - [06/Oct/2015:05:50:35 -0500] "GET /BLA/resoluciones/RESOLUCIONES%202009/6189.pdf HTTP/1.1" 200 616759
66.249.64.96 - - [06/Oct/2015:05:50:40 -0500] "GET /BLA/resoluciones/RESOLUCIONES%202007/RES%202007%202201%20AL%202300/RESOLUCION%202225%20DE%202007.pdf HTTP/1.1" 200 617266
66.249.64.101 - - [06/Oct/2015:05:50:51 -0500] "GET /BLA/resoluciones/Notificaciones/AUTOS%202014/2366.doc HTTP/1.1" 200 285696
190.26.5.19 - - [06/Oct/2015:05:50:51 -0500] "GET /BLA/boletinlegal/js/jquery.scrollShow.js HTTP/1.1" 200 4586
190.26.5.19 - - [06/Oct/2015:05:50:52 -0500] "GET /galeria/galeria/jquery.fancybox.css?v=2.1.5 HTTP/1.1" 200 4895
190.26.5.19 - - [06/Oct/2015:05:50:52 -0500] "GET /galeria/galeria/jquery.fancybox.js?v=2.1.5 HTTP/1.1" 200 48706
66.249.64.96 - - [06/Oct/2015:05:51:33 -0500] "GET /BLA/resoluciones/RESOLUCIONES%202013/0847.pdf HTTP/1.1" 200 3457051
186.85.90.90 - - [06/Oct/2015:05:51:34 -0500] "POST /forms/lservlet;jsessionid=ac16012b30d63e90c45a80b845eb8f75fb3a9ecfdaf3.e3iSbxaKaheRe38Ka34Oa3eLbxf0n6jAmljGr5XDqQLvpAe HTTP/1.1" 200 2
200.116.69.219 - - [06/Oct/2015:05:51:37 -0500] "GET /BLA/resoluciones/RESOLUCIONES%202007/RES%202007%20401%20AL%20500/RESOLUCION%200449%20DE%202007.pdf HTTP/1.1" 200 1478525
200.116.69.219 - - [06/Oct/2015:05:51:45 -0500] "GET /browserconfig.xml HTTP/1.1" 404 1018
181.50.77.217 - - [06/Oct/2015:05:52:26 -0500] "POST /forms/lservlet;jsessionid=ac16012b30d67327e6abf7974de294c3a63ec74a04e5.e3iSbxaKaheRe38Ka34Oa3eLbxf0n6jAmljGr5XDqQLvpAe HTTP/1.1" 200 2
66.249.64.106 - - [06/Oct/2015:05:53:06 -0500] "GET /BLA/resoluciones/RESOLUCIONES%202009/2844.pdf HTTP/1.1" 200 359065
190.84.11.112 - - [06/Oct/2015:05:53:11 -0500] "GET /galeria/galeria/fotos/Humedal-Santa-Mar%C3%ADa-del-Lago4G.jpg HTTP/1.1" 200 361652
190.84.11.112 - - [06/Oct/2015:05:53:19 -0500] "GET /galeria/galeria/fotos/Humedal-Santa-Mar%C3%ADa-del-Lago1G.jpg HTTP/1.1" 200 290867
66.249.64.101 - - [06/Oct/2015:05:53:34 -0500] "GET /BLA/resoluciones/AUTOS%202010/5495.pdf HTTP/1.1" 200 214017
186.85.90.90 - - [06/Oct/2015:05:53:35 -0500] "POST /forms/lservlet;jsessionid=ac16012b30d63e90c45a80b845eb8f75fb3a9ecfdaf3.e3iSbxaKaheRe38Ka34Oa3eLbxf0n6jAmljGr5XDqQLvpAe HTTP/1.1" 200 2
66.249.64.96 - - [06/Oct/2015:05:53:38 -0500] "GET /BLA/resoluciones/RESOLUCIONES%202002/RES%202002%20951-1000/00000990.tif HTTP/1.1" 304 -
66.249.64.101 - - [06/Oct/2015:05:54:07 -0500] "GET /BLA/resoluciones/AUTOS%202006/AUTOS%202006%203301%20-%203418/00003321.tif HTTP/1.1" 200 89024
181.50.77.217 - - [06/Oct/2015:05:54:26 -0500] "POST /forms/lservlet;jsessionid=ac16012b30d67327e6abf7974de294c3a63ec74a04e5.e3iSbxaKaheRe38Ka34Oa3eLbxf0n6jAmljGr5XDqQLvpAe HTTP/1.1" 200 2
74.86.158.107 - - [06/Oct/2015:05:54:41 -0500] "HEAD / HTTP/1.1" 200 -
66.249.64.101 - - [06/Oct/2015:05:54:53 -0500] "GET /BLA/resoluciones/Notificaciones/AUTOS%202014/3129.doc HTTP/1.1" 200 139776
180.76.15.18 - - [06/Oct/2015:05:54:58 -0500] "GET /videos/ambiente-ciudad/ HTTP/1.1" 200 2475
186.85.90.90 - - [06/Oct/2015:05:55:35 -0500] "POST /forms/lservlet;jsessionid=ac16012b30d63e90c45a80b845eb8f75fb3a9ecfdaf3.e3iSbxaKaheRe38Ka34Oa3eLbxf0n6jAmljGr5XDqQLvpAe HTTP/1.1" 200 2
186.28.162.12 - - [06/Oct/2015:05:55:53 -0500] "GET /galeria/galeria/jquery.fancybox.css?v=2.1.5 HTTP/1.1" 200 4895
186.28.162.12 - - [06/Oct/2015:05:55:53 -0500] "GET /BLA/boletinlegal/js/jquery.scrollShow.js HTTP/1.1" 200 4586
186.28.162.12 - - [06/Oct/2015:05:55:53 -0500] "GET /galeria/galeria/jquery.fancybox.js?v=2.1.5 HTTP/1.1" 200 48706
195.77.128.142 - - [06/Oct/2015:05:55:54 -0500] "GET /BLA/boletinlegal/js/jquery.scrollShow.js HTTP/1.1" 200 4586
195.77.128.142 - - [06/Oct/2015:05:55:54 -0500] "GET /galeria/galeria/jquery.fancybox.css?v=2.1.5 HTTP/1.1" 200 4895
195.77.128.142 - - [06/Oct/2015:05:55:54 -0500] "GET /galeria/galeria/jquery.fancybox.js?v=2.1.5 HTTP/1.1" 200 48706
186.28.162.12 - - [06/Oct/2015:05:55:58 -0500] "GET /BLA/boletinlegal/js/jquery.scrollShow.js HTTP/1.1" 304 -
186.28.162.12 - - [06/Oct/2015:05:55:58 -0500] "GET /galeria/galeria/jquery.fancybox.css?v=2.1.5 HTTP/1.1" 304 -
186.28.162.12 - - [06/Oct/2015:05:55:58 -0500] "GET /galeria/galeria/jquery.fancybox.js?v=2.1.5 HTTP/1.1" 304 -
66.249.64.101 - - [06/Oct/2015:05:56:13 -0500] "GET /BLA/resoluciones/AUTOS%202013/2745.pdf HTTP/1.1" 200 390138
195.77.128.142 - - [06/Oct/2015:05:56:17 -0500] "GET /galeria/galeria/jquery.fancybox.js?v=2.1.5 HTTP/1.1" 304 -
195.77.128.142 - - [06/Oct/2015:05:56:17 -0500] "GET /galeria/galeria/jquery.fancybox.css?v=2.1.5 HTTP/1.1" 304 -
195.77.128.142 - - [06/Oct/2015:05:56:17 -0500] "GET /BLA/boletinlegal/js/jquery.scrollShow.js HTTP/1.1" 304 -
201.184.36.164 - - [06/Oct/2015:05:56:25 -0500] "GET /galeria/nivo-slider/demo/images/banner-llantas2.jpg HTTP/1.1" 304 -
181.50.77.217 - - [06/Oct/2015:05:56:26 -0500] "POST /forms/lservlet;jsessionid=ac16012b30d67327e6abf7974de294c3a63ec74a04e5.e3iSbxaKaheRe38Ka34Oa3eLbxf0n6jAmljGr5XDqQLvpAe HTTP/1.1" 200 2
66.249.64.96 - - [06/Oct/2015:05:56:29 -0500] "GET /BLA/resoluciones/RESOLUCIONES%202009/9670.pdf HTTP/1.1" 200 510594
66.249.64.96 - - [06/Oct/2015:05:56:44 -0500] "GET /BLA/resoluciones/RESOLUCIONES%202007/RES%202007%203001%20AL%203100/RESOLUCION%203031%20DE%202007.pdf HTTP/1.1" 200 893653
66.249.64.101 - - [06/Oct/2015:05:56:58 -0500] "GET /BLA/resoluciones/RESOLUCIONES%202002/RES%202002%20951-1000/00000999.tif HTTP/1.1" 304 -
186.85.90.90 - - [06/Oct/2015:05:57:35 -0500] "POST /forms/lservlet;jsessionid=ac16012b30d63e90c45a80b845eb8f75fb3a9ecfdaf3.e3iSbxaKaheRe38Ka34Oa3eLbxf0n6jAmljGr5XDqQLvpAe HTTP/1.1" 200 2
66.249.64.101 - - [06/Oct/2015:05:58:08 -0500] "GET /BLA/resoluciones/RESOLUCIONES%202009/2365.pdf HTTP/1.1" 200 480616
66.249.64.101 - - [06/Oct/2015:05:58:24 -0500] "GET /BLA/resoluciones/RESOLUCIONES%202008/2728.pdf HTTP/1.1" 200 223455
181.50.77.217 - - [06/Oct/2015:05:58:26 -0500] "POST /forms/lservlet;jsessionid=ac16012b30d67327e6abf7974de294c3a63ec74a04e5.e3iSbxaKaheRe38Ka34Oa3eLbxf0n6jAmljGr5XDqQLvpAe HTTP/1.1" 200 2
181.225.106.2 - - [06/Oct/2015:05:58:35 -0500] "GET /galeria/galeria/jquery.fancybox.js?v=2.1.5 HTTP/1.1" 200 48706
181.225.106.2 - - [06/Oct/2015:05:58:35 -0500] "GET /BLA/boletinlegal/js/jquery.scrollShow.js HTTP/1.1" 200 4586
181.225.106.2 - - [06/Oct/2015:05:58:36 -0500] "GET /galeria/galeria/jquery.fancybox.css?v=2.1.5 HTTP/1.1" 200 4895
180.76.15.152 - - [06/Oct/2015:05:58:42 -0500] "GET / HTTP/1.1" 302 298
181.225.106.2 - - [06/Oct/2015:05:58:43 -0500] "GET /BLA/boletinlegal/js/jquery.scrollShow.js HTTP/1.1" 304 -
181.225.106.2 - - [06/Oct/2015:05:58:43 -0500] "GET /galeria/galeria/jquery.fancybox.js?v=2.1.5 HTTP/1.1" 304 -
181.225.106.2 - - [06/Oct/2015:05:58:43 -0500] "GET /galeria/galeria/jquery.fancybox.css?v=2.1.5 HTTP/1.1" 304 -
66.249.64.96 - - [06/Oct/2015:05:58:47 -0500] "GET /BLA/resoluciones/RESOLUCIONES%202009/1850.pdf HTTP/1.1" 200 522386
190.66.208.234 - - [06/Oct/2015:05:58:53 -0500] "GET /galeria/galeria/jquery.fancybox.js?v=2.1.5 HTTP/1.1" 200 48706
190.66.208.234 - - [06/Oct/2015:05:58:53 -0500] "GET /galeria/galeria/jquery.fancybox.css?v=2.1.5 HTTP/1.1" 200 4895
190.66.208.234 - - [06/Oct/2015:05:58:53 -0500] "GET /BLA/boletinlegal/js/jquery.scrollShow.js HTTP/1.1" 200 4586
190.66.208.234 - - [06/Oct/2015:05:58:58 -0500] "GET /BLA/boletinlegal/js/jquery.scrollShow.js HTTP/1.1" 304 -
190.66.208.234 - - [06/Oct/2015:05:58:58 -0500] "GET /galeria/galeria/jquery.fancybox.js?v=2.1.5 HTTP/1.1" 304 -
190.66.208.234 - - [06/Oct/2015:05:58:58 -0500] "GET /galeria/galeria/jquery.fancybox.css?v=2.1.5 HTTP/1.1" 304 -
186.115.175.157 - - [06/Oct/2015:05:59:10 -0500] "GET /BLA/boletinlegal/js/jquery.scrollShow.js HTTP/1.1" 200 4586
186.115.175.157 - - [06/Oct/2015:05:59:10 -0500] "GET /galeria/galeria/jquery.fancybox.js?v=2.1.5 HTTP/1.1" 200 48706
186.115.175.157 - - [06/Oct/2015:05:59:11 -0500] "GET /galeria/galeria/jquery.fancybox.css?v=2.1.5 HTTP/1.1" 200 4895
186.115.175.157 - - [06/Oct/2015:05:59:19 -0500] "GET /BLA/boletinlegal/js/jquery.scrollShow.js HTTP/1.1" 200 4586
186.115.175.157 - - [06/Oct/2015:05:59:19 -0500] "GET /galeria/galeria/jquery.fancybox.js?v=2.1.5 HTTP/1.1" 200 48706
186.115.175.157 - - [06/Oct/2015:05:59:19 -0500] "GET /galeria/galeria/jquery.fancybox.css?v=2.1.5 HTTP/1.1" 200 4895
186.85.90.90 - - [06/Oct/2015:05:59:38 -0500] "POST /forms/lservlet;jsessionid=ac16012b30d63e90c45a80b845eb8f75fb3a9ecfdaf3.e3iSbxaKaheRe38Ka34Oa3eLbxf0n6jAmljGr5XDqQLvpAe HTTP/1.1" 200 2
74.86.158.107 - - [06/Oct/2015:05:59:41 -0500] "HEAD / HTTP/1.1" 200 -
66.249.64.96 - - [06/Oct/2015:05:59:43 -0500] "GET /BLA/resoluciones/RESOLUCIONES%202007/RES%202007%201001%20AL%201100/RESOLUCION%201053%20DE%202007.pdf HTTP/1.1" 200 366059
180.76.15.152 - - [06/Oct/2015:06:00:03 -0500] "GET / HTTP/1.1" 302 298
66.249.64.96 - - [06/Oct/2015:06:00:19 -0500] "GET /BLA/resoluciones/RESOLUCIONES%202002/RES%202002%20951-1000/00000961.tif HTTP/1.1" 304 -
181.50.77.217 - - [06/Oct/2015:06:00:26 -0500] "POST /forms/lservlet;jsessionid=ac16012b30d67327e6abf7974de294c3a63ec74a04e5.e3iSbxaKaheRe38Ka34Oa3eLbxf0n6jAmljGr5XDqQLvpAe HTTP/1.1" 200 2
66.249.64.106 - - [06/Oct/2015:06:00:52 -0500] "GET /BLA/resoluciones/RESOLUCIONES%202008/1701.pdf HTTP/1.1" 200 260736
152.61.128.66 - - [06/Oct/2015:06:00:58 -0500] "HEAD / HTTP/1.1" 200 -
152.61.128.66 - - [06/Oct/2015:06:00:58 -0500] "GET /arcgis/services/Calidad_del_Agua_WQI/MapServer/WMSServer?request=GetCapabilities&service=WMS HTTP/1.1" 200 32135
152.61.128.66 - - [06/Oct/2015:06:00:58 -0500] "GET /arcgis/services/Calidad_del_Agua_WQI/MapServer/WMSServer?request=GetCapabilities&service=WMS HTTP/1.0" 200 32135
152.61.128.66 - - [06/Oct/2015:06:00:59 -0500] "GET /arcgis/services/Calidad_del_Agua_WQI/MapServer/WMSServer?request=GetCapabilities&service=WMS HTTP/1.0" 200 32135
152.61.128.66 - - [06/Oct/2015:06:01:00 -0500] "GET /arcgis/services/Calidad_del_Agua_WQI/MapServer/WMSServer?request=GetCapabilities&service=WMS HTTP/1.0" 200 32135
66.249.64.101 - - [06/Oct/2015:06:01:01 -0500] "GET /BLA/resoluciones/AUTOS%202012/0696.pdf HTTP/1.1" 200 221048
152.61.128.66 - - [06/Oct/2015:06:01:01 -0500] "GET /arcgis/services/Calidad_del_Agua_WQI/MapServer/WMSServer?VERSION=1.1.1&REQUEST=GetMap&LAYERS=0&SRS=EPSG:4326&BBOX=-74.473395,3.674381,-73.963300,4.920569&WIDTH=250&HEIGHT=250&FORMAT=image/bmp&STYLES=& HTTP/1.1" 200 188054
186.85.90.90 - - [06/Oct/2015:06:01:38 -0500] "POST /forms/lservlet;jsessionid=ac16012b30d63e90c45a80b845eb8f75fb3a9ecfdaf3.e3iSbxaKaheRe38Ka34Oa3eLbxf0n6jAmljGr5XDqQLvpAe HTTP/1.1" 200 2
66.249.64.101 - - [06/Oct/2015:06:02:21 -0500] "GET /BLA/resoluciones/RESOLUCIONES%202008/2230.pdf HTTP/1.1" 200 204774
66.249.64.96 - - [06/Oct/2015:06:02:23 -0500] "GET /BLA/resoluciones/Notificaciones/AUTOS%202014/1551.doc HTTP/1.1" 200 299008
181.50.77.217 - - [06/Oct/2015:06:02:26 -0500] "POST /forms/lservlet;jsessionid=ac16012b30d67327e6abf7974de294c3a63ec74a04e5.e3iSbxaKaheRe38Ka34Oa3eLbxf0n6jAmljGr5XDqQLvpAe HTTP/1.1" 200 2
66.249.64.106 - - [06/Oct/2015:06:02:55 -0500] "GET /BLA/resoluciones/RESOLUCIONES%202010/2384.pdf HTTP/1.1" 200 780714
66.249.64.106 - - [06/Oct/2015:06:03:02 -0500] "GET /BLA/resoluciones/Notificaciones/AUTOS%202014/2665.doc HTTP/1.1" 200 263680
66.249.64.101 - - [06/Oct/2015:06:03:19 -0500] "GET /BLA/resoluciones/RESOLUCIONES%202012/0582.pdf HTTP/1.1" 200 347174
66.249.64.106 - - [06/Oct/2015:06:03:39 -0500] "GET /BLA/resoluciones/RESOLUCIONES%202002/RES%202002%20951-1000/00000976.tif HTTP/1.1" 304 -
186.85.90.90 - - [06/Oct/2015:06:03:41 -0500] "POST /forms/lservlet;jsessionid=ac16012b30d63e90c45a80b845eb8f75fb3a9ecfdaf3.e3iSbxaKaheRe38Ka34Oa3eLbxf0n6jAmljGr5XDqQLvpAe HTTP/1.1" 200 2
181.50.77.217 - - [06/Oct/2015:06:04:27 -0500] "POST /forms/lservlet;jsessionid=ac16012b30d67327e6abf7974de294c3a63ec74a04e5.e3iSbxaKaheRe38Ka34Oa3eLbxf0n6jAmljGr5XDqQLvpAe HTTP/1.1" 200 2
74.86.158.107 - - [06/Oct/2015:06:04:41 -0500] "HEAD / HTTP/1.1" 200 -
190.96.246.197 - - [06/Oct/2015:06:04:58 -0500] "GET /galeria/galeria/jquery.fancybox.css?v=2.1.5 HTTP/1.1" 200 4895
190.96.246.197 - - [06/Oct/2015:06:04:58 -0500] "GET /BLA/boletinlegal/js/jquery.scrollShow.js HTTP/1.1" 200 4586
190.96.246.197 - - [06/Oct/2015:06:04:58 -0500] "GET /galeria/galeria/jquery.fancybox.js?v=2.1.5 HTTP/1.1" 200 48706
190.96.246.197 - - [06/Oct/2015:06:05:02 -0500] "GET /BLA/boletinlegal/js/jquery.scrollShow.js HTTP/1.1" 304 -
190.96.246.197 - - [06/Oct/2015:06:05:03 -0500] "GET /galeria/galeria/jquery.fancybox.js?v=2.1.5 HTTP/1.1" 304 -
190.96.246.197 - - [06/Oct/2015:06:05:03 -0500] "GET /galeria/galeria/jquery.fancybox.css?v=2.1.5 HTTP/1.1" 304 -
66.249.64.106 - - [06/Oct/2015:06:05:11 -0500] "GET /portel_dama/libreria/php/2006/ECOSISTEMAS%20FINAL%20web_mz27/x%20restauracion/sitio/33_publi/xtras/rondas.pdf HTTP/1.1" 404 1018
66.249.64.101 - - [06/Oct/2015:06:05:33 -0500] "GET /BLA/resoluciones/RESOLUCIONES%202008/5321.pdf HTTP/1.1" 200 456020
186.85.90.90 - - [06/Oct/2015:06:05:41 -0500] "POST /forms/lservlet;jsessionid=ac16012b30d63e90c45a80b845eb8f75fb3a9ecfdaf3.e3iSbxaKaheRe38Ka34Oa3eLbxf0n6jAmljGr5XDqQLvpAe HTTP/1.1" 200 2
66.249.64.243 - - [06/Oct/2015:06:05:42 -0500] "GET /ecodirectorio/files/res/languages/it/ HTTP/1.1" 200 3629
66.249.64.96 - - [06/Oct/2015:06:05:53 -0500] "GET /BLA/resoluciones/RESOLUCIONES%202010/2600.pdf HTTP/1.1" 200 198127
66.249.64.106 - - [06/Oct/2015:06:05:54 -0500] "GET /BLA/resoluciones/AUTOS%202014/4107.pdf HTTP/1.1" 200 333661
181.50.77.217 - - [06/Oct/2015:06:06:27 -0500] "POST /forms/lservlet;jsessionid=ac16012b30d67327e6abf7974de294c3a63ec74a04e5.e3iSbxaKaheRe38Ka34Oa3eLbxf0n6jAmljGr5XDqQLvpAe HTTP/1.1" 200 2
181.142.132.36 - - [06/Oct/2015:06:06:31 -0500] "GET /galeria/galeria/jquery.fancybox.css?v=2.1.5 HTTP/1.1" 200 4895
181.142.132.36 - - [06/Oct/2015:06:06:31 -0500] "GET /galeria/carrusel/Carrusel/jquery.thumbnailScroller.css HTTP/1.1" 200 2066
181.142.132.36 - - [06/Oct/2015:06:06:31 -0500] "GET /BLA/boletinlegal/js/jquery.scrollShow.js HTTP/1.1" 200 4586
181.142.132.36 - - [06/Oct/2015:06:06:31 -0500] "GET /galeria/carrusel/Carrusel/jquery-ui-1.8.13.custom.min.js HTTP/1.1" 200 10800
181.142.132.36 - - [06/Oct/2015:06:06:31 -0500] "GET /galeria/galeria/jquery.fancybox.js?v=2.1.5 HTTP/1.1" 200 48706
181.142.132.36 - - [06/Oct/2015:06:06:31 -0500] "GET /galeria/carrusel/Carrusel/jquery.thumbnailScroller.js HTTP/1.1" 200 8157
181.142.132.36 - - [06/Oct/2015:06:06:33 -0500] "GET /galeria/nivo-slider/demo/demo.html HTTP/1.1" 200 3733
181.142.132.36 - - [06/Oct/2015:06:06:39 -0500] "GET /galeria/nivo-slider/themes/orman/orman.css HTTP/1.1" 200 2152
181.142.132.36 - - [06/Oct/2015:06:06:39 -0500] "GET /galeria/nivo-slider/themes/default/default.css HTTP/1.1" 200 1569
181.142.132.36 - - [06/Oct/2015:06:06:39 -0500] "GET /galeria/nivo-slider/themes/pascal/pascal.css HTTP/1.1" 200 2258
181.142.132.36 - - [06/Oct/2015:06:06:39 -0500] "GET /galeria/nivo-slider/nivo-slider.css HTTP/1.1" 200 1507
181.142.132.36 - - [06/Oct/2015:06:06:39 -0500] "GET /galeria/nivo-slider/demo/images/Arbol-banner2015.jpg HTTP/1.1" 200 231726
181.142.132.36 - - [06/Oct/2015:06:06:39 -0500] "GET /galeria/nivo-slider/demo/style.css HTTP/1.1" 200 2222
181.142.132.36 - - [06/Oct/2015:06:06:39 -0500] "GET /galeria/nivo-slider/demo/scripts/jquery-1.7.1.min.js HTTP/1.1" 200 93868
181.142.132.36 - - [06/Oct/2015:06:06:39 -0500] "GET /galeria/nivo-slider/jquery.nivo.slider.pack.js HTTP/1.1" 200 11561
181.142.132.36 - - [06/Oct/2015:06:06:40 -0500] "GET /galeria/nivo-slider/demo/images/Banner-cursos.jpg HTTP/1.1" 200 207520
181.142.132.36 - - [06/Oct/2015:06:06:40 -0500] "GET /galeria/nivo-slider/demo/images/simulacro-busqueda-rescate-urbano.jpg HTTP/1.1" 200 251375
181.142.132.36 - - [06/Oct/2015:06:06:40 -0500] "GET /galeria/nivo-slider/demo/images/Banner-ahorro-de-agua.jpg HTTP/1.1" 200 149141
181.142.132.36 - - [06/Oct/2015:06:06:40 -0500] "GET /galeria/nivo-slider/demo/images/Plan-Quinquenal.jpg HTTP/1.1" 200 412438
181.142.132.36 - - [06/Oct/2015:06:06:40 -0500] "GET /galeria/nivo-slider/demo/images/PREDAcamp.jpg HTTP/1.1" 200 295358
181.142.132.36 - - [06/Oct/2015:06:06:42 -0500] "GET /galeria/nivo-slider/demo/images/banner-llantas2.jpg HTTP/1.1" 200 204644
181.142.132.36 - - [06/Oct/2015:06:06:42 -0500] "GET /galeria/nivo-slider/demo/images/4Simple_Slider.png HTTP/1.1" 200 11722
181.142.132.36 - - [06/Oct/2015:06:06:42 -0500] "GET /galeria/nivo-slider/themes/default/loading.gif HTTP/1.1" 200 1737
181.142.132.36 - - [06/Oct/2015:06:06:42 -0500] "GET /galeria/nivo-slider/demo/images/9Signos.jpg HTTP/1.1" 200 81776
181.142.132.36 - - [06/Oct/2015:06:06:42 -0500] "GET /galeria/nivo-slider/demo/images/Comparendo-ambiental-Banner.jpg HTTP/1.1" 200 83731
181.142.132.36 - - [06/Oct/2015:06:06:42 -0500] "GET /galeria/nivo-slider/demo/images/Ruta-vertimientos-01.jpg HTTP/1.1" 200 130151
181.142.132.36 - - [06/Oct/2015:06:06:43 -0500] "GET /galeria/nivo-slider/demo/images/bolsas-06.jpg HTTP/1.1" 200 90982
181.142.132.36 - - [06/Oct/2015:06:06:43 -0500] "GET /galeria/nivo-slider/demo/images/Conoce-los-humedales.jpg HTTP/1.1" 200 294036
181.142.132.36 - - [06/Oct/2015:06:06:43 -0500] "GET /galeria/nivo-slider/demo/images/ecolecta-Dic2014.png HTTP/1.1" 200 288593
181.142.132.36 - - [06/Oct/2015:06:06:45 -0500] "GET /galeria/nivo-slider/themes/default/arrows.png HTTP/1.1" 200 824
181.142.132.36 - - [06/Oct/2015:06:06:45 -0500] "GET /galeria/nivo-slider/themes/default/bullets.png HTTP/1.1" 200 1281
66.249.64.96 - - [06/Oct/2015:06:07:23 -0500] "GET /BLA/resoluciones/AUTOS%202006/AUTOS%202006%203301%20-%203418/00003411.tif HTTP/1.1" 200 56504
66.249.64.96 - - [06/Oct/2015:06:07:24 -0500] "GET /BLA/resoluciones/RESOLUCIONES%202002/RES%202002%20951-1000/00000955.tif HTTP/1.1" 304 -
66.249.64.243 - - [06/Oct/2015:06:06:33 -0500] "GET /BLA/boletinlegal/index.php HTTP/1.1" 200 51063
186.85.90.90 - - [06/Oct/2015:06:07:41 -0500] "POST /forms/lservlet;jsessionid=ac16012b30d63e90c45a80b845eb8f75fb3a9ecfdaf3.e3iSbxaKaheRe38Ka34Oa3eLbxf0n6jAmljGr5XDqQLvpAe HTTP/1.1" 200 2
181.50.77.217 - - [06/Oct/2015:06:08:27 -0500] "POST /forms/lservlet;jsessionid=ac16012b30d67327e6abf7974de294c3a63ec74a04e5.e3iSbxaKaheRe38Ka34Oa3eLbxf0n6jAmljGr5XDqQLvpAe HTTP/1.1" 200 2
66.249.64.101 - - [06/Oct/2015:06:09:03 -0500] "GET /autoliquidacion/index.php?dir=Grupo%20Forestal%20-%20Industria%20de%20la%20Madera/&sort=size&order=asc HTTP/1.1" 200 6505
74.86.158.107 - - [06/Oct/2015:06:09:41 -0500] "HEAD / HTTP/1.1" 200 -
186.85.90.90 - - [06/Oct/2015:06:09:44 -0500] "POST /forms/lservlet;jsessionid=ac16012b30d63e90c45a80b845eb8f75fb3a9ecfdaf3.e3iSbxaKaheRe38Ka34Oa3eLbxf0n6jAmljGr5XDqQLvpAe HTTP/1.1" 200 2
66.249.64.96 - - [06/Oct/2015:06:10:20 -0500] "GET /BLA/resoluciones/RESOLUCIONES%202002/RES%202002%20951-1000/00000978.tif HTTP/1.1" 304 -
181.50.77.217 - - [06/Oct/2015:06:10:27 -0500] "POST /forms/lservlet;jsessionid=ac16012b30d67327e6abf7974de294c3a63ec74a04e5.e3iSbxaKaheRe38Ka34Oa3eLbxf0n6jAmljGr5XDqQLvpAe HTTP/1.1" 200 2
66.249.64.106 - - [06/Oct/2015:06:10:30 -0500] "GET /BLA/resoluciones/RESOLUCIONES%202011/4605.pdf HTTP/1.1" 200 929692
186.85.90.90 - - [06/Oct/2015:06:11:44 -0500] "POST /forms/lservlet;jsessionid=ac16012b30d63e90c45a80b845eb8f75fb3a9ecfdaf3.e3iSbxaKaheRe38Ka34Oa3eLbxf0n6jAmljGr5XDqQLvpAe HTTP/1.1" 200 2
66.249.64.96 - - [06/Oct/2015:06:12:11 -0500] "GET /BLA/resoluciones/Notificaciones/AUTOS%202014/2884.doc HTTP/1.1" 200 236032
181.50.77.217 - - [06/Oct/2015:06:12:27 -0500] "POST /forms/lservlet;jsessionid=ac16012b30d67327e6abf7974de294c3a63ec74a04e5.e3iSbxaKaheRe38Ka34Oa3eLbxf0n6jAmljGr5XDqQLvpAe HTTP/1.1" 200 2
152.61.128.66 - - [06/Oct/2015:06:13:14 -0500] "HEAD / HTTP/1.1" 200 -
152.61.128.66 - - [06/Oct/2015:06:13:14 -0500] "GET /arcgis/services/Calidad_del_Agua_WQI/MapServer/WMSServer?SERVICE=WMS&REQUEST=GetCapabilities HTTP/1.1" 200 32135
152.61.128.66 - - [06/Oct/2015:06:13:15 -0500] "GET /arcgis/services/Calidad_del_Agua_WQI/MapServer/WMSServer?SERVICE=WMS&REQUEST=GetCapabilities HTTP/1.0" 200 32135
152.61.128.66 - - [06/Oct/2015:06:13:16 -0500] "GET /arcgis/services/Calidad_del_Agua_WQI/MapServer/WMSServer?SERVICE=WMS&REQUEST=GetCapabilities HTTP/1.0" 200 32135
152.61.128.66 - - [06/Oct/2015:06:13:17 -0500] "GET /arcgis/services/Calidad_del_Agua_WQI/MapServer/WMSServer?SERVICE=WMS&REQUEST=GetCapabilities HTTP/1.0" 200 32135
152.61.128.66 - - [06/Oct/2015:06:13:18 -0500] "GET /arcgis/services/Calidad_del_Agua_WQI/MapServer/WMSServer?VERSION=1.1.1&REQUEST=GetMap&LAYERS=0&SRS=EPSG:4326&BBOX=-74.473395,3.674381,-73.963300,4.920569&WIDTH=250&HEIGHT=250&FORMAT=image/bmp&STYLES=& HTTP/1.1" 200 188054
66.249.64.96 - - [06/Oct/2015:06:13:41 -0500] "GET /BLA/resoluciones/RESOLUCIONES%202002/RES%202002%20951-1000/00000973.tif HTTP/1.1" 304 -
186.85.90.90 - - [06/Oct/2015:06:13:44 -0500] "POST /forms/lservlet;jsessionid=ac16012b30d63e90c45a80b845eb8f75fb3a9ecfdaf3.e3iSbxaKaheRe38Ka34Oa3eLbxf0n6jAmljGr5XDqQLvpAe HTTP/1.1" 200 2
181.50.77.217 - - [06/Oct/2015:06:13:51 -0500] "POST /forms/lservlet;jsessionid=ac16012b30d67327e6abf7974de294c3a63ec74a04e5.e3iSbxaKaheRe38Ka34Oa3eLbxf0n6jAmljGr5XDqQLvpAe HTTP/1.1" 200 2
181.50.77.217 - - [06/Oct/2015:06:13:51 -0500] "POST /forms/lservlet;jsessionid=ac16012b30d67327e6abf7974de294c3a63ec74a04e5.e3iSbxaKaheRe38Ka34Oa3eLbxf0n6jAmljGr5XDqQLvpAe HTTP/1.1" 200 14
181.50.77.217 - - [06/Oct/2015:06:13:52 -0500] "POST /forms/lservlet;jsessionid=ac16012b30d67327e6abf7974de294c3a63ec74a04e5.e3iSbxaKaheRe38Ka34Oa3eLbxf0n6jAmljGr5XDqQLvpAe HTTP/1.1" 200 14
181.50.77.217 - - [06/Oct/2015:06:13:53 -0500] "POST /forms/lservlet;jsessionid=ac16012b30d67327e6abf7974de294c3a63ec74a04e5.e3iSbxaKaheRe38Ka34Oa3eLbxf0n6jAmljGr5XDqQLvpAe HTTP/1.1" 200 14
