31.4.190.24 - - [08/Oct/2015:05:04:24 -0500] "GET /galeria/nivo-slider/themes/default/loading.gif HTTP/1.1" 200 1737
31.4.190.24 - - [08/Oct/2015:05:04:26 -0500] "GET /galeria/nivo-slider/demo/images/simulacro-busqueda-rescate-urbano.jpg HTTP/1.1" 200 251375
199.30.25.193 - - [08/Oct/2015:05:04:38 -0500] "GET /videos/ArchivoSDA.flv HTTP/1.1" 200 31205279
31.4.190.24 - - [08/Oct/2015:05:04:44 -0500] "GET /galeria/nivo-slider/demo/images/Banner-cursos.jpg HTTP/1.1" 200 207520
31.4.190.24 - - [08/Oct/2015:05:04:44 -0500] "GET /galeria/nivo-slider/demo/images/simulacro-busqueda-rescate-urbano.jpg HTTP/1.1" 200 251375
31.4.190.24 - - [08/Oct/2015:05:04:44 -0500] "GET /galeria/nivo-slider/demo/images/PREDAcamp.jpg HTTP/1.1" 200 295358
31.4.190.24 - - [08/Oct/2015:05:04:44 -0500] "GET /galeria/nivo-slider/demo/images/banner-llantas2.jpg HTTP/1.1" 200 204644
31.4.190.24 - - [08/Oct/2015:05:04:44 -0500] "GET /galeria/nivo-slider/demo/images/Conoce-los-humedales.jpg HTTP/1.1" 200 294036
31.4.190.24 - - [08/Oct/2015:05:04:44 -0500] "GET /galeria/nivo-slider/demo/images/Plan-Quinquenal.jpg HTTP/1.1" 200 412438
31.4.190.24 - - [08/Oct/2015:05:04:44 -0500] "GET /galeria/nivo-slider/demo/images/ecolecta-Dic2014.png HTTP/1.1" 200 288593
31.4.190.24 - - [08/Oct/2015:05:04:44 -0500] "GET /galeria/nivo-slider/demo/images/Ruta-vertimientos-01.jpg HTTP/1.1" 200 130151
31.4.190.24 - - [08/Oct/2015:05:04:44 -0500] "GET /galeria/nivo-slider/demo/images/bolsas-06.jpg HTTP/1.1" 200 90982
186.85.90.90 - - [08/Oct/2015:05:04:45 -0500] "POST /forms/lservlet;jsessionid=ac16012b30d69363b3c64843451f9b0ff4b0849af480.e3iSbxaKaheRe38Ka34Oa3eLbxf0n6jAmljGr5XDqQLvpAe HTTP/1.1" 200 2
66.249.64.106 - - [08/Oct/2015:05:05:11 -0500] "GET /galeria/carrusel/Carrusel/jquery.thumbnailScroller.css HTTP/1.1" 304 -
66.249.64.101 - - [08/Oct/2015:05:05:11 -0500] "GET /galeria/galeria/jquery.fancybox.css?v=2.1.5 HTTP/1.1" 304 -
66.249.64.106 - - [08/Oct/2015:05:05:12 -0500] "GET /BLA/boletinlegal/js/jquery.scrollShow.js HTTP/1.1" 304 -
66.249.64.96 - - [08/Oct/2015:05:05:12 -0500] "GET /galeria/carrusel/Carrusel/jquery.thumbnailScroller.js HTTP/1.1" 304 -
66.249.64.96 - - [08/Oct/2015:05:05:13 -0500] "GET /galeria/galeria/jquery.fancybox.js?v=2.1.5 HTTP/1.1" 304 -
66.249.64.96 - - [08/Oct/2015:05:05:13 -0500] "GET /galeria/carrusel/Carrusel/jquery-ui-1.8.13.custom.min.js HTTP/1.1" 304 -
66.249.64.106 - - [08/Oct/2015:05:06:12 -0500] "GET /BLA/resoluciones/RESOLUCIONES%202007/RES%202007%201401%20AL%201500/RESOLUCION%201408%20DE%202007.pdf HTTP/1.1" 304 -
144.76.8.132 - - [08/Oct/2015:05:06:23 -0500] "GET /robots.txt HTTP/1.0" 404 1015
201.234.75.11 - - [08/Oct/2015:05:06:25 -0500] "GET /galeria/nivo-slider/demo/images/banner-redes.jpg HTTP/1.1" 304 -
144.76.8.132 - - [08/Oct/2015:05:06:25 -0500] "GET /StormSDA/userFiles%20-%20Copy%2019-07-2012/user_files/formatos/ HTTP/1.0" 200 1514
144.76.8.132 - - [08/Oct/2015:05:06:27 -0500] "GET /StormSDA/userFiles%20-%20Copy%2019-07-2012/user_files/formulas/ HTTP/1.0" 200 1500
144.76.8.132 - - [08/Oct/2015:05:06:29 -0500] "GET /robots.txt HTTP/1.0" 404 1019
144.76.8.132 - - [08/Oct/2015:05:06:31 -0500] "GET /Anexos%20estudio%20Organizacional%20SDA/ANEXO%20No.%201-%20NORMAS%20LEGALES%20DE%20ESTRUCTURA%20Y%20PLANTA/Decreto%20109%20de%202009%20-%20Modifica%20la%20estructura%20de%20la%20SDA.jsp.htm HTTP/1.0" 200 92102
144.76.8.132 - - [08/Oct/2015:05:06:34 -0500] "GET /Anexos%20estudio%20Organizacional%20SDA/ANEXO%20No.%201-%20NORMAS%20LEGALES%20DE%20ESTRUCTURA%20Y%20PLANTA/Decreto%20175%20de%202009%20.htm HTTP/1.0" 200 53743
144.76.8.132 - - [08/Oct/2015:05:06:37 -0500] "GET /Anexos%20estudio%20Organizacional%20SDA/ANEXO%20No.%201-%20NORMAS%20LEGALES%20DE%20ESTRUCTURA%20Y%20PLANTA/Decreto%20175%20de%202009%20_files/jquery-1.3.2.min.js HTTP/1.0" 200 57254
144.76.8.132 - - [08/Oct/2015:05:06:39 -0500] "GET /Anexos%20estudio%20Organizacional%20SDA/ANEXO%20No.%201-%20NORMAS%20LEGALES%20DE%20ESTRUCTURA%20Y%20PLANTA/Decreto%20175%20de%202009%20_files/jquery.fancybox-1.2.5.css HTTP/1.0" 200 4557
144.76.8.132 - - [08/Oct/2015:05:06:42 -0500] "GET /Anexos%20estudio%20Organizacional%20SDA/ANEXO%20No.%201-%20NORMAS%20LEGALES%20DE%20ESTRUCTURA%20Y%20PLANTA/Decreto%20175%20de%202009%20_files/jquery.fancybox-1.2.5.js HTTP/1.0" 200 18179
144.76.8.132 - - [08/Oct/2015:05:06:44 -0500] "GET /Anexos%20estudio%20Organizacional%20SDA/ANEXO%20No.%201-%20NORMAS%20LEGALES%20DE%20ESTRUCTURA%20Y%20PLANTA/Decreto%20175%20de%202009%20_files/ladc.css HTTP/1.0" 200 5119
186.85.90.90 - - [08/Oct/2015:05:06:45 -0500] "POST /forms/lservlet;jsessionid=ac16012b30d69363b3c64843451f9b0ff4b0849af480.e3iSbxaKaheRe38Ka34Oa3eLbxf0n6jAmljGr5XDqQLvpAe HTTP/1.1" 200 2
144.76.8.132 - - [08/Oct/2015:05:06:46 -0500] "GET /Anexos%20estudio%20Organizacional%20SDA/ANEXO%20No.%201-%20NORMAS%20LEGALES%20DE%20ESTRUCTURA%20Y%20PLANTA/Decreto%20175%20de%202009%20_files/screen.css HTTP/1.0" 200 2444
144.76.8.132 - - [08/Oct/2015:05:06:48 -0500] "GET /Anexos%20estudio%20Organizacional%20SDA/ANEXO%20No.%201-%20NORMAS%20LEGALES%20DE%20ESTRUCTURA%20Y%20PLANTA/Decreto%20175%20de%202009.htm HTTP/1.0" 200 53727
144.76.8.132 - - [08/Oct/2015:05:06:51 -0500] "GET /Anexos%20estudio%20Organizacional%20SDA/ANEXO%20No.%201-%20NORMAS%20LEGALES%20DE%20ESTRUCTURA%20Y%20PLANTA/Decreto%20175%20de%202009_files/AjaxRequest.js HTTP/1.0" 200 17069
144.76.8.132 - - [08/Oct/2015:05:06:53 -0500] "GET /Anexos%20estudio%20Organizacional%20SDA/ANEXO%20No.%201-%20NORMAS%20LEGALES%20DE%20ESTRUCTURA%20Y%20PLANTA/Decreto%20175%20de%202009_files/jquery-1.3.2.min.js HTTP/1.0" 200 57254
207.46.13.22 - - [08/Oct/2015:05:06:03 -0500] "GET /BLA/boletinlegal/ HTTP/1.1" 200 51063
144.76.8.132 - - [08/Oct/2015:05:06:56 -0500] "GET /Anexos%20estudio%20Organizacional%20SDA/ANEXO%20No.%201-%20NORMAS%20LEGALES%20DE%20ESTRUCTURA%20Y%20PLANTA/Decreto%20175%20de%202009_files/jquery.fancybox-1.2.5.css HTTP/1.0" 200 4557
144.76.8.132 - - [08/Oct/2015:05:06:58 -0500] "GET /Anexos%20estudio%20Organizacional%20SDA/ANEXO%20No.%201-%20NORMAS%20LEGALES%20DE%20ESTRUCTURA%20Y%20PLANTA/Decreto%20175%20de%202009_files/jquery.fancybox-1.2.5.js HTTP/1.0" 200 18179
144.76.8.132 - - [08/Oct/2015:05:07:00 -0500] "GET /Anexos%20estudio%20Organizacional%20SDA/ANEXO%20No.%201-%20NORMAS%20LEGALES%20DE%20ESTRUCTURA%20Y%20PLANTA/Decreto%20175%20de%202009_files/screen.css HTTP/1.0" 200 2444
144.76.8.132 - - [08/Oct/2015:05:07:02 -0500] "GET /Anexos%20estudio%20Organizacional%20SDA/ANEXO%20No.%201-%20NORMAS%20LEGALES%20DE%20ESTRUCTURA%20Y%20PLANTA/Decreto%20308%20de%202001%20-%20Modifica%20estructura%20del%20DAMA.jsp.htm HTTP/1.0" 200 53585
144.76.8.132 - - [08/Oct/2015:05:07:05 -0500] "GET /Anexos%20estudio%20Organizacional%20SDA/ANEXO%20No.%201-%20NORMAS%20LEGALES%20DE%20ESTRUCTURA%20Y%20PLANTA/Decreto%20308%20de%202001%20-%20Modifica%20estructura%20del%20DAMA.jsp_files/AjaxRequest.js HTTP/1.0" 200 17069
144.76.8.132 - - [08/Oct/2015:05:07:08 -0500] "GET /Anexos%20estudio%20Organizacional%20SDA/ANEXO%20No.%201-%20NORMAS%20LEGALES%20DE%20ESTRUCTURA%20Y%20PLANTA/Decreto%20308%20de%202001%20-%20Modifica%20estructura%20del%20DAMA.jsp_files/jquery-1.js HTTP/1.0" 200 57254
157.55.39.79 - - [08/Oct/2015:05:07:10 -0500] "GET /robots.txt HTTP/1.1" 404 1018
144.76.8.132 - - [08/Oct/2015:05:07:10 -0500] "GET /Anexos%20estudio%20Organizacional%20SDA/ANEXO%20No.%201-%20NORMAS%20LEGALES%20DE%20ESTRUCTURA%20Y%20PLANTA/Decreto%20308%20de%202001%20-%20Modifica%20estructura%20del%20DAMA.jsp_files/jquery.css HTTP/1.0" 200 4557
144.76.8.132 - - [08/Oct/2015:05:07:12 -0500] "GET /Anexos%20estudio%20Organizacional%20SDA/ANEXO%20No.%201-%20NORMAS%20LEGALES%20DE%20ESTRUCTURA%20Y%20PLANTA/Decreto%20308%20de%202001%20-%20Modifica%20estructura%20del%20DAMA.jsp_files/jquery.js HTTP/1.0" 200 18179
157.55.39.79 - - [08/Oct/2015:05:07:14 -0500] "GET /BLA/boletinlegal/js/jquery.scrollTo-min.js HTTP/1.1" 200 1150
144.76.8.132 - - [08/Oct/2015:05:07:15 -0500] "GET /Anexos%20estudio%20Organizacional%20SDA/ANEXO%20No.%201-%20NORMAS%20LEGALES%20DE%20ESTRUCTURA%20Y%20PLANTA/Decreto%20308%20de%202001%20-%20Modifica%20estructura%20del%20DAMA.jsp_files/ladc.css HTTP/1.0" 200 5119
144.76.8.132 - - [08/Oct/2015:05:07:17 -0500] "GET /Anexos%20estudio%20Organizacional%20SDA/ANEXO%20No.%201-%20NORMAS%20LEGALES%20DE%20ESTRUCTURA%20Y%20PLANTA/Decreto%20308%20de%202001%20-%20Modifica%20estructura%20del%20DAMA.jsp_files/ladc.htm HTTP/1.0" 200 1071
144.76.8.132 - - [08/Oct/2015:05:07:19 -0500] "GET /Anexos%20estudio%20Organizacional%20SDA/ANEXO%20No.%201-%20NORMAS%20LEGALES%20DE%20ESTRUCTURA%20Y%20PLANTA/Decreto%20308%20de%202001%20-%20Modifica%20estructura%20del%20DAMA.jsp_files/screen.css HTTP/1.0" 200 2444
157.55.39.179 - - [08/Oct/2015:05:07:19 -0500] "GET /BLA/boletinlegal/styles2.css HTTP/1.1" 200 1838
201.234.75.11 - - [08/Oct/2015:05:07:19 -0500] "GET /galeria/galeria/fotos/Movilizacion7P.jpg HTTP/1.1" 304 -
144.76.8.132 - - [08/Oct/2015:05:07:21 -0500] "GET /Anexos%20estudio%20Organizacional%20SDA/ANEXO%20No.%201-%20NORMAS%20LEGALES%20DE%20ESTRUCTURA%20Y%20PLANTA/Decreto%20561%20de%202006%20-%20Establece%20estructura%20de%20la%20SDA.jsp.htm HTTP/1.0" 200 97886
144.76.8.132 - - [08/Oct/2015:05:07:24 -0500] "GET /Anexos%20estudio%20Organizacional%20SDA/ANEXO%20No.%201-%20NORMAS%20LEGALES%20DE%20ESTRUCTURA%20Y%20PLANTA/Decreto%20562%20de%202006%20-%20Establece%20planta%20de%20cargos%20de%20SDA.jsp.htm HTTP/1.0" 200 70257
144.76.8.132 - - [08/Oct/2015:05:07:27 -0500] "GET /Anexos%20estudio%20Organizacional%20SDA/ANEXO%20No.%201-%20NORMAS%20LEGALES%20DE%20ESTRUCTURA%20Y%20PLANTA/Decreto%20631%20de%202007-%20Modifica%20planta%20de%20SDA.jsp.htm HTTP/1.0" 200 24240
144.76.8.132 - - [08/Oct/2015:05:07:30 -0500] "GET /Anexos%20estudio%20Organizacional%20SDA/ANEXO%20No.%201-%20NORMAS%20LEGALES%20DE%20ESTRUCTURA%20Y%20PLANTA/Decreto%20631%20de%202007-%20Modifica%20planta%20de%20SDA.jsp_files/AjaxRequest.js HTTP/1.0" 200 17069
144.76.8.132 - - [08/Oct/2015:05:07:32 -0500] "GET /Anexos%20estudio%20Organizacional%20SDA/ANEXO%20No.%201-%20NORMAS%20LEGALES%20DE%20ESTRUCTURA%20Y%20PLANTA/Decreto%20631%20de%202007-%20Modifica%20planta%20de%20SDA.jsp_files/jquery-1.js HTTP/1.0" 200 57254
144.76.8.132 - - [08/Oct/2015:05:07:35 -0500] "GET /Anexos%20estudio%20Organizacional%20SDA/ANEXO%20No.%201-%20NORMAS%20LEGALES%20DE%20ESTRUCTURA%20Y%20PLANTA/Decreto%20631%20de%202007-%20Modifica%20planta%20de%20SDA.jsp_files/jquery.css HTTP/1.0" 200 4557
144.76.8.132 - - [08/Oct/2015:05:07:37 -0500] "GET /Anexos%20estudio%20Organizacional%20SDA/ANEXO%20No.%201-%20NORMAS%20LEGALES%20DE%20ESTRUCTURA%20Y%20PLANTA/Decreto%20631%20de%202007-%20Modifica%20planta%20de%20SDA.jsp_files/jquery.js HTTP/1.0" 200 18179
144.76.8.132 - - [08/Oct/2015:05:07:39 -0500] "GET /Anexos%20estudio%20Organizacional%20SDA/ANEXO%20No.%201-%20NORMAS%20LEGALES%20DE%20ESTRUCTURA%20Y%20PLANTA/Decreto%20631%20de%202007-%20Modifica%20planta%20de%20SDA.jsp_files/ladc.css HTTP/1.0" 200 5119
144.76.8.132 - - [08/Oct/2015:05:07:42 -0500] "GET /Anexos%20estudio%20Organizacional%20SDA/ANEXO%20No.%201-%20NORMAS%20LEGALES%20DE%20ESTRUCTURA%20Y%20PLANTA/Decreto%20631%20de%202007-%20Modifica%20planta%20de%20SDA.jsp_files/screen.css HTTP/1.0" 200 2444
144.76.8.132 - - [08/Oct/2015:05:07:43 -0500] "GET /Anexos%20estudio%20Organizacional%20SDA/ANEXO%20No.%201-%20NORMAS%20LEGALES%20DE%20ESTRUCTURA%20Y%20PLANTA/Decreto%20673%20de%201995%20Reestructura%20el%20DAMA.htm HTTP/1.0" 200 59971
144.76.8.132 - - [08/Oct/2015:05:07:46 -0500] "GET /Anexos%20estudio%20Organizacional%20SDA/ANEXO%20No.%201-%20NORMAS%20LEGALES%20DE%20ESTRUCTURA%20Y%20PLANTA/Decreto%20distrital%20110%20de%202009%20-%20modifica%20planta%20de%20empleos%20SDA.jsp.htm HTTP/1.0" 200 44025
144.76.8.132 - - [08/Oct/2015:05:07:49 -0500] "GET /Anexos%20estudio%20Organizacional%20SDA/ANEXO%20No.%201-%20NORMAS%20LEGALES%20DE%20ESTRUCTURA%20Y%20PLANTA/Decreto%20distrital%20110%20de%202009%20-%20modifica%20planta%20de%20empleos%20SDA.jsp_files/AjaxRequest.js HTTP/1.0" 200 17069
144.76.8.132 - - [08/Oct/2015:05:07:51 -0500] "GET /Anexos%20estudio%20Organizacional%20SDA/ANEXO%20No.%201-%20NORMAS%20LEGALES%20DE%20ESTRUCTURA%20Y%20PLANTA/Decreto%20distrital%20110%20de%202009%20-%20modifica%20planta%20de%20empleos%20SDA.jsp_files/jquery-1.js HTTP/1.0" 200 57254
144.76.8.132 - - [08/Oct/2015:05:07:54 -0500] "GET /Anexos%20estudio%20Organizacional%20SDA/ANEXO%20No.%201-%20NORMAS%20LEGALES%20DE%20ESTRUCTURA%20Y%20PLANTA/Decreto%20distrital%20110%20de%202009%20-%20modifica%20planta%20de%20empleos%20SDA.jsp_files/jquery.css HTTP/1.0" 200 4557
144.76.8.132 - - [08/Oct/2015:05:07:56 -0500] "GET /Anexos%20estudio%20Organizacional%20SDA/ANEXO%20No.%201-%20NORMAS%20LEGALES%20DE%20ESTRUCTURA%20Y%20PLANTA/Decreto%20distrital%20110%20de%202009%20-%20modifica%20planta%20de%20empleos%20SDA.jsp_files/jquery.js HTTP/1.0" 200 18179
144.76.8.132 - - [08/Oct/2015:05:07:59 -0500] "GET /Anexos%20estudio%20Organizacional%20SDA/ANEXO%20No.%201-%20NORMAS%20LEGALES%20DE%20ESTRUCTURA%20Y%20PLANTA/Decreto%20distrital%20110%20de%202009%20-%20modifica%20planta%20de%20empleos%20SDA.jsp_files/ladc.css HTTP/1.0" 200 5119
144.76.8.132 - - [08/Oct/2015:05:08:01 -0500] "GET /Anexos%20estudio%20Organizacional%20SDA/ANEXO%20No.%201-%20NORMAS%20LEGALES%20DE%20ESTRUCTURA%20Y%20PLANTA/Decreto%20distrital%20110%20de%202009%20-%20modifica%20planta%20de%20empleos%20SDA.jsp_files/screen.css HTTP/1.0" 200 2444
144.76.8.132 - - [08/Oct/2015:05:08:03 -0500] "GET /Anexos%20estudio%20Organizacional%20SDA/ANEXO%20No.%201-%20NORMAS%20LEGALES%20DE%20ESTRUCTURA%20Y%20PLANTA/Ley%2099%20de%201993%20-%20Crea%20MimAmbiente.htm HTTP/1.0" 200 525976
74.86.158.107 - - [08/Oct/2015:05:08:06 -0500] "HEAD / HTTP/1.1" 200 -
144.76.8.132 - - [08/Oct/2015:05:08:06 -0500] "GET /Anexos%20estudio%20Organizacional%20SDA/ANEXO%20No.%201-%20NORMAS%20LEGALES%20DE%20ESTRUCTURA%20Y%20PLANTA/Ley%2099%20de%201993%20-%20Crea%20MimAmbiente_files/Tooltip.js HTTP/1.0" 200 11422
144.76.8.132 - - [08/Oct/2015:05:08:09 -0500] "GET /Anexos%20estudio%20Organizacional%20SDA/ANEXO%20No.%201-%20NORMAS%20LEGALES%20DE%20ESTRUCTURA%20Y%20PLANTA/Ley%2099%20de%201993%20-%20Crea%20MimAmbiente_files/alert.css HTTP/1.0" 200 1815
144.76.8.132 - - [08/Oct/2015:05:08:11 -0500] "GET /Anexos%20estudio%20Organizacional%20SDA/ANEXO%20No.%201-%20NORMAS%20LEGALES%20DE%20ESTRUCTURA%20Y%20PLANTA/Ley%2099%20de%201993%20-%20Crea%20MimAmbiente_files/alert_lite.css HTTP/1.0" 200 1203
144.76.8.132 - - [08/Oct/2015:05:08:12 -0500] "GET /Anexos%20estudio%20Organizacional%20SDA/ANEXO%20No.%201-%20NORMAS%20LEGALES%20DE%20ESTRUCTURA%20Y%20PLANTA/Ley%2099%20de%201993%20-%20Crea%20MimAmbiente_files/alphacube.css HTTP/1.0" 200 2649
144.76.8.132 - - [08/Oct/2015:05:08:14 -0500] "GET /Anexos%20estudio%20Organizacional%20SDA/index.php?dir=ANEXO%20No.%201-%20NORMAS%20LEGALES%20DE%20ESTRUCTURA%20Y%20PLANTA/Decreto%20175%20de%202009_files/&sort=name&order=desc HTTP/1.0" 200 9149
66.249.64.253 - - [08/Oct/2015:05:08:16 -0500] "GET /Autoliquidacion/Solicitudes%20relacionadas%20con%20calidad%20del%20aire%20auditiva%20y%20visual/Evaluaci%C3%B3n%20para%20Certificaci%C3%B3n%20en%20materia%20de%20Revisi%C3%B3n%20de%20Gases/lista%20de%20chequeo%20certificacion%20en%20materia%20de%20revision%20de%20gases.pdf HTTP/1.1" 200 106813
144.76.8.132 - - [08/Oct/2015:05:08:17 -0500] "GET /POT-2013/index.php?dir=memoria%20justificativa/&sort=date&order=asc HTTP/1.0" 200 2484
144.76.8.132 - - [08/Oct/2015:05:08:19 -0500] "GET /POT-2013/index.php?dir=memoria%20justificativa/&sort=size&order=asc HTTP/1.0" 200 2484
144.76.8.132 - - [08/Oct/2015:05:08:21 -0500] "GET /PruebasSTORM/StormSDA_pruebas/nsjars/?C=D;O=A HTTP/1.0" 200 4116
144.76.8.132 - - [08/Oct/2015:05:08:24 -0500] "GET /PruebasSTORM/StormSDA_pruebas/nsjars/?C=M;O=A HTTP/1.0" 200 4116
144.76.8.132 - - [08/Oct/2015:05:08:26 -0500] "GET /PruebasSTORM/StormSDA_pruebas/nsjars/?C=N;O=D HTTP/1.0" 200 4116
144.76.8.132 - - [08/Oct/2015:05:08:28 -0500] "GET /PruebasSTORM/StormSDA_pruebas/nsjars/?C=S;O=A HTTP/1.0" 200 4116
144.76.8.132 - - [08/Oct/2015:05:08:30 -0500] "GET /PruebasSTORM/StormSDA_pruebas/nsjars/LoadInf.jar HTTP/1.0" 200 12381
144.76.8.132 - - [08/Oct/2015:05:08:32 -0500] "GET /PruebasSTORM/StormSDA_pruebas/nsjars/LoadInf_bk.jar HTTP/1.0" 200 12229
144.76.8.132 - - [08/Oct/2015:05:08:34 -0500] "GET /PruebasSTORM/StormSDA_pruebas/stormWeb/img/ HTTP/1.0" 200 2988
144.76.8.132 - - [08/Oct/2015:05:08:37 -0500] "GET /PruebasSTORM/StormSDA_pruebas/userFiles/user_files/ HTTP/1.0" 200 5906
144.76.8.132 - - [08/Oct/2015:05:08:39 -0500] "GET /PruebasSTORM/StormSDA_pruebas/userFiles/user_files/formatos/eventos/ HTTP/1.0" 200 917
186.85.90.90 - - [08/Oct/2015:05:08:45 -0500] "POST /forms/lservlet;jsessionid=ac16012b30d69363b3c64843451f9b0ff4b0849af480.e3iSbxaKaheRe38Ka34Oa3eLbxf0n6jAmljGr5XDqQLvpAe HTTP/1.1" 200 2
207.46.13.22 - - [08/Oct/2015:05:09:24 -0500] "GET /BLA/boletinlegal/js/jquery.js HTTP/1.1" 200 57254
207.46.13.22 - - [08/Oct/2015:05:09:26 -0500] "GET /BLA/boletinlegal/style.css HTTP/1.1" 200 9406
180.76.15.135 - - [08/Oct/2015:05:09:30 -0500] "GET /SIG/Gestion%20Recursos%20Financieros/126PA02-PR28%20REGISTRO%20CONVENIOS%20Y%20CONTRATOS%20INTERADMINISTRATIVOS.pdf HTTP/1.1" 200 393134
66.249.64.106 - - [08/Oct/2015:05:09:52 -0500] "GET /BLA/resoluciones/RESOLUCIONES%202010/7621.pdf HTTP/1.1" 200 71793
66.249.64.106 - - [08/Oct/2015:05:10:20 -0500] "GET /BLA/resoluciones/RESOLUCIONES%202007/RES%202007%204001%20AL%204100/RESOLUCION%204039%20DE%202007.pdf HTTP/1.1" 200 292845
186.85.90.90 - - [08/Oct/2015:05:10:45 -0500] "POST /forms/lservlet;jsessionid=ac16012b30d69363b3c64843451f9b0ff4b0849af480.e3iSbxaKaheRe38Ka34Oa3eLbxf0n6jAmljGr5XDqQLvpAe HTTP/1.1" 200 2
220.227.125.126 - - [08/Oct/2015:05:12:07 -0500] "GET /galeria/galeria/jquery.fancybox.css?v=2.1.5 HTTP/1.1" 304 -
220.227.125.126 - - [08/Oct/2015:05:12:07 -0500] "GET /galeria/galeria/jquery.fancybox.js?v=2.1.5 HTTP/1.1" 304 -
66.249.64.96 - - [08/Oct/2015:05:12:24 -0500] "GET /BLA/resoluciones/RESOLUCIONES%202007/RES%202007%203501%20AL%203600/RESOLUCION%203581%20DE%202007.pdf HTTP/1.1" 304 -
186.85.90.90 - - [08/Oct/2015:05:12:45 -0500] "POST /forms/lservlet;jsessionid=ac16012b30d69363b3c64843451f9b0ff4b0849af480.e3iSbxaKaheRe38Ka34Oa3eLbxf0n6jAmljGr5XDqQLvpAe HTTP/1.1" 200 2
74.86.158.107 - - [08/Oct/2015:05:13:06 -0500] "HEAD / HTTP/1.1" 200 -
66.249.64.101 - - [08/Oct/2015:05:14:28 -0500] "GET /BLA/resoluciones/RESOLUCIONES%202007/RES%202007%20201%20AL%20300/RESOLUCION%200252%20DE%202007.pdf HTTP/1.1" 304 -
186.85.90.90 - - [08/Oct/2015:05:14:45 -0500] "POST /forms/lservlet;jsessionid=ac16012b30d69363b3c64843451f9b0ff4b0849af480.e3iSbxaKaheRe38Ka34Oa3eLbxf0n6jAmljGr5XDqQLvpAe HTTP/1.1" 200 2
89.163.148.58 - - [08/Oct/2015:05:15:55 -0500] "GET /robots.txt HTTP/1.0" 404 1015
89.163.148.58 - - [08/Oct/2015:05:15:57 -0500] "GET /Anexos%20estudio%20Organizacional%20SDA/index.php?dir=ANEXO%20No.%2010%20-%20COSTO%20DETALLADO%20PLANTA%20DE%20CARGOS%20ACTUAL/ HTTP/1.0" 200 2421
89.163.148.58 - - [08/Oct/2015:05:15:59 -0500] "GET /Anexos%20estudio%20Organizacional%20SDA/index.php?dir=ANEXO%20No.%202%20-%20EJECUCIONES%20PRESUPUESTALES%202008-2011%20Y%20PRESUPUESTO%202012/ HTTP/1.0" 200 3708
89.163.148.58 - - [08/Oct/2015:05:16:02 -0500] "GET /Anexos%20estudio%20Organizacional%20SDA/index.php?dir=ANEXO%20No.%205%20-%20ESTUDIO%20Y%20PROPUESTA%20SERAMB%20IENTE/ HTTP/1.0" 200 3623
89.163.148.58 - - [08/Oct/2015:05:16:06 -0500] "GET /Anexos%20estudio%20Organizacional%20SDA/index.php?dir=ANEXO%20No.%207%20-%20PROYECTO%20DE%20DECRETO%20MODIFICATORIO%20DE%20ESTRUCTURA%20DE%20LA%20SDA/ HTTP/1.0" 200 2594
89.163.148.58 - - [08/Oct/2015:05:16:08 -0500] "GET /Anexos%20estudio%20Organizacional%20SDA/index.php?dir=ANEXO%20No.11-PROYECTO%20DE%20DECRETO%20MODIFICATORIO%20PLANTA%20DE%20CARGOS%20SDA/ HTTP/1.0" 200 2569
89.163.148.58 - - [08/Oct/2015:05:16:09 -0500] "GET /Anexos%20estudio%20Organizacional%20SDA/index.php?dir=ANEXO%20No.12-PROYECTO%20ACTUALIZACION%20MANUAL%20DE%20FUNCIONES%20SDA/ HTTP/1.0" 200 2515
89.163.148.58 - - [08/Oct/2015:05:16:11 -0500] "GET /Autoliquidacion/index.php?dir=Fauna%20Silvestre/&sort=date&order=desc HTTP/1.0" 200 3032
89.163.148.58 - - [08/Oct/2015:05:16:13 -0500] "GET /Autoliquidacion/index.php?dir=Fauna%20Silvestre/&sort=name&order=asc HTTP/1.0" 200 3033
89.163.148.58 - - [08/Oct/2015:05:16:15 -0500] "GET /Autoliquidacion/index.php?dir=Fauna%20Silvestre/&sort=size&order=desc HTTP/1.0" 200 3032
89.163.148.58 - - [08/Oct/2015:05:16:17 -0500] "GET /Autoliquidacion/index.php?dir=Grupo%20Forestal%20-%20Industria%20de%20la%20Madera/&sort=date&order=desc HTTP/1.0" 200 6504
89.163.148.58 - - [08/Oct/2015:05:16:19 -0500] "GET /Autoliquidacion/index.php?dir=Grupo%20Forestal%20-%20Industria%20de%20la%20Madera/&sort=name&order=asc HTTP/1.0" 200 6505
89.163.148.58 - - [08/Oct/2015:05:16:21 -0500] "GET /Autoliquidacion/index.php?dir=Grupo%20Forestal%20-%20Industria%20de%20la%20Madera/&sort=size&order=desc HTTP/1.0" 200 6504
89.163.148.58 - - [08/Oct/2015:05:16:23 -0500] "GET /Autoliquidacion/index.php?dir=Grupo%20Forestal%20-%20Silvicultura/&sort=date&order=desc HTTP/1.0" 200 4954
89.163.148.58 - - [08/Oct/2015:05:16:25 -0500] "GET /Autoliquidacion/index.php?dir=Grupo%20Forestal%20-%20Silvicultura/&sort=name&order=asc HTTP/1.0" 200 4955
89.163.148.58 - - [08/Oct/2015:05:16:29 -0500] "GET /Autoliquidacion/index.php?dir=Grupo%20Forestal%20-%20Silvicultura/&sort=size&order=desc HTTP/1.0" 200 4954
89.163.148.58 - - [08/Oct/2015:05:16:31 -0500] "GET /Autoliquidacion/index.php?dir=PERMISO%20DE%20OCUPACION%20DE%20SUELO/&sort=date&order=desc HTTP/1.0" 200 2342
66.249.64.106 - - [08/Oct/2015:05:16:33 -0500] "GET /BLA/resoluciones/RESOLUCIONES%202012/0974.pdf HTTP/1.1" 200 1491889
89.163.148.58 - - [08/Oct/2015:05:16:34 -0500] "GET /Autoliquidacion/index.php?dir=PERMISO%20DE%20OCUPACION%20DE%20SUELO/&sort=name&order=asc HTTP/1.0" 200 2343
179.18.56.134 - - [08/Oct/2015:05:16:35 -0500] "GET /galeria/galeria/jquery.fancybox.js?v=2.1.5 HTTP/1.1" 200 48706
179.18.56.134 - - [08/Oct/2015:05:16:35 -0500] "GET /galeria/galeria/jquery.fancybox.css?v=2.1.5 HTTP/1.1" 200 4895
179.18.56.134 - - [08/Oct/2015:05:16:35 -0500] "GET /BLA/boletinlegal/js/jquery.scrollShow.js HTTP/1.1" 200 4586
89.163.148.58 - - [08/Oct/2015:05:16:37 -0500] "GET /Autoliquidacion/index.php?dir=PERMISO%20DE%20OCUPACION%20DE%20SUELO/&sort=size&order=desc HTTP/1.0" 200 2342
89.163.148.58 - - [08/Oct/2015:05:16:39 -0500] "GET /Autoliquidacion/index.php?dir=Plan%20de%20manejo%20ambiental%20para%20sitios%20de%20aprovechamiento%20y%20o%20disposicion%20final%20de%20escombros/&sort=date&order=desc HTTP/1.0" 200 2471
89.163.148.58 - - [08/Oct/2015:05:16:41 -0500] "GET /Autoliquidacion/index.php?dir=Plan%20de%20manejo%20ambiental%20para%20sitios%20de%20aprovechamiento%20y%20o%20disposicion%20final%20de%20escombros/&sort=name&order=asc HTTP/1.0" 200 2472
89.163.148.58 - - [08/Oct/2015:05:16:43 -0500] "GET /Autoliquidacion/index.php?dir=Plan%20de%20manejo%20ambiental%20para%20sitios%20de%20aprovechamiento%20y%20o%20disposicion%20final%20de%20escombros/&sort=size&order=desc HTTP/1.0" 200 2471
186.85.90.90 - - [08/Oct/2015:05:16:45 -0500] "POST /forms/lservlet;jsessionid=ac16012b30d69363b3c64843451f9b0ff4b0849af480.e3iSbxaKaheRe38Ka34Oa3eLbxf0n6jAmljGr5XDqQLvpAe HTTP/1.1" 200 2
89.163.148.58 - - [08/Oct/2015:05:16:47 -0500] "GET /Autoliquidacion/index.php?dir=Solicitud%20de%20Licencia%20Ambiental/&sort=date&order=desc HTTP/1.0" 200 2614
89.163.148.58 - - [08/Oct/2015:05:16:49 -0500] "GET /Autoliquidacion/index.php?dir=Solicitud%20de%20Licencia%20Ambiental/&sort=name&order=asc HTTP/1.0" 200 2615
89.163.148.58 - - [08/Oct/2015:05:16:52 -0500] "GET /Autoliquidacion/index.php?dir=Solicitud%20de%20Licencia%20Ambiental/&sort=size&order=desc HTTP/1.0" 200 2614
179.18.56.134 - - [08/Oct/2015:05:16:53 -0500] "GET /BLA/boletinlegal/js/jquery.scrollShow.js HTTP/1.1" 200 4586
179.18.56.134 - - [08/Oct/2015:05:16:53 -0500] "GET /galeria/galeria/jquery.fancybox.js?v=2.1.5 HTTP/1.1" 200 48706
179.18.56.134 - - [08/Oct/2015:05:16:53 -0500] "GET /galeria/galeria/jquery.fancybox.css?v=2.1.5 HTTP/1.1" 200 4895
66.249.64.101 - - [08/Oct/2015:05:17:25 -0500] "GET /BLA/resoluciones/AUTOS%202008/2309.pdf HTTP/1.1" 200 178670
74.86.158.107 - - [08/Oct/2015:05:18:06 -0500] "HEAD / HTTP/1.1" 200 -
190.25.161.170 - - [08/Oct/2015:05:18:07 -0500] "GET /galeria/galeria/jquery.fancybox.css?v=2.1.5 HTTP/1.1" 200 4895
190.25.161.170 - - [08/Oct/2015:05:18:07 -0500] "GET /galeria/carrusel/Carrusel/jquery.thumbnailScroller.css HTTP/1.1" 200 2066
190.25.161.170 - - [08/Oct/2015:05:18:07 -0500] "GET /BLA/boletinlegal/js/jquery.scrollShow.js HTTP/1.1" 200 4586
190.25.161.170 - - [08/Oct/2015:05:18:07 -0500] "GET /galeria/galeria/jquery.fancybox.js?v=2.1.5 HTTP/1.1" 200 48706
190.25.161.170 - - [08/Oct/2015:05:18:07 -0500] "GET /galeria/carrusel/Carrusel/jquery-ui-1.8.13.custom.min.js HTTP/1.1" 200 10800
190.25.161.170 - - [08/Oct/2015:05:18:07 -0500] "GET /galeria/carrusel/Carrusel/jquery.thumbnailScroller.js HTTP/1.1" 200 8157
190.25.161.170 - - [08/Oct/2015:05:18:10 -0500] "GET /galeria/nivo-slider/demo/demo.html HTTP/1.1" 200 3949
190.25.161.170 - - [08/Oct/2015:05:18:15 -0500] "GET /galeria/nivo-slider/themes/default/default.css HTTP/1.1" 200 1569
190.25.161.170 - - [08/Oct/2015:05:18:15 -0500] "GET /galeria/nivo-slider/themes/pascal/pascal.css HTTP/1.1" 200 2258
190.25.161.170 - - [08/Oct/2015:05:18:15 -0500] "GET /galeria/nivo-slider/themes/orman/orman.css HTTP/1.1" 200 2152
190.25.161.170 - - [08/Oct/2015:05:18:15 -0500] "GET /galeria/nivo-slider/nivo-slider.css HTTP/1.1" 200 1507
190.25.161.170 - - [08/Oct/2015:05:18:15 -0500] "GET /galeria/nivo-slider/demo/style.css HTTP/1.1" 200 2222
190.25.161.170 - - [08/Oct/2015:05:18:15 -0500] "GET /galeria/nivo-slider/demo/images/Arbol-banner2015.jpg HTTP/1.1" 200 227081
190.25.161.170 - - [08/Oct/2015:05:18:15 -0500] "GET /galeria/nivo-slider/demo/images/Banner-ahorro-de-agua.jpg HTTP/1.1" 200 149141
190.25.161.170 - - [08/Oct/2015:05:18:15 -0500] "GET /galeria/nivo-slider/demo/images/Banner-cursos.jpg HTTP/1.1" 200 207520
190.25.161.170 - - [08/Oct/2015:05:18:15 -0500] "GET /galeria/nivo-slider/demo/images/Cmapana-onestidad.jpg HTTP/1.1" 200 141638
190.25.161.170 - - [08/Oct/2015:05:18:15 -0500] "GET /galeria/nivo-slider/demo/images/simulacro-busqueda-rescate-urbano.jpg HTTP/1.1" 200 251375
190.25.161.170 - - [08/Oct/2015:05:18:15 -0500] "GET /galeria/nivo-slider/demo/scripts/jquery-1.7.1.min.js HTTP/1.1" 200 93868
200.110.174.3 - - [08/Oct/2015:05:18:15 -0500] "GET /BLA/boletinlegal/js/jquery.scrollShow.js HTTP/1.1" 200 4586
190.25.161.170 - - [08/Oct/2015:05:18:16 -0500] "GET /galeria/nivo-slider/jquery.nivo.slider.pack.js HTTP/1.1" 200 11561
190.25.161.170 - - [08/Oct/2015:05:18:16 -0500] "GET /galeria/nivo-slider/demo/images/4Simple_Slider.png HTTP/1.1" 200 11722
200.110.174.3 - - [08/Oct/2015:05:18:16 -0500] "GET /galeria/galeria/jquery.fancybox.js?v=2.1.5 HTTP/1.1" 200 48706
190.25.161.170 - - [08/Oct/2015:05:18:16 -0500] "GET /galeria/nivo-slider/themes/default/loading.gif HTTP/1.1" 200 1737
190.25.161.170 - - [08/Oct/2015:05:18:16 -0500] "GET /galeria/nivo-slider/demo/images/banner-llantas2.jpg HTTP/1.1" 200 204644
190.25.161.170 - - [08/Oct/2015:05:18:17 -0500] "GET /galeria/nivo-slider/demo/images/ecolecta-Dic2014.png HTTP/1.1" 200 288593
200.110.174.3 - - [08/Oct/2015:05:18:17 -0500] "GET /galeria/galeria/jquery.fancybox.css?v=2.1.5 HTTP/1.1" 200 4895
190.25.161.170 - - [08/Oct/2015:05:18:17 -0500] "GET /galeria/nivo-slider/demo/images/bolsas-06.jpg HTTP/1.1" 200 90982
190.25.161.170 - - [08/Oct/2015:05:18:17 -0500] "GET /galeria/nivo-slider/demo/images/Comparendo-ambiental-Banner.jpg HTTP/1.1" 200 83731
190.25.161.170 - - [08/Oct/2015:05:18:18 -0500] "GET /galeria/nivo-slider/demo/images/PREDAcamp.jpg HTTP/1.1" 200 295358
190.25.161.170 - - [08/Oct/2015:05:18:18 -0500] "GET /galeria/nivo-slider/demo/images/9Signos.jpg HTTP/1.1" 200 81776
190.25.161.170 - - [08/Oct/2015:05:18:18 -0500] "GET /galeria/nivo-slider/demo/images/Plan-Quinquenal.jpg HTTP/1.1" 200 412438
190.25.161.170 - - [08/Oct/2015:05:18:19 -0500] "GET /galeria/nivo-slider/demo/images/Ruta-vertimientos-01.jpg HTTP/1.1" 200 130151
190.25.161.170 - - [08/Oct/2015:05:18:19 -0500] "GET /galeria/nivo-slider/demo/images/Conoce-los-humedales.jpg HTTP/1.1" 200 294036
190.25.161.170 - - [08/Oct/2015:05:18:22 -0500] "GET /galeria/nivo-slider/themes/default/arrows.png HTTP/1.1" 200 824
190.25.161.170 - - [08/Oct/2015:05:18:22 -0500] "GET /galeria/nivo-slider/themes/default/bullets.png HTTP/1.1" 200 1281
200.110.174.3 - - [08/Oct/2015:05:18:25 -0500] "GET /galeria/galeria/jquery.fancybox.js?v=2.1.5 HTTP/1.1" 304 -
200.110.174.3 - - [08/Oct/2015:05:18:25 -0500] "GET /BLA/boletinlegal/js/jquery.scrollShow.js HTTP/1.1" 304 -
200.110.174.3 - - [08/Oct/2015:05:18:25 -0500] "GET /galeria/galeria/jquery.fancybox.css?v=2.1.5 HTTP/1.1" 304 -
66.249.64.106 - - [08/Oct/2015:05:18:37 -0500] "GET /BLA/resoluciones/AUTOS%202010/0484.pdf HTTP/1.1" 200 184323
186.85.90.90 - - [08/Oct/2015:05:18:45 -0500] "POST /forms/lservlet;jsessionid=ac16012b30d69363b3c64843451f9b0ff4b0849af480.e3iSbxaKaheRe38Ka34Oa3eLbxf0n6jAmljGr5XDqQLvpAe HTTP/1.1" 200 2
201.234.75.11 - - [08/Oct/2015:05:19:47 -0500] "GET /videos/Ecolecta-posconsumo.flv HTTP/1.1" 304 -
66.249.64.106 - - [08/Oct/2015:05:20:41 -0500] "GET /BLA/resoluciones/AUTOS%202007/2229.pdf HTTP/1.1" 200 83561
186.85.90.90 - - [08/Oct/2015:05:20:45 -0500] "POST /forms/lservlet;jsessionid=ac16012b30d69363b3c64843451f9b0ff4b0849af480.e3iSbxaKaheRe38Ka34Oa3eLbxf0n6jAmljGr5XDqQLvpAe HTTP/1.1" 200 2
74.86.158.107 - - [08/Oct/2015:05:22:17 -0500] "HEAD / HTTP/1.1" 200 -
190.84.135.10 - - [08/Oct/2015:05:22:17 -0500] "GET /BLA/boletinlegal/js/jquery.scrollShow.js HTTP/1.1" 200 4586
190.84.135.10 - - [08/Oct/2015:05:22:17 -0500] "GET /galeria/galeria/jquery.fancybox.css?v=2.1.5 HTTP/1.1" 200 4895
190.84.135.10 - - [08/Oct/2015:05:22:17 -0500] "GET /galeria/galeria/jquery.fancybox.js?v=2.1.5 HTTP/1.1" 200 48706
190.84.135.10 - - [08/Oct/2015:05:22:24 -0500] "GET /BLA/boletinlegal/js/jquery.scrollShow.js HTTP/1.1" 304 -
190.84.135.10 - - [08/Oct/2015:05:22:24 -0500] "GET /galeria/galeria/jquery.fancybox.js?v=2.1.5 HTTP/1.1" 304 -
190.84.135.10 - - [08/Oct/2015:05:22:24 -0500] "GET /galeria/galeria/jquery.fancybox.css?v=2.1.5 HTTP/1.1" 304 -
66.249.64.101 - - [08/Oct/2015:05:22:45 -0500] "GET /BLA/resoluciones/RESOLUCIONES%202008/3588.pdf HTTP/1.1" 200 256228
186.85.90.90 - - [08/Oct/2015:05:22:45 -0500] "POST /forms/lservlet;jsessionid=ac16012b30d69363b3c64843451f9b0ff4b0849af480.e3iSbxaKaheRe38Ka34Oa3eLbxf0n6jAmljGr5XDqQLvpAe HTTP/1.1" 200 2
186.29.242.59 - - [08/Oct/2015:05:23:41 -0500] "GET /BLA/resoluciones/RESOLUCIONES%202013/1297.pdf HTTP/1.1" 200 5822299
186.29.242.59 - - [08/Oct/2015:05:23:41 -0500] "GET /favicon.ico HTTP/1.1" 200 7782
186.29.242.59 - - [08/Oct/2015:05:23:42 -0500] "GET /BLA/resoluciones/RESOLUCIONES%202013/1297.pdf HTTP/1.1" 206 32768
186.29.242.59 - - [08/Oct/2015:05:23:43 -0500] "GET /BLA/resoluciones/RESOLUCIONES%202013/1297.pdf HTTP/1.1" 206 5789531
186.85.90.90 - - [08/Oct/2015:05:24:45 -0500] "POST /forms/lservlet;jsessionid=ac16012b30d69363b3c64843451f9b0ff4b0849af480.e3iSbxaKaheRe38Ka34Oa3eLbxf0n6jAmljGr5XDqQLvpAe HTTP/1.1" 200 2
66.249.64.106 - - [08/Oct/2015:05:24:49 -0500] "GET /BLA/resoluciones/AUTOS%202013/1370.pdf HTTP/1.1" 200 2488522
66.249.64.243 - - [08/Oct/2015:05:24:56 -0500] "GET /Autoliquidacion/index.php?dir=TR%C1MITES+AGUAS+SUBTERR%C1NEAS%2F126PM04-PR93-PR%D3RROGA+CONCESI%D3N+AGUAS+SUBTERR%C1NEAS%2F HTTP/1.1" 200 2907
186.29.122.109 - - [08/Oct/2015:05:25:41 -0500] "GET /BLA/boletinlegal/js/jquery.scrollShow.js HTTP/1.1" 200 4586
186.29.122.109 - - [08/Oct/2015:05:25:41 -0500] "GET /galeria/galeria/jquery.fancybox.js?v=2.1.5 HTTP/1.1" 200 48706
186.29.122.109 - - [08/Oct/2015:05:25:41 -0500] "GET /galeria/galeria/jquery.fancybox.css?v=2.1.5 HTTP/1.1" 200 4895
66.249.64.96 - - [08/Oct/2015:05:26:34 -0500] "GET /galeria/nivo-slider/demo/images/Banner-ahorro-de-agua.jpg HTTP/1.1" 200 149141
186.85.90.90 - - [08/Oct/2015:05:26:46 -0500] "POST /forms/lservlet;jsessionid=ac16012b30d69363b3c64843451f9b0ff4b0849af480.e3iSbxaKaheRe38Ka34Oa3eLbxf0n6jAmljGr5XDqQLvpAe HTTP/1.1" 200 2
66.249.64.101 - - [08/Oct/2015:05:26:53 -0500] "GET /BLA/resoluciones/AUTOS%202013/0615.pdf HTTP/1.1" 200 535369
74.86.158.107 - - [08/Oct/2015:05:27:17 -0500] "HEAD / HTTP/1.1" 200 -
201.234.75.11 - - [08/Oct/2015:05:27:28 -0500] "GET /galeria/galeria/fotos/Movilizacion6P.jpg HTTP/1.1" 304 -
157.55.39.199 - - [08/Oct/2015:05:28:42 -0500] "GET /BLA/boletinlegal/jurisprudencia/analisis/analisis%20C-595-2010.doc HTTP/1.1" 200 39424
141.212.122.160 - - [08/Oct/2015:05:28:45 -0500] "GET / HTTP/1.1" 200 10190
186.85.90.90 - - [08/Oct/2015:05:28:46 -0500] "POST /forms/lservlet;jsessionid=ac16012b30d69363b3c64843451f9b0ff4b0849af480.e3iSbxaKaheRe38Ka34Oa3eLbxf0n6jAmljGr5XDqQLvpAe HTTP/1.1" 200 2
66.249.64.106 - - [08/Oct/2015:05:28:57 -0500] "GET /BLA/resoluciones/RESOLUCIONES%202011/3077.pdf HTTP/1.1" 200 804350
66.249.64.106 - - [08/Oct/2015:05:29:23 -0500] "GET /galeria/nivo-slider/demo/demo.html HTTP/1.1" 200 3949
66.249.64.96 - - [08/Oct/2015:05:29:25 -0500] "GET /galeria/nivo-slider/themes/default/default.css HTTP/1.1" 200 1569
66.249.64.96 - - [08/Oct/2015:05:29:25 -0500] "GET /galeria/nivo-slider/themes/pascal/pascal.css HTTP/1.1" 200 2258
66.249.64.101 - - [08/Oct/2015:05:29:27 -0500] "GET /galeria/nivo-slider/themes/orman/orman.css HTTP/1.1" 200 2152
66.249.64.106 - - [08/Oct/2015:05:29:28 -0500] "GET /galeria/nivo-slider/nivo-slider.css HTTP/1.1" 200 1507
66.249.64.106 - - [08/Oct/2015:05:29:30 -0500] "GET /galeria/nivo-slider/demo/style.css HTTP/1.1" 200 2222
66.249.64.101 - - [08/Oct/2015:05:29:32 -0500] "GET /galeria/nivo-slider/demo/scripts/jquery-1.7.1.min.js HTTP/1.1" 200 93868
66.249.64.96 - - [08/Oct/2015:05:29:33 -0500] "GET /galeria/nivo-slider/jquery.nivo.slider.pack.js HTTP/1.1" 200 11561
186.85.90.90 - - [08/Oct/2015:05:30:46 -0500] "POST /forms/lservlet;jsessionid=ac16012b30d69363b3c64843451f9b0ff4b0849af480.e3iSbxaKaheRe38Ka34Oa3eLbxf0n6jAmljGr5XDqQLvpAe HTTP/1.1" 200 2
66.249.64.106 - - [08/Oct/2015:05:31:02 -0500] "GET /BLA/resoluciones/RESOLUCIONES%202008/4515.pdf HTTP/1.1" 200 235646
74.86.158.107 - - [08/Oct/2015:05:32:17 -0500] "HEAD / HTTP/1.1" 200 -
66.249.64.101 - - [08/Oct/2015:05:32:24 -0500] "GET /BLA/resoluciones/RESOLUCIONES%202009/9764.pdf HTTP/1.1" 200 320607
180.76.15.22 - - [08/Oct/2015:05:32:26 -0500] "GET / HTTP/1.1" 200 10190
180.76.15.136 - - [08/Oct/2015:05:32:41 -0500] "GET / HTTP/1.1" 200 10190
186.85.90.90 - - [08/Oct/2015:05:32:46 -0500] "POST /forms/lservlet;jsessionid=ac16012b30d69363b3c64843451f9b0ff4b0849af480.e3iSbxaKaheRe38Ka34Oa3eLbxf0n6jAmljGr5XDqQLvpAe HTTP/1.1" 200 2
66.249.64.96 - - [08/Oct/2015:05:33:06 -0500] "GET /BLA/resoluciones/RESOLUCIONES%202014/1551.pdf HTTP/1.1" 304 -
157.55.39.88 - - [08/Oct/2015:05:33:31 -0500] "GET /ecodirectorio/? HTTP/1.1" 200 4751
167.0.29.82 - - [08/Oct/2015:05:33:43 -0500] "GET /BLA/boletinlegal/js/jquery.scrollShow.js HTTP/1.1" 200 4586
167.0.29.82 - - [08/Oct/2015:05:33:43 -0500] "GET /galeria/galeria/jquery.fancybox.js?v=2.1.5 HTTP/1.1" 200 48706
167.0.29.82 - - [08/Oct/2015:05:33:43 -0500] "GET /galeria/galeria/jquery.fancybox.css?v=2.1.5 HTTP/1.1" 200 4895
167.0.29.82 - - [08/Oct/2015:05:34:00 -0500] "GET /BLA/boletinlegal/js/jquery.scrollShow.js HTTP/1.1" 304 -
167.0.29.82 - - [08/Oct/2015:05:34:00 -0500] "GET /galeria/galeria/jquery.fancybox.css?v=2.1.5 HTTP/1.1" 304 -
167.0.29.82 - - [08/Oct/2015:05:34:00 -0500] "GET /galeria/galeria/jquery.fancybox.js?v=2.1.5 HTTP/1.1" 304 -
186.85.90.90 - - [08/Oct/2015:05:34:46 -0500] "POST /forms/lservlet;jsessionid=ac16012b30d69363b3c64843451f9b0ff4b0849af480.e3iSbxaKaheRe38Ka34Oa3eLbxf0n6jAmljGr5XDqQLvpAe HTTP/1.1" 200 2
66.249.64.96 - - [08/Oct/2015:05:35:10 -0500] "GET /BLA/resoluciones/RESOLUCIONES%202009/8961.pdf HTTP/1.1" 304 -
41.142.110.148 - - [08/Oct/2015:05:35:37 -0500] "GET /galeria/galeria/jquery.fancybox.css?v=2.1.5 HTTP/1.1" 200 4895
41.142.110.148 - - [08/Oct/2015:05:35:37 -0500] "GET /BLA/boletinlegal/js/jquery.scrollShow.js HTTP/1.1" 200 4586
41.142.110.148 - - [08/Oct/2015:05:35:37 -0500] "GET /galeria/galeria/jquery.fancybox.js?v=2.1.5 HTTP/1.1" 200 48706
186.85.90.90 - - [08/Oct/2015:05:36:46 -0500] "POST /forms/lservlet;jsessionid=ac16012b30d69363b3c64843451f9b0ff4b0849af480.e3iSbxaKaheRe38Ka34Oa3eLbxf0n6jAmljGr5XDqQLvpAe HTTP/1.1" 200 2
66.249.64.248 - - [08/Oct/2015:05:37:14 -0500] "GET / HTTP/1.1" 200 10190
74.86.158.107 - - [08/Oct/2015:05:37:17 -0500] "HEAD / HTTP/1.1" 200 -
12.52.75.98 - - [08/Oct/2015:05:37:35 -0500] "GET /dama/libreria/jpg/platas/35.gif HTTP/1.1" 404 1019
41.142.110.148 - - [08/Oct/2015:05:38:05 -0500] "GET /BLA/boletinlegal/js/jquery.scrollShow.js HTTP/1.1" 304 -
41.142.110.148 - - [08/Oct/2015:05:38:06 -0500] "GET /galeria/galeria/jquery.fancybox.js?v=2.1.5 HTTP/1.1" 304 -
186.83.132.164 - - [08/Oct/2015:05:38:06 -0500] "GET /BLA/boletinlegal/js/jquery.scrollShow.js HTTP/1.1" 304 -
186.83.132.164 - - [08/Oct/2015:05:38:06 -0500] "GET /galeria/galeria/jquery.fancybox.css?v=2.1.5 HTTP/1.1" 304 -
186.83.132.164 - - [08/Oct/2015:05:38:06 -0500] "GET /galeria/galeria/jquery.fancybox.js?v=2.1.5 HTTP/1.1" 304 -
186.85.90.90 - - [08/Oct/2015:05:38:46 -0500] "POST /forms/lservlet;jsessionid=ac16012b30d69363b3c64843451f9b0ff4b0849af480.e3iSbxaKaheRe38Ka34Oa3eLbxf0n6jAmljGr5XDqQLvpAe HTTP/1.1" 200 2
181.132.6.10 - - [08/Oct/2015:05:39:00 -0500] "GET /BLA/boletinlegal/js/jquery.scrollShow.js HTTP/1.1" 200 4586
181.132.6.10 - - [08/Oct/2015:05:39:00 -0500] "GET /galeria/galeria/jquery.fancybox.js?v=2.1.5 HTTP/1.1" 200 48706
181.132.6.10 - - [08/Oct/2015:05:39:00 -0500] "GET /galeria/galeria/jquery.fancybox.css?v=2.1.5 HTTP/1.1" 200 4895
181.132.6.10 - - [08/Oct/2015:05:39:14 -0500] "GET /BLA/boletinlegal/js/jquery.scrollShow.js HTTP/1.1" 304 -
181.132.6.10 - - [08/Oct/2015:05:39:14 -0500] "GET /galeria/galeria/jquery.fancybox.css?v=2.1.5 HTTP/1.1" 304 -
181.132.6.10 - - [08/Oct/2015:05:39:14 -0500] "GET /galeria/galeria/jquery.fancybox.js?v=2.1.5 HTTP/1.1" 304 -
181.132.6.10 - - [08/Oct/2015:05:39:16 -0500] "GET /BLA/boletinlegal/js/jquery.scrollShow.js HTTP/1.1" 304 -
181.132.6.10 - - [08/Oct/2015:05:39:16 -0500] "GET /galeria/galeria/jquery.fancybox.js?v=2.1.5 HTTP/1.1" 304 -
66.249.64.106 - - [08/Oct/2015:05:39:18 -0500] "GET /BLA/resoluciones/RESOLUCIONES%202010/3455.pdf HTTP/1.1" 304 -
66.249.64.101 - - [08/Oct/2015:05:39:52 -0500] "GET /BLA/resoluciones/RESOLUCIONES%202009/9062.pdf HTTP/1.1" 200 519568
103.9.113.82 - - [08/Oct/2015:05:40:31 -0500] "POST /xmlrpc.php HTTP/1.1" 301 334
186.85.90.90 - - [08/Oct/2015:05:40:47 -0500] "POST /forms/lservlet;jsessionid=ac16012b30d69363b3c64843451f9b0ff4b0849af480.e3iSbxaKaheRe38Ka34Oa3eLbxf0n6jAmljGr5XDqQLvpAe HTTP/1.1" 200 2
180.76.15.153 - - [08/Oct/2015:05:41:06 -0500] "GET /BLA/boletinlegal/jurisprudencia/analisis/CUADRO%20SENTENCIA%20C-222%20DE%202011.doc HTTP/1.1" 200 34816
66.249.64.106 - - [08/Oct/2015:05:41:22 -0500] "GET /BLA/resoluciones/RESOLUCIONES%202010/5673.pdf HTTP/1.1" 200 85249
74.86.158.107 - - [08/Oct/2015:05:42:17 -0500] "HEAD / HTTP/1.1" 200 -
91.121.169.194 - - [08/Oct/2015:05:42:39 -0500] "GET /robots.txt HTTP/1.0" 404 1015
91.121.169.194 - - [08/Oct/2015:05:42:42 -0500] "GET /Anexos%20estudio%20Organizacional%20SDA/ANEXO%20No.%201-%20NORMAS%20LEGALES%20DE%20ESTRUCTURA%20Y%20PLANTA/Acuerdo%209%20de%201990%20Concejo%20de%20Bogot%C3%A1..htm HTTP/1.0" 200 34207
91.121.169.194 - - [08/Oct/2015:05:42:45 -0500] "GET /Autoliquidacion/Fauna%20Silvestre/Aplicativo%20Importacion%20y%20Exportacion%202015.htm HTTP/1.0" 404 1015
186.85.90.90 - - [08/Oct/2015:05:42:47 -0500] "POST /forms/lservlet;jsessionid=ac16012b30d69363b3c64843451f9b0ff4b0849af480.e3iSbxaKaheRe38Ka34Oa3eLbxf0n6jAmljGr5XDqQLvpAe HTTP/1.1" 200 2
91.121.169.194 - - [08/Oct/2015:05:43:16 -0500] "GET /Autoliquidacion/Fauna%20Silvestre/Aplicativo%20certificacion%20de%20salvoconducto%202015.htm HTTP/1.0" 404 1015
91.121.169.194 - - [08/Oct/2015:05:43:19 -0500] "GET /Autoliquidacion/Grupo%20Forestal%20-%20Silvicultura/SSFFS-%20Aplicativo%20liquidador%20servicios%20silviculturales.htm HTTP/1.0" 404 1015
91.121.169.194 - - [08/Oct/2015:05:43:23 -0500] "GET /Autoliquidacion/Grupo%20Forestal%20-%20Silvicultura/Solicitud%20y%20lista%20de%20chequeo%20Evaluaci%C3%B3n%20Silvicultural.xlsx HTTP/1.0" 200 100649
66.249.64.106 - - [08/Oct/2015:05:43:26 -0500] "GET /videos/galeria-fotografica/index7.html HTTP/1.1" 200 1971
91.121.169.194 - - [08/Oct/2015:05:44:05 -0500] "GET /Autoliquidacion/PERMISO%20DE%20OCUPACION%20DE%20SUELO/Aplicativo%20Eval%202015%20-%20SCASP.htm HTTP/1.0" 404 1015
91.121.169.194 - - [08/Oct/2015:05:44:12 -0500] "GET /Autoliquidacion/Plan%20de%20manejo%20ambiental%20para%20sitios%20de%20aprovechamiento%20y%20o%20disposicion%20final%20de%20escombros/Aplicativo%20Eval%202015%20-%20SCASP.htm HTTP/1.0" 404 1015
91.121.169.194 - - [08/Oct/2015:05:44:16 -0500] "GET /Autoliquidacion/Solicitud%20de%20Licencia%20Ambiental/Aplicativo%20Eval%202015.htm HTTP/1.0" 404 1015
186.85.90.90 - - [08/Oct/2015:05:44:47 -0500] "POST /forms/lservlet;jsessionid=ac16012b30d69363b3c64843451f9b0ff4b0849af480.e3iSbxaKaheRe38Ka34Oa3eLbxf0n6jAmljGr5XDqQLvpAe HTTP/1.1" 200 2
91.121.169.194 - - [08/Oct/2015:05:44:57 -0500] "GET /robots.txt HTTP/1.0" 404 1019
91.121.169.194 - - [08/Oct/2015:05:45:00 -0500] "GET /Autoliquidacion/Grupo%20Forestal%20-%20Silvicultura/Solicitud%20y%20lista%20de%20chequeo%20Evaluaci%C3%B3n%20Silvicultural.xlsx HTTP/1.0" 200 100649
54.189.136.175 - - [08/Oct/2015:05:45:02 -0500] "GET / HTTP/1.1" 200 10190
91.121.169.194 - - [08/Oct/2015:05:45:04 -0500] "GET /?/ HTTP/1.0" 200 10190
79.123.180.27 - - [08/Oct/2015:05:45:23 -0500] "GET / HTTP/1.1" 302 302
66.249.64.101 - - [08/Oct/2015:05:45:30 -0500] "GET /BLA/resoluciones/AUTOS%202007/1401.pdf HTTP/1.1" 200 24608
79.123.180.27 - - [08/Oct/2015:05:45:34 -0500] "GET /wp-content/uploads/2015/08/fotos2b.png HTTP/1.1" 301 362
79.123.180.27 - - [08/Oct/2015:05:45:34 -0500] "GET /wp-content/uploads/2015/08/fotos1b.png HTTP/1.1" 301 362
79.123.180.27 - - [08/Oct/2015:05:45:34 -0500] "GET /wp-content/uploads/2015/08/fotos3b.png HTTP/1.1" 301 362
79.123.180.27 - - [08/Oct/2015:05:45:34 -0500] "GET /wp-content/uploads/2015/08/danos.png HTTP/1.1" 301 360
79.123.180.27 - - [08/Oct/2015:05:45:34 -0500] "GET /wp-content/uploads/2015/08/banner2.png HTTP/1.1" 301 362
79.123.180.27 - - [08/Oct/2015:05:45:34 -0500] "GET /wp-content/uploads/2015/07/UNO.png HTTP/1.1" 301 358
79.123.180.27 - - [08/Oct/2015:05:45:34 -0500] "GET /wp-content/uploads/2015/07/DOS.png HTTP/1.1" 301 358
79.123.180.27 - - [08/Oct/2015:05:45:34 -0500] "GET /wp-content/uploads/2015/07/TERCER.png HTTP/1.1" 301 361
79.123.180.27 - - [08/Oct/2015:05:45:34 -0500] "GET /wp-content/uploads/2015/07/CUARTO.png HTTP/1.1" 301 361
186.85.90.90 - - [08/Oct/2015:05:46:47 -0500] "POST /forms/lservlet;jsessionid=ac16012b30d69363b3c64843451f9b0ff4b0849af480.e3iSbxaKaheRe38Ka34Oa3eLbxf0n6jAmljGr5XDqQLvpAe HTTP/1.1" 200 2
74.86.158.107 - - [08/Oct/2015:05:47:17 -0500] "HEAD / HTTP/1.1" 200 -
66.249.64.96 - - [08/Oct/2015:05:47:22 -0500] "GET /BLA/resoluciones/RESOLUCIONES%202007/RES%202007%20601%20AL%20700/RESOLUCION%200652%20DE%202007.pdf HTTP/1.1" 200 309069
66.249.64.101 - - [08/Oct/2015:05:47:35 -0500] "GET /BLA/resoluciones/RESOLUCIONES%202009/6541.pdf HTTP/1.1" 200 435741
186.85.90.90 - - [08/Oct/2015:05:48:47 -0500] "POST /forms/lservlet;jsessionid=ac16012b30d69363b3c64843451f9b0ff4b0849af480.e3iSbxaKaheRe38Ka34Oa3eLbxf0n6jAmljGr5XDqQLvpAe HTTP/1.1" 200 2
186.155.20.88 - - [08/Oct/2015:05:49:13 -0500] "GET /galeria/nivo-slider/demo/demo.html HTTP/1.1" 304 -
186.155.20.88 - - [08/Oct/2015:05:49:13 -0500] "GET /galeria/nivo-slider/demo/images/Arbol-banner2015.jpg HTTP/1.1" 304 -
186.155.20.88 - - [08/Oct/2015:05:49:13 -0500] "GET /galeria/nivo-slider/demo/images/Cmapana-onestidad.jpg HTTP/1.1" 304 -
66.249.64.96 - - [08/Oct/2015:05:49:39 -0500] "GET /BLA/resoluciones/AUTOS%202012/2566.pdf HTTP/1.1" 200 505067
186.85.90.90 - - [08/Oct/2015:05:50:50 -0500] "POST /forms/lservlet;jsessionid=ac16012b30d69363b3c64843451f9b0ff4b0849af480.e3iSbxaKaheRe38Ka34Oa3eLbxf0n6jAmljGr5XDqQLvpAe HTTP/1.1" 200 2
66.249.64.101 - - [08/Oct/2015:05:51:43 -0500] "GET /BLA/resoluciones/AUTOS%202009/0394.pdf HTTP/1.1" 200 67481
74.86.158.107 - - [08/Oct/2015:05:52:17 -0500] "HEAD / HTTP/1.1" 200 -
186.85.90.90 - - [08/Oct/2015:05:52:50 -0500] "POST /forms/lservlet;jsessionid=ac16012b30d69363b3c64843451f9b0ff4b0849af480.e3iSbxaKaheRe38Ka34Oa3eLbxf0n6jAmljGr5XDqQLvpAe HTTP/1.1" 200 2
66.249.64.96 - - [08/Oct/2015:05:53:47 -0500] "GET /BLA/resoluciones/RESOLUCIONES%202014/2690.pdf HTTP/1.1" 200 398635
186.85.90.90 - - [08/Oct/2015:05:54:50 -0500] "POST /forms/lservlet;jsessionid=ac16012b30d69363b3c64843451f9b0ff4b0849af480.e3iSbxaKaheRe38Ka34Oa3eLbxf0n6jAmljGr5XDqQLvpAe HTTP/1.1" 200 2
66.249.64.101 - - [08/Oct/2015:05:54:56 -0500] "GET /BLA/resoluciones/RESOLUCIONES%202011/4715.pdf HTTP/1.1" 200 885978
157.55.2.156 - - [08/Oct/2015:05:55:10 -0500] "GET /videos/Comadreja.flv HTTP/1.1" 200 1953549
186.31.175.229 - - [08/Oct/2015:05:55:37 -0500] "GET /forms/frmservlet?config=sia HTTP/1.1" 200 4028
186.31.175.229 - - [08/Oct/2015:05:55:46 -0500] "GET /forms/java/frmall_jinit.jar HTTP/1.1" 304 -
186.31.175.229 - - [08/Oct/2015:05:55:47 -0500] "GET /forms/java/icons.jar HTTP/1.1" 304 -
186.31.175.229 - - [08/Oct/2015:05:55:47 -0500] "GET /forms/java/java/awt/KeyboardFocusManager.class HTTP/1.1" 404 352
186.31.175.229 - - [08/Oct/2015:05:55:47 -0500] "GET /forms/java/java/awt/KeyboardFocusManager.class HTTP/1.1" 404 352
186.31.175.229 - - [08/Oct/2015:05:55:48 -0500] "GET /forms/java/java/awt/event/MouseWheelListener.class HTTP/1.1" 404 356
186.31.175.229 - - [08/Oct/2015:05:55:48 -0500] "GET /forms/java/java/awt/event/MouseWheelListener.class HTTP/1.1" 404 356
186.31.175.229 - - [08/Oct/2015:05:55:48 -0500] "GET /forms/java/oracle/forms/registry/Registry.dat HTTP/1.1" 200 4213
186.31.175.229 - - [08/Oct/2015:05:55:49 -0500] "GET /forms/java/oracle/forms/registry/default.dat HTTP/1.1" 404 350
186.31.175.229 - - [08/Oct/2015:05:55:49 -0500] "GET /forms/frmservlet?config=sia&acceptLanguage=es-CO&ifcmd=startsession HTTP/1.1" 200 119
186.31.175.229 - - [08/Oct/2015:05:55:49 -0500] "GET /forms/lservlet;jsessionid=ac16012b30d6a64d2923fcb04a578f0691209623ff16.e3iSbxaKaheRe38Ka34Oa3eLbxf0n6jAmljGr5XDqQLvpAe?ifcmd=getinfo&ifhost=VIOLETTA&ifip=192.168.0.17 HTTP/1.1" 200 8
186.31.175.229 - - [08/Oct/2015:05:55:49 -0500] "POST /forms/lservlet;jsessionid=ac16012b30d6a64d2923fcb04a578f0691209623ff16.e3iSbxaKaheRe38Ka34Oa3eLbxf0n6jAmljGr5XDqQLvpAe HTTP/1.1" 200 8
186.31.175.229 - - [08/Oct/2015:05:55:51 -0500] "GET /forms/java/oracle/forms/engine/RunformBundle_es_CO.class HTTP/1.1" 404 362
186.31.175.229 - - [08/Oct/2015:05:55:51 -0500] "GET /forms/java/oracle/forms/engine/RunformBundle_es_CO.class HTTP/1.1" 404 362
66.249.64.96 - - [08/Oct/2015:05:55:51 -0500] "GET /BLA/resoluciones/RESOLUCIONES%202009/0001.pdf HTTP/1.1" 200 17707
186.31.175.229 - - [08/Oct/2015:05:55:52 -0500] "GET /forms/java/oracle/forms/engine/RunformBundle_es_CO.properties HTTP/1.1" 404 367
186.31.175.229 - - [08/Oct/2015:05:55:53 -0500] "POST /forms/lservlet;jsessionid=ac16012b30d6a64d2923fcb04a578f0691209623ff16.e3iSbxaKaheRe38Ka34Oa3eLbxf0n6jAmljGr5XDqQLvpAe HTTP/1.1" 200 64000
186.31.175.229 - - [08/Oct/2015:05:55:55 -0500] "POST /forms/lservlet;jsessionid=ac16012b30d6a64d2923fcb04a578f0691209623ff16.e3iSbxaKaheRe38Ka34Oa3eLbxf0n6jAmljGr5XDqQLvpAe HTTP/1.1" 200 64000
186.31.175.229 - - [08/Oct/2015:05:55:55 -0500] "POST /forms/lservlet;jsessionid=ac16012b30d6a64d2923fcb04a578f0691209623ff16.e3iSbxaKaheRe38Ka34Oa3eLbxf0n6jAmljGr5XDqQLvpAe HTTP/1.1" 200 63623
186.31.175.229 - - [08/Oct/2015:05:55:57 -0500] "HEAD /imagenes/dama_logo.gif HTTP/1.1" 200 -
186.31.175.229 - - [08/Oct/2015:05:55:57 -0500] "GET /imagenes/dama_logo.gif HTTP/1.1" 200 21482
186.31.175.229 - - [08/Oct/2015:05:55:57 -0500] "POST /forms/lservlet;jsessionid=ac16012b30d6a64d2923fcb04a578f0691209623ff16.e3iSbxaKaheRe38Ka34Oa3eLbxf0n6jAmljGr5XDqQLvpAe HTTP/1.1" 200 2
186.31.175.229 - - [08/Oct/2015:05:55:58 -0500] "POST /forms/lservlet;jsessionid=ac16012b30d6a64d2923fcb04a578f0691209623ff16.e3iSbxaKaheRe38Ka34Oa3eLbxf0n6jAmljGr5XDqQLvpAe HTTP/1.1" 200 2
180.76.15.153 - - [08/Oct/2015:05:56:06 -0500] "GET /BLA/boletinlegal/actas/374122.pdf HTTP/1.1" 200 181942
186.31.175.229 - - [08/Oct/2015:05:56:08 -0500] "POST /forms/lservlet;jsessionid=ac16012b30d6a64d2923fcb04a578f0691209623ff16.e3iSbxaKaheRe38Ka34Oa3eLbxf0n6jAmljGr5XDqQLvpAe HTTP/1.1" 200 187
186.31.175.229 - - [08/Oct/2015:05:56:09 -0500] "POST /forms/lservlet;jsessionid=ac16012b30d6a64d2923fcb04a578f0691209623ff16.e3iSbxaKaheRe38Ka34Oa3eLbxf0n6jAmljGr5XDqQLvpAe HTTP/1.1" 200 34
186.31.175.229 - - [08/Oct/2015:05:56:27 -0500] "POST /forms/lservlet;jsessionid=ac16012b30d6a64d2923fcb04a578f0691209623ff16.e3iSbxaKaheRe38Ka34Oa3eLbxf0n6jAmljGr5XDqQLvpAe HTTP/1.1" 200 81
186.31.175.229 - - [08/Oct/2015:05:56:29 -0500] "POST /forms/lservlet;jsessionid=ac16012b30d6a64d2923fcb04a578f0691209623ff16.e3iSbxaKaheRe38Ka34Oa3eLbxf0n6jAmljGr5XDqQLvpAe HTTP/1.1" 200 43
186.31.175.229 - - [08/Oct/2015:05:56:39 -0500] "POST /forms/lservlet;jsessionid=ac16012b30d6a64d2923fcb04a578f0691209623ff16.e3iSbxaKaheRe38Ka34Oa3eLbxf0n6jAmljGr5XDqQLvpAe HTTP/1.1" 200 7903
186.31.175.229 - - [08/Oct/2015:05:56:40 -0500] "POST /forms/lservlet;jsessionid=ac16012b30d6a64d2923fcb04a578f0691209623ff16.e3iSbxaKaheRe38Ka34Oa3eLbxf0n6jAmljGr5XDqQLvpAe HTTP/1.1" 200 64
