186.31.175.229 - - [08/Oct/2015:05:56:40 -0500] "POST /forms/lservlet;jsessionid=ac16012b30d6a64d2923fcb04a578f0691209623ff16.e3iSbxaKaheRe38Ka34Oa3eLbxf0n6jAmljGr5XDqQLvpAe HTTP/1.1" 200 2
186.31.175.229 - - [08/Oct/2015:05:56:40 -0500] "POST /forms/lservlet;jsessionid=ac16012b30d6a64d2923fcb04a578f0691209623ff16.e3iSbxaKaheRe38Ka34Oa3eLbxf0n6jAmljGr5XDqQLvpAe HTTP/1.1" 200 2
186.31.175.229 - - [08/Oct/2015:05:56:40 -0500] "POST /forms/lservlet;jsessionid=ac16012b30d6a64d2923fcb04a578f0691209623ff16.e3iSbxaKaheRe38Ka34Oa3eLbxf0n6jAmljGr5XDqQLvpAe HTTP/1.1" 200 2
200.118.133.139 - - [08/Oct/2015:05:56:46 -0500] "GET /galeria/nivo-slider/demo/demo.html HTTP/1.1" 200 3949
186.31.175.229 - - [08/Oct/2015:05:56:47 -0500] "POST /forms/lservlet;jsessionid=ac16012b30d6a64d2923fcb04a578f0691209623ff16.e3iSbxaKaheRe38Ka34Oa3eLbxf0n6jAmljGr5XDqQLvpAe HTTP/1.1" 200 34720
186.31.175.229 - - [08/Oct/2015:05:56:49 -0500] "GET /imagenes/listval.gif HTTP/1.1" 200 905
186.31.175.229 - - [08/Oct/2015:05:56:49 -0500] "GET /imagenes/tree1.gif HTTP/1.1" 200 1161
186.31.175.229 - - [08/Oct/2015:05:56:49 -0500] "GET /imagenes/listval.gif HTTP/1.1" 200 905
186.31.175.229 - - [08/Oct/2015:05:56:49 -0500] "GET /imagenes/CAMERA3.gif HTTP/1.1" 200 4150
186.31.175.229 - - [08/Oct/2015:05:56:49 -0500] "GET /imagenes/SLIDE1.gif HTTP/1.1" 200 1111
186.31.175.229 - - [08/Oct/2015:05:56:49 -0500] "GET /imagenes/flexcomb.gif HTTP/1.1" 200 1169
186.31.175.229 - - [08/Oct/2015:05:56:49 -0500] "GET /imagenes/GO.gif HTTP/1.1" 200 904
186.31.175.229 - - [08/Oct/2015:05:56:49 -0500] "GET /imagenes/HRTOOLS.gif HTTP/1.1" 200 2238
186.31.175.229 - - [08/Oct/2015:05:56:49 -0500] "GET /imagenes/rt_rec1.gif HTTP/1.1" 200 867
186.31.175.229 - - [08/Oct/2015:05:56:49 -0500] "GET /imagenes/apply.gif HTTP/1.1" 200 903
186.31.175.229 - - [08/Oct/2015:05:56:49 -0500] "GET /imagenes/exit.gif HTTP/1.1" 200 916
186.31.175.229 - - [08/Oct/2015:05:56:49 -0500] "GET /imagenes/LISTVAL.gif HTTP/1.1" 200 905
186.31.175.229 - - [08/Oct/2015:05:56:49 -0500] "GET /imagenes/edit.gif HTTP/1.1" 200 919
186.31.175.229 - - [08/Oct/2015:05:56:49 -0500] "GET /imagenes/rt_rec4.gif HTTP/1.1" 200 865
186.31.175.229 - - [08/Oct/2015:05:56:49 -0500] "GET /imagenes/rt_rec3.gif HTTP/1.1" 200 844
186.31.175.229 - - [08/Oct/2015:05:56:49 -0500] "GET /imagenes/rt_rec2.gif HTTP/1.1" 200 847
186.31.175.229 - - [08/Oct/2015:05:56:49 -0500] "GET /imagenes/rt_rdel.gif HTTP/1.1" 200 899
186.31.175.229 - - [08/Oct/2015:05:56:49 -0500] "GET /imagenes/rt_radd.gif HTTP/1.1" 200 907
186.31.175.229 - - [08/Oct/2015:05:56:50 -0500] "GET /imagenes/rt_quer3.gif HTTP/1.1" 200 939
186.31.175.229 - - [08/Oct/2015:05:56:50 -0500] "GET /imagenes/rt_quer2.gif HTTP/1.1" 200 936
186.85.90.90 - - [08/Oct/2015:05:56:50 -0500] "POST /forms/lservlet;jsessionid=ac16012b30d69363b3c64843451f9b0ff4b0849af480.e3iSbxaKaheRe38Ka34Oa3eLbxf0n6jAmljGr5XDqQLvpAe HTTP/1.1" 200 2
186.31.175.229 - - [08/Oct/2015:05:56:50 -0500] "GET /imagenes/rt_quer1.gif HTTP/1.1" 200 930
186.31.175.229 - - [08/Oct/2015:05:56:50 -0500] "GET /imagenes/rt_save.gif HTTP/1.1" 200 903
186.31.175.229 - - [08/Oct/2015:05:56:50 -0500] "GET /imagenes/rt_pset.gif HTTP/1.1" 200 914
186.31.175.229 - - [08/Oct/2015:05:56:50 -0500] "GET /imagenes/QUEJA.gif HTTP/1.1" 200 1091
186.31.175.229 - - [08/Oct/2015:05:56:50 -0500] "GET /imagenes/ARBOL.gif HTTP/1.1" 200 1026
186.31.175.229 - - [08/Oct/2015:05:56:50 -0500] "GET /imagenes/Clipboard.gif HTTP/1.1" 200 1466
186.31.175.229 - - [08/Oct/2015:05:56:50 -0500] "GET /imagenes/DINERO.gif HTTP/1.1" 200 1766
186.31.175.229 - - [08/Oct/2015:05:56:51 -0500] "GET /imagenes/URGENTE.gif HTTP/1.1" 200 964
200.118.133.139 - - [08/Oct/2015:05:56:51 -0500] "GET /galeria/nivo-slider/themes/default/default.css HTTP/1.1" 304 -
186.31.175.229 - - [08/Oct/2015:05:56:51 -0500] "GET /imagenes/TREE4.gif HTTP/1.1" 200 4150
200.118.133.139 - - [08/Oct/2015:05:56:51 -0500] "GET /galeria/nivo-slider/demo/images/Arbol-banner2015.jpg HTTP/1.1" 200 227081
186.31.175.229 - - [08/Oct/2015:05:56:51 -0500] "POST /forms/lservlet;jsessionid=ac16012b30d6a64d2923fcb04a578f0691209623ff16.e3iSbxaKaheRe38Ka34Oa3eLbxf0n6jAmljGr5XDqQLvpAe HTTP/1.1" 200 7
186.31.175.229 - - [08/Oct/2015:05:56:51 -0500] "POST /forms/lservlet;jsessionid=ac16012b30d6a64d2923fcb04a578f0691209623ff16.e3iSbxaKaheRe38Ka34Oa3eLbxf0n6jAmljGr5XDqQLvpAe HTTP/1.1" 200 34
186.31.175.229 - - [08/Oct/2015:05:56:51 -0500] "POST /forms/lservlet;jsessionid=ac16012b30d6a64d2923fcb04a578f0691209623ff16.e3iSbxaKaheRe38Ka34Oa3eLbxf0n6jAmljGr5XDqQLvpAe HTTP/1.1" 200 2
200.118.133.139 - - [08/Oct/2015:05:56:51 -0500] "GET /galeria/nivo-slider/demo/images/Banner-ahorro-de-agua.jpg HTTP/1.1" 304 -
200.118.133.139 - - [08/Oct/2015:05:56:51 -0500] "GET /galeria/nivo-slider/demo/images/Banner-cursos.jpg HTTP/1.1" 304 -
200.118.133.139 - - [08/Oct/2015:05:56:51 -0500] "GET /galeria/nivo-slider/demo/images/Cmapana-onestidad.jpg HTTP/1.1" 200 141638
200.118.133.139 - - [08/Oct/2015:05:56:51 -0500] "GET /galeria/nivo-slider/demo/images/simulacro-busqueda-rescate-urbano.jpg HTTP/1.1" 304 -
200.118.133.139 - - [08/Oct/2015:05:56:52 -0500] "GET /galeria/nivo-slider/demo/images/Plan-Quinquenal.jpg HTTP/1.1" 304 -
186.31.175.229 - - [08/Oct/2015:05:57:17 -0500] "POST /forms/lservlet;jsessionid=ac16012b30d6a64d2923fcb04a578f0691209623ff16.e3iSbxaKaheRe38Ka34Oa3eLbxf0n6jAmljGr5XDqQLvpAe HTTP/1.1" 200 2
186.31.175.229 - - [08/Oct/2015:05:57:17 -0500] "POST /forms/lservlet;jsessionid=ac16012b30d6a64d2923fcb04a578f0691209623ff16.e3iSbxaKaheRe38Ka34Oa3eLbxf0n6jAmljGr5XDqQLvpAe HTTP/1.1" 200 699
186.31.175.229 - - [08/Oct/2015:05:57:18 -0500] "GET /imagenes/Srch_frw.gif HTTP/1.1" 200 925
186.31.175.229 - - [08/Oct/2015:05:57:18 -0500] "POST /forms/lservlet;jsessionid=ac16012b30d6a64d2923fcb04a578f0691209623ff16.e3iSbxaKaheRe38Ka34Oa3eLbxf0n6jAmljGr5XDqQLvpAe HTTP/1.1" 200 10
186.31.175.229 - - [08/Oct/2015:05:57:21 -0500] "POST /forms/lservlet;jsessionid=ac16012b30d6a64d2923fcb04a578f0691209623ff16.e3iSbxaKaheRe38Ka34Oa3eLbxf0n6jAmljGr5XDqQLvpAe HTTP/1.1" 200 24
186.31.175.229 - - [08/Oct/2015:05:57:21 -0500] "POST /forms/lservlet;jsessionid=ac16012b30d6a64d2923fcb04a578f0691209623ff16.e3iSbxaKaheRe38Ka34Oa3eLbxf0n6jAmljGr5XDqQLvpAe HTTP/1.1" 200 580
186.31.175.229 - - [08/Oct/2015:05:57:21 -0500] "POST /forms/lservlet;jsessionid=ac16012b30d6a64d2923fcb04a578f0691209623ff16.e3iSbxaKaheRe38Ka34Oa3eLbxf0n6jAmljGr5XDqQLvpAe HTTP/1.1" 200 11
186.31.175.229 - - [08/Oct/2015:05:57:26 -0500] "POST /forms/lservlet;jsessionid=ac16012b30d6a64d2923fcb04a578f0691209623ff16.e3iSbxaKaheRe38Ka34Oa3eLbxf0n6jAmljGr5XDqQLvpAe HTTP/1.1" 200 32
186.31.175.229 - - [08/Oct/2015:05:57:26 -0500] "POST /forms/lservlet;jsessionid=ac16012b30d6a64d2923fcb04a578f0691209623ff16.e3iSbxaKaheRe38Ka34Oa3eLbxf0n6jAmljGr5XDqQLvpAe HTTP/1.1" 200 489
186.31.175.229 - - [08/Oct/2015:05:57:26 -0500] "POST /forms/lservlet;jsessionid=ac16012b30d6a64d2923fcb04a578f0691209623ff16.e3iSbxaKaheRe38Ka34Oa3eLbxf0n6jAmljGr5XDqQLvpAe HTTP/1.1" 200 11
186.31.175.229 - - [08/Oct/2015:05:57:29 -0500] "POST /forms/lservlet;jsessionid=ac16012b30d6a64d2923fcb04a578f0691209623ff16.e3iSbxaKaheRe38Ka34Oa3eLbxf0n6jAmljGr5XDqQLvpAe HTTP/1.1" 200 71
186.31.175.229 - - [08/Oct/2015:05:57:46 -0500] "POST /forms/lservlet;jsessionid=ac16012b30d6a64d2923fcb04a578f0691209623ff16.e3iSbxaKaheRe38Ka34Oa3eLbxf0n6jAmljGr5XDqQLvpAe HTTP/1.1" 200 24
186.31.175.229 - - [08/Oct/2015:05:57:46 -0500] "POST /forms/lservlet;jsessionid=ac16012b30d6a64d2923fcb04a578f0691209623ff16.e3iSbxaKaheRe38Ka34Oa3eLbxf0n6jAmljGr5XDqQLvpAe HTTP/1.1" 200 14
186.31.175.229 - - [08/Oct/2015:05:57:47 -0500] "POST /forms/lservlet;jsessionid=ac16012b30d6a64d2923fcb04a578f0691209623ff16.e3iSbxaKaheRe38Ka34Oa3eLbxf0n6jAmljGr5XDqQLvpAe HTTP/1.1" 200 14
186.31.175.229 - - [08/Oct/2015:05:57:49 -0500] "POST /forms/lservlet;jsessionid=ac16012b30d6a64d2923fcb04a578f0691209623ff16.e3iSbxaKaheRe38Ka34Oa3eLbxf0n6jAmljGr5XDqQLvpAe HTTP/1.1" 200 14
186.31.175.229 - - [08/Oct/2015:05:57:50 -0500] "POST /forms/lservlet;jsessionid=ac16012b30d6a64d2923fcb04a578f0691209623ff16.e3iSbxaKaheRe38Ka34Oa3eLbxf0n6jAmljGr5XDqQLvpAe HTTP/1.1" 200 14
186.31.175.229 - - [08/Oct/2015:05:57:52 -0500] "POST /forms/lservlet;jsessionid=ac16012b30d6a64d2923fcb04a578f0691209623ff16.e3iSbxaKaheRe38Ka34Oa3eLbxf0n6jAmljGr5XDqQLvpAe HTTP/1.1" 200 4332
186.31.175.229 - - [08/Oct/2015:05:57:52 -0500] "POST /forms/lservlet;jsessionid=ac16012b30d6a64d2923fcb04a578f0691209623ff16.e3iSbxaKaheRe38Ka34Oa3eLbxf0n6jAmljGr5XDqQLvpAe HTTP/1.1" 200 20
66.249.64.101 - - [08/Oct/2015:05:57:55 -0500] "GET /BLA/resoluciones/AUTOS%202012/2913.pdf HTTP/1.1" 200 315114
186.31.175.229 - - [08/Oct/2015:05:57:57 -0500] "POST /forms/lservlet;jsessionid=ac16012b30d6a64d2923fcb04a578f0691209623ff16.e3iSbxaKaheRe38Ka34Oa3eLbxf0n6jAmljGr5XDqQLvpAe HTTP/1.1" 200 2983
186.154.24.195 - - [08/Oct/2015:05:58:07 -0500] "GET /BLA/resoluciones/RESOLUCIONES%202010/2553.pdf HTTP/1.1" 200 543827
186.31.175.229 - - [08/Oct/2015:05:58:07 -0500] "POST /forms/lservlet;jsessionid=ac16012b30d6a64d2923fcb04a578f0691209623ff16.e3iSbxaKaheRe38Ka34Oa3eLbxf0n6jAmljGr5XDqQLvpAe HTTP/1.1" 200 174
186.154.24.195 - - [08/Oct/2015:05:58:08 -0500] "GET /favicon.ico HTTP/1.1" 200 7782
157.55.39.79 - - [08/Oct/2015:05:58:21 -0500] "GET /dama/libreria/pdf/pigas/PIGA_JB/ANEXO7.pdf HTTP/1.1" 404 1019
186.85.90.90 - - [08/Oct/2015:05:58:50 -0500] "POST /forms/lservlet;jsessionid=ac16012b30d69363b3c64843451f9b0ff4b0849af480.e3iSbxaKaheRe38Ka34Oa3eLbxf0n6jAmljGr5XDqQLvpAe HTTP/1.1" 200 2
186.31.175.229 - - [08/Oct/2015:05:58:59 -0500] "POST /forms/lservlet;jsessionid=ac16012b30d6a64d2923fcb04a578f0691209623ff16.e3iSbxaKaheRe38Ka34Oa3eLbxf0n6jAmljGr5XDqQLvpAe HTTP/1.1" 200 93
152.61.128.66 - - [08/Oct/2015:05:59:00 -0500] "HEAD / HTTP/1.1" 200 -
152.61.128.66 - - [08/Oct/2015:05:59:00 -0500] "GET /arcgis/services/Calidad_del_Agua_WQI/MapServer/WMSServer?request=GetCapabilities&service=WMS HTTP/1.1" 200 32135
152.61.128.66 - - [08/Oct/2015:05:59:01 -0500] "GET /arcgis/services/Calidad_del_Agua_WQI/MapServer/WMSServer?request=GetCapabilities&service=WMS HTTP/1.0" 200 32135
152.61.128.66 - - [08/Oct/2015:05:59:02 -0500] "GET /arcgis/services/Calidad_del_Agua_WQI/MapServer/WMSServer?request=GetCapabilities&service=WMS HTTP/1.0" 200 32135
152.61.128.66 - - [08/Oct/2015:05:59:03 -0500] "GET /arcgis/services/Calidad_del_Agua_WQI/MapServer/WMSServer?request=GetCapabilities&service=WMS HTTP/1.0" 200 32135
152.61.128.66 - - [08/Oct/2015:05:59:04 -0500] "GET /arcgis/services/Calidad_del_Agua_WQI/MapServer/WMSServer?VERSION=1.1.1&REQUEST=GetMap&LAYERS=0&SRS=EPSG:4326&BBOX=-74.473395,3.674381,-73.963300,4.920569&WIDTH=250&HEIGHT=250&FORMAT=image/bmp&STYLES=& HTTP/1.1" 200 188054
186.31.175.229 - - [08/Oct/2015:05:59:10 -0500] "POST /forms/lservlet;jsessionid=ac16012b30d6a64d2923fcb04a578f0691209623ff16.e3iSbxaKaheRe38Ka34Oa3eLbxf0n6jAmljGr5XDqQLvpAe HTTP/1.1" 200 82
186.31.175.229 - - [08/Oct/2015:05:59:34 -0500] "POST /forms/lservlet;jsessionid=ac16012b30d6a64d2923fcb04a578f0691209623ff16.e3iSbxaKaheRe38Ka34Oa3eLbxf0n6jAmljGr5XDqQLvpAe HTTP/1.1" 200 73
186.31.175.229 - - [08/Oct/2015:05:59:43 -0500] "POST /forms/lservlet;jsessionid=ac16012b30d6a64d2923fcb04a578f0691209623ff16.e3iSbxaKaheRe38Ka34Oa3eLbxf0n6jAmljGr5XDqQLvpAe HTTP/1.1" 200 152
186.31.175.229 - - [08/Oct/2015:05:59:44 -0500] "POST /forms/lservlet;jsessionid=ac16012b30d6a64d2923fcb04a578f0691209623ff16.e3iSbxaKaheRe38Ka34Oa3eLbxf0n6jAmljGr5XDqQLvpAe HTTP/1.1" 200 187
186.31.175.229 - - [08/Oct/2015:05:59:44 -0500] "POST /forms/lservlet;jsessionid=ac16012b30d6a64d2923fcb04a578f0691209623ff16.e3iSbxaKaheRe38Ka34Oa3eLbxf0n6jAmljGr5XDqQLvpAe HTTP/1.1" 200 11
186.31.175.229 - - [08/Oct/2015:05:59:49 -0500] "POST /forms/lservlet;jsessionid=ac16012b30d6a64d2923fcb04a578f0691209623ff16.e3iSbxaKaheRe38Ka34Oa3eLbxf0n6jAmljGr5XDqQLvpAe HTTP/1.1" 200 7
186.31.175.229 - - [08/Oct/2015:05:59:50 -0500] "POST /forms/lservlet;jsessionid=ac16012b30d6a64d2923fcb04a578f0691209623ff16.e3iSbxaKaheRe38Ka34Oa3eLbxf0n6jAmljGr5XDqQLvpAe HTTP/1.1" 200 119
186.31.175.229 - - [08/Oct/2015:05:59:50 -0500] "POST /forms/lservlet;jsessionid=ac16012b30d6a64d2923fcb04a578f0691209623ff16.e3iSbxaKaheRe38Ka34Oa3eLbxf0n6jAmljGr5XDqQLvpAe HTTP/1.1" 200 2
186.31.175.229 - - [08/Oct/2015:05:59:51 -0500] "POST /forms/lservlet;jsessionid=ac16012b30d6a64d2923fcb04a578f0691209623ff16.e3iSbxaKaheRe38Ka34Oa3eLbxf0n6jAmljGr5XDqQLvpAe HTTP/1.1" 200 7
186.31.175.229 - - [08/Oct/2015:05:59:51 -0500] "POST /forms/lservlet;jsessionid=ac16012b30d6a64d2923fcb04a578f0691209623ff16.e3iSbxaKaheRe38Ka34Oa3eLbxf0n6jAmljGr5XDqQLvpAe HTTP/1.1" 200 29925
186.31.175.229 - - [08/Oct/2015:05:59:53 -0500] "GET /imagenes/rt_print.gif HTTP/1.1" 200 916
186.31.175.229 - - [08/Oct/2015:05:59:53 -0500] "POST /forms/lservlet;jsessionid=ac16012b30d6a64d2923fcb04a578f0691209623ff16.e3iSbxaKaheRe38Ka34Oa3eLbxf0n6jAmljGr5XDqQLvpAe HTTP/1.1" 200 2
186.31.175.229 - - [08/Oct/2015:05:59:53 -0500] "POST /forms/lservlet;jsessionid=ac16012b30d6a64d2923fcb04a578f0691209623ff16.e3iSbxaKaheRe38Ka34Oa3eLbxf0n6jAmljGr5XDqQLvpAe HTTP/1.1" 200 22
186.31.175.229 - - [08/Oct/2015:05:59:54 -0500] "POST /forms/lservlet;jsessionid=ac16012b30d6a64d2923fcb04a578f0691209623ff16.e3iSbxaKaheRe38Ka34Oa3eLbxf0n6jAmljGr5XDqQLvpAe HTTP/1.1" 200 1136
186.31.175.229 - - [08/Oct/2015:05:59:55 -0500] "POST /forms/lservlet;jsessionid=ac16012b30d6a64d2923fcb04a578f0691209623ff16.e3iSbxaKaheRe38Ka34Oa3eLbxf0n6jAmljGr5XDqQLvpAe HTTP/1.1" 200 7
186.31.175.229 - - [08/Oct/2015:05:59:55 -0500] "POST /forms/lservlet;jsessionid=ac16012b30d6a64d2923fcb04a578f0691209623ff16.e3iSbxaKaheRe38Ka34Oa3eLbxf0n6jAmljGr5XDqQLvpAe HTTP/1.1" 200 92
186.31.175.229 - - [08/Oct/2015:05:59:55 -0500] "GET /imagenes/open.gif HTTP/1.1" 200 919
186.31.175.229 - - [08/Oct/2015:05:59:57 -0500] "POST /forms/lservlet;jsessionid=ac16012b30d6a64d2923fcb04a578f0691209623ff16.e3iSbxaKaheRe38Ka34Oa3eLbxf0n6jAmljGr5XDqQLvpAe HTTP/1.1" 200 14
186.31.175.229 - - [08/Oct/2015:05:59:58 -0500] "POST /forms/lservlet;jsessionid=ac16012b30d6a64d2923fcb04a578f0691209623ff16.e3iSbxaKaheRe38Ka34Oa3eLbxf0n6jAmljGr5XDqQLvpAe HTTP/1.1" 200 64000
186.31.175.229 - - [08/Oct/2015:05:59:59 -0500] "POST /forms/lservlet;jsessionid=ac16012b30d6a64d2923fcb04a578f0691209623ff16.e3iSbxaKaheRe38Ka34Oa3eLbxf0n6jAmljGr5XDqQLvpAe HTTP/1.1" 200 64000
186.31.175.229 - - [08/Oct/2015:05:59:59 -0500] "POST /forms/lservlet;jsessionid=ac16012b30d6a64d2923fcb04a578f0691209623ff16.e3iSbxaKaheRe38Ka34Oa3eLbxf0n6jAmljGr5XDqQLvpAe HTTP/1.1" 200 50590
66.249.64.101 - - [08/Oct/2015:05:59:59 -0500] "GET /BLA/resoluciones/AUTOS%202010/5497.pdf HTTP/1.1" 200 134113
186.31.175.229 - - [08/Oct/2015:06:00:00 -0500] "POST /forms/lservlet;jsessionid=ac16012b30d6a64d2923fcb04a578f0691209623ff16.e3iSbxaKaheRe38Ka34Oa3eLbxf0n6jAmljGr5XDqQLvpAe HTTP/1.1" 200 8
186.31.175.229 - - [08/Oct/2015:06:00:00 -0500] "POST /forms/lservlet;jsessionid=ac16012b30d6a64d2923fcb04a578f0691209623ff16.e3iSbxaKaheRe38Ka34Oa3eLbxf0n6jAmljGr5XDqQLvpAe HTTP/1.1" 200 2
186.31.175.229 - - [08/Oct/2015:06:00:14 -0500] "POST /forms/lservlet;jsessionid=ac16012b30d6a64d2923fcb04a578f0691209623ff16.e3iSbxaKaheRe38Ka34Oa3eLbxf0n6jAmljGr5XDqQLvpAe HTTP/1.1" 200 79
180.76.15.160 - - [08/Oct/2015:06:00:45 -0500] "GET /StormSDA/userFiles/user_files/89/?C=S;O=D HTTP/1.1" 200 813
186.85.90.90 - - [08/Oct/2015:06:00:50 -0500] "POST /forms/lservlet;jsessionid=ac16012b30d69363b3c64843451f9b0ff4b0849af480.e3iSbxaKaheRe38Ka34Oa3eLbxf0n6jAmljGr5XDqQLvpAe HTTP/1.1" 200 2
186.31.175.229 - - [08/Oct/2015:06:01:50 -0500] "POST /forms/lservlet;jsessionid=ac16012b30d6a64d2923fcb04a578f0691209623ff16.e3iSbxaKaheRe38Ka34Oa3eLbxf0n6jAmljGr5XDqQLvpAe HTTP/1.1" 200 2
66.249.64.248 - - [08/Oct/2015:06:02:00 -0500] "GET /ecodirectorio/files/res/downloads/download_0077.pdf HTTP/1.1" 200 202356
66.249.64.101 - - [08/Oct/2015:06:02:03 -0500] "GET /BLA/resoluciones/AUTOS%202009/1045.pdf HTTP/1.1" 200 156081
66.249.64.96 - - [08/Oct/2015:06:02:24 -0500] "GET /BLA/resoluciones/AUTOS%202011/1269.pdf HTTP/1.1" 200 162795
66.249.64.106 - - [08/Oct/2015:06:02:48 -0500] "GET /BLA/resoluciones/RESOLUCIONES%202007/RES%202007%203101%20AL%203200/RESOLUCION%203173%20DE%202007.pdf HTTP/1.1" 200 817364
186.85.90.90 - - [08/Oct/2015:06:02:50 -0500] "POST /forms/lservlet;jsessionid=ac16012b30d69363b3c64843451f9b0ff4b0849af480.e3iSbxaKaheRe38Ka34Oa3eLbxf0n6jAmljGr5XDqQLvpAe HTTP/1.1" 200 2
186.31.175.229 - - [08/Oct/2015:06:03:50 -0500] "POST /forms/lservlet;jsessionid=ac16012b30d6a64d2923fcb04a578f0691209623ff16.e3iSbxaKaheRe38Ka34Oa3eLbxf0n6jAmljGr5XDqQLvpAe HTTP/1.1" 200 2
130.185.139.213 - - [08/Oct/2015:06:03:57 -0500] "GET / HTTP/1.0" 200 10190
66.249.64.96 - - [08/Oct/2015:06:04:08 -0500] "GET /BLA/resoluciones/AUTOS%202008/0061.pdf HTTP/1.1" 200 113509
186.85.90.90 - - [08/Oct/2015:06:04:50 -0500] "POST /forms/lservlet;jsessionid=ac16012b30d69363b3c64843451f9b0ff4b0849af480.e3iSbxaKaheRe38Ka34Oa3eLbxf0n6jAmljGr5XDqQLvpAe HTTP/1.1" 200 2
186.31.175.229 - - [08/Oct/2015:06:05:50 -0500] "POST /forms/lservlet;jsessionid=ac16012b30d6a64d2923fcb04a578f0691209623ff16.e3iSbxaKaheRe38Ka34Oa3eLbxf0n6jAmljGr5XDqQLvpAe HTTP/1.1" 200 2
66.249.64.106 - - [08/Oct/2015:06:06:12 -0500] "GET /BLA/resoluciones/RESOLUCIONES%202007/RES%202007%202201%20AL%202300/RESOLUCION%202292%20DE%202007.pdf HTTP/1.1" 200 888165
186.85.90.90 - - [08/Oct/2015:06:06:50 -0500] "POST /forms/lservlet;jsessionid=ac16012b30d69363b3c64843451f9b0ff4b0849af480.e3iSbxaKaheRe38Ka34Oa3eLbxf0n6jAmljGr5XDqQLvpAe HTTP/1.1" 200 2
186.31.175.229 - - [08/Oct/2015:06:07:51 -0500] "POST /forms/lservlet;jsessionid=ac16012b30d6a64d2923fcb04a578f0691209623ff16.e3iSbxaKaheRe38Ka34Oa3eLbxf0n6jAmljGr5XDqQLvpAe HTTP/1.1" 200 2
199.30.25.166 - - [08/Oct/2015:06:08:11 -0500] "GET /BLA/boletinlegal/styles2.css HTTP/1.1" 200 1838
66.249.64.96 - - [08/Oct/2015:06:08:16 -0500] "GET /BLA/resoluciones/AUTOS%202013/0324.pdf HTTP/1.1" 304 -
152.61.128.66 - - [08/Oct/2015:06:08:21 -0500] "HEAD / HTTP/1.1" 200 -
152.61.128.66 - - [08/Oct/2015:06:08:22 -0500] "GET /arcgis/services/Calidad_del_Agua_WQI/MapServer/WMSServer?SERVICE=WMS&REQUEST=GetCapabilities HTTP/1.1" 200 32135
152.61.128.66 - - [08/Oct/2015:06:08:22 -0500] "GET /arcgis/services/Calidad_del_Agua_WQI/MapServer/WMSServer?SERVICE=WMS&REQUEST=GetCapabilities HTTP/1.0" 200 32135
152.61.128.66 - - [08/Oct/2015:06:08:23 -0500] "GET /arcgis/services/Calidad_del_Agua_WQI/MapServer/WMSServer?SERVICE=WMS&REQUEST=GetCapabilities HTTP/1.0" 200 32135
152.61.128.66 - - [08/Oct/2015:06:08:24 -0500] "GET /arcgis/services/Calidad_del_Agua_WQI/MapServer/WMSServer?SERVICE=WMS&REQUEST=GetCapabilities HTTP/1.0" 200 32135
152.61.128.66 - - [08/Oct/2015:06:08:25 -0500] "GET /arcgis/services/Calidad_del_Agua_WQI/MapServer/WMSServer?VERSION=1.1.1&REQUEST=GetMap&LAYERS=0&SRS=EPSG:4326&BBOX=-74.473395,3.674381,-73.963300,4.920569&WIDTH=250&HEIGHT=250&FORMAT=image/bmp&STYLES=& HTTP/1.1" 200 188054
207.46.13.145 - - [08/Oct/2015:06:08:39 -0500] "GET /dama/libreria/php/frame_detalle.php?h_id=643 HTTP/1.1" 404 1019
201.228.252.150 - - [08/Oct/2015:06:08:46 -0500] "GET /BLA/resoluciones/AUTOS%202013/1415.pdf HTTP/1.1" 200 1739060
186.85.90.90 - - [08/Oct/2015:06:08:51 -0500] "POST /forms/lservlet;jsessionid=ac16012b30d69363b3c64843451f9b0ff4b0849af480.e3iSbxaKaheRe38Ka34Oa3eLbxf0n6jAmljGr5XDqQLvpAe HTTP/1.1" 200 2
190.147.12.154 - - [08/Oct/2015:06:09:45 -0500] "GET /BLA/boletinlegal/js/jquery.scrollShow.js HTTP/1.1" 200 4586
190.147.12.154 - - [08/Oct/2015:06:09:45 -0500] "GET /galeria/galeria/jquery.fancybox.css?v=2.1.5 HTTP/1.1" 200 4895
190.147.12.154 - - [08/Oct/2015:06:09:45 -0500] "GET /galeria/galeria/jquery.fancybox.js?v=2.1.5 HTTP/1.1" 200 48706
186.31.175.229 - - [08/Oct/2015:06:09:51 -0500] "POST /forms/lservlet;jsessionid=ac16012b30d6a64d2923fcb04a578f0691209623ff16.e3iSbxaKaheRe38Ka34Oa3eLbxf0n6jAmljGr5XDqQLvpAe HTTP/1.1" 200 2
66.249.64.96 - - [08/Oct/2015:06:09:52 -0500] "GET /BLA/resoluciones/AUTOS%202013/1767.pdf HTTP/1.1" 200 440699
190.147.12.154 - - [08/Oct/2015:06:09:57 -0500] "GET /BLA/boletinlegal/js/jquery.scrollShow.js HTTP/1.1" 304 -
190.147.12.154 - - [08/Oct/2015:06:09:58 -0500] "GET /galeria/galeria/jquery.fancybox.js?v=2.1.5 HTTP/1.1" 304 -
190.147.12.154 - - [08/Oct/2015:06:09:58 -0500] "GET /galeria/galeria/jquery.fancybox.css?v=2.1.5 HTTP/1.1" 304 -
186.85.90.90 - - [08/Oct/2015:06:10:51 -0500] "POST /forms/lservlet;jsessionid=ac16012b30d69363b3c64843451f9b0ff4b0849af480.e3iSbxaKaheRe38Ka34Oa3eLbxf0n6jAmljGr5XDqQLvpAe HTTP/1.1" 200 2
180.76.15.12 - - [08/Oct/2015:06:11:06 -0500] "GET /POT-2013/Cartografia/35_cat_suelo_rural.pdf HTTP/1.1" 200 2648865
186.31.175.229 - - [08/Oct/2015:06:11:51 -0500] "POST /forms/lservlet;jsessionid=ac16012b30d6a64d2923fcb04a578f0691209623ff16.e3iSbxaKaheRe38Ka34Oa3eLbxf0n6jAmljGr5XDqQLvpAe HTTP/1.1" 200 2
66.249.64.248 - - [08/Oct/2015:06:12:24 -0500] "GET /Anexos%20estudio%20Organizacional%20SDA/index.php?dir=ANEXO%20No.%204%20-%20ENCUESTA%20DE%20AN%C1LISIS%20ORGANIZACIONAL/&sort=size&order=desc HTTP/1.1" 200 5347
74.86.158.107 - - [08/Oct/2015:06:12:40 -0500] "HEAD / HTTP/1.1" 200 -
186.28.56.25 - - [08/Oct/2015:06:12:45 -0500] "GET /galeria/galeria/jquery.fancybox.css?v=2.1.5 HTTP/1.1" 200 4895
186.28.56.25 - - [08/Oct/2015:06:12:45 -0500] "GET /galeria/carrusel/Carrusel/jquery.thumbnailScroller.css HTTP/1.1" 200 2066
186.28.56.25 - - [08/Oct/2015:06:12:45 -0500] "GET /BLA/boletinlegal/js/jquery.scrollShow.js HTTP/1.1" 200 4586
186.28.56.25 - - [08/Oct/2015:06:12:45 -0500] "GET /galeria/galeria/jquery.fancybox.js?v=2.1.5 HTTP/1.1" 200 48706
186.28.56.25 - - [08/Oct/2015:06:12:45 -0500] "GET /galeria/carrusel/Carrusel/jquery-ui-1.8.13.custom.min.js HTTP/1.1" 200 10800
186.28.56.25 - - [08/Oct/2015:06:12:45 -0500] "GET /galeria/carrusel/Carrusel/jquery.thumbnailScroller.js HTTP/1.1" 200 8157
186.28.56.25 - - [08/Oct/2015:06:12:46 -0500] "GET /galeria/nivo-slider/demo/demo.html HTTP/1.1" 200 3949
186.28.56.25 - - [08/Oct/2015:06:12:46 -0500] "GET /galeria/nivo-slider/themes/default/default.css HTTP/1.1" 200 1569
186.28.56.25 - - [08/Oct/2015:06:12:46 -0500] "GET /galeria/nivo-slider/themes/pascal/pascal.css HTTP/1.1" 200 2258
186.28.56.25 - - [08/Oct/2015:06:12:46 -0500] "GET /galeria/nivo-slider/themes/orman/orman.css HTTP/1.1" 200 2152
186.28.56.25 - - [08/Oct/2015:06:12:46 -0500] "GET /galeria/nivo-slider/nivo-slider.css HTTP/1.1" 200 1507
186.28.56.25 - - [08/Oct/2015:06:12:46 -0500] "GET /galeria/nivo-slider/demo/style.css HTTP/1.1" 200 2222
186.28.56.25 - - [08/Oct/2015:06:12:46 -0500] "GET /galeria/nivo-slider/demo/scripts/jquery-1.7.1.min.js HTTP/1.1" 200 93868
186.28.56.25 - - [08/Oct/2015:06:12:46 -0500] "GET /galeria/nivo-slider/jquery.nivo.slider.pack.js HTTP/1.1" 200 11561
186.28.56.25 - - [08/Oct/2015:06:12:47 -0500] "GET /galeria/nivo-slider/demo/images/4Simple_Slider.png HTTP/1.1" 200 11722
186.28.56.25 - - [08/Oct/2015:06:12:47 -0500] "GET /galeria/nivo-slider/themes/default/loading.gif HTTP/1.1" 200 1737
186.28.56.25 - - [08/Oct/2015:06:12:47 -0500] "GET /galeria/nivo-slider/demo/images/Arbol-banner2015.jpg HTTP/1.1" 200 227081
186.28.56.25 - - [08/Oct/2015:06:12:47 -0500] "GET /galeria/nivo-slider/demo/images/Banner-ahorro-de-agua.jpg HTTP/1.1" 200 149141
186.28.56.25 - - [08/Oct/2015:06:12:47 -0500] "GET /galeria/nivo-slider/demo/images/Banner-cursos.jpg HTTP/1.1" 200 207520
186.28.56.25 - - [08/Oct/2015:06:12:47 -0500] "GET /galeria/nivo-slider/demo/images/Cmapana-onestidad.jpg HTTP/1.1" 200 141638
186.28.56.25 - - [08/Oct/2015:06:12:49 -0500] "GET /galeria/nivo-slider/demo/images/simulacro-busqueda-rescate-urbano.jpg HTTP/1.1" 200 251375
186.28.56.25 - - [08/Oct/2015:06:12:49 -0500] "GET /galeria/nivo-slider/demo/images/Plan-Quinquenal.jpg HTTP/1.1" 200 412438
186.28.56.25 - - [08/Oct/2015:06:12:49 -0500] "GET /galeria/nivo-slider/demo/images/PREDAcamp.jpg HTTP/1.1" 200 295358
186.28.56.25 - - [08/Oct/2015:06:12:50 -0500] "GET /galeria/nivo-slider/demo/images/banner-llantas2.jpg HTTP/1.1" 200 204644
186.28.56.25 - - [08/Oct/2015:06:12:51 -0500] "GET /galeria/nivo-slider/demo/images/9Signos.jpg HTTP/1.1" 200 81776
186.28.56.25 - - [08/Oct/2015:06:12:51 -0500] "GET /galeria/nivo-slider/demo/images/Comparendo-ambiental-Banner.jpg HTTP/1.1" 200 83731
186.85.90.90 - - [08/Oct/2015:06:12:51 -0500] "POST /forms/lservlet;jsessionid=ac16012b30d69363b3c64843451f9b0ff4b0849af480.e3iSbxaKaheRe38Ka34Oa3eLbxf0n6jAmljGr5XDqQLvpAe HTTP/1.1" 200 2
186.28.56.25 - - [08/Oct/2015:06:12:51 -0500] "GET /galeria/nivo-slider/demo/images/Ruta-vertimientos-01.jpg HTTP/1.1" 200 130151
186.28.56.25 - - [08/Oct/2015:06:12:52 -0500] "GET /galeria/nivo-slider/demo/images/bolsas-06.jpg HTTP/1.1" 200 90982
186.28.56.25 - - [08/Oct/2015:06:12:52 -0500] "GET /galeria/nivo-slider/demo/images/Conoce-los-humedales.jpg HTTP/1.1" 200 294036
186.28.56.25 - - [08/Oct/2015:06:12:52 -0500] "GET /galeria/nivo-slider/demo/images/ecolecta-Dic2014.png HTTP/1.1" 200 288593
186.28.56.25 - - [08/Oct/2015:06:12:55 -0500] "GET /galeria/nivo-slider/themes/default/arrows.png HTTP/1.1" 200 824
186.28.56.25 - - [08/Oct/2015:06:12:55 -0500] "GET /galeria/nivo-slider/themes/default/bullets.png HTTP/1.1" 200 1281
186.28.56.25 - - [08/Oct/2015:06:13:43 -0500] "GET /galeria/galeria/jquery.fancybox.css?v=2.1.5 HTTP/1.1" 304 -
186.28.56.25 - - [08/Oct/2015:06:13:43 -0500] "GET /BLA/boletinlegal/js/jquery.scrollShow.js HTTP/1.1" 304 -
186.28.56.25 - - [08/Oct/2015:06:13:43 -0500] "GET /galeria/galeria/jquery.fancybox.js?v=2.1.5 HTTP/1.1" 304 -
186.31.175.229 - - [08/Oct/2015:06:13:51 -0500] "POST /forms/lservlet;jsessionid=ac16012b30d6a64d2923fcb04a578f0691209623ff16.e3iSbxaKaheRe38Ka34Oa3eLbxf0n6jAmljGr5XDqQLvpAe HTTP/1.1" 200 2
66.249.64.101 - - [08/Oct/2015:06:14:28 -0500] "GET /BLA/resoluciones/RESOLUCIONES%202010/3700.pdf HTTP/1.1" 200 766715
66.249.64.101 - - [08/Oct/2015:06:14:36 -0500] "GET /videos/ambiente-ciudad/skin/blue.monday/jplayer.blue.monday.css HTTP/1.1" 200 12518
189.210.74.52 - - [08/Oct/2015:06:14:50 -0500] "GET /crossdomain.xml HTTP/1.1" 404 1298
189.210.74.52 - - [08/Oct/2015:06:14:51 -0500] "GET /arcgis/services/Calidad_del_Agua_WQI/MapServer/WMSServer?SRS=EPSG%3A4686&SERVICE=WMS&WIDTH=1920&REQUEST=GetMap&HEIGHT=914&TRANSPARENT=TRUE&FORMAT=image%2Fpng&STYLES=&VERSION=1%2E1%2E1&BBOX=%2D74%2E07766210836508%2C4%2E6315295942610275%2C%2D74%2E07309354323388%2C4%2E633704421620357&LAYERS=3%2C4%2C5%2C6%2C7 HTTP/1.1" 200 11885
186.85.90.90 - - [08/Oct/2015:06:14:52 -0500] "POST /forms/lservlet;jsessionid=ac16012b30d69363b3c64843451f9b0ff4b0849af480.e3iSbxaKaheRe38Ka34Oa3eLbxf0n6jAmljGr5XDqQLvpAe HTTP/1.1" 200 2
189.210.74.52 - - [08/Oct/2015:06:14:59 -0500] "GET /arcgis/services/Calidad_del_Agua_WQI/MapServer/WMSServer?SRS=EPSG%3A4686&SERVICE=WMS&WIDTH=1920&REQUEST=GetMap&HEIGHT=914&TRANSPARENT=TRUE&FORMAT=image%2Fpng&STYLES=&VERSION=1%2E1%2E1&BBOX=%2D74%2E07605121326412%2C4%2E632169669271596%2C%2D74%2E07376693069853%2C4%2E6332570829512605&LAYERS=3%2C4%2C5%2C6%2C7 HTTP/1.1" 200 11589
186.31.175.229 - - [08/Oct/2015:06:15:51 -0500] "POST /forms/lservlet;jsessionid=ac16012b30d6a64d2923fcb04a578f0691209623ff16.e3iSbxaKaheRe38Ka34Oa3eLbxf0n6jAmljGr5XDqQLvpAe HTTP/1.1" 200 2
190.157.168.21 - - [08/Oct/2015:06:16:32 -0500] "GET /galeria/nivo-slider/demo/demo.html HTTP/1.1" 200 3949
66.249.64.101 - - [08/Oct/2015:06:16:32 -0500] "GET /BLA/resoluciones/AUTOS%202008/2963.pdf HTTP/1.1" 200 284221
190.157.168.21 - - [08/Oct/2015:06:16:34 -0500] "GET /galeria/nivo-slider/demo/images/Arbol-banner2015.jpg HTTP/1.1" 200 227081
190.157.168.21 - - [08/Oct/2015:06:16:34 -0500] "GET /galeria/nivo-slider/demo/images/Banner-ahorro-de-agua.jpg HTTP/1.1" 304 -
190.157.168.21 - - [08/Oct/2015:06:16:34 -0500] "GET /galeria/nivo-slider/demo/images/Banner-cursos.jpg HTTP/1.1" 304 -
190.157.168.21 - - [08/Oct/2015:06:16:34 -0500] "GET /galeria/nivo-slider/demo/images/Cmapana-onestidad.jpg HTTP/1.1" 200 141638
190.157.168.21 - - [08/Oct/2015:06:16:34 -0500] "GET /galeria/nivo-slider/demo/images/simulacro-busqueda-rescate-urbano.jpg HTTP/1.1" 304 -
190.157.168.21 - - [08/Oct/2015:06:16:34 -0500] "GET /galeria/nivo-slider/demo/images/Plan-Quinquenal.jpg HTTP/1.1" 304 -
186.85.90.90 - - [08/Oct/2015:06:16:52 -0500] "POST /forms/lservlet;jsessionid=ac16012b30d69363b3c64843451f9b0ff4b0849af480.e3iSbxaKaheRe38Ka34Oa3eLbxf0n6jAmljGr5XDqQLvpAe HTTP/1.1" 200 2
191.95.241.254 - - [08/Oct/2015:06:17:20 -0500] "GET /forest/login.do HTTP/1.1" 404 1120
66.249.64.96 - - [08/Oct/2015:06:17:22 -0500] "GET /BLA/resoluciones/RESOLUCIONES%202012/0640.pdf HTTP/1.1" 200 826093
186.145.0.87 - - [08/Oct/2015:06:17:30 -0500] "GET /galeria/galeria/jquery.fancybox.js?v=2.1.5 HTTP/1.1" 200 48706
186.145.0.87 - - [08/Oct/2015:06:17:30 -0500] "GET /BLA/boletinlegal/js/jquery.scrollShow.js HTTP/1.1" 200 4586
186.145.0.87 - - [08/Oct/2015:06:17:31 -0500] "GET /galeria/galeria/jquery.fancybox.css?v=2.1.5 HTTP/1.1" 200 4895
191.154.203.202 - - [08/Oct/2015:06:17:44 -0500] "GET /BLA/boletinlegal/js/jquery.scrollShow.js HTTP/1.1" 200 4586
191.154.203.202 - - [08/Oct/2015:06:17:44 -0500] "GET /galeria/galeria/jquery.fancybox.js?v=2.1.5 HTTP/1.1" 200 48706
191.154.203.202 - - [08/Oct/2015:06:17:44 -0500] "GET /galeria/galeria/jquery.fancybox.css?v=2.1.5 HTTP/1.1" 200 4895
191.154.203.202 - - [08/Oct/2015:06:17:44 -0500] "GET /galeria/carrusel/Carrusel/jquery.thumbnailScroller.css HTTP/1.1" 200 2066
191.154.203.202 - - [08/Oct/2015:06:17:44 -0500] "GET /galeria/carrusel/Carrusel/jquery-ui-1.8.13.custom.min.js HTTP/1.1" 200 10800
191.154.203.202 - - [08/Oct/2015:06:17:44 -0500] "GET /galeria/carrusel/Carrusel/jquery.thumbnailScroller.js HTTP/1.1" 200 8157
186.31.175.229 - - [08/Oct/2015:06:17:51 -0500] "POST /forms/lservlet;jsessionid=ac16012b30d6a64d2923fcb04a578f0691209623ff16.e3iSbxaKaheRe38Ka34Oa3eLbxf0n6jAmljGr5XDqQLvpAe HTTP/1.1" 200 2
186.145.0.87 - - [08/Oct/2015:06:18:02 -0500] "GET /BLA/boletinlegal/js/jquery.scrollShow.js HTTP/1.1" 304 -
186.145.0.87 - - [08/Oct/2015:06:18:02 -0500] "GET /galeria/galeria/jquery.fancybox.js?v=2.1.5 HTTP/1.1" 304 -
186.145.0.87 - - [08/Oct/2015:06:18:02 -0500] "GET /galeria/galeria/jquery.fancybox.css?v=2.1.5 HTTP/1.1" 304 -
191.154.203.202 - - [08/Oct/2015:06:18:06 -0500] "GET /galeria/nivo-slider/demo/demo.html HTTP/1.1" 200 3949
191.154.203.202 - - [08/Oct/2015:06:18:07 -0500] "GET /galeria/nivo-slider/themes/default/default.css HTTP/1.1" 200 1569
191.154.203.202 - - [08/Oct/2015:06:18:07 -0500] "GET /galeria/nivo-slider/nivo-slider.css HTTP/1.1" 200 1507
191.154.203.202 - - [08/Oct/2015:06:18:07 -0500] "GET /galeria/nivo-slider/demo/style.css HTTP/1.1" 200 2222
191.154.203.202 - - [08/Oct/2015:06:18:07 -0500] "GET /galeria/nivo-slider/themes/pascal/pascal.css HTTP/1.1" 200 2258
191.154.203.202 - - [08/Oct/2015:06:18:07 -0500] "GET /galeria/nivo-slider/themes/orman/orman.css HTTP/1.1" 200 2152
191.154.203.202 - - [08/Oct/2015:06:18:07 -0500] "GET /galeria/nivo-slider/demo/images/Arbol-banner2015.jpg HTTP/1.1" 200 227081
191.154.203.202 - - [08/Oct/2015:06:18:07 -0500] "GET /galeria/nivo-slider/demo/images/Banner-ahorro-de-agua.jpg HTTP/1.1" 200 149141
191.154.203.202 - - [08/Oct/2015:06:18:07 -0500] "GET /galeria/nivo-slider/demo/images/Banner-cursos.jpg HTTP/1.1" 200 207520
191.154.203.202 - - [08/Oct/2015:06:18:07 -0500] "GET /galeria/nivo-slider/demo/images/simulacro-busqueda-rescate-urbano.jpg HTTP/1.1" 200 251375
191.154.203.202 - - [08/Oct/2015:06:18:07 -0500] "GET /galeria/nivo-slider/demo/images/Cmapana-onestidad.jpg HTTP/1.1" 200 141638
191.154.203.202 - - [08/Oct/2015:06:18:07 -0500] "GET /galeria/nivo-slider/demo/images/Plan-Quinquenal.jpg HTTP/1.1" 200 412438
191.154.203.202 - - [08/Oct/2015:06:18:08 -0500] "GET /galeria/nivo-slider/demo/images/PREDAcamp.jpg HTTP/1.1" 200 295358
191.154.203.202 - - [08/Oct/2015:06:18:09 -0500] "GET /galeria/nivo-slider/demo/images/banner-llantas2.jpg HTTP/1.1" 200 204644
191.154.203.202 - - [08/Oct/2015:06:18:10 -0500] "GET /galeria/nivo-slider/demo/images/9Signos.jpg HTTP/1.1" 200 81776
191.154.203.202 - - [08/Oct/2015:06:18:10 -0500] "GET /galeria/nivo-slider/demo/images/Comparendo-ambiental-Banner.jpg HTTP/1.1" 200 83731
191.154.203.202 - - [08/Oct/2015:06:18:10 -0500] "GET /galeria/nivo-slider/demo/images/Ruta-vertimientos-01.jpg HTTP/1.1" 200 130151
191.154.203.202 - - [08/Oct/2015:06:18:10 -0500] "GET /galeria/nivo-slider/demo/images/bolsas-06.jpg HTTP/1.1" 200 90982
191.154.203.202 - - [08/Oct/2015:06:18:10 -0500] "GET /galeria/nivo-slider/demo/images/Conoce-los-humedales.jpg HTTP/1.1" 200 294036
191.154.203.202 - - [08/Oct/2015:06:18:11 -0500] "GET /galeria/nivo-slider/demo/images/ecolecta-Dic2014.png HTTP/1.1" 200 288593
191.154.203.202 - - [08/Oct/2015:06:18:11 -0500] "GET /galeria/nivo-slider/demo/scripts/jquery-1.7.1.min.js HTTP/1.1" 200 93868
191.154.203.202 - - [08/Oct/2015:06:18:11 -0500] "GET /galeria/nivo-slider/jquery.nivo.slider.pack.js HTTP/1.1" 200 11561
191.154.203.202 - - [08/Oct/2015:06:18:11 -0500] "GET /galeria/nivo-slider/demo/images/4Simple_Slider.png HTTP/1.1" 200 11722
191.154.203.202 - - [08/Oct/2015:06:18:11 -0500] "GET /galeria/nivo-slider/themes/default/loading.gif HTTP/1.1" 200 1737
191.154.203.202 - - [08/Oct/2015:06:18:12 -0500] "GET /galeria/nivo-slider/themes/default/arrows.png HTTP/1.1" 200 824
191.154.203.202 - - [08/Oct/2015:06:18:12 -0500] "GET /galeria/nivo-slider/themes/default/bullets.png HTTP/1.1" 200 1281
66.249.64.96 - - [08/Oct/2015:06:18:37 -0500] "GET /BLA/resoluciones/AUTOS%202012/2683.pdf HTTP/1.1" 200 384986
186.85.90.90 - - [08/Oct/2015:06:18:52 -0500] "POST /forms/lservlet;jsessionid=ac16012b30d69363b3c64843451f9b0ff4b0849af480.e3iSbxaKaheRe38Ka34Oa3eLbxf0n6jAmljGr5XDqQLvpAe HTTP/1.1" 200 2
189.217.212.117 - - [08/Oct/2015:06:18:54 -0500] "GET /galeria/galeria/jquery.fancybox.css?v=2.1.5 HTTP/1.1" 200 4895
189.217.212.117 - - [08/Oct/2015:06:18:54 -0500] "GET /BLA/boletinlegal/js/jquery.scrollShow.js HTTP/1.1" 200 4586
189.217.212.117 - - [08/Oct/2015:06:18:54 -0500] "GET /galeria/galeria/jquery.fancybox.js?v=2.1.5 HTTP/1.1" 200 48706
189.217.212.117 - - [08/Oct/2015:06:19:05 -0500] "GET /galeria/galeria/jquery.fancybox.js?v=2.1.5 HTTP/1.1" 304 -
189.217.212.117 - - [08/Oct/2015:06:19:05 -0500] "GET /BLA/boletinlegal/js/jquery.scrollShow.js HTTP/1.1" 304 -
189.217.212.117 - - [08/Oct/2015:06:19:05 -0500] "GET /galeria/galeria/jquery.fancybox.css?v=2.1.5 HTTP/1.1" 304 -
79.123.180.27 - - [08/Oct/2015:06:19:36 -0500] "GET / HTTP/1.1" 302 302
191.154.203.202 - - [08/Oct/2015:06:19:46 -0500] "GET /galeria/galeria/jquery.fancybox.js?v=2.1.5 HTTP/1.1" 304 -
191.154.203.202 - - [08/Oct/2015:06:19:46 -0500] "GET /galeria/galeria/jquery.fancybox.css?v=2.1.5 HTTP/1.1" 304 -
191.154.203.202 - - [08/Oct/2015:06:19:47 -0500] "GET /BLA/boletinlegal/js/jquery.scrollShow.js HTTP/1.1" 304 -
186.31.175.229 - - [08/Oct/2015:06:19:51 -0500] "POST /forms/lservlet;jsessionid=ac16012b30d6a64d2923fcb04a578f0691209623ff16.e3iSbxaKaheRe38Ka34Oa3eLbxf0n6jAmljGr5XDqQLvpAe HTTP/1.1" 200 2
190.68.28.144 - - [08/Oct/2015:06:19:53 -0500] "GET /galeria/galeria/jquery.fancybox.js?v=2.1.5 HTTP/1.1" 200 48706
190.68.28.144 - - [08/Oct/2015:06:19:53 -0500] "GET /galeria/galeria/jquery.fancybox.css?v=2.1.5 HTTP/1.1" 200 4895
190.68.28.144 - - [08/Oct/2015:06:19:54 -0500] "GET /BLA/boletinlegal/js/jquery.scrollShow.js HTTP/1.1" 200 4586
112.209.74.148 - - [08/Oct/2015:06:19:56 -0500] "POST /xmlrpc.php HTTP/1.1" 301 334
190.68.28.144 - - [08/Oct/2015:06:20:33 -0500] "GET /galeria/galeria/jquery.fancybox.css?v=2.1.5 HTTP/1.1" 304 -
190.68.28.144 - - [08/Oct/2015:06:20:33 -0500] "GET /BLA/boletinlegal/js/jquery.scrollShow.js HTTP/1.1" 304 -
190.68.28.144 - - [08/Oct/2015:06:20:33 -0500] "GET /galeria/galeria/jquery.fancybox.js?v=2.1.5 HTTP/1.1" 304 -
66.249.64.106 - - [08/Oct/2015:06:20:41 -0500] "GET /BLA/resoluciones/RESOLUCIONES%202008/1869.pdf HTTP/1.1" 200 199019
186.85.90.90 - - [08/Oct/2015:06:20:52 -0500] "POST /forms/lservlet;jsessionid=ac16012b30d69363b3c64843451f9b0ff4b0849af480.e3iSbxaKaheRe38Ka34Oa3eLbxf0n6jAmljGr5XDqQLvpAe HTTP/1.1" 200 2
66.249.64.101 - - [08/Oct/2015:06:21:19 -0500] "GET /BLA/resoluciones/AUTOS%202014/0486.pdf HTTP/1.1" 200 470877
220.181.108.121 - - [08/Oct/2015:06:21:33 -0500] "GET / HTTP/1.1" 200 10190
186.31.175.229 - - [08/Oct/2015:06:21:52 -0500] "POST /forms/lservlet;jsessionid=ac16012b30d6a64d2923fcb04a578f0691209623ff16.e3iSbxaKaheRe38Ka34Oa3eLbxf0n6jAmljGr5XDqQLvpAe HTTP/1.1" 200 2
66.249.64.96 - - [08/Oct/2015:06:22:45 -0500] "GET /BLA/resoluciones/RESOLUCIONES%202010/6750.pdf HTTP/1.1" 200 576032
186.85.90.90 - - [08/Oct/2015:06:22:52 -0500] "POST /forms/lservlet;jsessionid=ac16012b30d69363b3c64843451f9b0ff4b0849af480.e3iSbxaKaheRe38Ka34Oa3eLbxf0n6jAmljGr5XDqQLvpAe HTTP/1.1" 200 2
186.31.175.229 - - [08/Oct/2015:06:23:52 -0500] "POST /forms/lservlet;jsessionid=ac16012b30d6a64d2923fcb04a578f0691209623ff16.e3iSbxaKaheRe38Ka34Oa3eLbxf0n6jAmljGr5XDqQLvpAe HTTP/1.1" 200 2
186.85.90.90 - - [08/Oct/2015:06:24:26 -0500] "POST /forms/lservlet;jsessionid=ac16012b30d69363b3c64843451f9b0ff4b0849af480.e3iSbxaKaheRe38Ka34Oa3eLbxf0n6jAmljGr5XDqQLvpAe HTTP/1.1" 200 2
186.85.90.90 - - [08/Oct/2015:06:24:26 -0500] "POST /forms/lservlet;jsessionid=ac16012b30d69363b3c64843451f9b0ff4b0849af480.e3iSbxaKaheRe38Ka34Oa3eLbxf0n6jAmljGr5XDqQLvpAe HTTP/1.1" 200 101
186.85.90.90 - - [08/Oct/2015:06:24:26 -0500] "POST /forms/lservlet;jsessionid=ac16012b30d69363b3c64843451f9b0ff4b0849af480.e3iSbxaKaheRe38Ka34Oa3eLbxf0n6jAmljGr5XDqQLvpAe HTTP/1.1" 200 2
186.85.90.90 - - [08/Oct/2015:06:24:27 -0500] "POST /forms/lservlet;jsessionid=ac16012b30d69363b3c64843451f9b0ff4b0849af480.e3iSbxaKaheRe38Ka34Oa3eLbxf0n6jAmljGr5XDqQLvpAe HTTP/1.1" 200 2
186.85.90.90 - - [08/Oct/2015:06:24:27 -0500] "POST /forms/lservlet;jsessionid=ac16012b30d69363b3c64843451f9b0ff4b0849af480.e3iSbxaKaheRe38Ka34Oa3eLbxf0n6jAmljGr5XDqQLvpAe HTTP/1.1" 200 2046
186.85.90.90 - - [08/Oct/2015:06:24:28 -0500] "POST /forms/lservlet;jsessionid=ac16012b30d69363b3c64843451f9b0ff4b0849af480.e3iSbxaKaheRe38Ka34Oa3eLbxf0n6jAmljGr5XDqQLvpAe HTTP/1.1" 200 7
66.249.64.106 - - [08/Oct/2015:06:24:29 -0500] "GET /videos/galeria-cronicas/skin/blue.monday/jplayer.blue.monday.css HTTP/1.1" 200 12518
186.85.90.90 - - [08/Oct/2015:06:24:36 -0500] "POST /forms/lservlet;jsessionid=ac16012b30d69363b3c64843451f9b0ff4b0849af480.e3iSbxaKaheRe38Ka34Oa3eLbxf0n6jAmljGr5XDqQLvpAe HTTP/1.1" 200 34736
186.85.90.90 - - [08/Oct/2015:06:24:36 -0500] "GET /imagenes/listval.gif HTTP/1.1" 200 905
186.85.90.90 - - [08/Oct/2015:06:24:36 -0500] "POST /forms/lservlet;jsessionid=ac16012b30d69363b3c64843451f9b0ff4b0849af480.e3iSbxaKaheRe38Ka34Oa3eLbxf0n6jAmljGr5XDqQLvpAe HTTP/1.1" 200 7
186.85.90.90 - - [08/Oct/2015:06:24:36 -0500] "POST /forms/lservlet;jsessionid=ac16012b30d69363b3c64843451f9b0ff4b0849af480.e3iSbxaKaheRe38Ka34Oa3eLbxf0n6jAmljGr5XDqQLvpAe HTTP/1.1" 200 2
186.85.90.90 - - [08/Oct/2015:06:24:36 -0500] "POST /forms/lservlet;jsessionid=ac16012b30d69363b3c64843451f9b0ff4b0849af480.e3iSbxaKaheRe38Ka34Oa3eLbxf0n6jAmljGr5XDqQLvpAe HTTP/1.1" 200 2
186.85.90.90 - - [08/Oct/2015:06:24:36 -0500] "POST /forms/lservlet;jsessionid=ac16012b30d69363b3c64843451f9b0ff4b0849af480.e3iSbxaKaheRe38Ka34Oa3eLbxf0n6jAmljGr5XDqQLvpAe HTTP/1.1" 200 17
186.85.90.90 - - [08/Oct/2015:06:24:36 -0500] "POST /forms/lservlet;jsessionid=ac16012b30d69363b3c64843451f9b0ff4b0849af480.e3iSbxaKaheRe38Ka34Oa3eLbxf0n6jAmljGr5XDqQLvpAe HTTP/1.1" 200 29
186.85.90.90 - - [08/Oct/2015:06:24:36 -0500] "POST /forms/lservlet;jsessionid=ac16012b30d69363b3c64843451f9b0ff4b0849af480.e3iSbxaKaheRe38Ka34Oa3eLbxf0n6jAmljGr5XDqQLvpAe HTTP/1.1" 200 2
186.85.90.90 - - [08/Oct/2015:06:24:38 -0500] "POST /forms/lservlet;jsessionid=ac16012b30d69363b3c64843451f9b0ff4b0849af480.e3iSbxaKaheRe38Ka34Oa3eLbxf0n6jAmljGr5XDqQLvpAe HTTP/1.1" 200 2
186.85.90.90 - - [08/Oct/2015:06:24:38 -0500] "POST /forms/lservlet;jsessionid=ac16012b30d69363b3c64843451f9b0ff4b0849af480.e3iSbxaKaheRe38Ka34Oa3eLbxf0n6jAmljGr5XDqQLvpAe HTTP/1.1" 200 2
186.85.90.90 - - [08/Oct/2015:06:24:38 -0500] "POST /forms/lservlet;jsessionid=ac16012b30d69363b3c64843451f9b0ff4b0849af480.e3iSbxaKaheRe38Ka34Oa3eLbxf0n6jAmljGr5XDqQLvpAe HTTP/1.1" 200 15
186.85.90.90 - - [08/Oct/2015:06:24:38 -0500] "POST /forms/lservlet;jsessionid=ac16012b30d69363b3c64843451f9b0ff4b0849af480.e3iSbxaKaheRe38Ka34Oa3eLbxf0n6jAmljGr5XDqQLvpAe HTTP/1.1" 200 12
186.85.90.90 - - [08/Oct/2015:06:24:39 -0500] "POST /forms/lservlet;jsessionid=ac16012b30d69363b3c64843451f9b0ff4b0849af480.e3iSbxaKaheRe38Ka34Oa3eLbxf0n6jAmljGr5XDqQLvpAe HTTP/1.1" 200 2
186.85.90.90 - - [08/Oct/2015:06:24:39 -0500] "POST /forms/lservlet;jsessionid=ac16012b30d69363b3c64843451f9b0ff4b0849af480.e3iSbxaKaheRe38Ka34Oa3eLbxf0n6jAmljGr5XDqQLvpAe HTTP/1.1" 200 663
186.85.90.90 - - [08/Oct/2015:06:24:39 -0500] "GET /imagenes/Srch_frw.gif HTTP/1.1" 200 925
186.85.90.90 - - [08/Oct/2015:06:24:39 -0500] "POST /forms/lservlet;jsessionid=ac16012b30d69363b3c64843451f9b0ff4b0849af480.e3iSbxaKaheRe38Ka34Oa3eLbxf0n6jAmljGr5XDqQLvpAe HTTP/1.1" 200 10
186.85.90.90 - - [08/Oct/2015:06:24:41 -0500] "POST /forms/lservlet;jsessionid=ac16012b30d69363b3c64843451f9b0ff4b0849af480.e3iSbxaKaheRe38Ka34Oa3eLbxf0n6jAmljGr5XDqQLvpAe HTTP/1.1" 200 26
186.85.90.90 - - [08/Oct/2015:06:24:41 -0500] "POST /forms/lservlet;jsessionid=ac16012b30d69363b3c64843451f9b0ff4b0849af480.e3iSbxaKaheRe38Ka34Oa3eLbxf0n6jAmljGr5XDqQLvpAe HTTP/1.1" 200 4905
186.85.90.90 - - [08/Oct/2015:06:24:42 -0500] "POST /forms/lservlet;jsessionid=ac16012b30d69363b3c64843451f9b0ff4b0849af480.e3iSbxaKaheRe38Ka34Oa3eLbxf0n6jAmljGr5XDqQLvpAe HTTP/1.1" 200 2
186.85.90.90 - - [08/Oct/2015:06:24:46 -0500] "POST /forms/lservlet;jsessionid=ac16012b30d69363b3c64843451f9b0ff4b0849af480.e3iSbxaKaheRe38Ka34Oa3eLbxf0n6jAmljGr5XDqQLvpAe HTTP/1.1" 200 101
66.249.64.106 - - [08/Oct/2015:06:24:49 -0500] "GET /BLA/resoluciones/RESOLUCIONES%202014/1228.pdf HTTP/1.1" 200 569988
186.85.90.90 - - [08/Oct/2015:06:24:53 -0500] "POST /forms/lservlet;jsessionid=ac16012b30d69363b3c64843451f9b0ff4b0849af480.e3iSbxaKaheRe38Ka34Oa3eLbxf0n6jAmljGr5XDqQLvpAe HTTP/1.1" 200 2
66.249.64.101 - - [08/Oct/2015:06:24:55 -0500] "GET /BLA/resoluciones/RESOLUCIONES%202011/2255.pdf HTTP/1.1" 200 749368
191.154.203.202 - - [08/Oct/2015:06:25:10 -0500] "GET /galeria/galeria/jquery.fancybox.js?v=2.1.5 HTTP/1.1" 304 -
191.154.203.202 - - [08/Oct/2015:06:25:10 -0500] "GET /BLA/boletinlegal/js/jquery.scrollShow.js HTTP/1.1" 304 -
191.154.203.202 - - [08/Oct/2015:06:25:10 -0500] "GET /galeria/galeria/jquery.fancybox.css?v=2.1.5 HTTP/1.1" 304 -
186.85.90.90 - - [08/Oct/2015:06:25:35 -0500] "POST /forms/lservlet;jsessionid=ac16012b30d69363b3c64843451f9b0ff4b0849af480.e3iSbxaKaheRe38Ka34Oa3eLbxf0n6jAmljGr5XDqQLvpAe HTTP/1.1" 200 68
186.31.175.229 - - [08/Oct/2015:06:25:52 -0500] "POST /forms/lservlet;jsessionid=ac16012b30d6a64d2923fcb04a578f0691209623ff16.e3iSbxaKaheRe38Ka34Oa3eLbxf0n6jAmljGr5XDqQLvpAe HTTP/1.1" 200 2
180.76.15.147 - - [08/Oct/2015:06:26:06 -0500] "GET /SIG/ECS/126PM04-PR11.pdf HTTP/1.1" 200 5559180
201.245.192.253 - - [08/Oct/2015:06:26:08 -0500] "GET /BLA/boletinlegal/actos.php HTTP/1.1" 200 7551
201.245.192.253 - - [08/Oct/2015:06:26:08 -0500] "GET /BLA/resoluciones/index.php?dir=AUTOS+2012%2F HTTP/1.1" 200 256260
192.168.170.78 - - [08/Oct/2015:06:26:09 -0500] "GET /BLA/boletinlegal/normativa.php HTTP/1.1" 200 7023
186.85.90.90 - - [08/Oct/2015:06:26:15 -0500] "POST /forms/lservlet;jsessionid=ac16012b30d69363b3c64843451f9b0ff4b0849af480.e3iSbxaKaheRe38Ka34Oa3eLbxf0n6jAmljGr5XDqQLvpAe HTTP/1.1" 200 153
207.46.13.145 - - [08/Oct/2015:06:26:39 -0500] "GET /dama/libreria/php/decide.php?patron=03.1206 HTTP/1.1" 404 1019
190.24.96.84 - - [08/Oct/2015:06:26:52 -0500] "GET /BLA/resoluciones/AUTOS%202011/6216.pdf HTTP/1.1" 200 152091
186.85.90.90 - - [08/Oct/2015:06:26:53 -0500] "POST /forms/lservlet;jsessionid=ac16012b30d69363b3c64843451f9b0ff4b0849af480.e3iSbxaKaheRe38Ka34Oa3eLbxf0n6jAmljGr5XDqQLvpAe HTTP/1.1" 200 2
66.249.64.96 - - [08/Oct/2015:06:26:53 -0500] "GET /autoliquidacion/index.php?dir=TR%C1MITES%20ACEITES-RESIDUOS-ESTACIONES/&sort=name&order=desc HTTP/1.1" 200 2821
186.85.90.90 - - [08/Oct/2015:06:27:09 -0500] "POST /forms/lservlet;jsessionid=ac16012b30d69363b3c64843451f9b0ff4b0849af480.e3iSbxaKaheRe38Ka34Oa3eLbxf0n6jAmljGr5XDqQLvpAe HTTP/1.1" 200 147
186.85.90.90 - - [08/Oct/2015:06:27:09 -0500] "POST /forms/lservlet;jsessionid=ac16012b30d69363b3c64843451f9b0ff4b0849af480.e3iSbxaKaheRe38Ka34Oa3eLbxf0n6jAmljGr5XDqQLvpAe HTTP/1.1" 200 7
157.55.39.79 - - [08/Oct/2015:06:27:15 -0500] "GET /dama/libreria/php/decide.php?patron=03.1801 HTTP/1.1" 404 1019
186.85.90.90 - - [08/Oct/2015:06:27:25 -0500] "POST /forms/lservlet;jsessionid=ac16012b30d69363b3c64843451f9b0ff4b0849af480.e3iSbxaKaheRe38Ka34Oa3eLbxf0n6jAmljGr5XDqQLvpAe HTTP/1.1" 200 152
186.85.90.90 - - [08/Oct/2015:06:27:25 -0500] "POST /forms/lservlet;jsessionid=ac16012b30d69363b3c64843451f9b0ff4b0849af480.e3iSbxaKaheRe38Ka34Oa3eLbxf0n6jAmljGr5XDqQLvpAe HTTP/1.1" 200 8
186.85.90.90 - - [08/Oct/2015:06:27:25 -0500] "POST /forms/lservlet;jsessionid=ac16012b30d69363b3c64843451f9b0ff4b0849af480.e3iSbxaKaheRe38Ka34Oa3eLbxf0n6jAmljGr5XDqQLvpAe HTTP/1.1" 200 2
186.31.175.229 - - [08/Oct/2015:06:27:52 -0500] "POST /forms/lservlet;jsessionid=ac16012b30d6a64d2923fcb04a578f0691209623ff16.e3iSbxaKaheRe38Ka34Oa3eLbxf0n6jAmljGr5XDqQLvpAe HTTP/1.1" 200 2
186.85.90.90 - - [08/Oct/2015:06:28:53 -0500] "POST /forms/lservlet;jsessionid=ac16012b30d69363b3c64843451f9b0ff4b0849af480.e3iSbxaKaheRe38Ka34Oa3eLbxf0n6jAmljGr5XDqQLvpAe HTTP/1.1" 200 2
66.249.64.106 - - [08/Oct/2015:06:28:57 -0500] "GET /BLA/resoluciones/index.php?dir=RESOLUCIONES%202007/RES%202007%202501%20AL%202600/&sort=date&order=desc HTTP/1.1" 200 26846
186.31.175.229 - - [08/Oct/2015:06:29:52 -0500] "POST /forms/lservlet;jsessionid=ac16012b30d6a64d2923fcb04a578f0691209623ff16.e3iSbxaKaheRe38Ka34Oa3eLbxf0n6jAmljGr5XDqQLvpAe HTTP/1.1" 200 2
186.85.90.90 - - [08/Oct/2015:06:30:49 -0500] "POST /forms/lservlet;jsessionid=ac16012b30d69363b3c64843451f9b0ff4b0849af480.e3iSbxaKaheRe38Ka34Oa3eLbxf0n6jAmljGr5XDqQLvpAe HTTP/1.1" 200 8
186.85.90.90 - - [08/Oct/2015:06:30:50 -0500] "POST /forms/lservlet;jsessionid=ac16012b30d69363b3c64843451f9b0ff4b0849af480.e3iSbxaKaheRe38Ka34Oa3eLbxf0n6jAmljGr5XDqQLvpAe HTTP/1.1" 200 133
186.85.90.90 - - [08/Oct/2015:06:30:53 -0500] "POST /forms/lservlet;jsessionid=ac16012b30d69363b3c64843451f9b0ff4b0849af480.e3iSbxaKaheRe38Ka34Oa3eLbxf0n6jAmljGr5XDqQLvpAe HTTP/1.1" 200 2
186.85.90.90 - - [08/Oct/2015:06:30:56 -0500] "POST /forms/lservlet;jsessionid=ac16012b30d69363b3c64843451f9b0ff4b0849af480.e3iSbxaKaheRe38Ka34Oa3eLbxf0n6jAmljGr5XDqQLvpAe HTTP/1.1" 200 63
66.249.64.106 - - [08/Oct/2015:06:31:01 -0500] "GET /BLA/resoluciones/RESOLUCIONES%202014/0137.pdf HTTP/1.1" 200 575936
186.85.90.90 - - [08/Oct/2015:06:31:05 -0500] "POST /forms/lservlet;jsessionid=ac16012b30d69363b3c64843451f9b0ff4b0849af480.e3iSbxaKaheRe38Ka34Oa3eLbxf0n6jAmljGr5XDqQLvpAe HTTP/1.1" 200 105
181.235.136.117 - - [08/Oct/2015:06:31:06 -0500] "GET /BLA/boletinlegal/js/jquery.scrollShow.js HTTP/1.1" 200 4586
181.235.136.117 - - [08/Oct/2015:06:31:06 -0500] "GET /galeria/galeria/jquery.fancybox.css?v=2.1.5 HTTP/1.1" 200 4895
181.235.136.117 - - [08/Oct/2015:06:31:06 -0500] "GET /galeria/galeria/jquery.fancybox.js?v=2.1.5 HTTP/1.1" 200 48706
181.235.170.26 - - [08/Oct/2015:06:31:22 -0500] "GET /BLA/boletinlegal/js/jquery.scrollShow.js HTTP/1.1" 200 4586
181.235.170.26 - - [08/Oct/2015:06:31:22 -0500] "GET /galeria/galeria/jquery.fancybox.js?v=2.1.5 HTTP/1.1" 200 48706
181.235.170.26 - - [08/Oct/2015:06:31:22 -0500] "GET /galeria/galeria/jquery.fancybox.css?v=2.1.5 HTTP/1.1" 200 4895
181.235.170.26 - - [08/Oct/2015:06:31:27 -0500] "GET /BLA/boletinlegal/js/jquery.scrollShow.js HTTP/1.1" 304 -
181.235.170.26 - - [08/Oct/2015:06:31:27 -0500] "GET /galeria/galeria/jquery.fancybox.js?v=2.1.5 HTTP/1.1" 304 -
181.235.170.26 - - [08/Oct/2015:06:31:27 -0500] "GET /galeria/galeria/jquery.fancybox.css?v=2.1.5 HTTP/1.1" 304 -
186.119.217.101 - - [08/Oct/2015:06:31:40 -0500] "GET /galeria/carrusel/Carrusel/jquery.thumbnailScroller.css HTTP/1.1" 200 2066
186.119.217.101 - - [08/Oct/2015:06:31:40 -0500] "GET /galeria/carrusel/Carrusel/jquery-ui-1.8.13.custom.min.js HTTP/1.1" 200 10800
186.119.217.101 - - [08/Oct/2015:06:31:40 -0500] "GET /galeria/carrusel/Carrusel/jquery.thumbnailScroller.js HTTP/1.1" 200 8157
186.119.217.101 - - [08/Oct/2015:06:31:43 -0500] "GET /galeria/nivo-slider/demo/demo.html HTTP/1.1" 200 3949
186.119.217.101 - - [08/Oct/2015:06:31:43 -0500] "GET /galeria/nivo-slider/themes/pascal/pascal.css HTTP/1.1" 200 2258
186.119.217.101 - - [08/Oct/2015:06:31:43 -0500] "GET /galeria/nivo-slider/themes/default/default.css HTTP/1.1" 200 1569
186.119.217.101 - - [08/Oct/2015:06:31:43 -0500] "GET /galeria/nivo-slider/themes/orman/orman.css HTTP/1.1" 200 2152
186.119.217.101 - - [08/Oct/2015:06:31:43 -0500] "GET /galeria/nivo-slider/demo/images/Banner-ahorro-de-agua.jpg HTTP/1.1" 200 149141
186.119.217.101 - - [08/Oct/2015:06:31:43 -0500] "GET /galeria/nivo-slider/nivo-slider.css HTTP/1.1" 200 1507
186.119.217.101 - - [08/Oct/2015:06:31:43 -0500] "GET /galeria/nivo-slider/demo/images/Arbol-banner2015.jpg HTTP/1.1" 200 227081
186.119.217.101 - - [08/Oct/2015:06:31:43 -0500] "GET /galeria/nivo-slider/demo/style.css HTTP/1.1" 200 2222
186.119.217.101 - - [08/Oct/2015:06:31:43 -0500] "GET /galeria/nivo-slider/demo/images/Banner-cursos.jpg HTTP/1.1" 200 207520
186.119.217.101 - - [08/Oct/2015:06:31:43 -0500] "GET /galeria/nivo-slider/demo/images/Cmapana-onestidad.jpg HTTP/1.1" 200 141638
186.119.217.101 - - [08/Oct/2015:06:31:43 -0500] "GET /galeria/nivo-slider/demo/images/simulacro-busqueda-rescate-urbano.jpg HTTP/1.1" 200 251375
