186.29.176.246 - - [08/Oct/2015:02:58:23 -0500] "GET /images/NINOS.jpg HTTP/1.1" 200 44828
186.29.176.246 - - [08/Oct/2015:02:58:23 -0500] "GET /images/FOREST.jpg HTTP/1.1" 200 33277
186.29.176.246 - - [08/Oct/2015:02:58:23 -0500] "GET /images/RMCAB.jpg HTTP/1.1" 200 49926
186.29.176.246 - - [08/Oct/2015:02:58:24 -0500] "GET /images/BLA.jpg HTTP/1.1" 200 34672
186.29.176.246 - - [08/Oct/2015:02:58:24 -0500] "GET /images/SDQS.jpg HTTP/1.1" 200 47976
186.29.176.246 - - [08/Oct/2015:02:58:24 -0500] "GET /images/CORREO.jpg HTTP/1.1" 200 39337
186.29.176.246 - - [08/Oct/2015:02:58:24 -0500] "GET /images/FORMATOS.jpg HTTP/1.1" 200 41585
186.29.176.246 - - [08/Oct/2015:02:58:24 -0500] "GET /images/CATALOGO.jpg HTTP/1.1" 200 35661
186.29.176.246 - - [08/Oct/2015:02:58:24 -0500] "GET /js/jquery.js HTTP/1.1" 200 97120
186.29.176.246 - - [08/Oct/2015:02:58:24 -0500] "GET /js/bootstrap.min.js HTTP/1.1" 200 28538
186.29.176.246 - - [08/Oct/2015:02:58:26 -0500] "GET /favicon.ico HTTP/1.1" 200 7782
186.85.90.90 - - [08/Oct/2015:02:58:28 -0500] "POST /forms/lservlet;jsessionid=ac16012b30d69363b3c64843451f9b0ff4b0849af480.e3iSbxaKaheRe38Ka34Oa3eLbxf0n6jAmljGr5XDqQLvpAe HTTP/1.1" 200 2
186.29.176.246 - - [08/Oct/2015:02:58:38 -0500] "GET /BLA/boletinlegal/js/jquery.scrollShow.js HTTP/1.1" 200 4586
186.29.176.246 - - [08/Oct/2015:02:58:38 -0500] "GET /galeria/galeria/jquery.fancybox.js?v=2.1.5 HTTP/1.1" 200 48706
186.29.176.246 - - [08/Oct/2015:02:58:38 -0500] "GET /galeria/galeria/jquery.fancybox.css?v=2.1.5 HTTP/1.1" 200 4895
186.29.176.246 - - [08/Oct/2015:02:58:38 -0500] "GET /galeria/carrusel/Carrusel/jquery.thumbnailScroller.js HTTP/1.1" 200 8157
186.29.176.246 - - [08/Oct/2015:02:58:38 -0500] "GET /galeria/carrusel/Carrusel/jquery.thumbnailScroller.css HTTP/1.1" 200 2066
186.29.176.246 - - [08/Oct/2015:02:58:38 -0500] "GET /galeria/carrusel/Carrusel/jquery-ui-1.8.13.custom.min.js HTTP/1.1" 200 10800
186.29.176.246 - - [08/Oct/2015:02:58:42 -0500] "GET /galeria/nivo-slider/demo/demo.html HTTP/1.1" 200 3949
186.29.176.246 - - [08/Oct/2015:02:58:43 -0500] "GET /galeria/nivo-slider/themes/default/default.css HTTP/1.1" 200 1569
186.29.176.246 - - [08/Oct/2015:02:58:43 -0500] "GET /galeria/nivo-slider/themes/pascal/pascal.css HTTP/1.1" 200 2258
186.29.176.246 - - [08/Oct/2015:02:58:43 -0500] "GET /galeria/nivo-slider/themes/orman/orman.css HTTP/1.1" 200 2152
186.29.176.246 - - [08/Oct/2015:02:58:43 -0500] "GET /galeria/nivo-slider/nivo-slider.css HTTP/1.1" 200 1507
186.29.176.246 - - [08/Oct/2015:02:58:43 -0500] "GET /galeria/nivo-slider/demo/style.css HTTP/1.1" 200 2222
186.29.176.246 - - [08/Oct/2015:02:58:43 -0500] "GET /galeria/nivo-slider/demo/images/Arbol-banner2015.jpg HTTP/1.1" 200 227081
186.29.176.246 - - [08/Oct/2015:02:58:43 -0500] "GET /galeria/nivo-slider/demo/images/Banner-ahorro-de-agua.jpg HTTP/1.1" 200 149141
186.29.176.246 - - [08/Oct/2015:02:58:43 -0500] "GET /galeria/nivo-slider/demo/images/Banner-cursos.jpg HTTP/1.1" 200 207520
186.29.176.246 - - [08/Oct/2015:02:58:43 -0500] "GET /galeria/nivo-slider/demo/images/Cmapana-onestidad.jpg HTTP/1.1" 200 141638
186.29.176.246 - - [08/Oct/2015:02:58:43 -0500] "GET /galeria/nivo-slider/demo/images/simulacro-busqueda-rescate-urbano.jpg HTTP/1.1" 200 251375
186.29.176.246 - - [08/Oct/2015:02:58:43 -0500] "GET /galeria/nivo-slider/demo/images/Plan-Quinquenal.jpg HTTP/1.1" 200 412438
186.29.176.246 - - [08/Oct/2015:02:58:44 -0500] "GET /galeria/nivo-slider/demo/images/PREDAcamp.jpg HTTP/1.1" 200 295358
186.29.176.246 - - [08/Oct/2015:02:58:44 -0500] "GET /galeria/nivo-slider/demo/images/9Signos.jpg HTTP/1.1" 200 81776
186.29.176.246 - - [08/Oct/2015:02:58:45 -0500] "GET /galeria/nivo-slider/demo/images/Comparendo-ambiental-Banner.jpg HTTP/1.1" 200 83731
186.29.176.246 - - [08/Oct/2015:02:58:45 -0500] "GET /galeria/nivo-slider/demo/images/banner-llantas2.jpg HTTP/1.1" 200 204644
186.29.176.246 - - [08/Oct/2015:02:58:45 -0500] "GET /galeria/nivo-slider/demo/images/Ruta-vertimientos-01.jpg HTTP/1.1" 200 130151
186.29.176.246 - - [08/Oct/2015:02:58:45 -0500] "GET /galeria/nivo-slider/demo/images/bolsas-06.jpg HTTP/1.1" 200 90982
186.29.176.246 - - [08/Oct/2015:02:58:46 -0500] "GET /galeria/nivo-slider/demo/images/Conoce-los-humedales.jpg HTTP/1.1" 200 294036
186.29.176.246 - - [08/Oct/2015:02:58:47 -0500] "GET /galeria/nivo-slider/demo/images/ecolecta-Dic2014.png HTTP/1.1" 200 288593
186.29.176.246 - - [08/Oct/2015:02:58:47 -0500] "GET /galeria/nivo-slider/demo/scripts/jquery-1.7.1.min.js HTTP/1.1" 200 93868
186.29.176.246 - - [08/Oct/2015:02:58:47 -0500] "GET /galeria/nivo-slider/jquery.nivo.slider.pack.js HTTP/1.1" 200 11561
186.29.176.246 - - [08/Oct/2015:02:58:47 -0500] "GET /galeria/nivo-slider/demo/images/4Simple_Slider.png HTTP/1.1" 200 11722
186.29.176.246 - - [08/Oct/2015:02:58:48 -0500] "GET /galeria/nivo-slider/themes/default/loading.gif HTTP/1.1" 200 1737
186.29.176.246 - - [08/Oct/2015:02:58:52 -0500] "GET /galeria/nivo-slider/themes/default/arrows.png HTTP/1.1" 200 824
186.29.176.246 - - [08/Oct/2015:02:58:52 -0500] "GET /galeria/nivo-slider/themes/default/bullets.png HTTP/1.1" 200 1281
74.86.158.107 - - [08/Oct/2015:02:59:04 -0500] "HEAD / HTTP/1.1" 200 -
66.249.64.106 - - [08/Oct/2015:03:00:00 -0500] "GET /BLA/resoluciones/RESOLUCIONES%202013/0109.pdf HTTP/1.1" 200 719104
201.234.75.11 - - [08/Oct/2015:03:00:23 -0500] "GET /galeria/galeria/fotos/Movilizacion2P.jpg HTTP/1.1" 304 -
186.85.90.90 - - [08/Oct/2015:03:00:28 -0500] "POST /forms/lservlet;jsessionid=ac16012b30d69363b3c64843451f9b0ff4b0849af480.e3iSbxaKaheRe38Ka34Oa3eLbxf0n6jAmljGr5XDqQLvpAe HTTP/1.1" 200 2
66.249.64.106 - - [08/Oct/2015:03:02:04 -0500] "GET /BLA/resoluciones/RESOLUCIONES%202014/0933.pdf HTTP/1.1" 304 -
186.85.90.90 - - [08/Oct/2015:03:02:28 -0500] "POST /forms/lservlet;jsessionid=ac16012b30d69363b3c64843451f9b0ff4b0849af480.e3iSbxaKaheRe38Ka34Oa3eLbxf0n6jAmljGr5XDqQLvpAe HTTP/1.1" 200 2
74.86.158.107 - - [08/Oct/2015:03:04:04 -0500] "HEAD / HTTP/1.1" 200 -
186.85.90.90 - - [08/Oct/2015:03:04:28 -0500] "POST /forms/lservlet;jsessionid=ac16012b30d69363b3c64843451f9b0ff4b0849af480.e3iSbxaKaheRe38Ka34Oa3eLbxf0n6jAmljGr5XDqQLvpAe HTTP/1.1" 200 2
180.76.15.10 - - [08/Oct/2015:03:05:20 -0500] "GET /SIG/Gestion%20Recursos%20Financieros/126PA02-PR18%20REGISTRO%20CONTABLE%20ORDENES%20DE%20PAGO.pdf HTTP/1.1" 200 311415
201.234.180.177 - - [08/Oct/2015:03:05:28 -0500] "GET /BLA/resoluciones/RESOLUCIONES%202007/RES%202007%201401%20AL%201500/RESOLUCION%201407%20DE%202007.pdf HTTP/1.1" 200 343493
66.249.64.96 - - [08/Oct/2015:03:06:12 -0500] "GET /BLA/resoluciones/AUTOS%202008/1394.pdf HTTP/1.1" 200 192054
186.85.90.90 - - [08/Oct/2015:03:06:28 -0500] "POST /forms/lservlet;jsessionid=ac16012b30d69363b3c64843451f9b0ff4b0849af480.e3iSbxaKaheRe38Ka34Oa3eLbxf0n6jAmljGr5XDqQLvpAe HTTP/1.1" 200 2
84.78.20.200 - - [08/Oct/2015:03:07:17 -0500] "GET /wp-content/uploads/2015/08/fotos2b.png HTTP/1.1" 301 362
84.78.20.200 - - [08/Oct/2015:03:07:17 -0500] "GET /wp-content/uploads/2015/08/danos.png HTTP/1.1" 301 360
84.78.20.200 - - [08/Oct/2015:03:07:17 -0500] "GET /wp-content/uploads/2015/08/fotos1b.png HTTP/1.1" 301 362
84.78.20.200 - - [08/Oct/2015:03:07:17 -0500] "GET /wp-content/uploads/2015/08/fotos3b.png HTTP/1.1" 301 362
84.78.20.200 - - [08/Oct/2015:03:07:17 -0500] "GET /wp-content/uploads/2015/08/banner2.png HTTP/1.1" 301 362
84.78.20.200 - - [08/Oct/2015:03:07:17 -0500] "GET /wp-content/uploads/2015/07/UNO.png HTTP/1.1" 301 358
84.78.20.200 - - [08/Oct/2015:03:07:17 -0500] "GET /wp-content/uploads/2015/07/DOS.png HTTP/1.1" 301 358
84.78.20.200 - - [08/Oct/2015:03:07:17 -0500] "GET /wp-content/uploads/2015/07/CUARTO.png HTTP/1.1" 301 361
84.78.20.200 - - [08/Oct/2015:03:07:17 -0500] "GET /wp-content/uploads/2015/07/TERCER.png HTTP/1.1" 301 361
157.55.39.88 - - [08/Oct/2015:03:08:08 -0500] "GET /ecodirectorio/files/js/swfaddress.js HTTP/1.1" 200 15916
66.249.64.96 - - [08/Oct/2015:03:08:16 -0500] "GET /BLA/resoluciones/RESOLUCIONES%202009/0556.pdf HTTP/1.1" 200 713107
186.85.90.90 - - [08/Oct/2015:03:08:28 -0500] "POST /forms/lservlet;jsessionid=ac16012b30d69363b3c64843451f9b0ff4b0849af480.e3iSbxaKaheRe38Ka34Oa3eLbxf0n6jAmljGr5XDqQLvpAe HTTP/1.1" 200 2
74.86.158.107 - - [08/Oct/2015:03:09:04 -0500] "HEAD / HTTP/1.1" 200 -
66.249.64.106 - - [08/Oct/2015:03:09:53 -0500] "GET /BLA/resoluciones/AUTOS%202010/6715.pdf HTTP/1.1" 200 209866
207.46.13.145 - - [08/Oct/2015:03:10:25 -0500] "GET /ecodirectorio/files/js/swfobject.js HTTP/1.1" 200 10220
186.85.90.90 - - [08/Oct/2015:03:10:28 -0500] "POST /forms/lservlet;jsessionid=ac16012b30d69363b3c64843451f9b0ff4b0849af480.e3iSbxaKaheRe38Ka34Oa3eLbxf0n6jAmljGr5XDqQLvpAe HTTP/1.1" 200 2
66.249.64.101 - - [08/Oct/2015:03:12:25 -0500] "GET /BLA/resoluciones/RESOLUCIONES%202010/2572.pdf HTTP/1.1" 200 544739
186.85.90.90 - - [08/Oct/2015:03:12:31 -0500] "POST /forms/lservlet;jsessionid=ac16012b30d69363b3c64843451f9b0ff4b0849af480.e3iSbxaKaheRe38Ka34Oa3eLbxf0n6jAmljGr5XDqQLvpAe HTTP/1.1" 200 2
181.61.81.210 - - [08/Oct/2015:03:12:49 -0500] "GET /BLA/boletinlegal/js/jquery.scrollShow.js HTTP/1.1" 200 4586
181.61.81.210 - - [08/Oct/2015:03:12:49 -0500] "GET /galeria/galeria/jquery.fancybox.css?v=2.1.5 HTTP/1.1" 200 4895
181.61.81.210 - - [08/Oct/2015:03:12:49 -0500] "GET /galeria/carrusel/Carrusel/jquery.thumbnailScroller.css HTTP/1.1" 200 2066
181.61.81.210 - - [08/Oct/2015:03:12:49 -0500] "GET /galeria/carrusel/Carrusel/jquery-ui-1.8.13.custom.min.js HTTP/1.1" 200 10800
181.61.81.210 - - [08/Oct/2015:03:12:49 -0500] "GET /galeria/carrusel/Carrusel/jquery.thumbnailScroller.js HTTP/1.1" 200 8157
181.61.81.210 - - [08/Oct/2015:03:12:49 -0500] "GET /galeria/galeria/jquery.fancybox.js?v=2.1.5 HTTP/1.1" 200 48706
181.61.81.210 - - [08/Oct/2015:03:12:50 -0500] "GET /galeria/nivo-slider/demo/demo.html HTTP/1.1" 200 3949
181.61.81.210 - - [08/Oct/2015:03:12:50 -0500] "GET /galeria/nivo-slider/themes/orman/orman.css HTTP/1.1" 200 2152
181.61.81.210 - - [08/Oct/2015:03:12:50 -0500] "GET /galeria/nivo-slider/themes/default/default.css HTTP/1.1" 200 1569
181.61.81.210 - - [08/Oct/2015:03:12:50 -0500] "GET /galeria/nivo-slider/demo/style.css HTTP/1.1" 200 2222
181.61.81.210 - - [08/Oct/2015:03:12:50 -0500] "GET /galeria/nivo-slider/demo/scripts/jquery-1.7.1.min.js HTTP/1.1" 200 93868
181.61.81.210 - - [08/Oct/2015:03:12:50 -0500] "GET /galeria/nivo-slider/jquery.nivo.slider.pack.js HTTP/1.1" 200 11561
181.61.81.210 - - [08/Oct/2015:03:12:50 -0500] "GET /galeria/nivo-slider/themes/pascal/pascal.css HTTP/1.1" 200 2258
181.61.81.210 - - [08/Oct/2015:03:12:50 -0500] "GET /galeria/nivo-slider/nivo-slider.css HTTP/1.1" 200 1507
181.61.81.210 - - [08/Oct/2015:03:12:51 -0500] "GET /galeria/nivo-slider/demo/images/Arbol-banner2015.jpg HTTP/1.1" 200 227081
181.61.81.210 - - [08/Oct/2015:03:12:51 -0500] "GET /galeria/nivo-slider/demo/images/Banner-ahorro-de-agua.jpg HTTP/1.1" 200 149141
181.61.81.210 - - [08/Oct/2015:03:12:51 -0500] "GET /galeria/nivo-slider/demo/images/Banner-cursos.jpg HTTP/1.1" 200 207520
181.61.81.210 - - [08/Oct/2015:03:12:51 -0500] "GET /galeria/nivo-slider/demo/images/Cmapana-onestidad.jpg HTTP/1.1" 200 141638
181.61.81.210 - - [08/Oct/2015:03:12:52 -0500] "GET /galeria/nivo-slider/demo/images/simulacro-busqueda-rescate-urbano.jpg HTTP/1.1" 200 251375
181.61.81.210 - - [08/Oct/2015:03:12:53 -0500] "GET /galeria/nivo-slider/demo/images/Plan-Quinquenal.jpg HTTP/1.1" 200 412438
181.61.81.210 - - [08/Oct/2015:03:12:54 -0500] "GET /galeria/nivo-slider/demo/images/PREDAcamp.jpg HTTP/1.1" 200 295358
181.61.81.210 - - [08/Oct/2015:03:12:54 -0500] "GET /galeria/nivo-slider/demo/images/banner-llantas2.jpg HTTP/1.1" 200 204644
181.61.81.210 - - [08/Oct/2015:03:12:54 -0500] "GET /galeria/nivo-slider/demo/images/9Signos.jpg HTTP/1.1" 200 81776
181.61.81.210 - - [08/Oct/2015:03:12:54 -0500] "GET /galeria/nivo-slider/demo/images/Comparendo-ambiental-Banner.jpg HTTP/1.1" 200 83731
181.61.81.210 - - [08/Oct/2015:03:12:55 -0500] "GET /galeria/nivo-slider/demo/images/Ruta-vertimientos-01.jpg HTTP/1.1" 200 130151
181.61.81.210 - - [08/Oct/2015:03:12:55 -0500] "GET /galeria/nivo-slider/demo/images/bolsas-06.jpg HTTP/1.1" 200 90982
181.61.81.210 - - [08/Oct/2015:03:12:55 -0500] "GET /galeria/nivo-slider/demo/images/Conoce-los-humedales.jpg HTTP/1.1" 200 294036
181.61.81.210 - - [08/Oct/2015:03:12:55 -0500] "GET /galeria/nivo-slider/demo/images/ecolecta-Dic2014.png HTTP/1.1" 200 288593
181.61.81.210 - - [08/Oct/2015:03:12:56 -0500] "GET /galeria/nivo-slider/demo/images/4Simple_Slider.png HTTP/1.1" 200 11722
181.61.81.210 - - [08/Oct/2015:03:12:56 -0500] "GET /galeria/nivo-slider/themes/default/loading.gif HTTP/1.1" 200 1737
181.61.81.210 - - [08/Oct/2015:03:12:56 -0500] "GET /galeria/nivo-slider/themes/default/arrows.png HTTP/1.1" 200 824
181.61.81.210 - - [08/Oct/2015:03:12:56 -0500] "GET /galeria/nivo-slider/themes/default/bullets.png HTTP/1.1" 200 1281
74.86.158.107 - - [08/Oct/2015:03:14:04 -0500] "HEAD / HTTP/1.1" 200 -
181.61.81.210 - - [08/Oct/2015:03:14:06 -0500] "GET /BLA/boletinlegal/js/jquery.scrollShow.js HTTP/1.1" 304 -
181.61.81.210 - - [08/Oct/2015:03:14:06 -0500] "GET /galeria/galeria/jquery.fancybox.js?v=2.1.5 HTTP/1.1" 304 -
181.61.81.210 - - [08/Oct/2015:03:14:06 -0500] "GET /galeria/galeria/jquery.fancybox.css?v=2.1.5 HTTP/1.1" 304 -
66.249.64.101 - - [08/Oct/2015:03:14:29 -0500] "GET /BLA/resoluciones/AUTOS%202007/2570.pdf HTTP/1.1" 200 106153
186.85.90.90 - - [08/Oct/2015:03:14:31 -0500] "POST /forms/lservlet;jsessionid=ac16012b30d69363b3c64843451f9b0ff4b0849af480.e3iSbxaKaheRe38Ka34Oa3eLbxf0n6jAmljGr5XDqQLvpAe HTTP/1.1" 200 2
186.85.90.90 - - [08/Oct/2015:03:16:32 -0500] "POST /forms/lservlet;jsessionid=ac16012b30d69363b3c64843451f9b0ff4b0849af480.e3iSbxaKaheRe38Ka34Oa3eLbxf0n6jAmljGr5XDqQLvpAe HTTP/1.1" 200 2
66.249.64.96 - - [08/Oct/2015:03:16:33 -0500] "GET /BLA/resoluciones/AUTOS%202008/1002.pdf HTTP/1.1" 200 112894
66.249.64.106 - - [08/Oct/2015:03:17:23 -0500] "GET /BLA/resoluciones/AUTOS%202010/3527.pdf HTTP/1.1" 200 148264
220.181.108.185 - - [08/Oct/2015:03:18:27 -0500] "GET /BLA/resoluciones/RESOLUCIONES%202008/4263.pdf HTTP/1.1" 200 350090
186.85.90.90 - - [08/Oct/2015:03:18:32 -0500] "POST /forms/lservlet;jsessionid=ac16012b30d69363b3c64843451f9b0ff4b0849af480.e3iSbxaKaheRe38Ka34Oa3eLbxf0n6jAmljGr5XDqQLvpAe HTTP/1.1" 200 2
66.249.64.96 - - [08/Oct/2015:03:18:37 -0500] "GET /BLA/resoluciones/RESOLUCIONES%202014/1924.pdf HTTP/1.1" 304 -
74.86.158.107 - - [08/Oct/2015:03:19:04 -0500] "HEAD / HTTP/1.1" 200 -
157.55.39.79 - - [08/Oct/2015:03:20:14 -0500] "GET /robots.txt HTTP/1.1" 404 1018
180.76.15.138 - - [08/Oct/2015:03:20:20 -0500] "GET /BLA/boletinlegal/Directivas/2011/Directiva%20No.%206%20del%208%20de%20Septiembre%20de%202011.pdf HTTP/1.1" 200 996625
157.55.39.79 - - [08/Oct/2015:03:20:29 -0500] "GET /BLA/resoluciones/AUTOS%202014/3368.pdf HTTP/1.1" 200 799373
186.85.90.90 - - [08/Oct/2015:03:20:32 -0500] "POST /forms/lservlet;jsessionid=ac16012b30d69363b3c64843451f9b0ff4b0849af480.e3iSbxaKaheRe38Ka34Oa3eLbxf0n6jAmljGr5XDqQLvpAe HTTP/1.1" 200 2
66.249.64.101 - - [08/Oct/2015:03:20:41 -0500] "GET /BLA/resoluciones/RESOLUCIONES%202010/7686.pdf HTTP/1.1" 200 222731
201.234.75.11 - - [08/Oct/2015:03:21:19 -0500] "GET /galeria/galeria/fotos/Movilizacion14P.jpg HTTP/1.1" 304 -
186.85.90.90 - - [08/Oct/2015:03:22:32 -0500] "POST /forms/lservlet;jsessionid=ac16012b30d69363b3c64843451f9b0ff4b0849af480.e3iSbxaKaheRe38Ka34Oa3eLbxf0n6jAmljGr5XDqQLvpAe HTTP/1.1" 200 2
66.249.64.96 - - [08/Oct/2015:03:22:45 -0500] "GET /BLA/resoluciones/AUTOS%202010/0382.pdf HTTP/1.1" 200 184193
157.55.39.79 - - [08/Oct/2015:03:23:17 -0500] "GET /ecodirectorio/files/js/swfaddress.js HTTP/1.1" 200 15916
74.86.158.107 - - [08/Oct/2015:03:24:04 -0500] "HEAD / HTTP/1.1" 200 -
186.85.90.90 - - [08/Oct/2015:03:24:32 -0500] "POST /forms/lservlet;jsessionid=ac16012b30d69363b3c64843451f9b0ff4b0849af480.e3iSbxaKaheRe38Ka34Oa3eLbxf0n6jAmljGr5XDqQLvpAe HTTP/1.1" 200 2
66.249.64.106 - - [08/Oct/2015:03:24:49 -0500] "GET /BLA/resoluciones/RESOLUCIONES%202013/0626.pdf HTTP/1.1" 200 381459
186.145.234.93 - - [08/Oct/2015:03:26:31 -0500] "GET /galeria/galeria/jquery.fancybox.css?v=2.1.5 HTTP/1.1" 200 4895
186.145.234.93 - - [08/Oct/2015:03:26:31 -0500] "GET /BLA/boletinlegal/js/jquery.scrollShow.js HTTP/1.1" 200 4586
186.145.234.93 - - [08/Oct/2015:03:26:31 -0500] "GET /galeria/galeria/jquery.fancybox.js?v=2.1.5 HTTP/1.1" 200 48706
186.85.90.90 - - [08/Oct/2015:03:26:32 -0500] "POST /forms/lservlet;jsessionid=ac16012b30d69363b3c64843451f9b0ff4b0849af480.e3iSbxaKaheRe38Ka34Oa3eLbxf0n6jAmljGr5XDqQLvpAe HTTP/1.1" 200 2
157.55.39.199 - - [08/Oct/2015:03:26:36 -0500] "GET /ecodirectorio/files/js/swfobject.js HTTP/1.1" 200 10220
186.145.234.93 - - [08/Oct/2015:03:26:37 -0500] "GET /BLA/boletinlegal/js/jquery.scrollShow.js HTTP/1.1" 304 -
186.145.234.93 - - [08/Oct/2015:03:26:37 -0500] "GET /galeria/galeria/jquery.fancybox.js?v=2.1.5 HTTP/1.1" 304 -
186.145.234.93 - - [08/Oct/2015:03:26:37 -0500] "GET /galeria/galeria/jquery.fancybox.css?v=2.1.5 HTTP/1.1" 304 -
66.249.64.96 - - [08/Oct/2015:03:26:54 -0500] "GET /BLA/resoluciones/RESOLUCIONES%202009/7055.pdf HTTP/1.1" 200 372380
186.85.90.90 - - [08/Oct/2015:03:28:32 -0500] "POST /forms/lservlet;jsessionid=ac16012b30d69363b3c64843451f9b0ff4b0849af480.e3iSbxaKaheRe38Ka34Oa3eLbxf0n6jAmljGr5XDqQLvpAe HTTP/1.1" 200 2
74.86.158.107 - - [08/Oct/2015:03:29:05 -0500] "HEAD / HTTP/1.1" 200 -
66.249.64.243 - - [08/Oct/2015:03:30:27 -0500] "GET /ecodirectorio/files/res/downloads/download_0160.pdf HTTP/1.1" 200 259733
186.85.90.90 - - [08/Oct/2015:03:30:32 -0500] "POST /forms/lservlet;jsessionid=ac16012b30d69363b3c64843451f9b0ff4b0849af480.e3iSbxaKaheRe38Ka34Oa3eLbxf0n6jAmljGr5XDqQLvpAe HTTP/1.1" 200 2
66.249.64.101 - - [08/Oct/2015:03:31:02 -0500] "GET /BLA/resoluciones/RESOLUCIONES%202010/3645.pdf HTTP/1.1" 200 597342
180.76.15.140 - - [08/Oct/2015:03:32:02 -0500] "GET / HTTP/1.1" 200 10190
180.76.15.15 - - [08/Oct/2015:03:32:22 -0500] "GET / HTTP/1.1" 200 10190
186.85.90.90 - - [08/Oct/2015:03:32:32 -0500] "POST /forms/lservlet;jsessionid=ac16012b30d69363b3c64843451f9b0ff4b0849af480.e3iSbxaKaheRe38Ka34Oa3eLbxf0n6jAmljGr5XDqQLvpAe HTTP/1.1" 200 2
66.249.64.243 - - [08/Oct/2015:03:33:06 -0500] "GET /portalsiaccapacitaciones/Listas%20de%20Asistencia%202013/Lista%20de%20Asistencia%20Capacitaci%C3%B3n%20Residuos%20Especiales,%20Org%C3%A1nicos%2006-06-2013.pdf HTTP/1.1" 404 1019
74.86.158.107 - - [08/Oct/2015:03:34:04 -0500] "HEAD / HTTP/1.1" 200 -
186.85.90.90 - - [08/Oct/2015:03:34:32 -0500] "POST /forms/lservlet;jsessionid=ac16012b30d69363b3c64843451f9b0ff4b0849af480.e3iSbxaKaheRe38Ka34Oa3eLbxf0n6jAmljGr5XDqQLvpAe HTTP/1.1" 200 2
66.249.64.243 - - [08/Oct/2015:03:35:10 -0500] "GET /portalsiaccapacitaciones/Listas%20de%20Asistencia%202013/Lista%20Asistencia%20Capacitacion%20Residuos%20Peligrosos%2030-04-2013.pdf HTTP/1.1" 404 1019
180.76.15.145 - - [08/Oct/2015:03:35:20 -0500] "GET /SIG/Control%20Disciplinario/plantilla%20para%20Procedimientos%20-%20segunda%20instancia%20version%20050.pdf HTTP/1.1" 200 855222
186.85.90.90 - - [08/Oct/2015:03:36:32 -0500] "POST /forms/lservlet;jsessionid=ac16012b30d69363b3c64843451f9b0ff4b0849af480.e3iSbxaKaheRe38Ka34Oa3eLbxf0n6jAmljGr5XDqQLvpAe HTTP/1.1" 200 2
66.249.64.106 - - [08/Oct/2015:03:37:14 -0500] "GET /BLA/resoluciones/RESOLUCIONES%202014/0756.pdf HTTP/1.1" 200 575073
66.249.64.96 - - [08/Oct/2015:03:37:31 -0500] "GET /BLA/boletinlegal/js/jquery.scrollShow.js HTTP/1.1" 200 4586
66.249.64.96 - - [08/Oct/2015:03:37:32 -0500] "GET /galeria/galeria/jquery.fancybox.css?v=2.1.5 HTTP/1.1" 200 4895
66.249.64.96 - - [08/Oct/2015:03:37:33 -0500] "GET /galeria/galeria/jquery.fancybox.js?v=2.1.5 HTTP/1.1" 200 48706
186.85.90.90 - - [08/Oct/2015:03:38:32 -0500] "POST /forms/lservlet;jsessionid=ac16012b30d69363b3c64843451f9b0ff4b0849af480.e3iSbxaKaheRe38Ka34Oa3eLbxf0n6jAmljGr5XDqQLvpAe HTTP/1.1" 200 2
74.86.158.107 - - [08/Oct/2015:03:39:04 -0500] "HEAD / HTTP/1.1" 200 -
66.249.64.101 - - [08/Oct/2015:03:39:18 -0500] "GET /BLA/resoluciones/AUTOS%202011/2924.pdf HTTP/1.1" 304 -
186.85.90.90 - - [08/Oct/2015:03:40:32 -0500] "POST /forms/lservlet;jsessionid=ac16012b30d69363b3c64843451f9b0ff4b0849af480.e3iSbxaKaheRe38Ka34Oa3eLbxf0n6jAmljGr5XDqQLvpAe HTTP/1.1" 200 2
66.249.64.96 - - [08/Oct/2015:03:41:22 -0500] "GET /BLA/resoluciones/RESOLUCIONES%202014/2495.pdf HTTP/1.1" 200 3094773
66.249.64.253 - - [08/Oct/2015:03:41:37 -0500] "GET /ecodirectorio/files/res/pages/page_0108.swf HTTP/1.1" 200 233372
186.85.90.90 - - [08/Oct/2015:03:42:33 -0500] "POST /forms/lservlet;jsessionid=ac16012b30d69363b3c64843451f9b0ff4b0849af480.e3iSbxaKaheRe38Ka34Oa3eLbxf0n6jAmljGr5XDqQLvpAe HTTP/1.1" 200 2
66.249.64.96 - - [08/Oct/2015:03:43:27 -0500] "GET /BLA/resoluciones/AUTOS%202011/3723.pdf HTTP/1.1" 200 240401
74.86.158.107 - - [08/Oct/2015:03:44:04 -0500] "HEAD / HTTP/1.1" 200 -
186.85.90.90 - - [08/Oct/2015:03:44:33 -0500] "POST /forms/lservlet;jsessionid=ac16012b30d69363b3c64843451f9b0ff4b0849af480.e3iSbxaKaheRe38Ka34Oa3eLbxf0n6jAmljGr5XDqQLvpAe HTTP/1.1" 200 2
66.249.64.96 - - [08/Oct/2015:03:45:31 -0500] "GET /BLA/resoluciones/AUTOS%202011/2176.pdf HTTP/1.1" 304 -
186.85.90.90 - - [08/Oct/2015:03:46:33 -0500] "POST /forms/lservlet;jsessionid=ac16012b30d69363b3c64843451f9b0ff4b0849af480.e3iSbxaKaheRe38Ka34Oa3eLbxf0n6jAmljGr5XDqQLvpAe HTTP/1.1" 200 2
66.249.64.101 - - [08/Oct/2015:03:47:22 -0500] "GET /BLA/resoluciones/RESOLUCIONES%202014/1608.pdf HTTP/1.1" 200 571472
66.249.64.106 - - [08/Oct/2015:03:47:35 -0500] "GET /BLA/resoluciones/AUTOS%202013/0995.pdf HTTP/1.1" 304 -
186.85.90.90 - - [08/Oct/2015:03:48:33 -0500] "POST /forms/lservlet;jsessionid=ac16012b30d69363b3c64843451f9b0ff4b0849af480.e3iSbxaKaheRe38Ka34Oa3eLbxf0n6jAmljGr5XDqQLvpAe HTTP/1.1" 200 2
74.86.158.107 - - [08/Oct/2015:03:49:04 -0500] "HEAD / HTTP/1.1" 200 -
66.249.64.96 - - [08/Oct/2015:03:49:39 -0500] "GET /BLA/resoluciones/RESOLUCIONES%202009/0900.pdf HTTP/1.1" 304 -
180.76.15.151 - - [08/Oct/2015:03:50:20 -0500] "GET /BLA/boletinlegal/Circulares/2011/Circular%20No.%207%20del%2023%20de%20Diciembre%20de%202011.pdf HTTP/1.1" 200 1107785
186.85.90.90 - - [08/Oct/2015:03:50:33 -0500] "POST /forms/lservlet;jsessionid=ac16012b30d69363b3c64843451f9b0ff4b0849af480.e3iSbxaKaheRe38Ka34Oa3eLbxf0n6jAmljGr5XDqQLvpAe HTTP/1.1" 200 2
66.249.64.106 - - [08/Oct/2015:03:51:00 -0500] "GET /BLA/resoluciones/RESOLUCIONES%202009/0189.pdf HTTP/1.1" 200 256849
66.249.64.96 - - [08/Oct/2015:03:51:43 -0500] "GET /BLA/resoluciones/RESOLUCIONES%202012/0384.pdf HTTP/1.1" 200 321065
123.125.71.36 - - [08/Oct/2015:03:51:47 -0500] "GET /BLA/resoluciones/RESOLUCIONES%202008/2993.pdf HTTP/1.1" 200 338020
186.85.90.90 - - [08/Oct/2015:03:52:33 -0500] "POST /forms/lservlet;jsessionid=ac16012b30d69363b3c64843451f9b0ff4b0849af480.e3iSbxaKaheRe38Ka34Oa3eLbxf0n6jAmljGr5XDqQLvpAe HTTP/1.1" 200 2
50.87.228.246 - - [08/Oct/2015:03:52:47 -0500] "POST /wp-login.php HTTP/1.1" 301 332
66.249.64.101 - - [08/Oct/2015:03:53:47 -0500] "GET /BLA/resoluciones/RESOLUCIONES%202011/4431.pdf HTTP/1.1" 200 234645
74.86.158.107 - - [08/Oct/2015:03:54:04 -0500] "HEAD / HTTP/1.1" 200 -
186.85.90.90 - - [08/Oct/2015:03:54:34 -0500] "POST /forms/lservlet;jsessionid=ac16012b30d69363b3c64843451f9b0ff4b0849af480.e3iSbxaKaheRe38Ka34Oa3eLbxf0n6jAmljGr5XDqQLvpAe HTTP/1.1" 200 2
66.249.64.96 - - [08/Oct/2015:03:54:57 -0500] "GET /BLA/resoluciones/RESOLUCIONES%202007/RES%202007%202401%20AL%202500/RESOLUCION%202492%20%20DE%202007.pdf HTTP/1.1" 200 849826
66.249.64.106 - - [08/Oct/2015:03:55:51 -0500] "GET /BLA/resoluciones/RESOLUCIONES%202008/4269.pdf HTTP/1.1" 200 350775
87.223.26.188 - - [08/Oct/2015:03:56:25 -0500] "GET /galeria/galeria/jquery.fancybox.js?v=2.1.5 HTTP/1.1" 200 48706
87.223.26.188 - - [08/Oct/2015:03:56:25 -0500] "GET /BLA/boletinlegal/js/jquery.scrollShow.js HTTP/1.1" 200 4586
87.223.26.188 - - [08/Oct/2015:03:56:25 -0500] "GET /galeria/galeria/jquery.fancybox.css?v=2.1.5 HTTP/1.1" 200 4895
87.223.26.188 - - [08/Oct/2015:03:56:25 -0500] "GET /galeria/carrusel/Carrusel/jquery.thumbnailScroller.css HTTP/1.1" 200 2066
87.223.26.188 - - [08/Oct/2015:03:56:26 -0500] "GET /galeria/carrusel/Carrusel/jquery-ui-1.8.13.custom.min.js HTTP/1.1" 200 10800
87.223.26.188 - - [08/Oct/2015:03:56:26 -0500] "GET /galeria/carrusel/Carrusel/jquery.thumbnailScroller.js HTTP/1.1" 200 8157
186.85.90.90 - - [08/Oct/2015:03:56:34 -0500] "POST /forms/lservlet;jsessionid=ac16012b30d69363b3c64843451f9b0ff4b0849af480.e3iSbxaKaheRe38Ka34Oa3eLbxf0n6jAmljGr5XDqQLvpAe HTTP/1.1" 200 2
87.223.26.188 - - [08/Oct/2015:03:56:35 -0500] "GET /galeria/nivo-slider/demo/demo.html HTTP/1.1" 200 3949
87.223.26.188 - - [08/Oct/2015:03:56:37 -0500] "GET /galeria/nivo-slider/themes/default/default.css HTTP/1.1" 200 1569
87.223.26.188 - - [08/Oct/2015:03:56:37 -0500] "GET /galeria/nivo-slider/themes/pascal/pascal.css HTTP/1.1" 200 2258
87.223.26.188 - - [08/Oct/2015:03:56:37 -0500] "GET /galeria/nivo-slider/themes/orman/orman.css HTTP/1.1" 200 2152
87.223.26.188 - - [08/Oct/2015:03:56:37 -0500] "GET /galeria/nivo-slider/nivo-slider.css HTTP/1.1" 200 1507
87.223.26.188 - - [08/Oct/2015:03:56:37 -0500] "GET /galeria/nivo-slider/demo/style.css HTTP/1.1" 200 2222
87.223.26.188 - - [08/Oct/2015:03:56:38 -0500] "GET /galeria/nivo-slider/demo/images/Arbol-banner2015.jpg HTTP/1.1" 200 227081
87.223.26.188 - - [08/Oct/2015:03:56:38 -0500] "GET /galeria/nivo-slider/demo/images/Banner-ahorro-de-agua.jpg HTTP/1.1" 200 149141
87.223.26.188 - - [08/Oct/2015:03:56:38 -0500] "GET /galeria/nivo-slider/demo/images/Banner-cursos.jpg HTTP/1.1" 200 207520
87.223.26.188 - - [08/Oct/2015:03:56:38 -0500] "GET /galeria/nivo-slider/demo/images/Cmapana-onestidad.jpg HTTP/1.1" 200 141638
87.223.26.188 - - [08/Oct/2015:03:56:38 -0500] "GET /galeria/nivo-slider/demo/images/simulacro-busqueda-rescate-urbano.jpg HTTP/1.1" 200 251375
87.223.26.188 - - [08/Oct/2015:03:56:38 -0500] "GET /galeria/nivo-slider/demo/images/Plan-Quinquenal.jpg HTTP/1.1" 200 412438
87.223.26.188 - - [08/Oct/2015:03:56:39 -0500] "GET /galeria/nivo-slider/demo/images/PREDAcamp.jpg HTTP/1.1" 200 295358
87.223.26.188 - - [08/Oct/2015:03:56:40 -0500] "GET /galeria/nivo-slider/demo/images/banner-llantas2.jpg HTTP/1.1" 200 204644
87.223.26.188 - - [08/Oct/2015:03:56:40 -0500] "GET /galeria/nivo-slider/demo/images/9Signos.jpg HTTP/1.1" 200 81776
87.223.26.188 - - [08/Oct/2015:03:56:40 -0500] "GET /galeria/nivo-slider/demo/images/Comparendo-ambiental-Banner.jpg HTTP/1.1" 200 83731
87.223.26.188 - - [08/Oct/2015:03:56:40 -0500] "GET /galeria/nivo-slider/demo/images/Ruta-vertimientos-01.jpg HTTP/1.1" 200 130151
87.223.26.188 - - [08/Oct/2015:03:56:41 -0500] "GET /galeria/nivo-slider/demo/images/bolsas-06.jpg HTTP/1.1" 200 90982
87.223.26.188 - - [08/Oct/2015:03:56:41 -0500] "GET /galeria/nivo-slider/demo/images/Conoce-los-humedales.jpg HTTP/1.1" 200 294036
87.223.26.188 - - [08/Oct/2015:03:56:41 -0500] "GET /galeria/nivo-slider/demo/images/ecolecta-Dic2014.png HTTP/1.1" 200 288593
87.223.26.188 - - [08/Oct/2015:03:56:41 -0500] "GET /galeria/nivo-slider/demo/scripts/jquery-1.7.1.min.js HTTP/1.1" 200 93868
87.223.26.188 - - [08/Oct/2015:03:56:42 -0500] "GET /galeria/nivo-slider/jquery.nivo.slider.pack.js HTTP/1.1" 200 11561
87.223.26.188 - - [08/Oct/2015:03:56:43 -0500] "GET /galeria/nivo-slider/demo/images/4Simple_Slider.png HTTP/1.1" 200 11722
87.223.26.188 - - [08/Oct/2015:03:56:43 -0500] "GET /galeria/nivo-slider/themes/default/loading.gif HTTP/1.1" 200 1737
87.223.26.188 - - [08/Oct/2015:03:56:46 -0500] "GET /galeria/nivo-slider/themes/default/arrows.png HTTP/1.1" 200 824
87.223.26.188 - - [08/Oct/2015:03:56:46 -0500] "GET /galeria/nivo-slider/themes/default/bullets.png HTTP/1.1" 200 1281
74.86.158.107 - - [08/Oct/2015:03:57:20 -0500] "HEAD / HTTP/1.1" 200 -
188.165.15.160 - - [08/Oct/2015:03:57:31 -0500] "GET /consejo-consultivo-mayor/ HTTP/1.1" 301 349
66.249.64.101 - - [08/Oct/2015:03:57:56 -0500] "GET /BLA/resoluciones/AUTOS%202011/1277.pdf HTTP/1.1" 200 222402
180.76.15.135 - - [08/Oct/2015:03:58:08 -0500] "GET /StormSDA/nsjars/?C=M;O=D HTTP/1.1" 200 5598
186.85.90.90 - - [08/Oct/2015:03:58:34 -0500] "POST /forms/lservlet;jsessionid=ac16012b30d69363b3c64843451f9b0ff4b0849af480.e3iSbxaKaheRe38Ka34Oa3eLbxf0n6jAmljGr5XDqQLvpAe HTTP/1.1" 200 2
66.249.64.101 - - [08/Oct/2015:04:00:00 -0500] "GET /BLA/resoluciones/AUTOS%202013/2506.pdf HTTP/1.1" 304 -
186.85.90.90 - - [08/Oct/2015:04:00:34 -0500] "POST /forms/lservlet;jsessionid=ac16012b30d69363b3c64843451f9b0ff4b0849af480.e3iSbxaKaheRe38Ka34Oa3eLbxf0n6jAmljGr5XDqQLvpAe HTTP/1.1" 200 2
46.4.39.9 - - [08/Oct/2015:04:00:45 -0500] "GET / HTTP/1.1" 200 10190
46.4.39.9 - - [08/Oct/2015:04:00:46 -0500] "GET / HTTP/1.1" 200 10190
74.86.158.107 - - [08/Oct/2015:04:02:20 -0500] "HEAD / HTTP/1.1" 200 -
186.85.90.90 - - [08/Oct/2015:04:02:34 -0500] "POST /forms/lservlet;jsessionid=ac16012b30d69363b3c64843451f9b0ff4b0849af480.e3iSbxaKaheRe38Ka34Oa3eLbxf0n6jAmljGr5XDqQLvpAe HTTP/1.1" 200 2
66.249.93.140 - - [08/Oct/2015:04:03:02 -0500] "GET / HTTP/1.1" 200 10190
66.249.93.140 - - [08/Oct/2015:04:03:02 -0500] "GET /favicon.ico HTTP/1.1" 200 7782
190.242.74.163 - - [08/Oct/2015:04:03:25 -0500] "GET /BLA/boletinlegal/js/jquery.scrollShow.js HTTP/1.1" 200 4586
190.242.74.163 - - [08/Oct/2015:04:03:25 -0500] "GET /galeria/galeria/jquery.fancybox.js?v=2.1.5 HTTP/1.1" 200 48706
190.242.74.163 - - [08/Oct/2015:04:03:26 -0500] "GET /galeria/galeria/jquery.fancybox.css?v=2.1.5 HTTP/1.1" 200 4895
5.39.94.63 - - [08/Oct/2015:04:03:47 -0500] "GET / HTTP/1.1" 200 10190
5.39.94.63 - - [08/Oct/2015:04:03:48 -0500] "GET / HTTP/1.1" 200 10190
66.249.64.243 - - [08/Oct/2015:04:04:08 -0500] "GET /Anexos%20estudio%20Organizacional%20SDA/ANEXO%20No.%203-%20CONTRATACI%C3%93N%20%20OPS%C2%B4s%202008-2012/CONTRATOS%20SDA%202010%20POR%20DEPENDENCIA%20(1).xls HTTP/1.1" 304 -
186.85.90.90 - - [08/Oct/2015:04:04:34 -0500] "POST /forms/lservlet;jsessionid=ac16012b30d69363b3c64843451f9b0ff4b0849af480.e3iSbxaKaheRe38Ka34Oa3eLbxf0n6jAmljGr5XDqQLvpAe HTTP/1.1" 200 2
66.102.9.71 - - [08/Oct/2015:04:04:38 -0500] "GET / HTTP/1.1" 200 10190
66.102.9.60 - - [08/Oct/2015:04:04:39 -0500] "GET /favicon.ico HTTP/1.1" 200 7782
74.86.158.107 - - [08/Oct/2015:04:06:00 -0500] "HEAD / HTTP/1.1" 200 -
66.249.64.101 - - [08/Oct/2015:04:06:12 -0500] "GET /BLA/resoluciones/AUTOS%202010/4562.pdf HTTP/1.1" 200 366456
186.85.90.90 - - [08/Oct/2015:04:06:34 -0500] "POST /forms/lservlet;jsessionid=ac16012b30d69363b3c64843451f9b0ff4b0849af480.e3iSbxaKaheRe38Ka34Oa3eLbxf0n6jAmljGr5XDqQLvpAe HTTP/1.1" 200 2
186.85.90.90 - - [08/Oct/2015:04:08:34 -0500] "POST /forms/lservlet;jsessionid=ac16012b30d69363b3c64843451f9b0ff4b0849af480.e3iSbxaKaheRe38Ka34Oa3eLbxf0n6jAmljGr5XDqQLvpAe HTTP/1.1" 200 2
66.249.64.96 - - [08/Oct/2015:04:09:52 -0500] "GET /BLA/resoluciones/AUTOS%202011/5353.pdf HTTP/1.1" 200 365340
66.249.64.96 - - [08/Oct/2015:04:10:20 -0500] "GET /sig/MAPAS%20DE%20RIESGO%20Y%20PLAN%20DE%20MANEJO/Evaluacion%20Control%20y%20Seguimiento_126PM04/ HTTP/1.1" 404 1018
186.85.90.90 - - [08/Oct/2015:04:10:34 -0500] "POST /forms/lservlet;jsessionid=ac16012b30d69363b3c64843451f9b0ff4b0849af480.e3iSbxaKaheRe38Ka34Oa3eLbxf0n6jAmljGr5XDqQLvpAe HTTP/1.1" 200 2
201.234.75.11 - - [08/Oct/2015:04:11:55 -0500] "GET /StormSDA/stormWeb/presentacion.html HTTP/1.1" 304 -
66.249.64.96 - - [08/Oct/2015:04:12:24 -0500] "GET /resoluciones/RESOLUCIONES%202007/RES%202007%203301%20AL%203400/RESOLUCION%203347%20DE%202007.pdf HTTP/1.1" 404 1018
186.85.90.90 - - [08/Oct/2015:04:12:43 -0500] "POST /forms/lservlet;jsessionid=ac16012b30d69363b3c64843451f9b0ff4b0849af480.e3iSbxaKaheRe38Ka34Oa3eLbxf0n6jAmljGr5XDqQLvpAe HTTP/1.1" 200 2
207.46.13.119 - - [08/Oct/2015:04:12:53 -0500] "GET /php/reqpot.php HTTP/1.1" 404 1018
66.249.64.96 - - [08/Oct/2015:04:14:29 -0500] "GET /BLA/resoluciones/RESOLUCIONES%202010/7246.pdf HTTP/1.1" 200 43841
186.85.90.90 - - [08/Oct/2015:04:14:43 -0500] "POST /forms/lservlet;jsessionid=ac16012b30d69363b3c64843451f9b0ff4b0849af480.e3iSbxaKaheRe38Ka34Oa3eLbxf0n6jAmljGr5XDqQLvpAe HTTP/1.1" 200 2
74.86.158.107 - - [08/Oct/2015:04:15:19 -0500] "HEAD / HTTP/1.1" 200 -
66.249.64.106 - - [08/Oct/2015:04:16:33 -0500] "GET /BLA/resoluciones/AUTOS%202013/3115.pdf HTTP/1.1" 200 346483
186.85.90.90 - - [08/Oct/2015:04:16:43 -0500] "POST /forms/lservlet;jsessionid=ac16012b30d69363b3c64843451f9b0ff4b0849af480.e3iSbxaKaheRe38Ka34Oa3eLbxf0n6jAmljGr5XDqQLvpAe HTTP/1.1" 200 2
191.102.114.25 - - [08/Oct/2015:04:16:49 -0500] "GET /BLA/resoluciones/RESOLUCIONES%202012/1467.pdf HTTP/1.1" 200 1051256
191.102.114.25 - - [08/Oct/2015:04:16:49 -0500] "GET /favicon.ico HTTP/1.1" 200 7782
191.102.114.25 - - [08/Oct/2015:04:16:49 -0500] "GET /BLA/resoluciones/RESOLUCIONES%202012/1467.pdf HTTP/1.1" 206 32768
191.102.114.25 - - [08/Oct/2015:04:16:49 -0500] "GET /BLA/resoluciones/RESOLUCIONES%202012/1467.pdf HTTP/1.1" 206 1018488
66.249.64.106 - - [08/Oct/2015:04:17:22 -0500] "GET /BLA/resoluciones/RESOLUCIONES%202012/0031.pdf HTTP/1.1" 200 614250
66.249.64.101 - - [08/Oct/2015:04:18:21 -0500] "GET /galeria/bibloteca/mycontentflow.css HTTP/1.1" 200 3110
66.249.64.106 - - [08/Oct/2015:04:18:23 -0500] "GET /galeria/bibloteca/ContentFlowAddOn_white.css HTTP/1.1" 200 3355
66.249.64.101 - - [08/Oct/2015:04:18:37 -0500] "GET /BLA/resoluciones/RESOLUCIONES%202011/3061.pdf HTTP/1.1" 200 749702
186.85.90.90 - - [08/Oct/2015:04:18:43 -0500] "POST /forms/lservlet;jsessionid=ac16012b30d69363b3c64843451f9b0ff4b0849af480.e3iSbxaKaheRe38Ka34Oa3eLbxf0n6jAmljGr5XDqQLvpAe HTTP/1.1" 200 2
74.86.158.107 - - [08/Oct/2015:04:19:11 -0500] "HEAD / HTTP/1.1" 200 -
66.249.64.106 - - [08/Oct/2015:04:20:41 -0500] "GET /BLA/resoluciones/RESOLUCIONES%202010/2297.pdf HTTP/1.1" 200 570535
186.85.90.90 - - [08/Oct/2015:04:20:43 -0500] "POST /forms/lservlet;jsessionid=ac16012b30d69363b3c64843451f9b0ff4b0849af480.e3iSbxaKaheRe38Ka34Oa3eLbxf0n6jAmljGr5XDqQLvpAe HTTP/1.1" 200 2
201.234.75.11 - - [08/Oct/2015:04:21:20 -0500] "GET /galeria/nivo-slider/demo/images/coplima.jpg HTTP/1.1" 304 -
186.85.90.90 - - [08/Oct/2015:04:22:43 -0500] "POST /forms/lservlet;jsessionid=ac16012b30d69363b3c64843451f9b0ff4b0849af480.e3iSbxaKaheRe38Ka34Oa3eLbxf0n6jAmljGr5XDqQLvpAe HTTP/1.1" 200 2
66.249.64.101 - - [08/Oct/2015:04:22:45 -0500] "GET /BLA/resoluciones/AUTOS%202007/0241.pdf HTTP/1.1" 200 17715
186.28.47.78 - - [08/Oct/2015:04:23:53 -0500] "GET /galeria/carrusel/Carrusel/jquery.thumbnailScroller.css HTTP/1.1" 200 2066
186.28.47.78 - - [08/Oct/2015:04:23:53 -0500] "GET /galeria/galeria/jquery.fancybox.css?v=2.1.5 HTTP/1.1" 200 4895
186.28.47.78 - - [08/Oct/2015:04:23:53 -0500] "GET /galeria/carrusel/Carrusel/jquery-ui-1.8.13.custom.min.js HTTP/1.1" 200 10800
186.28.47.78 - - [08/Oct/2015:04:23:53 -0500] "GET /galeria/carrusel/Carrusel/jquery.thumbnailScroller.js HTTP/1.1" 200 8157
186.28.47.78 - - [08/Oct/2015:04:23:53 -0500] "GET /BLA/boletinlegal/js/jquery.scrollShow.js HTTP/1.1" 200 4586
186.28.47.78 - - [08/Oct/2015:04:23:53 -0500] "GET /galeria/galeria/jquery.fancybox.js?v=2.1.5 HTTP/1.1" 200 48706
186.28.47.78 - - [08/Oct/2015:04:23:54 -0500] "GET /galeria/nivo-slider/demo/demo.html HTTP/1.1" 200 3949
186.28.47.78 - - [08/Oct/2015:04:23:54 -0500] "GET /galeria/nivo-slider/nivo-slider.css HTTP/1.1" 200 1507
186.28.47.78 - - [08/Oct/2015:04:23:54 -0500] "GET /galeria/nivo-slider/themes/pascal/pascal.css HTTP/1.1" 200 2258
186.28.47.78 - - [08/Oct/2015:04:23:54 -0500] "GET /galeria/nivo-slider/demo/style.css HTTP/1.1" 200 2222
186.28.47.78 - - [08/Oct/2015:04:23:54 -0500] "GET /galeria/nivo-slider/themes/default/default.css HTTP/1.1" 200 1569
186.28.47.78 - - [08/Oct/2015:04:23:54 -0500] "GET /galeria/nivo-slider/themes/orman/orman.css HTTP/1.1" 200 2152
186.28.47.78 - - [08/Oct/2015:04:23:54 -0500] "GET /galeria/nivo-slider/demo/images/Arbol-banner2015.jpg HTTP/1.1" 200 227081
186.28.47.78 - - [08/Oct/2015:04:23:54 -0500] "GET /galeria/nivo-slider/jquery.nivo.slider.pack.js HTTP/1.1" 200 11561
186.28.47.78 - - [08/Oct/2015:04:23:54 -0500] "GET /galeria/nivo-slider/demo/scripts/jquery-1.7.1.min.js HTTP/1.1" 200 93868
186.28.47.78 - - [08/Oct/2015:04:23:54 -0500] "GET /galeria/nivo-slider/demo/images/Banner-ahorro-de-agua.jpg HTTP/1.1" 200 149141
186.28.47.78 - - [08/Oct/2015:04:23:54 -0500] "GET /galeria/nivo-slider/demo/images/Cmapana-onestidad.jpg HTTP/1.1" 200 141638
186.28.47.78 - - [08/Oct/2015:04:23:54 -0500] "GET /galeria/nivo-slider/demo/images/Banner-cursos.jpg HTTP/1.1" 200 207520
186.28.47.78 - - [08/Oct/2015:04:23:54 -0500] "GET /galeria/nivo-slider/demo/images/simulacro-busqueda-rescate-urbano.jpg HTTP/1.1" 200 251375
186.28.47.78 - - [08/Oct/2015:04:23:54 -0500] "GET /galeria/nivo-slider/demo/images/Plan-Quinquenal.jpg HTTP/1.1" 200 412438
186.28.47.78 - - [08/Oct/2015:04:23:55 -0500] "GET /galeria/nivo-slider/demo/images/PREDAcamp.jpg HTTP/1.1" 200 295358
186.28.47.78 - - [08/Oct/2015:04:23:55 -0500] "GET /galeria/nivo-slider/demo/images/9Signos.jpg HTTP/1.1" 200 81776
186.28.47.78 - - [08/Oct/2015:04:23:55 -0500] "GET /galeria/nivo-slider/demo/images/banner-llantas2.jpg HTTP/1.1" 200 204644
186.28.47.78 - - [08/Oct/2015:04:23:55 -0500] "GET /galeria/nivo-slider/demo/images/Comparendo-ambiental-Banner.jpg HTTP/1.1" 200 83731
186.28.47.78 - - [08/Oct/2015:04:23:55 -0500] "GET /galeria/nivo-slider/demo/images/Ruta-vertimientos-01.jpg HTTP/1.1" 200 130151
186.28.47.78 - - [08/Oct/2015:04:23:55 -0500] "GET /galeria/nivo-slider/demo/images/bolsas-06.jpg HTTP/1.1" 200 90982
186.28.47.78 - - [08/Oct/2015:04:23:56 -0500] "GET /galeria/nivo-slider/demo/images/Conoce-los-humedales.jpg HTTP/1.1" 200 294036
186.28.47.78 - - [08/Oct/2015:04:23:56 -0500] "GET /galeria/nivo-slider/demo/images/ecolecta-Dic2014.png HTTP/1.1" 200 288593
186.28.47.78 - - [08/Oct/2015:04:23:56 -0500] "GET /galeria/nivo-slider/demo/images/4Simple_Slider.png HTTP/1.1" 200 11722
186.28.47.78 - - [08/Oct/2015:04:23:56 -0500] "GET /galeria/nivo-slider/themes/default/loading.gif HTTP/1.1" 200 1737
186.28.47.78 - - [08/Oct/2015:04:23:57 -0500] "GET /galeria/nivo-slider/themes/default/arrows.png HTTP/1.1" 200 824
186.28.47.78 - - [08/Oct/2015:04:23:57 -0500] "GET /galeria/nivo-slider/themes/default/bullets.png HTTP/1.1" 200 1281
181.129.120.23 - - [08/Oct/2015:04:24:27 -0500] "GET /galeria/galeria/jquery.fancybox.css?v=2.1.5 HTTP/1.1" 200 4895
181.129.120.23 - - [08/Oct/2015:04:24:28 -0500] "GET /galeria/carrusel/Carrusel/jquery.thumbnailScroller.css HTTP/1.1" 200 2066
181.129.120.23 - - [08/Oct/2015:04:24:28 -0500] "GET /BLA/boletinlegal/js/jquery.scrollShow.js HTTP/1.1" 200 4586
181.129.120.23 - - [08/Oct/2015:04:24:28 -0500] "GET /galeria/galeria/jquery.fancybox.js?v=2.1.5 HTTP/1.1" 200 48706
181.129.120.23 - - [08/Oct/2015:04:24:28 -0500] "GET /galeria/carrusel/Carrusel/jquery-ui-1.8.13.custom.min.js HTTP/1.1" 200 10800
181.129.120.23 - - [08/Oct/2015:04:24:28 -0500] "GET /galeria/carrusel/Carrusel/jquery.thumbnailScroller.js HTTP/1.1" 200 8157
186.85.90.90 - - [08/Oct/2015:04:24:44 -0500] "POST /forms/lservlet;jsessionid=ac16012b30d69363b3c64843451f9b0ff4b0849af480.e3iSbxaKaheRe38Ka34Oa3eLbxf0n6jAmljGr5XDqQLvpAe HTTP/1.1" 200 2
66.249.64.96 - - [08/Oct/2015:04:24:49 -0500] "GET /BLA/resoluciones/RESOLUCIONES%202007/RES%202007%20701%20AL%20800/RESOLUCION%200791%20DE%202007.pdf HTTP/1.1" 200 306286
181.129.120.23 - - [08/Oct/2015:04:24:51 -0500] "GET /galeria/nivo-slider/demo/demo.html HTTP/1.1" 200 3949
66.249.64.106 - - [08/Oct/2015:04:24:56 -0500] "GET /BLA/resoluciones/RESOLUCIONES%202009/0606.pdf HTTP/1.1" 200 306191
181.129.120.23 - - [08/Oct/2015:04:25:02 -0500] "GET /galeria/nivo-slider/themes/default/default.css HTTP/1.1" 200 1569
181.129.120.23 - - [08/Oct/2015:04:25:02 -0500] "GET /galeria/nivo-slider/themes/pascal/pascal.css HTTP/1.1" 200 2258
181.129.120.23 - - [08/Oct/2015:04:25:02 -0500] "GET /galeria/nivo-slider/nivo-slider.css HTTP/1.1" 200 1507
181.129.120.23 - - [08/Oct/2015:04:25:02 -0500] "GET /galeria/nivo-slider/themes/orman/orman.css HTTP/1.1" 200 2152
181.129.120.23 - - [08/Oct/2015:04:25:02 -0500] "GET /galeria/nivo-slider/demo/style.css HTTP/1.1" 200 2222
181.129.120.23 - - [08/Oct/2015:04:25:02 -0500] "GET /galeria/nivo-slider/demo/images/Arbol-banner2015.jpg HTTP/1.1" 200 227081
181.129.120.23 - - [08/Oct/2015:04:25:02 -0500] "GET /galeria/nivo-slider/demo/images/Banner-ahorro-de-agua.jpg HTTP/1.1" 200 149141
181.129.120.23 - - [08/Oct/2015:04:25:02 -0500] "GET /galeria/nivo-slider/demo/images/Banner-cursos.jpg HTTP/1.1" 200 207520
181.129.120.23 - - [08/Oct/2015:04:25:02 -0500] "GET /galeria/nivo-slider/demo/images/simulacro-busqueda-rescate-urbano.jpg HTTP/1.1" 200 251375
181.129.120.23 - - [08/Oct/2015:04:25:02 -0500] "GET /galeria/nivo-slider/demo/images/Plan-Quinquenal.jpg HTTP/1.1" 200 412438
181.129.120.23 - - [08/Oct/2015:04:25:02 -0500] "GET /galeria/nivo-slider/demo/images/Cmapana-onestidad.jpg HTTP/1.1" 200 141638
181.129.120.23 - - [08/Oct/2015:04:25:03 -0500] "GET /galeria/nivo-slider/demo/images/PREDAcamp.jpg HTTP/1.1" 200 295358
181.129.120.23 - - [08/Oct/2015:04:25:05 -0500] "GET /galeria/nivo-slider/demo/images/banner-llantas2.jpg HTTP/1.1" 200 204644
181.129.120.23 - - [08/Oct/2015:04:25:05 -0500] "GET /galeria/nivo-slider/demo/images/9Signos.jpg HTTP/1.1" 200 81776
181.129.120.23 - - [08/Oct/2015:04:25:05 -0500] "GET /galeria/nivo-slider/demo/images/Ruta-vertimientos-01.jpg HTTP/1.1" 200 130151
181.129.120.23 - - [08/Oct/2015:04:25:05 -0500] "GET /galeria/nivo-slider/demo/images/bolsas-06.jpg HTTP/1.1" 200 90982
181.129.120.23 - - [08/Oct/2015:04:25:05 -0500] "GET /galeria/nivo-slider/demo/images/Comparendo-ambiental-Banner.jpg HTTP/1.1" 200 83731
181.129.120.23 - - [08/Oct/2015:04:25:06 -0500] "GET /galeria/nivo-slider/demo/scripts/jquery-1.7.1.min.js HTTP/1.1" 200 93868
181.129.120.23 - - [08/Oct/2015:04:25:06 -0500] "GET /galeria/nivo-slider/jquery.nivo.slider.pack.js HTTP/1.1" 200 11561
181.129.120.23 - - [08/Oct/2015:04:25:06 -0500] "GET /galeria/nivo-slider/demo/images/Conoce-los-humedales.jpg HTTP/1.1" 200 294036
181.129.120.23 - - [08/Oct/2015:04:25:06 -0500] "GET /galeria/nivo-slider/demo/images/ecolecta-Dic2014.png HTTP/1.1" 200 288593
181.129.120.23 - - [08/Oct/2015:04:25:11 -0500] "GET /galeria/nivo-slider/demo/images/4Simple_Slider.png HTTP/1.1" 200 11722
181.129.120.23 - - [08/Oct/2015:04:25:11 -0500] "GET /galeria/nivo-slider/themes/default/loading.gif HTTP/1.1" 200 1737
181.129.120.23 - - [08/Oct/2015:04:25:15 -0500] "GET /galeria/nivo-slider/themes/default/arrows.png HTTP/1.1" 200 824
181.129.120.23 - - [08/Oct/2015:04:25:15 -0500] "GET /galeria/nivo-slider/themes/default/bullets.png HTTP/1.1" 200 1281
186.85.90.90 - - [08/Oct/2015:04:26:44 -0500] "POST /forms/lservlet;jsessionid=ac16012b30d69363b3c64843451f9b0ff4b0849af480.e3iSbxaKaheRe38Ka34Oa3eLbxf0n6jAmljGr5XDqQLvpAe HTTP/1.1" 200 2
66.249.64.106 - - [08/Oct/2015:04:26:53 -0500] "GET /BLA/resoluciones/AUTOS%202010/1162.pdf HTTP/1.1" 200 150560
62.210.78.209 - - [08/Oct/2015:04:27:55 -0500] "GET /robots.txt HTTP/1.0" 404 1015
62.210.78.209 - - [08/Oct/2015:04:27:57 -0500] "GET /StormSDA/userFiles%20-%20Copy%2019-07-2012/user_files/formatos/eventos/?C=D;O=A HTTP/1.0" 200 910
62.210.78.209 - - [08/Oct/2015:04:27:59 -0500] "GET /StormSDA/userFiles%20-%20Copy%2019-07-2012/user_files/formatos/eventos/?C=M;O=A HTTP/1.0" 200 910
62.210.78.209 - - [08/Oct/2015:04:28:00 -0500] "GET /StormSDA/userFiles%20-%20Copy%2019-07-2012/user_files/formatos/eventos/?C=N;O=D HTTP/1.0" 200 910
87.220.127.71 - - [08/Oct/2015:04:28:01 -0500] "GET /galeria/galeria/jquery.fancybox.css?v=2.1.5 HTTP/1.1" 200 4895
87.220.127.71 - - [08/Oct/2015:04:28:01 -0500] "GET /BLA/boletinlegal/js/jquery.scrollShow.js HTTP/1.1" 200 4586
87.220.127.71 - - [08/Oct/2015:04:28:01 -0500] "GET /galeria/galeria/jquery.fancybox.js?v=2.1.5 HTTP/1.1" 200 48706
62.210.78.209 - - [08/Oct/2015:04:28:02 -0500] "GET /StormSDA/userFiles%20-%20Copy%2019-07-2012/user_files/formatos/eventos/?C=S;O=A HTTP/1.0" 200 910
62.210.78.209 - - [08/Oct/2015:04:28:04 -0500] "GET /StormSDA/userFiles%20-%20Copy%2019-07-2012/user_files/formulas/2/?C=D;O=A HTTP/1.0" 200 898
62.210.78.209 - - [08/Oct/2015:04:28:06 -0500] "GET /StormSDA/userFiles%20-%20Copy%2019-07-2012/user_files/formulas/2/?C=M;O=A HTTP/1.0" 200 898
74.86.158.107 - - [08/Oct/2015:04:28:06 -0500] "HEAD / HTTP/1.1" 200 -
62.210.78.209 - - [08/Oct/2015:04:28:08 -0500] "GET /StormSDA/userFiles%20-%20Copy%2019-07-2012/user_files/formulas/2/?C=N;O=D HTTP/1.0" 200 898
62.210.78.209 - - [08/Oct/2015:04:28:09 -0500] "GET /StormSDA/userFiles%20-%20Copy%2019-07-2012/user_files/formulas/2/?C=S;O=A HTTP/1.0" 200 898
87.220.127.71 - - [08/Oct/2015:04:28:09 -0500] "GET /galeria/galeria/jquery.fancybox.js?v=2.1.5 HTTP/1.1" 304 -
87.220.127.71 - - [08/Oct/2015:04:28:09 -0500] "GET /galeria/galeria/jquery.fancybox.css?v=2.1.5 HTTP/1.1" 304 -
87.220.127.71 - - [08/Oct/2015:04:28:09 -0500] "GET /BLA/boletinlegal/js/jquery.scrollShow.js HTTP/1.1" 304 -
62.210.78.209 - - [08/Oct/2015:04:28:11 -0500] "GET /StormSDA/userFiles%20-%20Copy%2019-07-2012/user_files/formulas/3/?C=D;O=A HTTP/1.0" 200 898
62.210.78.209 - - [08/Oct/2015:04:28:13 -0500] "GET /StormSDA/userFiles%20-%20Copy%2019-07-2012/user_files/formulas/3/?C=M;O=A HTTP/1.0" 200 898
62.210.78.209 - - [08/Oct/2015:04:28:15 -0500] "GET /StormSDA/userFiles%20-%20Copy%2019-07-2012/user_files/formulas/3/?C=N;O=D HTTP/1.0" 200 898
62.210.78.209 - - [08/Oct/2015:04:28:16 -0500] "GET /StormSDA/userFiles%20-%20Copy%2019-07-2012/user_files/formulas/3/?C=S;O=A HTTP/1.0" 200 898
62.210.78.209 - - [08/Oct/2015:04:28:18 -0500] "GET /StormSDA/userFiles%20-%20Copy%2019-07-2012/user_files/formulas/4/?C=D;O=A HTTP/1.0" 200 898
62.210.78.209 - - [08/Oct/2015:04:28:20 -0500] "GET /StormSDA/userFiles%20-%20Copy%2019-07-2012/user_files/formulas/4/?C=M;O=A HTTP/1.0" 200 898
62.210.78.209 - - [08/Oct/2015:04:28:22 -0500] "GET /StormSDA/userFiles%20-%20Copy%2019-07-2012/user_files/formulas/4/?C=N;O=D HTTP/1.0" 200 898
62.210.78.209 - - [08/Oct/2015:04:28:23 -0500] "GET /StormSDA/userFiles%20-%20Copy%2019-07-2012/user_files/formulas/4/?C=S;O=A HTTP/1.0" 200 898
62.210.78.209 - - [08/Oct/2015:04:28:25 -0500] "GET /robots.txt HTTP/1.0" 404 1019
62.210.78.209 - - [08/Oct/2015:04:28:26 -0500] "GET /Anexos%20estudio%20Organizacional%20SDA/ANEXO%20No.%201-%20NORMAS%20LEGALES%20DE%20ESTRUCTURA%20Y%20PLANTA/Ley%2099%20de%201993%20-%20Crea%20MimAmbiente_files/application.js HTTP/1.0" 200 6376
62.210.78.209 - - [08/Oct/2015:04:28:28 -0500] "GET /Anexos%20estudio%20Organizacional%20SDA/ANEXO%20No.%201-%20NORMAS%20LEGALES%20DE%20ESTRUCTURA%20Y%20PLANTA/Ley%2099%20de%201993%20-%20Crea%20MimAmbiente_files/debug.css HTTP/1.0" 200 492
62.210.78.209 - - [08/Oct/2015:04:28:30 -0500] "GET /Anexos%20estudio%20Organizacional%20SDA/ANEXO%20No.%201-%20NORMAS%20LEGALES%20DE%20ESTRUCTURA%20Y%20PLANTA/Ley%2099%20de%201993%20-%20Crea%20MimAmbiente_files/debug.js HTTP/1.0" 200 3792
62.210.78.209 - - [08/Oct/2015:04:28:32 -0500] "GET /Anexos%20estudio%20Organizacional%20SDA/ANEXO%20No.%201-%20NORMAS%20LEGALES%20DE%20ESTRUCTURA%20Y%20PLANTA/Ley%2099%20de%201993%20-%20Crea%20MimAmbiente_files/default.css HTTP/1.0" 200 2674
62.210.78.209 - - [08/Oct/2015:04:28:34 -0500] "GET /Anexos%20estudio%20Organizacional%20SDA/ANEXO%20No.%201-%20NORMAS%20LEGALES%20DE%20ESTRUCTURA%20Y%20PLANTA/Ley%2099%20de%201993%20-%20Crea%20MimAmbiente_files/effects.js HTTP/1.0" 200 38228
62.210.78.209 - - [08/Oct/2015:04:28:37 -0500] "GET /Anexos%20estudio%20Organizacional%20SDA/ANEXO%20No.%201-%20NORMAS%20LEGALES%20DE%20ESTRUCTURA%20Y%20PLANTA/Ley%2099%20de%201993%20-%20Crea%20MimAmbiente_files/prototype.js HTTP/1.0" 200 95949
62.210.78.209 - - [08/Oct/2015:04:28:39 -0500] "GET /Anexos%20estudio%20Organizacional%20SDA/ANEXO%20No.%201-%20NORMAS%20LEGALES%20DE%20ESTRUCTURA%20Y%20PLANTA/Ley%2099%20de%201993%20-%20Crea%20MimAmbiente_files/spread.css HTTP/1.0" 200 1968
62.210.78.209 - - [08/Oct/2015:04:28:41 -0500] "GET /Anexos%20estudio%20Organizacional%20SDA/ANEXO%20No.%201-%20NORMAS%20LEGALES%20DE%20ESTRUCTURA%20Y%20PLANTA/Ley%2099%20de%201993%20-%20Crea%20MimAmbiente_files/window.js HTTP/1.0" 200 64230
62.210.78.209 - - [08/Oct/2015:04:28:43 -0500] "GET /Anexos%20estudio%20Organizacional%20SDA/ANEXO%20No.%201-%20NORMAS%20LEGALES%20DE%20ESTRUCTURA%20Y%20PLANTA/Ley%2099%20de%201993%20-%20Crea%20MimAmbiente_files/window_effects.js HTTP/1.0" 200 5552
186.85.90.90 - - [08/Oct/2015:04:28:44 -0500] "POST /forms/lservlet;jsessionid=ac16012b30d69363b3c64843451f9b0ff4b0849af480.e3iSbxaKaheRe38Ka34Oa3eLbxf0n6jAmljGr5XDqQLvpAe HTTP/1.1" 200 2
62.210.78.209 - - [08/Oct/2015:04:28:45 -0500] "GET /Anexos%20estudio%20Organizacional%20SDA/index.php?dir=ANEXO%20No.%201-%20NORMAS%20LEGALES%20DE%20ESTRUCTURA%20Y%20PLANTA/&sort=date&order=desc HTTP/1.0" 200 11015
62.210.78.209 - - [08/Oct/2015:04:28:47 -0500] "GET /Anexos%20estudio%20Organizacional%20SDA/index.php?dir=ANEXO%20No.%201-%20NORMAS%20LEGALES%20DE%20ESTRUCTURA%20Y%20PLANTA/&sort=name&order=asc HTTP/1.0" 200 11016
62.210.78.209 - - [08/Oct/2015:04:28:49 -0500] "GET /Anexos%20estudio%20Organizacional%20SDA/index.php?dir=ANEXO%20No.%201-%20NORMAS%20LEGALES%20DE%20ESTRUCTURA%20Y%20PLANTA/&sort=size&order=desc HTTP/1.0" 200 11015
62.210.78.209 - - [08/Oct/2015:04:28:51 -0500] "GET /Anexos%20estudio%20Organizacional%20SDA/index.php?dir=ANEXO%20No.%201-%20NORMAS%20LEGALES%20DE%20ESTRUCTURA%20Y%20PLANTA/Decreto%20109%20de%202009%20-%20Modifica%20la%20estructura%20de%20la%20SDA.jsp_files/ HTTP/1.0" 200 10511
62.210.78.209 - - [08/Oct/2015:04:28:53 -0500] "GET /Anexos%20estudio%20Organizacional%20SDA/index.php?dir=ANEXO%20No.%201-%20NORMAS%20LEGALES%20DE%20ESTRUCTURA%20Y%20PLANTA/Decreto%20175%20de%202009%20_files/&sort=date&order=asc HTTP/1.0" 200 9190
