190.90.19.58 - - [08/Oct/2015:07:32:20 -0500] "GET /BLA/boletinlegal/images/jurisprudencia.png HTTP/1.1" 200 66721
190.90.19.58 - - [08/Oct/2015:07:32:20 -0500] "GET /BLA/boletinlegal/images/hover.png HTTP/1.1" 200 59469
66.249.64.106 - - [08/Oct/2015:07:32:25 -0500] "GET /BLA/resoluciones/RESOLUCIONES%202009/8591.pdf HTTP/1.1" 200 498701
190.90.19.58 - - [08/Oct/2015:07:32:40 -0500] "GET /BLA/boletinlegal/conceptos.php HTTP/1.1" 200 6122
190.90.19.58 - - [08/Oct/2015:07:32:41 -0500] "GET /BLA/boletinlegal/js/ajax_conceptos.js HTTP/1.1" 200 1326
190.90.19.58 - - [08/Oct/2015:07:32:41 -0500] "GET /BLA/boletinlegal/img/button.png HTTP/1.1" 200 43241
190.90.19.58 - - [08/Oct/2015:07:32:49 -0500] "GET /BLA/boletinlegal/doctrina.php HTTP/1.1" 200 5010
186.85.90.90 - - [08/Oct/2015:07:32:55 -0500] "POST /forms/lservlet;jsessionid=ac16012b30d69363b3c64843451f9b0ff4b0849af480.e3iSbxaKaheRe38Ka34Oa3eLbxf0n6jAmljGr5XDqQLvpAe HTTP/1.1" 200 2
190.90.19.58 - - [08/Oct/2015:07:32:56 -0500] "GET /BLA/boletinlegal/consulta_doctrina.php?grupo=2 HTTP/1.1" 200 5554
190.90.19.58 - - [08/Oct/2015:07:32:56 -0500] "GET /BLA/boletinlegal/images/blurry.jpg HTTP/1.1" 200 27450
190.90.19.58 - - [08/Oct/2015:07:32:56 -0500] "GET /BLA/boletinlegal/images/back.png HTTP/1.1" 200 43992
200.118.133.139 - - [08/Oct/2015:07:33:22 -0500] "POST /forms/lservlet;jsessionid=ac16012b30d6c25985c9f6774e90b2b4d6dd38fd8dea.e3iSbxaKaheRe38Ka34Oa3eLbxf0n6jAmljGr5XDqQLvpAe HTTP/1.1" 200 2
190.90.19.58 - - [08/Oct/2015:07:33:23 -0500] "GET /BLA/boletinlegal/doctrina/Portada%20e%20Indice.pdf HTTP/1.1" 200 228659
201.233.193.156 - - [08/Oct/2015:07:33:41 -0500] "GET /BLA/boletinlegal/js/jquery.scrollShow.js HTTP/1.1" 200 4586
201.233.193.156 - - [08/Oct/2015:07:33:41 -0500] "GET /galeria/galeria/jquery.fancybox.css?v=2.1.5 HTTP/1.1" 200 4895
201.233.193.156 - - [08/Oct/2015:07:33:41 -0500] "GET /galeria/galeria/jquery.fancybox.js?v=2.1.5 HTTP/1.1" 200 48706
201.233.193.156 - - [08/Oct/2015:07:33:47 -0500] "GET /BLA/boletinlegal/js/jquery.scrollShow.js HTTP/1.1" 304 -
201.233.193.156 - - [08/Oct/2015:07:33:47 -0500] "GET /galeria/galeria/jquery.fancybox.js?v=2.1.5 HTTP/1.1" 304 -
201.233.193.156 - - [08/Oct/2015:07:33:47 -0500] "GET /galeria/galeria/jquery.fancybox.css?v=2.1.5 HTTP/1.1" 304 -
200.118.133.139 - - [08/Oct/2015:07:33:53 -0500] "POST /forms/lservlet;jsessionid=ac16012b30d6c25985c9f6774e90b2b4d6dd38fd8dea.e3iSbxaKaheRe38Ka34Oa3eLbxf0n6jAmljGr5XDqQLvpAe HTTP/1.1" 200 2
200.118.133.139 - - [08/Oct/2015:07:33:54 -0500] "POST /forms/lservlet;jsessionid=ac16012b30d6c25985c9f6774e90b2b4d6dd38fd8dea.e3iSbxaKaheRe38Ka34Oa3eLbxf0n6jAmljGr5XDqQLvpAe HTTP/1.1" 200 2464
200.118.133.139 - - [08/Oct/2015:07:33:54 -0500] "POST /forms/lservlet;jsessionid=ac16012b30d6c25985c9f6774e90b2b4d6dd38fd8dea.e3iSbxaKaheRe38Ka34Oa3eLbxf0n6jAmljGr5XDqQLvpAe HTTP/1.1" 200 10
200.118.133.139 - - [08/Oct/2015:07:33:54 -0500] "POST /forms/lservlet;jsessionid=ac16012b30d6c25985c9f6774e90b2b4d6dd38fd8dea.e3iSbxaKaheRe38Ka34Oa3eLbxf0n6jAmljGr5XDqQLvpAe HTTP/1.1" 200 30
186.31.175.229 - - [08/Oct/2015:07:33:56 -0500] "POST /forms/lservlet;jsessionid=ac16012b30d6a64d2923fcb04a578f0691209623ff16.e3iSbxaKaheRe38Ka34Oa3eLbxf0n6jAmljGr5XDqQLvpAe HTTP/1.1" 200 2
200.118.133.139 - - [08/Oct/2015:07:33:57 -0500] "POST /forms/lservlet;jsessionid=ac16012b30d6c25985c9f6774e90b2b4d6dd38fd8dea.e3iSbxaKaheRe38Ka34Oa3eLbxf0n6jAmljGr5XDqQLvpAe HTTP/1.1" 200 24
66.249.64.106 - - [08/Oct/2015:07:33:57 -0500] "GET /BLA/resoluciones/RESOLUCIONES%202012/0972.pdf HTTP/1.1" 304 -
200.118.133.139 - - [08/Oct/2015:07:33:57 -0500] "POST /forms/lservlet;jsessionid=ac16012b30d6c25985c9f6774e90b2b4d6dd38fd8dea.e3iSbxaKaheRe38Ka34Oa3eLbxf0n6jAmljGr5XDqQLvpAe HTTP/1.1" 200 585
200.118.133.139 - - [08/Oct/2015:07:33:57 -0500] "POST /forms/lservlet;jsessionid=ac16012b30d6c25985c9f6774e90b2b4d6dd38fd8dea.e3iSbxaKaheRe38Ka34Oa3eLbxf0n6jAmljGr5XDqQLvpAe HTTP/1.1" 200 20
186.85.90.90 - - [08/Oct/2015:07:34:55 -0500] "POST /forms/lservlet;jsessionid=ac16012b30d69363b3c64843451f9b0ff4b0849af480.e3iSbxaKaheRe38Ka34Oa3eLbxf0n6jAmljGr5XDqQLvpAe HTTP/1.1" 200 2
190.90.19.58 - - [08/Oct/2015:07:34:13 -0500] "GET /BLA/boletinlegal/index.php HTTP/1.1" 200 51063
186.28.76.64 - - [08/Oct/2015:07:35:10 -0500] "GET /galeria/galeria/jquery.fancybox.css?v=2.1.5 HTTP/1.1" 200 4895
186.28.76.64 - - [08/Oct/2015:07:35:10 -0500] "GET /BLA/boletinlegal/js/jquery.scrollShow.js HTTP/1.1" 200 4586
186.28.76.64 - - [08/Oct/2015:07:35:11 -0500] "GET /galeria/galeria/jquery.fancybox.js?v=2.1.5 HTTP/1.1" 200 48706
201.244.31.70 - - [08/Oct/2015:07:35:19 -0500] "GET /BLA/boletinlegal/js/jquery.scrollShow.js HTTP/1.1" 200 4586
200.118.133.139 - - [08/Oct/2015:07:35:23 -0500] "POST /forms/lservlet;jsessionid=ac16012b30d6c25985c9f6774e90b2b4d6dd38fd8dea.e3iSbxaKaheRe38Ka34Oa3eLbxf0n6jAmljGr5XDqQLvpAe HTTP/1.1" 200 2
201.244.31.70 - - [08/Oct/2015:07:35:24 -0500] "GET /galeria/galeria/jquery.fancybox.css?v=2.1.5 HTTP/1.1" 200 4895
186.28.76.64 - - [08/Oct/2015:07:35:27 -0500] "GET /galeria/galeria/jquery.fancybox.css?v=2.1.5 HTTP/1.1" 304 -
186.28.76.64 - - [08/Oct/2015:07:35:27 -0500] "GET /BLA/boletinlegal/js/jquery.scrollShow.js HTTP/1.1" 304 -
186.28.76.64 - - [08/Oct/2015:07:35:28 -0500] "GET /galeria/galeria/jquery.fancybox.js?v=2.1.5 HTTP/1.1" 304 -
181.128.215.48 - - [08/Oct/2015:07:35:32 -0500] "GET /galeria/galeria/jquery.fancybox.css?v=2.1.5 HTTP/1.1" 304 -
181.128.215.48 - - [08/Oct/2015:07:35:32 -0500] "GET /galeria/galeria/jquery.fancybox.js?v=2.1.5 HTTP/1.1" 304 -
201.244.31.70 - - [08/Oct/2015:07:35:42 -0500] "GET /BLA/boletinlegal/js/jquery.scrollShow.js HTTP/1.1" 304 -
201.244.31.70 - - [08/Oct/2015:07:35:42 -0500] "GET /galeria/galeria/jquery.fancybox.css?v=2.1.5 HTTP/1.1" 304 -
201.244.31.70 - - [08/Oct/2015:07:35:42 -0500] "GET /galeria/galeria/jquery.fancybox.js?v=2.1.5 HTTP/1.1" 304 -
181.128.215.48 - - [08/Oct/2015:07:35:53 -0500] "GET /galeria/nivo-slider/demo/demo.html HTTP/1.1" 200 3949
190.27.46.59 - - [08/Oct/2015:07:35:58 -0500] "GET /BLA/resoluciones/RESOLUCIONES%202011/2565.pdf HTTP/1.1" 200 169888
190.27.46.59 - - [08/Oct/2015:07:35:58 -0500] "GET /favicon.ico HTTP/1.1" 200 7782
186.31.175.229 - - [08/Oct/2015:07:35:58 -0500] "POST /forms/lservlet;jsessionid=ac16012b30d6a64d2923fcb04a578f0691209623ff16.e3iSbxaKaheRe38Ka34Oa3eLbxf0n6jAmljGr5XDqQLvpAe HTTP/1.1" 200 2
190.0.5.14 - - [08/Oct/2015:07:36:03 -0500] "GET /BLA/resoluciones/RESOLUCIONES%202007/RES%202007%204201%20AL%204300/RESOLUCION%204202%20DE%202007.pdf HTTP/1.1" 200 344332
66.249.64.96 - - [08/Oct/2015:07:36:13 -0500] "GET /robots.txt HTTP/1.1" 404 1018
66.249.64.96 - - [08/Oct/2015:07:36:13 -0500] "GET /BLA/resoluciones/RESOLUCIONES%202012/0972.pdf HTTP/1.1" 304 -
180.76.15.159 - - [08/Oct/2015:07:36:17 -0500] "GET /BLA/boletinlegal/jurisprudencia/analisis/G__Jurisp.%20Junio%202014_ANALISIS%20JURISPRUDENCIA%20C-634-12%20DECOMISO.docx HTTP/1.1" 200 27045
200.75.48.35 - - [08/Oct/2015:07:36:35 -0500] "GET /BLA/boletinlegal/js/jquery.scrollShow.js HTTP/1.1" 200 4586
200.75.48.35 - - [08/Oct/2015:07:36:35 -0500] "GET /galeria/galeria/jquery.fancybox.css?v=2.1.5 HTTP/1.1" 200 4895
200.75.48.35 - - [08/Oct/2015:07:36:35 -0500] "GET /galeria/galeria/jquery.fancybox.js?v=2.1.5 HTTP/1.1" 200 48706
201.245.192.253 - - [08/Oct/2015:07:36:36 -0500] "GET /galeria/nivo-slider/demo/demo.html HTTP/1.1" 200 3949
201.245.192.253 - - [08/Oct/2015:07:36:37 -0500] "GET /galeria/nivo-slider/demo/images/Arbol-banner2015.jpg HTTP/1.1" 200 227081
201.245.192.253 - - [08/Oct/2015:07:36:37 -0500] "GET /galeria/nivo-slider/demo/images/Banner-ahorro-de-agua.jpg HTTP/1.1" 304 -
201.245.192.253 - - [08/Oct/2015:07:36:37 -0500] "GET /galeria/nivo-slider/demo/images/Banner-cursos.jpg HTTP/1.1" 304 -
201.245.192.253 - - [08/Oct/2015:07:36:37 -0500] "GET /galeria/nivo-slider/demo/images/Cmapana-onestidad.jpg HTTP/1.1" 200 141638
201.245.192.253 - - [08/Oct/2015:07:36:37 -0500] "GET /galeria/nivo-slider/demo/images/simulacro-busqueda-rescate-urbano.jpg HTTP/1.1" 304 -
201.245.192.253 - - [08/Oct/2015:07:36:37 -0500] "GET /galeria/nivo-slider/demo/images/Plan-Quinquenal.jpg HTTP/1.1" 304 -
181.130.242.47 - - [08/Oct/2015:07:36:41 -0500] "GET /galeria/nivo-slider/demo/demo.html HTTP/1.1" 304 -
181.130.242.47 - - [08/Oct/2015:07:36:43 -0500] "GET /galeria/nivo-slider/demo/images/Arbol-banner2015.jpg HTTP/1.1" 304 -
181.130.242.47 - - [08/Oct/2015:07:36:43 -0500] "GET /galeria/nivo-slider/demo/images/Cmapana-onestidad.jpg HTTP/1.1" 304 -
186.85.90.90 - - [08/Oct/2015:07:36:55 -0500] "POST /forms/lservlet;jsessionid=ac16012b30d69363b3c64843451f9b0ff4b0849af480.e3iSbxaKaheRe38Ka34Oa3eLbxf0n6jAmljGr5XDqQLvpAe HTTP/1.1" 200 2
74.86.158.107 - - [08/Oct/2015:07:37:05 -0500] "HEAD / HTTP/1.1" 200 -
200.118.133.139 - - [08/Oct/2015:07:37:23 -0500] "POST /forms/lservlet;jsessionid=ac16012b30d6c25985c9f6774e90b2b4d6dd38fd8dea.e3iSbxaKaheRe38Ka34Oa3eLbxf0n6jAmljGr5XDqQLvpAe HTTP/1.1" 200 2
201.245.192.253 - - [08/Oct/2015:07:37:52 -0500] "GET /galeria/nivo-slider/demo/demo.html HTTP/1.1" 304 -
201.245.192.253 - - [08/Oct/2015:07:37:53 -0500] "GET /galeria/nivo-slider/demo/images/Arbol-banner2015.jpg HTTP/1.1" 304 -
201.245.192.253 - - [08/Oct/2015:07:37:53 -0500] "GET /galeria/nivo-slider/demo/images/Banner-ahorro-de-agua.jpg HTTP/1.1" 304 -
201.245.192.253 - - [08/Oct/2015:07:37:53 -0500] "GET /galeria/nivo-slider/demo/images/Banner-cursos.jpg HTTP/1.1" 304 -
201.245.192.253 - - [08/Oct/2015:07:37:53 -0500] "GET /galeria/nivo-slider/demo/images/Cmapana-onestidad.jpg HTTP/1.1" 304 -
201.245.192.253 - - [08/Oct/2015:07:37:53 -0500] "GET /galeria/nivo-slider/demo/images/simulacro-busqueda-rescate-urbano.jpg HTTP/1.1" 304 -
186.31.175.229 - - [08/Oct/2015:07:37:58 -0500] "POST /forms/lservlet;jsessionid=ac16012b30d6a64d2923fcb04a578f0691209623ff16.e3iSbxaKaheRe38Ka34Oa3eLbxf0n6jAmljGr5XDqQLvpAe HTTP/1.1" 200 2
201.245.192.253 - - [08/Oct/2015:07:37:59 -0500] "GET /galeria/galeria/jquery.fancybox.css?v=2.1.5 HTTP/1.1" 200 4895
201.245.192.253 - - [08/Oct/2015:07:37:59 -0500] "GET /BLA/boletinlegal/js/jquery.scrollShow.js HTTP/1.1" 200 4586
201.245.192.253 - - [08/Oct/2015:07:37:59 -0500] "GET /galeria/galeria/jquery.fancybox.js?v=2.1.5 HTTP/1.1" 200 48706
201.245.192.253 - - [08/Oct/2015:07:37:59 -0500] "GET /galeria/carrusel/Carrusel/jquery.thumbnailScroller.css HTTP/1.1" 200 2066
201.245.192.253 - - [08/Oct/2015:07:37:59 -0500] "GET /galeria/carrusel/Carrusel/jquery-ui-1.8.13.custom.min.js HTTP/1.1" 200 10800
201.245.192.253 - - [08/Oct/2015:07:37:59 -0500] "GET /galeria/carrusel/Carrusel/jquery.thumbnailScroller.js HTTP/1.1" 200 8157
201.245.192.253 - - [08/Oct/2015:07:38:01 -0500] "GET /galeria/nivo-slider/demo/demo.html HTTP/1.1" 200 3949
201.245.192.253 - - [08/Oct/2015:07:38:04 -0500] "GET /galeria/nivo-slider/themes/default/default.css HTTP/1.1" 200 1569
201.245.192.253 - - [08/Oct/2015:07:38:04 -0500] "GET /galeria/nivo-slider/themes/pascal/pascal.css HTTP/1.1" 200 2258
201.245.192.253 - - [08/Oct/2015:07:38:04 -0500] "GET /galeria/nivo-slider/themes/orman/orman.css HTTP/1.1" 200 2152
201.245.192.253 - - [08/Oct/2015:07:38:04 -0500] "GET /galeria/nivo-slider/nivo-slider.css HTTP/1.1" 200 1507
201.245.192.253 - - [08/Oct/2015:07:38:04 -0500] "GET /galeria/nivo-slider/demo/style.css HTTP/1.1" 200 2222
201.245.192.253 - - [08/Oct/2015:07:38:04 -0500] "GET /galeria/nivo-slider/demo/images/Arbol-banner2015.jpg HTTP/1.1" 200 227081
201.245.192.253 - - [08/Oct/2015:07:38:04 -0500] "GET /galeria/nivo-slider/demo/images/Banner-ahorro-de-agua.jpg HTTP/1.1" 200 149141
201.245.192.253 - - [08/Oct/2015:07:38:04 -0500] "GET /galeria/nivo-slider/demo/images/Banner-cursos.jpg HTTP/1.1" 200 207520
201.245.192.253 - - [08/Oct/2015:07:38:04 -0500] "GET /galeria/nivo-slider/demo/images/Cmapana-onestidad.jpg HTTP/1.1" 200 141638
201.245.192.253 - - [08/Oct/2015:07:38:04 -0500] "GET /galeria/nivo-slider/demo/images/simulacro-busqueda-rescate-urbano.jpg HTTP/1.1" 200 251375
201.245.192.253 - - [08/Oct/2015:07:38:04 -0500] "GET /galeria/nivo-slider/demo/images/Plan-Quinquenal.jpg HTTP/1.1" 200 412438
201.245.192.253 - - [08/Oct/2015:07:38:04 -0500] "GET /galeria/nivo-slider/demo/scripts/jquery-1.7.1.min.js HTTP/1.1" 200 93868
186.85.90.90 - - [08/Oct/2015:07:38:13 -0500] "POST /forms/lservlet;jsessionid=ac16012b30d69363b3c64843451f9b0ff4b0849af480.e3iSbxaKaheRe38Ka34Oa3eLbxf0n6jAmljGr5XDqQLvpAe HTTP/1.1" 200 138
186.85.90.90 - - [08/Oct/2015:07:38:14 -0500] "POST /forms/lservlet;jsessionid=ac16012b30d69363b3c64843451f9b0ff4b0849af480.e3iSbxaKaheRe38Ka34Oa3eLbxf0n6jAmljGr5XDqQLvpAe HTTP/1.1" 200 111
186.85.90.90 - - [08/Oct/2015:07:38:20 -0500] "POST /forms/lservlet;jsessionid=ac16012b30d69363b3c64843451f9b0ff4b0849af480.e3iSbxaKaheRe38Ka34Oa3eLbxf0n6jAmljGr5XDqQLvpAe HTTP/1.1" 200 161
186.85.90.90 - - [08/Oct/2015:07:38:24 -0500] "POST /forms/lservlet;jsessionid=ac16012b30d69363b3c64843451f9b0ff4b0849af480.e3iSbxaKaheRe38Ka34Oa3eLbxf0n6jAmljGr5XDqQLvpAe HTTP/1.1" 200 151
201.245.192.253 - - [08/Oct/2015:07:38:24 -0500] "GET /galeria/galeria/jquery.fancybox.js?v=2.1.5 HTTP/1.1" 304 -
201.245.192.253 - - [08/Oct/2015:07:38:24 -0500] "GET /galeria/galeria/jquery.fancybox.css?v=2.1.5 HTTP/1.1" 304 -
201.245.192.253 - - [08/Oct/2015:07:38:25 -0500] "GET /galeria/nivo-slider/demo/demo.html HTTP/1.1" 200 3949
201.245.192.253 - - [08/Oct/2015:07:38:27 -0500] "GET /galeria/nivo-slider/demo/images/Arbol-banner2015.jpg HTTP/1.1" 200 227081
201.245.192.253 - - [08/Oct/2015:07:38:27 -0500] "GET /galeria/nivo-slider/demo/images/Banner-ahorro-de-agua.jpg HTTP/1.1" 200 149141
201.245.192.253 - - [08/Oct/2015:07:38:27 -0500] "GET /galeria/nivo-slider/demo/images/Banner-cursos.jpg HTTP/1.1" 200 207520
201.245.192.253 - - [08/Oct/2015:07:38:27 -0500] "GET /galeria/nivo-slider/demo/images/simulacro-busqueda-rescate-urbano.jpg HTTP/1.1" 200 251375
201.245.192.253 - - [08/Oct/2015:07:38:27 -0500] "GET /galeria/nivo-slider/demo/images/Cmapana-onestidad.jpg HTTP/1.1" 200 141638
201.245.192.253 - - [08/Oct/2015:07:38:27 -0500] "GET /galeria/nivo-slider/demo/images/Plan-Quinquenal.jpg HTTP/1.1" 304 -
201.245.192.253 - - [08/Oct/2015:07:38:27 -0500] "GET /galeria/nivo-slider/demo/images/PREDAcamp.jpg HTTP/1.1" 304 -
201.245.192.253 - - [08/Oct/2015:07:38:27 -0500] "GET /galeria/nivo-slider/demo/images/banner-llantas2.jpg HTTP/1.1" 304 -
201.245.192.253 - - [08/Oct/2015:07:38:28 -0500] "GET /galeria/nivo-slider/demo/images/9Signos.jpg HTTP/1.1" 304 -
201.245.192.253 - - [08/Oct/2015:07:38:28 -0500] "GET /galeria/nivo-slider/demo/images/Comparendo-ambiental-Banner.jpg HTTP/1.1" 304 -
201.245.192.253 - - [08/Oct/2015:07:38:28 -0500] "GET /galeria/nivo-slider/demo/images/Ruta-vertimientos-01.jpg HTTP/1.1" 304 -
201.245.192.253 - - [08/Oct/2015:07:38:28 -0500] "GET /galeria/nivo-slider/demo/images/bolsas-06.jpg HTTP/1.1" 304 -
201.245.192.253 - - [08/Oct/2015:07:38:28 -0500] "GET /galeria/nivo-slider/demo/images/ecolecta-Dic2014.png HTTP/1.1" 304 -
186.85.90.90 - - [08/Oct/2015:07:38:37 -0500] "POST /forms/lservlet;jsessionid=ac16012b30d69363b3c64843451f9b0ff4b0849af480.e3iSbxaKaheRe38Ka34Oa3eLbxf0n6jAmljGr5XDqQLvpAe HTTP/1.1" 200 301
186.85.90.90 - - [08/Oct/2015:07:38:37 -0500] "POST /forms/lservlet;jsessionid=ac16012b30d69363b3c64843451f9b0ff4b0849af480.e3iSbxaKaheRe38Ka34Oa3eLbxf0n6jAmljGr5XDqQLvpAe HTTP/1.1" 200 11
186.85.90.90 - - [08/Oct/2015:07:38:37 -0500] "POST /forms/lservlet;jsessionid=ac16012b30d69363b3c64843451f9b0ff4b0849af480.e3iSbxaKaheRe38Ka34Oa3eLbxf0n6jAmljGr5XDqQLvpAe HTTP/1.1" 200 354
186.85.90.90 - - [08/Oct/2015:07:38:37 -0500] "POST /forms/lservlet;jsessionid=ac16012b30d69363b3c64843451f9b0ff4b0849af480.e3iSbxaKaheRe38Ka34Oa3eLbxf0n6jAmljGr5XDqQLvpAe HTTP/1.1" 200 11
186.85.90.90 - - [08/Oct/2015:07:38:38 -0500] "POST /forms/lservlet;jsessionid=ac16012b30d69363b3c64843451f9b0ff4b0849af480.e3iSbxaKaheRe38Ka34Oa3eLbxf0n6jAmljGr5XDqQLvpAe HTTP/1.1" 200 369
201.245.192.253 - - [08/Oct/2015:07:38:39 -0500] "GET /videos/ArchivoSDA.flv HTTP/1.1" 304 -
186.85.90.90 - - [08/Oct/2015:07:38:39 -0500] "POST /forms/lservlet;jsessionid=ac16012b30d69363b3c64843451f9b0ff4b0849af480.e3iSbxaKaheRe38Ka34Oa3eLbxf0n6jAmljGr5XDqQLvpAe HTTP/1.1" 200 144
186.85.90.90 - - [08/Oct/2015:07:38:44 -0500] "POST /forms/lservlet;jsessionid=ac16012b30d69363b3c64843451f9b0ff4b0849af480.e3iSbxaKaheRe38Ka34Oa3eLbxf0n6jAmljGr5XDqQLvpAe HTTP/1.1" 200 144
186.85.90.90 - - [08/Oct/2015:07:38:49 -0500] "POST /forms/lservlet;jsessionid=ac16012b30d69363b3c64843451f9b0ff4b0849af480.e3iSbxaKaheRe38Ka34Oa3eLbxf0n6jAmljGr5XDqQLvpAe HTTP/1.1" 200 362
186.85.90.90 - - [08/Oct/2015:07:38:49 -0500] "POST /forms/lservlet;jsessionid=ac16012b30d69363b3c64843451f9b0ff4b0849af480.e3iSbxaKaheRe38Ka34Oa3eLbxf0n6jAmljGr5XDqQLvpAe HTTP/1.1" 200 11
186.85.90.90 - - [08/Oct/2015:07:38:50 -0500] "POST /forms/lservlet;jsessionid=ac16012b30d69363b3c64843451f9b0ff4b0849af480.e3iSbxaKaheRe38Ka34Oa3eLbxf0n6jAmljGr5XDqQLvpAe HTTP/1.1" 200 145
186.85.90.90 - - [08/Oct/2015:07:38:55 -0500] "POST /forms/lservlet;jsessionid=ac16012b30d69363b3c64843451f9b0ff4b0849af480.e3iSbxaKaheRe38Ka34Oa3eLbxf0n6jAmljGr5XDqQLvpAe HTTP/1.1" 200 2
186.85.90.90 - - [08/Oct/2015:07:38:56 -0500] "POST /forms/lservlet;jsessionid=ac16012b30d69363b3c64843451f9b0ff4b0849af480.e3iSbxaKaheRe38Ka34Oa3eLbxf0n6jAmljGr5XDqQLvpAe HTTP/1.1" 200 381
186.85.90.90 - - [08/Oct/2015:07:38:56 -0500] "POST /forms/lservlet;jsessionid=ac16012b30d69363b3c64843451f9b0ff4b0849af480.e3iSbxaKaheRe38Ka34Oa3eLbxf0n6jAmljGr5XDqQLvpAe HTTP/1.1" 200 11
186.85.90.90 - - [08/Oct/2015:07:38:56 -0500] "POST /forms/lservlet;jsessionid=ac16012b30d69363b3c64843451f9b0ff4b0849af480.e3iSbxaKaheRe38Ka34Oa3eLbxf0n6jAmljGr5XDqQLvpAe HTTP/1.1" 200 330
186.85.90.90 - - [08/Oct/2015:07:38:56 -0500] "POST /forms/lservlet;jsessionid=ac16012b30d69363b3c64843451f9b0ff4b0849af480.e3iSbxaKaheRe38Ka34Oa3eLbxf0n6jAmljGr5XDqQLvpAe HTTP/1.1" 200 11
186.85.90.90 - - [08/Oct/2015:07:38:59 -0500] "POST /forms/lservlet;jsessionid=ac16012b30d69363b3c64843451f9b0ff4b0849af480.e3iSbxaKaheRe38Ka34Oa3eLbxf0n6jAmljGr5XDqQLvpAe HTTP/1.1" 200 309
186.85.90.90 - - [08/Oct/2015:07:39:00 -0500] "POST /forms/lservlet;jsessionid=ac16012b30d69363b3c64843451f9b0ff4b0849af480.e3iSbxaKaheRe38Ka34Oa3eLbxf0n6jAmljGr5XDqQLvpAe HTTP/1.1" 200 11
186.85.90.90 - - [08/Oct/2015:07:39:00 -0500] "POST /forms/lservlet;jsessionid=ac16012b30d69363b3c64843451f9b0ff4b0849af480.e3iSbxaKaheRe38Ka34Oa3eLbxf0n6jAmljGr5XDqQLvpAe HTTP/1.1" 200 162
186.85.90.90 - - [08/Oct/2015:07:39:19 -0500] "POST /forms/lservlet;jsessionid=ac16012b30d69363b3c64843451f9b0ff4b0849af480.e3iSbxaKaheRe38Ka34Oa3eLbxf0n6jAmljGr5XDqQLvpAe HTTP/1.1" 200 321
186.85.90.90 - - [08/Oct/2015:07:39:19 -0500] "POST /forms/lservlet;jsessionid=ac16012b30d69363b3c64843451f9b0ff4b0849af480.e3iSbxaKaheRe38Ka34Oa3eLbxf0n6jAmljGr5XDqQLvpAe HTTP/1.1" 200 11
186.85.90.90 - - [08/Oct/2015:07:39:20 -0500] "POST /forms/lservlet;jsessionid=ac16012b30d69363b3c64843451f9b0ff4b0849af480.e3iSbxaKaheRe38Ka34Oa3eLbxf0n6jAmljGr5XDqQLvpAe HTTP/1.1" 200 336
186.85.90.90 - - [08/Oct/2015:07:39:20 -0500] "POST /forms/lservlet;jsessionid=ac16012b30d69363b3c64843451f9b0ff4b0849af480.e3iSbxaKaheRe38Ka34Oa3eLbxf0n6jAmljGr5XDqQLvpAe HTTP/1.1" 200 11
66.220.156.96 - - [08/Oct/2015:07:39:21 -0500] "GET /galeria/galeria/fotos/Humedal-Santa-Mar\xc3\xada-del-Lago1P.jpg HTTP/1.1" 200 26912
190.84.63.199 - - [08/Oct/2015:07:39:21 -0500] "GET /BLA/boletinlegal/js/jquery.scrollShow.js HTTP/1.1" 200 4586
190.84.63.199 - - [08/Oct/2015:07:39:21 -0500] "GET /galeria/galeria/jquery.fancybox.js?v=2.1.5 HTTP/1.1" 200 48706
190.84.63.199 - - [08/Oct/2015:07:39:21 -0500] "GET /galeria/galeria/jquery.fancybox.css?v=2.1.5 HTTP/1.1" 200 4895
190.84.63.199 - - [08/Oct/2015:07:39:21 -0500] "GET /galeria/carrusel/Carrusel/jquery.thumbnailScroller.css HTTP/1.1" 200 2066
190.84.63.199 - - [08/Oct/2015:07:39:21 -0500] "GET /galeria/carrusel/Carrusel/jquery-ui-1.8.13.custom.min.js HTTP/1.1" 200 10800
190.84.63.199 - - [08/Oct/2015:07:39:21 -0500] "GET /galeria/carrusel/Carrusel/jquery.thumbnailScroller.js HTTP/1.1" 200 8157
200.118.133.139 - - [08/Oct/2015:07:39:23 -0500] "POST /forms/lservlet;jsessionid=ac16012b30d6c25985c9f6774e90b2b4d6dd38fd8dea.e3iSbxaKaheRe38Ka34Oa3eLbxf0n6jAmljGr5XDqQLvpAe HTTP/1.1" 200 2
186.85.90.90 - - [08/Oct/2015:07:39:23 -0500] "POST /forms/lservlet;jsessionid=ac16012b30d69363b3c64843451f9b0ff4b0849af480.e3iSbxaKaheRe38Ka34Oa3eLbxf0n6jAmljGr5XDqQLvpAe HTTP/1.1" 200 430
186.85.90.90 - - [08/Oct/2015:07:39:23 -0500] "POST /forms/lservlet;jsessionid=ac16012b30d69363b3c64843451f9b0ff4b0849af480.e3iSbxaKaheRe38Ka34Oa3eLbxf0n6jAmljGr5XDqQLvpAe HTTP/1.1" 200 441
186.85.90.90 - - [08/Oct/2015:07:39:23 -0500] "POST /forms/lservlet;jsessionid=ac16012b30d69363b3c64843451f9b0ff4b0849af480.e3iSbxaKaheRe38Ka34Oa3eLbxf0n6jAmljGr5XDqQLvpAe HTTP/1.1" 200 411
186.85.90.90 - - [08/Oct/2015:07:39:23 -0500] "POST /forms/lservlet;jsessionid=ac16012b30d69363b3c64843451f9b0ff4b0849af480.e3iSbxaKaheRe38Ka34Oa3eLbxf0n6jAmljGr5XDqQLvpAe HTTP/1.1" 200 393
190.84.63.199 - - [08/Oct/2015:07:39:25 -0500] "GET /galeria/nivo-slider/demo/demo.html HTTP/1.1" 200 3949
186.85.90.90 - - [08/Oct/2015:07:39:31 -0500] "POST /forms/lservlet;jsessionid=ac16012b30d69363b3c64843451f9b0ff4b0849af480.e3iSbxaKaheRe38Ka34Oa3eLbxf0n6jAmljGr5XDqQLvpAe HTTP/1.1" 200 435
186.85.90.90 - - [08/Oct/2015:07:39:32 -0500] "POST /forms/lservlet;jsessionid=ac16012b30d69363b3c64843451f9b0ff4b0849af480.e3iSbxaKaheRe38Ka34Oa3eLbxf0n6jAmljGr5XDqQLvpAe HTTP/1.1" 200 7
186.85.90.90 - - [08/Oct/2015:07:39:34 -0500] "POST /forms/lservlet;jsessionid=ac16012b30d69363b3c64843451f9b0ff4b0849af480.e3iSbxaKaheRe38Ka34Oa3eLbxf0n6jAmljGr5XDqQLvpAe HTTP/1.1" 200 286
186.85.90.90 - - [08/Oct/2015:07:39:34 -0500] "POST /forms/lservlet;jsessionid=ac16012b30d69363b3c64843451f9b0ff4b0849af480.e3iSbxaKaheRe38Ka34Oa3eLbxf0n6jAmljGr5XDqQLvpAe HTTP/1.1" 200 11
186.85.90.90 - - [08/Oct/2015:07:39:35 -0500] "POST /forms/lservlet;jsessionid=ac16012b30d69363b3c64843451f9b0ff4b0849af480.e3iSbxaKaheRe38Ka34Oa3eLbxf0n6jAmljGr5XDqQLvpAe HTTP/1.1" 200 299
186.85.90.90 - - [08/Oct/2015:07:39:35 -0500] "POST /forms/lservlet;jsessionid=ac16012b30d69363b3c64843451f9b0ff4b0849af480.e3iSbxaKaheRe38Ka34Oa3eLbxf0n6jAmljGr5XDqQLvpAe HTTP/1.1" 200 11
186.85.90.90 - - [08/Oct/2015:07:39:35 -0500] "POST /forms/lservlet;jsessionid=ac16012b30d69363b3c64843451f9b0ff4b0849af480.e3iSbxaKaheRe38Ka34Oa3eLbxf0n6jAmljGr5XDqQLvpAe HTTP/1.1" 200 299
186.85.90.90 - - [08/Oct/2015:07:39:35 -0500] "POST /forms/lservlet;jsessionid=ac16012b30d69363b3c64843451f9b0ff4b0849af480.e3iSbxaKaheRe38Ka34Oa3eLbxf0n6jAmljGr5XDqQLvpAe HTTP/1.1" 200 11
186.85.90.90 - - [08/Oct/2015:07:39:36 -0500] "POST /forms/lservlet;jsessionid=ac16012b30d69363b3c64843451f9b0ff4b0849af480.e3iSbxaKaheRe38Ka34Oa3eLbxf0n6jAmljGr5XDqQLvpAe HTTP/1.1" 200 352
186.85.90.90 - - [08/Oct/2015:07:39:37 -0500] "POST /forms/lservlet;jsessionid=ac16012b30d69363b3c64843451f9b0ff4b0849af480.e3iSbxaKaheRe38Ka34Oa3eLbxf0n6jAmljGr5XDqQLvpAe HTTP/1.1" 200 376
190.84.63.199 - - [08/Oct/2015:07:39:38 -0500] "GET /galeria/nivo-slider/themes/default/default.css HTTP/1.1" 200 1569
190.84.63.199 - - [08/Oct/2015:07:39:38 -0500] "GET /galeria/nivo-slider/themes/pascal/pascal.css HTTP/1.1" 200 2258
190.84.63.199 - - [08/Oct/2015:07:39:38 -0500] "GET /galeria/nivo-slider/themes/orman/orman.css HTTP/1.1" 200 2152
190.84.63.199 - - [08/Oct/2015:07:39:38 -0500] "GET /galeria/nivo-slider/nivo-slider.css HTTP/1.1" 200 1507
190.84.63.199 - - [08/Oct/2015:07:39:38 -0500] "GET /galeria/nivo-slider/demo/style.css HTTP/1.1" 200 2222
190.84.63.199 - - [08/Oct/2015:07:39:38 -0500] "GET /galeria/nivo-slider/demo/scripts/jquery-1.7.1.min.js HTTP/1.1" 200 93868
190.84.63.199 - - [08/Oct/2015:07:39:38 -0500] "GET /galeria/nivo-slider/jquery.nivo.slider.pack.js HTTP/1.1" 200 11561
190.84.63.199 - - [08/Oct/2015:07:39:38 -0500] "GET /galeria/nivo-slider/demo/images/Arbol-banner2015.jpg HTTP/1.1" 200 227081
190.84.63.199 - - [08/Oct/2015:07:39:38 -0500] "GET /galeria/nivo-slider/demo/images/Banner-ahorro-de-agua.jpg HTTP/1.1" 200 149141
190.84.63.199 - - [08/Oct/2015:07:39:38 -0500] "GET /galeria/nivo-slider/demo/images/Cmapana-onestidad.jpg HTTP/1.1" 200 141638
190.84.63.199 - - [08/Oct/2015:07:39:38 -0500] "GET /galeria/nivo-slider/demo/images/Banner-cursos.jpg HTTP/1.1" 200 207520
190.84.63.199 - - [08/Oct/2015:07:39:38 -0500] "GET /galeria/nivo-slider/demo/images/simulacro-busqueda-rescate-urbano.jpg HTTP/1.1" 200 251375
186.85.90.90 - - [08/Oct/2015:07:39:38 -0500] "POST /forms/lservlet;jsessionid=ac16012b30d69363b3c64843451f9b0ff4b0849af480.e3iSbxaKaheRe38Ka34Oa3eLbxf0n6jAmljGr5XDqQLvpAe HTTP/1.1" 200 347
181.49.188.4 - - [08/Oct/2015:07:39:38 -0500] "GET /BLA/boletinlegal/js/jquery.scrollShow.js HTTP/1.1" 304 -
181.49.188.4 - - [08/Oct/2015:07:39:38 -0500] "GET /galeria/galeria/jquery.fancybox.js?v=2.1.5 HTTP/1.1" 200 48706
190.84.63.199 - - [08/Oct/2015:07:39:38 -0500] "GET /galeria/nivo-slider/demo/images/Plan-Quinquenal.jpg HTTP/1.1" 200 412438
181.49.188.4 - - [08/Oct/2015:07:39:38 -0500] "GET /galeria/galeria/jquery.fancybox.css?v=2.1.5 HTTP/1.1" 200 4895
181.49.188.4 - - [08/Oct/2015:07:39:38 -0500] "GET /galeria/carrusel/Carrusel/jquery.thumbnailScroller.css HTTP/1.1" 304 -
181.49.188.4 - - [08/Oct/2015:07:39:38 -0500] "GET /galeria/carrusel/Carrusel/jquery-ui-1.8.13.custom.min.js HTTP/1.1" 304 -
181.49.188.4 - - [08/Oct/2015:07:39:39 -0500] "GET /galeria/carrusel/Carrusel/jquery.thumbnailScroller.js HTTP/1.1" 304 -
190.84.63.199 - - [08/Oct/2015:07:39:39 -0500] "GET /galeria/nivo-slider/demo/images/PREDAcamp.jpg HTTP/1.1" 200 295358
190.84.63.199 - - [08/Oct/2015:07:39:39 -0500] "GET /galeria/nivo-slider/demo/images/4Simple_Slider.png HTTP/1.1" 200 11722
186.85.90.90 - - [08/Oct/2015:07:39:39 -0500] "POST /forms/lservlet;jsessionid=ac16012b30d69363b3c64843451f9b0ff4b0849af480.e3iSbxaKaheRe38Ka34Oa3eLbxf0n6jAmljGr5XDqQLvpAe HTTP/1.1" 200 326
190.84.63.199 - - [08/Oct/2015:07:39:39 -0500] "GET /galeria/nivo-slider/themes/default/loading.gif HTTP/1.1" 200 1737
190.84.63.199 - - [08/Oct/2015:07:39:39 -0500] "GET /galeria/nivo-slider/demo/images/banner-llantas2.jpg HTTP/1.1" 200 204644
190.84.63.199 - - [08/Oct/2015:07:39:39 -0500] "GET /galeria/nivo-slider/demo/images/9Signos.jpg HTTP/1.1" 200 81776
181.49.188.4 - - [08/Oct/2015:07:39:39 -0500] "GET /galeria/nivo-slider/demo/demo.html HTTP/1.1" 200 3949
190.84.63.199 - - [08/Oct/2015:07:39:39 -0500] "GET /galeria/nivo-slider/demo/images/Comparendo-ambiental-Banner.jpg HTTP/1.1" 200 83731
190.84.63.199 - - [08/Oct/2015:07:39:39 -0500] "GET /galeria/nivo-slider/demo/images/Ruta-vertimientos-01.jpg HTTP/1.1" 200 130151
186.85.90.90 - - [08/Oct/2015:07:39:39 -0500] "POST /forms/lservlet;jsessionid=ac16012b30d69363b3c64843451f9b0ff4b0849af480.e3iSbxaKaheRe38Ka34Oa3eLbxf0n6jAmljGr5XDqQLvpAe HTTP/1.1" 200 342
181.49.188.4 - - [08/Oct/2015:07:39:40 -0500] "GET /galeria/nivo-slider/nivo-slider.css HTTP/1.1" 304 -
181.49.188.4 - - [08/Oct/2015:07:39:40 -0500] "GET /galeria/nivo-slider/demo/images/Arbol-banner2015.jpg HTTP/1.1" 200 227081
181.49.188.4 - - [08/Oct/2015:07:39:40 -0500] "GET /galeria/nivo-slider/themes/orman/orman.css HTTP/1.1" 304 -
181.49.188.4 - - [08/Oct/2015:07:39:40 -0500] "GET /galeria/nivo-slider/demo/style.css HTTP/1.1" 304 -
181.49.188.4 - - [08/Oct/2015:07:39:40 -0500] "GET /galeria/nivo-slider/themes/pascal/pascal.css HTTP/1.1" 304 -
181.49.188.4 - - [08/Oct/2015:07:39:40 -0500] "GET /galeria/nivo-slider/themes/default/default.css HTTP/1.1" 304 -
181.49.188.4 - - [08/Oct/2015:07:39:40 -0500] "GET /galeria/nivo-slider/demo/images/Banner-ahorro-de-agua.jpg HTTP/1.1" 200 149141
181.49.188.4 - - [08/Oct/2015:07:39:40 -0500] "GET /galeria/nivo-slider/demo/images/Banner-cursos.jpg HTTP/1.1" 200 207520
181.49.188.4 - - [08/Oct/2015:07:39:40 -0500] "GET /galeria/nivo-slider/demo/images/simulacro-busqueda-rescate-urbano.jpg HTTP/1.1" 304 -
181.49.188.4 - - [08/Oct/2015:07:39:40 -0500] "GET /galeria/nivo-slider/demo/images/Plan-Quinquenal.jpg HTTP/1.1" 304 -
181.49.188.4 - - [08/Oct/2015:07:39:40 -0500] "GET /galeria/nivo-slider/demo/images/Cmapana-onestidad.jpg HTTP/1.1" 200 141638
190.84.63.199 - - [08/Oct/2015:07:39:40 -0500] "GET /galeria/nivo-slider/demo/images/bolsas-06.jpg HTTP/1.1" 200 90982
181.49.188.4 - - [08/Oct/2015:07:39:40 -0500] "GET /galeria/nivo-slider/demo/images/PREDAcamp.jpg HTTP/1.1" 304 -
190.84.63.199 - - [08/Oct/2015:07:39:40 -0500] "GET /galeria/nivo-slider/demo/images/Conoce-los-humedales.jpg HTTP/1.1" 200 294036
181.49.188.4 - - [08/Oct/2015:07:39:40 -0500] "GET /galeria/nivo-slider/demo/images/banner-llantas2.jpg HTTP/1.1" 304 -
181.49.188.4 - - [08/Oct/2015:07:39:40 -0500] "GET /galeria/nivo-slider/demo/images/9Signos.jpg HTTP/1.1" 304 -
181.49.188.4 - - [08/Oct/2015:07:39:40 -0500] "GET /galeria/nivo-slider/demo/images/Comparendo-ambiental-Banner.jpg HTTP/1.1" 304 -
181.49.188.4 - - [08/Oct/2015:07:39:40 -0500] "GET /galeria/nivo-slider/demo/images/Ruta-vertimientos-01.jpg HTTP/1.1" 200 130151
190.84.63.199 - - [08/Oct/2015:07:39:40 -0500] "GET /galeria/nivo-slider/demo/images/ecolecta-Dic2014.png HTTP/1.1" 200 288593
181.49.188.4 - - [08/Oct/2015:07:39:40 -0500] "GET /galeria/nivo-slider/demo/images/bolsas-06.jpg HTTP/1.1" 304 -
181.49.188.4 - - [08/Oct/2015:07:39:40 -0500] "GET /galeria/nivo-slider/demo/images/Conoce-los-humedales.jpg HTTP/1.1" 304 -
181.49.188.4 - - [08/Oct/2015:07:39:41 -0500] "GET /galeria/nivo-slider/demo/images/ecolecta-Dic2014.png HTTP/1.1" 200 288593
181.49.188.4 - - [08/Oct/2015:07:39:41 -0500] "GET /galeria/nivo-slider/demo/scripts/jquery-1.7.1.min.js HTTP/1.1" 304 -
181.49.188.4 - - [08/Oct/2015:07:39:41 -0500] "GET /galeria/nivo-slider/jquery.nivo.slider.pack.js HTTP/1.1" 304 -
181.49.188.4 - - [08/Oct/2015:07:39:41 -0500] "GET /galeria/nivo-slider/demo/images/4Simple_Slider.png HTTP/1.1" 304 -
181.49.188.4 - - [08/Oct/2015:07:39:41 -0500] "GET /galeria/nivo-slider/themes/default/loading.gif HTTP/1.1" 304 -
181.49.188.4 - - [08/Oct/2015:07:39:42 -0500] "GET /galeria/nivo-slider/themes/default/bullets.png HTTP/1.1" 200 1281
181.49.188.4 - - [08/Oct/2015:07:39:42 -0500] "GET /galeria/nivo-slider/themes/default/arrows.png HTTP/1.1" 304 -
186.85.90.90 - - [08/Oct/2015:07:39:42 -0500] "POST /forms/lservlet;jsessionid=ac16012b30d69363b3c64843451f9b0ff4b0849af480.e3iSbxaKaheRe38Ka34Oa3eLbxf0n6jAmljGr5XDqQLvpAe HTTP/1.1" 200 331
190.0.5.14 - - [08/Oct/2015:07:39:43 -0500] "GET /BLA/resoluciones/RESOLUCIONES%202007/RES%202007%204201%20AL%204300/RESOLUCION%204202%20DE%202007.pdf HTTP/1.1" 200 344332
190.84.63.199 - - [08/Oct/2015:07:39:48 -0500] "GET /galeria/nivo-slider/themes/default/bullets.png HTTP/1.1" 200 1281
190.84.63.199 - - [08/Oct/2015:07:39:48 -0500] "GET /galeria/nivo-slider/themes/default/arrows.png HTTP/1.1" 200 824
186.85.90.90 - - [08/Oct/2015:07:39:48 -0500] "POST /forms/lservlet;jsessionid=ac16012b30d69363b3c64843451f9b0ff4b0849af480.e3iSbxaKaheRe38Ka34Oa3eLbxf0n6jAmljGr5XDqQLvpAe HTTP/1.1" 200 154
66.249.64.101 - - [08/Oct/2015:07:39:51 -0500] "GET /BLA/resoluciones/RESOLUCIONES%202009/6091.pdf HTTP/1.1" 200 530247
186.85.90.90 - - [08/Oct/2015:07:39:54 -0500] "POST /forms/lservlet;jsessionid=ac16012b30d69363b3c64843451f9b0ff4b0849af480.e3iSbxaKaheRe38Ka34Oa3eLbxf0n6jAmljGr5XDqQLvpAe HTTP/1.1" 200 323
186.85.90.90 - - [08/Oct/2015:07:39:54 -0500] "POST /forms/lservlet;jsessionid=ac16012b30d69363b3c64843451f9b0ff4b0849af480.e3iSbxaKaheRe38Ka34Oa3eLbxf0n6jAmljGr5XDqQLvpAe HTTP/1.1" 200 11
186.85.90.90 - - [08/Oct/2015:07:39:54 -0500] "POST /forms/lservlet;jsessionid=ac16012b30d69363b3c64843451f9b0ff4b0849af480.e3iSbxaKaheRe38Ka34Oa3eLbxf0n6jAmljGr5XDqQLvpAe HTTP/1.1" 200 352
186.85.90.90 - - [08/Oct/2015:07:39:54 -0500] "POST /forms/lservlet;jsessionid=ac16012b30d69363b3c64843451f9b0ff4b0849af480.e3iSbxaKaheRe38Ka34Oa3eLbxf0n6jAmljGr5XDqQLvpAe HTTP/1.1" 200 11
190.146.7.11 - - [08/Oct/2015:07:39:57 -0500] "GET /BLA/boletinlegal/normativa.php HTTP/1.1" 200 7023
186.85.90.90 - - [08/Oct/2015:07:39:57 -0500] "POST /forms/lservlet;jsessionid=ac16012b30d69363b3c64843451f9b0ff4b0849af480.e3iSbxaKaheRe38Ka34Oa3eLbxf0n6jAmljGr5XDqQLvpAe HTTP/1.1" 200 133
186.31.175.229 - - [08/Oct/2015:07:40:00 -0500] "POST /forms/lservlet;jsessionid=ac16012b30d6a64d2923fcb04a578f0691209623ff16.e3iSbxaKaheRe38Ka34Oa3eLbxf0n6jAmljGr5XDqQLvpAe HTTP/1.1" 200 2
190.146.7.11 - - [08/Oct/2015:07:40:01 -0500] "GET /BLA/boletinlegal/actos.php HTTP/1.1" 200 7551
190.146.7.11 - - [08/Oct/2015:07:40:01 -0500] "GET /BLA/boletinlegal/js/ajax_actos.js HTTP/1.1" 200 1322
190.146.7.11 - - [08/Oct/2015:07:40:01 -0500] "GET /BLA/boletinlegal/js/jquery1.js HTTP/1.1" 200 29846
190.146.7.11 - - [08/Oct/2015:07:40:01 -0500] "GET /BLA/boletinlegal/js/lib.js HTTP/1.1" 200 6474
190.146.7.11 - - [08/Oct/2015:07:40:01 -0500] "GET /BLA/boletinlegal/js/popup.js HTTP/1.1" 200 1270
190.146.7.11 - - [08/Oct/2015:07:40:01 -0500] "GET /BLA/boletinlegal/images/green-yellow-blue-pink-th.png HTTP/1.1" 200 7394
186.85.90.90 - - [08/Oct/2015:07:40:03 -0500] "POST /forms/lservlet;jsessionid=ac16012b30d69363b3c64843451f9b0ff4b0849af480.e3iSbxaKaheRe38Ka34Oa3eLbxf0n6jAmljGr5XDqQLvpAe HTTP/1.1" 200 146
190.146.7.11 - - [08/Oct/2015:07:40:03 -0500] "GET /BLA/boletinlegal/doctrina.php HTTP/1.1" 200 5010
190.146.7.11 - - [08/Oct/2015:07:40:03 -0500] "GET /BLA/boletinlegal/js/ajax_doctrina.js HTTP/1.1" 200 772
190.146.7.11 - - [08/Oct/2015:07:40:03 -0500] "GET /BLA/boletinlegal/images/sub_ul_li.gif HTTP/1.1" 200 343
190.146.7.11 - - [08/Oct/2015:07:39:40 -0500] "GET /BLA/boletinlegal/index.php? HTTP/1.1" 200 24523
190.146.7.11 - - [08/Oct/2015:07:40:05 -0500] "GET /BLA/boletinlegal/jurisprudencia.php HTTP/1.1" 200 12511
190.146.7.11 - - [08/Oct/2015:07:40:05 -0500] "GET /BLA/boletinlegal/images/hover.png HTTP/1.1" 200 59469
190.146.7.11 - - [08/Oct/2015:07:40:05 -0500] "GET /BLA/boletinlegal/images/jurisprudencia.png HTTP/1.1" 200 66721
186.85.90.90 - - [08/Oct/2015:07:40:07 -0500] "POST /forms/lservlet;jsessionid=ac16012b30d69363b3c64843451f9b0ff4b0849af480.e3iSbxaKaheRe38Ka34Oa3eLbxf0n6jAmljGr5XDqQLvpAe HTTP/1.1" 200 339
186.85.90.90 - - [08/Oct/2015:07:40:07 -0500] "POST /forms/lservlet;jsessionid=ac16012b30d69363b3c64843451f9b0ff4b0849af480.e3iSbxaKaheRe38Ka34Oa3eLbxf0n6jAmljGr5XDqQLvpAe HTTP/1.1" 200 11
186.85.90.90 - - [08/Oct/2015:07:40:08 -0500] "POST /forms/lservlet;jsessionid=ac16012b30d69363b3c64843451f9b0ff4b0849af480.e3iSbxaKaheRe38Ka34Oa3eLbxf0n6jAmljGr5XDqQLvpAe HTTP/1.1" 200 357
190.146.7.11 - - [08/Oct/2015:07:40:08 -0500] "GET /BLA/boletinlegal/conceptos.php HTTP/1.1" 200 6122
190.146.7.11 - - [08/Oct/2015:07:40:08 -0500] "GET /BLA/boletinlegal/js/ajax_conceptos.js HTTP/1.1" 200 1326
186.85.90.90 - - [08/Oct/2015:07:40:08 -0500] "POST /forms/lservlet;jsessionid=ac16012b30d69363b3c64843451f9b0ff4b0849af480.e3iSbxaKaheRe38Ka34Oa3eLbxf0n6jAmljGr5XDqQLvpAe HTTP/1.1" 200 11
186.85.90.90 - - [08/Oct/2015:07:40:11 -0500] "POST /forms/lservlet;jsessionid=ac16012b30d69363b3c64843451f9b0ff4b0849af480.e3iSbxaKaheRe38Ka34Oa3eLbxf0n6jAmljGr5XDqQLvpAe HTTP/1.1" 200 147
190.146.7.11 - - [08/Oct/2015:07:40:12 -0500] "GET /BLA/boletinlegal/normativa.php HTTP/1.1" 200 7023
177.252.141.44 - - [08/Oct/2015:07:40:24 -0500] "GET /BLA/resoluciones/AUTOS%202013/2391.pdf HTTP/1.1" 200 1907278
177.252.141.44 - - [08/Oct/2015:07:40:26 -0500] "GET /BLA/resoluciones/AUTOS%202013/2391.pdf HTTP/1.1" 200 1907278
180.76.15.10 - - [08/Oct/2015:07:40:39 -0500] "GET / HTTP/1.1" 200 10190
201.245.192.253 - - [08/Oct/2015:07:40:44 -0500] "GET /catalogoisis/ HTTP/1.1" 200 8575
66.249.64.101 - - [08/Oct/2015:07:40:44 -0500] "GET /BLA/resoluciones/RESOLUCIONES%202009/6699.pdf HTTP/1.1" 200 283033
190.146.7.11 - - [08/Oct/2015:07:40:47 -0500] "GET /BLA/boletinlegal/consulta_normativa.php?tipo=&sector=Aire&ano=&resuelve= HTTP/1.1" 200 949
186.85.90.90 - - [08/Oct/2015:07:40:48 -0500] "POST /forms/lservlet;jsessionid=ac16012b30d69363b3c64843451f9b0ff4b0849af480.e3iSbxaKaheRe38Ka34Oa3eLbxf0n6jAmljGr5XDqQLvpAe HTTP/1.1" 200 336
186.85.90.90 - - [08/Oct/2015:07:40:48 -0500] "POST /forms/lservlet;jsessionid=ac16012b30d69363b3c64843451f9b0ff4b0849af480.e3iSbxaKaheRe38Ka34Oa3eLbxf0n6jAmljGr5XDqQLvpAe HTTP/1.1" 200 11
190.146.7.11 - - [08/Oct/2015:07:40:48 -0500] "GET /BLA/boletinlegal/consulta_normativa.php?tipo=&sector=Aire&ano=&resuelve= HTTP/1.1" 200 949
186.119.118.74 - - [08/Oct/2015:07:40:57 -0500] "GET /galeria/galeria/jquery.fancybox.css?v=2.1.5 HTTP/1.1" 200 4895
186.119.118.74 - - [08/Oct/2015:07:40:57 -0500] "GET /galeria/galeria/jquery.fancybox.js?v=2.1.5 HTTP/1.1" 200 48706
186.119.118.74 - - [08/Oct/2015:07:40:57 -0500] "GET /BLA/boletinlegal/js/jquery.scrollShow.js HTTP/1.1" 200 4586
186.85.90.90 - - [08/Oct/2015:07:40:58 -0500] "POST /forms/lservlet;jsessionid=ac16012b30d69363b3c64843451f9b0ff4b0849af480.e3iSbxaKaheRe38Ka34Oa3eLbxf0n6jAmljGr5XDqQLvpAe HTTP/1.1" 200 2
186.85.90.90 - - [08/Oct/2015:07:40:59 -0500] "POST /forms/lservlet;jsessionid=ac16012b30d69363b3c64843451f9b0ff4b0849af480.e3iSbxaKaheRe38Ka34Oa3eLbxf0n6jAmljGr5XDqQLvpAe HTTP/1.1" 200 362
186.85.90.90 - - [08/Oct/2015:07:41:06 -0500] "POST /forms/lservlet;jsessionid=ac16012b30d69363b3c64843451f9b0ff4b0849af480.e3iSbxaKaheRe38Ka34Oa3eLbxf0n6jAmljGr5XDqQLvpAe HTTP/1.1" 200 339
186.85.90.90 - - [08/Oct/2015:07:41:06 -0500] "POST /forms/lservlet;jsessionid=ac16012b30d69363b3c64843451f9b0ff4b0849af480.e3iSbxaKaheRe38Ka34Oa3eLbxf0n6jAmljGr5XDqQLvpAe HTTP/1.1" 200 11
186.85.90.90 - - [08/Oct/2015:07:41:06 -0500] "POST /forms/lservlet;jsessionid=ac16012b30d69363b3c64843451f9b0ff4b0849af480.e3iSbxaKaheRe38Ka34Oa3eLbxf0n6jAmljGr5XDqQLvpAe HTTP/1.1" 200 339
186.85.90.90 - - [08/Oct/2015:07:41:06 -0500] "POST /forms/lservlet;jsessionid=ac16012b30d69363b3c64843451f9b0ff4b0849af480.e3iSbxaKaheRe38Ka34Oa3eLbxf0n6jAmljGr5XDqQLvpAe HTTP/1.1" 200 11
190.146.7.11 - - [08/Oct/2015:07:41:12 -0500] "GET /bla/resoluciones/RESOLUCIONES%202009/4955.pdf HTTP/1.1" 200 879460
190.146.7.11 - - [08/Oct/2015:07:41:14 -0500] "GET /bla/resoluciones/RESOLUCIONES%202009/4955.pdf HTTP/1.1" 206 32768
190.146.7.11 - - [08/Oct/2015:07:41:14 -0500] "GET /bla/resoluciones/RESOLUCIONES%202009/4955.pdf HTTP/1.1" 206 846692
186.85.90.90 - - [08/Oct/2015:07:41:15 -0500] "POST /forms/lservlet;jsessionid=ac16012b30d69363b3c64843451f9b0ff4b0849af480.e3iSbxaKaheRe38Ka34Oa3eLbxf0n6jAmljGr5XDqQLvpAe HTTP/1.1" 200 336
180.76.15.7 - - [08/Oct/2015:07:41:15 -0500] "GET / HTTP/1.1" 200 10190
186.85.90.90 - - [08/Oct/2015:07:41:15 -0500] "POST /forms/lservlet;jsessionid=ac16012b30d69363b3c64843451f9b0ff4b0849af480.e3iSbxaKaheRe38Ka34Oa3eLbxf0n6jAmljGr5XDqQLvpAe HTTP/1.1" 200 11
186.85.90.90 - - [08/Oct/2015:07:41:16 -0500] "POST /forms/lservlet;jsessionid=ac16012b30d69363b3c64843451f9b0ff4b0849af480.e3iSbxaKaheRe38Ka34Oa3eLbxf0n6jAmljGr5XDqQLvpAe HTTP/1.1" 200 339
186.85.90.90 - - [08/Oct/2015:07:41:16 -0500] "POST /forms/lservlet;jsessionid=ac16012b30d69363b3c64843451f9b0ff4b0849af480.e3iSbxaKaheRe38Ka34Oa3eLbxf0n6jAmljGr5XDqQLvpAe HTTP/1.1" 200 11
186.85.90.90 - - [08/Oct/2015:07:41:17 -0500] "POST /forms/lservlet;jsessionid=ac16012b30d69363b3c64843451f9b0ff4b0849af480.e3iSbxaKaheRe38Ka34Oa3eLbxf0n6jAmljGr5XDqQLvpAe HTTP/1.1" 200 378
186.85.90.90 - - [08/Oct/2015:07:41:18 -0500] "POST /forms/lservlet;jsessionid=ac16012b30d69363b3c64843451f9b0ff4b0849af480.e3iSbxaKaheRe38Ka34Oa3eLbxf0n6jAmljGr5XDqQLvpAe HTTP/1.1" 200 374
186.85.90.90 - - [08/Oct/2015:07:41:20 -0500] "POST /forms/lservlet;jsessionid=ac16012b30d69363b3c64843451f9b0ff4b0849af480.e3iSbxaKaheRe38Ka34Oa3eLbxf0n6jAmljGr5XDqQLvpAe HTTP/1.1" 200 343
186.85.90.90 - - [08/Oct/2015:07:41:20 -0500] "POST /forms/lservlet;jsessionid=ac16012b30d69363b3c64843451f9b0ff4b0849af480.e3iSbxaKaheRe38Ka34Oa3eLbxf0n6jAmljGr5XDqQLvpAe HTTP/1.1" 200 369
186.85.90.90 - - [08/Oct/2015:07:41:20 -0500] "POST /forms/lservlet;jsessionid=ac16012b30d69363b3c64843451f9b0ff4b0849af480.e3iSbxaKaheRe38Ka34Oa3eLbxf0n6jAmljGr5XDqQLvpAe HTTP/1.1" 200 371
186.85.90.90 - - [08/Oct/2015:07:41:20 -0500] "POST /forms/lservlet;jsessionid=ac16012b30d69363b3c64843451f9b0ff4b0849af480.e3iSbxaKaheRe38Ka34Oa3eLbxf0n6jAmljGr5XDqQLvpAe HTTP/1.1" 200 408
186.85.90.90 - - [08/Oct/2015:07:41:22 -0500] "POST /forms/lservlet;jsessionid=ac16012b30d69363b3c64843451f9b0ff4b0849af480.e3iSbxaKaheRe38Ka34Oa3eLbxf0n6jAmljGr5XDqQLvpAe HTTP/1.1" 200 434
186.85.90.90 - - [08/Oct/2015:07:41:22 -0500] "POST /forms/lservlet;jsessionid=ac16012b30d69363b3c64843451f9b0ff4b0849af480.e3iSbxaKaheRe38Ka34Oa3eLbxf0n6jAmljGr5XDqQLvpAe HTTP/1.1" 200 353
186.85.90.90 - - [08/Oct/2015:07:41:23 -0500] "POST /forms/lservlet;jsessionid=ac16012b30d69363b3c64843451f9b0ff4b0849af480.e3iSbxaKaheRe38Ka34Oa3eLbxf0n6jAmljGr5XDqQLvpAe HTTP/1.1" 200 384
200.118.133.139 - - [08/Oct/2015:07:41:23 -0500] "POST /forms/lservlet;jsessionid=ac16012b30d6c25985c9f6774e90b2b4d6dd38fd8dea.e3iSbxaKaheRe38Ka34Oa3eLbxf0n6jAmljGr5XDqQLvpAe HTTP/1.1" 200 2
186.85.90.90 - - [08/Oct/2015:07:41:23 -0500] "POST /forms/lservlet;jsessionid=ac16012b30d69363b3c64843451f9b0ff4b0849af480.e3iSbxaKaheRe38Ka34Oa3eLbxf0n6jAmljGr5XDqQLvpAe HTTP/1.1" 200 351
186.85.90.90 - - [08/Oct/2015:07:41:23 -0500] "POST /forms/lservlet;jsessionid=ac16012b30d69363b3c64843451f9b0ff4b0849af480.e3iSbxaKaheRe38Ka34Oa3eLbxf0n6jAmljGr5XDqQLvpAe HTTP/1.1" 200 347
186.85.90.90 - - [08/Oct/2015:07:41:25 -0500] "POST /forms/lservlet;jsessionid=ac16012b30d69363b3c64843451f9b0ff4b0849af480.e3iSbxaKaheRe38Ka34Oa3eLbxf0n6jAmljGr5XDqQLvpAe HTTP/1.1" 200 167
186.85.90.90 - - [08/Oct/2015:07:41:25 -0500] "POST /forms/lservlet;jsessionid=ac16012b30d69363b3c64843451f9b0ff4b0849af480.e3iSbxaKaheRe38Ka34Oa3eLbxf0n6jAmljGr5XDqQLvpAe HTTP/1.1" 200 7
172.22.2.1 - - [08/Oct/2015:07:41:48 -0500] "GET /galeria/nivo-slider/demo/demo.html HTTP/1.1" 200 3949
172.22.2.1 - - [08/Oct/2015:07:41:49 -0500] "GET /galeria/nivo-slider/themes/default/default.css HTTP/1.1" 304 -
172.22.2.1 - - [08/Oct/2015:07:41:49 -0500] "GET /galeria/nivo-slider/demo/images/Arbol-banner2015.jpg HTTP/1.1" 200 227081
172.22.2.1 - - [08/Oct/2015:07:41:49 -0500] "GET /galeria/nivo-slider/demo/images/Banner-ahorro-de-agua.jpg HTTP/1.1" 304 -
172.22.2.1 - - [08/Oct/2015:07:41:49 -0500] "GET /galeria/nivo-slider/demo/images/Banner-cursos.jpg HTTP/1.1" 304 -
172.22.2.1 - - [08/Oct/2015:07:41:49 -0500] "GET /galeria/nivo-slider/demo/images/Cmapana-onestidad.jpg HTTP/1.1" 200 141638
172.22.2.1 - - [08/Oct/2015:07:41:49 -0500] "GET /galeria/nivo-slider/demo/images/simulacro-busqueda-rescate-urbano.jpg HTTP/1.1" 206 1
172.22.2.1 - - [08/Oct/2015:07:41:50 -0500] "GET /galeria/nivo-slider/demo/images/Plan-Quinquenal.jpg HTTP/1.1" 206 1
172.22.2.1 - - [08/Oct/2015:07:41:50 -0500] "GET /galeria/nivo-slider/demo/images/PREDAcamp.jpg HTTP/1.1" 206 1
172.22.2.1 - - [08/Oct/2015:07:41:50 -0500] "GET /galeria/nivo-slider/demo/images/banner-llantas2.jpg HTTP/1.1" 200 204644
172.22.2.1 - - [08/Oct/2015:07:41:50 -0500] "GET /galeria/nivo-slider/demo/images/Plan-Quinquenal.jpg HTTP/1.1" 206 276925
172.22.2.1 - - [08/Oct/2015:07:41:50 -0500] "GET /galeria/nivo-slider/demo/images/simulacro-busqueda-rescate-urbano.jpg HTTP/1.1" 206 147982
172.22.2.1 - - [08/Oct/2015:07:41:50 -0500] "GET /galeria/nivo-slider/demo/images/PREDAcamp.jpg HTTP/1.1" 206 63485
172.22.2.1 - - [08/Oct/2015:07:41:53 -0500] "GET /galeria/nivo-slider/demo/images/9Signos.jpg HTTP/1.1" 200 81776
172.22.2.1 - - [08/Oct/2015:07:41:54 -0500] "GET /galeria/nivo-slider/demo/images/Comparendo-ambiental-Banner.jpg HTTP/1.1" 200 83731
172.22.2.1 - - [08/Oct/2015:07:41:54 -0500] "GET /galeria/nivo-slider/demo/images/Ruta-vertimientos-01.jpg HTTP/1.1" 200 130151
172.22.2.1 - - [08/Oct/2015:07:41:55 -0500] "GET /galeria/nivo-slider/demo/images/bolsas-06.jpg HTTP/1.1" 200 90982
172.22.2.1 - - [08/Oct/2015:07:41:57 -0500] "GET /galeria/nivo-slider/demo/images/Conoce-los-humedales.jpg HTTP/1.1" 200 294036
172.22.2.1 - - [08/Oct/2015:07:41:57 -0500] "GET /galeria/nivo-slider/demo/images/ecolecta-Dic2014.png HTTP/1.1" 200 288593
201.245.192.253 - - [08/Oct/2015:07:41:58 -0500] "GET /galeria/nivo-slider/demo/demo.html HTTP/1.1" 200 3949
201.245.192.253 - - [08/Oct/2015:07:41:59 -0500] "GET /galeria/nivo-slider/themes/default/default.css HTTP/1.1" 304 -
201.245.192.253 - - [08/Oct/2015:07:41:59 -0500] "GET /galeria/nivo-slider/demo/images/Arbol-banner2015.jpg HTTP/1.1" 200 227081
201.245.192.253 - - [08/Oct/2015:07:41:59 -0500] "GET /galeria/nivo-slider/demo/images/Cmapana-onestidad.jpg HTTP/1.1" 200 141638
201.245.192.253 - - [08/Oct/2015:07:42:00 -0500] "GET /galeria/nivo-slider/demo/images/Banner-ahorro-de-agua.jpg HTTP/1.1" 304 -
201.245.192.253 - - [08/Oct/2015:07:42:00 -0500] "GET /galeria/nivo-slider/demo/images/Banner-cursos.jpg HTTP/1.1" 304 -
201.245.192.253 - - [08/Oct/2015:07:42:00 -0500] "GET /galeria/nivo-slider/demo/images/simulacro-busqueda-rescate-urbano.jpg HTTP/1.1" 304 -
186.31.175.229 - - [08/Oct/2015:07:42:00 -0500] "POST /forms/lservlet;jsessionid=ac16012b30d6a64d2923fcb04a578f0691209623ff16.e3iSbxaKaheRe38Ka34Oa3eLbxf0n6jAmljGr5XDqQLvpAe HTTP/1.1" 200 2
186.85.90.90 - - [08/Oct/2015:07:42:02 -0500] "POST /forms/lservlet;jsessionid=ac16012b30d69363b3c64843451f9b0ff4b0849af480.e3iSbxaKaheRe38Ka34Oa3eLbxf0n6jAmljGr5XDqQLvpAe HTTP/1.1" 200 152
186.85.90.90 - - [08/Oct/2015:07:42:02 -0500] "POST /forms/lservlet;jsessionid=ac16012b30d69363b3c64843451f9b0ff4b0849af480.e3iSbxaKaheRe38Ka34Oa3eLbxf0n6jAmljGr5XDqQLvpAe HTTP/1.1" 200 8
186.85.90.90 - - [08/Oct/2015:07:42:02 -0500] "POST /forms/lservlet;jsessionid=ac16012b30d69363b3c64843451f9b0ff4b0849af480.e3iSbxaKaheRe38Ka34Oa3eLbxf0n6jAmljGr5XDqQLvpAe HTTP/1.1" 200 2
186.85.90.90 - - [08/Oct/2015:07:42:03 -0500] "POST /forms/lservlet;jsessionid=ac16012b30d69363b3c64843451f9b0ff4b0849af480.e3iSbxaKaheRe38Ka34Oa3eLbxf0n6jAmljGr5XDqQLvpAe HTTP/1.1" 200 2
186.85.90.90 - - [08/Oct/2015:07:42:03 -0500] "POST /forms/lservlet;jsessionid=ac16012b30d69363b3c64843451f9b0ff4b0849af480.e3iSbxaKaheRe38Ka34Oa3eLbxf0n6jAmljGr5XDqQLvpAe HTTP/1.1" 200 8
186.85.90.90 - - [08/Oct/2015:07:42:03 -0500] "POST /forms/lservlet;jsessionid=ac16012b30d69363b3c64843451f9b0ff4b0849af480.e3iSbxaKaheRe38Ka34Oa3eLbxf0n6jAmljGr5XDqQLvpAe HTTP/1.1" 200 2
172.22.2.1 - - [08/Oct/2015:07:42:03 -0500] "GET /galeria/nivo-slider/themes/default/arrows.png HTTP/1.1" 200 824
172.22.2.1 - - [08/Oct/2015:07:42:03 -0500] "GET /galeria/nivo-slider/themes/default/bullets.png HTTP/1.1" 200 1281
172.22.2.1 - - [08/Oct/2015:07:42:04 -0500] "GET /BLA/boletinlegal/js/jquery.scrollShow.js HTTP/1.1" 304 -
172.22.2.1 - - [08/Oct/2015:07:42:04 -0500] "GET /galeria/galeria/jquery.fancybox.js?v=2.1.5 HTTP/1.1" 304 -
172.22.2.1 - - [08/Oct/2015:07:42:04 -0500] "GET /galeria/galeria/jquery.fancybox.css?v=2.1.5 HTTP/1.1" 304 -
186.119.118.74 - - [08/Oct/2015:07:42:25 -0500] "GET /galeria/galeria/jquery.fancybox.css?v=2.1.5 HTTP/1.1" 304 -
186.119.118.74 - - [08/Oct/2015:07:42:25 -0500] "GET /BLA/boletinlegal/js/jquery.scrollShow.js HTTP/1.1" 304 -
186.119.118.74 - - [08/Oct/2015:07:42:25 -0500] "GET /galeria/galeria/jquery.fancybox.js?v=2.1.5 HTTP/1.1" 304 -
186.85.90.90 - - [08/Oct/2015:07:42:27 -0500] "POST /forms/lservlet;jsessionid=ac16012b30d69363b3c64843451f9b0ff4b0849af480.e3iSbxaKaheRe38Ka34Oa3eLbxf0n6jAmljGr5XDqQLvpAe HTTP/1.1" 200 2
186.85.90.90 - - [08/Oct/2015:07:42:27 -0500] "POST /forms/lservlet;jsessionid=ac16012b30d69363b3c64843451f9b0ff4b0849af480.e3iSbxaKaheRe38Ka34Oa3eLbxf0n6jAmljGr5XDqQLvpAe HTTP/1.1" 200 8
186.85.90.90 - - [08/Oct/2015:07:42:27 -0500] "POST /forms/lservlet;jsessionid=ac16012b30d69363b3c64843451f9b0ff4b0849af480.e3iSbxaKaheRe38Ka34Oa3eLbxf0n6jAmljGr5XDqQLvpAe HTTP/1.1" 200 2
200.75.47.130 - - [08/Oct/2015:07:42:28 -0500] "GET /BLA/boletinlegal/js/jquery.scrollShow.js HTTP/1.1" 200 4586
200.75.47.130 - - [08/Oct/2015:07:42:28 -0500] "GET /galeria/galeria/jquery.fancybox.css?v=2.1.5 HTTP/1.1" 200 4895
200.75.47.130 - - [08/Oct/2015:07:42:28 -0500] "GET /galeria/carrusel/Carrusel/jquery.thumbnailScroller.css HTTP/1.1" 200 2066
200.75.47.130 - - [08/Oct/2015:07:42:28 -0500] "GET /galeria/galeria/jquery.fancybox.js?v=2.1.5 HTTP/1.1" 200 48706
200.75.47.130 - - [08/Oct/2015:07:42:28 -0500] "GET /galeria/carrusel/Carrusel/jquery.thumbnailScroller.js HTTP/1.1" 200 8157
200.75.47.130 - - [08/Oct/2015:07:42:28 -0500] "GET /galeria/carrusel/Carrusel/jquery-ui-1.8.13.custom.min.js HTTP/1.1" 200 10800
200.75.47.130 - - [08/Oct/2015:07:42:29 -0500] "GET /galeria/nivo-slider/demo/demo.html HTTP/1.1" 200 3949
200.75.47.130 - - [08/Oct/2015:07:42:29 -0500] "GET /galeria/nivo-slider/nivo-slider.css HTTP/1.1" 200 1507
200.75.47.130 - - [08/Oct/2015:07:42:29 -0500] "GET /galeria/nivo-slider/themes/pascal/pascal.css HTTP/1.1" 200 2258
200.75.47.130 - - [08/Oct/2015:07:42:29 -0500] "GET /galeria/nivo-slider/demo/style.css HTTP/1.1" 200 2222
200.75.47.130 - - [08/Oct/2015:07:42:29 -0500] "GET /galeria/nivo-slider/themes/default/default.css HTTP/1.1" 200 1569
200.75.47.130 - - [08/Oct/2015:07:42:29 -0500] "GET /galeria/nivo-slider/themes/orman/orman.css HTTP/1.1" 200 2152
200.75.47.130 - - [08/Oct/2015:07:42:29 -0500] "GET /galeria/nivo-slider/demo/images/Arbol-banner2015.jpg HTTP/1.1" 200 227081
200.75.47.130 - - [08/Oct/2015:07:42:29 -0500] "GET /galeria/nivo-slider/demo/images/Cmapana-onestidad.jpg HTTP/1.1" 200 141638
200.75.47.130 - - [08/Oct/2015:07:42:29 -0500] "GET /galeria/nivo-slider/demo/images/Banner-ahorro-de-agua.jpg HTTP/1.1" 200 149141
200.75.47.130 - - [08/Oct/2015:07:42:29 -0500] "GET /galeria/nivo-slider/demo/images/Banner-cursos.jpg HTTP/1.1" 200 207520
200.75.47.130 - - [08/Oct/2015:07:42:29 -0500] "GET /galeria/nivo-slider/jquery.nivo.slider.pack.js HTTP/1.1" 200 11561
200.75.47.130 - - [08/Oct/2015:07:42:29 -0500] "GET /galeria/nivo-slider/demo/scripts/jquery-1.7.1.min.js HTTP/1.1" 200 93868
