66.249.75.165 - - [14/Oct/2015:04:53:37 -0500] "GET /BLA/resoluciones/RESOLUCIONES%202007/RES%202007%202001%20AL%202100/RESOLUCION%202052%20DE%202007.pdf HTTP/1.1" 200 304965
66.249.75.165 - - [14/Oct/2015:04:53:43 -0500] "GET /BLA/resoluciones/AUTOS%202013/3493.pdf HTTP/1.1" 200 270826
151.80.31.118 - - [14/Oct/2015:04:54:16 -0500] "GET /BLA/resoluciones/RESOLUCIONES%202002/RES%202002%20401-450/00000450.tif HTTP/1.1" 200 165118
66.249.75.174 - - [14/Oct/2015:04:55:14 -0500] "GET /BLA/resoluciones/RESOLUCIONES%202014/0050.pdf HTTP/1.1" 200 496253
79.170.40.182 - - [14/Oct/2015:04:55:28 -0500] "GET /test/wp-admin/ HTTP/1.1" 404 1018
74.86.158.107 - - [14/Oct/2015:04:55:30 -0500] "HEAD / HTTP/1.1" 200 -
186.113.86.20 - - [14/Oct/2015:04:55:41 -0500] "GET /galeria/galeria/jquery.fancybox.css?v=2.1.5 HTTP/1.1" 200 4895
186.113.86.20 - - [14/Oct/2015:04:55:41 -0500] "GET /BLA/boletinlegal/js/jquery.scrollShow.js HTTP/1.1" 200 4586
186.113.86.20 - - [14/Oct/2015:04:55:41 -0500] "GET /galeria/galeria/jquery.fancybox.js?v=2.1.5 HTTP/1.1" 200 48706
186.113.86.20 - - [14/Oct/2015:04:55:41 -0500] "GET /galeria/carrusel/Carrusel/jquery.thumbnailScroller.css HTTP/1.1" 200 2066
186.113.86.20 - - [14/Oct/2015:04:55:41 -0500] "GET /galeria/carrusel/Carrusel/jquery-ui-1.8.13.custom.min.js HTTP/1.1" 200 10800
186.113.86.20 - - [14/Oct/2015:04:55:41 -0500] "GET /galeria/carrusel/Carrusel/jquery.thumbnailScroller.js HTTP/1.1" 200 8157
66.249.75.174 - - [14/Oct/2015:04:55:43 -0500] "GET /BLA/resoluciones/RESOLUCIONES%202011/4619.pdf HTTP/1.1" 200 974440
186.113.86.20 - - [14/Oct/2015:04:55:45 -0500] "GET /galeria/nivo-slider/demo/demo.html HTTP/1.1" 200 3893
186.113.86.20 - - [14/Oct/2015:04:55:45 -0500] "GET /galeria/nivo-slider/themes/default/default.css HTTP/1.1" 200 1569
186.113.86.20 - - [14/Oct/2015:04:55:45 -0500] "GET /galeria/nivo-slider/themes/pascal/pascal.css HTTP/1.1" 200 2258
186.113.86.20 - - [14/Oct/2015:04:55:45 -0500] "GET /galeria/nivo-slider/themes/orman/orman.css HTTP/1.1" 200 2152
186.113.86.20 - - [14/Oct/2015:04:55:45 -0500] "GET /galeria/nivo-slider/nivo-slider.css HTTP/1.1" 200 1507
186.113.86.20 - - [14/Oct/2015:04:55:45 -0500] "GET /galeria/nivo-slider/demo/style.css HTTP/1.1" 200 2222
186.113.86.20 - - [14/Oct/2015:04:55:45 -0500] "GET /galeria/nivo-slider/demo/scripts/jquery-1.7.1.min.js HTTP/1.1" 200 93868
186.113.86.20 - - [14/Oct/2015:04:55:45 -0500] "GET /galeria/nivo-slider/jquery.nivo.slider.pack.js HTTP/1.1" 200 11561
186.113.86.20 - - [14/Oct/2015:04:55:45 -0500] "GET /galeria/nivo-slider/demo/images/rendicion-de-cuentas-formulario.jpg HTTP/1.1" 200 166357
186.113.86.20 - - [14/Oct/2015:04:55:45 -0500] "GET /galeria/nivo-slider/demo/images/Arbol-banner2015.jpg HTTP/1.1" 200 227081
186.113.86.20 - - [14/Oct/2015:04:55:46 -0500] "GET /galeria/nivo-slider/demo/images/Banner-ahorro-de-agua.jpg HTTP/1.1" 200 149141
186.113.86.20 - - [14/Oct/2015:04:55:46 -0500] "GET /galeria/nivo-slider/demo/images/Cmapana-onestidad.jpg HTTP/1.1" 200 141638
186.113.86.20 - - [14/Oct/2015:04:55:47 -0500] "GET /galeria/nivo-slider/demo/images/Plan-Quinquenal.jpg HTTP/1.1" 200 412438
186.113.86.20 - - [14/Oct/2015:04:55:47 -0500] "GET /galeria/nivo-slider/demo/images/PREDAcamp.jpg HTTP/1.1" 200 295358
186.113.86.20 - - [14/Oct/2015:04:55:47 -0500] "GET /galeria/nivo-slider/demo/images/banner-llantas2.jpg HTTP/1.1" 200 204644
186.113.86.20 - - [14/Oct/2015:04:55:47 -0500] "GET /galeria/nivo-slider/demo/images/9Signos.jpg HTTP/1.1" 200 81776
186.113.86.20 - - [14/Oct/2015:04:55:48 -0500] "GET /galeria/nivo-slider/demo/images/4Simple_Slider.png HTTP/1.1" 200 11722
186.113.86.20 - - [14/Oct/2015:04:55:48 -0500] "GET /galeria/nivo-slider/themes/default/loading.gif HTTP/1.1" 200 1737
186.113.86.20 - - [14/Oct/2015:04:55:48 -0500] "GET /galeria/nivo-slider/demo/images/Ruta-vertimientos-01.jpg HTTP/1.1" 200 130151
186.113.86.20 - - [14/Oct/2015:04:55:48 -0500] "GET /galeria/nivo-slider/demo/images/ecolecta-Dic2014.png HTTP/1.1" 200 288593
186.113.86.20 - - [14/Oct/2015:04:55:48 -0500] "GET /galeria/nivo-slider/demo/images/Comparendo-ambiental-Banner.jpg HTTP/1.1" 200 83731
186.113.86.20 - - [14/Oct/2015:04:55:48 -0500] "GET /galeria/nivo-slider/demo/images/bolsas-06.jpg HTTP/1.1" 200 90982
186.113.86.20 - - [14/Oct/2015:04:55:49 -0500] "GET /galeria/nivo-slider/demo/images/Conoce-los-humedales.jpg HTTP/1.1" 200 294036
186.113.86.20 - - [14/Oct/2015:04:55:50 -0500] "GET /galeria/nivo-slider/themes/default/bullets.png HTTP/1.1" 200 1281
186.113.86.20 - - [14/Oct/2015:04:55:50 -0500] "GET /galeria/nivo-slider/themes/default/arrows.png HTTP/1.1" 200 824
151.80.31.118 - - [14/Oct/2015:04:56:05 -0500] "GET /autoliquidacion/index.php?dir=TR%C3%83%C2%81MITES+ACEITES-RESIDUOS-ESTACIONES%2F HTTP/1.1" 200 6647
181.61.58.196 - - [14/Oct/2015:04:56:14 -0500] "GET /BLA/boletinlegal/js/jquery.scrollShow.js HTTP/1.1" 200 4586
181.61.58.196 - - [14/Oct/2015:04:56:14 -0500] "GET /galeria/galeria/jquery.fancybox.js?v=2.1.5 HTTP/1.1" 200 48706
181.61.58.196 - - [14/Oct/2015:04:56:15 -0500] "GET /galeria/galeria/jquery.fancybox.css?v=2.1.5 HTTP/1.1" 200 4895
147.96.249.18 - - [14/Oct/2015:04:56:23 -0500] "GET /wp-content/uploads/2015/08/banner2.png HTTP/1.1" 301 362
147.96.249.18 - - [14/Oct/2015:04:56:27 -0500] "GET /wp-content/uploads/2015/08/fotos1b.png HTTP/1.1" 301 362
147.96.249.18 - - [14/Oct/2015:04:56:27 -0500] "GET /wp-content/uploads/2015/08/fotos2b.png HTTP/1.1" 301 362
147.96.249.18 - - [14/Oct/2015:04:56:27 -0500] "GET /wp-content/uploads/2015/08/fotos3b.png HTTP/1.1" 301 362
147.96.249.18 - - [14/Oct/2015:04:56:27 -0500] "GET /wp-content/uploads/2015/08/danos.png HTTP/1.1" 301 360
147.96.249.18 - - [14/Oct/2015:04:56:27 -0500] "GET /wp-content/uploads/2015/07/UNO.png HTTP/1.1" 301 358
147.96.249.18 - - [14/Oct/2015:04:56:27 -0500] "GET /wp-content/uploads/2015/07/DOS.png HTTP/1.1" 301 358
147.96.249.18 - - [14/Oct/2015:04:56:28 -0500] "GET /wp-content/uploads/2015/07/TERCER.png HTTP/1.1" 301 361
147.96.249.18 - - [14/Oct/2015:04:56:28 -0500] "GET /wp-content/uploads/2015/07/CUARTO.png HTTP/1.1" 301 361
66.249.75.174 - - [14/Oct/2015:04:56:45 -0500] "GET /BLA/resoluciones/AUTOS%202013/2255.pdf HTTP/1.1" 200 567912
151.80.31.118 - - [14/Oct/2015:04:57:25 -0500] "GET /BLA/resoluciones/RESOLUCIONES%202006/RES%202006%201401-1450/00001408.tif HTTP/1.1" 200 228914
66.249.75.156 - - [14/Oct/2015:04:57:50 -0500] "GET /BLA/resoluciones/RESOLUCIONES%202010/7839.pdf HTTP/1.1" 200 282881
66.249.75.174 - - [14/Oct/2015:04:58:17 -0500] "GET /BLA/resoluciones/AUTOS%202013/1400.pdf HTTP/1.1" 200 1801068
201.234.75.11 - - [14/Oct/2015:04:58:20 -0500] "GET /galeria/galeria/fotos/Movilizacion4P.jpg HTTP/1.1" 304 -
66.249.75.174 - - [14/Oct/2015:04:59:48 -0500] "GET /BLA/resoluciones/AUTOS%202009/2945.pdf HTTP/1.1" 200 102219
66.249.75.165 - - [14/Oct/2015:04:59:57 -0500] "GET /BLA/resoluciones/AUTOS%202008/0688.pdf HTTP/1.1" 200 139782
74.86.158.107 - - [14/Oct/2015:05:00:30 -0500] "HEAD / HTTP/1.1" 200 -
181.128.244.218 - - [14/Oct/2015:05:00:46 -0500] "GET /galeria/galeria/jquery.fancybox.css?v=2.1.5 HTTP/1.1" 200 4895
181.128.244.218 - - [14/Oct/2015:05:00:46 -0500] "GET /BLA/boletinlegal/js/jquery.scrollShow.js HTTP/1.1" 200 4586
181.128.244.218 - - [14/Oct/2015:05:00:46 -0500] "GET /galeria/galeria/jquery.fancybox.js?v=2.1.5 HTTP/1.1" 200 48706
181.128.244.218 - - [14/Oct/2015:05:00:51 -0500] "GET /BLA/boletinlegal/js/jquery.scrollShow.js HTTP/1.1" 304 -
181.128.244.218 - - [14/Oct/2015:05:00:51 -0500] "GET /galeria/galeria/jquery.fancybox.js?v=2.1.5 HTTP/1.1" 304 -
181.128.244.218 - - [14/Oct/2015:05:00:51 -0500] "GET /galeria/galeria/jquery.fancybox.css?v=2.1.5 HTTP/1.1" 304 -
151.80.31.118 - - [14/Oct/2015:05:00:53 -0500] "GET /BLA/resoluciones/RESOLUCIONES%202001/2001%20100-149.TIF HTTP/1.1" 200 9839060
66.249.75.174 - - [14/Oct/2015:05:01:06 -0500] "GET /BLA/boletinlegal/js/jquery.scrollShow.js HTTP/1.1" 200 4586
66.249.75.156 - - [14/Oct/2015:05:01:06 -0500] "GET /galeria/carrusel/Carrusel/jquery.thumbnailScroller.css HTTP/1.1" 200 2066
66.249.75.156 - - [14/Oct/2015:05:01:06 -0500] "GET /galeria/carrusel/Carrusel/jquery-ui-1.8.13.custom.min.js HTTP/1.1" 200 10800
66.249.75.165 - - [14/Oct/2015:05:01:07 -0500] "GET /galeria/carrusel/Carrusel/jquery.thumbnailScroller.js HTTP/1.1" 200 8157
66.249.75.165 - - [14/Oct/2015:05:01:08 -0500] "GET /galeria/galeria/jquery.fancybox.css?v=2.1.5 HTTP/1.1" 200 4895
66.249.75.156 - - [14/Oct/2015:05:01:09 -0500] "GET /galeria/galeria/jquery.fancybox.js?v=2.1.5 HTTP/1.1" 200 48706
66.249.75.174 - - [14/Oct/2015:05:01:19 -0500] "GET /BLA/resoluciones/RESOLUCIONES%202010/0008.pdf HTTP/1.1" 304 -
66.249.75.174 - - [14/Oct/2015:05:01:22 -0500] "GET /galeria/nivo-slider/demo/demo.html HTTP/1.1" 200 3893
66.249.75.174 - - [14/Oct/2015:05:01:22 -0500] "GET /galeria/nivo-slider/nivo-slider.css HTTP/1.1" 200 1507
66.249.75.165 - - [14/Oct/2015:05:01:23 -0500] "GET /galeria/nivo-slider/demo/scripts/jquery-1.7.1.min.js HTTP/1.1" 200 93868
66.249.75.174 - - [14/Oct/2015:05:01:24 -0500] "GET /galeria/nivo-slider/themes/default/default.css HTTP/1.1" 200 1569
66.249.75.174 - - [14/Oct/2015:05:01:24 -0500] "GET /galeria/nivo-slider/demo/style.css HTTP/1.1" 200 2222
66.249.75.174 - - [14/Oct/2015:05:01:25 -0500] "GET /galeria/nivo-slider/jquery.nivo.slider.pack.js HTTP/1.1" 200 11561
66.249.75.165 - - [14/Oct/2015:05:01:26 -0500] "GET /galeria/nivo-slider/themes/orman/orman.css HTTP/1.1" 200 2152
66.249.75.165 - - [14/Oct/2015:05:01:27 -0500] "GET /galeria/nivo-slider/themes/pascal/pascal.css HTTP/1.1" 200 2258
54.77.20.194 - - [14/Oct/2015:05:01:52 -0500] "GET /arcgis/services/Calidad_del_Agua_WQI/MapServer/WMSServer?request=GetCapabilities&service=WMS HTTP/1.1" 200 32135
66.249.75.165 - - [14/Oct/2015:05:02:04 -0500] "GET /BLA/resoluciones/RESOLUCIONES%202007/RES%202007%203101%20AL%203200/RESOLUCION%203197%20DE%202007.pdf HTTP/1.1" 200 192221
151.80.31.118 - - [14/Oct/2015:05:02:17 -0500] "GET /BLA/resoluciones/RESOLUCIONES%202006/RES%202006%20401-450/00000419.tif HTTP/1.1" 200 164866
79.170.40.182 - - [14/Oct/2015:05:02:26 -0500] "GET /wordpress/wp-admin/ HTTP/1.1" 404 1018
186.30.96.132 - - [14/Oct/2015:05:02:40 -0500] "GET /galeria/galeria/jquery.fancybox.css?v=2.1.5 HTTP/1.1" 200 4895
186.30.96.132 - - [14/Oct/2015:05:02:40 -0500] "GET /galeria/galeria/jquery.fancybox.js?v=2.1.5 HTTP/1.1" 200 48706
186.30.96.132 - - [14/Oct/2015:05:02:40 -0500] "GET /BLA/boletinlegal/js/jquery.scrollShow.js HTTP/1.1" 200 4586
186.30.96.132 - - [14/Oct/2015:05:02:49 -0500] "GET /BLA/boletinlegal/js/jquery.scrollShow.js HTTP/1.1" 304 -
186.30.96.132 - - [14/Oct/2015:05:02:49 -0500] "GET /galeria/galeria/jquery.fancybox.js?v=2.1.5 HTTP/1.1" 304 -
186.30.96.132 - - [14/Oct/2015:05:02:49 -0500] "GET /galeria/galeria/jquery.fancybox.css?v=2.1.5 HTTP/1.1" 304 -
66.249.75.174 - - [14/Oct/2015:05:02:50 -0500] "GET /transparencia/directorioservidores/abril2015.pdf HTTP/1.1" 304 -
180.76.15.159 - - [14/Oct/2015:05:03:44 -0500] "GET /BLA/boletinlegal/jurisprudencia/analisis/Analisis%20Sentencia%20T-1077,%202%20corregida.doc HTTP/1.1" 200 47616
66.249.75.174 - - [14/Oct/2015:05:04:11 -0500] "GET /BLA/resoluciones/index.php?dir=AUTOS+2006%2F HTTP/1.1" 200 9519
186.154.48.188 - - [14/Oct/2015:05:04:54 -0500] "GET /BLA/boletinlegal/js/jquery.scrollShow.js HTTP/1.1" 200 4586
186.154.48.188 - - [14/Oct/2015:05:04:54 -0500] "GET /galeria/galeria/jquery.fancybox.js?v=2.1.5 HTTP/1.1" 200 48706
186.154.48.188 - - [14/Oct/2015:05:04:54 -0500] "GET /galeria/galeria/jquery.fancybox.css?v=2.1.5 HTTP/1.1" 200 4895
186.154.48.188 - - [14/Oct/2015:05:04:54 -0500] "GET /galeria/carrusel/Carrusel/jquery.thumbnailScroller.css HTTP/1.1" 200 2066
186.154.48.188 - - [14/Oct/2015:05:04:54 -0500] "GET /galeria/carrusel/Carrusel/jquery-ui-1.8.13.custom.min.js HTTP/1.1" 200 10800
186.154.48.188 - - [14/Oct/2015:05:04:54 -0500] "GET /galeria/carrusel/Carrusel/jquery.thumbnailScroller.js HTTP/1.1" 200 8157
186.154.48.188 - - [14/Oct/2015:05:04:56 -0500] "GET /galeria/nivo-slider/demo/demo.html HTTP/1.1" 200 3893
186.28.167.46 - - [14/Oct/2015:05:04:56 -0500] "GET /BLA/resoluciones/AUTOS%202014/0706.pdf HTTP/1.1" 200 808042
186.154.48.188 - - [14/Oct/2015:05:04:57 -0500] "GET /galeria/nivo-slider/themes/default/default.css HTTP/1.1" 200 1569
186.154.48.188 - - [14/Oct/2015:05:04:57 -0500] "GET /galeria/nivo-slider/themes/pascal/pascal.css HTTP/1.1" 200 2258
186.154.48.188 - - [14/Oct/2015:05:04:57 -0500] "GET /galeria/nivo-slider/themes/orman/orman.css HTTP/1.1" 200 2152
186.154.48.188 - - [14/Oct/2015:05:04:57 -0500] "GET /galeria/nivo-slider/nivo-slider.css HTTP/1.1" 200 1507
186.154.48.188 - - [14/Oct/2015:05:04:57 -0500] "GET /galeria/nivo-slider/demo/style.css HTTP/1.1" 200 2222
186.154.48.188 - - [14/Oct/2015:05:04:57 -0500] "GET /galeria/nivo-slider/demo/images/rendicion-de-cuentas-formulario.jpg HTTP/1.1" 200 166357
186.154.48.188 - - [14/Oct/2015:05:04:57 -0500] "GET /galeria/nivo-slider/demo/images/Arbol-banner2015.jpg HTTP/1.1" 200 227081
186.154.48.188 - - [14/Oct/2015:05:04:57 -0500] "GET /galeria/nivo-slider/demo/images/Banner-ahorro-de-agua.jpg HTTP/1.1" 200 149141
186.154.48.188 - - [14/Oct/2015:05:04:57 -0500] "GET /galeria/nivo-slider/demo/images/Cmapana-onestidad.jpg HTTP/1.1" 200 141638
186.154.48.188 - - [14/Oct/2015:05:04:57 -0500] "GET /galeria/nivo-slider/demo/images/Plan-Quinquenal.jpg HTTP/1.1" 200 412438
186.154.48.188 - - [14/Oct/2015:05:04:57 -0500] "GET /galeria/nivo-slider/demo/images/PREDAcamp.jpg HTTP/1.1" 200 295358
186.28.167.46 - - [14/Oct/2015:05:04:57 -0500] "GET /favicon.ico HTTP/1.1" 200 7782
186.154.48.188 - - [14/Oct/2015:05:04:57 -0500] "GET /galeria/nivo-slider/demo/images/banner-llantas2.jpg HTTP/1.1" 200 204644
186.154.48.188 - - [14/Oct/2015:05:04:58 -0500] "GET /galeria/nivo-slider/demo/scripts/jquery-1.7.1.min.js HTTP/1.1" 200 93868
186.154.48.188 - - [14/Oct/2015:05:04:58 -0500] "GET /galeria/nivo-slider/jquery.nivo.slider.pack.js HTTP/1.1" 200 11561
186.154.48.188 - - [14/Oct/2015:05:04:58 -0500] "GET /galeria/nivo-slider/demo/images/9Signos.jpg HTTP/1.1" 200 81776
186.154.48.188 - - [14/Oct/2015:05:04:59 -0500] "GET /galeria/nivo-slider/demo/images/4Simple_Slider.png HTTP/1.1" 200 11722
186.154.48.188 - - [14/Oct/2015:05:04:59 -0500] "GET /galeria/nivo-slider/themes/default/loading.gif HTTP/1.1" 200 1737
186.154.48.188 - - [14/Oct/2015:05:04:59 -0500] "GET /galeria/nivo-slider/demo/images/Comparendo-ambiental-Banner.jpg HTTP/1.1" 200 83731
186.154.48.188 - - [14/Oct/2015:05:04:59 -0500] "GET /galeria/nivo-slider/demo/images/Ruta-vertimientos-01.jpg HTTP/1.1" 200 130151
186.154.48.188 - - [14/Oct/2015:05:04:59 -0500] "GET /galeria/nivo-slider/demo/images/bolsas-06.jpg HTTP/1.1" 200 90982
186.154.48.188 - - [14/Oct/2015:05:04:59 -0500] "GET /galeria/nivo-slider/demo/images/Conoce-los-humedales.jpg HTTP/1.1" 200 294036
186.154.48.188 - - [14/Oct/2015:05:05:00 -0500] "GET /galeria/nivo-slider/demo/images/ecolecta-Dic2014.png HTTP/1.1" 200 288593
186.154.48.188 - - [14/Oct/2015:05:05:00 -0500] "GET /galeria/nivo-slider/demo/images/Conoce-los-humedales.jpg HTTP/1.1" 206 1
186.154.48.188 - - [14/Oct/2015:05:05:00 -0500] "GET /galeria/nivo-slider/demo/images/ecolecta-Dic2014.png HTTP/1.1" 206 1
186.154.48.188 - - [14/Oct/2015:05:05:01 -0500] "GET /galeria/nivo-slider/demo/images/Conoce-los-humedales.jpg HTTP/1.1" 206 180903
186.154.48.188 - - [14/Oct/2015:05:05:01 -0500] "GET /galeria/nivo-slider/demo/images/ecolecta-Dic2014.png HTTP/1.1" 206 74659
186.154.48.188 - - [14/Oct/2015:05:05:02 -0500] "GET /galeria/nivo-slider/themes/default/bullets.png HTTP/1.1" 200 1281
186.154.48.188 - - [14/Oct/2015:05:05:02 -0500] "GET /galeria/nivo-slider/themes/default/arrows.png HTTP/1.1" 200 824
157.55.39.235 - - [14/Oct/2015:05:05:19 -0500] "GET /logos/logos.htm HTTP/1.1" 404 1019
74.86.158.107 - - [14/Oct/2015:05:05:30 -0500] "HEAD / HTTP/1.1" 200 -
151.80.31.118 - - [14/Oct/2015:05:05:37 -0500] "GET /isolucionsda/ HTTP/1.1" 302 140
66.249.75.165 - - [14/Oct/2015:05:05:48 -0500] "GET /BLA/resoluciones/RESOLUCIONES%202004/RES%202004%202301-2350/00002342.tif HTTP/1.1" 200 125098
66.249.75.156 - - [14/Oct/2015:05:05:52 -0500] "GET /BLA/resoluciones/RESOLUCIONES%202008/1023.pdf HTTP/1.1" 200 420156
66.249.75.174 - - [14/Oct/2015:05:06:16 -0500] "GET /BLA/resoluciones/AUTOS%202009/1596.pdf HTTP/1.1" 200 125644
151.80.31.118 - - [14/Oct/2015:05:06:32 -0500] "GET /BLA/resoluciones/RESOLUCIONES%202002/RES%202002%20101-150/2002RES148.tif HTTP/1.1" 200 245072
66.249.75.165 - - [14/Oct/2015:05:07:23 -0500] "GET /BLA/resoluciones/RESOLUCIONES%202007/RES%202007%202101%20AL%202200/RESOLUCION%202169%20DE%202007.pdf HTTP/1.1" 200 390667
66.249.75.174 - - [14/Oct/2015:05:08:24 -0500] "GET /BLA/resoluciones/AUTOS%202011/5293.pdf HTTP/1.1" 200 508934
66.249.75.165 - - [14/Oct/2015:05:08:55 -0500] "GET /BLA/resoluciones/RESOLUCIONES%202007/RES%202007%201201%20AL%201300/RESOLUCION%201221%20DE%202007.pdf HTTP/1.1" 304 -
200.192.218.203 - - [14/Oct/2015:05:09:08 -0500] "GET /galeria/galeria/jquery.fancybox.js?v=2.1.5 HTTP/1.1" 200 48706
200.192.218.203 - - [14/Oct/2015:05:09:08 -0500] "GET /galeria/galeria/jquery.fancybox.css?v=2.1.5 HTTP/1.1" 200 4895
200.192.218.203 - - [14/Oct/2015:05:09:08 -0500] "GET /BLA/boletinlegal/js/jquery.scrollShow.js HTTP/1.1" 200 4586
200.192.218.203 - - [14/Oct/2015:05:09:08 -0500] "GET /galeria/carrusel/Carrusel/jquery.thumbnailScroller.css HTTP/1.1" 200 2066
200.192.218.203 - - [14/Oct/2015:05:09:08 -0500] "GET /galeria/carrusel/Carrusel/jquery-ui-1.8.13.custom.min.js HTTP/1.1" 200 10800
200.192.218.203 - - [14/Oct/2015:05:09:08 -0500] "GET /galeria/carrusel/Carrusel/jquery.thumbnailScroller.js HTTP/1.1" 200 8157
200.192.218.203 - - [14/Oct/2015:05:09:14 -0500] "GET /galeria/nivo-slider/demo/demo.html HTTP/1.1" 200 3893
200.192.218.203 - - [14/Oct/2015:05:09:15 -0500] "GET /galeria/nivo-slider/themes/default/default.css HTTP/1.1" 200 1569
200.192.218.203 - - [14/Oct/2015:05:09:15 -0500] "GET /galeria/nivo-slider/themes/pascal/pascal.css HTTP/1.1" 200 2258
200.192.218.203 - - [14/Oct/2015:05:09:15 -0500] "GET /galeria/nivo-slider/themes/orman/orman.css HTTP/1.1" 200 2152
200.192.218.203 - - [14/Oct/2015:05:09:15 -0500] "GET /galeria/nivo-slider/nivo-slider.css HTTP/1.1" 200 1507
200.192.218.203 - - [14/Oct/2015:05:09:15 -0500] "GET /galeria/nivo-slider/demo/style.css HTTP/1.1" 200 2222
200.192.218.203 - - [14/Oct/2015:05:09:15 -0500] "GET /galeria/nivo-slider/demo/scripts/jquery-1.7.1.min.js HTTP/1.1" 200 93868
200.192.218.203 - - [14/Oct/2015:05:09:15 -0500] "GET /galeria/nivo-slider/jquery.nivo.slider.pack.js HTTP/1.1" 200 11561
200.192.218.203 - - [14/Oct/2015:05:09:15 -0500] "GET /galeria/nivo-slider/demo/images/4Simple_Slider.png HTTP/1.1" 200 11722
200.192.218.203 - - [14/Oct/2015:05:09:15 -0500] "GET /galeria/nivo-slider/themes/default/loading.gif HTTP/1.1" 200 1737
200.192.218.203 - - [14/Oct/2015:05:09:16 -0500] "GET /galeria/nivo-slider/demo/images/rendicion-de-cuentas-formulario.jpg HTTP/1.1" 200 166357
200.192.218.203 - - [14/Oct/2015:05:09:16 -0500] "GET /galeria/nivo-slider/demo/images/Arbol-banner2015.jpg HTTP/1.1" 200 227081
200.192.218.203 - - [14/Oct/2015:05:09:16 -0500] "GET /galeria/nivo-slider/demo/images/Banner-ahorro-de-agua.jpg HTTP/1.1" 200 149141
200.192.218.203 - - [14/Oct/2015:05:09:17 -0500] "GET /galeria/nivo-slider/demo/images/Cmapana-onestidad.jpg HTTP/1.1" 200 141638
200.192.218.203 - - [14/Oct/2015:05:09:17 -0500] "GET /galeria/nivo-slider/demo/images/Plan-Quinquenal.jpg HTTP/1.1" 200 412438
200.192.218.203 - - [14/Oct/2015:05:09:17 -0500] "GET /galeria/nivo-slider/demo/images/PREDAcamp.jpg HTTP/1.1" 200 295358
200.192.218.203 - - [14/Oct/2015:05:09:18 -0500] "GET /galeria/nivo-slider/demo/images/banner-llantas2.jpg HTTP/1.1" 200 204644
200.192.218.203 - - [14/Oct/2015:05:09:19 -0500] "GET /galeria/nivo-slider/demo/images/9Signos.jpg HTTP/1.1" 200 81776
200.192.218.203 - - [14/Oct/2015:05:09:19 -0500] "GET /galeria/nivo-slider/demo/images/Comparendo-ambiental-Banner.jpg HTTP/1.1" 200 83731
200.192.218.203 - - [14/Oct/2015:05:09:19 -0500] "GET /galeria/nivo-slider/demo/images/Ruta-vertimientos-01.jpg HTTP/1.1" 200 130151
200.192.218.203 - - [14/Oct/2015:05:09:23 -0500] "GET /galeria/nivo-slider/demo/images/bolsas-06.jpg HTTP/1.1" 200 90982
200.192.218.203 - - [14/Oct/2015:05:09:23 -0500] "GET /galeria/nivo-slider/demo/images/Conoce-los-humedales.jpg HTTP/1.1" 200 294036
200.192.218.203 - - [14/Oct/2015:05:09:23 -0500] "GET /galeria/nivo-slider/demo/images/ecolecta-Dic2014.png HTTP/1.1" 200 288593
200.192.218.203 - - [14/Oct/2015:05:09:25 -0500] "GET /galeria/nivo-slider/themes/default/arrows.png HTTP/1.1" 200 824
200.192.218.203 - - [14/Oct/2015:05:09:25 -0500] "GET /galeria/nivo-slider/themes/default/bullets.png HTTP/1.1" 200 1281
79.170.40.182 - - [14/Oct/2015:05:09:27 -0500] "GET /blog/wp-admin/ HTTP/1.1" 404 1018
201.234.75.11 - - [14/Oct/2015:05:10:05 -0500] "GET /galeria/nivo-slider/demo/images/La-SDA-se-suma-a-la-Gran-Movilizacion.jpg HTTP/1.1" 304 -
66.249.75.165 - - [14/Oct/2015:05:10:26 -0500] "GET /resoluciones/RESOLUCIONES%202007/RES%202007%204001%20AL%204100/RESOLUCION%204081%20DE%202007.pdf HTTP/1.1" 404 1018
191.147.2.111 - - [14/Oct/2015:05:10:29 -0500] "GET /BLA/boletinlegal/jurisprudencia/analisis/Analisis%20jurisprudencial%20Sentencia%20C-366-11.doc HTTP/1.1" 200 59392
66.249.75.165 - - [14/Oct/2015:05:10:30 -0500] "GET /BLA/resoluciones/RESOLUCIONES%202009/1386.pdf HTTP/1.1" 200 1110587
74.86.158.107 - - [14/Oct/2015:05:10:30 -0500] "HEAD / HTTP/1.1" 200 -
54.77.20.194 - - [14/Oct/2015:05:11:09 -0500] "GET /arcgis/services/Calidad_del_Agua_WQI/MapServer/WMSServer?request=GetCapabilities&service=WMS HTTP/1.1" 200 32135
151.80.31.118 - - [14/Oct/2015:05:11:47 -0500] "GET /BLA/resoluciones/RESOLUCIONES%202006/RES%202006%201801-1850/00001802.tif HTTP/1.1" 200 193292
66.249.69.56 - - [14/Oct/2015:05:11:57 -0500] "GET /PDC/PLAN%20DE%20CONTRATACION%202012%20SDA.xlsx HTTP/1.1" 404 1019
66.249.75.174 - - [14/Oct/2015:05:12:37 -0500] "GET /BLA/resoluciones/RESOLUCIONES%202008/4524.pdf HTTP/1.1" 200 152822
151.80.31.118 - - [14/Oct/2015:05:12:58 -0500] "GET /BLA/resoluciones/RESOLUCIONES%202003/RES%202003%201751-1800/20031784.tif HTTP/1.1" 200 41894
151.80.31.118 - - [14/Oct/2015:05:13:04 -0500] "GET /galeria/galeria/fotos/Entrenube3G.jpg HTTP/1.1" 200 138221
66.249.69.48 - - [14/Oct/2015:05:13:28 -0500] "GET /dama/libreria/pdf/pigas/PIGA_ETB/PRELIMINARES_PIGA_ETB.pdf HTTP/1.1" 404 1019
151.80.31.118 - - [14/Oct/2015:05:14:12 -0500] "GET /BLA/resoluciones/index.php?dir=RESOLUCIONES%202004/RES%202004%20501-550/&sort=name&order=desc HTTP/1.1" 200 12047
66.249.75.174 - - [14/Oct/2015:05:14:44 -0500] "GET /BLA/resoluciones/RESOLUCIONES%202009/0251.pdf HTTP/1.1" 200 779898
66.249.75.165 - - [14/Oct/2015:05:14:59 -0500] "GET /sig/Manual%20de%20Procesos%20y%20Procedimientos/ANEXOS/126PA04%20-%20Gestion%20de%20Recursos%20F%C3%ADsicos/126PA04-PR13%20Celebraci%C3%B3n%20de%20Convenios%20Interadministrativos%20de%20Cooperaci%C3%B3n/Anexo%203%20Acto%20administrativo%20justificaci%C3%B3n%20Convenio.doc HTTP/1.1" 404 1018
74.86.158.107 - - [14/Oct/2015:05:15:30 -0500] "HEAD / HTTP/1.1" 200 -
151.80.31.118 - - [14/Oct/2015:05:15:32 -0500] "GET /BLA/resoluciones/RESOLUCIONES%202002/RES%202002%201151-1200/20021199.tif HTTP/1.1" 200 76520
157.55.39.235 - - [14/Oct/2015:05:15:44 -0500] "GET /dama/libreria/php/decide.php?patron=03.1305020113&numm=39 HTTP/1.1" 404 1015
79.170.40.182 - - [14/Oct/2015:05:16:25 -0500] "GET /wp/wp-admin/ HTTP/1.1" 404 1018
66.249.69.40 - - [14/Oct/2015:05:16:30 -0500] "GET /dama/libreria/php/decide.php?patron=03.1305020113&numm=5 HTTP/1.1" 404 1019
66.249.69.116 - - [14/Oct/2015:05:16:50 -0500] "GET /BLA/resoluciones/RESOLUCIONES%202010/2822.pdf HTTP/1.1" 200 616185
151.80.31.118 - - [14/Oct/2015:05:17:21 -0500] "GET /BLA/resoluciones/AUTOS%202006/AUTOS%202006%202401%20-%202500/00002492.tif HTTP/1.1" 200 165324
66.249.69.100 - - [14/Oct/2015:05:18:01 -0500] "GET /resoluciones/RESOLUCIONES%202010/3055.pdf HTTP/1.1" 404 1018
151.80.31.118 - - [14/Oct/2015:05:18:09 -0500] "GET /BLA/resoluciones/RESOLUCIONES%202002/RES%202002%201201-1250/20021231.tif HTTP/1.1" 200 102606
190.65.157.163 - - [14/Oct/2015:05:18:28 -0500] "GET /BLA/boletinlegal/js/jquery.scrollShow.js HTTP/1.1" 200 4586
190.65.157.163 - - [14/Oct/2015:05:18:28 -0500] "GET /galeria/galeria/jquery.fancybox.js?v=2.1.5 HTTP/1.1" 200 48706
190.65.157.163 - - [14/Oct/2015:05:18:28 -0500] "GET /galeria/galeria/jquery.fancybox.css?v=2.1.5 HTTP/1.1" 200 4895
151.80.31.118 - - [14/Oct/2015:05:18:30 -0500] "GET /BLA/resoluciones/RESOLUCIONES%202005/RES%202005%20601-650/00000617.tif HTTP/1.1" 200 229448
180.76.15.138 - - [14/Oct/2015:05:18:44 -0500] "GET /BLA/boletinlegal/Circulares/2012/Circular%20No.%201%20del%2017%20de%20Enero%20de%202012.pdf HTTP/1.1" 200 1118749
151.80.31.118 - - [14/Oct/2015:05:18:47 -0500] "GET /BLA/resoluciones/RESOLUCIONES%202004/RES%202004%20701-750/00000735.tif HTTP/1.1" 200 183176
66.249.69.100 - - [14/Oct/2015:05:18:57 -0500] "GET /BLA/resoluciones/RESOLUCIONES%202007/RES%202007%20101%20AL%20200/RESOLUCION%200174%20DE%202007.pdf HTTP/1.1" 200 520411
66.249.69.108 - - [14/Oct/2015:05:19:33 -0500] "GET /BLA/resoluciones/RESOLUCIONES%202009/4381.pdf HTTP/1.1" 200 361784
200.26.155.142 - - [14/Oct/2015:05:20:12 -0500] "GET /galeria/nivo-slider/demo/images/bolsas-06.jpg HTTP/1.1" 304 -
74.86.158.107 - - [14/Oct/2015:05:20:30 -0500] "HEAD / HTTP/1.1" 200 -
66.249.69.108 - - [14/Oct/2015:05:21:04 -0500] "GET /BLA/resoluciones/AUTOS%202008/2271.pdf HTTP/1.1" 200 180818
66.249.69.100 - - [14/Oct/2015:05:21:05 -0500] "GET /BLA/resoluciones/RESOLUCIONES%202010/0162.pdf HTTP/1.1" 200 385701
66.249.69.116 - - [14/Oct/2015:05:22:35 -0500] "GET /BLA/resoluciones/RESOLUCIONES%202009/5348.pdf HTTP/1.1" 200 371276
66.249.69.100 - - [14/Oct/2015:05:23:10 -0500] "GET /BLA/resoluciones/AUTOS%202011/6498.pdf HTTP/1.1" 200 194032
79.170.40.182 - - [14/Oct/2015:05:23:15 -0500] "GET /old/wp-admin/ HTTP/1.1" 404 1018
151.80.31.118 - - [14/Oct/2015:05:23:48 -0500] "GET /BLA/resoluciones/RESOLUCIONES%202004/RES%202004%20901-950/00000906.tif HTTP/1.1" 200 194638
5.144.180.27 - - [14/Oct/2015:05:23:52 -0500] "GET /BLA/resoluciones/AUTOS%202014/2733.pdf HTTP/1.1" 200 472442
66.249.69.100 - - [14/Oct/2015:05:24:06 -0500] "GET /BLA/resoluciones/AUTOS%202008/0016.pdf HTTP/1.1" 200 91314
66.249.69.116 - - [14/Oct/2015:05:25:16 -0500] "GET /BLA/resoluciones/RESOLUCIONES%202008/1219.pdf HTTP/1.1" 200 32492
74.86.158.107 - - [14/Oct/2015:05:25:30 -0500] "HEAD / HTTP/1.1" 200 -
177.252.91.146 - - [14/Oct/2015:05:25:34 -0500] "GET /galeria/galeria/jquery.fancybox.css?v=2.1.5 HTTP/1.1" 200 4895
177.252.91.146 - - [14/Oct/2015:05:25:34 -0500] "GET /BLA/boletinlegal/js/jquery.scrollShow.js HTTP/1.1" 200 4586
177.252.91.146 - - [14/Oct/2015:05:25:34 -0500] "GET /galeria/galeria/jquery.fancybox.js?v=2.1.5 HTTP/1.1" 200 48706
66.249.69.100 - - [14/Oct/2015:05:25:37 -0500] "GET /BLA/resoluciones/RESOLUCIONES%202009/8483.pdf HTTP/1.1" 200 815888
151.80.31.118 - - [14/Oct/2015:05:25:39 -0500] "GET /BLA/resoluciones/RESOLUCIONES%202002/RES%202002%201451-1500/20021460.tif HTTP/1.1" 200 86072
77.247.181.163 - - [14/Oct/2015:05:25:41 -0500] "POST /wp-login.php HTTP/1.1" 301 336
177.252.91.146 - - [14/Oct/2015:05:25:45 -0500] "GET /BLA/boletinlegal/js/jquery.scrollShow.js HTTP/1.1" 304 -
177.252.91.146 - - [14/Oct/2015:05:25:45 -0500] "GET /galeria/galeria/jquery.fancybox.css?v=2.1.5 HTTP/1.1" 304 -
177.252.91.146 - - [14/Oct/2015:05:25:46 -0500] "GET /galeria/galeria/jquery.fancybox.js?v=2.1.5 HTTP/1.1" 304 -
66.249.69.116 - - [14/Oct/2015:05:27:08 -0500] "GET /BLA/resoluciones/AUTOS%202008/0408.pdf HTTP/1.1" 200 80893
66.249.69.108 - - [14/Oct/2015:05:27:24 -0500] "GET /BLA/resoluciones/RESOLUCIONES%202008/3885.pdf HTTP/1.1" 200 518212
186.28.195.48 - - [14/Oct/2015:05:28:23 -0500] "GET /galeria/galeria/jquery.fancybox.css?v=2.1.5 HTTP/1.1" 200 4895
186.28.195.48 - - [14/Oct/2015:05:28:23 -0500] "GET /BLA/boletinlegal/js/jquery.scrollShow.js HTTP/1.1" 200 4586
186.28.195.48 - - [14/Oct/2015:05:28:23 -0500] "GET /galeria/galeria/jquery.fancybox.js?v=2.1.5 HTTP/1.1" 200 48706
191.102.204.7 - - [14/Oct/2015:05:28:27 -0500] "GET /galeria/galeria/jquery.fancybox.css?v=2.1.5 HTTP/1.1" 200 4895
191.102.204.7 - - [14/Oct/2015:05:28:27 -0500] "GET /galeria/galeria/jquery.fancybox.js?v=2.1.5 HTTP/1.1" 200 48706
191.102.204.7 - - [14/Oct/2015:05:28:27 -0500] "GET /BLA/boletinlegal/js/jquery.scrollShow.js HTTP/1.1" 200 4586
186.28.195.48 - - [14/Oct/2015:05:28:29 -0500] "GET /BLA/boletinlegal/js/jquery.scrollShow.js HTTP/1.1" 304 -
186.28.195.48 - - [14/Oct/2015:05:28:29 -0500] "GET /galeria/galeria/jquery.fancybox.js?v=2.1.5 HTTP/1.1" 304 -
186.28.195.48 - - [14/Oct/2015:05:28:29 -0500] "GET /galeria/galeria/jquery.fancybox.css?v=2.1.5 HTTP/1.1" 304 -
151.80.31.118 - - [14/Oct/2015:05:28:35 -0500] "GET /galeria/galeria/fotos/Capellania1G.jpg HTTP/1.1" 200 373859
66.249.69.108 - - [14/Oct/2015:05:28:39 -0500] "GET /BLA/resoluciones/AUTOS%202010/2458.pdf HTTP/1.1" 200 215191
191.102.204.7 - - [14/Oct/2015:05:28:40 -0500] "GET /galeria/galeria/jquery.fancybox.css?v=2.1.5 HTTP/1.1" 304 -
191.102.204.7 - - [14/Oct/2015:05:28:40 -0500] "GET /BLA/boletinlegal/js/jquery.scrollShow.js HTTP/1.1" 304 -
191.102.204.7 - - [14/Oct/2015:05:28:40 -0500] "GET /galeria/galeria/jquery.fancybox.js?v=2.1.5 HTTP/1.1" 304 -
66.249.69.108 - - [14/Oct/2015:05:29:31 -0500] "GET /BLA/resoluciones/RESOLUCIONES%202010/7874.pdf HTTP/1.1" 200 526676
66.249.69.100 - - [14/Oct/2015:05:30:10 -0500] "GET /BLA/resoluciones/RESOLUCIONES%202008/4087.pdf HTTP/1.1" 200 429827
74.86.158.107 - - [14/Oct/2015:05:30:30 -0500] "HEAD / HTTP/1.1" 200 -
66.249.69.100 - - [14/Oct/2015:05:31:37 -0500] "GET /BLA/resoluciones/AUTOS%202009/0483.pdf HTTP/1.1" 200 411863
66.249.69.100 - - [14/Oct/2015:05:31:41 -0500] "GET /BLA/resoluciones/RESOLUCIONES%202009/4863.pdf HTTP/1.1" 200 735360
179.182.214.45 - - [14/Oct/2015:05:32:22 -0500] "GET / HTTP/1.1" 200 10190
66.249.69.100 - - [14/Oct/2015:05:33:13 -0500] "GET /BLA/resoluciones/AUTOS%202008/1422.pdf HTTP/1.1" 200 116365
66.249.69.116 - - [14/Oct/2015:05:33:44 -0500] "GET /BLA/resoluciones/RESOLUCIONES%202008/1589.pdf HTTP/1.1" 200 284139
180.76.15.25 - - [14/Oct/2015:05:33:44 -0500] "GET /BLA/boletinlegal/Directivas/2013/Directiva%20No.%202%20del%2004%20de%20Abril%20de%202013.pdf HTTP/1.1" 200 1182671
151.80.31.118 - - [14/Oct/2015:05:34:00 -0500] "GET /BLA/resoluciones/AUTOS%202006/AUTOS%202006%201101-1200/00001194.tif HTTP/1.1" 200 39884
66.249.69.100 - - [14/Oct/2015:05:34:36 -0500] "GET /BLA/resoluciones/RESOLUCIONES%202004/RES%202004%202301-2350/00002313.tif HTTP/1.1" 200 148590
151.80.31.118 - - [14/Oct/2015:05:34:41 -0500] "GET /BLA/resoluciones/RESOLUCIONES%202005/RES%202005%203151-3180/00003175.tif HTTP/1.1" 200 195164
66.249.69.100 - - [14/Oct/2015:05:34:44 -0500] "GET /BLA/resoluciones/RESOLUCIONES%202011/5117.pdf HTTP/1.1" 200 441138
74.86.158.107 - - [14/Oct/2015:05:35:30 -0500] "HEAD / HTTP/1.1" 200 -
66.249.69.100 - - [14/Oct/2015:05:35:50 -0500] "GET /BLA/resoluciones/RESOLUCIONES%202011/2293.pdf HTTP/1.1" 200 211606
66.249.69.116 - - [14/Oct/2015:05:36:15 -0500] "GET /BLA/resoluciones/RESOLUCIONES%202007/RES%202007%20101%20AL%20200/RESOLUCION%200115%20%20DE%202007.pdf HTTP/1.1" 304 -
63.111.67.215 - - [14/Oct/2015:05:36:56 -0500] "GET /wp-admin/ HTTP/1.1" 404 1018
66.249.69.116 - - [14/Oct/2015:05:37:46 -0500] "GET /BLA/resoluciones/index.php?dir=RESOLUCIONES+2007%2FRES+2007+101+AL+200%2F HTTP/1.1" 200 26931
66.249.69.116 - - [14/Oct/2015:05:37:57 -0500] "GET /BLA/resoluciones/AUTOS%202008/0875.pdf HTTP/1.1" 200 160216
151.80.31.118 - - [14/Oct/2015:05:38:04 -0500] "GET /BLA/resoluciones/RESOLUCIONES%202003/RES%202003%20601-650/635.tif HTTP/1.1" 200 111884
151.80.31.118 - - [14/Oct/2015:05:38:12 -0500] "GET /BLA/resoluciones/RESOLUCIONES%202006/RES%202006%20%202851-2900/00002873.tif HTTP/1.1" 200 36988
201.234.75.11 - - [14/Oct/2015:05:38:37 -0500] "GET /galeria/galeria/fotos/Movilizacion2P.jpg HTTP/1.1" 304 -
66.249.69.100 - - [14/Oct/2015:05:39:17 -0500] "GET /BLA/resoluciones/RESOLUCIONES%202009/6378.pdf HTTP/1.1" 200 523135
66.249.69.116 - - [14/Oct/2015:05:40:04 -0500] "GET /BLA/resoluciones/AUTOS%202008/2527.pdf HTTP/1.1" 200 112851
74.86.158.107 - - [14/Oct/2015:05:40:30 -0500] "HEAD / HTTP/1.1" 200 -
66.249.69.108 - - [14/Oct/2015:05:40:48 -0500] "GET /BLA/resoluciones/RESOLUCIONES%202009/4860.pdf HTTP/1.1" 200 742184
190.156.75.15 - - [14/Oct/2015:05:41:01 -0500] "GET /galeria/galeria/jquery.fancybox.css?v=2.1.5 HTTP/1.1" 200 4895
190.156.75.15 - - [14/Oct/2015:05:41:01 -0500] "GET /BLA/boletinlegal/js/jquery.scrollShow.js HTTP/1.1" 200 4586
190.156.75.15 - - [14/Oct/2015:05:41:01 -0500] "GET /galeria/galeria/jquery.fancybox.js?v=2.1.5 HTTP/1.1" 200 48706
54.77.20.194 - - [14/Oct/2015:05:41:01 -0500] "GET /arcgis/services/Calidad_del_Agua_WQI/MapServer/WMSServer?request=GetCapabilities&service=WMS HTTP/1.1" 200 32135
190.156.75.15 - - [14/Oct/2015:05:41:07 -0500] "GET /BLA/boletinlegal/js/jquery.scrollShow.js HTTP/1.1" 304 -
190.156.75.15 - - [14/Oct/2015:05:41:07 -0500] "GET /galeria/galeria/jquery.fancybox.js?v=2.1.5 HTTP/1.1" 304 -
190.156.75.15 - - [14/Oct/2015:05:41:07 -0500] "GET /galeria/galeria/jquery.fancybox.css?v=2.1.5 HTTP/1.1" 304 -
151.80.31.118 - - [14/Oct/2015:05:41:33 -0500] "GET /BLA/resoluciones/index.php?dir=RESOLUCIONES%202006/RES%202006%201051-1100/&sort=name&order=desc HTTP/1.1" 200 12368
66.249.69.108 - - [14/Oct/2015:05:42:11 -0500] "GET /BLA/resoluciones/RESOLUCIONES%202009/4960.pdf HTTP/1.1" 200 380627
66.249.69.100 - - [14/Oct/2015:05:42:20 -0500] "GET /BLA/resoluciones/RESOLUCIONES%202009/8257.pdf HTTP/1.1" 200 135384
151.80.31.118 - - [14/Oct/2015:05:42:28 -0500] "GET /BLA/resoluciones/RESOLUCIONES%202003/RES%202003%201351-1400/20031356.tif HTTP/1.1" 200 87456
186.43.34.164 - - [14/Oct/2015:05:42:44 -0500] "GET /BLA/boletinlegal/js/jquery.scrollShow.js HTTP/1.1" 200 4586
186.43.34.164 - - [14/Oct/2015:05:42:44 -0500] "GET /galeria/galeria/jquery.fancybox.js?v=2.1.5 HTTP/1.1" 200 48706
186.43.34.164 - - [14/Oct/2015:05:42:44 -0500] "GET /galeria/galeria/jquery.fancybox.css?v=2.1.5 HTTP/1.1" 200 4895
151.80.31.118 - - [14/Oct/2015:05:42:47 -0500] "GET /BLA/resoluciones/index.php?dir=RESOLUCIONES%202002/RES%202002%20401-450/&sort=size&order=asc HTTP/1.1" 200 12024
186.147.40.222 - - [14/Oct/2015:05:43:08 -0500] "GET /galeria/galeria/jquery.fancybox.js?v=2.1.5 HTTP/1.1" 304 -
186.147.40.222 - - [14/Oct/2015:05:43:08 -0500] "GET /galeria/galeria/jquery.fancybox.css?v=2.1.5 HTTP/1.1" 304 -
186.147.40.222 - - [14/Oct/2015:05:43:10 -0500] "GET /galeria/nivo-slider/demo/demo.html HTTP/1.1" 304 -
186.147.40.222 - - [14/Oct/2015:05:43:10 -0500] "GET /galeria/nivo-slider/demo/images/rendicion-de-cuentas-formulario.jpg HTTP/1.1" 304 -
186.43.34.164 - - [14/Oct/2015:05:43:15 -0500] "GET /galeria/galeria/jquery.fancybox.css?v=2.1.5 HTTP/1.1" 304 -
186.43.34.164 - - [14/Oct/2015:05:43:15 -0500] "GET /BLA/boletinlegal/js/jquery.scrollShow.js HTTP/1.1" 304 -
186.43.34.164 - - [14/Oct/2015:05:43:15 -0500] "GET /galeria/galeria/jquery.fancybox.js?v=2.1.5 HTTP/1.1" 304 -
186.43.34.164 - - [14/Oct/2015:05:43:17 -0500] "GET /BLA/boletinlegal/js/jquery.scrollShow.js HTTP/1.1" 304 -
186.43.34.164 - - [14/Oct/2015:05:43:18 -0500] "GET /galeria/galeria/jquery.fancybox.js?v=2.1.5 HTTP/1.1" 304 -
186.43.34.164 - - [14/Oct/2015:05:43:18 -0500] "GET /galeria/galeria/jquery.fancybox.css?v=2.1.5 HTTP/1.1" 304 -
66.249.69.100 - - [14/Oct/2015:05:43:29 -0500] "GET /transparencia/directorioservidores/abril2015.pdf HTTP/1.1" 304 -
66.249.69.116 - - [14/Oct/2015:05:43:51 -0500] "GET /BLA/resoluciones/Notificaciones/AUTOS%202014/3805.doc HTTP/1.1" 304 -
63.111.67.215 - - [14/Oct/2015:05:43:52 -0500] "GET /test/wp-admin/ HTTP/1.1" 404 1018
151.80.31.118 - - [14/Oct/2015:05:44:03 -0500] "GET /BLA/resoluciones/RESOLUCIONES%202003/RES%202003%201751-1800/20031782.tif HTTP/1.1" 200 53970
66.249.69.100 - - [14/Oct/2015:05:44:18 -0500] "GET /BLA/resoluciones/RESOLUCIONES%202009/1718.pdf HTTP/1.1" 200 976985
66.249.69.108 - - [14/Oct/2015:05:45:22 -0500] "GET /BLA/resoluciones/RESOLUCIONES%202009/1373.pdf HTTP/1.1" 304 -
123.126.113.85 - - [14/Oct/2015:05:45:29 -0500] "GET /resoluciones/RESOLUCIONES%202009/0693.pdf HTTP/1.1" 404 1018
74.86.158.107 - - [14/Oct/2015:05:45:30 -0500] "HEAD / HTTP/1.1" 200 -
123.126.113.85 - - [14/Oct/2015:05:45:40 -0500] "GET /resoluciones/RESOLUCIONES%202009/0299.pdf HTTP/1.1" 404 1018
123.126.113.85 - - [14/Oct/2015:05:45:50 -0500] "GET /BLA/resoluciones/AUTOS%202011/3059.pdf HTTP/1.1" 304 -
123.126.113.85 - - [14/Oct/2015:05:46:03 -0500] "GET /BLA/resoluciones/RESOLUCIONES%202011/3849.pdf HTTP/1.1" 304 -
66.249.69.100 - - [14/Oct/2015:05:46:23 -0500] "GET /BLA/resoluciones/RESOLUCIONES%202007/RES%202007%20101%20AL%20200/RESOLUCION%200172%20DE%202007.pdf HTTP/1.1" 200 498706
131.253.24.138 - - [14/Oct/2015:05:46:46 -0500] "GET /galeria/galeria/jquery.fancybox.js?v=2.1.5 HTTP/1.1" 200 48706
131.253.26.244 - - [14/Oct/2015:05:46:46 -0500] "GET /BLA/boletinlegal/js/jquery.scrollShow.js HTTP/1.1" 200 4586
131.253.26.244 - - [14/Oct/2015:05:46:46 -0500] "GET /galeria/galeria/jquery.fancybox.css?v=2.1.5 HTTP/1.1" 200 4895
131.253.26.244 - - [14/Oct/2015:05:46:46 -0500] "GET /galeria/carrusel/Carrusel/jquery.thumbnailScroller.css HTTP/1.1" 200 2066
131.253.26.244 - - [14/Oct/2015:05:46:47 -0500] "GET /galeria/carrusel/Carrusel/jquery-ui-1.8.13.custom.min.js HTTP/1.1" 200 10800
66.249.69.116 - - [14/Oct/2015:05:46:53 -0500] "GET /BLA/resoluciones/RESOLUCIONES%202011/0893.pdf HTTP/1.1" 200 813958
131.253.26.235 - - [14/Oct/2015:05:47:03 -0500] "GET /galeria/carrusel/Carrusel/jquery.thumbnailScroller.js HTTP/1.1" 200 8157
131.253.26.235 - - [14/Oct/2015:05:47:04 -0500] "GET /galeria/nivo-slider/demo/demo.html HTTP/1.1" 200 3893
131.253.26.235 - - [14/Oct/2015:05:47:14 -0500] "GET /galeria/nivo-slider/themes/default/default.css HTTP/1.1" 200 1569
131.253.26.235 - - [14/Oct/2015:05:47:14 -0500] "GET /galeria/nivo-slider/themes/orman/orman.css HTTP/1.1" 200 2152
131.253.26.229 - - [14/Oct/2015:05:47:14 -0500] "GET /galeria/nivo-slider/themes/pascal/pascal.css HTTP/1.1" 200 2258
131.253.26.235 - - [14/Oct/2015:05:47:14 -0500] "GET /galeria/nivo-slider/nivo-slider.css HTTP/1.1" 200 1507
131.253.26.229 - - [14/Oct/2015:05:47:14 -0500] "GET /galeria/nivo-slider/demo/style.css HTTP/1.1" 200 2222
131.253.26.235 - - [14/Oct/2015:05:47:14 -0500] "GET /galeria/nivo-slider/demo/scripts/jquery-1.7.1.min.js HTTP/1.1" 200 93868
131.253.26.229 - - [14/Oct/2015:05:47:14 -0500] "GET /galeria/nivo-slider/jquery.nivo.slider.pack.js HTTP/1.1" 200 11561
151.80.31.118 - - [14/Oct/2015:05:47:44 -0500] "GET /BLA/resoluciones/RESOLUCIONES%202006/RES%202006%202101-2150/00002131.tif HTTP/1.1" 200 168510
151.80.31.118 - - [14/Oct/2015:05:48:23 -0500] "GET /BLA/resoluciones/RESOLUCIONES%202006/RES%202006%201651-1700/00001666.tif HTTP/1.1" 200 228016
66.249.69.100 - - [14/Oct/2015:05:48:24 -0500] "GET /BLA/resoluciones/RESOLUCIONES%202008/4467.pdf HTTP/1.1" 200 233784
157.55.39.158 - - [14/Oct/2015:05:48:25 -0500] "GET /robots.txt HTTP/1.1" 404 1018
157.55.39.158 - - [14/Oct/2015:05:48:28 -0500] "GET /galeria/galeria/jquery.fancybox.css?v=2.1.5 HTTP/1.1" 200 4895
66.249.69.108 - - [14/Oct/2015:05:48:31 -0500] "GET /BLA/resoluciones/AUTOS%202011/0218.pdf HTTP/1.1" 200 173177
180.76.15.19 - - [14/Oct/2015:05:48:44 -0500] "GET /POT-2013/memoria%20justificativa/ANEXO_1.pdf HTTP/1.1" 200 3808179
151.80.31.118 - - [14/Oct/2015:05:49:03 -0500] "GET /BLA/resoluciones/RESOLUCIONES%202005/RES%202005%202201-2250/00002232.tif HTTP/1.1" 200 160250
151.80.31.118 - - [14/Oct/2015:05:49:50 -0500] "GET /galeria/galeria/fotos/Encuentro-de-Movimientos9G.jpg HTTP/1.1" 200 160621
66.249.69.108 - - [14/Oct/2015:05:49:55 -0500] "GET /BLA/resoluciones/RESOLUCIONES%202008/4935.pdf HTTP/1.1" 200 215285
181.124.98.252 - - [14/Oct/2015:05:50:03 -0500] "GET /galeria/galeria/fotos/Humedal-Tibanica2G.jpg HTTP/1.1" 200 535148
181.124.98.252 - - [14/Oct/2015:05:50:13 -0500] "GET /galeria/galeria/fotos/Humedal-Tibanica2G.jpg HTTP/1.1" 200 535148
181.124.98.252 - - [14/Oct/2015:05:50:16 -0500] "GET /galeria/galeria/fotos/Humedal-Tibanica2G.jpg HTTP/1.1" 200 535148
151.80.31.118 - - [14/Oct/2015:05:50:16 -0500] "GET /BLA/resoluciones/RESOLUCIONES%202005/RES%202005%202601-2650/00002649.tif HTTP/1.1" 200 397400
181.124.98.252 - - [14/Oct/2015:05:50:18 -0500] "GET /galeria/galeria/fotos/Humedal-Tibanica2G.jpg HTTP/1.1" 200 535148
74.86.158.107 - - [14/Oct/2015:05:50:30 -0500] "HEAD / HTTP/1.1" 200 -
66.249.69.108 - - [14/Oct/2015:05:50:37 -0500] "GET /BLA/resoluciones/RESOLUCIONES%202009/4734.pdf HTTP/1.1" 200 1481216
63.111.67.215 - - [14/Oct/2015:05:50:44 -0500] "GET /wordpress/wp-admin/ HTTP/1.1" 404 1018
151.80.31.118 - - [14/Oct/2015:05:50:48 -0500] "GET /BLA/resoluciones/RESOLUCIONES%202003/RES%202003%20201-250/2003RES223.tif HTTP/1.1" 200 196008
180.76.15.137 - - [14/Oct/2015:05:50:48 -0500] "GET / HTTP/1.1" 302 302
66.249.69.100 - - [14/Oct/2015:05:51:26 -0500] "GET /BLA/resoluciones/RESOLUCIONES%202011/1408.pdf HTTP/1.1" 304 -
151.80.31.118 - - [14/Oct/2015:05:51:31 -0500] "GET /BLA/resoluciones/RESOLUCIONES%202005/RES%202005%20951-1000/00000973.tif HTTP/1.1" 200 254542
186.7.134.205 - - [14/Oct/2015:05:51:42 -0500] "GET /galeria/galeria/jquery.fancybox.css?v=2.1.5 HTTP/1.1" 200 4895
186.7.134.205 - - [14/Oct/2015:05:51:42 -0500] "GET /BLA/boletinlegal/js/jquery.scrollShow.js HTTP/1.1" 200 4586
186.7.134.205 - - [14/Oct/2015:05:51:42 -0500] "GET /galeria/galeria/jquery.fancybox.js?v=2.1.5 HTTP/1.1" 200 48706
151.80.31.118 - - [14/Oct/2015:05:51:43 -0500] "GET /BLA/resoluciones/RESOLUCIONES%202005/RES%202005%202151-2200/00002174.tif HTTP/1.1" 200 205754
180.76.15.28 - - [14/Oct/2015:05:51:55 -0500] "GET / HTTP/1.1" 302 302
186.7.134.205 - - [14/Oct/2015:05:52:04 -0500] "GET /galeria/galeria/jquery.fancybox.css?v=2.1.5 HTTP/1.1" 304 -
186.7.134.205 - - [14/Oct/2015:05:52:04 -0500] "GET /BLA/boletinlegal/js/jquery.scrollShow.js HTTP/1.1" 304 -
186.7.134.205 - - [14/Oct/2015:05:52:04 -0500] "GET /galeria/galeria/jquery.fancybox.js?v=2.1.5 HTTP/1.1" 304 -
66.249.69.100 - - [14/Oct/2015:05:52:44 -0500] "GET /BLA/resoluciones/RESOLUCIONES%202009/0926.pdf HTTP/1.1" 200 467575
74.86.158.107 - - [14/Oct/2015:05:52:56 -0500] "HEAD / HTTP/1.1" 200 -
66.249.69.100 - - [14/Oct/2015:05:52:57 -0500] "GET /BLA/resoluciones/AUTOS%202007/1715.pdf HTTP/1.1" 304 -
151.80.31.118 - - [14/Oct/2015:05:54:03 -0500] "GET /BLA/resoluciones/RESOLUCIONES%202003/RES%202003%20501-550/532.tif HTTP/1.1" 200 153620
66.249.69.108 - - [14/Oct/2015:05:54:29 -0500] "GET /BLA/resoluciones/AUTOS%202013/2794.pdf HTTP/1.1" 200 1100783
66.249.69.116 - - [14/Oct/2015:05:54:51 -0500] "GET /BLA/resoluciones/RESOLUCIONES%202008/3828.pdf HTTP/1.1" 200 623517
66.249.69.100 - - [14/Oct/2015:05:56:00 -0500] "GET /BLA/resoluciones/AUTOS%202013/1414.pdf HTTP/1.1" 200 545312
66.249.69.116 - - [14/Oct/2015:05:56:52 -0500] "GET /BLA/resoluciones/RESOLUCIONES%202008/5463.pdf HTTP/1.1" 200 230181
66.249.69.116 - - [14/Oct/2015:05:57:31 -0500] "GET /BLA/resoluciones/RESOLUCIONES%202009/8011.pdf HTTP/1.1" 200 132690
151.80.31.118 - - [14/Oct/2015:05:57:39 -0500] "GET /BLA/resoluciones/RESOLUCIONES%202006/RES%202006%202301-2350/00002315.tif HTTP/1.1" 200 89228
63.111.67.215 - - [14/Oct/2015:05:57:42 -0500] "GET /blog/wp-admin/ HTTP/1.1" 404 1018
74.86.158.107 - - [14/Oct/2015:05:57:56 -0500] "HEAD / HTTP/1.1" 200 -
151.80.31.118 - - [14/Oct/2015:05:58:10 -0500] "GET /BLA/resoluciones/AUTOS%202006/AUTOS%202006%201-100/00000030.tif HTTP/1.1" 200 94968
151.80.31.118 - - [14/Oct/2015:05:58:14 -0500] "GET /BLA/resoluciones/RESOLUCIONES%202006/RES%202006%201401-1450/00001444.tif HTTP/1.1" 200 114060
151.80.31.118 - - [14/Oct/2015:05:58:24 -0500] "GET /BLA/resoluciones/RESOLUCIONES%202003/RES%202003%20001-050/2003RES47.tif HTTP/1.1" 200 292672
66.249.69.100 - - [14/Oct/2015:05:58:59 -0500] "GET /BLA/resoluciones/RESOLUCIONES%202013/1055.pdf HTTP/1.1" 200 774190
66.249.69.108 - - [14/Oct/2015:05:59:02 -0500] "GET /BLA/resoluciones/AUTOS%202013/2256.pdf HTTP/1.1" 200 778295
151.80.31.118 - - [14/Oct/2015:05:59:10 -0500] "GET /BLA/resoluciones/RESOLUCIONES%202004/RES%202004%201951-2000/00001996.tif HTTP/1.1" 200 48144
151.80.31.118 - - [14/Oct/2015:05:59:32 -0500] "GET /BLA/resoluciones/RESOLUCIONES%202006/RES%202006%202701-2750/00002709.tif HTTP/1.1" 200 84488
201.234.75.11 - - [14/Oct/2015:05:59:32 -0500] "GET /galeria/galeria/fotos/Movilizacion14P.jpg HTTP/1.1" 304 -
190.0.2.74 - - [14/Oct/2015:05:59:45 -0500] "GET /galeria/galeria/jquery.fancybox.js?v=2.1.5 HTTP/1.1" 200 48706
190.0.2.74 - - [14/Oct/2015:05:59:45 -0500] "GET /galeria/galeria/jquery.fancybox.css?v=2.1.5 HTTP/1.1" 200 4895
190.0.2.74 - - [14/Oct/2015:05:59:45 -0500] "GET /BLA/boletinlegal/js/jquery.scrollShow.js HTTP/1.1" 200 4586
151.80.31.118 - - [14/Oct/2015:05:59:46 -0500] "GET /BLA/resoluciones/RESOLUCIONES%202006/RES%202006%202651-2700/00002683.tif HTTP/1.1" 200 129756
190.0.2.74 - - [14/Oct/2015:06:00:02 -0500] "GET /BLA/boletinlegal/js/jquery.scrollShow.js HTTP/1.1" 304 -
190.0.2.74 - - [14/Oct/2015:06:00:02 -0500] "GET /galeria/galeria/jquery.fancybox.js?v=2.1.5 HTTP/1.1" 304 -
190.0.2.74 - - [14/Oct/2015:06:00:02 -0500] "GET /galeria/galeria/jquery.fancybox.css?v=2.1.5 HTTP/1.1" 304 -
152.61.128.66 - - [14/Oct/2015:06:00:29 -0500] "HEAD / HTTP/1.1" 200 -
152.61.128.66 - - [14/Oct/2015:06:00:29 -0500] "GET /arcgis/services/Calidad_del_Agua_WQI/MapServer/WMSServer?request=GetCapabilities&service=WMS HTTP/1.1" 200 32135
152.61.128.66 - - [14/Oct/2015:06:00:30 -0500] "GET /arcgis/services/Calidad_del_Agua_WQI/MapServer/WMSServer?request=GetCapabilities&service=WMS HTTP/1.0" 200 32135
152.61.128.66 - - [14/Oct/2015:06:00:31 -0500] "GET /arcgis/services/Calidad_del_Agua_WQI/MapServer/WMSServer?request=GetCapabilities&service=WMS HTTP/1.0" 200 32135
152.61.128.66 - - [14/Oct/2015:06:00:32 -0500] "GET /arcgis/services/Calidad_del_Agua_WQI/MapServer/WMSServer?request=GetCapabilities&service=WMS HTTP/1.0" 200 32135
66.249.69.100 - - [14/Oct/2015:06:00:33 -0500] "GET /BLA/resoluciones/AUTOS%202013/3487.pdf HTTP/1.1" 200 293638
152.61.128.66 - - [14/Oct/2015:06:00:33 -0500] "GET /arcgis/services/Calidad_del_Agua_WQI/MapServer/WMSServer?VERSION=1.1.1&REQUEST=GetMap&LAYERS=0&SRS=EPSG:4326&BBOX=-74.473395,3.674381,-73.963300,4.920569&WIDTH=250&HEIGHT=250&FORMAT=image/bmp&STYLES=& HTTP/1.1" 200 188054
66.249.69.116 - - [14/Oct/2015:06:01:06 -0500] "GET /BLA/resoluciones/RESOLUCIONES%202010/6532.pdf HTTP/1.1" 200 274878
54.83.62.178 - - [14/Oct/2015:06:01:08 -0500] "GET /wp-content/uploads/2015/07/DESTINOS-A-COLOMBIA-Y-AEROPUETOS-CON-VUELO-DIRECTO.pdf HTTP/1.1" 301 405
66.249.69.116 - - [14/Oct/2015:06:02:04 -0500] "GET /BLA/resoluciones/RESOLUCIONES%202009/8706.pdf HTTP/1.1" 200 601714
66.249.69.108 - - [14/Oct/2015:06:03:12 -0500] "GET /BLA/resoluciones/RESOLUCIONES%202012/0882.pdf HTTP/1.1" 200 464755
66.249.69.108 - - [14/Oct/2015:06:03:35 -0500] "GET /BLA/resoluciones/AUTOS%202013/0299.pdf HTTP/1.1" 200 166111
66.249.69.108 - - [14/Oct/2015:06:03:38 -0500] "GET /BLA/resoluciones/RESOLUCIONES%202004/RES%202004%202301-2350/00002310.tif HTTP/1.1" 200 246602
180.76.15.8 - - [14/Oct/2015:06:03:44 -0500] "GET /POT-2013/Cartografia/19_Sistema%20de%20Acueducto_FEB.pdf HTTP/1.1" 200 4239798
151.80.31.118 - - [14/Oct/2015:06:04:00 -0500] "GET /BLA/resoluciones/RESOLUCIONES%202006/RES%202006%20%203001-3054/00003020.tif HTTP/1.1" 200 35722
151.80.31.118 - - [14/Oct/2015:06:04:28 -0500] "GET /BLA/resoluciones/index.php?dir=AUTOS+2006%2FAUTOS+2006+3301+-+3418%2F HTTP/1.1" 200 25807
63.111.67.215 - - [14/Oct/2015:06:04:36 -0500] "GET /wp/wp-admin/ HTTP/1.1" 404 1018
74.86.158.107 - - [14/Oct/2015:06:04:46 -0500] "HEAD / HTTP/1.1" 200 -
66.249.69.116 - - [14/Oct/2015:06:05:07 -0500] "GET /BLA/resoluciones/RESOLUCIONES%202014/0933.pdf HTTP/1.1" 304 -
66.249.69.100 - - [14/Oct/2015:06:05:18 -0500] "GET /BLA/resoluciones/AUTOS%202013/1121.pdf HTTP/1.1" 200 1259228
151.80.31.118 - - [14/Oct/2015:06:06:23 -0500] "GET /galeria/galeria/fotos/Movilizacion13G.jpg HTTP/1.1" 200 120282
66.249.69.100 - - [14/Oct/2015:06:06:38 -0500] "GET /BLA/resoluciones/AUTOS%202013/3468.pdf HTTP/1.1" 200 300187
66.249.69.116 - - [14/Oct/2015:06:07:26 -0500] "GET /BLA/resoluciones/AUTOS%202014/4328.pdf HTTP/1.1" 304 -
66.249.69.108 - - [14/Oct/2015:06:08:09 -0500] "GET /BLA/resoluciones/RESOLUCIONES%202009/7668.pdf HTTP/1.1" 200 501819
151.80.31.118 - - [14/Oct/2015:06:08:49 -0500] "GET /BLA/resoluciones/AUTOS%202006/AUTOS%202006%20901-1000/00000966.tif HTTP/1.1" 200 56628
190.66.106.219 - - [14/Oct/2015:06:09:03 -0500] "GET /galeria/galeria/fotos/Humedal-Tibanica4G.jpg HTTP/1.1" 200 442374
190.66.106.219 - - [14/Oct/2015:06:09:14 -0500] "GET /galeria/galeria/jquery.fancybox.js?v=2.1.5 HTTP/1.1" 200 48706
190.66.106.219 - - [14/Oct/2015:06:09:14 -0500] "GET /galeria/galeria/jquery.fancybox.css?v=2.1.5 HTTP/1.1" 200 4895
190.66.106.219 - - [14/Oct/2015:06:09:14 -0500] "GET /galeria/galeria/fotos/Humedal-Tibanica1P.jpg HTTP/1.1" 200 26376
190.66.106.219 - - [14/Oct/2015:06:09:16 -0500] "GET /galeria/galeria/fotos/Humedal-Tibanica2P.jpg HTTP/1.1" 200 29568
190.66.106.219 - - [14/Oct/2015:06:09:16 -0500] "GET /galeria/galeria/fotos/Humedal-Tibanica3P.jpg HTTP/1.1" 200 28016
190.66.106.219 - - [14/Oct/2015:06:09:16 -0500] "GET /galeria/galeria/fotos/Humedal-Tibanica4P.jpg HTTP/1.1" 200 26708
66.249.69.100 - - [14/Oct/2015:06:09:33 -0500] "GET /BLA/resoluciones/RESOLUCIONES%202007/RES%202007%202701%20AL%202800/RESOLUCION%202730%20DE%202007.pdf HTTP/1.1" 200 533237
