180.76.15.30 - - [19/Oct/2015:05:27:57 -0500] "GET /BLA/boletinlegal/Circulares/2010/Circular%2003%20de%2015%20de%20marzo%20de%202010.pdf HTTP/1.1" 200 299174
74.86.158.110 - - [19/Oct/2015:05:28:48 -0500] "HEAD / HTTP/1.1" 200 -
66.249.64.96 - - [19/Oct/2015:05:29:01 -0500] "GET /galeria/galeria/fotos/GuaymaralTorca2G.jpg HTTP/1.1" 304 -
68.180.230.190 - - [19/Oct/2015:05:29:07 -0500] "GET /BLA/resoluciones/AUTOS%202005/2743.pdf HTTP/1.1" 200 180483
66.249.64.96 - - [19/Oct/2015:05:29:10 -0500] "GET /BLA/resoluciones/RESOLUCIONES%202009/7405.pdf HTTP/1.1" 200 680905
68.180.230.190 - - [19/Oct/2015:05:29:35 -0500] "GET /BLA/resoluciones/AUTOS%202005/2658.pdf HTTP/1.1" 200 76297
200.71.32.80 - - [19/Oct/2015:05:29:52 -0500] "GET /BLA/boletinlegal/js/jquery.scrollShow.js HTTP/1.1" 200 4586
200.71.32.80 - - [19/Oct/2015:05:29:52 -0500] "GET /galeria/galeria/jquery.fancybox.js?v=2.1.5 HTTP/1.1" 200 48706
200.71.32.80 - - [19/Oct/2015:05:29:52 -0500] "GET /galeria/galeria/jquery.fancybox.css?v=2.1.5 HTTP/1.1" 200 4895
66.249.64.96 - - [19/Oct/2015:05:30:54 -0500] "GET /BLA/resoluciones/RESOLUCIONES%202009/8999.pdf HTTP/1.1" 200 319612
68.180.230.190 - - [19/Oct/2015:05:31:04 -0500] "GET /BLA/resoluciones/index.php?dir=AUTOS%202005/&sort=size&order=asc HTTP/1.1" 200 2464
66.249.64.96 - - [19/Oct/2015:05:31:51 -0500] "GET /BLA/resoluciones/RESOLUCIONES%202011/2110.pdf HTTP/1.1" 200 507497
74.86.158.110 - - [19/Oct/2015:05:33:48 -0500] "HEAD / HTTP/1.1" 200 -
66.249.64.101 - - [19/Oct/2015:05:34:06 -0500] "GET /BLA/resoluciones/RESOLUCIONES%202013/1251.pdf HTTP/1.1" 200 556312
186.85.90.90 - - [19/Oct/2015:05:34:28 -0500] "GET /forms/frmservlet?config=sia HTTP/1.1" 200 4028
66.249.64.96 - - [19/Oct/2015:05:34:33 -0500] "GET /BLA/resoluciones/AUTOS%202014/0423.pdf HTTP/1.1" 304 -
186.85.90.90 - - [19/Oct/2015:05:34:41 -0500] "GET /forms/java/frmall_jinit.jar HTTP/1.1" 304 -
186.85.90.90 - - [19/Oct/2015:05:34:42 -0500] "GET /forms/java/icons.jar HTTP/1.1" 304 -
186.85.90.90 - - [19/Oct/2015:05:34:42 -0500] "GET /forms/java/java/awt/KeyboardFocusManager.class HTTP/1.1" 404 352
186.85.90.90 - - [19/Oct/2015:05:34:42 -0500] "GET /forms/java/java/awt/KeyboardFocusManager.class HTTP/1.1" 404 352
186.85.90.90 - - [19/Oct/2015:05:34:42 -0500] "GET /forms/java/java/awt/event/MouseWheelListener.class HTTP/1.1" 404 356
186.85.90.90 - - [19/Oct/2015:05:34:42 -0500] "GET /forms/java/java/awt/event/MouseWheelListener.class HTTP/1.1" 404 356
186.85.90.90 - - [19/Oct/2015:05:34:43 -0500] "GET /forms/java/oracle/forms/registry/Registry.dat HTTP/1.1" 200 4213
186.85.90.90 - - [19/Oct/2015:05:34:43 -0500] "GET /forms/java/oracle/forms/registry/default.dat HTTP/1.1" 404 350
186.85.90.90 - - [19/Oct/2015:05:34:43 -0500] "GET /forms/frmservlet?config=sia&acceptLanguage=es-CO&ifcmd=startsession HTTP/1.1" 200 119
186.85.90.90 - - [19/Oct/2015:05:34:43 -0500] "GET /forms/lservlet;jsessionid=ac16012b30d61c683023e86b4b709fc69331aa9fba13.e3iSbxaKaheRe38Ka34Oa3eLbxf0n6jAmljGr5XDqQLvpAe?ifcmd=getinfo&ifhost=MARTINA&ifip=192.168.0.24 HTTP/1.1" 200 8
186.85.90.90 - - [19/Oct/2015:05:34:43 -0500] "POST /forms/lservlet;jsessionid=ac16012b30d61c683023e86b4b709fc69331aa9fba13.e3iSbxaKaheRe38Ka34Oa3eLbxf0n6jAmljGr5XDqQLvpAe HTTP/1.1" 200 8
186.85.90.90 - - [19/Oct/2015:05:34:44 -0500] "GET /forms/java/oracle/forms/engine/RunformBundle_es_CO.class HTTP/1.1" 404 362
186.85.90.90 - - [19/Oct/2015:05:34:44 -0500] "GET /forms/java/oracle/forms/engine/RunformBundle_es_CO.class HTTP/1.1" 404 362
186.85.90.90 - - [19/Oct/2015:05:34:44 -0500] "GET /forms/java/oracle/forms/engine/RunformBundle_es_CO.properties HTTP/1.1" 404 367
186.85.90.90 - - [19/Oct/2015:05:34:45 -0500] "POST /forms/lservlet;jsessionid=ac16012b30d61c683023e86b4b709fc69331aa9fba13.e3iSbxaKaheRe38Ka34Oa3eLbxf0n6jAmljGr5XDqQLvpAe HTTP/1.1" 200 64000
186.85.90.90 - - [19/Oct/2015:05:34:45 -0500] "POST /forms/lservlet;jsessionid=ac16012b30d61c683023e86b4b709fc69331aa9fba13.e3iSbxaKaheRe38Ka34Oa3eLbxf0n6jAmljGr5XDqQLvpAe HTTP/1.1" 200 64000
186.85.90.90 - - [19/Oct/2015:05:34:46 -0500] "POST /forms/lservlet;jsessionid=ac16012b30d61c683023e86b4b709fc69331aa9fba13.e3iSbxaKaheRe38Ka34Oa3eLbxf0n6jAmljGr5XDqQLvpAe HTTP/1.1" 200 63623
186.85.90.90 - - [19/Oct/2015:05:34:47 -0500] "HEAD /imagenes/dama_logo.gif HTTP/1.1" 200 -
186.85.90.90 - - [19/Oct/2015:05:34:47 -0500] "GET /imagenes/dama_logo.gif HTTP/1.1" 200 21482
186.85.90.90 - - [19/Oct/2015:05:34:48 -0500] "POST /forms/lservlet;jsessionid=ac16012b30d61c683023e86b4b709fc69331aa9fba13.e3iSbxaKaheRe38Ka34Oa3eLbxf0n6jAmljGr5XDqQLvpAe HTTP/1.1" 200 2
186.85.90.90 - - [19/Oct/2015:05:34:48 -0500] "POST /forms/lservlet;jsessionid=ac16012b30d61c683023e86b4b709fc69331aa9fba13.e3iSbxaKaheRe38Ka34Oa3eLbxf0n6jAmljGr5XDqQLvpAe HTTP/1.1" 200 2
65.55.217.56 - - [19/Oct/2015:05:36:05 -0500] "GET /BLA/boletinlegal/js/jquery.scrollShow.js HTTP/1.1" 200 4586
65.55.217.56 - - [19/Oct/2015:05:36:05 -0500] "GET /galeria/galeria/jquery.fancybox.js?v=2.1.5 HTTP/1.1" 200 48706
65.55.217.56 - - [19/Oct/2015:05:36:05 -0500] "GET /galeria/galeria/jquery.fancybox.css?v=2.1.5 HTTP/1.1" 200 4895
68.180.230.190 - - [19/Oct/2015:05:36:09 -0500] "GET /BLA/resoluciones/index.php?dir=RESOLUCIONES%202001/&sort=size&order=asc HTTP/1.1" 200 8131
65.55.217.56 - - [19/Oct/2015:05:36:22 -0500] "GET /galeria/galeria/jquery.fancybox.js?v=2.1.5 HTTP/1.1" 200 48706
65.55.217.56 - - [19/Oct/2015:05:36:22 -0500] "GET /BLA/boletinlegal/js/jquery.scrollShow.js HTTP/1.1" 200 4586
65.55.217.56 - - [19/Oct/2015:05:36:22 -0500] "GET /galeria/galeria/jquery.fancybox.css?v=2.1.5 HTTP/1.1" 200 4895
66.249.64.96 - - [19/Oct/2015:05:36:35 -0500] "GET /galeria/galeria/fotos/Humedal-Santa-Mar%C3%ADa-del-Lago1G.jpg HTTP/1.1" 200 290867
186.85.90.90 - - [19/Oct/2015:05:36:44 -0500] "POST /forms/lservlet;jsessionid=ac16012b30d61c683023e86b4b709fc69331aa9fba13.e3iSbxaKaheRe38Ka34Oa3eLbxf0n6jAmljGr5XDqQLvpAe HTTP/1.1" 200 2
66.249.64.106 - - [19/Oct/2015:05:37:14 -0500] "GET /BLA/resoluciones/RESOLUCIONES%202013/0995.pdf HTTP/1.1" 304 -
66.249.64.106 - - [19/Oct/2015:05:37:20 -0500] "GET /BLA/resoluciones/RESOLUCIONES%202010/1605.pdf HTTP/1.1" 200 359108
186.155.151.208 - - [19/Oct/2015:05:37:25 -0500] "GET /BLA/boletinlegal/js/jquery.scrollShow.js HTTP/1.1" 200 4586
186.155.151.208 - - [19/Oct/2015:05:37:25 -0500] "GET /galeria/carrusel/Carrusel/jquery.thumbnailScroller.css HTTP/1.1" 200 2066
186.155.151.208 - - [19/Oct/2015:05:37:25 -0500] "GET /galeria/galeria/jquery.fancybox.css?v=2.1.5 HTTP/1.1" 200 4895
186.155.151.208 - - [19/Oct/2015:05:37:25 -0500] "GET /galeria/galeria/jquery.fancybox.js?v=2.1.5 HTTP/1.1" 200 48706
186.155.151.208 - - [19/Oct/2015:05:37:25 -0500] "GET /galeria/carrusel/Carrusel/jquery-ui-1.8.13.custom.min.js HTTP/1.1" 200 10800
186.155.151.208 - - [19/Oct/2015:05:37:26 -0500] "GET /galeria/carrusel/Carrusel/jquery.thumbnailScroller.js HTTP/1.1" 200 8157
186.155.151.208 - - [19/Oct/2015:05:37:26 -0500] "GET /galeria/nivo-slider/demo/demo.html HTTP/1.1" 200 3893
186.155.151.208 - - [19/Oct/2015:05:37:27 -0500] "GET /galeria/nivo-slider/themes/default/default.css HTTP/1.1" 200 1569
186.155.151.208 - - [19/Oct/2015:05:37:27 -0500] "GET /galeria/nivo-slider/themes/pascal/pascal.css HTTP/1.1" 200 2258
186.155.151.208 - - [19/Oct/2015:05:37:27 -0500] "GET /galeria/nivo-slider/nivo-slider.css HTTP/1.1" 200 1507
186.155.151.208 - - [19/Oct/2015:05:37:27 -0500] "GET /galeria/nivo-slider/demo/style.css HTTP/1.1" 200 2222
186.155.151.208 - - [19/Oct/2015:05:37:27 -0500] "GET /galeria/nivo-slider/demo/images/Banner-ahorro-de-agua.jpg HTTP/1.1" 200 149141
186.155.151.208 - - [19/Oct/2015:05:37:27 -0500] "GET /galeria/nivo-slider/demo/images/Cmapana-onestidad.jpg HTTP/1.1" 200 141638
186.155.151.208 - - [19/Oct/2015:05:37:27 -0500] "GET /galeria/nivo-slider/demo/images/Plan-Quinquenal.jpg HTTP/1.1" 200 412438
186.155.151.208 - - [19/Oct/2015:05:37:27 -0500] "GET /galeria/nivo-slider/demo/images/PREDAcamp.jpg HTTP/1.1" 200 295358
186.155.151.208 - - [19/Oct/2015:05:37:27 -0500] "GET /galeria/nivo-slider/themes/orman/orman.css HTTP/1.1" 200 2152
186.155.151.208 - - [19/Oct/2015:05:37:27 -0500] "GET /galeria/nivo-slider/demo/images/Arbol-banner2015.jpg HTTP/1.1" 200 227081
186.155.151.208 - - [19/Oct/2015:05:37:27 -0500] "GET /galeria/nivo-slider/demo/images/Comparendo-ambiental-Banner.jpg HTTP/1.1" 200 83731
186.155.151.208 - - [19/Oct/2015:05:37:28 -0500] "GET /galeria/nivo-slider/demo/images/banner-llantas2.jpg HTTP/1.1" 200 204644
186.155.151.208 - - [19/Oct/2015:05:37:29 -0500] "GET /galeria/nivo-slider/demo/images/Ruta-vertimientos-01.jpg HTTP/1.1" 200 130151
186.155.151.208 - - [19/Oct/2015:05:37:29 -0500] "GET /galeria/nivo-slider/demo/images/rendicion-de-cuentas-formulario.jpg HTTP/1.1" 200 166357
186.155.151.208 - - [19/Oct/2015:05:37:29 -0500] "GET /galeria/nivo-slider/demo/images/bolsas-06.jpg HTTP/1.1" 200 90982
186.155.151.208 - - [19/Oct/2015:05:37:30 -0500] "GET /galeria/nivo-slider/demo/images/ecolecta-Dic2014.png HTTP/1.1" 200 288593
186.155.151.208 - - [19/Oct/2015:05:37:30 -0500] "GET /galeria/nivo-slider/demo/images/Conoce-los-humedales.jpg HTTP/1.1" 200 294036
186.155.151.208 - - [19/Oct/2015:05:37:30 -0500] "GET /galeria/nivo-slider/demo/scripts/jquery-1.7.1.min.js HTTP/1.1" 200 93868
186.155.151.208 - - [19/Oct/2015:05:37:30 -0500] "GET /galeria/nivo-slider/jquery.nivo.slider.pack.js HTTP/1.1" 200 11561
186.155.151.208 - - [19/Oct/2015:05:37:30 -0500] "GET /galeria/nivo-slider/demo/images/9Signos.jpg HTTP/1.1" 200 81776
186.155.151.208 - - [19/Oct/2015:05:37:30 -0500] "GET /galeria/nivo-slider/demo/images/4Simple_Slider.png HTTP/1.1" 200 11722
186.155.151.208 - - [19/Oct/2015:05:37:30 -0500] "GET /galeria/nivo-slider/themes/default/loading.gif HTTP/1.1" 200 1737
66.249.64.96 - - [19/Oct/2015:05:37:32 -0500] "GET /galeria/galeria/fotos/GuaymaralTorca2G.jpg HTTP/1.1" 200 352295
186.155.151.208 - - [19/Oct/2015:05:37:32 -0500] "GET /galeria/nivo-slider/themes/default/bullets.png HTTP/1.1" 200 1281
186.155.151.208 - - [19/Oct/2015:05:37:33 -0500] "GET /galeria/nivo-slider/themes/default/arrows.png HTTP/1.1" 200 824
201.234.75.11 - - [19/Oct/2015:05:38:11 -0500] "GET /galeria/galeria/fotos/Movilizacion2P.jpg HTTP/1.1" 304 -
66.249.64.96 - - [19/Oct/2015:05:38:14 -0500] "GET /BLA/resoluciones/RESOLUCIONES%202008/4826.pdf HTTP/1.1" 200 29826
186.85.90.90 - - [19/Oct/2015:05:38:32 -0500] "POST /forms/lservlet;jsessionid=ac16012b30d61c683023e86b4b709fc69331aa9fba13.e3iSbxaKaheRe38Ka34Oa3eLbxf0n6jAmljGr5XDqQLvpAe HTTP/1.1" 200 7996
186.85.90.90 - - [19/Oct/2015:05:38:33 -0500] "POST /forms/lservlet;jsessionid=ac16012b30d61c683023e86b4b709fc69331aa9fba13.e3iSbxaKaheRe38Ka34Oa3eLbxf0n6jAmljGr5XDqQLvpAe HTTP/1.1" 200 64
186.85.90.90 - - [19/Oct/2015:05:38:33 -0500] "POST /forms/lservlet;jsessionid=ac16012b30d61c683023e86b4b709fc69331aa9fba13.e3iSbxaKaheRe38Ka34Oa3eLbxf0n6jAmljGr5XDqQLvpAe HTTP/1.1" 200 2
186.85.90.90 - - [19/Oct/2015:05:38:33 -0500] "POST /forms/lservlet;jsessionid=ac16012b30d61c683023e86b4b709fc69331aa9fba13.e3iSbxaKaheRe38Ka34Oa3eLbxf0n6jAmljGr5XDqQLvpAe HTTP/1.1" 200 2
186.85.90.90 - - [19/Oct/2015:05:38:33 -0500] "POST /forms/lservlet;jsessionid=ac16012b30d61c683023e86b4b709fc69331aa9fba13.e3iSbxaKaheRe38Ka34Oa3eLbxf0n6jAmljGr5XDqQLvpAe HTTP/1.1" 200 2
186.85.90.90 - - [19/Oct/2015:05:38:44 -0500] "POST /forms/lservlet;jsessionid=ac16012b30d61c683023e86b4b709fc69331aa9fba13.e3iSbxaKaheRe38Ka34Oa3eLbxf0n6jAmljGr5XDqQLvpAe HTTP/1.1" 200 2
74.86.158.110 - - [19/Oct/2015:05:38:48 -0500] "HEAD / HTTP/1.1" 200 -
66.249.64.96 - - [19/Oct/2015:05:39:55 -0500] "GET /BLA/resoluciones/RESOLUCIONES%202009/8730.pdf HTTP/1.1" 304 -
190.9.201.85 - - [19/Oct/2015:05:40:26 -0500] "GET /galeria/galeria/jquery.fancybox.css?v=2.1.5 HTTP/1.1" 200 4895
190.9.201.85 - - [19/Oct/2015:05:40:26 -0500] "GET /galeria/carrusel/Carrusel/jquery-ui-1.8.13.custom.min.js HTTP/1.1" 200 10800
190.9.201.85 - - [19/Oct/2015:05:40:26 -0500] "GET /galeria/galeria/jquery.fancybox.js?v=2.1.5 HTTP/1.1" 200 48706
190.9.201.85 - - [19/Oct/2015:05:40:26 -0500] "GET /BLA/boletinlegal/js/jquery.scrollShow.js HTTP/1.1" 200 4586
190.9.201.85 - - [19/Oct/2015:05:40:26 -0500] "GET /galeria/carrusel/Carrusel/jquery.thumbnailScroller.css HTTP/1.1" 200 2066
190.9.201.85 - - [19/Oct/2015:05:40:26 -0500] "GET /galeria/carrusel/Carrusel/jquery.thumbnailScroller.js HTTP/1.1" 200 8157
190.9.201.85 - - [19/Oct/2015:05:40:27 -0500] "GET /galeria/nivo-slider/demo/demo.html HTTP/1.1" 200 3893
190.9.201.85 - - [19/Oct/2015:05:40:28 -0500] "GET /galeria/nivo-slider/themes/orman/orman.css HTTP/1.1" 200 2152
190.9.201.85 - - [19/Oct/2015:05:40:28 -0500] "GET /galeria/nivo-slider/themes/default/default.css HTTP/1.1" 200 1569
190.9.201.85 - - [19/Oct/2015:05:40:28 -0500] "GET /galeria/nivo-slider/themes/pascal/pascal.css HTTP/1.1" 200 2258
190.9.201.85 - - [19/Oct/2015:05:40:28 -0500] "GET /galeria/nivo-slider/nivo-slider.css HTTP/1.1" 200 1507
190.9.201.85 - - [19/Oct/2015:05:40:28 -0500] "GET /galeria/nivo-slider/demo/style.css HTTP/1.1" 200 2222
190.9.201.85 - - [19/Oct/2015:05:40:28 -0500] "GET /galeria/nivo-slider/demo/images/rendicion-de-cuentas-formulario.jpg HTTP/1.1" 200 166357
190.9.201.85 - - [19/Oct/2015:05:40:28 -0500] "GET /galeria/nivo-slider/demo/scripts/jquery-1.7.1.min.js HTTP/1.1" 200 93868
190.9.201.85 - - [19/Oct/2015:05:40:28 -0500] "GET /galeria/nivo-slider/jquery.nivo.slider.pack.js HTTP/1.1" 200 11561
190.9.201.85 - - [19/Oct/2015:05:40:28 -0500] "GET /galeria/nivo-slider/demo/images/Banner-ahorro-de-agua.jpg HTTP/1.1" 200 149141
190.9.201.85 - - [19/Oct/2015:05:40:28 -0500] "GET /galeria/nivo-slider/demo/images/Arbol-banner2015.jpg HTTP/1.1" 200 227081
190.9.201.85 - - [19/Oct/2015:05:40:28 -0500] "GET /galeria/nivo-slider/demo/images/Cmapana-onestidad.jpg HTTP/1.1" 200 141638
190.9.201.85 - - [19/Oct/2015:05:40:28 -0500] "GET /galeria/nivo-slider/demo/images/Plan-Quinquenal.jpg HTTP/1.1" 200 412438
190.9.201.85 - - [19/Oct/2015:05:40:29 -0500] "GET /galeria/nivo-slider/demo/images/PREDAcamp.jpg HTTP/1.1" 200 295358
190.9.201.85 - - [19/Oct/2015:05:40:29 -0500] "GET /galeria/nivo-slider/demo/images/banner-llantas2.jpg HTTP/1.1" 200 204644
190.9.201.85 - - [19/Oct/2015:05:40:29 -0500] "GET /galeria/nivo-slider/demo/images/9Signos.jpg HTTP/1.1" 200 81776
190.9.201.85 - - [19/Oct/2015:05:40:29 -0500] "GET /galeria/nivo-slider/demo/images/Comparendo-ambiental-Banner.jpg HTTP/1.1" 200 83731
190.9.201.85 - - [19/Oct/2015:05:40:30 -0500] "GET /galeria/nivo-slider/demo/images/Ruta-vertimientos-01.jpg HTTP/1.1" 200 130151
190.9.201.85 - - [19/Oct/2015:05:40:30 -0500] "GET /galeria/nivo-slider/demo/images/bolsas-06.jpg HTTP/1.1" 200 90982
190.9.201.85 - - [19/Oct/2015:05:40:30 -0500] "GET /galeria/nivo-slider/demo/images/Conoce-los-humedales.jpg HTTP/1.1" 200 294036
190.9.201.85 - - [19/Oct/2015:05:40:30 -0500] "GET /galeria/nivo-slider/demo/images/ecolecta-Dic2014.png HTTP/1.1" 200 288593
190.9.201.85 - - [19/Oct/2015:05:40:30 -0500] "GET /galeria/nivo-slider/demo/images/4Simple_Slider.png HTTP/1.1" 200 11722
190.9.201.85 - - [19/Oct/2015:05:40:31 -0500] "GET /galeria/nivo-slider/themes/default/loading.gif HTTP/1.1" 200 1737
190.9.201.85 - - [19/Oct/2015:05:40:32 -0500] "GET /galeria/nivo-slider/themes/default/arrows.png HTTP/1.1" 200 824
190.9.201.85 - - [19/Oct/2015:05:40:32 -0500] "GET /galeria/nivo-slider/themes/default/bullets.png HTTP/1.1" 200 1281
66.249.64.101 - - [19/Oct/2015:05:40:39 -0500] "GET /BLA/resoluciones/AUTOS%202011/2050.pdf HTTP/1.1" 200 170017
186.85.90.90 - - [19/Oct/2015:05:40:44 -0500] "POST /forms/lservlet;jsessionid=ac16012b30d61c683023e86b4b709fc69331aa9fba13.e3iSbxaKaheRe38Ka34Oa3eLbxf0n6jAmljGr5XDqQLvpAe HTTP/1.1" 200 2
66.249.64.96 - - [19/Oct/2015:05:41:22 -0500] "GET /galeria/galeria/fotos/Huemdal-Cordoba2G.jpg HTTP/1.1" 200 471832
186.113.78.153 - - [19/Oct/2015:05:41:51 -0500] "GET /galeria/galeria/jquery.fancybox.css?v=2.1.5 HTTP/1.1" 200 4895
186.113.78.153 - - [19/Oct/2015:05:41:51 -0500] "GET /BLA/boletinlegal/js/jquery.scrollShow.js HTTP/1.1" 200 4586
186.113.78.153 - - [19/Oct/2015:05:41:51 -0500] "GET /galeria/galeria/jquery.fancybox.js?v=2.1.5 HTTP/1.1" 200 48706
186.113.78.153 - - [19/Oct/2015:05:42:02 -0500] "GET /BLA/boletinlegal/js/jquery.scrollShow.js HTTP/1.1" 304 -
186.113.78.153 - - [19/Oct/2015:05:42:02 -0500] "GET /galeria/galeria/jquery.fancybox.js?v=2.1.5 HTTP/1.1" 304 -
186.113.78.153 - - [19/Oct/2015:05:42:02 -0500] "GET /galeria/galeria/jquery.fancybox.css?v=2.1.5 HTTP/1.1" 304 -
200.69.103.254 - - [19/Oct/2015:05:42:18 -0500] "GET /galeria/nivo-slider/demo/demo.html HTTP/1.0" 304 -
200.69.103.254 - - [19/Oct/2015:05:42:24 -0500] "GET /galeria/nivo-slider/demo/images/rendicion-de-cuentas-formulario.jpg HTTP/1.0" 304 -
200.69.103.254 - - [19/Oct/2015:05:42:24 -0500] "GET /galeria/nivo-slider/demo/images/Arbol-banner2015.jpg HTTP/1.0" 304 -
200.69.103.254 - - [19/Oct/2015:05:42:24 -0500] "GET /galeria/nivo-slider/demo/images/Banner-ahorro-de-agua.jpg HTTP/1.0" 304 -
200.69.103.254 - - [19/Oct/2015:05:42:24 -0500] "GET /galeria/nivo-slider/demo/images/Cmapana-onestidad.jpg HTTP/1.0" 304 -
66.249.64.101 - - [19/Oct/2015:05:42:36 -0500] "GET /BLA/resoluciones/Notificaciones/AUTOS%202013/2227.doc HTTP/1.1" 304 -
68.180.230.190 - - [19/Oct/2015:05:42:42 -0500] "GET /BLA/resoluciones/index.php?dir=AUTOS%202005/&sort=date&order=asc HTTP/1.1" 200 2464
186.85.90.90 - - [19/Oct/2015:05:42:45 -0500] "POST /forms/lservlet;jsessionid=ac16012b30d61c683023e86b4b709fc69331aa9fba13.e3iSbxaKaheRe38Ka34Oa3eLbxf0n6jAmljGr5XDqQLvpAe HTTP/1.1" 200 2
66.249.64.106 - - [19/Oct/2015:05:42:59 -0500] "GET /galeria/galeria/fotos/humedal-Burro3G.jpg HTTP/1.1" 200 508713
190.9.201.85 - - [19/Oct/2015:05:43:19 -0500] "GET /galeria/galeria/jquery.fancybox.css?v=2.1.5 HTTP/1.1" 304 -
190.9.201.85 - - [19/Oct/2015:05:43:19 -0500] "GET /BLA/boletinlegal/js/jquery.scrollShow.js HTTP/1.1" 304 -
190.9.201.85 - - [19/Oct/2015:05:43:19 -0500] "GET /galeria/galeria/jquery.fancybox.js?v=2.1.5 HTTP/1.1" 304 -
74.86.158.110 - - [19/Oct/2015:05:43:48 -0500] "HEAD / HTTP/1.1" 200 -
66.249.64.106 - - [19/Oct/2015:05:43:53 -0500] "GET /BLA/resoluciones/RESOLUCIONES%202010/7203.pdf HTTP/1.1" 200 986451
66.249.64.106 - - [19/Oct/2015:05:44:22 -0500] "GET /galeria/galeria/fotos/Humedal-Santa-Mar%C3%ADa-del-Lago2G.jpg HTTP/1.1" 200 313606
186.85.90.90 - - [19/Oct/2015:05:44:45 -0500] "POST /forms/lservlet;jsessionid=ac16012b30d61c683023e86b4b709fc69331aa9fba13.e3iSbxaKaheRe38Ka34Oa3eLbxf0n6jAmljGr5XDqQLvpAe HTTP/1.1" 200 2
190.25.105.172 - - [19/Oct/2015:05:44:48 -0500] "GET /galeria/galeria/jquery.fancybox.js?v=2.1.5 HTTP/1.1" 304 -
190.25.105.172 - - [19/Oct/2015:05:44:48 -0500] "GET /galeria/galeria/jquery.fancybox.css?v=2.1.5 HTTP/1.1" 304 -
66.249.64.101 - - [19/Oct/2015:05:45:17 -0500] "GET /BLA/resoluciones/AUTOS%202010/0876.pdf HTTP/1.1" 304 -
180.76.15.30 - - [19/Oct/2015:05:45:38 -0500] "GET / HTTP/1.1" 302 298
180.76.15.149 - - [19/Oct/2015:05:46:28 -0500] "GET / HTTP/1.1" 302 298
186.85.90.90 - - [19/Oct/2015:05:46:48 -0500] "POST /forms/lservlet;jsessionid=ac16012b30d61c683023e86b4b709fc69331aa9fba13.e3iSbxaKaheRe38Ka34Oa3eLbxf0n6jAmljGr5XDqQLvpAe HTTP/1.1" 200 2
66.249.64.101 - - [19/Oct/2015:05:47:05 -0500] "GET /BLA/resoluciones/AUTOS%202013/0956.pdf HTTP/1.1" 200 1592733
69.30.214.38 - - [19/Oct/2015:05:47:22 -0500] "GET /robots.txt HTTP/1.0" 404 1015
69.30.214.38 - - [19/Oct/2015:05:47:24 -0500] "GET /Anexos%20estudio%20Organizacional%20SDA/ANEXO%20No.%201-%20NORMAS%20LEGALES%20DE%20ESTRUCTURA%20Y%20PLANTA/Acuerdo%209%20de%201990%20Concejo%20de%20Bogot%C3%A1..htm HTTP/1.0" 200 34207
52.23.156.32 - - [19/Oct/2015:05:47:30 -0500] "GET /robots.txt HTTP/1.1" 404 1018
69.30.214.38 - - [19/Oct/2015:05:47:37 -0500] "GET /robots.txt HTTP/1.0" 404 1019
69.30.214.38 - - [19/Oct/2015:05:47:38 -0500] "GET /Anexos%20estudio%20Organizacional%20SDA/ANEXO%20No.%201-%20NORMAS%20LEGALES%20DE%20ESTRUCTURA%20Y%20PLANTA/Acuerdo%209%20de%201990%20Concejo%20de%20Bogot%C3%A1..htm HTTP/1.0" 200 34207
69.30.214.38 - - [19/Oct/2015:05:47:49 -0500] "GET /Autoliquidacion/Grupo%20Forestal%20-%20Silvicultura/Solicitud%20y%20lista%20de%20chequeo%20Evaluaci%C3%B3n%20Silvicultural.xlsx HTTP/1.0" 200 100649
66.249.64.96 - - [19/Oct/2015:05:47:58 -0500] "GET /BLA/resoluciones/RESOLUCIONES%202010/0164.pdf HTTP/1.1" 304 -
69.30.214.38 - - [19/Oct/2015:05:48:01 -0500] "GET /?/ HTTP/1.0" 200 10190
190.9.203.104 - - [19/Oct/2015:05:48:47 -0500] "GET /galeria/galeria/jquery.fancybox.css?v=2.1.5 HTTP/1.1" 200 4895
190.9.203.104 - - [19/Oct/2015:05:48:47 -0500] "GET /galeria/galeria/jquery.fancybox.js?v=2.1.5 HTTP/1.1" 200 48706
190.9.203.104 - - [19/Oct/2015:05:48:47 -0500] "GET /BLA/boletinlegal/js/jquery.scrollShow.js HTTP/1.1" 200 4586
74.86.158.110 - - [19/Oct/2015:05:48:48 -0500] "HEAD / HTTP/1.1" 200 -
186.85.90.90 - - [19/Oct/2015:05:48:49 -0500] "POST /forms/lservlet;jsessionid=ac16012b30d61c683023e86b4b709fc69331aa9fba13.e3iSbxaKaheRe38Ka34Oa3eLbxf0n6jAmljGr5XDqQLvpAe HTTP/1.1" 200 2
190.9.203.104 - - [19/Oct/2015:05:48:55 -0500] "GET /galeria/galeria/jquery.fancybox.js?v=2.1.5 HTTP/1.1" 304 -
190.9.203.104 - - [19/Oct/2015:05:48:55 -0500] "GET /BLA/boletinlegal/js/jquery.scrollShow.js HTTP/1.1" 304 -
190.9.203.104 - - [19/Oct/2015:05:48:55 -0500] "GET /galeria/galeria/jquery.fancybox.css?v=2.1.5 HTTP/1.1" 304 -
66.249.64.101 - - [19/Oct/2015:05:49:23 -0500] "GET /galeria/galeria/fotos/Jaboque1G.jpg HTTP/1.1" 304 -
66.249.64.106 - - [19/Oct/2015:05:50:23 -0500] "GET /BLA/resoluciones/RESOLUCIONES%202007/RES%202007%201101%20AL%201200/RESOLUCION%201184%20DE%202007.pdf HTTP/1.1" 200 426605
107.189.60.71 - - [19/Oct/2015:05:50:29 -0500] "GET / HTTP/1.1" 200 10190
107.189.60.71 - - [19/Oct/2015:05:50:30 -0500] "GET /js/jquery.js HTTP/1.1" 200 97120
107.189.60.71 - - [19/Oct/2015:05:50:30 -0500] "GET /js/bootstrap.min.js HTTP/1.1" 200 28538
107.189.60.71 - - [19/Oct/2015:05:50:30 -0500] "GET /css/bootstrap.min.css HTTP/1.1" 200 105939
66.249.64.96 - - [19/Oct/2015:05:50:40 -0500] "GET /BLA/resoluciones/AUTOS%202013/0515.pdf HTTP/1.1" 304 -
186.85.90.90 - - [19/Oct/2015:05:50:49 -0500] "POST /forms/lservlet;jsessionid=ac16012b30d61c683023e86b4b709fc69331aa9fba13.e3iSbxaKaheRe38Ka34Oa3eLbxf0n6jAmljGr5XDqQLvpAe HTTP/1.1" 200 2
66.249.64.106 - - [19/Oct/2015:05:51:24 -0500] "GET /galeria/galeria/fotos/GuaymaralTorca1G.jpg HTTP/1.1" 200 539636
39.32.108.245 - - [19/Oct/2015:05:51:24 -0500] "POST /xmlrpc.php HTTP/1.1" 301 334
66.249.64.101 - - [19/Oct/2015:05:51:30 -0500] "GET /galeria/galeria/fotos/Humedal-la-Isla2G.jpg HTTP/1.1" 200 207490
181.61.205.109 - - [19/Oct/2015:05:51:53 -0500] "GET /BLA/boletinlegal/js/jquery.scrollShow.js HTTP/1.1" 200 4586
181.61.205.109 - - [19/Oct/2015:05:51:53 -0500] "GET /galeria/galeria/jquery.fancybox.css?v=2.1.5 HTTP/1.1" 200 4895
181.61.205.109 - - [19/Oct/2015:05:51:53 -0500] "GET /galeria/galeria/jquery.fancybox.js?v=2.1.5 HTTP/1.1" 200 48706
181.61.205.109 - - [19/Oct/2015:05:51:57 -0500] "GET /BLA/boletinlegal/js/jquery.scrollShow.js HTTP/1.1" 304 -
181.61.205.109 - - [19/Oct/2015:05:51:57 -0500] "GET /galeria/galeria/jquery.fancybox.css?v=2.1.5 HTTP/1.1" 304 -
181.61.205.109 - - [19/Oct/2015:05:51:57 -0500] "GET /galeria/galeria/jquery.fancybox.js?v=2.1.5 HTTP/1.1" 304 -
186.145.52.228 - - [19/Oct/2015:05:52:24 -0500] "GET /BLA/boletinlegal/js/jquery.scrollShow.js HTTP/1.1" 200 4586
186.145.52.228 - - [19/Oct/2015:05:52:24 -0500] "GET /galeria/galeria/jquery.fancybox.css?v=2.1.5 HTTP/1.1" 200 4895
186.145.52.228 - - [19/Oct/2015:05:52:24 -0500] "GET /galeria/galeria/jquery.fancybox.js?v=2.1.5 HTTP/1.1" 200 48706
186.145.52.228 - - [19/Oct/2015:05:52:37 -0500] "GET /BLA/boletinlegal/js/jquery.scrollShow.js HTTP/1.1" 304 -
186.145.52.228 - - [19/Oct/2015:05:52:37 -0500] "GET /galeria/galeria/jquery.fancybox.css?v=2.1.5 HTTP/1.1" 304 -
186.145.52.228 - - [19/Oct/2015:05:52:37 -0500] "GET /galeria/galeria/jquery.fancybox.js?v=2.1.5 HTTP/1.1" 304 -
186.85.90.90 - - [19/Oct/2015:05:52:49 -0500] "POST /forms/lservlet;jsessionid=ac16012b30d61c683023e86b4b709fc69331aa9fba13.e3iSbxaKaheRe38Ka34Oa3eLbxf0n6jAmljGr5XDqQLvpAe HTTP/1.1" 200 2
66.249.64.96 - - [19/Oct/2015:05:53:21 -0500] "GET /BLA/resoluciones/RESOLUCIONES%202007/RES%202007%20301%20AL%20400/RESOLUCION%200363%20DE%202007.pdf HTTP/1.1" 200 315227
66.249.64.96 - - [19/Oct/2015:05:53:38 -0500] "GET /BLA/resoluciones/RESOLUCIONES%202010/3623.pdf HTTP/1.1" 200 726305
74.86.158.110 - - [19/Oct/2015:05:53:48 -0500] "HEAD / HTTP/1.1" 200 -
157.55.39.183 - - [19/Oct/2015:05:54:49 -0500] "GET /robots.txt HTTP/1.1" 404 1018
186.85.90.90 - - [19/Oct/2015:05:54:49 -0500] "POST /forms/lservlet;jsessionid=ac16012b30d61c683023e86b4b709fc69331aa9fba13.e3iSbxaKaheRe38Ka34Oa3eLbxf0n6jAmljGr5XDqQLvpAe HTTP/1.1" 200 2
186.155.120.217 - - [19/Oct/2015:05:55:07 -0500] "GET /galeria/galeria/fotos/Humedal-Santa-Mar%C3%ADa-del-Lago3G.jpg HTTP/1.1" 200 271832
157.55.39.183 - - [19/Oct/2015:05:55:12 -0500] "GET /galeria/nivo-slider/demo/demo.html HTTP/1.1" 200 3893
66.249.64.101 - - [19/Oct/2015:05:56:02 -0500] "GET /BLA/resoluciones/AUTOS%202009/0022.pdf HTTP/1.1" 304 -
152.201.17.151 - - [19/Oct/2015:05:56:21 -0500] "GET /galeria/galeria/fotos/3humedal-Burro3G.jpg HTTP/1.1" 200 74809
190.25.105.172 - - [19/Oct/2015:05:56:35 -0500] "GET /galeria/galeria/jquery.fancybox.js?v=2.1.5 HTTP/1.1" 304 -
190.25.105.172 - - [19/Oct/2015:05:56:36 -0500] "GET /galeria/galeria/jquery.fancybox.css?v=2.1.5 HTTP/1.1" 304 -
66.249.64.106 - - [19/Oct/2015:05:56:49 -0500] "GET /BLA/resoluciones/RESOLUCIONES%202010/2516.pdf HTTP/1.1" 200 390472
186.85.90.90 - - [19/Oct/2015:05:56:50 -0500] "POST /forms/lservlet;jsessionid=ac16012b30d61c683023e86b4b709fc69331aa9fba13.e3iSbxaKaheRe38Ka34Oa3eLbxf0n6jAmljGr5XDqQLvpAe HTTP/1.1" 200 2
200.118.79.21 - - [19/Oct/2015:05:56:51 -0500] "GET /galeria/galeria/jquery.fancybox.js?v=2.1.5 HTTP/1.1" 304 -
200.118.79.21 - - [19/Oct/2015:05:56:51 -0500] "GET /galeria/galeria/jquery.fancybox.css?v=2.1.5 HTTP/1.1" 304 -
200.118.79.21 - - [19/Oct/2015:05:57:52 -0500] "GET /galeria/galeria/jquery.fancybox.js?v=2.1.5 HTTP/1.1" 304 -
200.118.79.21 - - [19/Oct/2015:05:57:52 -0500] "GET /galeria/galeria/jquery.fancybox.css?v=2.1.5 HTTP/1.1" 304 -
200.118.79.21 - - [19/Oct/2015:05:57:52 -0500] "GET /galeria/galeria/fotos/jornadaP.jpg HTTP/1.1" 200 24385
200.118.79.21 - - [19/Oct/2015:05:57:52 -0500] "GET /galeria/galeria/fotos/reciclatonP.jpg HTTP/1.1" 200 57069
200.118.79.21 - - [19/Oct/2015:05:57:53 -0500] "GET /galeria/galeria/jquery.fancybox.css?v=2.1.5 HTTP/1.1" 304 -
200.118.79.21 - - [19/Oct/2015:05:57:53 -0500] "GET /galeria/galeria/jquery.fancybox.js?v=2.1.5 HTTP/1.1" 304 -
180.76.15.33 - - [19/Oct/2015:05:57:57 -0500] "GET /videos/galeria-cronicas/movilizacion/ HTTP/1.1" 200 1058
200.118.79.21 - - [19/Oct/2015:05:57:58 -0500] "GET /galeria/galeria/jquery.fancybox.css?v=2.1.5 HTTP/1.1" 304 -
200.118.79.21 - - [19/Oct/2015:05:57:58 -0500] "GET /galeria/galeria/jquery.fancybox.js?v=2.1.5 HTTP/1.1" 304 -
200.118.79.21 - - [19/Oct/2015:05:58:01 -0500] "GET /galeria/galeria/jquery.fancybox.js?v=2.1.5 HTTP/1.1" 304 -
200.118.79.21 - - [19/Oct/2015:05:58:01 -0500] "GET /galeria/galeria/jquery.fancybox.css?v=2.1.5 HTTP/1.1" 304 -
199.30.24.174 - - [19/Oct/2015:05:58:09 -0500] "GET /galeria/nivo-slider/demo/demo.html HTTP/1.1" 200 3893
199.30.24.174 - - [19/Oct/2015:05:58:10 -0500] "GET /galeria/nivo-slider/themes/default/default.css HTTP/1.1" 200 1569
199.30.24.174 - - [19/Oct/2015:05:58:10 -0500] "GET /galeria/nivo-slider/themes/pascal/pascal.css HTTP/1.1" 200 2258
199.30.24.174 - - [19/Oct/2015:05:58:10 -0500] "GET /galeria/nivo-slider/themes/orman/orman.css HTTP/1.1" 200 2152
199.30.24.174 - - [19/Oct/2015:05:58:10 -0500] "GET /galeria/nivo-slider/demo/style.css HTTP/1.1" 200 2222
199.30.24.174 - - [19/Oct/2015:05:58:10 -0500] "GET /galeria/nivo-slider/nivo-slider.css HTTP/1.1" 200 1507
199.30.24.174 - - [19/Oct/2015:05:58:10 -0500] "GET /galeria/nivo-slider/demo/scripts/jquery-1.7.1.min.js HTTP/1.1" 200 93868
199.30.24.174 - - [19/Oct/2015:05:58:12 -0500] "GET /galeria/nivo-slider/jquery.nivo.slider.pack.js HTTP/1.1" 200 11561
200.118.79.21 - - [19/Oct/2015:05:58:16 -0500] "GET /galeria/galeria/jquery.fancybox.css?v=2.1.5 HTTP/1.1" 304 -
200.118.79.21 - - [19/Oct/2015:05:58:16 -0500] "GET /galeria/galeria/jquery.fancybox.js?v=2.1.5 HTTP/1.1" 304 -
190.24.66.13 - - [19/Oct/2015:05:58:24 -0500] "GET /BLA/boletinlegal/js/jquery.scrollShow.js HTTP/1.1" 200 4586
190.24.66.13 - - [19/Oct/2015:05:58:24 -0500] "GET /galeria/galeria/jquery.fancybox.js?v=2.1.5 HTTP/1.1" 200 48706
190.24.66.13 - - [19/Oct/2015:05:58:25 -0500] "GET /galeria/galeria/jquery.fancybox.css?v=2.1.5 HTTP/1.1" 200 4895
190.24.66.13 - - [19/Oct/2015:05:58:31 -0500] "GET /BLA/boletinlegal/js/jquery.scrollShow.js HTTP/1.1" 304 -
190.24.66.13 - - [19/Oct/2015:05:58:31 -0500] "GET /galeria/galeria/jquery.fancybox.js?v=2.1.5 HTTP/1.1" 304 -
190.24.66.13 - - [19/Oct/2015:05:58:31 -0500] "GET /galeria/galeria/jquery.fancybox.css?v=2.1.5 HTTP/1.1" 304 -
190.24.66.13 - - [19/Oct/2015:05:58:32 -0500] "GET /galeria/galeria/jquery.fancybox.js?v=2.1.5 HTTP/1.1" 304 -
66.249.64.106 - - [19/Oct/2015:05:58:43 -0500] "GET /BLA/resoluciones/RESOLUCIONES%202009/8359.pdf HTTP/1.1" 304 -
74.86.158.110 - - [19/Oct/2015:05:58:48 -0500] "HEAD / HTTP/1.1" 200 -
186.85.90.90 - - [19/Oct/2015:05:58:50 -0500] "POST /forms/lservlet;jsessionid=ac16012b30d61c683023e86b4b709fc69331aa9fba13.e3iSbxaKaheRe38Ka34Oa3eLbxf0n6jAmljGr5XDqQLvpAe HTTP/1.1" 200 2
201.234.75.11 - - [19/Oct/2015:05:59:06 -0500] "GET /galeria/galeria/fotos/Movilizacion14P.jpg HTTP/1.1" 304 -
181.61.78.89 - - [19/Oct/2015:05:59:16 -0500] "GET /BLA/resoluciones/RESOLUCIONES%202013/0034.pdf HTTP/1.1" 200 1082868
181.61.78.89 - - [19/Oct/2015:05:59:17 -0500] "GET /favicon.ico HTTP/1.1" 200 7782
181.61.78.89 - - [19/Oct/2015:05:59:18 -0500] "GET /BLA/resoluciones/RESOLUCIONES%202013/0034.pdf HTTP/1.1" 206 32768
181.61.78.89 - - [19/Oct/2015:05:59:18 -0500] "GET /BLA/resoluciones/RESOLUCIONES%202013/0034.pdf HTTP/1.1" 206 1050100
54.77.20.194 - - [19/Oct/2015:05:59:40 -0500] "GET /arcgis/services/Calidad_del_Agua_WQI/MapServer/WMSServer?request=GetCapabilities&service=WMS HTTP/1.1" 200 32135
186.158.139.108 - - [19/Oct/2015:06:00:00 -0500] "GET /galeria/galeria/jquery.fancybox.css?v=2.1.5 HTTP/1.1" 200 4895
186.158.139.108 - - [19/Oct/2015:06:00:00 -0500] "GET /galeria/galeria/jquery.fancybox.js?v=2.1.5 HTTP/1.1" 200 48706
186.158.139.108 - - [19/Oct/2015:06:00:00 -0500] "GET /BLA/boletinlegal/js/jquery.scrollShow.js HTTP/1.1" 200 4586
66.249.64.96 - - [19/Oct/2015:06:00:07 -0500] "GET /BLA/resoluciones/RESOLUCIONES%202014/0074.pdf HTTP/1.1" 200 493332
186.85.90.90 - - [19/Oct/2015:06:00:50 -0500] "POST /forms/lservlet;jsessionid=ac16012b30d61c683023e86b4b709fc69331aa9fba13.e3iSbxaKaheRe38Ka34Oa3eLbxf0n6jAmljGr5XDqQLvpAe HTTP/1.1" 200 2
66.249.64.106 - - [19/Oct/2015:06:01:06 -0500] "GET /galeria/galeria/fotos/GuaymaralTorca4G.jpg HTTP/1.1" 200 373786
152.61.128.66 - - [19/Oct/2015:06:01:14 -0500] "HEAD / HTTP/1.1" 200 -
152.61.128.66 - - [19/Oct/2015:06:01:15 -0500] "GET /arcgis/services/Calidad_del_Agua_WQI/MapServer/WMSServer?request=GetCapabilities&service=WMS HTTP/1.1" 200 32135
152.61.128.66 - - [19/Oct/2015:06:01:15 -0500] "GET /arcgis/services/Calidad_del_Agua_WQI/MapServer/WMSServer?request=GetCapabilities&service=WMS HTTP/1.0" 200 32135
152.61.128.66 - - [19/Oct/2015:06:01:16 -0500] "GET /arcgis/services/Calidad_del_Agua_WQI/MapServer/WMSServer?request=GetCapabilities&service=WMS HTTP/1.0" 200 32135
152.61.128.66 - - [19/Oct/2015:06:01:17 -0500] "GET /arcgis/services/Calidad_del_Agua_WQI/MapServer/WMSServer?request=GetCapabilities&service=WMS HTTP/1.0" 200 32135
152.61.128.66 - - [19/Oct/2015:06:01:18 -0500] "GET /arcgis/services/Calidad_del_Agua_WQI/MapServer/WMSServer?VERSION=1.1.1&REQUEST=GetMap&LAYERS=0&SRS=EPSG:4326&BBOX=-74.473395,3.674381,-73.963300,4.920569&WIDTH=250&HEIGHT=250&FORMAT=image/bmp&STYLES=& HTTP/1.1" 200 188054
66.249.64.101 - - [19/Oct/2015:06:01:24 -0500] "GET /BLA/resoluciones/RESOLUCIONES%202014/3653.pdf HTTP/1.1" 304 -
65.55.217.55 - - [19/Oct/2015:06:01:44 -0500] "GET /BLA/boletinlegal/js/jquery.scrollShow.js HTTP/1.1" 200 4586
65.55.217.55 - - [19/Oct/2015:06:01:44 -0500] "GET /galeria/galeria/jquery.fancybox.js?v=2.1.5 HTTP/1.1" 200 48706
65.55.217.55 - - [19/Oct/2015:06:01:44 -0500] "GET /galeria/galeria/jquery.fancybox.css?v=2.1.5 HTTP/1.1" 200 4895
190.214.191.246 - - [19/Oct/2015:06:01:45 -0500] "GET /galeria/galeria/jquery.fancybox.css?v=2.1.5 HTTP/1.1" 200 4895
190.214.191.246 - - [19/Oct/2015:06:01:45 -0500] "GET /BLA/boletinlegal/js/jquery.scrollShow.js HTTP/1.1" 200 4586
190.214.191.246 - - [19/Oct/2015:06:01:45 -0500] "GET /galeria/galeria/jquery.fancybox.js?v=2.1.5 HTTP/1.1" 200 48706
65.55.217.55 - - [19/Oct/2015:06:01:54 -0500] "GET /BLA/boletinlegal/js/jquery.scrollShow.js HTTP/1.1" 200 4586
65.55.217.55 - - [19/Oct/2015:06:01:54 -0500] "GET /galeria/galeria/jquery.fancybox.js?v=2.1.5 HTTP/1.1" 200 48706
65.55.217.55 - - [19/Oct/2015:06:01:54 -0500] "GET /galeria/galeria/jquery.fancybox.css?v=2.1.5 HTTP/1.1" 200 4895
190.214.191.246 - - [19/Oct/2015:06:01:55 -0500] "GET /BLA/boletinlegal/js/jquery.scrollShow.js HTTP/1.1" 304 -
190.214.191.246 - - [19/Oct/2015:06:01:55 -0500] "GET /galeria/galeria/jquery.fancybox.js?v=2.1.5 HTTP/1.1" 304 -
190.214.191.246 - - [19/Oct/2015:06:01:55 -0500] "GET /galeria/galeria/jquery.fancybox.css?v=2.1.5 HTTP/1.1" 304 -
66.249.64.106 - - [19/Oct/2015:06:02:49 -0500] "GET /galeria/galeria/fotos/Humedal-la-Isla3G.jpg HTTP/1.1" 200 202764
180.153.214.192 - - [19/Oct/2015:06:02:50 -0500] "GET /js/bootstrap.min.js HTTP/1.1" 200 28538
180.153.214.192 - - [19/Oct/2015:06:02:50 -0500] "GET /js/jquery.js HTTP/1.1" 200 97120
186.85.90.90 - - [19/Oct/2015:06:02:50 -0500] "POST /forms/lservlet;jsessionid=ac16012b30d61c683023e86b4b709fc69331aa9fba13.e3iSbxaKaheRe38Ka34Oa3eLbxf0n6jAmljGr5XDqQLvpAe HTTP/1.1" 200 2
66.249.64.106 - - [19/Oct/2015:06:03:22 -0500] "GET /BLA/resoluciones/RESOLUCIONES%202008/2449.pdf HTTP/1.1" 200 361043
66.249.64.96 - - [19/Oct/2015:06:03:28 -0500] "GET /galeria/galeria/fotos/Humedal-Santa-Mar%C3%ADa-del-Lago3G.jpg HTTP/1.1" 200 271832
74.86.158.110 - - [19/Oct/2015:06:03:48 -0500] "HEAD / HTTP/1.1" 200 -
200.118.133.139 - - [19/Oct/2015:06:03:56 -0500] "GET /galeria/nivo-slider/demo/demo.html HTTP/1.1" 304 -
200.118.133.139 - - [19/Oct/2015:06:03:59 -0500] "GET /galeria/nivo-slider/themes/default/default.css HTTP/1.1" 304 -
200.118.133.139 - - [19/Oct/2015:06:03:59 -0500] "GET /galeria/nivo-slider/demo/images/rendicion-de-cuentas-formulario.jpg HTTP/1.1" 304 -
200.118.133.139 - - [19/Oct/2015:06:03:59 -0500] "GET /galeria/nivo-slider/demo/images/Arbol-banner2015.jpg HTTP/1.1" 304 -
200.118.133.139 - - [19/Oct/2015:06:03:59 -0500] "GET /galeria/nivo-slider/demo/images/Banner-ahorro-de-agua.jpg HTTP/1.1" 304 -
200.118.133.139 - - [19/Oct/2015:06:03:59 -0500] "GET /galeria/nivo-slider/demo/images/Plan-Quinquenal.jpg HTTP/1.1" 304 -
200.118.133.139 - - [19/Oct/2015:06:03:59 -0500] "GET /galeria/nivo-slider/demo/images/Cmapana-onestidad.jpg HTTP/1.1" 304 -
66.249.64.248 - - [19/Oct/2015:06:04:06 -0500] "GET /BLA/boletinlegal/jurisprudencia/analisis/G__Jurisp.%20Junio%202014_Sent%20Tutela%20Drumond.docx HTTP/1.1" 200 25380
66.249.64.243 - - [19/Oct/2015:06:04:17 -0500] "GET /ecodirectorio/files/res/mobile/page0078_i2.jpg HTTP/1.1" 200 172300
186.85.90.90 - - [19/Oct/2015:06:04:51 -0500] "POST /forms/lservlet;jsessionid=ac16012b30d61c683023e86b4b709fc69331aa9fba13.e3iSbxaKaheRe38Ka34Oa3eLbxf0n6jAmljGr5XDqQLvpAe HTTP/1.1" 200 2
66.249.88.233 - - [19/Oct/2015:06:05:37 -0500] "GET /BLA/boletinlegal/js/jquery.scrollShow.js HTTP/1.1" 200 4586
66.249.88.228 - - [19/Oct/2015:06:05:37 -0500] "GET /galeria/galeria/jquery.fancybox.css?v=2.1.5 HTTP/1.1" 200 4895
66.249.88.233 - - [19/Oct/2015:06:05:37 -0500] "GET /galeria/galeria/jquery.fancybox.js?v=2.1.5 HTTP/1.1" 200 48706
66.249.64.106 - - [19/Oct/2015:06:06:33 -0500] "GET /BLA/resoluciones/RESOLUCIONES%202007/RES%202007%202001%20AL%202100/RESOLUCION%202092%20DE%202007.pdf HTTP/1.1" 200 335002
66.249.64.106 - - [19/Oct/2015:06:06:47 -0500] "GET /BLA/resoluciones/RESOLUCIONES%202010/2773.pdf HTTP/1.1" 304 -
186.85.90.90 - - [19/Oct/2015:06:06:51 -0500] "POST /forms/lservlet;jsessionid=ac16012b30d61c683023e86b4b709fc69331aa9fba13.e3iSbxaKaheRe38Ka34Oa3eLbxf0n6jAmljGr5XDqQLvpAe HTTP/1.1" 200 2
66.249.64.106 - - [19/Oct/2015:06:07:19 -0500] "GET /galeria/galeria/fotos/Huemdal-Cordoba1G.jpg HTTP/1.1" 200 379768
66.249.64.248 - - [19/Oct/2015:06:08:22 -0500] "GET /ecodirectorio/files/res/mobile/page0138_i2.jpg HTTP/1.1" 200 110571
74.86.158.110 - - [19/Oct/2015:06:08:48 -0500] "HEAD / HTTP/1.1" 200 -
186.85.90.90 - - [19/Oct/2015:06:08:51 -0500] "POST /forms/lservlet;jsessionid=ac16012b30d61c683023e86b4b709fc69331aa9fba13.e3iSbxaKaheRe38Ka34Oa3eLbxf0n6jAmljGr5XDqQLvpAe HTTP/1.1" 200 2
66.249.64.101 - - [19/Oct/2015:06:09:11 -0500] "GET /galeria/galeria/fotos/Humedal-Santa-Mar%C3%ADa-del-Lago3G.jpg HTTP/1.1" 304 -
66.249.64.106 - - [19/Oct/2015:06:09:28 -0500] "GET /BLA/resoluciones/AUTOS%202014/6814.pdf HTTP/1.1" 304 -
66.249.64.96 - - [19/Oct/2015:06:09:51 -0500] "GET /BLA/resoluciones/RESOLUCIONES%202009/0429.pdf HTTP/1.1" 200 320794
176.10.104.243 - - [19/Oct/2015:06:10:29 -0500] "POST /wp-login.php HTTP/1.1" 301 336
66.249.64.106 - - [19/Oct/2015:06:10:43 -0500] "GET /galeria/galeria/fotos/Capellania1G.jpg HTTP/1.1" 200 373859
66.249.64.106 - - [19/Oct/2015:06:10:45 -0500] "GET /galeria/galeria/fotos/Capellania4G.jpg HTTP/1.1" 200 567842
186.85.90.90 - - [19/Oct/2015:06:10:54 -0500] "POST /forms/lservlet;jsessionid=ac16012b30d61c683023e86b4b709fc69331aa9fba13.e3iSbxaKaheRe38Ka34Oa3eLbxf0n6jAmljGr5XDqQLvpAe HTTP/1.1" 200 2
200.118.226.49 - - [19/Oct/2015:06:11:02 -0500] "GET /BLA/boletinlegal/js/jquery.scrollShow.js HTTP/1.1" 200 4586
200.118.226.49 - - [19/Oct/2015:06:11:02 -0500] "GET /galeria/galeria/jquery.fancybox.js?v=2.1.5 HTTP/1.1" 200 48706
200.118.226.49 - - [19/Oct/2015:06:11:02 -0500] "GET /galeria/galeria/jquery.fancybox.css?v=2.1.5 HTTP/1.1" 200 4895
200.118.226.49 - - [19/Oct/2015:06:11:10 -0500] "GET /galeria/galeria/jquery.fancybox.js?v=2.1.5 HTTP/1.1" 304 -
200.118.226.49 - - [19/Oct/2015:06:11:10 -0500] "GET /BLA/boletinlegal/js/jquery.scrollShow.js HTTP/1.1" 304 -
200.118.226.49 - - [19/Oct/2015:06:11:10 -0500] "GET /galeria/galeria/jquery.fancybox.css?v=2.1.5 HTTP/1.1" 304 -
66.249.64.253 - - [19/Oct/2015:06:11:24 -0500] "GET /ecodirectorio/files/res/mobile/page0085_i2.jpg HTTP/1.1" 200 179874
200.118.226.49 - - [19/Oct/2015:06:11:46 -0500] "GET /galeria/galeria/jquery.fancybox.css?v=2.1.5 HTTP/1.1" 304 -
200.118.226.49 - - [19/Oct/2015:06:11:46 -0500] "GET /BLA/boletinlegal/js/jquery.scrollShow.js HTTP/1.1" 304 -
200.118.226.49 - - [19/Oct/2015:06:11:46 -0500] "GET /galeria/galeria/jquery.fancybox.js?v=2.1.5 HTTP/1.1" 304 -
213.86.28.86 - - [19/Oct/2015:06:11:53 -0500] "GET /galeria/galeria/jquery.fancybox.css?v=2.1.5 HTTP/1.1" 200 4895
213.86.28.86 - - [19/Oct/2015:06:11:53 -0500] "GET /BLA/boletinlegal/js/jquery.scrollShow.js HTTP/1.1" 200 4586
213.86.28.86 - - [19/Oct/2015:06:11:53 -0500] "GET /galeria/galeria/jquery.fancybox.js?v=2.1.5 HTTP/1.1" 200 48706
213.86.28.86 - - [19/Oct/2015:06:12:07 -0500] "GET /galeria/galeria/jquery.fancybox.css?v=2.1.5 HTTP/1.1" 304 -
213.86.28.86 - - [19/Oct/2015:06:12:07 -0500] "GET /BLA/boletinlegal/js/jquery.scrollShow.js HTTP/1.1" 304 -
213.86.28.86 - - [19/Oct/2015:06:12:07 -0500] "GET /galeria/galeria/jquery.fancybox.js?v=2.1.5 HTTP/1.1" 304 -
66.249.64.253 - - [19/Oct/2015:06:12:09 -0500] "GET /portalsiaccapacitaciones/Soportes%20Capacitaciones%20A%C3%B1o%202014/0072.%20EcoConducci%C3%B3n%20-%20Normatividad%20Emisiones%2005-05-14.pdf HTTP/1.1" 404 1019
190.242.83.18 - - [19/Oct/2015:06:12:21 -0500] "GET /galeria/mapa/3MapaBogot%C3%A1.jpg HTTP/1.1" 200 688183
186.29.224.11 - - [19/Oct/2015:06:12:47 -0500] "GET /BLA/resoluciones/AUTOS%202014/5858.pdf HTTP/1.1" 200 195146
186.29.224.11 - - [19/Oct/2015:06:12:47 -0500] "GET /BLA/resoluciones/AUTOS%202014/5858.pdf HTTP/1.1" 200 195146
186.29.224.11 - - [19/Oct/2015:06:12:47 -0500] "GET /favicon.ico HTTP/1.1" 200 7782
186.29.224.11 - - [19/Oct/2015:06:12:51 -0500] "GET /BLA/resoluciones/AUTOS%202014/5858.pdf HTTP/1.1" 206 32768
186.29.224.11 - - [19/Oct/2015:06:12:52 -0500] "GET /BLA/resoluciones/AUTOS%202014/5858.pdf HTTP/1.1" 206 32768
186.29.224.11 - - [19/Oct/2015:06:12:52 -0500] "GET /BLA/resoluciones/AUTOS%202014/5858.pdf HTTP/1.1" 206 32768
186.29.224.11 - - [19/Oct/2015:06:12:54 -0500] "GET /BLA/resoluciones/AUTOS%202014/5858.pdf HTTP/1.1" 206 32768
186.85.90.90 - - [19/Oct/2015:06:12:54 -0500] "POST /forms/lservlet;jsessionid=ac16012b30d61c683023e86b4b709fc69331aa9fba13.e3iSbxaKaheRe38Ka34Oa3eLbxf0n6jAmljGr5XDqQLvpAe HTTP/1.1" 200 2
186.29.224.11 - - [19/Oct/2015:06:12:54 -0500] "GET /BLA/resoluciones/AUTOS%202014/5858.pdf HTTP/1.1" 206 64074
180.76.15.160 - - [19/Oct/2015:06:12:56 -0500] "GET /SIG/Gestion%20Recursos%20Financieros/126PA02-PR27%20TRAMITE%20PAGOS.pdf HTTP/1.1" 200 453550
201.245.192.253 - - [19/Oct/2015:06:13:03 -0500] "GET /galeria/nivo-slider/demo/demo.html HTTP/1.1" 304 -
66.249.64.96 - - [19/Oct/2015:06:13:06 -0500] "GET /BLA/resoluciones/AUTOS%202014/3701.pdf HTTP/1.1" 200 1796986
201.245.192.253 - - [19/Oct/2015:06:13:07 -0500] "GET /galeria/nivo-slider/themes/default/default.css HTTP/1.1" 200 1569
201.245.192.253 - - [19/Oct/2015:06:13:07 -0500] "GET /galeria/nivo-slider/demo/images/rendicion-de-cuentas-formulario.jpg HTTP/1.1" 304 -
201.245.192.253 - - [19/Oct/2015:06:13:07 -0500] "GET /galeria/nivo-slider/demo/images/Arbol-banner2015.jpg HTTP/1.1" 304 -
201.245.192.253 - - [19/Oct/2015:06:13:07 -0500] "GET /galeria/nivo-slider/demo/images/Banner-ahorro-de-agua.jpg HTTP/1.1" 304 -
201.245.192.253 - - [19/Oct/2015:06:13:07 -0500] "GET /galeria/nivo-slider/demo/images/Cmapana-onestidad.jpg HTTP/1.1" 304 -
201.245.192.253 - - [19/Oct/2015:06:13:07 -0500] "GET /galeria/nivo-slider/demo/images/Plan-Quinquenal.jpg HTTP/1.1" 304 -
201.245.192.253 - - [19/Oct/2015:06:13:07 -0500] "GET /galeria/nivo-slider/demo/images/PREDAcamp.jpg HTTP/1.1" 304 -
74.86.158.110 - - [19/Oct/2015:06:13:48 -0500] "HEAD / HTTP/1.1" 200 -
201.245.192.253 - - [19/Oct/2015:06:13:52 -0500] "GET /videos/ArchivoSDA.flv HTTP/1.1" 304 -
66.249.64.126 - - [19/Oct/2015:06:14:50 -0500] "GET /dama/libreria/pdf/pigas/piga%20IDCT/Plan_de_acion_ambiental_seguimiento.xls HTTP/1.1" 404 1015
186.85.90.90 - - [19/Oct/2015:06:14:54 -0500] "POST /forms/lservlet;jsessionid=ac16012b30d61c683023e86b4b709fc69331aa9fba13.e3iSbxaKaheRe38Ka34Oa3eLbxf0n6jAmljGr5XDqQLvpAe HTTP/1.1" 200 2
66.249.64.106 - - [19/Oct/2015:06:16:21 -0500] "GET /BLA/resoluciones/RESOLUCIONES%202013/0717.pdf HTTP/1.1" 200 777057
186.113.10.143 - - [19/Oct/2015:06:16:32 -0500] "GET /galeria/nivo-slider/demo/demo.html HTTP/1.1" 304 -
68.180.230.190 - - [19/Oct/2015:06:16:32 -0500] "GET /Residuos/textiles/textiles.html HTTP/1.1" 404 1018
186.113.10.143 - - [19/Oct/2015:06:16:37 -0500] "GET /galeria/nivo-slider/themes/default/default.css HTTP/1.1" 200 1569
186.113.10.143 - - [19/Oct/2015:06:16:37 -0500] "GET /galeria/nivo-slider/demo/images/rendicion-de-cuentas-formulario.jpg HTTP/1.1" 304 -
152.61.128.66 - - [19/Oct/2015:06:16:37 -0500] "HEAD / HTTP/1.1" 200 -
186.113.10.143 - - [19/Oct/2015:06:16:37 -0500] "GET /galeria/nivo-slider/demo/images/Arbol-banner2015.jpg HTTP/1.1" 200 227081
186.113.10.143 - - [19/Oct/2015:06:16:37 -0500] "GET /galeria/nivo-slider/demo/images/Banner-ahorro-de-agua.jpg HTTP/1.1" 304 -
186.113.10.143 - - [19/Oct/2015:06:16:37 -0500] "GET /galeria/nivo-slider/demo/images/Plan-Quinquenal.jpg HTTP/1.1" 304 -
186.113.10.143 - - [19/Oct/2015:06:16:37 -0500] "GET /galeria/nivo-slider/demo/images/Cmapana-onestidad.jpg HTTP/1.1" 304 -
186.113.10.143 - - [19/Oct/2015:06:16:38 -0500] "GET /galeria/nivo-slider/demo/images/banner-llantas2.jpg HTTP/1.1" 200 204644
152.61.128.66 - - [19/Oct/2015:06:16:37 -0500] "GET /arcgis/services/Calidad_del_Agua_WQI/MapServer/WMSServer?SERVICE=WMS&REQUEST=GetCapabilities HTTP/1.1" 200 32135
186.113.10.143 - - [19/Oct/2015:06:16:38 -0500] "GET /galeria/nivo-slider/demo/images/Comparendo-ambiental-Banner.jpg HTTP/1.1" 200 83731
152.61.128.66 - - [19/Oct/2015:06:16:38 -0500] "GET /arcgis/services/Calidad_del_Agua_WQI/MapServer/WMSServer?SERVICE=WMS&REQUEST=GetCapabilities HTTP/1.0" 200 32135
152.61.128.66 - - [19/Oct/2015:06:16:39 -0500] "GET /arcgis/services/Calidad_del_Agua_WQI/MapServer/WMSServer?SERVICE=WMS&REQUEST=GetCapabilities HTTP/1.0" 200 32135
152.61.128.66 - - [19/Oct/2015:06:16:40 -0500] "GET /arcgis/services/Calidad_del_Agua_WQI/MapServer/WMSServer?SERVICE=WMS&REQUEST=GetCapabilities HTTP/1.0" 200 32135
152.61.128.66 - - [19/Oct/2015:06:16:41 -0500] "GET /arcgis/services/Calidad_del_Agua_WQI/MapServer/WMSServer?VERSION=1.1.1&REQUEST=GetMap&LAYERS=0&SRS=EPSG:4326&BBOX=-74.473395,3.674381,-73.963300,4.920569&WIDTH=250&HEIGHT=250&FORMAT=image/bmp&STYLES=& HTTP/1.1" 200 188054
186.85.90.90 - - [19/Oct/2015:06:16:54 -0500] "POST /forms/lservlet;jsessionid=ac16012b30d61c683023e86b4b709fc69331aa9fba13.e3iSbxaKaheRe38Ka34Oa3eLbxf0n6jAmljGr5XDqQLvpAe HTTP/1.1" 200 2
186.84.51.149 - - [19/Oct/2015:06:18:46 -0500] "GET /galeria/galeria/jquery.fancybox.js?v=2.1.5 HTTP/1.1" 200 48706
186.84.51.149 - - [19/Oct/2015:06:18:46 -0500] "GET /BLA/boletinlegal/js/jquery.scrollShow.js HTTP/1.1" 200 4586
186.84.51.149 - - [19/Oct/2015:06:18:47 -0500] "GET /galeria/galeria/jquery.fancybox.css?v=2.1.5 HTTP/1.1" 200 4895
74.86.158.110 - - [19/Oct/2015:06:18:48 -0500] "HEAD / HTTP/1.1" 200 -
186.84.51.149 - - [19/Oct/2015:06:18:51 -0500] "GET /BLA/boletinlegal/js/jquery.scrollShow.js HTTP/1.1" 304 -
186.84.51.149 - - [19/Oct/2015:06:18:51 -0500] "GET /galeria/galeria/jquery.fancybox.js?v=2.1.5 HTTP/1.1" 304 -
186.84.51.149 - - [19/Oct/2015:06:18:51 -0500] "GET /galeria/galeria/jquery.fancybox.css?v=2.1.5 HTTP/1.1" 304 -
186.85.90.90 - - [19/Oct/2015:06:18:54 -0500] "POST /forms/lservlet;jsessionid=ac16012b30d61c683023e86b4b709fc69331aa9fba13.e3iSbxaKaheRe38Ka34Oa3eLbxf0n6jAmljGr5XDqQLvpAe HTTP/1.1" 200 2
68.180.228.54 - - [19/Oct/2015:06:18:54 -0500] "GET /robots.txt HTTP/1.1" 404 1019
68.180.228.54 - - [19/Oct/2015:06:18:55 -0500] "GET /aire/air1.htm HTTP/1.1" 404 1019
66.249.64.96 - - [19/Oct/2015:06:19:36 -0500] "GET /BLA/resoluciones/RESOLUCIONES%202009/2671.pdf HTTP/1.1" 200 461096
190.113.159.147 - - [19/Oct/2015:06:20:02 -0500] "GET /BLA/resoluciones/RESOLUCIONES%202007/RES%202007%201%20AL%20100/RESOLUCION%200072%20DE%202007.pdf HTTP/1.1" 200 198654
190.113.159.147 - - [19/Oct/2015:06:20:03 -0500] "GET /favicon.ico HTTP/1.1" 200 7782
190.113.159.147 - - [19/Oct/2015:06:20:03 -0500] "GET /BLA/resoluciones/RESOLUCIONES%202007/RES%202007%201%20AL%20100/RESOLUCION%200072%20DE%202007.pdf HTTP/1.1" 206 32768
190.113.159.147 - - [19/Oct/2015:06:20:05 -0500] "GET /BLA/resoluciones/RESOLUCIONES%202007/RES%202007%201%20AL%20100/RESOLUCION%200072%20DE%202007.pdf HTTP/1.1" 206 165886
186.85.90.90 - - [19/Oct/2015:06:20:54 -0500] "POST /forms/lservlet;jsessionid=ac16012b30d61c683023e86b4b709fc69331aa9fba13.e3iSbxaKaheRe38Ka34Oa3eLbxf0n6jAmljGr5XDqQLvpAe HTTP/1.1" 200 2
190.242.83.18 - - [19/Oct/2015:06:20:59 -0500] "GET /galeria/mapa/3MapaBogot%C3%A1.jpg HTTP/1.1" 200 688183
201.245.192.253 - - [19/Oct/2015:06:21:00 -0500] "GET /galeria/galeria/jquery.fancybox.js?v=2.1.5 HTTP/1.1" 304 -
201.245.192.253 - - [19/Oct/2015:06:21:00 -0500] "GET /galeria/galeria/jquery.fancybox.css?v=2.1.5 HTTP/1.1" 304 -
201.245.192.253 - - [19/Oct/2015:06:21:02 -0500] "GET /galeria/nivo-slider/demo/demo.html HTTP/1.1" 304 -
201.245.192.253 - - [19/Oct/2015:06:21:07 -0500] "GET /galeria/nivo-slider/themes/default/default.css HTTP/1.1" 200 1569
201.245.192.253 - - [19/Oct/2015:06:21:08 -0500] "GET /galeria/nivo-slider/demo/images/rendicion-de-cuentas-formulario.jpg HTTP/1.1" 304 -
201.245.192.253 - - [19/Oct/2015:06:21:08 -0500] "GET /galeria/nivo-slider/demo/images/Arbol-banner2015.jpg HTTP/1.1" 304 -
201.245.192.253 - - [19/Oct/2015:06:21:08 -0500] "GET /galeria/nivo-slider/demo/images/Banner-ahorro-de-agua.jpg HTTP/1.1" 304 -
201.245.192.253 - - [19/Oct/2015:06:21:08 -0500] "GET /galeria/nivo-slider/demo/images/Cmapana-onestidad.jpg HTTP/1.1" 304 -
201.245.192.253 - - [19/Oct/2015:06:21:08 -0500] "GET /galeria/nivo-slider/demo/images/Plan-Quinquenal.jpg HTTP/1.1" 304 -
201.245.192.253 - - [19/Oct/2015:06:21:08 -0500] "GET /galeria/nivo-slider/demo/images/banner-llantas2.jpg HTTP/1.1" 304 -
201.245.192.253 - - [19/Oct/2015:06:21:08 -0500] "GET /galeria/nivo-slider/demo/images/Comparendo-ambiental-Banner.jpg HTTP/1.1" 304 -
66.249.64.243 - - [19/Oct/2015:06:21:29 -0500] "GET /ecodirectorio/files/res/mobile/page0097_i2.jpg HTTP/1.1" 200 182438
54.77.20.194 - - [19/Oct/2015:06:21:38 -0500] "GET /arcgis/services/Calidad_del_Agua_WQI/MapServer/WMSServer?request=GetCapabilities&service=WMS HTTP/1.1" 200 32135
66.249.64.96 - - [19/Oct/2015:06:22:07 -0500] "GET /galeria/galeria/fotos/Jaboque1G.jpg HTTP/1.1" 200 325087
66.249.64.96 - - [19/Oct/2015:06:22:50 -0500] "GET /BLA/resoluciones/RESOLUCIONES%202011/3118.pdf HTTP/1.1" 200 728852
66.249.64.101 - - [19/Oct/2015:06:22:54 -0500] "GET /BLA/resoluciones/AUTOS%202012/2933.pdf HTTP/1.1" 200 858856
186.85.90.90 - - [19/Oct/2015:06:22:54 -0500] "POST /forms/lservlet;jsessionid=ac16012b30d61c683023e86b4b709fc69331aa9fba13.e3iSbxaKaheRe38Ka34Oa3eLbxf0n6jAmljGr5XDqQLvpAe HTTP/1.1" 200 2
190.25.248.210 - - [19/Oct/2015:06:23:32 -0500] "GET /BLA/boletinlegal/js/jquery.scrollShow.js HTTP/1.1" 200 4586
190.25.248.210 - - [19/Oct/2015:06:23:32 -0500] "GET /galeria/galeria/jquery.fancybox.js?v=2.1.5 HTTP/1.1" 200 48706
