190.147.131.222 - - [22/Oct/2015:00:28:05 -0500] "GET /galeria/carrusel/Carrusel/jquery.thumbnailScroller.css HTTP/1.1" 200 2066
190.147.131.222 - - [22/Oct/2015:00:28:05 -0500] "GET /galeria/carrusel/Carrusel/jquery-ui-1.8.13.custom.min.js HTTP/1.1" 200 10800
190.147.131.222 - - [22/Oct/2015:00:28:05 -0500] "GET /galeria/carrusel/Carrusel/jquery.thumbnailScroller.js HTTP/1.1" 200 8157
190.147.131.222 - - [22/Oct/2015:00:28:07 -0500] "GET /galeria/nivo-slider/demo/demo.html HTTP/1.1" 200 4413
190.147.131.222 - - [22/Oct/2015:00:28:12 -0500] "GET /galeria/nivo-slider/themes/pascal/pascal.css HTTP/1.1" 200 2258
190.147.131.222 - - [22/Oct/2015:00:28:12 -0500] "GET /galeria/nivo-slider/themes/orman/orman.css HTTP/1.1" 200 2152
190.147.131.222 - - [22/Oct/2015:00:28:12 -0500] "GET /galeria/nivo-slider/nivo-slider.css HTTP/1.1" 200 1507
190.147.131.222 - - [22/Oct/2015:00:28:12 -0500] "GET /galeria/nivo-slider/demo/style.css HTTP/1.1" 200 2222
190.147.131.222 - - [22/Oct/2015:00:28:12 -0500] "GET /galeria/nivo-slider/themes/default/default.css HTTP/1.1" 200 1569
190.147.131.222 - - [22/Oct/2015:00:28:12 -0500] "GET /galeria/nivo-slider/demo/images/Banner-encuesta-de-percepscio.jpg HTTP/1.1" 200 201899
190.147.131.222 - - [22/Oct/2015:00:28:12 -0500] "GET /galeria/nivo-slider/demo/scripts/jquery-1.7.1.min.js HTTP/1.1" 200 93868
190.147.131.222 - - [22/Oct/2015:00:28:12 -0500] "GET /galeria/nivo-slider/jquery.nivo.slider.pack.js HTTP/1.1" 200 11561
190.147.131.222 - - [22/Oct/2015:00:28:12 -0500] "GET /galeria/nivo-slider/demo/images/rendicion-de-cuentas-formulario.jpg HTTP/1.1" 200 166357
190.147.131.222 - - [22/Oct/2015:00:28:12 -0500] "GET /galeria/nivo-slider/demo/images/Invitacion-productos-veterinario.jpg HTTP/1.1" 200 247568
190.147.131.222 - - [22/Oct/2015:00:28:12 -0500] "GET /galeria/nivo-slider/demo/images/Arbol-banner2015.jpg HTTP/1.1" 200 226910
190.147.131.222 - - [22/Oct/2015:00:28:12 -0500] "GET /galeria/nivo-slider/demo/images/Banner-ahorro-de-agua.jpg HTTP/1.1" 200 149141
190.147.131.222 - - [22/Oct/2015:00:28:13 -0500] "GET /galeria/nivo-slider/demo/images/Cmapana-onestidad.jpg HTTP/1.1" 200 141638
190.147.131.222 - - [22/Oct/2015:00:28:13 -0500] "GET /galeria/nivo-slider/demo/images/Plan-Quinquenal.jpg HTTP/1.1" 200 412438
190.147.131.222 - - [22/Oct/2015:00:28:13 -0500] "GET /galeria/nivo-slider/demo/images/banner-llantas2.jpg HTTP/1.1" 200 204644
190.147.131.222 - - [22/Oct/2015:00:28:13 -0500] "GET /galeria/nivo-slider/demo/images/PREDAcamp.jpg HTTP/1.1" 200 295358
190.147.131.222 - - [22/Oct/2015:00:28:13 -0500] "GET /galeria/nivo-slider/demo/images/9Signos.jpg HTTP/1.1" 200 81776
190.147.131.222 - - [22/Oct/2015:00:28:13 -0500] "GET /galeria/nivo-slider/demo/images/Comparendo-ambiental-Banner.jpg HTTP/1.1" 200 83731
190.147.131.222 - - [22/Oct/2015:00:28:13 -0500] "GET /galeria/nivo-slider/demo/images/Ruta-vertimientos-01.jpg HTTP/1.1" 200 130151
74.86.158.110 - - [22/Oct/2015:00:28:13 -0500] "HEAD / HTTP/1.1" 200 -
190.147.131.222 - - [22/Oct/2015:00:28:14 -0500] "GET /galeria/nivo-slider/demo/images/bolsas-06.jpg HTTP/1.1" 200 90982
190.147.131.222 - - [22/Oct/2015:00:28:14 -0500] "GET /galeria/nivo-slider/demo/images/Conoce-los-humedales.jpg HTTP/1.1" 200 294036
190.147.131.222 - - [22/Oct/2015:00:28:14 -0500] "GET /galeria/nivo-slider/demo/images/ecolecta-Dic2014.png HTTP/1.1" 200 288593
190.147.131.222 - - [22/Oct/2015:00:28:14 -0500] "GET /galeria/nivo-slider/themes/default/loading.gif HTTP/1.1" 200 1737
190.147.131.222 - - [22/Oct/2015:00:28:14 -0500] "GET /galeria/nivo-slider/demo/images/4Simple_Slider.png HTTP/1.1" 200 11722
66.249.64.106 - - [22/Oct/2015:00:28:15 -0500] "GET /BLA/resoluciones/AUTOS%202014/1034.pdf HTTP/1.1" 304 -
190.147.131.222 - - [22/Oct/2015:00:28:16 -0500] "GET /galeria/nivo-slider/themes/default/arrows.png HTTP/1.1" 200 824
190.147.131.222 - - [22/Oct/2015:00:28:16 -0500] "GET /galeria/nivo-slider/themes/default/bullets.png HTTP/1.1" 200 1281
66.249.64.96 - - [22/Oct/2015:00:28:21 -0500] "GET /BLA/resoluciones/RESOLUCIONES%202010/1893.pdf HTTP/1.1" 200 641422
191.95.245.32 - - [22/Oct/2015:00:28:46 -0500] "GET /galeria/galeria/jquery.fancybox.css?v=2.1.5 HTTP/1.1" 200 4895
191.95.245.32 - - [22/Oct/2015:00:28:46 -0500] "GET /BLA/boletinlegal/js/jquery.scrollShow.js HTTP/1.1" 200 4586
191.95.245.32 - - [22/Oct/2015:00:28:47 -0500] "GET /galeria/galeria/jquery.fancybox.js?v=2.1.5 HTTP/1.1" 200 48706
180.76.15.151 - - [22/Oct/2015:00:29:08 -0500] "GET /BLA/resoluciones/index.php?dir=AUTOS+2007%2F HTTP/1.1" 200 528331
66.249.64.101 - - [22/Oct/2015:00:29:22 -0500] "GET /BLA/resoluciones/RESOLUCIONES%202007/RES%202007%20301%20AL%20400/RESOLUCION%200322%20DE%202007.pdf HTTP/1.1" 200 160270
201.245.192.253 - - [22/Oct/2015:00:29:47 -0500] "POST /forms/lservlet;jsessionid=ac16012b30d66812f6ea9c7846698afbd33f347d969c.e3iSbxaKaheRe38Ka34Oa3eLbxf0n6jAmljGr5XDqQLvpAe HTTP/1.1" 200 2
188.165.15.94 - - [22/Oct/2015:00:29:59 -0500] "GET /BLA/resoluciones/RESOLUCIONES%202006/RES%202006%201901-1950/00001927.tif HTTP/1.1" 200 349650
66.249.64.101 - - [22/Oct/2015:00:30:24 -0500] "GET /BLA/resoluciones/RESOLUCIONES%202009/4935.pdf HTTP/1.1" 200 570431
152.61.128.66 - - [22/Oct/2015:00:30:46 -0500] "HEAD / HTTP/1.1" 200 -
152.61.128.66 - - [22/Oct/2015:00:30:47 -0500] "GET /arcgis/services/Calidad_del_Agua_WQI/MapServer/WMSServer?SERVICE=WMS&REQUEST=GetCapabilities HTTP/1.1" 200 32135
152.61.128.66 - - [22/Oct/2015:00:30:47 -0500] "GET /arcgis/services/Calidad_del_Agua_WQI/MapServer/WMSServer?SERVICE=WMS&REQUEST=GetCapabilities HTTP/1.0" 200 32135
152.61.128.66 - - [22/Oct/2015:00:30:48 -0500] "GET /arcgis/services/Calidad_del_Agua_WQI/MapServer/WMSServer?SERVICE=WMS&REQUEST=GetCapabilities HTTP/1.0" 200 32135
152.61.128.66 - - [22/Oct/2015:00:30:50 -0500] "GET /arcgis/services/Calidad_del_Agua_WQI/MapServer/WMSServer?SERVICE=WMS&REQUEST=GetCapabilities HTTP/1.0" 200 32135
152.61.128.66 - - [22/Oct/2015:00:30:51 -0500] "GET /arcgis/services/Calidad_del_Agua_WQI/MapServer/WMSServer?VERSION=1.1.1&REQUEST=GetMap&LAYERS=0&SRS=EPSG:4326&BBOX=-74.473395,3.674381,-73.963300,4.920569&WIDTH=250&HEIGHT=250&FORMAT=image/bmp&STYLES=& HTTP/1.1" 200 188054
188.165.15.94 - - [22/Oct/2015:00:31:02 -0500] "GET /BLA/resoluciones/RESOLUCIONES%202006/RES%202006%202501-2550/00002524.tif HTTP/1.1" 200 125336
157.55.39.62 - - [22/Oct/2015:00:31:03 -0500] "GET /robots.txt HTTP/1.1" 404 1019
66.249.64.106 - - [22/Oct/2015:00:31:26 -0500] "GET /BLA/resoluciones/RESOLUCIONES%202011/2100.pdf HTTP/1.1" 200 576716
190.232.70.26 - - [22/Oct/2015:00:31:45 -0500] "GET /galeria/galeria/jquery.fancybox.css?v=2.1.5 HTTP/1.1" 200 4895
190.232.70.26 - - [22/Oct/2015:00:31:45 -0500] "GET /BLA/boletinlegal/js/jquery.scrollShow.js HTTP/1.1" 200 4586
190.232.70.26 - - [22/Oct/2015:00:31:45 -0500] "GET /galeria/galeria/jquery.fancybox.js?v=2.1.5 HTTP/1.1" 200 48706
201.245.192.253 - - [22/Oct/2015:00:31:47 -0500] "POST /forms/lservlet;jsessionid=ac16012b30d66812f6ea9c7846698afbd33f347d969c.e3iSbxaKaheRe38Ka34Oa3eLbxf0n6jAmljGr5XDqQLvpAe HTTP/1.1" 200 2
187.146.91.85 - - [22/Oct/2015:00:31:50 -0500] "GET /galeria/galeria/jquery.fancybox.css?v=2.1.5 HTTP/1.1" 200 4895
187.146.91.85 - - [22/Oct/2015:00:31:50 -0500] "GET /BLA/boletinlegal/js/jquery.scrollShow.js HTTP/1.1" 200 4586
187.146.91.85 - - [22/Oct/2015:00:31:50 -0500] "GET /galeria/galeria/jquery.fancybox.js?v=2.1.5 HTTP/1.1" 200 48706
66.249.64.96 - - [22/Oct/2015:00:31:58 -0500] "GET /BLA/resoluciones/RESOLUCIONES%202012/0641.pdf HTTP/1.1" 304 -
187.146.91.85 - - [22/Oct/2015:00:31:59 -0500] "GET /BLA/boletinlegal/js/jquery.scrollShow.js HTTP/1.1" 304 -
187.146.91.85 - - [22/Oct/2015:00:31:59 -0500] "GET /galeria/galeria/jquery.fancybox.css?v=2.1.5 HTTP/1.1" 304 -
187.146.91.85 - - [22/Oct/2015:00:31:59 -0500] "GET /galeria/galeria/jquery.fancybox.js?v=2.1.5 HTTP/1.1" 304 -
190.232.70.26 - - [22/Oct/2015:00:31:55 -0500] "GET /videos/CRRFFS.mp4 HTTP/1.1" 200 286784363
190.232.70.26 - - [22/Oct/2015:00:32:09 -0500] "GET /galeria/galeria/jquery.fancybox.css?v=2.1.5 HTTP/1.1" 304 -
190.232.70.26 - - [22/Oct/2015:00:32:09 -0500] "GET /BLA/boletinlegal/js/jquery.scrollShow.js HTTP/1.1" 304 -
190.232.70.26 - - [22/Oct/2015:00:32:09 -0500] "GET /galeria/galeria/jquery.fancybox.js?v=2.1.5 HTTP/1.1" 304 -
190.232.70.26 - - [22/Oct/2015:00:32:11 -0500] "GET /BLA/boletinlegal/js/jquery.scrollShow.js HTTP/1.1" 304 -
190.232.70.26 - - [22/Oct/2015:00:32:12 -0500] "GET /galeria/galeria/jquery.fancybox.js?v=2.1.5 HTTP/1.1" 304 -
190.232.70.26 - - [22/Oct/2015:00:32:12 -0500] "GET /galeria/galeria/jquery.fancybox.css?v=2.1.5 HTTP/1.1" 304 -
190.232.70.26 - - [22/Oct/2015:00:32:15 -0500] "GET /videos/CRRFFS.mp4 HTTP/1.1" 206 1
191.111.168.19 - - [22/Oct/2015:00:11:27 -0500] "GET /videos/CRRFFS.mp4 HTTP/1.1" 206 276907675
66.249.64.106 - - [22/Oct/2015:00:32:28 -0500] "GET /BLA/resoluciones/RESOLUCIONES%202010/1149.pdf HTTP/1.1" 200 93727
190.232.70.26 - - [22/Oct/2015:00:32:15 -0500] "GET /videos/CRRFFS.mp4 HTTP/1.1" 206 281794111
74.86.158.110 - - [22/Oct/2015:00:33:13 -0500] "HEAD / HTTP/1.1" 200 -
190.67.211.218 - - [22/Oct/2015:00:33:16 -0500] "GET /galeria/galeria/jquery.fancybox.css?v=2.1.5 HTTP/1.1" 200 4895
190.67.211.218 - - [22/Oct/2015:00:33:16 -0500] "GET /BLA/boletinlegal/js/jquery.scrollShow.js HTTP/1.1" 200 4586
190.67.211.218 - - [22/Oct/2015:00:33:16 -0500] "GET /galeria/galeria/jquery.fancybox.js?v=2.1.5 HTTP/1.1" 200 48706
190.67.211.218 - - [22/Oct/2015:00:33:25 -0500] "GET /BLA/boletinlegal/js/jquery.scrollShow.js HTTP/1.1" 304 -
190.67.211.218 - - [22/Oct/2015:00:33:25 -0500] "GET /galeria/galeria/jquery.fancybox.js?v=2.1.5 HTTP/1.1" 304 -
190.67.211.218 - - [22/Oct/2015:00:33:25 -0500] "GET /galeria/galeria/jquery.fancybox.css?v=2.1.5 HTTP/1.1" 304 -
157.55.39.132 - - [22/Oct/2015:00:33:28 -0500] "GET /SIG/Gestion%20Recursos%20Financieros/126PA02-PR20%20REGISTRO%20DE%20DIFERIDOS.pdf HTTP/1.1" 200 231681
66.249.64.106 - - [22/Oct/2015:00:33:30 -0500] "GET /BLA/resoluciones/AUTOS%202011/3392.pdf HTTP/1.1" 200 166708
157.55.39.132 - - [22/Oct/2015:00:33:31 -0500] "GET /dama/libreria/pdf/pigas/PIGA_JB/ANEXO19.pdf HTTP/1.1" 404 1019
188.165.15.94 - - [22/Oct/2015:00:33:45 -0500] "GET /BLA/resoluciones/RESOLUCIONES%202006/RES%202006%201701-1751/00001735.tif HTTP/1.1" 200 269840
201.245.192.253 - - [22/Oct/2015:00:33:48 -0500] "POST /forms/lservlet;jsessionid=ac16012b30d66812f6ea9c7846698afbd33f347d969c.e3iSbxaKaheRe38Ka34Oa3eLbxf0n6jAmljGr5XDqQLvpAe HTTP/1.1" 200 2
157.55.39.62 - - [22/Oct/2015:00:34:00 -0500] "GET /dama/libreria/pdf/SAS/DX%20lavanderias.pdf HTTP/1.1" 404 1019
190.66.104.192 - - [22/Oct/2015:00:34:05 -0500] "GET /galeria/galeria/fotos/MeandrodelSay3g.jpg HTTP/1.1" 200 365658
188.165.15.94 - - [22/Oct/2015:00:34:23 -0500] "GET /BLA/resoluciones/RESOLUCIONES%202005/RES%202005%20751-800/00000780.tif HTTP/1.1" 200 151686
66.249.64.101 - - [22/Oct/2015:00:34:32 -0500] "GET /BLA/resoluciones/AUTOS%202010/5465.pdf HTTP/1.1" 200 161599
190.0.40.178 - - [22/Oct/2015:00:34:38 -0500] "GET /galeria/galeria/jquery.fancybox.js?v=2.1.5 HTTP/1.1" 200 48706
190.0.40.178 - - [22/Oct/2015:00:34:38 -0500] "GET /BLA/boletinlegal/js/jquery.scrollShow.js HTTP/1.1" 200 4586
190.0.40.178 - - [22/Oct/2015:00:34:38 -0500] "GET /galeria/galeria/jquery.fancybox.css?v=2.1.5 HTTP/1.1" 200 4895
66.249.64.253 - - [22/Oct/2015:00:34:47 -0500] "GET /ecodirectorio/files/res/downloads/download_0041.pdf HTTP/1.1" 200 183126
157.55.39.76 - - [22/Oct/2015:00:35:12 -0500] "GET /dama/libreria/php/frame_detalle.php?h_id=786 HTTP/1.1" 404 1015
66.249.64.96 - - [22/Oct/2015:00:35:38 -0500] "GET /BLA/resoluciones/RESOLUCIONES%202010/3742.pdf HTTP/1.1" 200 389701
66.249.64.96 - - [22/Oct/2015:00:35:40 -0500] "GET /BLA/resoluciones/RESOLUCIONES%202009/0897.pdf HTTP/1.1" 200 293472
201.245.192.253 - - [22/Oct/2015:00:35:48 -0500] "POST /forms/lservlet;jsessionid=ac16012b30d66812f6ea9c7846698afbd33f347d969c.e3iSbxaKaheRe38Ka34Oa3eLbxf0n6jAmljGr5XDqQLvpAe HTTP/1.1" 200 2
66.249.64.96 - - [22/Oct/2015:00:36:37 -0500] "GET /BLA/resoluciones/RESOLUCIONES%202009/0029.pdf HTTP/1.1" 200 467430
180.76.15.20 - - [22/Oct/2015:00:37:32 -0500] "GET /BLA/boletinlegal/Circulares/2010/Circular%2002%20de%2025%20de%20febrero%20de%202010.pdf HTTP/1.1" 200 233254
66.249.64.106 - - [22/Oct/2015:00:37:38 -0500] "GET /BLA/resoluciones/AUTOS%202014/1841.pdf HTTP/1.1" 200 440399
201.245.192.253 - - [22/Oct/2015:00:37:48 -0500] "POST /forms/lservlet;jsessionid=ac16012b30d66812f6ea9c7846698afbd33f347d969c.e3iSbxaKaheRe38Ka34Oa3eLbxf0n6jAmljGr5XDqQLvpAe HTTP/1.1" 200 2
180.76.15.26 - - [22/Oct/2015:00:38:00 -0500] "GET /StormSDA/storm_silv/?C=M;O=A HTTP/1.1" 200 5784
187.146.95.106 - - [22/Oct/2015:00:38:05 -0500] "GET /galeria/galeria/jquery.fancybox.css?v=2.1.5 HTTP/1.1" 200 4895
187.146.95.106 - - [22/Oct/2015:00:38:05 -0500] "GET /BLA/boletinlegal/js/jquery.scrollShow.js HTTP/1.1" 200 4586
187.146.95.106 - - [22/Oct/2015:00:38:05 -0500] "GET /galeria/galeria/jquery.fancybox.js?v=2.1.5 HTTP/1.1" 200 48706
74.86.158.110 - - [22/Oct/2015:00:38:13 -0500] "HEAD / HTTP/1.1" 200 -
187.146.95.106 - - [22/Oct/2015:00:38:16 -0500] "GET /BLA/boletinlegal/js/jquery.scrollShow.js HTTP/1.1" 304 -
187.146.95.106 - - [22/Oct/2015:00:38:16 -0500] "GET /galeria/galeria/jquery.fancybox.js?v=2.1.5 HTTP/1.1" 304 -
187.146.95.106 - - [22/Oct/2015:00:38:16 -0500] "GET /galeria/galeria/jquery.fancybox.css?v=2.1.5 HTTP/1.1" 304 -
202.142.90.84 - - [22/Oct/2015:00:38:17 -0500] "POST /xmlrpc.php HTTP/1.1" 301 334
201.234.75.11 - - [22/Oct/2015:00:38:18 -0500] "GET /galeria/galeria/fotos/Movilizacion14P.jpg HTTP/1.1" 304 -
181.134.113.18 - - [22/Oct/2015:00:38:18 -0500] "GET /galeria/galeria/jquery.fancybox.css?v=2.1.5 HTTP/1.1" 200 4895
181.134.113.18 - - [22/Oct/2015:00:38:18 -0500] "GET /BLA/boletinlegal/js/jquery.scrollShow.js HTTP/1.1" 200 4586
181.134.113.18 - - [22/Oct/2015:00:38:18 -0500] "GET /galeria/galeria/jquery.fancybox.js?v=2.1.5 HTTP/1.1" 200 48706
181.49.188.4 - - [22/Oct/2015:00:38:23 -0500] "GET /BLA/boletinlegal/js/jquery.scrollShow.js HTTP/1.1" 304 -
181.49.188.4 - - [22/Oct/2015:00:38:23 -0500] "GET /galeria/galeria/jquery.fancybox.css?v=2.1.5 HTTP/1.1" 200 4895
181.49.188.4 - - [22/Oct/2015:00:38:23 -0500] "GET /galeria/galeria/jquery.fancybox.js?v=2.1.5 HTTP/1.1" 200 48706
181.134.113.18 - - [22/Oct/2015:00:38:24 -0500] "GET /galeria/galeria/jquery.fancybox.js?v=2.1.5 HTTP/1.1" 304 -
181.134.113.18 - - [22/Oct/2015:00:38:24 -0500] "GET /galeria/galeria/jquery.fancybox.css?v=2.1.5 HTTP/1.1" 304 -
181.134.113.18 - - [22/Oct/2015:00:38:24 -0500] "GET /BLA/boletinlegal/js/jquery.scrollShow.js HTTP/1.1" 304 -
66.249.64.101 - - [22/Oct/2015:00:38:32 -0500] "GET /galeria/galeria/fotos/Humedal-vaca5G.jpg HTTP/1.1" 304 -
181.134.113.18 - - [22/Oct/2015:00:38:34 -0500] "GET /videos/Comadreja.flv HTTP/1.1" 200 1953549
66.249.64.96 - - [22/Oct/2015:00:38:41 -0500] "GET /BLA/resoluciones/RESOLUCIONES%202010/0399.pdf HTTP/1.1" 200 98273
190.250.165.109 - - [22/Oct/2015:00:38:46 -0500] "GET /BLA/boletinlegal/js/jquery.scrollShow.js HTTP/1.1" 200 4586
190.250.165.109 - - [22/Oct/2015:00:38:46 -0500] "GET /galeria/galeria/jquery.fancybox.css?v=2.1.5 HTTP/1.1" 200 4895
190.250.165.109 - - [22/Oct/2015:00:38:46 -0500] "GET /galeria/galeria/jquery.fancybox.js?v=2.1.5 HTTP/1.1" 200 48706
181.49.188.4 - - [22/Oct/2015:00:38:48 -0500] "GET /galeria/galeria/jquery.fancybox.css?v=2.1.5 HTTP/1.1" 304 -
181.49.188.4 - - [22/Oct/2015:00:38:48 -0500] "GET /BLA/boletinlegal/js/jquery.scrollShow.js HTTP/1.1" 304 -
181.49.188.4 - - [22/Oct/2015:00:38:48 -0500] "GET /galeria/galeria/jquery.fancybox.js?v=2.1.5 HTTP/1.1" 304 -
181.49.188.4 - - [22/Oct/2015:00:38:50 -0500] "GET /galeria/galeria/jquery.fancybox.js?v=2.1.5 HTTP/1.1" 304 -
190.250.165.109 - - [22/Oct/2015:00:38:51 -0500] "GET /BLA/boletinlegal/js/jquery.scrollShow.js HTTP/1.1" 304 -
190.250.165.109 - - [22/Oct/2015:00:38:51 -0500] "GET /galeria/galeria/jquery.fancybox.js?v=2.1.5 HTTP/1.1" 304 -
190.250.165.109 - - [22/Oct/2015:00:38:51 -0500] "GET /galeria/galeria/jquery.fancybox.css?v=2.1.5 HTTP/1.1" 304 -
190.66.104.192 - - [22/Oct/2015:00:38:55 -0500] "GET /galeria/galeria/fotos/MeandrodelSay3g.jpg HTTP/1.1" 304 -
66.249.64.106 - - [22/Oct/2015:00:39:23 -0500] "GET /BLA/resoluciones/RESOLUCIONES%202012/0821.pdf HTTP/1.1" 304 -
187.138.161.100 - - [22/Oct/2015:00:39:39 -0500] "GET /galeria/galeria/jquery.fancybox.css?v=2.1.5 HTTP/1.1" 200 4895
187.138.161.100 - - [22/Oct/2015:00:39:39 -0500] "GET /BLA/boletinlegal/js/jquery.scrollShow.js HTTP/1.1" 200 4586
187.138.161.100 - - [22/Oct/2015:00:39:39 -0500] "GET /galeria/galeria/jquery.fancybox.js?v=2.1.5 HTTP/1.1" 200 48706
66.249.64.96 - - [22/Oct/2015:00:39:42 -0500] "GET /BLA/resoluciones/RESOLUCIONES%202011/0446.pdf HTTP/1.1" 200 63077
187.138.161.100 - - [22/Oct/2015:00:39:47 -0500] "GET /BLA/boletinlegal/js/jquery.scrollShow.js HTTP/1.1" 304 -
187.138.161.100 - - [22/Oct/2015:00:39:47 -0500] "GET /galeria/galeria/jquery.fancybox.js?v=2.1.5 HTTP/1.1" 304 -
187.138.161.100 - - [22/Oct/2015:00:39:47 -0500] "GET /galeria/galeria/jquery.fancybox.css?v=2.1.5 HTTP/1.1" 304 -
186.31.190.74 - - [22/Oct/2015:00:39:48 -0500] "GET /galeria/mapa/3MapaBogot%C3%A1.jpg HTTP/1.1" 200 688183
201.245.192.253 - - [22/Oct/2015:00:39:48 -0500] "POST /forms/lservlet;jsessionid=ac16012b30d66812f6ea9c7846698afbd33f347d969c.e3iSbxaKaheRe38Ka34Oa3eLbxf0n6jAmljGr5XDqQLvpAe HTTP/1.1" 200 2
66.249.64.106 - - [22/Oct/2015:00:40:44 -0500] "GET /BLA/resoluciones/RESOLUCIONES%202007/RES%202007%201801%20AL%201900/RESOLUCION%201868%20DE%202007.pdf HTTP/1.1" 200 551139
66.249.64.101 - - [22/Oct/2015:00:41:46 -0500] "GET /BLA/resoluciones/RESOLUCIONES%202008/1431.pdf HTTP/1.1" 200 243369
201.245.192.253 - - [22/Oct/2015:00:41:49 -0500] "POST /forms/lservlet;jsessionid=ac16012b30d66812f6ea9c7846698afbd33f347d969c.e3iSbxaKaheRe38Ka34Oa3eLbxf0n6jAmljGr5XDqQLvpAe HTTP/1.1" 200 2
66.249.64.101 - - [22/Oct/2015:00:42:49 -0500] "GET /BLA/resoluciones/RESOLUCIONES%202011/4977.pdf HTTP/1.1" 200 348917
188.165.15.94 - - [22/Oct/2015:00:42:53 -0500] "GET /BLA/resoluciones/RESOLUCIONES%202004/RES%202004%20701-750/00000730.tif HTTP/1.1" 200 271708
188.165.15.94 - - [22/Oct/2015:00:43:06 -0500] "GET /BLA/resoluciones/AUTOS%202006/AUTOS%202006%202701%20-%202800/00002770.tif HTTP/1.1" 200 103510
66.249.64.6 - - [22/Oct/2015:00:43:06 -0500] "GET /dama/libreria/php/decide.php HTTP/1.1" 404 1015
74.86.158.110 - - [22/Oct/2015:00:43:13 -0500] "HEAD / HTTP/1.1" 200 -
201.245.192.253 - - [22/Oct/2015:00:43:49 -0500] "POST /forms/lservlet;jsessionid=ac16012b30d66812f6ea9c7846698afbd33f347d969c.e3iSbxaKaheRe38Ka34Oa3eLbxf0n6jAmljGr5XDqQLvpAe HTTP/1.1" 200 2
66.249.64.101 - - [22/Oct/2015:00:43:50 -0500] "GET /BLA/resoluciones/RESOLUCIONES%202009/9270.pdf HTTP/1.1" 200 479891
66.249.64.248 - - [22/Oct/2015:00:44:39 -0500] "GET /ecodirectorio/files/res/mobile/page0117_i2.jpg HTTP/1.1" 200 174271
66.249.64.101 - - [22/Oct/2015:00:44:55 -0500] "GET /BLA/resoluciones/RESOLUCIONES%202012/0903.pdf HTTP/1.1" 200 300818
98.136.200.144 - - [22/Oct/2015:00:44:56 -0500] "GET /dama/libreria/jpg/plantas/35.gif HTTP/1.0" 404 1019
161.10.5.248 - - [22/Oct/2015:00:45:31 -0500] "GET /galeria/galeria/jquery.fancybox.css?v=2.1.5 HTTP/1.1" 200 4895
161.10.5.248 - - [22/Oct/2015:00:45:31 -0500] "GET /BLA/boletinlegal/js/jquery.scrollShow.js HTTP/1.1" 200 4586
161.10.5.248 - - [22/Oct/2015:00:45:31 -0500] "GET /galeria/galeria/jquery.fancybox.js?v=2.1.5 HTTP/1.1" 200 48706
161.10.5.248 - - [22/Oct/2015:00:45:31 -0500] "GET /galeria/carrusel/Carrusel/jquery.thumbnailScroller.css HTTP/1.1" 200 2066
161.10.5.248 - - [22/Oct/2015:00:45:31 -0500] "GET /galeria/carrusel/Carrusel/jquery-ui-1.8.13.custom.min.js HTTP/1.1" 200 10800
161.10.5.248 - - [22/Oct/2015:00:45:31 -0500] "GET /galeria/carrusel/Carrusel/jquery.thumbnailScroller.js HTTP/1.1" 200 8157
66.249.64.6 - - [22/Oct/2015:00:45:32 -0500] "GET /dama/libreria/php/decide.php?patron=03.1703 HTTP/1.1" 404 1015
188.165.15.94 - - [22/Oct/2015:00:45:35 -0500] "GET /BLA/resoluciones/AUTOS%202006/AUTOS%202006%20101-200/00000149.tif HTTP/1.1" 200 43850
161.10.5.248 - - [22/Oct/2015:00:45:39 -0500] "GET /galeria/nivo-slider/demo/demo.html HTTP/1.1" 200 4413
161.10.5.248 - - [22/Oct/2015:00:45:41 -0500] "GET /galeria/nivo-slider/themes/default/default.css HTTP/1.1" 200 1569
161.10.5.248 - - [22/Oct/2015:00:45:41 -0500] "GET /galeria/nivo-slider/themes/orman/orman.css HTTP/1.1" 200 2152
161.10.5.248 - - [22/Oct/2015:00:45:41 -0500] "GET /galeria/nivo-slider/nivo-slider.css HTTP/1.1" 200 1507
161.10.5.248 - - [22/Oct/2015:00:45:41 -0500] "GET /galeria/nivo-slider/themes/pascal/pascal.css HTTP/1.1" 200 2258
161.10.5.248 - - [22/Oct/2015:00:45:41 -0500] "GET /galeria/nivo-slider/demo/scripts/jquery-1.7.1.min.js HTTP/1.1" 200 93868
161.10.5.248 - - [22/Oct/2015:00:45:41 -0500] "GET /galeria/nivo-slider/demo/style.css HTTP/1.1" 200 2222
161.10.5.248 - - [22/Oct/2015:00:45:42 -0500] "GET /galeria/nivo-slider/jquery.nivo.slider.pack.js HTTP/1.1" 200 11561
201.245.192.253 - - [22/Oct/2015:00:45:49 -0500] "POST /forms/lservlet;jsessionid=ac16012b30d66812f6ea9c7846698afbd33f347d969c.e3iSbxaKaheRe38Ka34Oa3eLbxf0n6jAmljGr5XDqQLvpAe HTTP/1.1" 200 2
161.10.5.248 - - [22/Oct/2015:00:45:49 -0500] "GET /galeria/nivo-slider/demo/images/Banner-encuesta-de-percepscio.jpg HTTP/1.1" 200 201899
161.10.5.248 - - [22/Oct/2015:00:45:49 -0500] "GET /galeria/nivo-slider/demo/images/rendicion-de-cuentas-formulario.jpg HTTP/1.1" 200 166357
161.10.5.248 - - [22/Oct/2015:00:45:50 -0500] "GET /galeria/nivo-slider/demo/images/Invitacion-productos-veterinario.jpg HTTP/1.1" 200 247568
161.10.5.248 - - [22/Oct/2015:00:45:51 -0500] "GET /galeria/nivo-slider/demo/images/Arbol-banner2015.jpg HTTP/1.1" 200 226910
188.165.15.94 - - [22/Oct/2015:00:45:55 -0500] "GET /BLA/resoluciones/RESOLUCIONES%202006/RES%202006%201851-1900/00001886.tif HTTP/1.1" 200 220666
161.10.5.248 - - [22/Oct/2015:00:45:56 -0500] "GET /galeria/nivo-slider/demo/images/Banner-ahorro-de-agua.jpg HTTP/1.1" 200 149141
161.10.5.248 - - [22/Oct/2015:00:45:57 -0500] "GET /galeria/nivo-slider/demo/images/Cmapana-onestidad.jpg HTTP/1.1" 200 141638
161.10.5.248 - - [22/Oct/2015:00:45:59 -0500] "GET /galeria/nivo-slider/demo/images/Plan-Quinquenal.jpg HTTP/1.1" 200 412438
161.10.5.248 - - [22/Oct/2015:00:46:02 -0500] "GET /galeria/nivo-slider/demo/images/PREDAcamp.jpg HTTP/1.1" 200 295358
161.10.5.248 - - [22/Oct/2015:00:46:02 -0500] "GET /galeria/nivo-slider/demo/images/banner-llantas2.jpg HTTP/1.1" 200 204644
161.10.5.248 - - [22/Oct/2015:00:46:02 -0500] "GET /galeria/nivo-slider/demo/images/9Signos.jpg HTTP/1.1" 200 81776
161.10.5.248 - - [22/Oct/2015:00:46:04 -0500] "GET /galeria/nivo-slider/demo/images/Comparendo-ambiental-Banner.jpg HTTP/1.1" 200 83731
66.249.64.101 - - [22/Oct/2015:00:46:05 -0500] "GET /BLA/resoluciones/AUTOS%202008/3336.pdf HTTP/1.1" 200 93290
161.10.5.248 - - [22/Oct/2015:00:46:06 -0500] "GET /galeria/nivo-slider/demo/images/Ruta-vertimientos-01.jpg HTTP/1.1" 200 130151
161.10.5.248 - - [22/Oct/2015:00:46:10 -0500] "GET /galeria/nivo-slider/demo/images/bolsas-06.jpg HTTP/1.1" 200 90982
161.10.5.248 - - [22/Oct/2015:00:46:13 -0500] "GET /galeria/nivo-slider/demo/images/Conoce-los-humedales.jpg HTTP/1.1" 200 294036
161.10.5.248 - - [22/Oct/2015:00:46:13 -0500] "GET /galeria/nivo-slider/demo/images/ecolecta-Dic2014.png HTTP/1.1" 200 288593
161.10.5.248 - - [22/Oct/2015:00:46:19 -0500] "GET /galeria/nivo-slider/demo/images/4Simple_Slider.png HTTP/1.1" 200 11722
161.10.5.248 - - [22/Oct/2015:00:46:20 -0500] "GET /galeria/nivo-slider/themes/default/loading.gif HTTP/1.1" 200 1737
161.10.5.248 - - [22/Oct/2015:00:46:20 -0500] "GET /galeria/nivo-slider/themes/default/arrows.png HTTP/1.1" 200 824
161.10.5.248 - - [22/Oct/2015:00:46:20 -0500] "GET /galeria/nivo-slider/themes/default/bullets.png HTTP/1.1" 200 1281
188.165.15.94 - - [22/Oct/2015:00:46:49 -0500] "GET /BLA/resoluciones/AUTOS%202006/AUTOS%202006%20101-200/00000139.tif HTTP/1.1" 200 34576
66.249.64.106 - - [22/Oct/2015:00:46:57 -0500] "GET /BLA/resoluciones/RESOLUCIONES%202010/6391.pdf HTTP/1.1" 200 492617
186.145.115.97 - - [22/Oct/2015:00:47:03 -0500] "GET /galeria/galeria/jquery.fancybox.js?v=2.1.5 HTTP/1.1" 200 48706
186.145.115.97 - - [22/Oct/2015:00:47:03 -0500] "GET /galeria/galeria/jquery.fancybox.css?v=2.1.5 HTTP/1.1" 200 4895
186.145.115.97 - - [22/Oct/2015:00:47:03 -0500] "GET /BLA/boletinlegal/js/jquery.scrollShow.js HTTP/1.1" 200 4586
186.145.115.97 - - [22/Oct/2015:00:47:08 -0500] "GET /BLA/boletinlegal/js/jquery.scrollShow.js HTTP/1.1" 304 -
186.145.115.97 - - [22/Oct/2015:00:47:08 -0500] "GET /galeria/galeria/jquery.fancybox.js?v=2.1.5 HTTP/1.1" 304 -
186.145.115.97 - - [22/Oct/2015:00:47:08 -0500] "GET /galeria/galeria/jquery.fancybox.css?v=2.1.5 HTTP/1.1" 304 -
98.136.200.144 - - [22/Oct/2015:00:47:14 -0500] "GET /dama/libreria/jpg/plantas/16.gif HTTP/1.0" 404 1019
98.136.200.144 - - [22/Oct/2015:00:47:25 -0500] "GET /dama/libreria/jpg/plantas/28.gif HTTP/1.0" 404 1019
190.85.110.99 - - [22/Oct/2015:00:47:40 -0500] "GET /BLA/boletinlegal/js/jquery.scrollShow.js HTTP/1.1" 200 4586
190.85.110.99 - - [22/Oct/2015:00:47:40 -0500] "GET /galeria/galeria/jquery.fancybox.css?v=2.1.5 HTTP/1.1" 200 4895
190.85.110.99 - - [22/Oct/2015:00:47:40 -0500] "GET /galeria/galeria/jquery.fancybox.js?v=2.1.5 HTTP/1.1" 200 48706
190.85.110.99 - - [22/Oct/2015:00:47:46 -0500] "GET /BLA/boletinlegal/js/jquery.scrollShow.js HTTP/1.1" 304 -
190.85.110.99 - - [22/Oct/2015:00:47:46 -0500] "GET /galeria/galeria/jquery.fancybox.js?v=2.1.5 HTTP/1.1" 304 -
190.85.110.99 - - [22/Oct/2015:00:47:46 -0500] "GET /galeria/galeria/jquery.fancybox.css?v=2.1.5 HTTP/1.1" 304 -
201.245.192.253 - - [22/Oct/2015:00:47:49 -0500] "POST /forms/lservlet;jsessionid=ac16012b30d66812f6ea9c7846698afbd33f347d969c.e3iSbxaKaheRe38Ka34Oa3eLbxf0n6jAmljGr5XDqQLvpAe HTTP/1.1" 200 2
66.249.64.101 - - [22/Oct/2015:00:48:01 -0500] "GET /BLA/resoluciones/RESOLUCIONES%202009/4219.pdf HTTP/1.1" 200 653050
74.86.158.110 - - [22/Oct/2015:00:48:13 -0500] "HEAD / HTTP/1.1" 200 -
66.249.64.121 - - [22/Oct/2015:00:48:37 -0500] "GET /dama/libreria/pdf/equipos_aval_DAMA.pdf HTTP/1.1" 404 1015
181.176.40.179 - - [22/Oct/2015:00:48:42 -0500] "GET /BLA/boletinlegal/js/jquery.scrollShow.js HTTP/1.1" 200 4586
181.176.40.179 - - [22/Oct/2015:00:48:42 -0500] "GET /galeria/galeria/jquery.fancybox.css?v=2.1.5 HTTP/1.1" 200 4895
181.176.40.179 - - [22/Oct/2015:00:48:42 -0500] "GET /galeria/galeria/jquery.fancybox.js?v=2.1.5 HTTP/1.1" 200 48706
161.10.5.248 - - [22/Oct/2015:00:48:52 -0500] "GET /galeria/bibloteca/contentflow.js HTTP/1.1" 200 42804
161.10.5.248 - - [22/Oct/2015:00:48:54 -0500] "GET /galeria/bibloteca/contentflow.css HTTP/1.1" 200 3201
161.10.5.248 - - [22/Oct/2015:00:48:54 -0500] "GET /galeria/bibloteca/mycontentflow.css HTTP/1.1" 200 3110
161.10.5.248 - - [22/Oct/2015:00:48:54 -0500] "GET /galeria/bibloteca/ContentFlowAddOn_white.js HTTP/1.1" 200 2497
161.10.5.248 - - [22/Oct/2015:00:48:55 -0500] "GET /galeria/bibloteca/ContentFlowAddOn_white.css HTTP/1.1" 200 3355
161.10.5.248 - - [22/Oct/2015:00:48:56 -0500] "GET /galeria/bibloteca/img/loader.gif HTTP/1.1" 200 8238
161.10.5.248 - - [22/Oct/2015:00:48:56 -0500] "GET /galeria/bibloteca/img/scrollbar_white.png HTTP/1.1" 200 82
161.10.5.248 - - [22/Oct/2015:00:48:56 -0500] "GET /galeria/bibloteca/img/slider_white.png HTTP/1.1" 200 178
188.165.15.94 - - [22/Oct/2015:00:49:00 -0500] "GET /BLA/resoluciones/AUTOS%202006/AUTOS%202006%201701%20-%201800/00001705.tif HTTP/1.1" 200 436868
66.249.64.101 - - [22/Oct/2015:00:49:02 -0500] "GET /BLA/resoluciones/RESOLUCIONES%202009/1505.pdf HTTP/1.1" 200 754007
188.165.15.94 - - [22/Oct/2015:00:49:25 -0500] "GET /BLA/resoluciones/RESOLUCIONES%202002/RES%202002%2001-50/2002RES32.tif HTTP/1.1" 200 44690
161.10.5.248 - - [22/Oct/2015:00:49:46 -0500] "GET /galeria/bibloteca/img/ajax-loader.gif HTTP/1.1" 200 9427
161.10.5.248 - - [22/Oct/2015:00:49:46 -0500] "GET /galeria/bibloteca/img/scrollbar_black.png HTTP/1.1" 200 82
161.10.5.248 - - [22/Oct/2015:00:49:46 -0500] "GET /galeria/bibloteca/img/slider_black.png HTTP/1.1" 200 175
161.10.5.248 - - [22/Oct/2015:00:49:46 -0500] "GET /galeria/bibloteca/img/1x1_0.5_white.png HTTP/1.1" 200 82
201.245.192.253 - - [22/Oct/2015:00:49:49 -0500] "POST /forms/lservlet;jsessionid=ac16012b30d66812f6ea9c7846698afbd33f347d969c.e3iSbxaKaheRe38Ka34Oa3eLbxf0n6jAmljGr5XDqQLvpAe HTTP/1.1" 200 2
161.10.5.248 - - [22/Oct/2015:00:49:50 -0500] "GET /BLA/boletinlegal/js/jquery.scrollShow.js HTTP/1.1" 304 -
161.10.5.248 - - [22/Oct/2015:00:49:50 -0500] "GET /galeria/galeria/jquery.fancybox.js?v=2.1.5 HTTP/1.1" 304 -
161.10.5.248 - - [22/Oct/2015:00:49:50 -0500] "GET /galeria/galeria/jquery.fancybox.css?v=2.1.5 HTTP/1.1" 304 -
161.10.5.248 - - [22/Oct/2015:00:49:50 -0500] "GET /galeria/bibloteca/contentflow.js HTTP/1.1" 304 -
66.249.64.96 - - [22/Oct/2015:00:50:02 -0500] "GET /BLA/resoluciones/RESOLUCIONES%202009/2655.pdf HTTP/1.1" 200 485294
186.144.176.90 - - [22/Oct/2015:00:50:16 -0500] "GET /galeria/galeria/jquery.fancybox.js?v=2.1.5 HTTP/1.1" 200 48706
186.144.176.90 - - [22/Oct/2015:00:50:17 -0500] "GET /galeria/galeria/jquery.fancybox.css?v=2.1.5 HTTP/1.1" 200 4895
186.144.176.90 - - [22/Oct/2015:00:50:17 -0500] "GET /galeria/galeria/fotos/Capellania1P.jpg HTTP/1.1" 200 33952
186.144.176.90 - - [22/Oct/2015:00:50:17 -0500] "GET /galeria/galeria/fotos/Capellania2P.jpg HTTP/1.1" 200 35380
186.144.176.90 - - [22/Oct/2015:00:50:17 -0500] "GET /galeria/galeria/fotos/Capellania3P.jpg HTTP/1.1" 200 34835
186.144.176.90 - - [22/Oct/2015:00:50:17 -0500] "GET /galeria/galeria/fotos/Capellania4P.jpg HTTP/1.1" 200 37377
161.10.5.248 - - [22/Oct/2015:00:50:18 -0500] "GET /galeria/bibloteca/contentflow.css HTTP/1.1" 304 -
161.10.5.248 - - [22/Oct/2015:00:50:18 -0500] "GET /galeria/bibloteca/mycontentflow.css HTTP/1.1" 304 -
161.10.5.248 - - [22/Oct/2015:00:50:18 -0500] "GET /galeria/bibloteca/ContentFlowAddOn_white.js HTTP/1.1" 304 -
161.10.5.248 - - [22/Oct/2015:00:50:18 -0500] "GET /galeria/bibloteca/ContentFlowAddOn_white.css HTTP/1.1" 304 -
161.10.5.248 - - [22/Oct/2015:00:50:31 -0500] "GET /BLA/boletinlegal/js/jquery.scrollShow.js HTTP/1.1" 304 -
161.10.5.248 - - [22/Oct/2015:00:50:31 -0500] "GET /galeria/galeria/jquery.fancybox.js?v=2.1.5 HTTP/1.1" 304 -
161.10.5.248 - - [22/Oct/2015:00:50:31 -0500] "GET /galeria/galeria/jquery.fancybox.css?v=2.1.5 HTTP/1.1" 304 -
161.10.5.248 - - [22/Oct/2015:00:50:31 -0500] "GET /galeria/bibloteca/contentflow.js HTTP/1.1" 304 -
161.10.5.248 - - [22/Oct/2015:00:50:34 -0500] "GET /galeria/bibloteca/mycontentflow.css HTTP/1.1" 304 -
161.10.5.248 - - [22/Oct/2015:00:50:34 -0500] "GET /galeria/bibloteca/contentflow.css HTTP/1.1" 304 -
161.10.5.248 - - [22/Oct/2015:00:50:34 -0500] "GET /galeria/bibloteca/ContentFlowAddOn_white.js HTTP/1.1" 304 -
161.10.5.248 - - [22/Oct/2015:00:50:34 -0500] "GET /galeria/bibloteca/ContentFlowAddOn_white.css HTTP/1.1" 304 -
66.249.64.96 - - [22/Oct/2015:00:51:04 -0500] "GET /BLA/resoluciones/AUTOS%202011/3794.pdf HTTP/1.1" 200 300161
186.113.60.125 - - [22/Oct/2015:00:51:10 -0500] "GET /BLA/boletinlegal/js/jquery.scrollShow.js HTTP/1.1" 200 4586
186.113.60.125 - - [22/Oct/2015:00:51:10 -0500] "GET /galeria/galeria/jquery.fancybox.css?v=2.1.5 HTTP/1.1" 200 4895
186.113.60.125 - - [22/Oct/2015:00:51:10 -0500] "GET /galeria/galeria/jquery.fancybox.js?v=2.1.5 HTTP/1.1" 200 48706
181.54.223.77 - - [22/Oct/2015:00:51:11 -0500] "GET /galeria/galeria/jquery.fancybox.css?v=2.1.5 HTTP/1.1" 200 4895
181.54.223.77 - - [22/Oct/2015:00:51:11 -0500] "GET /BLA/boletinlegal/js/jquery.scrollShow.js HTTP/1.1" 200 4586
181.54.223.77 - - [22/Oct/2015:00:51:12 -0500] "GET /galeria/galeria/jquery.fancybox.js?v=2.1.5 HTTP/1.1" 200 48706
186.113.60.125 - - [22/Oct/2015:00:51:14 -0500] "GET /BLA/boletinlegal/js/jquery.scrollShow.js HTTP/1.1" 304 -
186.113.60.125 - - [22/Oct/2015:00:51:14 -0500] "GET /galeria/galeria/jquery.fancybox.js?v=2.1.5 HTTP/1.1" 304 -
186.113.60.125 - - [22/Oct/2015:00:51:14 -0500] "GET /galeria/galeria/jquery.fancybox.css?v=2.1.5 HTTP/1.1" 304 -
173.252.74.110 - - [22/Oct/2015:00:51:27 -0500] "GET /wp-content/uploads/2015/07/photo-alcanlde_11.jpg HTTP/1.1" 301 372
190.158.148.198 - - [22/Oct/2015:00:51:41 -0500] "GET /galeria/galeria/jquery.fancybox.css?v=2.1.5 HTTP/1.1" 200 4895
190.158.148.198 - - [22/Oct/2015:00:51:41 -0500] "GET /galeria/galeria/jquery.fancybox.js?v=2.1.5 HTTP/1.1" 200 48706
190.158.148.198 - - [22/Oct/2015:00:51:41 -0500] "GET /galeria/galeria/fotos/1GuaymaralTorcaP1.jpg HTTP/1.1" 200 9512
66.249.64.29 - - [22/Oct/2015:00:51:42 -0500] "GET / HTTP/1.1" 301 324
190.158.148.198 - - [22/Oct/2015:00:51:42 -0500] "GET /galeria/galeria/fotos/2GuaymaralTorcaP2.jpg HTTP/1.1" 200 7622
190.158.148.198 - - [22/Oct/2015:00:51:42 -0500] "GET /galeria/galeria/fotos/3GuaymaralTorcaP3.jpg HTTP/1.1" 200 8521
190.158.148.198 - - [22/Oct/2015:00:51:42 -0500] "GET /galeria/galeria/fotos/GuaymaralTorca4P.jpg HTTP/1.1" 200 33981
201.245.192.253 - - [22/Oct/2015:00:51:50 -0500] "POST /forms/lservlet;jsessionid=ac16012b30d66812f6ea9c7846698afbd33f347d969c.e3iSbxaKaheRe38Ka34Oa3eLbxf0n6jAmljGr5XDqQLvpAe HTTP/1.1" 200 2
190.158.148.198 - - [22/Oct/2015:00:51:52 -0500] "GET /galeria/galeria/fancybox_overlay.png HTTP/1.1" 200 1003
190.158.148.198 - - [22/Oct/2015:00:51:52 -0500] "GET /galeria/galeria/fotos/3GuaymaralTorcaG3.jpg HTTP/1.1" 200 39105
190.158.148.198 - - [22/Oct/2015:00:51:52 -0500] "GET /galeria/galeria/fancybox_loading.gif HTTP/1.1" 200 6567
190.158.148.198 - - [22/Oct/2015:00:51:52 -0500] "GET /galeria/galeria/fancybox_sprite.png HTTP/1.1" 200 1362
190.158.148.198 - - [22/Oct/2015:00:51:53 -0500] "GET /galeria/galeria/fotos/2GuaymaralTorcaG2.jpg HTTP/1.1" 200 28916
190.158.148.198 - - [22/Oct/2015:00:51:53 -0500] "GET /galeria/galeria/fotos/1GuaymaralTorcaG1.jpg HTTP/1.1" 200 36592
190.158.148.198 - - [22/Oct/2015:00:51:53 -0500] "GET /galeria/galeria/fotos/GuaymaralTorca4G.jpg HTTP/1.1" 200 373786
190.158.148.198 - - [22/Oct/2015:00:51:53 -0500] "GET /galeria/galeria/blank.gif HTTP/1.1" 200 43
66.249.64.106 - - [22/Oct/2015:00:52:06 -0500] "GET /BLA/resoluciones/AUTOS%202007/0560.pdf HTTP/1.1" 200 247844
181.54.223.77 - - [22/Oct/2015:00:52:16 -0500] "GET /galeria/galeria/jquery.fancybox.css?v=2.1.5 HTTP/1.1" 304 -
181.54.223.77 - - [22/Oct/2015:00:52:16 -0500] "GET /BLA/boletinlegal/js/jquery.scrollShow.js HTTP/1.1" 304 -
181.54.223.77 - - [22/Oct/2015:00:52:16 -0500] "GET /galeria/galeria/jquery.fancybox.js?v=2.1.5 HTTP/1.1" 304 -
181.54.223.77 - - [22/Oct/2015:00:52:18 -0500] "GET /BLA/boletinlegal/js/jquery.scrollShow.js HTTP/1.1" 304 -
181.54.223.77 - - [22/Oct/2015:00:52:18 -0500] "GET /galeria/galeria/jquery.fancybox.js?v=2.1.5 HTTP/1.1" 304 -
181.54.223.77 - - [22/Oct/2015:00:52:18 -0500] "GET /galeria/galeria/jquery.fancybox.css?v=2.1.5 HTTP/1.1" 304 -
66.249.64.101 - - [22/Oct/2015:00:53:08 -0500] "GET /BLA/resoluciones/RESOLUCIONES%202011/2140.pdf HTTP/1.1" 200 510113
74.86.158.110 - - [22/Oct/2015:00:53:13 -0500] "HEAD / HTTP/1.1" 200 -
201.245.192.253 - - [22/Oct/2015:00:53:50 -0500] "POST /forms/lservlet;jsessionid=ac16012b30d66812f6ea9c7846698afbd33f347d969c.e3iSbxaKaheRe38Ka34Oa3eLbxf0n6jAmljGr5XDqQLvpAe HTTP/1.1" 200 2
66.249.64.106 - - [22/Oct/2015:00:54:10 -0500] "GET /BLA/resoluciones/RESOLUCIONES%202009/7282.pdf HTTP/1.1" 200 279599
66.249.64.101 - - [22/Oct/2015:00:54:46 -0500] "GET /BLA/resoluciones/AUTOS%202008/0018.pdf HTTP/1.1" 200 152195
66.249.64.101 - - [22/Oct/2015:00:55:35 -0500] "GET /BLA/resoluciones/RESOLUCIONES%202009/1539.pdf HTTP/1.1" 200 514522
188.165.15.94 - - [22/Oct/2015:00:55:44 -0500] "GET /BLA/resoluciones/RESOLUCIONES%202003/RES%202003%20851-900/867.tif HTTP/1.1" 200 1293664
201.245.192.253 - - [22/Oct/2015:00:55:50 -0500] "POST /forms/lservlet;jsessionid=ac16012b30d66812f6ea9c7846698afbd33f347d969c.e3iSbxaKaheRe38Ka34Oa3eLbxf0n6jAmljGr5XDqQLvpAe HTTP/1.1" 200 2
66.249.64.96 - - [22/Oct/2015:00:56:16 -0500] "GET /BLA/resoluciones/AUTOS%202007/3109.pdf HTTP/1.1" 200 249681
179.5.41.9 - - [22/Oct/2015:00:56:40 -0500] "GET /BLA/boletinlegal/js/jquery.scrollShow.js HTTP/1.1" 200 4586
179.5.41.9 - - [22/Oct/2015:00:56:40 -0500] "GET /galeria/galeria/jquery.fancybox.js?v=2.1.5 HTTP/1.1" 200 48706
179.5.41.9 - - [22/Oct/2015:00:56:40 -0500] "GET /galeria/galeria/jquery.fancybox.css?v=2.1.5 HTTP/1.1" 200 4895
186.119.69.235 - - [22/Oct/2015:00:57:16 -0500] "GET /BLA/boletinlegal/js/jquery.scrollShow.js HTTP/1.1" 200 4586
186.119.69.235 - - [22/Oct/2015:00:57:16 -0500] "GET /galeria/galeria/jquery.fancybox.js?v=2.1.5 HTTP/1.1" 200 48706
186.119.69.235 - - [22/Oct/2015:00:57:16 -0500] "GET /galeria/galeria/jquery.fancybox.css?v=2.1.5 HTTP/1.1" 200 4895
66.249.64.106 - - [22/Oct/2015:00:57:19 -0500] "GET /BLA/resoluciones/RESOLUCIONES%202009/1149.pdf HTTP/1.1" 200 460329
186.31.190.74 - - [22/Oct/2015:00:57:42 -0500] "GET /galeria/mapa/3MapaBogot%C3%A1.jpg HTTP/1.1" 200 688183
201.245.192.253 - - [22/Oct/2015:00:57:50 -0500] "POST /forms/lservlet;jsessionid=ac16012b30d66812f6ea9c7846698afbd33f347d969c.e3iSbxaKaheRe38Ka34Oa3eLbxf0n6jAmljGr5XDqQLvpAe HTTP/1.1" 200 2
201.234.75.11 - - [22/Oct/2015:00:58:05 -0500] "GET /galeria/nivo-slider/demo/images/Banner-cursos.jpg HTTP/1.1" 304 -
74.86.158.110 - - [22/Oct/2015:00:58:13 -0500] "HEAD / HTTP/1.1" 200 -
66.249.64.106 - - [22/Oct/2015:00:58:19 -0500] "GET /BLA/resoluciones/RESOLUCIONES%202009/4388.pdf HTTP/1.1" 200 618217
189.235.151.149 - - [22/Oct/2015:00:59:02 -0500] "GET /galeria/galeria/jquery.fancybox.css?v=2.1.5 HTTP/1.1" 200 4895
189.235.151.149 - - [22/Oct/2015:00:59:03 -0500] "GET /BLA/boletinlegal/js/jquery.scrollShow.js HTTP/1.1" 200 4586
189.235.151.149 - - [22/Oct/2015:00:59:03 -0500] "GET /galeria/galeria/jquery.fancybox.js?v=2.1.5 HTTP/1.1" 200 48706
66.249.64.106 - - [22/Oct/2015:00:59:20 -0500] "GET /BLA/resoluciones/RESOLUCIONES%202009/6235.pdf HTTP/1.1" 200 480917
189.235.151.149 - - [22/Oct/2015:00:59:24 -0500] "GET /galeria/galeria/jquery.fancybox.css?v=2.1.5 HTTP/1.1" 304 -
189.235.151.149 - - [22/Oct/2015:00:59:24 -0500] "GET /BLA/boletinlegal/js/jquery.scrollShow.js HTTP/1.1" 304 -
189.235.151.149 - - [22/Oct/2015:00:59:25 -0500] "GET /galeria/galeria/jquery.fancybox.js?v=2.1.5 HTTP/1.1" 304 -
188.165.15.94 - - [22/Oct/2015:00:59:37 -0500] "GET /BLA/resoluciones/RESOLUCIONES%202004/RES%202004%20601-650/00000605.tif HTTP/1.1" 200 183246
201.245.192.253 - - [22/Oct/2015:00:59:51 -0500] "POST /forms/lservlet;jsessionid=ac16012b30d66812f6ea9c7846698afbd33f347d969c.e3iSbxaKaheRe38Ka34Oa3eLbxf0n6jAmljGr5XDqQLvpAe HTTP/1.1" 200 2
66.249.64.101 - - [22/Oct/2015:01:00:02 -0500] "GET /BLA/resoluciones/RESOLUCIONES%202009/7248.pdf HTTP/1.1" 200 98819
190.242.83.21 - - [22/Oct/2015:01:00:07 -0500] "GET /galeria/galeria/jquery.fancybox.js?v=2.1.5 HTTP/1.1" 200 48706
190.242.83.21 - - [22/Oct/2015:01:00:07 -0500] "GET /BLA/boletinlegal/js/jquery.scrollShow.js HTTP/1.1" 200 4586
190.242.83.21 - - [22/Oct/2015:01:00:07 -0500] "GET /galeria/galeria/jquery.fancybox.css?v=2.1.5 HTTP/1.1" 200 4895
66.249.64.106 - - [22/Oct/2015:01:00:18 -0500] "GET /BLA/resoluciones/RESOLUCIONES%202009/0658.pdf HTTP/1.1" 200 125296
66.249.64.101 - - [22/Oct/2015:01:00:22 -0500] "GET /BLA/resoluciones/RESOLUCIONES%202008/5710.pdf HTTP/1.1" 200 212979
181.63.24.76 - - [22/Oct/2015:01:00:36 -0500] "GET /BLA/boletinlegal/js/jquery.scrollShow.js HTTP/1.1" 200 4586
181.63.24.76 - - [22/Oct/2015:01:00:36 -0500] "GET /galeria/galeria/jquery.fancybox.css?v=2.1.5 HTTP/1.1" 200 4895
181.63.24.76 - - [22/Oct/2015:01:00:36 -0500] "GET /galeria/galeria/jquery.fancybox.js?v=2.1.5 HTTP/1.1" 200 48706
66.249.64.106 - - [22/Oct/2015:01:00:55 -0500] "GET /BLA/resoluciones/RESOLUCIONES%202008/5241.pdf HTTP/1.1" 304 -
96.21.101.19 - - [22/Oct/2015:01:00:57 -0500] "GET / HTTP/1.1" 200 10190
189.218.37.132 - - [22/Oct/2015:01:01:18 -0500] "GET /BLA/boletinlegal/js/jquery.scrollShow.js HTTP/1.1" 200 4586
189.218.37.132 - - [22/Oct/2015:01:01:18 -0500] "GET /galeria/galeria/jquery.fancybox.js?v=2.1.5 HTTP/1.1" 200 48706
189.218.37.132 - - [22/Oct/2015:01:01:18 -0500] "GET /galeria/galeria/jquery.fancybox.css?v=2.1.5 HTTP/1.1" 200 4895
66.249.64.96 - - [22/Oct/2015:01:01:24 -0500] "GET /BLA/resoluciones/RESOLUCIONES%202007/RES%202007%204001%20AL%204100/RESOLUCION%204099%20DE%202007.pdf HTTP/1.1" 200 318536
189.218.37.132 - - [22/Oct/2015:01:01:43 -0500] "GET /galeria/galeria/jquery.fancybox.css?v=2.1.5 HTTP/1.1" 304 -
189.218.37.132 - - [22/Oct/2015:01:01:43 -0500] "GET /BLA/boletinlegal/js/jquery.scrollShow.js HTTP/1.1" 304 -
189.218.37.132 - - [22/Oct/2015:01:01:43 -0500] "GET /galeria/galeria/jquery.fancybox.js?v=2.1.5 HTTP/1.1" 304 -
66.249.64.96 - - [22/Oct/2015:01:01:44 -0500] "GET /BLA/resoluciones/RESOLUCIONES%202009/1506.pdf HTTP/1.1" 200 463157
201.245.192.253 - - [22/Oct/2015:01:01:51 -0500] "POST /forms/lservlet;jsessionid=ac16012b30d66812f6ea9c7846698afbd33f347d969c.e3iSbxaKaheRe38Ka34Oa3eLbxf0n6jAmljGr5XDqQLvpAe HTTP/1.1" 200 2
96.21.101.19 - - [22/Oct/2015:01:02:17 -0500] "GET / HTTP/1.1" 200 10190
66.249.64.106 - - [22/Oct/2015:01:02:27 -0500] "GET /BLA/resoluciones/RESOLUCIONES%202014/3306.pdf HTTP/1.1" 200 495910
66.249.64.101 - - [22/Oct/2015:01:03:03 -0500] "GET /BLA/resoluciones/RESOLUCIONES%202009/9806.pdf HTTP/1.1" 200 355579
74.86.158.110 - - [22/Oct/2015:01:03:13 -0500] "HEAD / HTTP/1.1" 200 -
66.249.64.101 - - [22/Oct/2015:01:03:28 -0500] "GET /BLA/resoluciones/RESOLUCIONES%202010/1901.pdf HTTP/1.1" 200 586664
201.245.192.253 - - [22/Oct/2015:01:03:51 -0500] "POST /forms/lservlet;jsessionid=ac16012b30d66812f6ea9c7846698afbd33f347d969c.e3iSbxaKaheRe38Ka34Oa3eLbxf0n6jAmljGr5XDqQLvpAe HTTP/1.1" 200 2
188.165.15.94 - - [22/Oct/2015:01:03:53 -0500] "GET /BLA/resoluciones/RESOLUCIONES%202006/RES%202006%202601-2650/00002649.tif HTTP/1.1" 200 44602
66.249.64.101 - - [22/Oct/2015:01:04:00 -0500] "GET /BLA/resoluciones/RESOLUCIONES%202014/2473.pdf HTTP/1.1" 304 -
66.249.64.106 - - [22/Oct/2015:01:04:30 -0500] "GET /BLA/resoluciones/AUTOS%202010/5424.pdf HTTP/1.1" 200 420655
188.165.15.94 - - [22/Oct/2015:01:05:01 -0500] "GET /BLA/resoluciones/RESOLUCIONES%202002/RES%202002%201801-1850/20021806.tif HTTP/1.1" 200 136844
66.249.64.101 - - [22/Oct/2015:01:05:15 -0500] "GET /BLA/resoluciones/RESOLUCIONES%202009/0535.pdf HTTP/1.1" 200 331352
66.249.64.106 - - [22/Oct/2015:01:05:31 -0500] "GET /BLA/resoluciones/RESOLUCIONES%202008/1036.pdf HTTP/1.1" 200 467870
66.249.64.106 - - [22/Oct/2015:01:05:44 -0500] "GET /BLA/resoluciones/RESOLUCIONES%202007/RES%202007%201001%20AL%201100/RESOLUCION%201061%20DE%202007.pdf HTTP/1.1" 200 146882
201.245.192.253 - - [22/Oct/2015:01:05:51 -0500] "POST /forms/lservlet;jsessionid=ac16012b30d66812f6ea9c7846698afbd33f347d969c.e3iSbxaKaheRe38Ka34Oa3eLbxf0n6jAmljGr5XDqQLvpAe HTTP/1.1" 200 2
66.249.64.101 - - [22/Oct/2015:01:06:28 -0500] "GET /BLA/resoluciones/RESOLUCIONES%202008/1485.pdf HTTP/1.1" 200 298366
188.165.15.94 - - [22/Oct/2015:01:06:33 -0500] "GET /BLA/resoluciones/RESOLUCIONES%202002/RES%202002%20551-600/00000553.tif HTTP/1.1" 200 99494
66.249.64.101 - - [22/Oct/2015:01:06:35 -0500] "GET /BLA/resoluciones/RESOLUCIONES%202010/0308.pdf HTTP/1.1" 200 643062
66.249.64.106 - - [22/Oct/2015:01:06:41 -0500] "GET /BLA/resoluciones/RESOLUCIONES%202009/8459.pdf HTTP/1.1" 200 47338
66.249.64.96 - - [22/Oct/2015:01:07:04 -0500] "GET /BLA/resoluciones/RESOLUCIONES%202011/0280.pdf HTTP/1.1" 304 -
189.154.74.122 - - [22/Oct/2015:01:07:29 -0500] "GET /galeria/galeria/jquery.fancybox.css?v=2.1.5 HTTP/1.1" 200 4895
189.154.74.122 - - [22/Oct/2015:01:07:29 -0500] "GET /BLA/boletinlegal/js/jquery.scrollShow.js HTTP/1.1" 200 4586
189.154.74.122 - - [22/Oct/2015:01:07:29 -0500] "GET /galeria/galeria/jquery.fancybox.js?v=2.1.5 HTTP/1.1" 200 48706
66.249.64.96 - - [22/Oct/2015:01:07:29 -0500] "GET /BLA/resoluciones/RESOLUCIONES%202008/0549.pdf HTTP/1.1" 200 99338
188.165.15.94 - - [22/Oct/2015:01:07:31 -0500] "GET /BLA/resoluciones/RESOLUCIONES%202003/RES%202003%201551-1601/20031595.tif HTTP/1.1" 200 84128
66.249.64.96 - - [22/Oct/2015:01:07:37 -0500] "GET /BLA/resoluciones/AUTOS%202009/3157.pdf HTTP/1.1" 200 131912
201.245.192.253 - - [22/Oct/2015:01:07:51 -0500] "POST /forms/lservlet;jsessionid=ac16012b30d66812f6ea9c7846698afbd33f347d969c.e3iSbxaKaheRe38Ka34Oa3eLbxf0n6jAmljGr5XDqQLvpAe HTTP/1.1" 200 2
189.154.74.122 - - [22/Oct/2015:01:08:01 -0500] "GET /galeria/galeria/jquery.fancybox.css?v=2.1.5 HTTP/1.1" 304 -
189.154.74.122 - - [22/Oct/2015:01:08:01 -0500] "GET /BLA/boletinlegal/js/jquery.scrollShow.js HTTP/1.1" 304 -
189.154.74.122 - - [22/Oct/2015:01:08:01 -0500] "GET /galeria/galeria/jquery.fancybox.js?v=2.1.5 HTTP/1.1" 304 -
74.86.158.110 - - [22/Oct/2015:01:08:13 -0500] "HEAD / HTTP/1.1" 200 -
66.249.64.96 - - [22/Oct/2015:01:08:39 -0500] "GET /BLA/resoluciones/RESOLUCIONES%202009/1768.pdf HTTP/1.1" 200 474166
66.249.64.96 - - [22/Oct/2015:01:09:10 -0500] "GET /BLA/resoluciones/RESOLUCIONES%202011/0782.pdf HTTP/1.1" 200 72585
66.249.64.96 - - [22/Oct/2015:01:09:35 -0500] "GET /BLA/resoluciones/RESOLUCIONES%202009/8521.pdf HTTP/1.1" 200 101722
66.249.64.96 - - [22/Oct/2015:01:09:41 -0500] "GET /BLA/resoluciones/RESOLUCIONES%202007/RES%202007%202801%20AL%202900/RESOLUCION%202850%20DE%202007.pdf HTTP/1.1" 200 288811
201.245.192.253 - - [22/Oct/2015:01:09:52 -0500] "POST /forms/lservlet;jsessionid=ac16012b30d66812f6ea9c7846698afbd33f347d969c.e3iSbxaKaheRe38Ka34Oa3eLbxf0n6jAmljGr5XDqQLvpAe HTTP/1.1" 200 2
181.56.90.157 - - [22/Oct/2015:01:09:57 -0500] "GET /POT-2013/Cartografia/15_Sistema%20de%20Movilidad%20_Secciones%20Viales_Circuitos_movilida.pdf HTTP/1.1" 200 4830571
181.56.90.157 - - [22/Oct/2015:01:09:57 -0500] "GET /favicon.ico HTTP/1.1" 200 7782
181.56.90.157 - - [22/Oct/2015:01:09:57 -0500] "GET /POT-2013/Cartografia/15_Sistema%20de%20Movilidad%20_Secciones%20Viales_Circuitos_movilida.pdf HTTP/1.1" 206 32768
181.56.90.157 - - [22/Oct/2015:01:09:57 -0500] "GET /POT-2013/Cartografia/15_Sistema%20de%20Movilidad%20_Secciones%20Viales_Circuitos_movilida.pdf HTTP/1.1" 206 4797803
66.249.64.106 - - [22/Oct/2015:01:10:09 -0500] "GET /BLA/resoluciones/RESOLUCIONES%202007/RES%202007%20501%20AL%20600/RESOLUCION%200561%20DE%202007.pdf HTTP/1.1" 304 -
66.249.64.248 - - [22/Oct/2015:01:10:10 -0500] "GET /BLA/boletinlegal/styles2.css HTTP/1.1" 200 1838
66.249.64.106 - - [22/Oct/2015:01:10:43 -0500] "GET /BLA/resoluciones/AUTOS%202011/2982.pdf HTTP/1.1" 200 259577
66.249.64.96 - - [22/Oct/2015:01:11:16 -0500] "GET /BLA/resoluciones/RESOLUCIONES%202008/1451.pdf HTTP/1.1" 200 297965
66.249.64.106 - - [22/Oct/2015:01:11:45 -0500] "GET /BLA/resoluciones/RESOLUCIONES%202009/0158.pdf HTTP/1.1" 200 228285
201.245.192.253 - - [22/Oct/2015:01:11:52 -0500] "POST /forms/lservlet;jsessionid=ac16012b30d66812f6ea9c7846698afbd33f347d969c.e3iSbxaKaheRe38Ka34Oa3eLbxf0n6jAmljGr5XDqQLvpAe HTTP/1.1" 200 2
78.46.221.92 - - [22/Oct/2015:01:12:01 -0500] "POST /wp-login.php HTTP/1.1" 301 336
66.249.64.96 - - [22/Oct/2015:01:12:22 -0500] "GET /BLA/resoluciones/RESOLUCIONES%202008/3425.pdf HTTP/1.1" 200 317625
157.55.39.205 - - [22/Oct/2015:01:12:31 -0500] "GET /robots.txt HTTP/1.1" 404 1018
157.55.39.205 - - [22/Oct/2015:01:12:36 -0500] "GET /BLA/resoluciones/AUTOS%202011/5988.pdf HTTP/1.1" 200 764045
66.249.64.96 - - [22/Oct/2015:01:12:36 -0500] "GET /BLA/resoluciones/RESOLUCIONES%202007/RES%202007%202801%20AL%202900/RESOLUCION%202873%20DE%202007.pdf HTTP/1.1" 200 351498
66.249.64.106 - - [22/Oct/2015:01:12:47 -0500] "GET /BLA/resoluciones/RESOLUCIONES%202007/RES%202007%202601%20AL%202700/RESOLUCION%202690%20DE%202007.pdf HTTP/1.1" 200 923122
66.249.64.101 - - [22/Oct/2015:01:12:52 -0500] "GET /BLA/resoluciones/AUTOS%202011/0706.pdf HTTP/1.1" 200 92993
188.165.15.94 - - [22/Oct/2015:01:12:59 -0500] "GET /BLA/resoluciones/AUTOS%202006/AUTOS%202006%201101-1200/00001172.tif HTTP/1.1" 200 82408
66.249.64.106 - - [22/Oct/2015:01:13:11 -0500] "GET /BLA/resoluciones/RESOLUCIONES%202011/1408.pdf HTTP/1.1" 200 71873
74.86.158.110 - - [22/Oct/2015:01:13:13 -0500] "HEAD / HTTP/1.1" 200 -
66.249.64.96 - - [22/Oct/2015:01:13:14 -0500] "GET /BLA/resoluciones/RESOLUCIONES%202010/0852.pdf HTTP/1.1" 304 -
186.46.226.4 - - [22/Oct/2015:01:13:47 -0500] "GET /BLA/boletinlegal/js/jquery.scrollShow.js HTTP/1.1" 200 4586
186.46.226.4 - - [22/Oct/2015:01:13:47 -0500] "GET /galeria/galeria/jquery.fancybox.js?v=2.1.5 HTTP/1.1" 200 48706
66.249.64.96 - - [22/Oct/2015:01:13:49 -0500] "GET /BLA/resoluciones/RESOLUCIONES%202013/2334.pdf HTTP/1.1" 200 374582
201.245.192.253 - - [22/Oct/2015:01:13:52 -0500] "POST /forms/lservlet;jsessionid=ac16012b30d66812f6ea9c7846698afbd33f347d969c.e3iSbxaKaheRe38Ka34Oa3eLbxf0n6jAmljGr5XDqQLvpAe HTTP/1.1" 200 2
186.46.226.4 - - [22/Oct/2015:01:14:02 -0500] "GET /BLA/boletinlegal/js/jquery.scrollShow.js HTTP/1.1" 304 -
186.46.226.4 - - [22/Oct/2015:01:14:02 -0500] "GET /galeria/galeria/jquery.fancybox.js?v=2.1.5 HTTP/1.1" 304 -
66.249.64.253 - - [22/Oct/2015:01:14:18 -0500] "GET /ecodirectorio/files/res/mobile/page0107_i2.jpg HTTP/1.1" 200 152150
66.249.64.101 - - [22/Oct/2015:01:14:31 -0500] "GET /BLA/resoluciones/RESOLUCIONES%202009/2626.pdf HTTP/1.1" 200 529222
66.249.64.96 - - [22/Oct/2015:01:14:53 -0500] "GET /BLA/resoluciones/index.php?dir=RESOLUCIONES%202007/RES%202007%203201%20AL%203300/&sort=date&order=asc HTTP/1.1" 200 27112
100.43.91.6 - - [22/Oct/2015:01:15:17 -0500] "GET /robots.txt HTTP/1.1" 404 1019
201.245.192.253 - - [22/Oct/2015:01:15:52 -0500] "POST /forms/lservlet;jsessionid=ac16012b30d66812f6ea9c7846698afbd33f347d969c.e3iSbxaKaheRe38Ka34Oa3eLbxf0n6jAmljGr5XDqQLvpAe HTTP/1.1" 200 2
66.249.64.96 - - [22/Oct/2015:01:16:04 -0500] "GET /BLA/resoluciones/RESOLUCIONES%202007/RES%202007%203701%20AL%203800/RESOLUCION%203744%20%20DE%202007.pdf HTTP/1.1" 200 576888
