190.84.239.14 - - [26/Oct/2015:08:31:12 -0500] "GET /galeria/nivo-slider/themes/default/loading.gif HTTP/1.1" 200 1737
190.84.239.14 - - [26/Oct/2015:08:31:14 -0500] "GET /galeria/nivo-slider/demo/images/Plan-Quinquenal.jpg HTTP/1.1" 200 412438
190.84.239.14 - - [26/Oct/2015:08:31:15 -0500] "GET /galeria/nivo-slider/demo/images/banner-llantas2.jpg HTTP/1.1" 200 204644
190.84.239.14 - - [26/Oct/2015:08:31:15 -0500] "GET /galeria/nivo-slider/demo/images/PREDAcamp.jpg HTTP/1.1" 200 295358
201.245.192.253 - - [26/Oct/2015:08:30:23 -0500] "GET /BLA/boletinlegal/index.php? HTTP/1.1" 200 51063
190.84.239.14 - - [26/Oct/2015:08:31:15 -0500] "GET /galeria/nivo-slider/demo/images/Comparendo-ambiental-Banner.jpg HTTP/1.1" 200 83731
190.84.239.14 - - [26/Oct/2015:08:31:15 -0500] "GET /galeria/nivo-slider/demo/images/9Signos.jpg HTTP/1.1" 200 81776
190.84.239.14 - - [26/Oct/2015:08:31:15 -0500] "GET /galeria/nivo-slider/demo/images/Ruta-vertimientos-01.jpg HTTP/1.1" 200 130151
190.84.239.14 - - [26/Oct/2015:08:31:16 -0500] "GET /galeria/nivo-slider/demo/images/bolsas-06.jpg HTTP/1.1" 200 90982
190.84.239.14 - - [26/Oct/2015:08:31:16 -0500] "GET /galeria/nivo-slider/demo/images/Conoce-los-humedales.jpg HTTP/1.1" 200 294036
190.84.239.14 - - [26/Oct/2015:08:31:16 -0500] "GET /galeria/nivo-slider/demo/images/ecolecta-Dic2014.png HTTP/1.1" 200 288593
181.49.75.62 - - [26/Oct/2015:08:31:16 -0500] "POST /forms/lservlet;jsessionid=ac16012b30d623aa75301d434a618e46d86a7cb5ea95.e3iSbxaKaheRe38Ka34Oa3eLbxf0n6jAmljGr5XDqQLvpAe HTTP/1.1" 200 183
181.49.75.62 - - [26/Oct/2015:08:31:16 -0500] "POST /forms/lservlet;jsessionid=ac16012b30d623aa75301d434a618e46d86a7cb5ea95.e3iSbxaKaheRe38Ka34Oa3eLbxf0n6jAmljGr5XDqQLvpAe HTTP/1.1" 200 7
181.49.75.62 - - [26/Oct/2015:08:31:18 -0500] "POST /forms/lservlet;jsessionid=ac16012b30d623aa75301d434a618e46d86a7cb5ea95.e3iSbxaKaheRe38Ka34Oa3eLbxf0n6jAmljGr5XDqQLvpAe HTTP/1.1" 200 7
66.249.64.96 - - [26/Oct/2015:08:31:19 -0500] "GET /BLA/resoluciones/RESOLUCIONES%202009/4509.pdf HTTP/1.1" 200 528003
181.49.75.62 - - [26/Oct/2015:08:31:25 -0500] "POST /forms/lservlet;jsessionid=ac16012b30d623aa75301d434a618e46d86a7cb5ea95.e3iSbxaKaheRe38Ka34Oa3eLbxf0n6jAmljGr5XDqQLvpAe HTTP/1.1" 200 137
181.49.75.62 - - [26/Oct/2015:08:31:26 -0500] "POST /forms/lservlet;jsessionid=ac16012b30d623aa75301d434a618e46d86a7cb5ea95.e3iSbxaKaheRe38Ka34Oa3eLbxf0n6jAmljGr5XDqQLvpAe HTTP/1.1" 200 2
190.84.239.14 - - [26/Oct/2015:08:31:26 -0500] "GET /galeria/nivo-slider/themes/default/arrows.png HTTP/1.1" 200 824
190.84.239.14 - - [26/Oct/2015:08:31:26 -0500] "GET /galeria/nivo-slider/themes/default/bullets.png HTTP/1.1" 200 1281
181.49.75.62 - - [26/Oct/2015:08:31:26 -0500] "POST /forms/lservlet;jsessionid=ac16012b30d623aa75301d434a618e46d86a7cb5ea95.e3iSbxaKaheRe38Ka34Oa3eLbxf0n6jAmljGr5XDqQLvpAe HTTP/1.1" 200 2253
181.49.75.62 - - [26/Oct/2015:08:31:26 -0500] "GET /imagenes/Srch_frw.gif HTTP/1.1" 200 925
181.49.75.62 - - [26/Oct/2015:08:31:27 -0500] "POST /forms/lservlet;jsessionid=ac16012b30d623aa75301d434a618e46d86a7cb5ea95.e3iSbxaKaheRe38Ka34Oa3eLbxf0n6jAmljGr5XDqQLvpAe HTTP/1.1" 200 10
66.249.64.101 - - [26/Oct/2015:08:31:27 -0500] "GET /BLA/resoluciones/RESOLUCIONES%202012/1038.pdf HTTP/1.1" 304 -
181.49.75.62 - - [26/Oct/2015:08:31:28 -0500] "POST /forms/lservlet;jsessionid=ac16012b30d623aa75301d434a618e46d86a7cb5ea95.e3iSbxaKaheRe38Ka34Oa3eLbxf0n6jAmljGr5XDqQLvpAe HTTP/1.1" 200 21
181.49.75.62 - - [26/Oct/2015:08:31:28 -0500] "POST /forms/lservlet;jsessionid=ac16012b30d623aa75301d434a618e46d86a7cb5ea95.e3iSbxaKaheRe38Ka34Oa3eLbxf0n6jAmljGr5XDqQLvpAe HTTP/1.1" 200 3728
181.49.75.62 - - [26/Oct/2015:08:31:28 -0500] "POST /forms/lservlet;jsessionid=ac16012b30d623aa75301d434a618e46d86a7cb5ea95.e3iSbxaKaheRe38Ka34Oa3eLbxf0n6jAmljGr5XDqQLvpAe HTTP/1.1" 200 2
201.245.192.253 - - [26/Oct/2015:08:31:28 -0500] "GET /desprendiblespago/controlador HTTP/1.1" 200 2321
201.245.192.253 - - [26/Oct/2015:08:31:28 -0500] "GET /desprendiblespago/css/estilos.css HTTP/1.1" 200 3850
201.245.192.253 - - [26/Oct/2015:08:31:28 -0500] "GET /desprendiblespago/scripts/validarIngreso.js HTTP/1.1" 200 851
201.245.192.253 - - [26/Oct/2015:08:31:28 -0500] "GET /desprendiblespago/images/cabezoteHojaVida.jpg HTTP/1.1" 200 8386
201.245.192.253 - - [26/Oct/2015:08:31:28 -0500] "GET /desprendiblespago/images/logo_bogota_p.jpg HTTP/1.1" 200 48017
181.49.75.62 - - [26/Oct/2015:08:31:30 -0500] "POST /forms/lservlet;jsessionid=ac16012b30d623aa75301d434a618e46d86a7cb5ea95.e3iSbxaKaheRe38Ka34Oa3eLbxf0n6jAmljGr5XDqQLvpAe HTTP/1.1" 200 137
181.49.75.62 - - [26/Oct/2015:08:31:31 -0500] "POST /forms/lservlet;jsessionid=ac16012b30d623aa75301d434a618e46d86a7cb5ea95.e3iSbxaKaheRe38Ka34Oa3eLbxf0n6jAmljGr5XDqQLvpAe HTTP/1.1" 200 106
190.84.239.14 - - [26/Oct/2015:08:31:37 -0500] "GET /galeria/nivo-slider/demo/demo.html HTTP/1.1" 200 4413
190.84.239.14 - - [26/Oct/2015:08:31:37 -0500] "GET /galeria/nivo-slider/themes/default/default.css HTTP/1.1" 200 1569
190.84.239.14 - - [26/Oct/2015:08:31:37 -0500] "GET /galeria/nivo-slider/themes/pascal/pascal.css HTTP/1.1" 200 2258
190.84.239.14 - - [26/Oct/2015:08:31:37 -0500] "GET /galeria/nivo-slider/themes/orman/orman.css HTTP/1.1" 200 2152
190.84.239.14 - - [26/Oct/2015:08:31:37 -0500] "GET /galeria/nivo-slider/nivo-slider.css HTTP/1.1" 200 1507
190.84.239.14 - - [26/Oct/2015:08:31:37 -0500] "GET /galeria/nivo-slider/demo/style.css HTTP/1.1" 200 2222
190.84.239.14 - - [26/Oct/2015:08:31:37 -0500] "GET /galeria/nivo-slider/demo/scripts/jquery-1.7.1.min.js HTTP/1.1" 200 93868
190.84.239.14 - - [26/Oct/2015:08:31:37 -0500] "GET /galeria/nivo-slider/jquery.nivo.slider.pack.js HTTP/1.1" 200 11561
190.84.239.14 - - [26/Oct/2015:08:31:37 -0500] "GET /galeria/nivo-slider/demo/images/Banner-encuesta-de-percepscio.jpg HTTP/1.1" 200 201899
190.84.239.14 - - [26/Oct/2015:08:31:37 -0500] "GET /galeria/nivo-slider/demo/images/rendicion-de-cuentas-formulario.jpg HTTP/1.1" 200 166357
190.84.239.14 - - [26/Oct/2015:08:31:37 -0500] "GET /galeria/nivo-slider/demo/images/Invitacion-productos-veterinario.jpg HTTP/1.1" 200 247568
190.84.239.14 - - [26/Oct/2015:08:31:37 -0500] "GET /galeria/nivo-slider/demo/images/Arbol-banner2015.jpg HTTP/1.1" 200 226910
190.84.239.14 - - [26/Oct/2015:08:31:37 -0500] "GET /galeria/nivo-slider/demo/images/Banner-ahorro-de-agua.jpg HTTP/1.1" 200 149141
190.84.239.14 - - [26/Oct/2015:08:31:37 -0500] "GET /galeria/nivo-slider/demo/images/Cmapana-onestidad.jpg HTTP/1.1" 200 141638
190.84.239.14 - - [26/Oct/2015:08:31:37 -0500] "GET /galeria/nivo-slider/demo/images/Plan-Quinquenal.jpg HTTP/1.1" 200 412438
201.245.192.253 - - [26/Oct/2015:08:31:37 -0500] "POST /desprendiblespago/controlador HTTP/1.1" 200 5365
181.49.75.62 - - [26/Oct/2015:08:31:37 -0500] "POST /forms/lservlet;jsessionid=ac16012b30d623aa75301d434a618e46d86a7cb5ea95.e3iSbxaKaheRe38Ka34Oa3eLbxf0n6jAmljGr5XDqQLvpAe HTTP/1.1" 200 66
190.84.239.14 - - [26/Oct/2015:08:31:38 -0500] "GET /galeria/nivo-slider/demo/images/PREDAcamp.jpg HTTP/1.1" 200 295358
181.49.75.62 - - [26/Oct/2015:08:31:38 -0500] "POST /forms/lservlet;jsessionid=ac16012b30d623aa75301d434a618e46d86a7cb5ea95.e3iSbxaKaheRe38Ka34Oa3eLbxf0n6jAmljGr5XDqQLvpAe HTTP/1.1" 200 2
190.84.239.14 - - [26/Oct/2015:08:31:38 -0500] "GET /galeria/nivo-slider/demo/images/9Signos.jpg HTTP/1.1" 200 81776
190.84.239.14 - - [26/Oct/2015:08:31:38 -0500] "GET /galeria/nivo-slider/demo/images/banner-llantas2.jpg HTTP/1.1" 200 204644
181.49.75.62 - - [26/Oct/2015:08:31:38 -0500] "POST /forms/lservlet;jsessionid=ac16012b30d623aa75301d434a618e46d86a7cb5ea95.e3iSbxaKaheRe38Ka34Oa3eLbxf0n6jAmljGr5XDqQLvpAe HTTP/1.1" 200 2350
181.49.75.62 - - [26/Oct/2015:08:31:38 -0500] "GET /imagenes/Srch_frw.gif HTTP/1.1" 200 925
181.49.75.62 - - [26/Oct/2015:08:31:38 -0500] "POST /forms/lservlet;jsessionid=ac16012b30d623aa75301d434a618e46d86a7cb5ea95.e3iSbxaKaheRe38Ka34Oa3eLbxf0n6jAmljGr5XDqQLvpAe HTTP/1.1" 200 10
190.84.239.14 - - [26/Oct/2015:08:31:38 -0500] "GET /galeria/nivo-slider/demo/images/Comparendo-ambiental-Banner.jpg HTTP/1.1" 200 83731
190.84.239.14 - - [26/Oct/2015:08:31:38 -0500] "GET /galeria/nivo-slider/demo/images/Ruta-vertimientos-01.jpg HTTP/1.1" 200 130151
190.84.239.14 - - [26/Oct/2015:08:31:38 -0500] "GET /galeria/nivo-slider/demo/images/bolsas-06.jpg HTTP/1.1" 200 90982
190.84.239.14 - - [26/Oct/2015:08:31:39 -0500] "GET /galeria/nivo-slider/demo/images/Conoce-los-humedales.jpg HTTP/1.1" 200 294036
190.84.239.14 - - [26/Oct/2015:08:31:39 -0500] "GET /galeria/nivo-slider/demo/images/ecolecta-Dic2014.png HTTP/1.1" 200 288593
190.84.239.14 - - [26/Oct/2015:08:31:39 -0500] "GET /galeria/nivo-slider/demo/images/4Simple_Slider.png HTTP/1.1" 200 11722
190.84.239.14 - - [26/Oct/2015:08:31:39 -0500] "GET /galeria/nivo-slider/themes/default/loading.gif HTTP/1.1" 200 1737
181.49.75.62 - - [26/Oct/2015:08:31:40 -0500] "POST /forms/lservlet;jsessionid=ac16012b30d623aa75301d434a618e46d86a7cb5ea95.e3iSbxaKaheRe38Ka34Oa3eLbxf0n6jAmljGr5XDqQLvpAe HTTP/1.1" 200 24
181.49.75.62 - - [26/Oct/2015:08:31:40 -0500] "POST /forms/lservlet;jsessionid=ac16012b30d623aa75301d434a618e46d86a7cb5ea95.e3iSbxaKaheRe38Ka34Oa3eLbxf0n6jAmljGr5XDqQLvpAe HTTP/1.1" 200 3893
181.49.75.62 - - [26/Oct/2015:08:31:40 -0500] "POST /forms/lservlet;jsessionid=ac16012b30d623aa75301d434a618e46d86a7cb5ea95.e3iSbxaKaheRe38Ka34Oa3eLbxf0n6jAmljGr5XDqQLvpAe HTTP/1.1" 200 2
201.245.192.253 - - [26/Oct/2015:08:31:41 -0500] "POST /desprendiblespago/controlador HTTP/1.1" 200 6639
201.245.192.253 - - [26/Oct/2015:08:31:42 -0500] "POST /desprendiblespago/controlador HTTP/1.1" 200 10606
181.49.75.62 - - [26/Oct/2015:08:31:47 -0500] "POST /forms/lservlet;jsessionid=ac16012b30d623aa75301d434a618e46d86a7cb5ea95.e3iSbxaKaheRe38Ka34Oa3eLbxf0n6jAmljGr5XDqQLvpAe HTTP/1.1" 200 2
181.49.75.62 - - [26/Oct/2015:08:31:47 -0500] "POST /forms/lservlet;jsessionid=ac16012b30d623aa75301d434a618e46d86a7cb5ea95.e3iSbxaKaheRe38Ka34Oa3eLbxf0n6jAmljGr5XDqQLvpAe HTTP/1.1" 200 2343
181.49.75.62 - - [26/Oct/2015:08:31:48 -0500] "GET /imagenes/Srch_frw.gif HTTP/1.1" 200 925
181.49.75.62 - - [26/Oct/2015:08:31:48 -0500] "POST /forms/lservlet;jsessionid=ac16012b30d623aa75301d434a618e46d86a7cb5ea95.e3iSbxaKaheRe38Ka34Oa3eLbxf0n6jAmljGr5XDqQLvpAe HTTP/1.1" 200 10
181.49.75.62 - - [26/Oct/2015:08:31:49 -0500] "POST /forms/lservlet;jsessionid=ac16012b30d623aa75301d434a618e46d86a7cb5ea95.e3iSbxaKaheRe38Ka34Oa3eLbxf0n6jAmljGr5XDqQLvpAe HTTP/1.1" 200 24
181.49.75.62 - - [26/Oct/2015:08:31:49 -0500] "POST /forms/lservlet;jsessionid=ac16012b30d623aa75301d434a618e46d86a7cb5ea95.e3iSbxaKaheRe38Ka34Oa3eLbxf0n6jAmljGr5XDqQLvpAe HTTP/1.1" 200 3872
181.49.75.62 - - [26/Oct/2015:08:31:50 -0500] "POST /forms/lservlet;jsessionid=ac16012b30d623aa75301d434a618e46d86a7cb5ea95.e3iSbxaKaheRe38Ka34Oa3eLbxf0n6jAmljGr5XDqQLvpAe HTTP/1.1" 200 2
90.55.61.129 - - [26/Oct/2015:08:31:53 -0500] "GET /webdav/x32.php?host=81.49.27.230&time=300&port=80 HTTP/1.1" 404 1018
181.52.41.247 - - [26/Oct/2015:08:31:55 -0500] "GET /galeria/galeria/jquery.fancybox.css?v=2.1.5 HTTP/1.1" 200 4895
181.52.41.247 - - [26/Oct/2015:08:31:55 -0500] "GET /galeria/galeria/jquery.fancybox.js?v=2.1.5 HTTP/1.1" 200 48706
181.52.41.247 - - [26/Oct/2015:08:31:55 -0500] "GET /BLA/boletinlegal/js/jquery.scrollShow.js HTTP/1.1" 200 4586
186.159.113.10 - - [26/Oct/2015:08:32:00 -0500] "GET /BLA/resoluciones/RESOLUCIONES%202007/RES%202007%201401%20AL%201500/RESOLUCION%201404%20DE%202007.pdf HTTP/1.1" 200 203263
181.49.75.62 - - [26/Oct/2015:08:32:00 -0500] "POST /forms/lservlet;jsessionid=ac16012b30d623aa75301d434a618e46d86a7cb5ea95.e3iSbxaKaheRe38Ka34Oa3eLbxf0n6jAmljGr5XDqQLvpAe HTTP/1.1" 200 2
181.49.75.62 - - [26/Oct/2015:08:32:00 -0500] "POST /forms/lservlet;jsessionid=ac16012b30d623aa75301d434a618e46d86a7cb5ea95.e3iSbxaKaheRe38Ka34Oa3eLbxf0n6jAmljGr5XDqQLvpAe HTTP/1.1" 200 2291
181.49.75.62 - - [26/Oct/2015:08:32:00 -0500] "GET /imagenes/Srch_frw.gif HTTP/1.1" 200 925
181.49.75.62 - - [26/Oct/2015:08:32:00 -0500] "POST /forms/lservlet;jsessionid=ac16012b30d623aa75301d434a618e46d86a7cb5ea95.e3iSbxaKaheRe38Ka34Oa3eLbxf0n6jAmljGr5XDqQLvpAe HTTP/1.1" 200 10
186.159.113.10 - - [26/Oct/2015:08:32:00 -0500] "GET /favicon.ico HTTP/1.1" 200 7782
181.52.41.247 - - [26/Oct/2015:08:32:01 -0500] "GET /galeria/galeria/jquery.fancybox.js?v=2.1.5 HTTP/1.1" 304 -
181.52.41.247 - - [26/Oct/2015:08:32:01 -0500] "GET /BLA/boletinlegal/js/jquery.scrollShow.js HTTP/1.1" 304 -
181.52.41.247 - - [26/Oct/2015:08:32:01 -0500] "GET /galeria/galeria/jquery.fancybox.css?v=2.1.5 HTTP/1.1" 304 -
186.159.113.10 - - [26/Oct/2015:08:32:01 -0500] "GET /BLA/resoluciones/RESOLUCIONES%202007/RES%202007%201401%20AL%201500/RESOLUCION%201404%20DE%202007.pdf HTTP/1.1" 206 32768
181.49.75.62 - - [26/Oct/2015:08:32:02 -0500] "POST /forms/lservlet;jsessionid=ac16012b30d623aa75301d434a618e46d86a7cb5ea95.e3iSbxaKaheRe38Ka34Oa3eLbxf0n6jAmljGr5XDqQLvpAe HTTP/1.1" 200 24
181.49.75.62 - - [26/Oct/2015:08:32:02 -0500] "POST /forms/lservlet;jsessionid=ac16012b30d623aa75301d434a618e46d86a7cb5ea95.e3iSbxaKaheRe38Ka34Oa3eLbxf0n6jAmljGr5XDqQLvpAe HTTP/1.1" 200 3982
181.49.75.62 - - [26/Oct/2015:08:32:03 -0500] "POST /forms/lservlet;jsessionid=ac16012b30d623aa75301d434a618e46d86a7cb5ea95.e3iSbxaKaheRe38Ka34Oa3eLbxf0n6jAmljGr5XDqQLvpAe HTTP/1.1" 200 2
186.159.113.10 - - [26/Oct/2015:08:32:03 -0500] "GET /BLA/resoluciones/RESOLUCIONES%202007/RES%202007%201401%20AL%201500/RESOLUCION%201404%20DE%202007.pdf HTTP/1.1" 206 170495
201.245.192.253 - - [26/Oct/2015:08:32:05 -0500] "POST /forms/lservlet;jsessionid=ac16012b30d6efa81a25dc744340b39aef670bb905e8.e3iSbxaKaheRe38Ka34Oa3eLbxf0n6jAmljGr5XDqQLvpAe HTTP/1.1" 200 2
181.49.75.62 - - [26/Oct/2015:08:32:13 -0500] "POST /forms/lservlet;jsessionid=ac16012b30d623aa75301d434a618e46d86a7cb5ea95.e3iSbxaKaheRe38Ka34Oa3eLbxf0n6jAmljGr5XDqQLvpAe HTTP/1.1" 200 2
181.49.75.62 - - [26/Oct/2015:08:32:13 -0500] "POST /forms/lservlet;jsessionid=ac16012b30d623aa75301d434a618e46d86a7cb5ea95.e3iSbxaKaheRe38Ka34Oa3eLbxf0n6jAmljGr5XDqQLvpAe HTTP/1.1" 200 2368
181.49.75.62 - - [26/Oct/2015:08:32:14 -0500] "GET /imagenes/Srch_frw.gif HTTP/1.1" 200 925
181.49.75.62 - - [26/Oct/2015:08:32:14 -0500] "POST /forms/lservlet;jsessionid=ac16012b30d623aa75301d434a618e46d86a7cb5ea95.e3iSbxaKaheRe38Ka34Oa3eLbxf0n6jAmljGr5XDqQLvpAe HTTP/1.1" 200 10
186.85.90.90 - - [26/Oct/2015:08:32:14 -0500] "POST /forms/lservlet;jsessionid=ac16012b30d666babcd0c7314b70b22ec53063f86b00.e3iSbxaKaheRe38Ka34Oa3eLbxf0n6jAmljGr5XDqQLvpAe HTTP/1.1" 200 2
181.49.75.62 - - [26/Oct/2015:08:32:15 -0500] "POST /forms/lservlet;jsessionid=ac16012b30d623aa75301d434a618e46d86a7cb5ea95.e3iSbxaKaheRe38Ka34Oa3eLbxf0n6jAmljGr5XDqQLvpAe HTTP/1.1" 200 24
181.49.75.62 - - [26/Oct/2015:08:32:15 -0500] "POST /forms/lservlet;jsessionid=ac16012b30d623aa75301d434a618e46d86a7cb5ea95.e3iSbxaKaheRe38Ka34Oa3eLbxf0n6jAmljGr5XDqQLvpAe HTTP/1.1" 200 3967
181.49.75.62 - - [26/Oct/2015:08:32:15 -0500] "POST /forms/lservlet;jsessionid=ac16012b30d623aa75301d434a618e46d86a7cb5ea95.e3iSbxaKaheRe38Ka34Oa3eLbxf0n6jAmljGr5XDqQLvpAe HTTP/1.1" 200 2
181.49.75.62 - - [26/Oct/2015:08:32:19 -0500] "POST /forms/lservlet;jsessionid=ac16012b30d623aa75301d434a618e46d86a7cb5ea95.e3iSbxaKaheRe38Ka34Oa3eLbxf0n6jAmljGr5XDqQLvpAe HTTP/1.1" 200 183
181.49.75.62 - - [26/Oct/2015:08:32:20 -0500] "POST /forms/lservlet;jsessionid=ac16012b30d623aa75301d434a618e46d86a7cb5ea95.e3iSbxaKaheRe38Ka34Oa3eLbxf0n6jAmljGr5XDqQLvpAe HTTP/1.1" 200 7
181.49.75.62 - - [26/Oct/2015:08:32:21 -0500] "POST /forms/lservlet;jsessionid=ac16012b30d623aa75301d434a618e46d86a7cb5ea95.e3iSbxaKaheRe38Ka34Oa3eLbxf0n6jAmljGr5XDqQLvpAe HTTP/1.1" 200 7
181.49.75.62 - - [26/Oct/2015:08:32:25 -0500] "POST /forms/lservlet;jsessionid=ac16012b30d623aa75301d434a618e46d86a7cb5ea95.e3iSbxaKaheRe38Ka34Oa3eLbxf0n6jAmljGr5XDqQLvpAe HTTP/1.1" 200 137
181.49.75.62 - - [26/Oct/2015:08:32:32 -0500] "POST /forms/lservlet;jsessionid=ac16012b30d623aa75301d434a618e46d86a7cb5ea95.e3iSbxaKaheRe38Ka34Oa3eLbxf0n6jAmljGr5XDqQLvpAe HTTP/1.1" 200 2
181.49.75.62 - - [26/Oct/2015:08:32:32 -0500] "POST /forms/lservlet;jsessionid=ac16012b30d623aa75301d434a618e46d86a7cb5ea95.e3iSbxaKaheRe38Ka34Oa3eLbxf0n6jAmljGr5XDqQLvpAe HTTP/1.1" 200 2365
201.245.192.253 - - [26/Oct/2015:08:32:32 -0500] "GET /galeria/nivo-slider/demo/demo.html HTTP/1.1" 304 -
181.49.75.62 - - [26/Oct/2015:08:32:32 -0500] "GET /imagenes/Srch_frw.gif HTTP/1.1" 200 925
181.49.75.62 - - [26/Oct/2015:08:32:32 -0500] "POST /forms/lservlet;jsessionid=ac16012b30d623aa75301d434a618e46d86a7cb5ea95.e3iSbxaKaheRe38Ka34Oa3eLbxf0n6jAmljGr5XDqQLvpAe HTTP/1.1" 200 10
181.49.75.62 - - [26/Oct/2015:08:32:33 -0500] "POST /forms/lservlet;jsessionid=ac16012b30d623aa75301d434a618e46d86a7cb5ea95.e3iSbxaKaheRe38Ka34Oa3eLbxf0n6jAmljGr5XDqQLvpAe HTTP/1.1" 200 21
181.49.75.62 - - [26/Oct/2015:08:32:34 -0500] "POST /forms/lservlet;jsessionid=ac16012b30d623aa75301d434a618e46d86a7cb5ea95.e3iSbxaKaheRe38Ka34Oa3eLbxf0n6jAmljGr5XDqQLvpAe HTTP/1.1" 200 4969
181.49.75.62 - - [26/Oct/2015:08:32:34 -0500] "POST /forms/lservlet;jsessionid=ac16012b30d623aa75301d434a618e46d86a7cb5ea95.e3iSbxaKaheRe38Ka34Oa3eLbxf0n6jAmljGr5XDqQLvpAe HTTP/1.1" 200 2
181.49.75.62 - - [26/Oct/2015:08:32:35 -0500] "POST /forms/lservlet;jsessionid=ac16012b30d623aa75301d434a618e46d86a7cb5ea95.e3iSbxaKaheRe38Ka34Oa3eLbxf0n6jAmljGr5XDqQLvpAe HTTP/1.1" 200 137
181.49.75.62 - - [26/Oct/2015:08:32:36 -0500] "POST /forms/lservlet;jsessionid=ac16012b30d623aa75301d434a618e46d86a7cb5ea95.e3iSbxaKaheRe38Ka34Oa3eLbxf0n6jAmljGr5XDqQLvpAe HTTP/1.1" 200 106
181.49.75.62 - - [26/Oct/2015:08:32:54 -0500] "POST /forms/lservlet;jsessionid=ac16012b30d623aa75301d434a618e46d86a7cb5ea95.e3iSbxaKaheRe38Ka34Oa3eLbxf0n6jAmljGr5XDqQLvpAe HTTP/1.1" 200 66
181.49.75.62 - - [26/Oct/2015:08:32:55 -0500] "POST /forms/lservlet;jsessionid=ac16012b30d623aa75301d434a618e46d86a7cb5ea95.e3iSbxaKaheRe38Ka34Oa3eLbxf0n6jAmljGr5XDqQLvpAe HTTP/1.1" 200 2
181.49.75.62 - - [26/Oct/2015:08:32:55 -0500] "POST /forms/lservlet;jsessionid=ac16012b30d623aa75301d434a618e46d86a7cb5ea95.e3iSbxaKaheRe38Ka34Oa3eLbxf0n6jAmljGr5XDqQLvpAe HTTP/1.1" 200 2383
181.49.75.62 - - [26/Oct/2015:08:32:55 -0500] "GET /imagenes/Srch_frw.gif HTTP/1.1" 200 925
181.49.75.62 - - [26/Oct/2015:08:32:55 -0500] "POST /forms/lservlet;jsessionid=ac16012b30d623aa75301d434a618e46d86a7cb5ea95.e3iSbxaKaheRe38Ka34Oa3eLbxf0n6jAmljGr5XDqQLvpAe HTTP/1.1" 200 10
181.49.75.62 - - [26/Oct/2015:08:32:56 -0500] "POST /forms/lservlet;jsessionid=ac16012b30d623aa75301d434a618e46d86a7cb5ea95.e3iSbxaKaheRe38Ka34Oa3eLbxf0n6jAmljGr5XDqQLvpAe HTTP/1.1" 200 24
181.49.75.62 - - [26/Oct/2015:08:32:56 -0500] "POST /forms/lservlet;jsessionid=ac16012b30d623aa75301d434a618e46d86a7cb5ea95.e3iSbxaKaheRe38Ka34Oa3eLbxf0n6jAmljGr5XDqQLvpAe HTTP/1.1" 200 3954
181.49.75.62 - - [26/Oct/2015:08:32:57 -0500] "POST /forms/lservlet;jsessionid=ac16012b30d623aa75301d434a618e46d86a7cb5ea95.e3iSbxaKaheRe38Ka34Oa3eLbxf0n6jAmljGr5XDqQLvpAe HTTP/1.1" 200 2
190.60.214.94 - - [26/Oct/2015:08:33:00 -0500] "GET /galeria/carrusel/Carrusel/jquery-ui-1.8.13.custom.min.js HTTP/1.1" 200 10800
190.60.214.94 - - [26/Oct/2015:08:33:00 -0500] "GET /galeria/carrusel/Carrusel/jquery.thumbnailScroller.js HTTP/1.1" 200 8157
190.60.214.94 - - [26/Oct/2015:08:33:00 -0500] "GET /BLA/boletinlegal/js/jquery.scrollShow.js HTTP/1.1" 200 4586
190.60.214.94 - - [26/Oct/2015:08:33:00 -0500] "GET /galeria/galeria/jquery.fancybox.js?v=2.1.5 HTTP/1.1" 200 48706
190.60.214.94 - - [26/Oct/2015:08:33:00 -0500] "GET /galeria/galeria/jquery.fancybox.css?v=2.1.5 HTTP/1.1" 200 4895
190.60.214.94 - - [26/Oct/2015:08:33:00 -0500] "GET /galeria/carrusel/Carrusel/jquery.thumbnailScroller.css HTTP/1.1" 200 2066
190.60.214.94 - - [26/Oct/2015:08:33:01 -0500] "GET /galeria/nivo-slider/demo/demo.html HTTP/1.1" 200 4413
190.60.214.94 - - [26/Oct/2015:08:33:01 -0500] "GET /galeria/nivo-slider/themes/pascal/pascal.css HTTP/1.1" 200 2258
190.60.214.94 - - [26/Oct/2015:08:33:01 -0500] "GET /galeria/nivo-slider/themes/orman/orman.css HTTP/1.1" 200 2152
190.60.214.94 - - [26/Oct/2015:08:33:01 -0500] "GET /galeria/nivo-slider/themes/default/default.css HTTP/1.1" 200 1569
190.60.214.94 - - [26/Oct/2015:08:33:01 -0500] "GET /galeria/nivo-slider/demo/style.css HTTP/1.1" 200 2222
190.60.214.94 - - [26/Oct/2015:08:33:01 -0500] "GET /galeria/nivo-slider/demo/scripts/jquery-1.7.1.min.js HTTP/1.1" 200 93868
190.60.214.94 - - [26/Oct/2015:08:33:01 -0500] "GET /galeria/nivo-slider/nivo-slider.css HTTP/1.1" 200 1507
190.60.214.94 - - [26/Oct/2015:08:33:01 -0500] "GET /galeria/nivo-slider/demo/images/Banner-encuesta-de-percepscio.jpg HTTP/1.1" 200 201899
190.60.214.94 - - [26/Oct/2015:08:33:01 -0500] "GET /galeria/nivo-slider/demo/images/rendicion-de-cuentas-formulario.jpg HTTP/1.1" 200 166357
190.60.214.94 - - [26/Oct/2015:08:33:01 -0500] "GET /galeria/nivo-slider/demo/images/Invitacion-productos-veterinario.jpg HTTP/1.1" 200 247568
190.60.214.94 - - [26/Oct/2015:08:33:01 -0500] "GET /galeria/nivo-slider/jquery.nivo.slider.pack.js HTTP/1.1" 200 11561
190.60.214.94 - - [26/Oct/2015:08:33:01 -0500] "GET /galeria/nivo-slider/demo/images/4Simple_Slider.png HTTP/1.1" 200 11722
190.60.214.94 - - [26/Oct/2015:08:33:02 -0500] "GET /galeria/nivo-slider/themes/default/loading.gif HTTP/1.1" 200 1737
90.55.61.129 - - [26/Oct/2015:08:33:02 -0500] "GET /webdav/x32.php?host=86.201.27.18&time=300&port=80 HTTP/1.1" 404 1018
190.60.214.94 - - [26/Oct/2015:08:33:02 -0500] "GET /galeria/nivo-slider/demo/images/Arbol-banner2015.jpg HTTP/1.1" 200 226910
190.60.214.94 - - [26/Oct/2015:08:33:03 -0500] "GET /galeria/nivo-slider/demo/images/Cmapana-onestidad.jpg HTTP/1.1" 200 141638
190.60.214.94 - - [26/Oct/2015:08:33:03 -0500] "GET /galeria/nivo-slider/demo/images/Banner-ahorro-de-agua.jpg HTTP/1.1" 200 149141
190.60.214.94 - - [26/Oct/2015:08:33:03 -0500] "GET /galeria/nivo-slider/demo/images/Plan-Quinquenal.jpg HTTP/1.1" 200 412438
190.60.214.94 - - [26/Oct/2015:08:33:03 -0500] "GET /galeria/nivo-slider/demo/images/PREDAcamp.jpg HTTP/1.1" 200 295358
190.60.214.94 - - [26/Oct/2015:08:33:03 -0500] "GET /galeria/nivo-slider/demo/images/banner-llantas2.jpg HTTP/1.1" 200 204644
190.60.214.94 - - [26/Oct/2015:08:33:03 -0500] "GET /galeria/nivo-slider/demo/images/9Signos.jpg HTTP/1.1" 200 81776
190.60.214.94 - - [26/Oct/2015:08:33:03 -0500] "GET /galeria/nivo-slider/demo/images/Comparendo-ambiental-Banner.jpg HTTP/1.1" 200 83731
191.110.155.1 - - [26/Oct/2015:08:33:03 -0500] "GET /BLA/boletinlegal/js/jquery.scrollShow.js HTTP/1.1" 200 4586
191.110.155.1 - - [26/Oct/2015:08:33:03 -0500] "GET /galeria/galeria/jquery.fancybox.js?v=2.1.5 HTTP/1.1" 200 48706
191.110.155.1 - - [26/Oct/2015:08:33:03 -0500] "GET /galeria/galeria/jquery.fancybox.css?v=2.1.5 HTTP/1.1" 200 4895
190.60.214.94 - - [26/Oct/2015:08:33:03 -0500] "GET /galeria/nivo-slider/demo/images/Ruta-vertimientos-01.jpg HTTP/1.1" 200 130151
190.242.99.252 - - [26/Oct/2015:08:33:03 -0500] "GET /galeria/galeria/jquery.fancybox.css?v=2.1.5 HTTP/1.1" 200 4895
190.242.99.252 - - [26/Oct/2015:08:33:03 -0500] "GET /BLA/boletinlegal/js/jquery.scrollShow.js HTTP/1.1" 200 4586
190.242.99.252 - - [26/Oct/2015:08:33:03 -0500] "GET /galeria/galeria/jquery.fancybox.js?v=2.1.5 HTTP/1.1" 200 48706
190.60.214.94 - - [26/Oct/2015:08:33:04 -0500] "GET /galeria/nivo-slider/demo/images/bolsas-06.jpg HTTP/1.1" 200 90982
190.60.214.94 - - [26/Oct/2015:08:33:04 -0500] "GET /galeria/nivo-slider/demo/images/Conoce-los-humedales.jpg HTTP/1.1" 200 294036
190.60.214.94 - - [26/Oct/2015:08:33:04 -0500] "GET /galeria/nivo-slider/demo/images/ecolecta-Dic2014.png HTTP/1.1" 200 288593
181.49.75.62 - - [26/Oct/2015:08:33:05 -0500] "POST /forms/lservlet;jsessionid=ac16012b30d623aa75301d434a618e46d86a7cb5ea95.e3iSbxaKaheRe38Ka34Oa3eLbxf0n6jAmljGr5XDqQLvpAe HTTP/1.1" 200 2
190.60.214.94 - - [26/Oct/2015:08:33:05 -0500] "GET /galeria/nivo-slider/themes/default/arrows.png HTTP/1.1" 200 824
190.60.214.94 - - [26/Oct/2015:08:33:05 -0500] "GET /galeria/nivo-slider/themes/default/bullets.png HTTP/1.1" 200 1281
181.49.75.62 - - [26/Oct/2015:08:33:05 -0500] "POST /forms/lservlet;jsessionid=ac16012b30d623aa75301d434a618e46d86a7cb5ea95.e3iSbxaKaheRe38Ka34Oa3eLbxf0n6jAmljGr5XDqQLvpAe HTTP/1.1" 200 2389
181.49.75.62 - - [26/Oct/2015:08:33:05 -0500] "POST /forms/lservlet;jsessionid=ac16012b30d623aa75301d434a618e46d86a7cb5ea95.e3iSbxaKaheRe38Ka34Oa3eLbxf0n6jAmljGr5XDqQLvpAe HTTP/1.1" 200 10
181.49.75.62 - - [26/Oct/2015:08:33:06 -0500] "POST /forms/lservlet;jsessionid=ac16012b30d623aa75301d434a618e46d86a7cb5ea95.e3iSbxaKaheRe38Ka34Oa3eLbxf0n6jAmljGr5XDqQLvpAe HTTP/1.1" 200 24
181.49.75.62 - - [26/Oct/2015:08:33:07 -0500] "POST /forms/lservlet;jsessionid=ac16012b30d623aa75301d434a618e46d86a7cb5ea95.e3iSbxaKaheRe38Ka34Oa3eLbxf0n6jAmljGr5XDqQLvpAe HTTP/1.1" 200 3970
181.49.75.62 - - [26/Oct/2015:08:33:07 -0500] "POST /forms/lservlet;jsessionid=ac16012b30d623aa75301d434a618e46d86a7cb5ea95.e3iSbxaKaheRe38Ka34Oa3eLbxf0n6jAmljGr5XDqQLvpAe HTTP/1.1" 200 2
181.49.75.62 - - [26/Oct/2015:08:33:15 -0500] "POST /forms/lservlet;jsessionid=ac16012b30d623aa75301d434a618e46d86a7cb5ea95.e3iSbxaKaheRe38Ka34Oa3eLbxf0n6jAmljGr5XDqQLvpAe HTTP/1.1" 200 2
181.49.75.62 - - [26/Oct/2015:08:33:15 -0500] "POST /forms/lservlet;jsessionid=ac16012b30d623aa75301d434a618e46d86a7cb5ea95.e3iSbxaKaheRe38Ka34Oa3eLbxf0n6jAmljGr5XDqQLvpAe HTTP/1.1" 200 2304
181.49.75.62 - - [26/Oct/2015:08:33:15 -0500] "GET /imagenes/Srch_frw.gif HTTP/1.1" 200 925
181.49.75.62 - - [26/Oct/2015:08:33:15 -0500] "POST /forms/lservlet;jsessionid=ac16012b30d623aa75301d434a618e46d86a7cb5ea95.e3iSbxaKaheRe38Ka34Oa3eLbxf0n6jAmljGr5XDqQLvpAe HTTP/1.1" 200 10
181.49.75.62 - - [26/Oct/2015:08:33:16 -0500] "POST /forms/lservlet;jsessionid=ac16012b30d623aa75301d434a618e46d86a7cb5ea95.e3iSbxaKaheRe38Ka34Oa3eLbxf0n6jAmljGr5XDqQLvpAe HTTP/1.1" 200 24
181.49.75.62 - - [26/Oct/2015:08:33:16 -0500] "POST /forms/lservlet;jsessionid=ac16012b30d623aa75301d434a618e46d86a7cb5ea95.e3iSbxaKaheRe38Ka34Oa3eLbxf0n6jAmljGr5XDqQLvpAe HTTP/1.1" 200 3877
181.49.75.62 - - [26/Oct/2015:08:33:17 -0500] "POST /forms/lservlet;jsessionid=ac16012b30d623aa75301d434a618e46d86a7cb5ea95.e3iSbxaKaheRe38Ka34Oa3eLbxf0n6jAmljGr5XDqQLvpAe HTTP/1.1" 200 2
186.170.233.108 - - [26/Oct/2015:08:33:18 -0500] "GET /galeria/galeria/jquery.fancybox.css?v=2.1.5 HTTP/1.1" 200 4895
186.170.233.108 - - [26/Oct/2015:08:33:18 -0500] "GET /BLA/boletinlegal/js/jquery.scrollShow.js HTTP/1.1" 200 4586
186.170.233.108 - - [26/Oct/2015:08:33:18 -0500] "GET /galeria/galeria/jquery.fancybox.js?v=2.1.5 HTTP/1.1" 200 48706
201.245.192.253 - - [26/Oct/2015:08:33:19 -0500] "GET /isolucionsda/Session.asp HTTP/1.1" 200 6278
201.245.192.253 - - [26/Oct/2015:08:33:20 -0500] "GET /isolucionsda/SesionExpira.asp HTTP/1.1" 200 7310
201.245.192.253 - - [26/Oct/2015:08:33:20 -0500] "GET /isolucionsda/SesionNeutra.asp HTTP/1.1" 200 243
66.249.64.96 - - [26/Oct/2015:08:33:21 -0500] "GET /BLA/resoluciones/RESOLUCIONES%202007/RES%202007%201901%20AL%202000/RESOLUCION%201938%20DE%202007.pdf HTTP/1.1" 200 637477
186.170.233.108 - - [26/Oct/2015:08:33:24 -0500] "GET /BLA/boletinlegal/js/jquery.scrollShow.js HTTP/1.1" 304 -
186.170.233.108 - - [26/Oct/2015:08:33:24 -0500] "GET /galeria/galeria/jquery.fancybox.js?v=2.1.5 HTTP/1.1" 304 -
186.170.233.108 - - [26/Oct/2015:08:33:24 -0500] "GET /galeria/galeria/jquery.fancybox.css?v=2.1.5 HTTP/1.1" 304 -
181.49.75.62 - - [26/Oct/2015:08:33:25 -0500] "POST /forms/lservlet;jsessionid=ac16012b30d623aa75301d434a618e46d86a7cb5ea95.e3iSbxaKaheRe38Ka34Oa3eLbxf0n6jAmljGr5XDqQLvpAe HTTP/1.1" 200 2
181.49.75.62 - - [26/Oct/2015:08:33:25 -0500] "POST /forms/lservlet;jsessionid=ac16012b30d623aa75301d434a618e46d86a7cb5ea95.e3iSbxaKaheRe38Ka34Oa3eLbxf0n6jAmljGr5XDqQLvpAe HTTP/1.1" 200 2373
181.49.75.62 - - [26/Oct/2015:08:33:25 -0500] "GET /imagenes/Srch_frw.gif HTTP/1.1" 200 925
181.49.75.62 - - [26/Oct/2015:08:33:25 -0500] "POST /forms/lservlet;jsessionid=ac16012b30d623aa75301d434a618e46d86a7cb5ea95.e3iSbxaKaheRe38Ka34Oa3eLbxf0n6jAmljGr5XDqQLvpAe HTTP/1.1" 200 10
181.49.75.62 - - [26/Oct/2015:08:33:26 -0500] "POST /forms/lservlet;jsessionid=ac16012b30d623aa75301d434a618e46d86a7cb5ea95.e3iSbxaKaheRe38Ka34Oa3eLbxf0n6jAmljGr5XDqQLvpAe HTTP/1.1" 200 24
181.49.75.62 - - [26/Oct/2015:08:33:27 -0500] "POST /forms/lservlet;jsessionid=ac16012b30d623aa75301d434a618e46d86a7cb5ea95.e3iSbxaKaheRe38Ka34Oa3eLbxf0n6jAmljGr5XDqQLvpAe HTTP/1.1" 200 2
181.49.75.62 - - [26/Oct/2015:08:33:27 -0500] "POST /forms/lservlet;jsessionid=ac16012b30d623aa75301d434a618e46d86a7cb5ea95.e3iSbxaKaheRe38Ka34Oa3eLbxf0n6jAmljGr5XDqQLvpAe HTTP/1.1" 200 3944
181.49.75.62 - - [26/Oct/2015:08:33:28 -0500] "POST /forms/lservlet;jsessionid=ac16012b30d623aa75301d434a618e46d86a7cb5ea95.e3iSbxaKaheRe38Ka34Oa3eLbxf0n6jAmljGr5XDqQLvpAe HTTP/1.1" 200 2
190.84.239.14 - - [26/Oct/2015:08:33:30 -0500] "GET /galeria/nivo-slider/themes/default/arrows.png HTTP/1.1" 200 824
190.84.239.14 - - [26/Oct/2015:08:33:30 -0500] "GET /galeria/nivo-slider/themes/default/bullets.png HTTP/1.1" 200 1281
190.242.99.252 - - [26/Oct/2015:08:33:35 -0500] "GET /galeria/galeria/jquery.fancybox.css?v=2.1.5 HTTP/1.1" 304 -
190.242.99.252 - - [26/Oct/2015:08:33:35 -0500] "GET /galeria/galeria/jquery.fancybox.js?v=2.1.5 HTTP/1.1" 304 -
190.242.99.252 - - [26/Oct/2015:08:33:35 -0500] "GET /BLA/boletinlegal/js/jquery.scrollShow.js HTTP/1.1" 304 -
181.49.75.62 - - [26/Oct/2015:08:33:35 -0500] "POST /forms/lservlet;jsessionid=ac16012b30d623aa75301d434a618e46d86a7cb5ea95.e3iSbxaKaheRe38Ka34Oa3eLbxf0n6jAmljGr5XDqQLvpAe HTTP/1.1" 200 2
181.49.75.62 - - [26/Oct/2015:08:33:35 -0500] "POST /forms/lservlet;jsessionid=ac16012b30d623aa75301d434a618e46d86a7cb5ea95.e3iSbxaKaheRe38Ka34Oa3eLbxf0n6jAmljGr5XDqQLvpAe HTTP/1.1" 200 2373
181.49.75.62 - - [26/Oct/2015:08:33:35 -0500] "GET /imagenes/Srch_frw.gif HTTP/1.1" 200 925
181.49.75.62 - - [26/Oct/2015:08:33:35 -0500] "POST /forms/lservlet;jsessionid=ac16012b30d623aa75301d434a618e46d86a7cb5ea95.e3iSbxaKaheRe38Ka34Oa3eLbxf0n6jAmljGr5XDqQLvpAe HTTP/1.1" 200 10
181.49.75.62 - - [26/Oct/2015:08:33:37 -0500] "POST /forms/lservlet;jsessionid=ac16012b30d623aa75301d434a618e46d86a7cb5ea95.e3iSbxaKaheRe38Ka34Oa3eLbxf0n6jAmljGr5XDqQLvpAe HTTP/1.1" 200 24
181.49.75.62 - - [26/Oct/2015:08:33:37 -0500] "POST /forms/lservlet;jsessionid=ac16012b30d623aa75301d434a618e46d86a7cb5ea95.e3iSbxaKaheRe38Ka34Oa3eLbxf0n6jAmljGr5XDqQLvpAe HTTP/1.1" 200 4011
181.49.75.62 - - [26/Oct/2015:08:33:38 -0500] "POST /forms/lservlet;jsessionid=ac16012b30d623aa75301d434a618e46d86a7cb5ea95.e3iSbxaKaheRe38Ka34Oa3eLbxf0n6jAmljGr5XDqQLvpAe HTTP/1.1" 200 2
181.49.75.62 - - [26/Oct/2015:08:33:45 -0500] "POST /forms/lservlet;jsessionid=ac16012b30d623aa75301d434a618e46d86a7cb5ea95.e3iSbxaKaheRe38Ka34Oa3eLbxf0n6jAmljGr5XDqQLvpAe HTTP/1.1" 200 2
181.49.75.62 - - [26/Oct/2015:08:33:46 -0500] "POST /forms/lservlet;jsessionid=ac16012b30d623aa75301d434a618e46d86a7cb5ea95.e3iSbxaKaheRe38Ka34Oa3eLbxf0n6jAmljGr5XDqQLvpAe HTTP/1.1" 200 2352
181.49.75.62 - - [26/Oct/2015:08:33:46 -0500] "GET /imagenes/Srch_frw.gif HTTP/1.1" 200 925
181.49.75.62 - - [26/Oct/2015:08:33:46 -0500] "POST /forms/lservlet;jsessionid=ac16012b30d623aa75301d434a618e46d86a7cb5ea95.e3iSbxaKaheRe38Ka34Oa3eLbxf0n6jAmljGr5XDqQLvpAe HTTP/1.1" 200 10
201.245.192.253 - - [26/Oct/2015:08:33:46 -0500] "GET /isolucionsda/Session.asp?Continue=1 HTTP/1.1" 200 6195
181.49.75.62 - - [26/Oct/2015:08:33:47 -0500] "POST /forms/lservlet;jsessionid=ac16012b30d623aa75301d434a618e46d86a7cb5ea95.e3iSbxaKaheRe38Ka34Oa3eLbxf0n6jAmljGr5XDqQLvpAe HTTP/1.1" 200 24
181.49.75.62 - - [26/Oct/2015:08:33:47 -0500] "POST /forms/lservlet;jsessionid=ac16012b30d623aa75301d434a618e46d86a7cb5ea95.e3iSbxaKaheRe38Ka34Oa3eLbxf0n6jAmljGr5XDqQLvpAe HTTP/1.1" 200 3741
181.49.75.62 - - [26/Oct/2015:08:33:48 -0500] "POST /forms/lservlet;jsessionid=ac16012b30d623aa75301d434a618e46d86a7cb5ea95.e3iSbxaKaheRe38Ka34Oa3eLbxf0n6jAmljGr5XDqQLvpAe HTTP/1.1" 200 2
188.165.15.94 - - [26/Oct/2015:08:33:54 -0500] "GET /BLA/resoluciones/RESOLUCIONES%202006/RES%202006%20801-850/00000829.tif HTTP/1.1" 200 158794
181.49.75.62 - - [26/Oct/2015:08:33:55 -0500] "POST /forms/lservlet;jsessionid=ac16012b30d623aa75301d434a618e46d86a7cb5ea95.e3iSbxaKaheRe38Ka34Oa3eLbxf0n6jAmljGr5XDqQLvpAe HTTP/1.1" 200 2
181.49.75.62 - - [26/Oct/2015:08:33:55 -0500] "POST /forms/lservlet;jsessionid=ac16012b30d623aa75301d434a618e46d86a7cb5ea95.e3iSbxaKaheRe38Ka34Oa3eLbxf0n6jAmljGr5XDqQLvpAe HTTP/1.1" 200 2339
181.49.75.62 - - [26/Oct/2015:08:33:55 -0500] "POST /forms/lservlet;jsessionid=ac16012b30d623aa75301d434a618e46d86a7cb5ea95.e3iSbxaKaheRe38Ka34Oa3eLbxf0n6jAmljGr5XDqQLvpAe HTTP/1.1" 200 10
66.249.64.96 - - [26/Oct/2015:08:33:57 -0500] "GET /BLA/resoluciones/RESOLUCIONES%202007/RES%202007%20201%20AL%20300/RESOLUCION%200244%20DE%202007.pdf HTTP/1.1" 200 429588
181.49.75.62 - - [26/Oct/2015:08:33:57 -0500] "POST /forms/lservlet;jsessionid=ac16012b30d623aa75301d434a618e46d86a7cb5ea95.e3iSbxaKaheRe38Ka34Oa3eLbxf0n6jAmljGr5XDqQLvpAe HTTP/1.1" 200 24
181.49.75.62 - - [26/Oct/2015:08:33:57 -0500] "POST /forms/lservlet;jsessionid=ac16012b30d623aa75301d434a618e46d86a7cb5ea95.e3iSbxaKaheRe38Ka34Oa3eLbxf0n6jAmljGr5XDqQLvpAe HTTP/1.1" 200 4095
181.49.75.62 - - [26/Oct/2015:08:33:58 -0500] "POST /forms/lservlet;jsessionid=ac16012b30d623aa75301d434a618e46d86a7cb5ea95.e3iSbxaKaheRe38Ka34Oa3eLbxf0n6jAmljGr5XDqQLvpAe HTTP/1.1" 200 2
181.49.75.62 - - [26/Oct/2015:08:34:06 -0500] "POST /forms/lservlet;jsessionid=ac16012b30d623aa75301d434a618e46d86a7cb5ea95.e3iSbxaKaheRe38Ka34Oa3eLbxf0n6jAmljGr5XDqQLvpAe HTTP/1.1" 200 2
181.49.75.62 - - [26/Oct/2015:08:34:06 -0500] "POST /forms/lservlet;jsessionid=ac16012b30d623aa75301d434a618e46d86a7cb5ea95.e3iSbxaKaheRe38Ka34Oa3eLbxf0n6jAmljGr5XDqQLvpAe HTTP/1.1" 200 2369
201.245.192.253 - - [26/Oct/2015:08:34:06 -0500] "POST /forms/lservlet;jsessionid=ac16012b30d6efa81a25dc744340b39aef670bb905e8.e3iSbxaKaheRe38Ka34Oa3eLbxf0n6jAmljGr5XDqQLvpAe HTTP/1.1" 200 2
181.49.75.62 - - [26/Oct/2015:08:34:06 -0500] "GET /imagenes/Srch_frw.gif HTTP/1.1" 200 925
181.49.75.62 - - [26/Oct/2015:08:34:06 -0500] "POST /forms/lservlet;jsessionid=ac16012b30d623aa75301d434a618e46d86a7cb5ea95.e3iSbxaKaheRe38Ka34Oa3eLbxf0n6jAmljGr5XDqQLvpAe HTTP/1.1" 200 10
181.49.75.62 - - [26/Oct/2015:08:34:07 -0500] "POST /forms/lservlet;jsessionid=ac16012b30d623aa75301d434a618e46d86a7cb5ea95.e3iSbxaKaheRe38Ka34Oa3eLbxf0n6jAmljGr5XDqQLvpAe HTTP/1.1" 200 24
181.49.75.62 - - [26/Oct/2015:08:34:07 -0500] "POST /forms/lservlet;jsessionid=ac16012b30d623aa75301d434a618e46d86a7cb5ea95.e3iSbxaKaheRe38Ka34Oa3eLbxf0n6jAmljGr5XDqQLvpAe HTTP/1.1" 200 4028
181.49.75.62 - - [26/Oct/2015:08:34:08 -0500] "POST /forms/lservlet;jsessionid=ac16012b30d623aa75301d434a618e46d86a7cb5ea95.e3iSbxaKaheRe38Ka34Oa3eLbxf0n6jAmljGr5XDqQLvpAe HTTP/1.1" 200 2
186.85.90.90 - - [26/Oct/2015:08:34:14 -0500] "POST /forms/lservlet;jsessionid=ac16012b30d666babcd0c7314b70b22ec53063f86b00.e3iSbxaKaheRe38Ka34Oa3eLbxf0n6jAmljGr5XDqQLvpAe HTTP/1.1" 200 2
181.49.75.62 - - [26/Oct/2015:08:34:16 -0500] "POST /forms/lservlet;jsessionid=ac16012b30d623aa75301d434a618e46d86a7cb5ea95.e3iSbxaKaheRe38Ka34Oa3eLbxf0n6jAmljGr5XDqQLvpAe HTTP/1.1" 200 2
181.49.75.62 - - [26/Oct/2015:08:34:16 -0500] "POST /forms/lservlet;jsessionid=ac16012b30d623aa75301d434a618e46d86a7cb5ea95.e3iSbxaKaheRe38Ka34Oa3eLbxf0n6jAmljGr5XDqQLvpAe HTTP/1.1" 200 2367
181.49.75.62 - - [26/Oct/2015:08:34:16 -0500] "GET /imagenes/Srch_frw.gif HTTP/1.1" 200 925
181.49.75.62 - - [26/Oct/2015:08:34:16 -0500] "POST /forms/lservlet;jsessionid=ac16012b30d623aa75301d434a618e46d86a7cb5ea95.e3iSbxaKaheRe38Ka34Oa3eLbxf0n6jAmljGr5XDqQLvpAe HTTP/1.1" 200 10
74.86.158.110 - - [26/Oct/2015:08:34:17 -0500] "HEAD / HTTP/1.1" 200 -
181.49.75.62 - - [26/Oct/2015:08:34:18 -0500] "POST /forms/lservlet;jsessionid=ac16012b30d623aa75301d434a618e46d86a7cb5ea95.e3iSbxaKaheRe38Ka34Oa3eLbxf0n6jAmljGr5XDqQLvpAe HTTP/1.1" 200 24
181.49.75.62 - - [26/Oct/2015:08:34:18 -0500] "POST /forms/lservlet;jsessionid=ac16012b30d623aa75301d434a618e46d86a7cb5ea95.e3iSbxaKaheRe38Ka34Oa3eLbxf0n6jAmljGr5XDqQLvpAe HTTP/1.1" 200 3334
181.49.75.62 - - [26/Oct/2015:08:34:18 -0500] "POST /forms/lservlet;jsessionid=ac16012b30d623aa75301d434a618e46d86a7cb5ea95.e3iSbxaKaheRe38Ka34Oa3eLbxf0n6jAmljGr5XDqQLvpAe HTTP/1.1" 200 2
181.49.75.62 - - [26/Oct/2015:08:34:26 -0500] "POST /forms/lservlet;jsessionid=ac16012b30d623aa75301d434a618e46d86a7cb5ea95.e3iSbxaKaheRe38Ka34Oa3eLbxf0n6jAmljGr5XDqQLvpAe HTTP/1.1" 200 2
181.49.75.62 - - [26/Oct/2015:08:34:26 -0500] "POST /forms/lservlet;jsessionid=ac16012b30d623aa75301d434a618e46d86a7cb5ea95.e3iSbxaKaheRe38Ka34Oa3eLbxf0n6jAmljGr5XDqQLvpAe HTTP/1.1" 200 2206
181.49.75.62 - - [26/Oct/2015:08:34:26 -0500] "POST /forms/lservlet;jsessionid=ac16012b30d623aa75301d434a618e46d86a7cb5ea95.e3iSbxaKaheRe38Ka34Oa3eLbxf0n6jAmljGr5XDqQLvpAe HTTP/1.1" 200 10
181.49.75.62 - - [26/Oct/2015:08:34:27 -0500] "POST /forms/lservlet;jsessionid=ac16012b30d623aa75301d434a618e46d86a7cb5ea95.e3iSbxaKaheRe38Ka34Oa3eLbxf0n6jAmljGr5XDqQLvpAe HTTP/1.1" 200 24
181.49.75.62 - - [26/Oct/2015:08:34:27 -0500] "POST /forms/lservlet;jsessionid=ac16012b30d623aa75301d434a618e46d86a7cb5ea95.e3iSbxaKaheRe38Ka34Oa3eLbxf0n6jAmljGr5XDqQLvpAe HTTP/1.1" 200 3748
181.49.75.62 - - [26/Oct/2015:08:34:28 -0500] "POST /forms/lservlet;jsessionid=ac16012b30d623aa75301d434a618e46d86a7cb5ea95.e3iSbxaKaheRe38Ka34Oa3eLbxf0n6jAmljGr5XDqQLvpAe HTTP/1.1" 200 2
181.49.75.62 - - [26/Oct/2015:08:34:30 -0500] "POST /forms/lservlet;jsessionid=ac16012b30d623aa75301d434a618e46d86a7cb5ea95.e3iSbxaKaheRe38Ka34Oa3eLbxf0n6jAmljGr5XDqQLvpAe HTTP/1.1" 200 136
181.49.75.62 - - [26/Oct/2015:08:34:31 -0500] "POST /forms/lservlet;jsessionid=ac16012b30d623aa75301d434a618e46d86a7cb5ea95.e3iSbxaKaheRe38Ka34Oa3eLbxf0n6jAmljGr5XDqQLvpAe HTTP/1.1" 200 7
181.49.75.62 - - [26/Oct/2015:08:34:32 -0500] "POST /forms/lservlet;jsessionid=ac16012b30d623aa75301d434a618e46d86a7cb5ea95.e3iSbxaKaheRe38Ka34Oa3eLbxf0n6jAmljGr5XDqQLvpAe HTTP/1.1" 200 7
181.49.75.62 - - [26/Oct/2015:08:34:33 -0500] "POST /forms/lservlet;jsessionid=ac16012b30d623aa75301d434a618e46d86a7cb5ea95.e3iSbxaKaheRe38Ka34Oa3eLbxf0n6jAmljGr5XDqQLvpAe HTTP/1.1" 200 7
181.49.75.62 - - [26/Oct/2015:08:34:33 -0500] "POST /forms/lservlet;jsessionid=ac16012b30d623aa75301d434a618e46d86a7cb5ea95.e3iSbxaKaheRe38Ka34Oa3eLbxf0n6jAmljGr5XDqQLvpAe HTTP/1.1" 200 331
181.49.75.62 - - [26/Oct/2015:08:34:35 -0500] "POST /forms/lservlet;jsessionid=ac16012b30d623aa75301d434a618e46d86a7cb5ea95.e3iSbxaKaheRe38Ka34Oa3eLbxf0n6jAmljGr5XDqQLvpAe HTTP/1.1" 200 116
181.49.75.62 - - [26/Oct/2015:08:34:36 -0500] "POST /forms/lservlet;jsessionid=ac16012b30d623aa75301d434a618e46d86a7cb5ea95.e3iSbxaKaheRe38Ka34Oa3eLbxf0n6jAmljGr5XDqQLvpAe HTTP/1.1" 200 2
181.49.75.62 - - [26/Oct/2015:08:34:36 -0500] "POST /forms/lservlet;jsessionid=ac16012b30d623aa75301d434a618e46d86a7cb5ea95.e3iSbxaKaheRe38Ka34Oa3eLbxf0n6jAmljGr5XDqQLvpAe HTTP/1.1" 200 14
181.49.75.62 - - [26/Oct/2015:08:34:37 -0500] "POST /forms/lservlet;jsessionid=ac16012b30d623aa75301d434a618e46d86a7cb5ea95.e3iSbxaKaheRe38Ka34Oa3eLbxf0n6jAmljGr5XDqQLvpAe HTTP/1.1" 200 14
181.49.75.62 - - [26/Oct/2015:08:34:38 -0500] "POST /forms/lservlet;jsessionid=ac16012b30d623aa75301d434a618e46d86a7cb5ea95.e3iSbxaKaheRe38Ka34Oa3eLbxf0n6jAmljGr5XDqQLvpAe HTTP/1.1" 200 90
181.49.75.62 - - [26/Oct/2015:08:34:40 -0500] "POST /forms/lservlet;jsessionid=ac16012b30d623aa75301d434a618e46d86a7cb5ea95.e3iSbxaKaheRe38Ka34Oa3eLbxf0n6jAmljGr5XDqQLvpAe HTTP/1.1" 200 2
181.49.75.62 - - [26/Oct/2015:08:34:40 -0500] "POST /forms/lservlet;jsessionid=ac16012b30d623aa75301d434a618e46d86a7cb5ea95.e3iSbxaKaheRe38Ka34Oa3eLbxf0n6jAmljGr5XDqQLvpAe HTTP/1.1" 200 452
181.49.75.62 - - [26/Oct/2015:08:34:48 -0500] "POST /forms/lservlet;jsessionid=ac16012b30d623aa75301d434a618e46d86a7cb5ea95.e3iSbxaKaheRe38Ka34Oa3eLbxf0n6jAmljGr5XDqQLvpAe HTTP/1.1" 200 83
181.49.75.62 - - [26/Oct/2015:08:34:49 -0500] "POST /forms/lservlet;jsessionid=ac16012b30d623aa75301d434a618e46d86a7cb5ea95.e3iSbxaKaheRe38Ka34Oa3eLbxf0n6jAmljGr5XDqQLvpAe HTTP/1.1" 200 2
181.49.75.62 - - [26/Oct/2015:08:34:49 -0500] "POST /forms/lservlet;jsessionid=ac16012b30d623aa75301d434a618e46d86a7cb5ea95.e3iSbxaKaheRe38Ka34Oa3eLbxf0n6jAmljGr5XDqQLvpAe HTTP/1.1" 200 2246
181.49.75.62 - - [26/Oct/2015:08:34:49 -0500] "GET /imagenes/Srch_frw.gif HTTP/1.1" 200 925
181.49.75.62 - - [26/Oct/2015:08:34:49 -0500] "POST /forms/lservlet;jsessionid=ac16012b30d623aa75301d434a618e46d86a7cb5ea95.e3iSbxaKaheRe38Ka34Oa3eLbxf0n6jAmljGr5XDqQLvpAe HTTP/1.1" 200 10
181.49.75.62 - - [26/Oct/2015:08:34:50 -0500] "POST /forms/lservlet;jsessionid=ac16012b30d623aa75301d434a618e46d86a7cb5ea95.e3iSbxaKaheRe38Ka34Oa3eLbxf0n6jAmljGr5XDqQLvpAe HTTP/1.1" 200 21
181.49.75.62 - - [26/Oct/2015:08:34:50 -0500] "POST /forms/lservlet;jsessionid=ac16012b30d623aa75301d434a618e46d86a7cb5ea95.e3iSbxaKaheRe38Ka34Oa3eLbxf0n6jAmljGr5XDqQLvpAe HTTP/1.1" 200 4018
181.49.75.62 - - [26/Oct/2015:08:34:51 -0500] "POST /forms/lservlet;jsessionid=ac16012b30d623aa75301d434a618e46d86a7cb5ea95.e3iSbxaKaheRe38Ka34Oa3eLbxf0n6jAmljGr5XDqQLvpAe HTTP/1.1" 200 2
181.49.75.62 - - [26/Oct/2015:08:34:51 -0500] "POST /forms/lservlet;jsessionid=ac16012b30d623aa75301d434a618e46d86a7cb5ea95.e3iSbxaKaheRe38Ka34Oa3eLbxf0n6jAmljGr5XDqQLvpAe HTTP/1.1" 200 137
181.49.75.62 - - [26/Oct/2015:08:34:52 -0500] "POST /forms/lservlet;jsessionid=ac16012b30d623aa75301d434a618e46d86a7cb5ea95.e3iSbxaKaheRe38Ka34Oa3eLbxf0n6jAmljGr5XDqQLvpAe HTTP/1.1" 200 106
201.217.200.70 - - [26/Oct/2015:08:34:55 -0500] "GET /galeria/galeria/jquery.fancybox.css?v=2.1.5 HTTP/1.1" 200 4895
201.217.200.70 - - [26/Oct/2015:08:34:55 -0500] "GET /galeria/galeria/jquery.fancybox.js?v=2.1.5 HTTP/1.1" 200 48706
201.217.200.70 - - [26/Oct/2015:08:34:55 -0500] "GET /BLA/boletinlegal/js/jquery.scrollShow.js HTTP/1.1" 200 4586
201.217.200.70 - - [26/Oct/2015:08:34:59 -0500] "GET /BLA/boletinlegal/js/jquery.scrollShow.js HTTP/1.1" 304 -
201.217.200.70 - - [26/Oct/2015:08:34:59 -0500] "GET /galeria/galeria/jquery.fancybox.js?v=2.1.5 HTTP/1.1" 304 -
201.217.200.70 - - [26/Oct/2015:08:34:59 -0500] "GET /galeria/galeria/jquery.fancybox.css?v=2.1.5 HTTP/1.1" 304 -
181.49.75.62 - - [26/Oct/2015:08:35:02 -0500] "POST /forms/lservlet;jsessionid=ac16012b30d623aa75301d434a618e46d86a7cb5ea95.e3iSbxaKaheRe38Ka34Oa3eLbxf0n6jAmljGr5XDqQLvpAe HTTP/1.1" 200 66
181.49.75.62 - - [26/Oct/2015:08:35:02 -0500] "POST /forms/lservlet;jsessionid=ac16012b30d623aa75301d434a618e46d86a7cb5ea95.e3iSbxaKaheRe38Ka34Oa3eLbxf0n6jAmljGr5XDqQLvpAe HTTP/1.1" 200 2
181.49.75.62 - - [26/Oct/2015:08:35:02 -0500] "POST /forms/lservlet;jsessionid=ac16012b30d623aa75301d434a618e46d86a7cb5ea95.e3iSbxaKaheRe38Ka34Oa3eLbxf0n6jAmljGr5XDqQLvpAe HTTP/1.1" 200 2374
181.49.75.62 - - [26/Oct/2015:08:35:03 -0500] "GET /imagenes/Srch_frw.gif HTTP/1.1" 200 925
181.49.75.62 - - [26/Oct/2015:08:35:03 -0500] "POST /forms/lservlet;jsessionid=ac16012b30d623aa75301d434a618e46d86a7cb5ea95.e3iSbxaKaheRe38Ka34Oa3eLbxf0n6jAmljGr5XDqQLvpAe HTTP/1.1" 200 10
181.49.75.62 - - [26/Oct/2015:08:35:04 -0500] "POST /forms/lservlet;jsessionid=ac16012b30d623aa75301d434a618e46d86a7cb5ea95.e3iSbxaKaheRe38Ka34Oa3eLbxf0n6jAmljGr5XDqQLvpAe HTTP/1.1" 200 24
181.49.75.62 - - [26/Oct/2015:08:35:04 -0500] "POST /forms/lservlet;jsessionid=ac16012b30d623aa75301d434a618e46d86a7cb5ea95.e3iSbxaKaheRe38Ka34Oa3eLbxf0n6jAmljGr5XDqQLvpAe HTTP/1.1" 200 3819
181.49.75.62 - - [26/Oct/2015:08:35:05 -0500] "POST /forms/lservlet;jsessionid=ac16012b30d623aa75301d434a618e46d86a7cb5ea95.e3iSbxaKaheRe38Ka34Oa3eLbxf0n6jAmljGr5XDqQLvpAe HTTP/1.1" 200 2
181.143.138.26 - - [26/Oct/2015:08:35:12 -0500] "GET /galeria/carrusel/Carrusel/jquery.thumbnailScroller.css HTTP/1.1" 200 2066
181.143.138.26 - - [26/Oct/2015:08:35:12 -0500] "GET /galeria/carrusel/Carrusel/jquery-ui-1.8.13.custom.min.js HTTP/1.1" 200 10800
181.143.138.26 - - [26/Oct/2015:08:35:12 -0500] "GET /galeria/galeria/jquery.fancybox.js?v=2.1.5 HTTP/1.1" 200 48706
181.143.138.26 - - [26/Oct/2015:08:35:12 -0500] "GET /galeria/galeria/jquery.fancybox.css?v=2.1.5 HTTP/1.1" 200 4895
181.143.138.26 - - [26/Oct/2015:08:35:12 -0500] "GET /galeria/carrusel/Carrusel/jquery.thumbnailScroller.js HTTP/1.1" 200 8157
181.143.138.26 - - [26/Oct/2015:08:35:12 -0500] "GET /BLA/boletinlegal/js/jquery.scrollShow.js HTTP/1.1" 200 4586
190.66.23.162 - - [26/Oct/2015:08:35:13 -0500] "GET /galeria/galeria/jquery.fancybox.css?v=2.1.5 HTTP/1.1" 200 4895
190.66.23.162 - - [26/Oct/2015:08:35:13 -0500] "GET /galeria/galeria/jquery.fancybox.js?v=2.1.5 HTTP/1.1" 200 48706
190.66.23.162 - - [26/Oct/2015:08:35:13 -0500] "GET /BLA/boletinlegal/js/jquery.scrollShow.js HTTP/1.1" 200 4586
181.49.75.62 - - [26/Oct/2015:08:35:13 -0500] "POST /forms/lservlet;jsessionid=ac16012b30d623aa75301d434a618e46d86a7cb5ea95.e3iSbxaKaheRe38Ka34Oa3eLbxf0n6jAmljGr5XDqQLvpAe HTTP/1.1" 200 2
181.49.75.62 - - [26/Oct/2015:08:35:13 -0500] "POST /forms/lservlet;jsessionid=ac16012b30d623aa75301d434a618e46d86a7cb5ea95.e3iSbxaKaheRe38Ka34Oa3eLbxf0n6jAmljGr5XDqQLvpAe HTTP/1.1" 200 2356
181.49.75.62 - - [26/Oct/2015:08:35:13 -0500] "GET /imagenes/Srch_frw.gif HTTP/1.1" 200 925
181.49.75.62 - - [26/Oct/2015:08:35:13 -0500] "POST /forms/lservlet;jsessionid=ac16012b30d623aa75301d434a618e46d86a7cb5ea95.e3iSbxaKaheRe38Ka34Oa3eLbxf0n6jAmljGr5XDqQLvpAe HTTP/1.1" 200 10
181.49.75.62 - - [26/Oct/2015:08:35:14 -0500] "POST /forms/lservlet;jsessionid=ac16012b30d623aa75301d434a618e46d86a7cb5ea95.e3iSbxaKaheRe38Ka34Oa3eLbxf0n6jAmljGr5XDqQLvpAe HTTP/1.1" 200 24
181.49.75.62 - - [26/Oct/2015:08:35:14 -0500] "POST /forms/lservlet;jsessionid=ac16012b30d623aa75301d434a618e46d86a7cb5ea95.e3iSbxaKaheRe38Ka34Oa3eLbxf0n6jAmljGr5XDqQLvpAe HTTP/1.1" 200 3957
181.49.75.62 - - [26/Oct/2015:08:35:15 -0500] "POST /forms/lservlet;jsessionid=ac16012b30d623aa75301d434a618e46d86a7cb5ea95.e3iSbxaKaheRe38Ka34Oa3eLbxf0n6jAmljGr5XDqQLvpAe HTTP/1.1" 200 2
90.55.61.129 - - [26/Oct/2015:08:35:15 -0500] "GET /webdav/x32.php?host=86.201.27.18&time=100&port=80 HTTP/1.1" 404 1018
181.143.138.26 - - [26/Oct/2015:08:35:17 -0500] "GET /galeria/nivo-slider/demo/demo.html HTTP/1.1" 200 4413
181.143.138.26 - - [26/Oct/2015:08:35:17 -0500] "GET /galeria/nivo-slider/themes/default/default.css HTTP/1.1" 200 1569
181.143.138.26 - - [26/Oct/2015:08:35:17 -0500] "GET /galeria/nivo-slider/themes/pascal/pascal.css HTTP/1.1" 200 2258
181.143.138.26 - - [26/Oct/2015:08:35:17 -0500] "GET /galeria/nivo-slider/themes/orman/orman.css HTTP/1.1" 200 2152
181.143.138.26 - - [26/Oct/2015:08:35:17 -0500] "GET /galeria/nivo-slider/demo/scripts/jquery-1.7.1.min.js HTTP/1.1" 200 93868
181.143.138.26 - - [26/Oct/2015:08:35:17 -0500] "GET /galeria/nivo-slider/nivo-slider.css HTTP/1.1" 200 1507
181.143.138.26 - - [26/Oct/2015:08:35:17 -0500] "GET /galeria/nivo-slider/demo/style.css HTTP/1.1" 200 2222
181.143.138.26 - - [26/Oct/2015:08:35:17 -0500] "GET /galeria/nivo-slider/jquery.nivo.slider.pack.js HTTP/1.1" 200 11561
181.143.138.26 - - [26/Oct/2015:08:35:17 -0500] "GET /galeria/nivo-slider/demo/images/rendicion-de-cuentas-formulario.jpg HTTP/1.1" 200 166357
181.143.138.26 - - [26/Oct/2015:08:35:17 -0500] "GET /galeria/nivo-slider/demo/images/Invitacion-productos-veterinario.jpg HTTP/1.1" 200 247568
181.143.138.26 - - [26/Oct/2015:08:35:17 -0500] "GET /galeria/nivo-slider/demo/images/Banner-encuesta-de-percepscio.jpg HTTP/1.1" 200 201899
181.143.138.26 - - [26/Oct/2015:08:35:17 -0500] "GET /galeria/nivo-slider/demo/images/Arbol-banner2015.jpg HTTP/1.1" 200 226910
181.143.138.26 - - [26/Oct/2015:08:35:17 -0500] "GET /galeria/nivo-slider/demo/images/Banner-ahorro-de-agua.jpg HTTP/1.1" 200 149141
181.143.138.26 - - [26/Oct/2015:08:35:17 -0500] "GET /galeria/nivo-slider/demo/images/Cmapana-onestidad.jpg HTTP/1.1" 200 141638
181.143.138.26 - - [26/Oct/2015:08:35:17 -0500] "GET /galeria/nivo-slider/demo/images/Plan-Quinquenal.jpg HTTP/1.1" 200 412438
181.143.138.26 - - [26/Oct/2015:08:35:17 -0500] "GET /galeria/nivo-slider/demo/images/PREDAcamp.jpg HTTP/1.1" 200 295358
181.143.138.26 - - [26/Oct/2015:08:35:18 -0500] "GET /galeria/nivo-slider/demo/images/banner-llantas2.jpg HTTP/1.1" 200 204644
181.143.138.26 - - [26/Oct/2015:08:35:18 -0500] "GET /galeria/nivo-slider/demo/images/9Signos.jpg HTTP/1.1" 200 81776
181.143.138.26 - - [26/Oct/2015:08:35:18 -0500] "GET /galeria/nivo-slider/demo/images/Comparendo-ambiental-Banner.jpg HTTP/1.1" 200 83731
181.143.138.26 - - [26/Oct/2015:08:35:18 -0500] "GET /galeria/nivo-slider/demo/images/Ruta-vertimientos-01.jpg HTTP/1.1" 200 130151
181.143.138.26 - - [26/Oct/2015:08:35:18 -0500] "GET /galeria/nivo-slider/demo/images/bolsas-06.jpg HTTP/1.1" 200 90982
181.143.138.26 - - [26/Oct/2015:08:35:18 -0500] "GET /galeria/nivo-slider/demo/images/Conoce-los-humedales.jpg HTTP/1.1" 200 294036
181.143.138.26 - - [26/Oct/2015:08:35:18 -0500] "GET /galeria/nivo-slider/demo/images/ecolecta-Dic2014.png HTTP/1.1" 200 288593
181.143.138.26 - - [26/Oct/2015:08:35:18 -0500] "GET /galeria/nivo-slider/demo/images/4Simple_Slider.png HTTP/1.1" 200 11722
181.143.138.26 - - [26/Oct/2015:08:35:19 -0500] "GET /galeria/nivo-slider/themes/default/loading.gif HTTP/1.1" 200 1737
181.143.138.26 - - [26/Oct/2015:08:35:20 -0500] "GET /galeria/nivo-slider/themes/default/arrows.png HTTP/1.1" 200 824
181.143.138.26 - - [26/Oct/2015:08:35:20 -0500] "GET /galeria/nivo-slider/themes/default/bullets.png HTTP/1.1" 200 1281
181.49.75.62 - - [26/Oct/2015:08:35:20 -0500] "POST /forms/lservlet;jsessionid=ac16012b30d623aa75301d434a618e46d86a7cb5ea95.e3iSbxaKaheRe38Ka34Oa3eLbxf0n6jAmljGr5XDqQLvpAe HTTP/1.1" 200 183
181.49.75.62 - - [26/Oct/2015:08:35:20 -0500] "POST /forms/lservlet;jsessionid=ac16012b30d623aa75301d434a618e46d86a7cb5ea95.e3iSbxaKaheRe38Ka34Oa3eLbxf0n6jAmljGr5XDqQLvpAe HTTP/1.1" 200 7
181.49.75.62 - - [26/Oct/2015:08:35:22 -0500] "POST /forms/lservlet;jsessionid=ac16012b30d623aa75301d434a618e46d86a7cb5ea95.e3iSbxaKaheRe38Ka34Oa3eLbxf0n6jAmljGr5XDqQLvpAe HTTP/1.1" 200 7
