201.245.192.253 - - [26/Oct/2015:08:43:03 -0500] "GET /galeria/nivo-slider/themes/default/arrows.png HTTP/1.1" 200 824
201.245.192.253 - - [26/Oct/2015:08:43:03 -0500] "GET /galeria/nivo-slider/themes/default/bullets.png HTTP/1.1" 200 1281
190.26.243.110 - - [26/Oct/2015:08:43:04 -0500] "GET /galeria/nivo-slider/demo/images/Conoce-los-humedales.jpg HTTP/1.1" 200 294036
190.26.243.110 - - [26/Oct/2015:08:43:04 -0500] "GET /galeria/nivo-slider/demo/images/ecolecta-Dic2014.png HTTP/1.1" 200 288593
181.49.75.62 - - [26/Oct/2015:08:43:05 -0500] "POST /forms/lservlet;jsessionid=ac16012b30d623aa75301d434a618e46d86a7cb5ea95.e3iSbxaKaheRe38Ka34Oa3eLbxf0n6jAmljGr5XDqQLvpAe HTTP/1.1" 200 2
181.49.75.62 - - [26/Oct/2015:08:43:05 -0500] "POST /forms/lservlet;jsessionid=ac16012b30d623aa75301d434a618e46d86a7cb5ea95.e3iSbxaKaheRe38Ka34Oa3eLbxf0n6jAmljGr5XDqQLvpAe HTTP/1.1" 200 2351
181.49.75.62 - - [26/Oct/2015:08:43:05 -0500] "GET /imagenes/Srch_frw.gif HTTP/1.1" 200 925
181.49.75.62 - - [26/Oct/2015:08:43:05 -0500] "POST /forms/lservlet;jsessionid=ac16012b30d623aa75301d434a618e46d86a7cb5ea95.e3iSbxaKaheRe38Ka34Oa3eLbxf0n6jAmljGr5XDqQLvpAe HTTP/1.1" 200 10
181.49.75.62 - - [26/Oct/2015:08:43:06 -0500] "POST /forms/lservlet;jsessionid=ac16012b30d623aa75301d434a618e46d86a7cb5ea95.e3iSbxaKaheRe38Ka34Oa3eLbxf0n6jAmljGr5XDqQLvpAe HTTP/1.1" 200 24
181.49.75.62 - - [26/Oct/2015:08:43:06 -0500] "POST /forms/lservlet;jsessionid=ac16012b30d623aa75301d434a618e46d86a7cb5ea95.e3iSbxaKaheRe38Ka34Oa3eLbxf0n6jAmljGr5XDqQLvpAe HTTP/1.1" 200 3693
181.49.75.62 - - [26/Oct/2015:08:43:07 -0500] "POST /forms/lservlet;jsessionid=ac16012b30d623aa75301d434a618e46d86a7cb5ea95.e3iSbxaKaheRe38Ka34Oa3eLbxf0n6jAmljGr5XDqQLvpAe HTTP/1.1" 200 2
190.26.243.110 - - [26/Oct/2015:08:43:08 -0500] "GET /galeria/nivo-slider/demo/images/4Simple_Slider.png HTTP/1.1" 200 11722
190.26.243.110 - - [26/Oct/2015:08:43:08 -0500] "GET /galeria/nivo-slider/themes/default/loading.gif HTTP/1.1" 200 1737
190.26.243.110 - - [26/Oct/2015:08:43:10 -0500] "GET /galeria/nivo-slider/themes/default/arrows.png HTTP/1.1" 200 824
190.26.243.110 - - [26/Oct/2015:08:43:10 -0500] "GET /galeria/nivo-slider/themes/default/bullets.png HTTP/1.1" 200 1281
181.49.75.62 - - [26/Oct/2015:08:43:14 -0500] "POST /forms/lservlet;jsessionid=ac16012b30d623aa75301d434a618e46d86a7cb5ea95.e3iSbxaKaheRe38Ka34Oa3eLbxf0n6jAmljGr5XDqQLvpAe HTTP/1.1" 200 2
181.49.75.62 - - [26/Oct/2015:08:43:14 -0500] "POST /forms/lservlet;jsessionid=ac16012b30d623aa75301d434a618e46d86a7cb5ea95.e3iSbxaKaheRe38Ka34Oa3eLbxf0n6jAmljGr5XDqQLvpAe HTTP/1.1" 200 2295
181.49.75.62 - - [26/Oct/2015:08:43:14 -0500] "GET /imagenes/Srch_frw.gif HTTP/1.1" 200 925
181.49.75.62 - - [26/Oct/2015:08:43:14 -0500] "POST /forms/lservlet;jsessionid=ac16012b30d623aa75301d434a618e46d86a7cb5ea95.e3iSbxaKaheRe38Ka34Oa3eLbxf0n6jAmljGr5XDqQLvpAe HTTP/1.1" 200 10
181.49.75.62 - - [26/Oct/2015:08:43:16 -0500] "POST /forms/lservlet;jsessionid=ac16012b30d623aa75301d434a618e46d86a7cb5ea95.e3iSbxaKaheRe38Ka34Oa3eLbxf0n6jAmljGr5XDqQLvpAe HTTP/1.1" 200 24
181.49.75.62 - - [26/Oct/2015:08:43:16 -0500] "POST /forms/lservlet;jsessionid=ac16012b30d623aa75301d434a618e46d86a7cb5ea95.e3iSbxaKaheRe38Ka34Oa3eLbxf0n6jAmljGr5XDqQLvpAe HTTP/1.1" 200 3953
181.49.75.62 - - [26/Oct/2015:08:43:16 -0500] "POST /forms/lservlet;jsessionid=ac16012b30d623aa75301d434a618e46d86a7cb5ea95.e3iSbxaKaheRe38Ka34Oa3eLbxf0n6jAmljGr5XDqQLvpAe HTTP/1.1" 200 2
190.25.232.42 - - [26/Oct/2015:08:43:17 -0500] "GET /galeria/galeria/fancybox_overlay.png HTTP/1.1" 200 1003
190.25.232.42 - - [26/Oct/2015:08:43:17 -0500] "GET /galeria/galeria/fancybox_sprite.png HTTP/1.1" 200 1362
190.25.232.42 - - [26/Oct/2015:08:43:17 -0500] "GET /galeria/galeria/fancybox_loading.gif HTTP/1.1" 200 6567
190.25.232.42 - - [26/Oct/2015:08:43:17 -0500] "GET /galeria/galeria/fotos/17.jpg HTTP/1.1" 200 196674
181.63.180.197 - - [26/Oct/2015:08:43:19 -0500] "GET /BLA/boletinlegal/js/jquery.scrollShow.js HTTP/1.1" 200 4586
181.63.180.197 - - [26/Oct/2015:08:43:19 -0500] "GET /galeria/carrusel/Carrusel/jquery.thumbnailScroller.css HTTP/1.1" 200 2066
181.63.180.197 - - [26/Oct/2015:08:43:19 -0500] "GET /galeria/galeria/jquery.fancybox.css?v=2.1.5 HTTP/1.1" 200 4895
181.63.180.197 - - [26/Oct/2015:08:43:19 -0500] "GET /galeria/galeria/jquery.fancybox.js?v=2.1.5 HTTP/1.1" 200 48706
181.63.180.197 - - [26/Oct/2015:08:43:19 -0500] "GET /galeria/carrusel/Carrusel/jquery-ui-1.8.13.custom.min.js HTTP/1.1" 200 10800
181.63.180.197 - - [26/Oct/2015:08:43:19 -0500] "GET /galeria/carrusel/Carrusel/jquery.thumbnailScroller.js HTTP/1.1" 200 8157
181.49.75.62 - - [26/Oct/2015:08:43:24 -0500] "POST /forms/lservlet;jsessionid=ac16012b30d623aa75301d434a618e46d86a7cb5ea95.e3iSbxaKaheRe38Ka34Oa3eLbxf0n6jAmljGr5XDqQLvpAe HTTP/1.1" 200 2
181.49.75.62 - - [26/Oct/2015:08:43:24 -0500] "POST /forms/lservlet;jsessionid=ac16012b30d623aa75301d434a618e46d86a7cb5ea95.e3iSbxaKaheRe38Ka34Oa3eLbxf0n6jAmljGr5XDqQLvpAe HTTP/1.1" 200 2356
181.49.75.62 - - [26/Oct/2015:08:43:24 -0500] "GET /imagenes/Srch_frw.gif HTTP/1.1" 200 925
181.49.75.62 - - [26/Oct/2015:08:43:24 -0500] "POST /forms/lservlet;jsessionid=ac16012b30d623aa75301d434a618e46d86a7cb5ea95.e3iSbxaKaheRe38Ka34Oa3eLbxf0n6jAmljGr5XDqQLvpAe HTTP/1.1" 200 10
181.143.167.114 - - [26/Oct/2015:08:43:25 -0500] "GET /galeria/galeria/fotos/ANNI1pe.jpg HTTP/1.1" 304 -
181.49.75.62 - - [26/Oct/2015:08:43:26 -0500] "POST /forms/lservlet;jsessionid=ac16012b30d623aa75301d434a618e46d86a7cb5ea95.e3iSbxaKaheRe38Ka34Oa3eLbxf0n6jAmljGr5XDqQLvpAe HTTP/1.1" 200 24
181.143.167.114 - - [26/Oct/2015:08:43:26 -0500] "GET /galeria/galeria/fotos/Balto2peq.jpg HTTP/1.1" 304 -
181.143.167.114 - - [26/Oct/2015:08:43:26 -0500] "GET /galeria/galeria/fotos/BORONAS3peq.jpg HTTP/1.1" 304 -
181.143.167.114 - - [26/Oct/2015:08:43:26 -0500] "GET /galeria/galeria/fotos/Charlie4peq.jpg HTTP/1.1" 304 -
181.143.167.114 - - [26/Oct/2015:08:43:26 -0500] "GET /galeria/galeria/fotos/CHESTER5peq.jpg HTTP/1.1" 304 -
181.49.75.62 - - [26/Oct/2015:08:43:26 -0500] "POST /forms/lservlet;jsessionid=ac16012b30d623aa75301d434a618e46d86a7cb5ea95.e3iSbxaKaheRe38Ka34Oa3eLbxf0n6jAmljGr5XDqQLvpAe HTTP/1.1" 200 4544
181.49.75.62 - - [26/Oct/2015:08:43:27 -0500] "POST /forms/lservlet;jsessionid=ac16012b30d623aa75301d434a618e46d86a7cb5ea95.e3iSbxaKaheRe38Ka34Oa3eLbxf0n6jAmljGr5XDqQLvpAe HTTP/1.1" 200 2
181.143.167.114 - - [26/Oct/2015:08:43:27 -0500] "GET /galeria/galeria/fotos/Daisy6peq.jpg HTTP/1.1" 304 -
181.143.167.114 - - [26/Oct/2015:08:43:27 -0500] "GET /galeria/galeria/fotos/JEICA9peq.jpg HTTP/1.1" 304 -
181.143.167.114 - - [26/Oct/2015:08:43:27 -0500] "GET /galeria/galeria/fotos/Douglas8peq.jpg HTTP/1.1" 304 -
181.143.167.114 - - [26/Oct/2015:08:43:27 -0500] "GET /galeria/galeria/fotos/DORITO7peq.jpg HTTP/1.1" 304 -
181.143.167.114 - - [26/Oct/2015:08:43:27 -0500] "GET /galeria/galeria/fotos/JUACO10peq.jpg HTTP/1.1" 304 -
181.63.180.197 - - [26/Oct/2015:08:43:27 -0500] "GET /galeria/nivo-slider/demo/demo.html HTTP/1.1" 200 4413
181.143.167.114 - - [26/Oct/2015:08:43:28 -0500] "GET /galeria/galeria/fotos/Katty11peq.jpg HTTP/1.1" 304 -
181.63.180.197 - - [26/Oct/2015:08:43:28 -0500] "GET /galeria/nivo-slider/themes/default/default.css HTTP/1.1" 200 1569
181.63.180.197 - - [26/Oct/2015:08:43:28 -0500] "GET /galeria/nivo-slider/nivo-slider.css HTTP/1.1" 200 1507
181.63.180.197 - - [26/Oct/2015:08:43:28 -0500] "GET /galeria/nivo-slider/themes/orman/orman.css HTTP/1.1" 200 2152
181.63.180.197 - - [26/Oct/2015:08:43:28 -0500] "GET /galeria/nivo-slider/themes/pascal/pascal.css HTTP/1.1" 200 2258
181.63.180.197 - - [26/Oct/2015:08:43:28 -0500] "GET /galeria/nivo-slider/demo/style.css HTTP/1.1" 200 2222
181.63.180.197 - - [26/Oct/2015:08:43:28 -0500] "GET /galeria/nivo-slider/demo/scripts/jquery-1.7.1.min.js HTTP/1.1" 200 93868
181.143.167.114 - - [26/Oct/2015:08:43:29 -0500] "GET /galeria/galeria/fotos/Kira12peq.jpg HTTP/1.1" 304 -
181.143.167.114 - - [26/Oct/2015:08:43:29 -0500] "GET /galeria/galeria/fotos/Lassie13peq.jpg HTTP/1.1" 304 -
181.63.180.197 - - [26/Oct/2015:08:43:29 -0500] "GET /galeria/nivo-slider/jquery.nivo.slider.pack.js HTTP/1.1" 200 11561
190.248.63.211 - - [26/Oct/2015:08:43:29 -0500] "GET /autoliquidacion/index.php?dir=Solicitudes+relacionadas+con+calidad+del+aire+auditiva+y+visual%2FEvaluaci%F3n+de+estudios+de+Emisiones+con+miras+a+verificar+el+cumplimiento+de+las+normas+de+emisiones%2F HTTP/1.1" 200 3251
181.143.167.114 - - [26/Oct/2015:08:43:29 -0500] "GET /galeria/galeria/fotos/Lola14peq.jpg HTTP/1.1" 304 -
190.248.63.211 - - [26/Oct/2015:08:43:32 -0500] "GET /autoliquidacion/Solicitudes%20relacionadas%20con%20calidad%20del%20aire%20auditiva%20y%20visual/Evaluaci%C3%B3n%20de%20estudios%20de%20Emisiones%20con%20miras%20a%20verificar%20el%20cumplimiento%20de%20las%20normas%20de%20emisiones/Aplicativo.html HTTP/1.1" 200 359
201.244.241.27 - - [26/Oct/2015:08:43:34 -0500] "GET /galeria/galeria/jquery.fancybox.css?v=2.1.5 HTTP/1.1" 200 4895
201.244.241.27 - - [26/Oct/2015:08:43:34 -0500] "GET /BLA/boletinlegal/js/jquery.scrollShow.js HTTP/1.1" 200 4586
201.244.241.27 - - [26/Oct/2015:08:43:34 -0500] "GET /galeria/galeria/jquery.fancybox.js?v=2.1.5 HTTP/1.1" 200 48706
181.49.75.62 - - [26/Oct/2015:08:43:34 -0500] "POST /forms/lservlet;jsessionid=ac16012b30d623aa75301d434a618e46d86a7cb5ea95.e3iSbxaKaheRe38Ka34Oa3eLbxf0n6jAmljGr5XDqQLvpAe HTTP/1.1" 200 2
181.49.75.62 - - [26/Oct/2015:08:43:34 -0500] "POST /forms/lservlet;jsessionid=ac16012b30d623aa75301d434a618e46d86a7cb5ea95.e3iSbxaKaheRe38Ka34Oa3eLbxf0n6jAmljGr5XDqQLvpAe HTTP/1.1" 200 2363
181.49.75.62 - - [26/Oct/2015:08:43:34 -0500] "GET /imagenes/Srch_frw.gif HTTP/1.1" 200 925
181.49.75.62 - - [26/Oct/2015:08:43:34 -0500] "POST /forms/lservlet;jsessionid=ac16012b30d623aa75301d434a618e46d86a7cb5ea95.e3iSbxaKaheRe38Ka34Oa3eLbxf0n6jAmljGr5XDqQLvpAe HTTP/1.1" 200 10
146.83.195.38 - - [26/Oct/2015:08:43:34 -0500] "GET /galeria/galeria/jquery.fancybox.css?v=2.1.5 HTTP/1.1" 200 4895
146.83.195.38 - - [26/Oct/2015:08:43:34 -0500] "GET /BLA/boletinlegal/js/jquery.scrollShow.js HTTP/1.1" 200 4586
146.83.195.38 - - [26/Oct/2015:08:43:34 -0500] "GET /galeria/galeria/jquery.fancybox.js?v=2.1.5 HTTP/1.1" 200 48706
66.249.64.101 - - [26/Oct/2015:08:43:34 -0500] "GET /BLA/resoluciones/RESOLUCIONES%202009/6854.pdf HTTP/1.1" 200 238693
190.248.63.211 - - [26/Oct/2015:08:43:35 -0500] "GET /BLA/boletinlegal/js/jquery.scrollShow.js HTTP/1.1" 304 -
190.248.63.211 - - [26/Oct/2015:08:43:35 -0500] "GET /galeria/galeria/jquery.fancybox.css?v=2.1.5 HTTP/1.1" 304 -
190.248.63.211 - - [26/Oct/2015:08:43:35 -0500] "GET /galeria/galeria/jquery.fancybox.js?v=2.1.5 HTTP/1.1" 304 -
181.49.75.62 - - [26/Oct/2015:08:43:35 -0500] "POST /forms/lservlet;jsessionid=ac16012b30d623aa75301d434a618e46d86a7cb5ea95.e3iSbxaKaheRe38Ka34Oa3eLbxf0n6jAmljGr5XDqQLvpAe HTTP/1.1" 200 24
190.248.63.211 - - [26/Oct/2015:08:43:35 -0500] "GET /autoliquidacion HTTP/1.1" 301 310
190.248.63.211 - - [26/Oct/2015:08:43:35 -0500] "GET /autoliquidacion/ HTTP/1.1" 200 6375
190.248.63.211 - - [26/Oct/2015:08:43:36 -0500] "GET /autoliquidacion/dlf/styles.css HTTP/1.1" 304 -
190.248.63.211 - - [26/Oct/2015:08:43:36 -0500] "GET /autoliquidacion/dlf/folder.png HTTP/1.1" 304 -
190.248.63.211 - - [26/Oct/2015:08:43:36 -0500] "GET /autoliquidacion/dlf/bg.gif HTTP/1.1" 304 -
181.49.75.62 - - [26/Oct/2015:08:43:35 -0500] "POST /forms/lservlet;jsessionid=ac16012b30d623aa75301d434a618e46d86a7cb5ea95.e3iSbxaKaheRe38Ka34Oa3eLbxf0n6jAmljGr5XDqQLvpAe HTTP/1.1" 200 3654
181.49.75.62 - - [26/Oct/2015:08:43:36 -0500] "POST /forms/lservlet;jsessionid=ac16012b30d623aa75301d434a618e46d86a7cb5ea95.e3iSbxaKaheRe38Ka34Oa3eLbxf0n6jAmljGr5XDqQLvpAe HTTP/1.1" 200 2
181.63.180.197 - - [26/Oct/2015:08:43:38 -0500] "GET /galeria/nivo-slider/demo/images/Banner-encuesta-de-percepscio.jpg HTTP/1.1" 200 201899
181.63.180.197 - - [26/Oct/2015:08:43:38 -0500] "GET /galeria/nivo-slider/demo/images/Invitacion-productos-veterinario.jpg HTTP/1.1" 200 247568
190.248.63.211 - - [26/Oct/2015:08:43:38 -0500] "GET /autoliquidacion/index.php?dir=Solicitudes+relacionadas+con+calidad+del+aire+auditiva+y+visual%2F HTTP/1.1" 200 5748
181.63.180.197 - - [26/Oct/2015:08:43:38 -0500] "GET /galeria/nivo-slider/demo/images/rendicion-de-cuentas-formulario.jpg HTTP/1.1" 200 166357
181.63.180.197 - - [26/Oct/2015:08:43:39 -0500] "GET /galeria/nivo-slider/demo/images/Arbol-banner2015.jpg HTTP/1.1" 200 226910
181.63.180.197 - - [26/Oct/2015:08:43:39 -0500] "GET /galeria/nivo-slider/demo/images/Cmapana-onestidad.jpg HTTP/1.1" 200 141638
181.63.180.197 - - [26/Oct/2015:08:43:39 -0500] "GET /galeria/nivo-slider/demo/images/Banner-ahorro-de-agua.jpg HTTP/1.1" 200 149141
181.63.180.197 - - [26/Oct/2015:08:43:40 -0500] "GET /galeria/nivo-slider/demo/images/Plan-Quinquenal.jpg HTTP/1.1" 200 412438
190.248.63.211 - - [26/Oct/2015:08:43:40 -0500] "GET /autoliquidacion/index.php?dir=Solicitudes+relacionadas+con+calidad+del+aire+auditiva+y+visual%2FEvaluaci%F3n+de+estudios+de+Emisiones+con+miras+a+verificar+el+cumplimiento+de+las+normas+de+emisiones%2F HTTP/1.1" 200 3251
181.133.28.48 - - [26/Oct/2015:08:43:41 -0500] "GET /galeria/galeria/jquery.fancybox.css?v=2.1.5 HTTP/1.1" 200 4895
181.133.28.48 - - [26/Oct/2015:08:43:41 -0500] "GET /galeria/galeria/jquery.fancybox.js?v=2.1.5 HTTP/1.1" 200 48706
181.133.28.48 - - [26/Oct/2015:08:43:41 -0500] "GET /BLA/boletinlegal/js/jquery.scrollShow.js HTTP/1.1" 200 4586
200.8.229.235 - - [26/Oct/2015:08:43:42 -0500] "GET /galeria/mapa/3MapaBogot%C3%A1.jpg HTTP/1.1" 200 688183
181.63.180.197 - - [26/Oct/2015:08:43:45 -0500] "GET /galeria/nivo-slider/themes/default/loading.gif HTTP/1.1" 200 1737
181.63.180.197 - - [26/Oct/2015:08:43:45 -0500] "GET /galeria/nivo-slider/demo/images/4Simple_Slider.png HTTP/1.1" 200 11722
181.49.75.62 - - [26/Oct/2015:08:43:45 -0500] "POST /forms/lservlet;jsessionid=ac16012b30d623aa75301d434a618e46d86a7cb5ea95.e3iSbxaKaheRe38Ka34Oa3eLbxf0n6jAmljGr5XDqQLvpAe HTTP/1.1" 200 2
181.49.75.62 - - [26/Oct/2015:08:43:46 -0500] "POST /forms/lservlet;jsessionid=ac16012b30d623aa75301d434a618e46d86a7cb5ea95.e3iSbxaKaheRe38Ka34Oa3eLbxf0n6jAmljGr5XDqQLvpAe HTTP/1.1" 200 2330
181.49.75.62 - - [26/Oct/2015:08:43:46 -0500] "POST /forms/lservlet;jsessionid=ac16012b30d623aa75301d434a618e46d86a7cb5ea95.e3iSbxaKaheRe38Ka34Oa3eLbxf0n6jAmljGr5XDqQLvpAe HTTP/1.1" 200 10
181.63.180.197 - - [26/Oct/2015:08:43:46 -0500] "GET /galeria/nivo-slider/demo/images/banner-llantas2.jpg HTTP/1.1" 200 204644
181.63.180.197 - - [26/Oct/2015:08:43:46 -0500] "GET /galeria/nivo-slider/demo/images/PREDAcamp.jpg HTTP/1.1" 200 295358
146.83.195.38 - - [26/Oct/2015:08:43:46 -0500] "GET /galeria/galeria/jquery.fancybox.js?v=2.1.5 HTTP/1.1" 304 -
146.83.195.38 - - [26/Oct/2015:08:43:46 -0500] "GET /BLA/boletinlegal/js/jquery.scrollShow.js HTTP/1.1" 304 -
146.83.195.38 - - [26/Oct/2015:08:43:46 -0500] "GET /galeria/galeria/jquery.fancybox.css?v=2.1.5 HTTP/1.1" 304 -
181.49.75.62 - - [26/Oct/2015:08:43:47 -0500] "POST /forms/lservlet;jsessionid=ac16012b30d623aa75301d434a618e46d86a7cb5ea95.e3iSbxaKaheRe38Ka34Oa3eLbxf0n6jAmljGr5XDqQLvpAe HTTP/1.1" 200 24
181.49.75.62 - - [26/Oct/2015:08:43:47 -0500] "POST /forms/lservlet;jsessionid=ac16012b30d623aa75301d434a618e46d86a7cb5ea95.e3iSbxaKaheRe38Ka34Oa3eLbxf0n6jAmljGr5XDqQLvpAe HTTP/1.1" 200 3534
181.49.75.62 - - [26/Oct/2015:08:43:48 -0500] "POST /forms/lservlet;jsessionid=ac16012b30d623aa75301d434a618e46d86a7cb5ea95.e3iSbxaKaheRe38Ka34Oa3eLbxf0n6jAmljGr5XDqQLvpAe HTTP/1.1" 200 2
181.63.180.197 - - [26/Oct/2015:08:43:48 -0500] "GET /galeria/nivo-slider/demo/images/9Signos.jpg HTTP/1.1" 200 81776
190.248.63.211 - - [26/Oct/2015:08:43:48 -0500] "GET /autoliquidacion/index.php?dir=Solicitudes+relacionadas+con+calidad+del+aire+auditiva+y+visual%2FEvaluaci%F3n+de+estudios+de+Emisiones+con+miras+a+verificar+el+cumplimiento+de+las+normas+de+emisiones%2F HTTP/1.1" 200 3251
190.248.63.211 - - [26/Oct/2015:08:43:48 -0500] "GET /autoliquidacion/dlf/styles.css HTTP/1.1" 304 -
190.248.63.211 - - [26/Oct/2015:08:43:48 -0500] "GET /autoliquidacion/dlf/dirup.png HTTP/1.1" 304 -
190.248.63.211 - - [26/Oct/2015:08:43:48 -0500] "GET /autoliquidacion/dlf/bg.gif HTTP/1.1" 304 -
190.248.63.211 - - [26/Oct/2015:08:43:48 -0500] "GET /autoliquidacion/dlf/html.gif HTTP/1.1" 304 -
181.63.180.197 - - [26/Oct/2015:08:43:49 -0500] "GET /galeria/nivo-slider/demo/images/Comparendo-ambiental-Banner.jpg HTTP/1.1" 200 83731
181.63.180.197 - - [26/Oct/2015:08:43:50 -0500] "GET /galeria/nivo-slider/demo/images/Ruta-vertimientos-01.jpg HTTP/1.1" 200 130151
181.63.180.197 - - [26/Oct/2015:08:43:51 -0500] "GET /galeria/nivo-slider/demo/images/bolsas-06.jpg HTTP/1.1" 200 90982
190.248.63.211 - - [26/Oct/2015:08:43:52 -0500] "GET /autoliquidacion/index.php?dir=Solicitudes+relacionadas+con+calidad+del+aire+auditiva+y+visual%2F HTTP/1.1" 200 5748
190.248.63.211 - - [26/Oct/2015:08:43:52 -0500] "GET /autoliquidacion/dlf/folder.png HTTP/1.1" 304 -
200.122.225.106 - - [26/Oct/2015:08:43:53 -0500] "GET /galeria/galeria/jquery.fancybox.css?v=2.1.5 HTTP/1.1" 200 4895
200.122.225.106 - - [26/Oct/2015:08:43:53 -0500] "GET /BLA/boletinlegal/js/jquery.scrollShow.js HTTP/1.1" 200 4586
200.122.225.106 - - [26/Oct/2015:08:43:53 -0500] "GET /galeria/galeria/jquery.fancybox.js?v=2.1.5 HTTP/1.1" 200 48706
200.122.225.106 - - [26/Oct/2015:08:43:53 -0500] "GET /galeria/carrusel/Carrusel/jquery-ui-1.8.13.custom.min.js HTTP/1.1" 200 10800
200.122.225.106 - - [26/Oct/2015:08:43:53 -0500] "GET /galeria/carrusel/Carrusel/jquery.thumbnailScroller.css HTTP/1.1" 200 2066
200.122.225.106 - - [26/Oct/2015:08:43:53 -0500] "GET /galeria/carrusel/Carrusel/jquery.thumbnailScroller.js HTTP/1.1" 200 8157
181.49.75.62 - - [26/Oct/2015:08:43:55 -0500] "POST /forms/lservlet;jsessionid=ac16012b30d623aa75301d434a618e46d86a7cb5ea95.e3iSbxaKaheRe38Ka34Oa3eLbxf0n6jAmljGr5XDqQLvpAe HTTP/1.1" 200 2
181.49.75.62 - - [26/Oct/2015:08:43:55 -0500] "POST /forms/lservlet;jsessionid=ac16012b30d623aa75301d434a618e46d86a7cb5ea95.e3iSbxaKaheRe38Ka34Oa3eLbxf0n6jAmljGr5XDqQLvpAe HTTP/1.1" 200 2330
181.49.75.62 - - [26/Oct/2015:08:43:55 -0500] "POST /forms/lservlet;jsessionid=ac16012b30d623aa75301d434a618e46d86a7cb5ea95.e3iSbxaKaheRe38Ka34Oa3eLbxf0n6jAmljGr5XDqQLvpAe HTTP/1.1" 200 10
190.248.63.211 - - [26/Oct/2015:08:43:56 -0500] "GET /autoliquidacion/index.php?dir=Solicitudes+relacionadas+con+calidad+del+aire+auditiva+y+visual%2FEvaluaci%F3n+de+permisos+de+emisi%F3n+para+fuentes+fijas%2F HTTP/1.1" 200 3709
190.248.63.211 - - [26/Oct/2015:08:43:56 -0500] "GET /autoliquidacion/dlf/pdf.gif HTTP/1.1" 304 -
66.249.64.96 - - [26/Oct/2015:08:43:57 -0500] "GET /BLA/resoluciones/RESOLUCIONES%202007/RES%202007%202101%20AL%202200/RESOLUCION%202200%20DE%202007.pdf HTTP/1.1" 304 -
181.49.75.62 - - [26/Oct/2015:08:43:57 -0500] "POST /forms/lservlet;jsessionid=ac16012b30d623aa75301d434a618e46d86a7cb5ea95.e3iSbxaKaheRe38Ka34Oa3eLbxf0n6jAmljGr5XDqQLvpAe HTTP/1.1" 200 24
181.49.75.62 - - [26/Oct/2015:08:43:57 -0500] "POST /forms/lservlet;jsessionid=ac16012b30d623aa75301d434a618e46d86a7cb5ea95.e3iSbxaKaheRe38Ka34Oa3eLbxf0n6jAmljGr5XDqQLvpAe HTTP/1.1" 200 3755
181.49.75.62 - - [26/Oct/2015:08:43:58 -0500] "POST /forms/lservlet;jsessionid=ac16012b30d623aa75301d434a618e46d86a7cb5ea95.e3iSbxaKaheRe38Ka34Oa3eLbxf0n6jAmljGr5XDqQLvpAe HTTP/1.1" 200 2
190.248.63.211 - - [26/Oct/2015:08:43:58 -0500] "GET /autoliquidacion/Solicitudes%20relacionadas%20con%20calidad%20del%20aire%20auditiva%20y%20visual/Evaluaci%C3%B3n%20de%20permisos%20de%20emisi%C3%B3n%20para%20fuentes%20fijas/lista%20de%20chequeo%20permiso%20de%20emisiones.pdf HTTP/1.1" 200 58783
200.122.225.106 - - [26/Oct/2015:08:43:58 -0500] "GET /galeria/nivo-slider/demo/demo.html HTTP/1.1" 200 4413
200.122.225.106 - - [26/Oct/2015:08:43:58 -0500] "GET /galeria/nivo-slider/themes/orman/orman.css HTTP/1.1" 200 2152
200.122.225.106 - - [26/Oct/2015:08:43:58 -0500] "GET /galeria/nivo-slider/themes/default/default.css HTTP/1.1" 200 1569
200.122.225.106 - - [26/Oct/2015:08:43:58 -0500] "GET /galeria/nivo-slider/themes/pascal/pascal.css HTTP/1.1" 200 2258
200.122.225.106 - - [26/Oct/2015:08:43:58 -0500] "GET /galeria/nivo-slider/nivo-slider.css HTTP/1.1" 200 1507
200.122.225.106 - - [26/Oct/2015:08:43:58 -0500] "GET /galeria/nivo-slider/demo/style.css HTTP/1.1" 200 2222
200.122.225.106 - - [26/Oct/2015:08:43:58 -0500] "GET /galeria/nivo-slider/demo/images/Banner-encuesta-de-percepscio.jpg HTTP/1.1" 200 201899
200.122.225.106 - - [26/Oct/2015:08:43:58 -0500] "GET /galeria/nivo-slider/demo/scripts/jquery-1.7.1.min.js HTTP/1.1" 200 93868
200.122.225.106 - - [26/Oct/2015:08:43:58 -0500] "GET /galeria/nivo-slider/jquery.nivo.slider.pack.js HTTP/1.1" 200 11561
200.122.225.106 - - [26/Oct/2015:08:43:58 -0500] "GET /galeria/nivo-slider/demo/images/rendicion-de-cuentas-formulario.jpg HTTP/1.1" 200 166357
200.122.225.106 - - [26/Oct/2015:08:43:58 -0500] "GET /galeria/nivo-slider/demo/images/Arbol-banner2015.jpg HTTP/1.1" 200 226910
200.122.225.106 - - [26/Oct/2015:08:43:58 -0500] "GET /galeria/nivo-slider/demo/images/Invitacion-productos-veterinario.jpg HTTP/1.1" 200 247568
200.122.225.106 - - [26/Oct/2015:08:43:58 -0500] "GET /galeria/nivo-slider/demo/images/4Simple_Slider.png HTTP/1.1" 200 11722
200.122.225.106 - - [26/Oct/2015:08:43:59 -0500] "GET /galeria/nivo-slider/themes/default/loading.gif HTTP/1.1" 200 1737
200.122.225.106 - - [26/Oct/2015:08:43:59 -0500] "GET /galeria/nivo-slider/demo/images/Banner-ahorro-de-agua.jpg HTTP/1.1" 200 149141
200.122.225.106 - - [26/Oct/2015:08:43:59 -0500] "GET /galeria/nivo-slider/demo/images/Plan-Quinquenal.jpg HTTP/1.1" 200 412438
200.122.225.106 - - [26/Oct/2015:08:43:59 -0500] "GET /galeria/nivo-slider/demo/images/Cmapana-onestidad.jpg HTTP/1.1" 200 141638
200.122.225.106 - - [26/Oct/2015:08:43:59 -0500] "GET /galeria/nivo-slider/demo/images/PREDAcamp.jpg HTTP/1.1" 200 295358
200.122.225.106 - - [26/Oct/2015:08:43:59 -0500] "GET /galeria/nivo-slider/demo/images/banner-llantas2.jpg HTTP/1.1" 200 204644
200.122.225.106 - - [26/Oct/2015:08:43:59 -0500] "GET /galeria/nivo-slider/demo/images/9Signos.jpg HTTP/1.1" 200 81776
200.122.225.106 - - [26/Oct/2015:08:44:00 -0500] "GET /galeria/nivo-slider/demo/images/Comparendo-ambiental-Banner.jpg HTTP/1.1" 200 83731
200.122.225.106 - - [26/Oct/2015:08:44:00 -0500] "GET /galeria/nivo-slider/demo/images/Ruta-vertimientos-01.jpg HTTP/1.1" 200 130151
200.122.225.106 - - [26/Oct/2015:08:44:00 -0500] "GET /galeria/nivo-slider/demo/images/bolsas-06.jpg HTTP/1.1" 200 90982
200.122.225.106 - - [26/Oct/2015:08:44:00 -0500] "GET /galeria/nivo-slider/demo/images/Conoce-los-humedales.jpg HTTP/1.1" 200 294036
200.122.225.106 - - [26/Oct/2015:08:44:00 -0500] "GET /galeria/nivo-slider/demo/images/ecolecta-Dic2014.png HTTP/1.1" 200 288593
200.122.225.106 - - [26/Oct/2015:08:44:02 -0500] "GET /galeria/nivo-slider/themes/default/arrows.png HTTP/1.1" 200 824
200.122.225.106 - - [26/Oct/2015:08:44:02 -0500] "GET /galeria/nivo-slider/themes/default/bullets.png HTTP/1.1" 200 1281
168.176.55.90 - - [26/Oct/2015:08:44:04 -0500] "GET /galeria/galeria/jquery.fancybox.js?v=2.1.5 HTTP/1.0" 304 -
168.176.55.90 - - [26/Oct/2015:08:44:04 -0500] "GET /galeria/galeria/jquery.fancybox.css?v=2.1.5 HTTP/1.0" 304 -
168.176.55.116 - - [26/Oct/2015:08:44:04 -0500] "GET /galeria/carrusel/Carrusel/jquery.thumbnailScroller.css HTTP/1.0" 200 2066
181.49.75.62 - - [26/Oct/2015:08:44:05 -0500] "POST /forms/lservlet;jsessionid=ac16012b30d623aa75301d434a618e46d86a7cb5ea95.e3iSbxaKaheRe38Ka34Oa3eLbxf0n6jAmljGr5XDqQLvpAe HTTP/1.1" 200 2
181.49.75.62 - - [26/Oct/2015:08:44:05 -0500] "POST /forms/lservlet;jsessionid=ac16012b30d623aa75301d434a618e46d86a7cb5ea95.e3iSbxaKaheRe38Ka34Oa3eLbxf0n6jAmljGr5XDqQLvpAe HTTP/1.1" 200 2320
181.49.75.62 - - [26/Oct/2015:08:44:05 -0500] "GET /imagenes/Srch_frw.gif HTTP/1.1" 200 925
181.49.75.62 - - [26/Oct/2015:08:44:05 -0500] "POST /forms/lservlet;jsessionid=ac16012b30d623aa75301d434a618e46d86a7cb5ea95.e3iSbxaKaheRe38Ka34Oa3eLbxf0n6jAmljGr5XDqQLvpAe HTTP/1.1" 200 10
168.176.55.116 - - [26/Oct/2015:08:44:05 -0500] "GET /galeria/nivo-slider/demo/demo.html HTTP/1.0" 200 4413
168.176.55.90 - - [26/Oct/2015:08:44:06 -0500] "GET /galeria/nivo-slider/themes/default/default.css HTTP/1.0" 200 1569
168.176.55.116 - - [26/Oct/2015:08:44:06 -0500] "GET /galeria/nivo-slider/themes/pascal/pascal.css HTTP/1.0" 200 2258
168.176.55.135 - - [26/Oct/2015:08:44:06 -0500] "GET /galeria/nivo-slider/themes/orman/orman.css HTTP/1.0" 200 2152
168.176.55.102 - - [26/Oct/2015:08:44:06 -0500] "GET /galeria/nivo-slider/demo/style.css HTTP/1.0" 200 2222
168.176.55.172 - - [26/Oct/2015:08:44:06 -0500] "GET /galeria/nivo-slider/nivo-slider.css HTTP/1.0" 200 1507
168.176.55.14 - - [26/Oct/2015:08:44:06 -0500] "GET /galeria/nivo-slider/demo/images/Banner-encuesta-de-percepscio.jpg HTTP/1.0" 200 201899
168.176.55.172 - - [26/Oct/2015:08:44:06 -0500] "GET /galeria/nivo-slider/demo/images/rendicion-de-cuentas-formulario.jpg HTTP/1.0" 200 166357
168.176.55.135 - - [26/Oct/2015:08:44:06 -0500] "GET /galeria/nivo-slider/demo/images/Invitacion-productos-veterinario.jpg HTTP/1.0" 200 247568
168.176.55.116 - - [26/Oct/2015:08:44:06 -0500] "GET /galeria/nivo-slider/demo/images/Cmapana-onestidad.jpg HTTP/1.0" 200 141638
168.176.55.227 - - [26/Oct/2015:08:44:06 -0500] "GET /galeria/nivo-slider/demo/images/Arbol-banner2015.jpg HTTP/1.0" 200 226910
168.176.55.63 - - [26/Oct/2015:08:44:06 -0500] "GET /galeria/nivo-slider/demo/images/Banner-ahorro-de-agua.jpg HTTP/1.0" 200 149141
181.49.75.62 - - [26/Oct/2015:08:44:06 -0500] "POST /forms/lservlet;jsessionid=ac16012b30d623aa75301d434a618e46d86a7cb5ea95.e3iSbxaKaheRe38Ka34Oa3eLbxf0n6jAmljGr5XDqQLvpAe HTTP/1.1" 200 24
201.245.192.253 - - [26/Oct/2015:08:44:07 -0500] "GET /desprendiblespago/controlador HTTP/1.1" 200 2321
201.245.192.253 - - [26/Oct/2015:08:44:07 -0500] "GET /desprendiblespago/css/estilos.css HTTP/1.1" 200 3850
201.245.192.253 - - [26/Oct/2015:08:44:07 -0500] "GET /desprendiblespago/scripts/validarIngreso.js HTTP/1.1" 200 851
201.245.192.253 - - [26/Oct/2015:08:44:07 -0500] "GET /desprendiblespago/images/cabezoteHojaVida.jpg HTTP/1.1" 200 8386
181.49.75.62 - - [26/Oct/2015:08:44:07 -0500] "POST /forms/lservlet;jsessionid=ac16012b30d623aa75301d434a618e46d86a7cb5ea95.e3iSbxaKaheRe38Ka34Oa3eLbxf0n6jAmljGr5XDqQLvpAe HTTP/1.1" 200 4622
181.49.75.62 - - [26/Oct/2015:08:44:07 -0500] "POST /forms/lservlet;jsessionid=ac16012b30d623aa75301d434a618e46d86a7cb5ea95.e3iSbxaKaheRe38Ka34Oa3eLbxf0n6jAmljGr5XDqQLvpAe HTTP/1.1" 200 2
168.176.55.116 - - [26/Oct/2015:08:44:07 -0500] "GET /galeria/nivo-slider/themes/default/loading.gif HTTP/1.0" 200 1737
168.176.55.135 - - [26/Oct/2015:08:44:07 -0500] "GET /galeria/nivo-slider/demo/images/4Simple_Slider.png HTTP/1.0" 200 11722
168.176.55.102 - - [26/Oct/2015:08:44:07 -0500] "GET /galeria/nivo-slider/demo/images/Plan-Quinquenal.jpg HTTP/1.0" 200 412438
168.176.55.49 - - [26/Oct/2015:08:44:07 -0500] "GET /galeria/nivo-slider/demo/images/PREDAcamp.jpg HTTP/1.0" 200 295358
168.176.55.102 - - [26/Oct/2015:08:44:08 -0500] "GET /galeria/nivo-slider/demo/images/banner-llantas2.jpg HTTP/1.0" 200 204644
201.245.192.253 - - [26/Oct/2015:08:44:07 -0500] "GET /desprendiblespago/images/logo_bogota_p.jpg HTTP/1.1" 200 48017
201.245.192.253 - - [26/Oct/2015:08:44:08 -0500] "GET /favicon.ico HTTP/1.1" 200 7782
168.176.55.14 - - [26/Oct/2015:08:44:08 -0500] "GET /galeria/nivo-slider/demo/images/9Signos.jpg HTTP/1.0" 200 81776
168.176.55.227 - - [26/Oct/2015:08:44:08 -0500] "GET /galeria/nivo-slider/demo/images/Comparendo-ambiental-Banner.jpg HTTP/1.0" 200 83731
168.176.55.116 - - [26/Oct/2015:08:44:08 -0500] "GET /galeria/nivo-slider/demo/images/Ruta-vertimientos-01.jpg HTTP/1.0" 200 130151
181.49.76.213 - - [26/Oct/2015:08:44:06 -0500] "GET /BLA/resoluciones/RESOLUCIONES%202007/RES%202007%204001%20AL%204100/RESOLUCION%204090%20DE%202007.pdf HTTP/1.1" 200 13950935
168.176.55.227 - - [26/Oct/2015:08:44:08 -0500] "GET /galeria/nivo-slider/demo/images/bolsas-06.jpg HTTP/1.0" 200 90982
181.49.76.213 - - [26/Oct/2015:08:44:08 -0500] "GET /favicon.ico HTTP/1.1" 200 7782
168.176.55.227 - - [26/Oct/2015:08:44:08 -0500] "GET /galeria/nivo-slider/demo/images/Conoce-los-humedales.jpg HTTP/1.0" 200 294036
168.176.55.116 - - [26/Oct/2015:08:44:08 -0500] "GET /galeria/nivo-slider/demo/images/ecolecta-Dic2014.png HTTP/1.0" 200 288593
190.248.63.211 - - [26/Oct/2015:08:44:09 -0500] "GET /autoliquidacion/Solicitudes%20relacionadas%20con%20calidad%20del%20aire%20auditiva%20y%20visual/Evaluaci%C3%B3n%20de%20permisos%20de%20emisi%C3%B3n%20para%20fuentes%20fijas/industrias,%20obras%20o%20actividades%20que%20requieren%20permiso%20de%20emisiones%20atmosfe.pdf HTTP/1.1" 200 81090
201.245.192.253 - - [26/Oct/2015:08:44:10 -0500] "POST /forms/lservlet;jsessionid=ac16012b30d6efa81a25dc744340b39aef670bb905e8.e3iSbxaKaheRe38Ka34Oa3eLbxf0n6jAmljGr5XDqQLvpAe HTTP/1.1" 200 2
168.176.55.116 - - [26/Oct/2015:08:44:10 -0500] "GET /galeria/nivo-slider/themes/default/arrows.png HTTP/1.0" 200 824
168.176.55.227 - - [26/Oct/2015:08:44:10 -0500] "GET /galeria/nivo-slider/themes/default/bullets.png HTTP/1.0" 200 1281
186.85.90.90 - - [26/Oct/2015:08:44:14 -0500] "POST /forms/lservlet;jsessionid=ac16012b30d666babcd0c7314b70b22ec53063f86b00.e3iSbxaKaheRe38Ka34Oa3eLbxf0n6jAmljGr5XDqQLvpAe HTTP/1.1" 200 2
74.86.158.110 - - [26/Oct/2015:08:44:17 -0500] "HEAD / HTTP/1.1" 200 -
181.49.75.62 - - [26/Oct/2015:08:44:18 -0500] "POST /forms/lservlet;jsessionid=ac16012b30d623aa75301d434a618e46d86a7cb5ea95.e3iSbxaKaheRe38Ka34Oa3eLbxf0n6jAmljGr5XDqQLvpAe HTTP/1.1" 200 2
181.49.75.62 - - [26/Oct/2015:08:44:18 -0500] "POST /forms/lservlet;jsessionid=ac16012b30d623aa75301d434a618e46d86a7cb5ea95.e3iSbxaKaheRe38Ka34Oa3eLbxf0n6jAmljGr5XDqQLvpAe HTTP/1.1" 200 2368
181.49.75.62 - - [26/Oct/2015:08:44:18 -0500] "GET /imagenes/Srch_frw.gif HTTP/1.1" 200 925
181.49.75.62 - - [26/Oct/2015:08:44:18 -0500] "POST /forms/lservlet;jsessionid=ac16012b30d623aa75301d434a618e46d86a7cb5ea95.e3iSbxaKaheRe38Ka34Oa3eLbxf0n6jAmljGr5XDqQLvpAe HTTP/1.1" 200 10
181.49.75.62 - - [26/Oct/2015:08:44:20 -0500] "POST /forms/lservlet;jsessionid=ac16012b30d623aa75301d434a618e46d86a7cb5ea95.e3iSbxaKaheRe38Ka34Oa3eLbxf0n6jAmljGr5XDqQLvpAe HTTP/1.1" 200 24
181.49.75.62 - - [26/Oct/2015:08:44:20 -0500] "POST /forms/lservlet;jsessionid=ac16012b30d623aa75301d434a618e46d86a7cb5ea95.e3iSbxaKaheRe38Ka34Oa3eLbxf0n6jAmljGr5XDqQLvpAe HTTP/1.1" 200 4453
181.49.75.62 - - [26/Oct/2015:08:44:21 -0500] "POST /forms/lservlet;jsessionid=ac16012b30d623aa75301d434a618e46d86a7cb5ea95.e3iSbxaKaheRe38Ka34Oa3eLbxf0n6jAmljGr5XDqQLvpAe HTTP/1.1" 200 2
190.248.63.211 - - [26/Oct/2015:08:44:23 -0500] "GET /autoliquidacion/index.php?dir=Solicitudes+relacionadas+con+calidad+del+aire+auditiva+y+visual%2FAcompa%F1amiento+para+muestreo+isocin%E9tico+y+o+determinaciones+de+emisiones+a+fuentes+fijas%2F HTTP/1.1" 200 6029
190.248.63.211 - - [26/Oct/2015:08:44:24 -0500] "GET /autoliquidacion/dlf/xls.gif HTTP/1.1" 304 -
186.170.240.134 - - [26/Oct/2015:08:44:26 -0500] "GET /galeria/galeria/fotos/juan-amarillo4G.jpg HTTP/1.1" 200 202445
190.248.63.211 - - [26/Oct/2015:08:44:26 -0500] "GET /autoliquidacion/Solicitudes%20relacionadas%20con%20calidad%20del%20aire%20auditiva%20y%20visual/Acompa%C3%B1amiento%20para%20muestreo%20isocin%C3%A9tico%20y%20o%20determinaciones%20de%20emisiones%20a%20fuentes%20fijas/formato%20inspeccion%20orificios%20criticos.xls HTTP/1.1" 200 387072
190.248.63.211 - - [26/Oct/2015:08:44:28 -0500] "OPTIONS /autoliquidacion/Solicitudes%20relacionadas%20con%20calidad%20del%20aire%20auditiva%20y%20visual/Acompa%C3%B1amiento%20para%20muestreo%20isocin%C3%A9tico%20y%20o%20determinaciones%20de%20emisiones%20a%20fuentes%20fijas/ HTTP/1.1" 200 -
181.49.75.62 - - [26/Oct/2015:08:44:30 -0500] "POST /forms/lservlet;jsessionid=ac16012b30d623aa75301d434a618e46d86a7cb5ea95.e3iSbxaKaheRe38Ka34Oa3eLbxf0n6jAmljGr5XDqQLvpAe HTTP/1.1" 200 2
201.245.192.253 - - [26/Oct/2015:08:44:30 -0500] "POST /desprendiblespago/controlador HTTP/1.1" 200 5351
181.49.75.62 - - [26/Oct/2015:08:44:30 -0500] "POST /forms/lservlet;jsessionid=ac16012b30d623aa75301d434a618e46d86a7cb5ea95.e3iSbxaKaheRe38Ka34Oa3eLbxf0n6jAmljGr5XDqQLvpAe HTTP/1.1" 200 2376
181.49.75.62 - - [26/Oct/2015:08:44:30 -0500] "POST /forms/lservlet;jsessionid=ac16012b30d623aa75301d434a618e46d86a7cb5ea95.e3iSbxaKaheRe38Ka34Oa3eLbxf0n6jAmljGr5XDqQLvpAe HTTP/1.1" 200 10
181.49.75.62 - - [26/Oct/2015:08:44:31 -0500] "POST /forms/lservlet;jsessionid=ac16012b30d623aa75301d434a618e46d86a7cb5ea95.e3iSbxaKaheRe38Ka34Oa3eLbxf0n6jAmljGr5XDqQLvpAe HTTP/1.1" 200 24
181.49.75.62 - - [26/Oct/2015:08:44:31 -0500] "POST /forms/lservlet;jsessionid=ac16012b30d623aa75301d434a618e46d86a7cb5ea95.e3iSbxaKaheRe38Ka34Oa3eLbxf0n6jAmljGr5XDqQLvpAe HTTP/1.1" 200 3815
181.49.75.62 - - [26/Oct/2015:08:44:32 -0500] "POST /forms/lservlet;jsessionid=ac16012b30d623aa75301d434a618e46d86a7cb5ea95.e3iSbxaKaheRe38Ka34Oa3eLbxf0n6jAmljGr5XDqQLvpAe HTTP/1.1" 200 2
186.83.32.127 - - [26/Oct/2015:08:44:32 -0500] "GET /galeria/galeria/jquery.fancybox.css?v=2.1.5 HTTP/1.1" 200 4895
186.83.32.127 - - [26/Oct/2015:08:44:32 -0500] "GET /BLA/boletinlegal/js/jquery.scrollShow.js HTTP/1.1" 200 4586
186.83.32.127 - - [26/Oct/2015:08:44:32 -0500] "GET /galeria/galeria/jquery.fancybox.js?v=2.1.5 HTTP/1.1" 200 48706
201.245.192.253 - - [26/Oct/2015:08:44:33 -0500] "POST /desprendiblespago/controlador HTTP/1.1" 200 6625
181.49.75.62 - - [26/Oct/2015:08:44:36 -0500] "POST /forms/lservlet;jsessionid=ac16012b30d623aa75301d434a618e46d86a7cb5ea95.e3iSbxaKaheRe38Ka34Oa3eLbxf0n6jAmljGr5XDqQLvpAe HTTP/1.1" 200 63
201.245.192.253 - - [26/Oct/2015:08:44:36 -0500] "POST /desprendiblespago/controlador HTTP/1.1" 200 11355
190.248.63.211 - - [26/Oct/2015:08:44:36 -0500] "GET /autoliquidacion/Solicitudes%20relacionadas%20con%20calidad%20del%20aire%20auditiva%20y%20visual/Acompa%C3%B1amiento%20para%20muestreo%20isocin%C3%A9tico%20y%20o%20determinaciones%20de%20emisiones%20a%20fuentes%20fijas/formato%20metodo%2025%20a%20hc%20totales.pdf HTTP/1.1" 200 125359
201.245.192.253 - - [26/Oct/2015:08:44:38 -0500] "POST /desprendiblespago/controlador HTTP/1.1" 200 86698
181.49.75.62 - - [26/Oct/2015:08:44:46 -0500] "POST /forms/lservlet;jsessionid=ac16012b30d623aa75301d434a618e46d86a7cb5ea95.e3iSbxaKaheRe38Ka34Oa3eLbxf0n6jAmljGr5XDqQLvpAe HTTP/1.1" 200 51
181.49.75.62 - - [26/Oct/2015:08:44:47 -0500] "POST /forms/lservlet;jsessionid=ac16012b30d623aa75301d434a618e46d86a7cb5ea95.e3iSbxaKaheRe38Ka34Oa3eLbxf0n6jAmljGr5XDqQLvpAe HTTP/1.1" 200 2
181.49.75.62 - - [26/Oct/2015:08:44:47 -0500] "POST /forms/lservlet;jsessionid=ac16012b30d623aa75301d434a618e46d86a7cb5ea95.e3iSbxaKaheRe38Ka34Oa3eLbxf0n6jAmljGr5XDqQLvpAe HTTP/1.1" 200 2322
181.49.75.62 - - [26/Oct/2015:08:44:47 -0500] "GET /imagenes/Srch_frw.gif HTTP/1.1" 200 925
181.49.75.62 - - [26/Oct/2015:08:44:47 -0500] "POST /forms/lservlet;jsessionid=ac16012b30d623aa75301d434a618e46d86a7cb5ea95.e3iSbxaKaheRe38Ka34Oa3eLbxf0n6jAmljGr5XDqQLvpAe HTTP/1.1" 200 10
201.245.192.253 - - [26/Oct/2015:08:44:47 -0500] "POST /desprendiblespago/controlador HTTP/1.1" 200 24558
201.245.192.253 - - [26/Oct/2015:08:44:47 -0500] "POST /desprendiblespago/controlador HTTP/1.1" 200 86698
181.49.75.62 - - [26/Oct/2015:08:44:48 -0500] "POST /forms/lservlet;jsessionid=ac16012b30d623aa75301d434a618e46d86a7cb5ea95.e3iSbxaKaheRe38Ka34Oa3eLbxf0n6jAmljGr5XDqQLvpAe HTTP/1.1" 200 24
181.49.75.62 - - [26/Oct/2015:08:44:48 -0500] "POST /forms/lservlet;jsessionid=ac16012b30d623aa75301d434a618e46d86a7cb5ea95.e3iSbxaKaheRe38Ka34Oa3eLbxf0n6jAmljGr5XDqQLvpAe HTTP/1.1" 200 5139
181.49.75.62 - - [26/Oct/2015:08:44:49 -0500] "POST /forms/lservlet;jsessionid=ac16012b30d623aa75301d434a618e46d86a7cb5ea95.e3iSbxaKaheRe38Ka34Oa3eLbxf0n6jAmljGr5XDqQLvpAe HTTP/1.1" 200 2
186.83.32.127 - - [26/Oct/2015:08:44:51 -0500] "GET /BLA/boletinlegal/js/jquery.scrollShow.js HTTP/1.1" 304 -
186.83.32.127 - - [26/Oct/2015:08:44:51 -0500] "GET /galeria/galeria/jquery.fancybox.css?v=2.1.5 HTTP/1.1" 304 -
186.83.32.127 - - [26/Oct/2015:08:44:51 -0500] "GET /galeria/galeria/jquery.fancybox.js?v=2.1.5 HTTP/1.1" 304 -
181.49.75.62 - - [26/Oct/2015:08:44:57 -0500] "POST /forms/lservlet;jsessionid=ac16012b30d623aa75301d434a618e46d86a7cb5ea95.e3iSbxaKaheRe38Ka34Oa3eLbxf0n6jAmljGr5XDqQLvpAe HTTP/1.1" 200 2
181.49.75.62 - - [26/Oct/2015:08:44:57 -0500] "POST /forms/lservlet;jsessionid=ac16012b30d623aa75301d434a618e46d86a7cb5ea95.e3iSbxaKaheRe38Ka34Oa3eLbxf0n6jAmljGr5XDqQLvpAe HTTP/1.1" 200 2397
181.49.75.62 - - [26/Oct/2015:08:44:57 -0500] "GET /imagenes/Srch_frw.gif HTTP/1.1" 200 925
181.49.75.62 - - [26/Oct/2015:08:44:57 -0500] "POST /forms/lservlet;jsessionid=ac16012b30d623aa75301d434a618e46d86a7cb5ea95.e3iSbxaKaheRe38Ka34Oa3eLbxf0n6jAmljGr5XDqQLvpAe HTTP/1.1" 200 10
186.78.90.186 - - [26/Oct/2015:08:44:58 -0500] "GET /galeria/nivo-slider/demo/demo.html HTTP/1.1" 200 4413
186.78.90.186 - - [26/Oct/2015:08:44:58 -0500] "GET /galeria/carrusel/Carrusel/jquery.thumbnailScroller.css HTTP/1.1" 200 2066
186.78.90.186 - - [26/Oct/2015:08:44:58 -0500] "GET /galeria/carrusel/Carrusel/jquery-ui-1.8.13.custom.min.js HTTP/1.1" 200 10800
186.78.90.186 - - [26/Oct/2015:08:44:58 -0500] "GET /galeria/carrusel/Carrusel/jquery.thumbnailScroller.js HTTP/1.1" 200 8157
186.78.90.186 - - [26/Oct/2015:08:44:58 -0500] "GET /galeria/nivo-slider/themes/default/default.css HTTP/1.1" 200 1569
186.78.90.186 - - [26/Oct/2015:08:44:58 -0500] "GET /galeria/nivo-slider/themes/pascal/pascal.css HTTP/1.1" 200 2258
186.78.90.186 - - [26/Oct/2015:08:44:58 -0500] "GET /galeria/nivo-slider/themes/orman/orman.css HTTP/1.1" 200 2152
186.78.90.186 - - [26/Oct/2015:08:44:58 -0500] "GET /galeria/nivo-slider/nivo-slider.css HTTP/1.1" 200 1507
186.78.90.186 - - [26/Oct/2015:08:44:59 -0500] "GET /galeria/nivo-slider/demo/style.css HTTP/1.1" 200 2222
186.78.90.186 - - [26/Oct/2015:08:44:59 -0500] "GET /galeria/nivo-slider/demo/scripts/jquery-1.7.1.min.js HTTP/1.1" 200 93868
186.78.90.186 - - [26/Oct/2015:08:44:59 -0500] "GET /galeria/nivo-slider/jquery.nivo.slider.pack.js HTTP/1.1" 200 11561
181.49.75.62 - - [26/Oct/2015:08:44:59 -0500] "POST /forms/lservlet;jsessionid=ac16012b30d623aa75301d434a618e46d86a7cb5ea95.e3iSbxaKaheRe38Ka34Oa3eLbxf0n6jAmljGr5XDqQLvpAe HTTP/1.1" 200 24
186.78.90.186 - - [26/Oct/2015:08:44:59 -0500] "GET /galeria/nivo-slider/demo/images/4Simple_Slider.png HTTP/1.1" 200 11722
186.78.90.186 - - [26/Oct/2015:08:44:59 -0500] "GET /galeria/nivo-slider/themes/default/loading.gif HTTP/1.1" 200 1737
181.49.75.62 - - [26/Oct/2015:08:44:59 -0500] "POST /forms/lservlet;jsessionid=ac16012b30d623aa75301d434a618e46d86a7cb5ea95.e3iSbxaKaheRe38Ka34Oa3eLbxf0n6jAmljGr5XDqQLvpAe HTTP/1.1" 200 3821
181.49.75.62 - - [26/Oct/2015:08:44:59 -0500] "POST /forms/lservlet;jsessionid=ac16012b30d623aa75301d434a618e46d86a7cb5ea95.e3iSbxaKaheRe38Ka34Oa3eLbxf0n6jAmljGr5XDqQLvpAe HTTP/1.1" 200 2
186.78.90.186 - - [26/Oct/2015:08:45:01 -0500] "GET /galeria/nivo-slider/demo/images/Invitacion-productos-veterinario.jpg HTTP/1.1" 200 247568
186.78.90.186 - - [26/Oct/2015:08:45:01 -0500] "GET /galeria/nivo-slider/demo/images/Banner-encuesta-de-percepscio.jpg HTTP/1.1" 200 201899
186.78.90.186 - - [26/Oct/2015:08:45:01 -0500] "GET /galeria/nivo-slider/demo/images/rendicion-de-cuentas-formulario.jpg HTTP/1.1" 200 166357
186.78.90.186 - - [26/Oct/2015:08:45:01 -0500] "GET /galeria/nivo-slider/demo/images/Arbol-banner2015.jpg HTTP/1.1" 200 226910
186.78.90.186 - - [26/Oct/2015:08:45:04 -0500] "GET /galeria/nivo-slider/demo/images/Banner-ahorro-de-agua.jpg HTTP/1.1" 200 149141
186.78.90.186 - - [26/Oct/2015:08:45:04 -0500] "GET /galeria/nivo-slider/demo/images/Cmapana-onestidad.jpg HTTP/1.1" 200 141638
186.78.90.186 - - [26/Oct/2015:08:45:04 -0500] "GET /galeria/nivo-slider/demo/images/Plan-Quinquenal.jpg HTTP/1.1" 200 412438
186.78.90.186 - - [26/Oct/2015:08:45:06 -0500] "GET /galeria/nivo-slider/demo/images/PREDAcamp.jpg HTTP/1.1" 200 295358
186.78.90.186 - - [26/Oct/2015:08:45:07 -0500] "GET /galeria/nivo-slider/demo/images/banner-llantas2.jpg HTTP/1.1" 200 204644
186.78.90.186 - - [26/Oct/2015:08:45:07 -0500] "GET /galeria/nivo-slider/demo/images/9Signos.jpg HTTP/1.1" 200 81776
181.49.75.62 - - [26/Oct/2015:08:45:07 -0500] "POST /forms/lservlet;jsessionid=ac16012b30d623aa75301d434a618e46d86a7cb5ea95.e3iSbxaKaheRe38Ka34Oa3eLbxf0n6jAmljGr5XDqQLvpAe HTTP/1.1" 200 2
181.49.75.62 - - [26/Oct/2015:08:45:07 -0500] "POST /forms/lservlet;jsessionid=ac16012b30d623aa75301d434a618e46d86a7cb5ea95.e3iSbxaKaheRe38Ka34Oa3eLbxf0n6jAmljGr5XDqQLvpAe HTTP/1.1" 200 2248
181.49.75.62 - - [26/Oct/2015:08:45:07 -0500] "GET /imagenes/Srch_frw.gif HTTP/1.1" 200 925
181.49.75.62 - - [26/Oct/2015:08:45:07 -0500] "POST /forms/lservlet;jsessionid=ac16012b30d623aa75301d434a618e46d86a7cb5ea95.e3iSbxaKaheRe38Ka34Oa3eLbxf0n6jAmljGr5XDqQLvpAe HTTP/1.1" 200 10
186.78.90.186 - - [26/Oct/2015:08:45:07 -0500] "GET /galeria/nivo-slider/demo/images/Comparendo-ambiental-Banner.jpg HTTP/1.1" 200 83731
186.78.90.186 - - [26/Oct/2015:08:45:08 -0500] "GET /galeria/nivo-slider/demo/images/Ruta-vertimientos-01.jpg HTTP/1.1" 200 130151
186.78.90.186 - - [26/Oct/2015:08:45:08 -0500] "GET /galeria/nivo-slider/demo/images/bolsas-06.jpg HTTP/1.1" 200 90982
181.49.75.62 - - [26/Oct/2015:08:45:08 -0500] "POST /forms/lservlet;jsessionid=ac16012b30d623aa75301d434a618e46d86a7cb5ea95.e3iSbxaKaheRe38Ka34Oa3eLbxf0n6jAmljGr5XDqQLvpAe HTTP/1.1" 200 24
186.78.90.186 - - [26/Oct/2015:08:45:08 -0500] "GET /galeria/nivo-slider/demo/images/Conoce-los-humedales.jpg HTTP/1.1" 200 294036
186.78.90.186 - - [26/Oct/2015:08:45:08 -0500] "GET /galeria/nivo-slider/demo/images/ecolecta-Dic2014.png HTTP/1.1" 200 288593
181.49.75.62 - - [26/Oct/2015:08:45:09 -0500] "POST /forms/lservlet;jsessionid=ac16012b30d623aa75301d434a618e46d86a7cb5ea95.e3iSbxaKaheRe38Ka34Oa3eLbxf0n6jAmljGr5XDqQLvpAe HTTP/1.1" 200 3856
181.49.75.62 - - [26/Oct/2015:08:45:09 -0500] "POST /forms/lservlet;jsessionid=ac16012b30d623aa75301d434a618e46d86a7cb5ea95.e3iSbxaKaheRe38Ka34Oa3eLbxf0n6jAmljGr5XDqQLvpAe HTTP/1.1" 200 2
186.78.90.186 - - [26/Oct/2015:08:45:10 -0500] "GET /galeria/nivo-slider/themes/default/arrows.png HTTP/1.1" 200 824
186.78.90.186 - - [26/Oct/2015:08:45:10 -0500] "GET /galeria/nivo-slider/themes/default/bullets.png HTTP/1.1" 200 1281
181.49.76.213 - - [26/Oct/2015:08:45:17 -0500] "GET /BLA/resoluciones/RESOLUCIONES%202007/RES%202007%204001%20AL%204100/RESOLUCION%204090%20DE%202007.pdf HTTP/1.1" 206 32768
181.49.76.213 - - [26/Oct/2015:08:45:17 -0500] "GET /BLA/resoluciones/RESOLUCIONES%202007/RES%202007%204001%20AL%204100/RESOLUCION%204090%20DE%202007.pdf HTTP/1.1" 206 13918167
181.49.75.62 - - [26/Oct/2015:08:45:18 -0500] "POST /forms/lservlet;jsessionid=ac16012b30d623aa75301d434a618e46d86a7cb5ea95.e3iSbxaKaheRe38Ka34Oa3eLbxf0n6jAmljGr5XDqQLvpAe HTTP/1.1" 200 2
181.49.75.62 - - [26/Oct/2015:08:45:18 -0500] "POST /forms/lservlet;jsessionid=ac16012b30d623aa75301d434a618e46d86a7cb5ea95.e3iSbxaKaheRe38Ka34Oa3eLbxf0n6jAmljGr5XDqQLvpAe HTTP/1.1" 200 2302
181.49.75.62 - - [26/Oct/2015:08:45:18 -0500] "GET /imagenes/Srch_frw.gif HTTP/1.1" 200 925
181.49.75.62 - - [26/Oct/2015:08:45:18 -0500] "POST /forms/lservlet;jsessionid=ac16012b30d623aa75301d434a618e46d86a7cb5ea95.e3iSbxaKaheRe38Ka34Oa3eLbxf0n6jAmljGr5XDqQLvpAe HTTP/1.1" 200 10
181.49.75.62 - - [26/Oct/2015:08:45:19 -0500] "POST /forms/lservlet;jsessionid=ac16012b30d623aa75301d434a618e46d86a7cb5ea95.e3iSbxaKaheRe38Ka34Oa3eLbxf0n6jAmljGr5XDqQLvpAe HTTP/1.1" 200 24
181.49.75.62 - - [26/Oct/2015:08:45:19 -0500] "POST /forms/lservlet;jsessionid=ac16012b30d623aa75301d434a618e46d86a7cb5ea95.e3iSbxaKaheRe38Ka34Oa3eLbxf0n6jAmljGr5XDqQLvpAe HTTP/1.1" 200 4128
181.49.75.62 - - [26/Oct/2015:08:45:20 -0500] "POST /forms/lservlet;jsessionid=ac16012b30d623aa75301d434a618e46d86a7cb5ea95.e3iSbxaKaheRe38Ka34Oa3eLbxf0n6jAmljGr5XDqQLvpAe HTTP/1.1" 200 2
181.49.74.194 - - [26/Oct/2015:08:45:26 -0500] "GET /galeria/galeria/jquery.fancybox.css?v=2.1.5 HTTP/1.1" 200 4895
181.49.74.194 - - [26/Oct/2015:08:45:26 -0500] "GET /galeria/galeria/jquery.fancybox.js?v=2.1.5 HTTP/1.1" 200 48706
181.49.74.194 - - [26/Oct/2015:08:45:26 -0500] "GET /BLA/boletinlegal/js/jquery.scrollShow.js HTTP/1.1" 200 4586
181.49.75.62 - - [26/Oct/2015:08:45:26 -0500] "POST /forms/lservlet;jsessionid=ac16012b30d623aa75301d434a618e46d86a7cb5ea95.e3iSbxaKaheRe38Ka34Oa3eLbxf0n6jAmljGr5XDqQLvpAe HTTP/1.1" 200 2
190.9.201.50 - - [26/Oct/2015:08:45:27 -0500] "GET /galeria/nivo-slider/demo/demo.html HTTP/1.1" 304 -
190.9.201.50 - - [26/Oct/2015:08:45:27 -0500] "GET /galeria/nivo-slider/themes/default/default.css HTTP/1.1" 304 -
190.9.201.50 - - [26/Oct/2015:08:45:27 -0500] "GET /galeria/nivo-slider/demo/images/rendicion-de-cuentas-formulario.jpg HTTP/1.1" 304 -
190.9.201.50 - - [26/Oct/2015:08:45:27 -0500] "GET /galeria/nivo-slider/demo/images/Invitacion-productos-veterinario.jpg HTTP/1.1" 304 -
190.9.201.50 - - [26/Oct/2015:08:45:27 -0500] "GET /galeria/nivo-slider/demo/images/Cmapana-onestidad.jpg HTTP/1.1" 304 -
190.9.201.50 - - [26/Oct/2015:08:45:27 -0500] "GET /galeria/nivo-slider/demo/images/Banner-ahorro-de-agua.jpg HTTP/1.1" 304 -
190.9.201.50 - - [26/Oct/2015:08:45:27 -0500] "GET /galeria/nivo-slider/demo/images/Arbol-banner2015.jpg HTTP/1.1" 304 -
181.49.74.194 - - [26/Oct/2015:08:45:32 -0500] "GET /BLA/boletinlegal/js/jquery.scrollShow.js HTTP/1.1" 304 -
181.49.74.194 - - [26/Oct/2015:08:45:32 -0500] "GET /galeria/galeria/jquery.fancybox.js?v=2.1.5 HTTP/1.1" 304 -
181.49.74.194 - - [26/Oct/2015:08:45:32 -0500] "GET /galeria/galeria/jquery.fancybox.css?v=2.1.5 HTTP/1.1" 304 -
181.49.75.62 - - [26/Oct/2015:08:45:39 -0500] "POST /forms/lservlet;jsessionid=ac16012b30d623aa75301d434a618e46d86a7cb5ea95.e3iSbxaKaheRe38Ka34Oa3eLbxf0n6jAmljGr5XDqQLvpAe HTTP/1.1" 200 2
181.49.75.62 - - [26/Oct/2015:08:45:39 -0500] "POST /forms/lservlet;jsessionid=ac16012b30d623aa75301d434a618e46d86a7cb5ea95.e3iSbxaKaheRe38Ka34Oa3eLbxf0n6jAmljGr5XDqQLvpAe HTTP/1.1" 200 2389
181.49.75.62 - - [26/Oct/2015:08:45:39 -0500] "POST /forms/lservlet;jsessionid=ac16012b30d623aa75301d434a618e46d86a7cb5ea95.e3iSbxaKaheRe38Ka34Oa3eLbxf0n6jAmljGr5XDqQLvpAe HTTP/1.1" 200 10
181.49.75.62 - - [26/Oct/2015:08:45:41 -0500] "POST /forms/lservlet;jsessionid=ac16012b30d623aa75301d434a618e46d86a7cb5ea95.e3iSbxaKaheRe38Ka34Oa3eLbxf0n6jAmljGr5XDqQLvpAe HTTP/1.1" 200 24
181.49.75.62 - - [26/Oct/2015:08:45:41 -0500] "POST /forms/lservlet;jsessionid=ac16012b30d623aa75301d434a618e46d86a7cb5ea95.e3iSbxaKaheRe38Ka34Oa3eLbxf0n6jAmljGr5XDqQLvpAe HTTP/1.1" 200 3959
190.84.85.190 - - [26/Oct/2015:08:45:41 -0500] "GET /BLA/resoluciones/RESOLUCIONES%202010/6810.pdf HTTP/1.1" 200 1502426
181.49.75.62 - - [26/Oct/2015:08:45:41 -0500] "POST /forms/lservlet;jsessionid=ac16012b30d623aa75301d434a618e46d86a7cb5ea95.e3iSbxaKaheRe38Ka34Oa3eLbxf0n6jAmljGr5XDqQLvpAe HTTP/1.1" 200 2
190.84.85.190 - - [26/Oct/2015:08:45:42 -0500] "GET /favicon.ico HTTP/1.1" 200 7782
181.49.75.62 - - [26/Oct/2015:08:45:53 -0500] "POST /forms/lservlet;jsessionid=ac16012b30d623aa75301d434a618e46d86a7cb5ea95.e3iSbxaKaheRe38Ka34Oa3eLbxf0n6jAmljGr5XDqQLvpAe HTTP/1.1" 200 2
181.49.75.62 - - [26/Oct/2015:08:45:53 -0500] "POST /forms/lservlet;jsessionid=ac16012b30d623aa75301d434a618e46d86a7cb5ea95.e3iSbxaKaheRe38Ka34Oa3eLbxf0n6jAmljGr5XDqQLvpAe HTTP/1.1" 200 2369
181.49.75.62 - - [26/Oct/2015:08:45:53 -0500] "GET /imagenes/Srch_frw.gif HTTP/1.1" 200 925
181.49.75.62 - - [26/Oct/2015:08:45:53 -0500] "POST /forms/lservlet;jsessionid=ac16012b30d623aa75301d434a618e46d86a7cb5ea95.e3iSbxaKaheRe38Ka34Oa3eLbxf0n6jAmljGr5XDqQLvpAe HTTP/1.1" 200 10
190.126.92.182 - - [26/Oct/2015:08:45:54 -0500] "GET /galeria/galeria/jquery.fancybox.css?v=2.1.5 HTTP/1.1" 304 -
190.126.92.182 - - [26/Oct/2015:08:45:54 -0500] "GET /BLA/boletinlegal/js/jquery.scrollShow.js HTTP/1.1" 304 -
190.126.92.182 - - [26/Oct/2015:08:45:54 -0500] "GET /galeria/galeria/jquery.fancybox.js?v=2.1.5 HTTP/1.1" 304 -
181.49.75.62 - - [26/Oct/2015:08:45:54 -0500] "POST /forms/lservlet;jsessionid=ac16012b30d623aa75301d434a618e46d86a7cb5ea95.e3iSbxaKaheRe38Ka34Oa3eLbxf0n6jAmljGr5XDqQLvpAe HTTP/1.1" 200 24
181.49.75.62 - - [26/Oct/2015:08:45:55 -0500] "POST /forms/lservlet;jsessionid=ac16012b30d623aa75301d434a618e46d86a7cb5ea95.e3iSbxaKaheRe38Ka34Oa3eLbxf0n6jAmljGr5XDqQLvpAe HTTP/1.1" 200 3900
181.49.75.62 - - [26/Oct/2015:08:45:55 -0500] "POST /forms/lservlet;jsessionid=ac16012b30d623aa75301d434a618e46d86a7cb5ea95.e3iSbxaKaheRe38Ka34Oa3eLbxf0n6jAmljGr5XDqQLvpAe HTTP/1.1" 200 2
190.9.200.113 - - [26/Oct/2015:08:46:03 -0500] "GET /videos/galeria-cronicas/2playlist.htm? HTTP/1.1" 200 5449
181.49.188.4 - - [26/Oct/2015:08:46:04 -0500] "GET /galeria/galeria/jquery.fancybox.css?v=2.1.5 HTTP/1.1" 200 4895
181.49.188.4 - - [26/Oct/2015:08:46:04 -0500] "GET /galeria/galeria/jquery.fancybox.js?v=2.1.5 HTTP/1.1" 200 48706
181.49.188.4 - - [26/Oct/2015:08:46:04 -0500] "GET /BLA/boletinlegal/js/jquery.scrollShow.js HTTP/1.1" 304 -
190.26.61.79 - - [26/Oct/2015:08:46:04 -0500] "GET /galeria/nivo-slider/demo/demo.html HTTP/1.1" 304 -
181.49.75.62 - - [26/Oct/2015:08:46:05 -0500] "POST /forms/lservlet;jsessionid=ac16012b30d623aa75301d434a618e46d86a7cb5ea95.e3iSbxaKaheRe38Ka34Oa3eLbxf0n6jAmljGr5XDqQLvpAe HTTP/1.1" 200 2
181.49.75.62 - - [26/Oct/2015:08:46:06 -0500] "POST /forms/lservlet;jsessionid=ac16012b30d623aa75301d434a618e46d86a7cb5ea95.e3iSbxaKaheRe38Ka34Oa3eLbxf0n6jAmljGr5XDqQLvpAe HTTP/1.1" 200 2305
181.49.75.62 - - [26/Oct/2015:08:46:06 -0500] "GET /imagenes/Srch_frw.gif HTTP/1.1" 200 925
181.49.75.62 - - [26/Oct/2015:08:46:06 -0500] "POST /forms/lservlet;jsessionid=ac16012b30d623aa75301d434a618e46d86a7cb5ea95.e3iSbxaKaheRe38Ka34Oa3eLbxf0n6jAmljGr5XDqQLvpAe HTTP/1.1" 200 10
190.9.200.113 - - [26/Oct/2015:08:46:06 -0500] "GET /videos/galeria-cronicas/js/jquery.jplayer.min.js HTTP/1.1" 200 43668
