201.245.192.253 - - [26/Oct/2015:08:37:34 -0500] "GET /IsolucionSDA/g/Bot_DocumentosOver_ESP.jpg HTTP/1.1" 200 5899
181.49.75.62 - - [26/Oct/2015:08:37:34 -0500] "POST /forms/lservlet;jsessionid=ac16012b30d623aa75301d434a618e46d86a7cb5ea95.e3iSbxaKaheRe38Ka34Oa3eLbxf0n6jAmljGr5XDqQLvpAe HTTP/1.1" 200 2342
201.245.192.253 - - [26/Oct/2015:08:37:35 -0500] "GET /IsolucionSDA/FrameSetGeneral.asp?Pagina=Menu.asp&IdModulo=4 HTTP/1.1" 200 6583
181.49.75.62 - - [26/Oct/2015:08:37:35 -0500] "POST /forms/lservlet;jsessionid=ac16012b30d623aa75301d434a618e46d86a7cb5ea95.e3iSbxaKaheRe38Ka34Oa3eLbxf0n6jAmljGr5XDqQLvpAe HTTP/1.1" 200 10
201.245.192.253 - - [26/Oct/2015:08:37:35 -0500] "GET /IsolucionSDA/Menu.asp?Pagina=Menu.asp&IdModulo=4 HTTP/1.1" 200 9695
201.245.192.253 - - [26/Oct/2015:08:37:35 -0500] "GET /IsolucionSDA/g/MenuIcono/ico_doc.jpg HTTP/1.1" 200 3103
201.245.192.253 - - [26/Oct/2015:08:37:35 -0500] "GET /IsolucionSDA/g/Img_BordeTitulo01.jpg HTTP/1.1" 200 444
201.245.192.253 - - [26/Oct/2015:08:37:35 -0500] "GET /IsolucionSDA/g/Img_BordeTitulo02.jpg HTTP/1.1" 200 451
201.245.192.253 - - [26/Oct/2015:08:37:35 -0500] "GET /IsolucionSDA/Encabezado.asp?Pagina=Menu.asp&IdModulo=4 HTTP/1.1" 200 15421
201.245.192.253 - - [26/Oct/2015:08:37:35 -0500] "GET /IsolucionSDA/BarraFavoritos.asp HTTP/1.1" 200 911
201.245.192.253 - - [26/Oct/2015:08:37:35 -0500] "GET /IsolucionSDA/BarraTitulos.asp?Pagina=Menu.asp&IdModulo=4 HTTP/1.1" 200 6985
201.245.192.253 - - [26/Oct/2015:08:37:33 -0500] "GET /IsolucionSDA/Login.aspx?TARGET=SFContainerFiltrado.aspx&number=49495056665157544549 HTTP/1.1" 302 886
201.245.192.253 - - [26/Oct/2015:08:37:35 -0500] "GET /IsolucionSDA/Session.asp?Continue=1 HTTP/1.1" 200 6323
201.245.192.253 - - [26/Oct/2015:08:37:36 -0500] "GET /IsolucionSDA/FrameSetGeneral.asp?Pagina=ListadoMaestroDocumentos3.asp HTTP/1.1" 200 6634
201.245.192.253 - - [26/Oct/2015:08:37:36 -0500] "GET /IsolucionSDA/BarraTitulos.asp?Pagina=ListadoMaestroDocumentos3.asp HTTP/1.1" 200 6985
201.245.192.253 - - [26/Oct/2015:08:37:36 -0500] "GET /IsolucionSDA/Encabezado.asp?Pagina=ListadoMaestroDocumentos3.asp HTTP/1.1" 200 15396
201.245.192.253 - - [26/Oct/2015:08:37:36 -0500] "GET /IsolucionSDA/BarraFavoritos.asp HTTP/1.1" 200 911
201.245.192.253 - - [26/Oct/2015:08:37:36 -0500] "GET /IsolucionSDA/Session.asp?Continue=1 HTTP/1.1" 200 6323
201.245.192.253 - - [26/Oct/2015:08:37:36 -0500] "GET /IsolucionSDA/ListadoMaestroDocumentos3.asp?Pagina=ListadoMaestroDocumentos3.asp HTTP/1.1" 200 11611
181.49.75.62 - - [26/Oct/2015:08:37:36 -0500] "POST /forms/lservlet;jsessionid=ac16012b30d623aa75301d434a618e46d86a7cb5ea95.e3iSbxaKaheRe38Ka34Oa3eLbxf0n6jAmljGr5XDqQLvpAe HTTP/1.1" 200 24
181.49.75.62 - - [26/Oct/2015:08:37:36 -0500] "POST /forms/lservlet;jsessionid=ac16012b30d623aa75301d434a618e46d86a7cb5ea95.e3iSbxaKaheRe38Ka34Oa3eLbxf0n6jAmljGr5XDqQLvpAe HTTP/1.1" 200 3793
181.49.75.62 - - [26/Oct/2015:08:37:37 -0500] "POST /forms/lservlet;jsessionid=ac16012b30d623aa75301d434a618e46d86a7cb5ea95.e3iSbxaKaheRe38Ka34Oa3eLbxf0n6jAmljGr5XDqQLvpAe HTTP/1.1" 200 2
190.26.49.35 - - [26/Oct/2015:08:37:41 -0500] "GET /galeria/galeria/jquery.fancybox.css?v=2.1.5 HTTP/1.1" 200 4895
190.26.49.35 - - [26/Oct/2015:08:37:41 -0500] "GET /BLA/boletinlegal/js/jquery.scrollShow.js HTTP/1.1" 200 4586
190.26.49.35 - - [26/Oct/2015:08:37:41 -0500] "GET /galeria/galeria/jquery.fancybox.js?v=2.1.5 HTTP/1.1" 200 48706
181.49.31.82 - - [26/Oct/2015:08:37:43 -0500] "GET /galeria/galeria/jquery.fancybox.js?v=2.1.5 HTTP/1.1" 304 -
181.49.31.82 - - [26/Oct/2015:08:37:43 -0500] "GET /BLA/boletinlegal/js/jquery.scrollShow.js HTTP/1.1" 304 -
181.49.31.82 - - [26/Oct/2015:08:37:43 -0500] "GET /galeria/galeria/jquery.fancybox.css?v=2.1.5 HTTP/1.1" 304 -
181.49.75.62 - - [26/Oct/2015:08:37:44 -0500] "POST /forms/lservlet;jsessionid=ac16012b30d623aa75301d434a618e46d86a7cb5ea95.e3iSbxaKaheRe38Ka34Oa3eLbxf0n6jAmljGr5XDqQLvpAe HTTP/1.1" 200 2
181.49.75.62 - - [26/Oct/2015:08:37:44 -0500] "POST /forms/lservlet;jsessionid=ac16012b30d623aa75301d434a618e46d86a7cb5ea95.e3iSbxaKaheRe38Ka34Oa3eLbxf0n6jAmljGr5XDqQLvpAe HTTP/1.1" 200 2338
181.49.75.62 - - [26/Oct/2015:08:37:44 -0500] "GET /imagenes/Srch_frw.gif HTTP/1.1" 200 925
181.49.75.62 - - [26/Oct/2015:08:37:44 -0500] "POST /forms/lservlet;jsessionid=ac16012b30d623aa75301d434a618e46d86a7cb5ea95.e3iSbxaKaheRe38Ka34Oa3eLbxf0n6jAmljGr5XDqQLvpAe HTTP/1.1" 200 10
201.245.192.253 - - [26/Oct/2015:08:37:44 -0500] "POST /desprendiblespago/controlador HTTP/1.1" 200 5349
181.49.75.62 - - [26/Oct/2015:08:37:46 -0500] "POST /forms/lservlet;jsessionid=ac16012b30d623aa75301d434a618e46d86a7cb5ea95.e3iSbxaKaheRe38Ka34Oa3eLbxf0n6jAmljGr5XDqQLvpAe HTTP/1.1" 200 24
181.49.75.62 - - [26/Oct/2015:08:37:46 -0500] "POST /forms/lservlet;jsessionid=ac16012b30d623aa75301d434a618e46d86a7cb5ea95.e3iSbxaKaheRe38Ka34Oa3eLbxf0n6jAmljGr5XDqQLvpAe HTTP/1.1" 200 3854
181.49.75.62 - - [26/Oct/2015:08:37:46 -0500] "POST /forms/lservlet;jsessionid=ac16012b30d623aa75301d434a618e46d86a7cb5ea95.e3iSbxaKaheRe38Ka34Oa3eLbxf0n6jAmljGr5XDqQLvpAe HTTP/1.1" 200 2
201.245.192.253 - - [26/Oct/2015:08:37:48 -0500] "POST /desprendiblespago/controlador HTTP/1.1" 200 6623
201.245.192.253 - - [26/Oct/2015:08:37:50 -0500] "POST /desprendiblespago/controlador HTTP/1.1" 200 13506
186.82.65.203 - - [26/Oct/2015:08:37:52 -0500] "GET /galeria/galeria/jquery.fancybox.css?v=2.1.5 HTTP/1.1" 200 4895
186.82.65.203 - - [26/Oct/2015:08:37:52 -0500] "GET /BLA/boletinlegal/js/jquery.scrollShow.js HTTP/1.1" 200 4586
186.82.65.203 - - [26/Oct/2015:08:37:52 -0500] "GET /galeria/galeria/jquery.fancybox.js?v=2.1.5 HTTP/1.1" 200 48706
186.82.65.203 - - [26/Oct/2015:08:37:52 -0500] "GET /galeria/carrusel/Carrusel/jquery.thumbnailScroller.css HTTP/1.1" 200 2066
186.82.65.203 - - [26/Oct/2015:08:37:52 -0500] "GET /galeria/carrusel/Carrusel/jquery-ui-1.8.13.custom.min.js HTTP/1.1" 200 10800
186.82.65.203 - - [26/Oct/2015:08:37:52 -0500] "GET /galeria/carrusel/Carrusel/jquery.thumbnailScroller.js HTTP/1.1" 200 8157
186.82.65.203 - - [26/Oct/2015:08:37:52 -0500] "GET /galeria/nivo-slider/demo/demo.html HTTP/1.1" 200 4413
186.82.65.203 - - [26/Oct/2015:08:37:52 -0500] "GET /galeria/nivo-slider/themes/default/default.css HTTP/1.1" 200 1569
186.82.65.203 - - [26/Oct/2015:08:37:52 -0500] "GET /galeria/nivo-slider/themes/pascal/pascal.css HTTP/1.1" 200 2258
186.82.65.203 - - [26/Oct/2015:08:37:52 -0500] "GET /galeria/nivo-slider/nivo-slider.css HTTP/1.1" 200 1507
186.82.65.203 - - [26/Oct/2015:08:37:52 -0500] "GET /galeria/nivo-slider/themes/orman/orman.css HTTP/1.1" 200 2152
186.82.65.203 - - [26/Oct/2015:08:37:52 -0500] "GET /galeria/nivo-slider/demo/style.css HTTP/1.1" 200 2222
186.82.65.203 - - [26/Oct/2015:08:37:52 -0500] "GET /galeria/nivo-slider/demo/scripts/jquery-1.7.1.min.js HTTP/1.1" 200 93868
186.82.65.203 - - [26/Oct/2015:08:37:52 -0500] "GET /galeria/nivo-slider/jquery.nivo.slider.pack.js HTTP/1.1" 200 11561
186.82.65.203 - - [26/Oct/2015:08:37:53 -0500] "GET /galeria/nivo-slider/demo/images/4Simple_Slider.png HTTP/1.1" 200 11722
186.82.65.203 - - [26/Oct/2015:08:37:53 -0500] "GET /galeria/nivo-slider/themes/default/loading.gif HTTP/1.1" 200 1737
186.82.65.203 - - [26/Oct/2015:08:37:53 -0500] "GET /galeria/nivo-slider/demo/images/Banner-encuesta-de-percepscio.jpg HTTP/1.1" 200 201899
186.82.65.203 - - [26/Oct/2015:08:37:53 -0500] "GET /galeria/nivo-slider/demo/images/rendicion-de-cuentas-formulario.jpg HTTP/1.1" 200 166357
186.82.65.203 - - [26/Oct/2015:08:37:53 -0500] "GET /galeria/nivo-slider/demo/images/Invitacion-productos-veterinario.jpg HTTP/1.1" 200 247568
186.82.65.203 - - [26/Oct/2015:08:37:53 -0500] "GET /galeria/nivo-slider/demo/images/Arbol-banner2015.jpg HTTP/1.1" 200 226910
181.49.75.62 - - [26/Oct/2015:08:37:54 -0500] "POST /forms/lservlet;jsessionid=ac16012b30d623aa75301d434a618e46d86a7cb5ea95.e3iSbxaKaheRe38Ka34Oa3eLbxf0n6jAmljGr5XDqQLvpAe HTTP/1.1" 200 2
181.49.75.62 - - [26/Oct/2015:08:37:54 -0500] "POST /forms/lservlet;jsessionid=ac16012b30d623aa75301d434a618e46d86a7cb5ea95.e3iSbxaKaheRe38Ka34Oa3eLbxf0n6jAmljGr5XDqQLvpAe HTTP/1.1" 200 2340
181.49.75.62 - - [26/Oct/2015:08:37:54 -0500] "POST /forms/lservlet;jsessionid=ac16012b30d623aa75301d434a618e46d86a7cb5ea95.e3iSbxaKaheRe38Ka34Oa3eLbxf0n6jAmljGr5XDqQLvpAe HTTP/1.1" 200 10
186.82.65.203 - - [26/Oct/2015:08:37:55 -0500] "GET /galeria/nivo-slider/demo/images/Banner-ahorro-de-agua.jpg HTTP/1.1" 200 149141
186.82.65.203 - - [26/Oct/2015:08:37:55 -0500] "GET /galeria/nivo-slider/demo/images/Cmapana-onestidad.jpg HTTP/1.1" 200 141638
201.245.192.253 - - [26/Oct/2015:08:37:55 -0500] "POST /desprendiblespago/controlador HTTP/1.1" 200 86912
181.49.75.62 - - [26/Oct/2015:08:37:56 -0500] "POST /forms/lservlet;jsessionid=ac16012b30d623aa75301d434a618e46d86a7cb5ea95.e3iSbxaKaheRe38Ka34Oa3eLbxf0n6jAmljGr5XDqQLvpAe HTTP/1.1" 200 24
186.82.65.203 - - [26/Oct/2015:08:37:56 -0500] "GET /galeria/nivo-slider/demo/images/Plan-Quinquenal.jpg HTTP/1.1" 200 412438
186.82.65.203 - - [26/Oct/2015:08:37:56 -0500] "GET /galeria/nivo-slider/demo/images/PREDAcamp.jpg HTTP/1.1" 200 295358
181.49.75.62 - - [26/Oct/2015:08:37:56 -0500] "POST /forms/lservlet;jsessionid=ac16012b30d623aa75301d434a618e46d86a7cb5ea95.e3iSbxaKaheRe38Ka34Oa3eLbxf0n6jAmljGr5XDqQLvpAe HTTP/1.1" 200 4110
181.49.75.62 - - [26/Oct/2015:08:37:56 -0500] "POST /forms/lservlet;jsessionid=ac16012b30d623aa75301d434a618e46d86a7cb5ea95.e3iSbxaKaheRe38Ka34Oa3eLbxf0n6jAmljGr5XDqQLvpAe HTTP/1.1" 200 2
186.82.65.203 - - [26/Oct/2015:08:37:57 -0500] "GET /galeria/nivo-slider/demo/images/banner-llantas2.jpg HTTP/1.1" 200 204644
186.82.65.203 - - [26/Oct/2015:08:37:57 -0500] "GET /galeria/nivo-slider/demo/images/9Signos.jpg HTTP/1.1" 200 81776
186.82.65.203 - - [26/Oct/2015:08:37:58 -0500] "GET /galeria/nivo-slider/demo/images/Comparendo-ambiental-Banner.jpg HTTP/1.1" 200 83731
186.82.65.203 - - [26/Oct/2015:08:37:59 -0500] "GET /galeria/nivo-slider/demo/images/Ruta-vertimientos-01.jpg HTTP/1.1" 200 130151
186.82.65.203 - - [26/Oct/2015:08:37:59 -0500] "GET /galeria/nivo-slider/demo/images/bolsas-06.jpg HTTP/1.1" 200 90982
186.82.65.203 - - [26/Oct/2015:08:37:59 -0500] "GET /galeria/nivo-slider/demo/images/Conoce-los-humedales.jpg HTTP/1.1" 200 294036
186.82.65.203 - - [26/Oct/2015:08:37:59 -0500] "GET /galeria/nivo-slider/demo/images/ecolecta-Dic2014.png HTTP/1.1" 200 288593
186.82.65.203 - - [26/Oct/2015:08:38:01 -0500] "GET /galeria/nivo-slider/themes/default/bullets.png HTTP/1.1" 200 1281
186.82.65.203 - - [26/Oct/2015:08:38:01 -0500] "GET /galeria/nivo-slider/themes/default/arrows.png HTTP/1.1" 200 824
181.49.75.62 - - [26/Oct/2015:08:38:04 -0500] "POST /forms/lservlet;jsessionid=ac16012b30d623aa75301d434a618e46d86a7cb5ea95.e3iSbxaKaheRe38Ka34Oa3eLbxf0n6jAmljGr5XDqQLvpAe HTTP/1.1" 200 2
181.49.75.62 - - [26/Oct/2015:08:38:04 -0500] "POST /forms/lservlet;jsessionid=ac16012b30d623aa75301d434a618e46d86a7cb5ea95.e3iSbxaKaheRe38Ka34Oa3eLbxf0n6jAmljGr5XDqQLvpAe HTTP/1.1" 200 2379
181.49.75.62 - - [26/Oct/2015:08:38:04 -0500] "GET /imagenes/Srch_frw.gif HTTP/1.1" 200 925
181.49.75.62 - - [26/Oct/2015:08:38:04 -0500] "POST /forms/lservlet;jsessionid=ac16012b30d623aa75301d434a618e46d86a7cb5ea95.e3iSbxaKaheRe38Ka34Oa3eLbxf0n6jAmljGr5XDqQLvpAe HTTP/1.1" 200 10
181.49.75.62 - - [26/Oct/2015:08:38:06 -0500] "POST /forms/lservlet;jsessionid=ac16012b30d623aa75301d434a618e46d86a7cb5ea95.e3iSbxaKaheRe38Ka34Oa3eLbxf0n6jAmljGr5XDqQLvpAe HTTP/1.1" 200 24
201.245.192.253 - - [26/Oct/2015:08:38:06 -0500] "POST /forms/lservlet;jsessionid=ac16012b30d6efa81a25dc744340b39aef670bb905e8.e3iSbxaKaheRe38Ka34Oa3eLbxf0n6jAmljGr5XDqQLvpAe HTTP/1.1" 200 2
181.49.75.62 - - [26/Oct/2015:08:38:06 -0500] "POST /forms/lservlet;jsessionid=ac16012b30d623aa75301d434a618e46d86a7cb5ea95.e3iSbxaKaheRe38Ka34Oa3eLbxf0n6jAmljGr5XDqQLvpAe HTTP/1.1" 200 3809
181.49.75.62 - - [26/Oct/2015:08:38:07 -0500] "POST /forms/lservlet;jsessionid=ac16012b30d623aa75301d434a618e46d86a7cb5ea95.e3iSbxaKaheRe38Ka34Oa3eLbxf0n6jAmljGr5XDqQLvpAe HTTP/1.1" 200 2
186.85.90.90 - - [26/Oct/2015:08:38:14 -0500] "POST /forms/lservlet;jsessionid=ac16012b30d666babcd0c7314b70b22ec53063f86b00.e3iSbxaKaheRe38Ka34Oa3eLbxf0n6jAmljGr5XDqQLvpAe HTTP/1.1" 200 2
181.49.75.62 - - [26/Oct/2015:08:38:14 -0500] "POST /forms/lservlet;jsessionid=ac16012b30d623aa75301d434a618e46d86a7cb5ea95.e3iSbxaKaheRe38Ka34Oa3eLbxf0n6jAmljGr5XDqQLvpAe HTTP/1.1" 200 2
181.49.75.62 - - [26/Oct/2015:08:38:14 -0500] "POST /forms/lservlet;jsessionid=ac16012b30d623aa75301d434a618e46d86a7cb5ea95.e3iSbxaKaheRe38Ka34Oa3eLbxf0n6jAmljGr5XDqQLvpAe HTTP/1.1" 200 2504
181.49.75.62 - - [26/Oct/2015:08:38:15 -0500] "POST /forms/lservlet;jsessionid=ac16012b30d623aa75301d434a618e46d86a7cb5ea95.e3iSbxaKaheRe38Ka34Oa3eLbxf0n6jAmljGr5XDqQLvpAe HTTP/1.1" 200 10
181.49.75.62 - - [26/Oct/2015:08:38:16 -0500] "POST /forms/lservlet;jsessionid=ac16012b30d623aa75301d434a618e46d86a7cb5ea95.e3iSbxaKaheRe38Ka34Oa3eLbxf0n6jAmljGr5XDqQLvpAe HTTP/1.1" 200 24
181.49.75.62 - - [26/Oct/2015:08:38:16 -0500] "POST /forms/lservlet;jsessionid=ac16012b30d623aa75301d434a618e46d86a7cb5ea95.e3iSbxaKaheRe38Ka34Oa3eLbxf0n6jAmljGr5XDqQLvpAe HTTP/1.1" 200 3852
181.49.75.62 - - [26/Oct/2015:08:38:17 -0500] "POST /forms/lservlet;jsessionid=ac16012b30d623aa75301d434a618e46d86a7cb5ea95.e3iSbxaKaheRe38Ka34Oa3eLbxf0n6jAmljGr5XDqQLvpAe HTTP/1.1" 200 2
201.245.192.253 - - [26/Oct/2015:08:38:22 -0500] "POST /IsolucionSDA/ListadoMaestroDocumentos3.asp HTTP/1.1" 200 20195
181.49.75.62 - - [26/Oct/2015:08:38:24 -0500] "POST /forms/lservlet;jsessionid=ac16012b30d623aa75301d434a618e46d86a7cb5ea95.e3iSbxaKaheRe38Ka34Oa3eLbxf0n6jAmljGr5XDqQLvpAe HTTP/1.1" 200 2
181.49.75.62 - - [26/Oct/2015:08:38:24 -0500] "POST /forms/lservlet;jsessionid=ac16012b30d623aa75301d434a618e46d86a7cb5ea95.e3iSbxaKaheRe38Ka34Oa3eLbxf0n6jAmljGr5XDqQLvpAe HTTP/1.1" 200 2368
181.49.75.62 - - [26/Oct/2015:08:38:24 -0500] "GET /imagenes/Srch_frw.gif HTTP/1.1" 200 925
181.49.75.62 - - [26/Oct/2015:08:38:24 -0500] "POST /forms/lservlet;jsessionid=ac16012b30d623aa75301d434a618e46d86a7cb5ea95.e3iSbxaKaheRe38Ka34Oa3eLbxf0n6jAmljGr5XDqQLvpAe HTTP/1.1" 200 10
181.49.75.62 - - [26/Oct/2015:08:38:26 -0500] "POST /forms/lservlet;jsessionid=ac16012b30d623aa75301d434a618e46d86a7cb5ea95.e3iSbxaKaheRe38Ka34Oa3eLbxf0n6jAmljGr5XDqQLvpAe HTTP/1.1" 200 24
181.49.75.62 - - [26/Oct/2015:08:38:26 -0500] "POST /forms/lservlet;jsessionid=ac16012b30d623aa75301d434a618e46d86a7cb5ea95.e3iSbxaKaheRe38Ka34Oa3eLbxf0n6jAmljGr5XDqQLvpAe HTTP/1.1" 200 3933
181.49.75.62 - - [26/Oct/2015:08:38:26 -0500] "POST /forms/lservlet;jsessionid=ac16012b30d623aa75301d434a618e46d86a7cb5ea95.e3iSbxaKaheRe38Ka34Oa3eLbxf0n6jAmljGr5XDqQLvpAe HTTP/1.1" 200 2
191.73.149.75 - - [26/Oct/2015:08:38:26 -0500] "GET /BLA/resoluciones/RESOLUCIONES%202013/0779.pdf HTTP/1.1" 200 2461695
181.49.31.82 - - [26/Oct/2015:08:38:28 -0500] "GET /galeria/galeria/fancybox_overlay.png HTTP/1.1" 200 1003
181.49.31.82 - - [26/Oct/2015:08:38:28 -0500] "GET /galeria/galeria/fancybox_sprite.png HTTP/1.1" 200 1362
181.49.31.82 - - [26/Oct/2015:08:38:28 -0500] "GET /galeria/galeria/fancybox_loading.gif HTTP/1.1" 200 6567
181.49.31.82 - - [26/Oct/2015:08:38:28 -0500] "GET /galeria/galeria/fotos/14.jpg HTTP/1.1" 200 250194
191.73.149.75 - - [26/Oct/2015:08:38:29 -0500] "GET /BLA/resoluciones/RESOLUCIONES%202013/0779.pdf HTTP/1.1" 200 2461695
181.49.75.62 - - [26/Oct/2015:08:38:33 -0500] "POST /forms/lservlet;jsessionid=ac16012b30d623aa75301d434a618e46d86a7cb5ea95.e3iSbxaKaheRe38Ka34Oa3eLbxf0n6jAmljGr5XDqQLvpAe HTTP/1.1" 200 2
181.49.75.62 - - [26/Oct/2015:08:38:34 -0500] "POST /forms/lservlet;jsessionid=ac16012b30d623aa75301d434a618e46d86a7cb5ea95.e3iSbxaKaheRe38Ka34Oa3eLbxf0n6jAmljGr5XDqQLvpAe HTTP/1.1" 200 2374
181.49.75.62 - - [26/Oct/2015:08:38:34 -0500] "GET /imagenes/Srch_frw.gif HTTP/1.1" 200 925
181.49.75.62 - - [26/Oct/2015:08:38:34 -0500] "POST /forms/lservlet;jsessionid=ac16012b30d623aa75301d434a618e46d86a7cb5ea95.e3iSbxaKaheRe38Ka34Oa3eLbxf0n6jAmljGr5XDqQLvpAe HTTP/1.1" 200 10
181.49.75.62 - - [26/Oct/2015:08:38:35 -0500] "POST /forms/lservlet;jsessionid=ac16012b30d623aa75301d434a618e46d86a7cb5ea95.e3iSbxaKaheRe38Ka34Oa3eLbxf0n6jAmljGr5XDqQLvpAe HTTP/1.1" 200 24
181.49.75.62 - - [26/Oct/2015:08:38:35 -0500] "POST /forms/lservlet;jsessionid=ac16012b30d623aa75301d434a618e46d86a7cb5ea95.e3iSbxaKaheRe38Ka34Oa3eLbxf0n6jAmljGr5XDqQLvpAe HTTP/1.1" 200 3925
181.49.75.62 - - [26/Oct/2015:08:38:36 -0500] "POST /forms/lservlet;jsessionid=ac16012b30d623aa75301d434a618e46d86a7cb5ea95.e3iSbxaKaheRe38Ka34Oa3eLbxf0n6jAmljGr5XDqQLvpAe HTTP/1.1" 200 2
181.134.21.159 - - [26/Oct/2015:08:38:37 -0500] "GET /BLA/boletinlegal/js/jquery.scrollShow.js HTTP/1.1" 200 4586
181.134.21.159 - - [26/Oct/2015:08:38:37 -0500] "GET /galeria/galeria/jquery.fancybox.js?v=2.1.5 HTTP/1.1" 200 48706
181.134.21.159 - - [26/Oct/2015:08:38:38 -0500] "GET /galeria/galeria/jquery.fancybox.css?v=2.1.5 HTTP/1.1" 200 4895
181.134.21.159 - - [26/Oct/2015:08:38:38 -0500] "GET /galeria/carrusel/Carrusel/jquery-ui-1.8.13.custom.min.js HTTP/1.1" 200 10800
181.134.21.159 - - [26/Oct/2015:08:38:38 -0500] "GET /galeria/carrusel/Carrusel/jquery.thumbnailScroller.css HTTP/1.1" 200 2066
181.134.21.159 - - [26/Oct/2015:08:38:38 -0500] "GET /galeria/carrusel/Carrusel/jquery.thumbnailScroller.js HTTP/1.1" 200 8157
188.165.15.94 - - [26/Oct/2015:08:38:40 -0500] "GET /BLA/resoluciones/RESOLUCIONES%202003/RES%202003%20851-900/873.tif HTTP/1.1" 200 71704
181.49.31.82 - - [26/Oct/2015:08:38:43 -0500] "GET /favicon.ico HTTP/1.1" 200 7782
181.49.75.62 - - [26/Oct/2015:08:38:45 -0500] "POST /forms/lservlet;jsessionid=ac16012b30d623aa75301d434a618e46d86a7cb5ea95.e3iSbxaKaheRe38Ka34Oa3eLbxf0n6jAmljGr5XDqQLvpAe HTTP/1.1" 200 2
181.49.75.62 - - [26/Oct/2015:08:38:45 -0500] "POST /forms/lservlet;jsessionid=ac16012b30d623aa75301d434a618e46d86a7cb5ea95.e3iSbxaKaheRe38Ka34Oa3eLbxf0n6jAmljGr5XDqQLvpAe HTTP/1.1" 200 2366
181.49.75.62 - - [26/Oct/2015:08:38:45 -0500] "GET /imagenes/Srch_frw.gif HTTP/1.1" 200 925
181.49.75.62 - - [26/Oct/2015:08:38:45 -0500] "POST /forms/lservlet;jsessionid=ac16012b30d623aa75301d434a618e46d86a7cb5ea95.e3iSbxaKaheRe38Ka34Oa3eLbxf0n6jAmljGr5XDqQLvpAe HTTP/1.1" 200 10
201.245.192.253 - - [26/Oct/2015:08:38:46 -0500] "POST /IsolucionSDA/ListadoMaestroDocumentos3.asp HTTP/1.1" 200 11644
181.49.75.62 - - [26/Oct/2015:08:38:46 -0500] "POST /forms/lservlet;jsessionid=ac16012b30d623aa75301d434a618e46d86a7cb5ea95.e3iSbxaKaheRe38Ka34Oa3eLbxf0n6jAmljGr5XDqQLvpAe HTTP/1.1" 200 24
181.49.75.62 - - [26/Oct/2015:08:38:46 -0500] "POST /forms/lservlet;jsessionid=ac16012b30d623aa75301d434a618e46d86a7cb5ea95.e3iSbxaKaheRe38Ka34Oa3eLbxf0n6jAmljGr5XDqQLvpAe HTTP/1.1" 200 3747
181.49.75.62 - - [26/Oct/2015:08:38:47 -0500] "POST /forms/lservlet;jsessionid=ac16012b30d623aa75301d434a618e46d86a7cb5ea95.e3iSbxaKaheRe38Ka34Oa3eLbxf0n6jAmljGr5XDqQLvpAe HTTP/1.1" 200 2
201.245.192.253 - - [26/Oct/2015:08:38:53 -0500] "POST /IsolucionSDA/ListadoMaestroDocumentos3.asp HTTP/1.1" 200 11652
208.98.226.136 - - [26/Oct/2015:08:38:54 -0500] "GET /BLA/boletinlegal/js/jquery.scrollShow.js HTTP/1.1" 200 4586
181.49.75.62 - - [26/Oct/2015:08:38:54 -0500] "POST /forms/lservlet;jsessionid=ac16012b30d623aa75301d434a618e46d86a7cb5ea95.e3iSbxaKaheRe38Ka34Oa3eLbxf0n6jAmljGr5XDqQLvpAe HTTP/1.1" 200 2
208.98.226.136 - - [26/Oct/2015:08:38:54 -0500] "GET /galeria/galeria/jquery.fancybox.js?v=2.1.5 HTTP/1.1" 200 48706
181.49.75.62 - - [26/Oct/2015:08:38:54 -0500] "POST /forms/lservlet;jsessionid=ac16012b30d623aa75301d434a618e46d86a7cb5ea95.e3iSbxaKaheRe38Ka34Oa3eLbxf0n6jAmljGr5XDqQLvpAe HTTP/1.1" 200 2359
208.98.226.136 - - [26/Oct/2015:08:38:55 -0500] "GET /galeria/galeria/jquery.fancybox.css?v=2.1.5 HTTP/1.1" 200 4895
181.49.75.62 - - [26/Oct/2015:08:38:55 -0500] "GET /imagenes/Srch_frw.gif HTTP/1.1" 200 925
181.49.75.62 - - [26/Oct/2015:08:38:55 -0500] "POST /forms/lservlet;jsessionid=ac16012b30d623aa75301d434a618e46d86a7cb5ea95.e3iSbxaKaheRe38Ka34Oa3eLbxf0n6jAmljGr5XDqQLvpAe HTTP/1.1" 200 10
208.98.226.136 - - [26/Oct/2015:08:38:55 -0500] "GET /galeria/carrusel/Carrusel/jquery.thumbnailScroller.css HTTP/1.1" 200 2066
208.98.226.136 - - [26/Oct/2015:08:38:55 -0500] "GET /galeria/carrusel/Carrusel/jquery-ui-1.8.13.custom.min.js HTTP/1.1" 200 10800
188.165.15.94 - - [26/Oct/2015:08:38:55 -0500] "GET /BLA/resoluciones/RESOLUCIONES%202005/RES%202005%20151-200/00000191.tif HTTP/1.1" 200 126360
201.245.192.253 - - [26/Oct/2015:08:38:56 -0500] "POST /IsolucionSDA/ListadoMaestroDocumentos3.asp HTTP/1.1" 200 20195
181.49.75.62 - - [26/Oct/2015:08:38:56 -0500] "POST /forms/lservlet;jsessionid=ac16012b30d623aa75301d434a618e46d86a7cb5ea95.e3iSbxaKaheRe38Ka34Oa3eLbxf0n6jAmljGr5XDqQLvpAe HTTP/1.1" 200 24
181.49.75.62 - - [26/Oct/2015:08:38:56 -0500] "POST /forms/lservlet;jsessionid=ac16012b30d623aa75301d434a618e46d86a7cb5ea95.e3iSbxaKaheRe38Ka34Oa3eLbxf0n6jAmljGr5XDqQLvpAe HTTP/1.1" 200 3908
181.49.75.62 - - [26/Oct/2015:08:38:56 -0500] "POST /forms/lservlet;jsessionid=ac16012b30d623aa75301d434a618e46d86a7cb5ea95.e3iSbxaKaheRe38Ka34Oa3eLbxf0n6jAmljGr5XDqQLvpAe HTTP/1.1" 200 2
66.249.64.101 - - [26/Oct/2015:08:38:57 -0500] "GET /BLA/resoluciones/RESOLUCIONES%202012/1335.pdf HTTP/1.1" 304 -
190.109.164.163 - - [26/Oct/2015:08:38:58 -0500] "GET /galeria/galeria/jquery.fancybox.js?v=2.1.5 HTTP/1.1" 304 -
190.109.164.163 - - [26/Oct/2015:08:38:58 -0500] "GET /galeria/galeria/jquery.fancybox.css?v=2.1.5 HTTP/1.1" 304 -
190.25.117.23 - - [26/Oct/2015:08:39:04 -0500] "GET /BLA/boletinlegal/Directivas/2011/Directiva%20No.%201%20del%205%20de%20Abril%20de%202011.pdf HTTP/1.1" 200 971292
208.98.226.136 - - [26/Oct/2015:08:39:04 -0500] "GET /galeria/nivo-slider/demo/demo.html HTTP/1.1" 200 4413
208.98.226.136 - - [26/Oct/2015:08:39:05 -0500] "GET /galeria/carrusel/Carrusel/jquery.thumbnailScroller.js HTTP/1.1" 200 8157
190.25.117.23 - - [26/Oct/2015:08:39:05 -0500] "GET /favicon.ico HTTP/1.1" 200 7782
186.154.221.130 - - [26/Oct/2015:08:39:06 -0500] "GET /BLA/resoluciones/AUTOS%202012/2170.pdf HTTP/1.1" 200 2516294
186.154.221.130 - - [26/Oct/2015:08:39:06 -0500] "GET /favicon.ico HTTP/1.1" 200 7782
208.98.226.136 - - [26/Oct/2015:08:39:07 -0500] "GET /galeria/nivo-slider/themes/default/default.css HTTP/1.1" 200 1569
208.98.226.136 - - [26/Oct/2015:08:39:07 -0500] "GET /galeria/nivo-slider/themes/pascal/pascal.css HTTP/1.1" 200 2258
186.154.221.130 - - [26/Oct/2015:08:39:07 -0500] "GET /BLA/resoluciones/AUTOS%202012/2170.pdf HTTP/1.1" 206 32768
208.98.226.136 - - [26/Oct/2015:08:39:07 -0500] "GET /galeria/nivo-slider/themes/orman/orman.css HTTP/1.1" 200 2152
208.98.226.136 - - [26/Oct/2015:08:39:07 -0500] "GET /galeria/nivo-slider/nivo-slider.css HTTP/1.1" 200 1507
186.154.221.130 - - [26/Oct/2015:08:39:07 -0500] "GET /BLA/resoluciones/AUTOS%202012/2170.pdf HTTP/1.1" 206 2483526
190.147.24.89 - - [26/Oct/2015:08:39:07 -0500] "GET /galeria/galeria/jquery.fancybox.js?v=2.1.5 HTTP/1.1" 200 48706
190.147.24.89 - - [26/Oct/2015:08:39:07 -0500] "GET /galeria/galeria/jquery.fancybox.css?v=2.1.5 HTTP/1.1" 200 4895
190.147.24.89 - - [26/Oct/2015:08:39:07 -0500] "GET /BLA/boletinlegal/js/jquery.scrollShow.js HTTP/1.1" 200 4586
190.109.164.163 - - [26/Oct/2015:08:39:07 -0500] "GET /galeria/galeria/jquery.fancybox.js?v=2.1.5 HTTP/1.1" 200 48706
190.109.164.163 - - [26/Oct/2015:08:39:07 -0500] "GET /BLA/boletinlegal/js/jquery.scrollShow.js HTTP/1.1" 200 4586
190.109.164.163 - - [26/Oct/2015:08:39:07 -0500] "GET /galeria/galeria/jquery.fancybox.css?v=2.1.5 HTTP/1.1" 200 4895
208.98.226.136 - - [26/Oct/2015:08:39:07 -0500] "GET /galeria/nivo-slider/demo/style.css HTTP/1.1" 200 2222
208.98.226.136 - - [26/Oct/2015:08:39:07 -0500] "GET /galeria/nivo-slider/demo/images/Banner-encuesta-de-percepscio.jpg HTTP/1.1" 200 201899
208.98.226.136 - - [26/Oct/2015:08:39:07 -0500] "GET /galeria/nivo-slider/demo/images/Invitacion-productos-veterinario.jpg HTTP/1.1" 200 247568
208.98.226.136 - - [26/Oct/2015:08:39:07 -0500] "GET /galeria/nivo-slider/demo/images/Arbol-banner2015.jpg HTTP/1.1" 200 226910
208.98.226.136 - - [26/Oct/2015:08:39:07 -0500] "GET /galeria/nivo-slider/demo/images/Banner-ahorro-de-agua.jpg HTTP/1.1" 200 149141
208.98.226.136 - - [26/Oct/2015:08:39:07 -0500] "GET /galeria/nivo-slider/demo/images/Cmapana-onestidad.jpg HTTP/1.1" 200 141638
190.147.24.89 - - [26/Oct/2015:08:39:07 -0500] "GET /galeria/carrusel/Carrusel/jquery-ui-1.8.13.custom.min.js HTTP/1.1" 200 10800
208.98.226.136 - - [26/Oct/2015:08:39:07 -0500] "GET /galeria/nivo-slider/demo/images/rendicion-de-cuentas-formulario.jpg HTTP/1.1" 200 166357
190.147.24.89 - - [26/Oct/2015:08:39:07 -0500] "GET /galeria/carrusel/Carrusel/jquery.thumbnailScroller.css HTTP/1.1" 200 2066
208.98.226.136 - - [26/Oct/2015:08:39:07 -0500] "GET /galeria/nivo-slider/demo/images/9Signos.jpg HTTP/1.1" 200 81776
208.98.226.136 - - [26/Oct/2015:08:39:07 -0500] "GET /galeria/nivo-slider/demo/images/PREDAcamp.jpg HTTP/1.1" 200 295358
208.98.226.136 - - [26/Oct/2015:08:39:07 -0500] "GET /galeria/nivo-slider/demo/images/banner-llantas2.jpg HTTP/1.1" 200 204644
201.245.192.253 - - [26/Oct/2015:08:39:07 -0500] "GET /IsolucionSDA/FramesetArticulo.asp?Pagina=BancoConocimiento%2FA%2FActualizaciondelaszonascriticasdelasmapasderuidodeBogota%5Fv2%2FActualizaciondelaszonascriticasdelasmapasderuidodeBogota%5Fv2%2Easp&IdArticulo=4232 HTTP/1.1" 200 7557
208.98.226.136 - - [26/Oct/2015:08:39:07 -0500] "GET /galeria/nivo-slider/demo/images/Comparendo-ambiental-Banner.jpg HTTP/1.1" 200 83731
201.245.192.253 - - [26/Oct/2015:08:39:07 -0500] "GET /IsolucionSDA/Arriba.asp?Pagina=BancoConocimiento%2FA%2FActualizaciondelaszonascriticasdelasmapasderuidodeBogota%5Fv2%2FActualizaciondelaszonascriticasdelasmapasderuidodeBogota%5Fv2%2Easp&IdArticulo=4232 HTTP/1.1" 200 10695
201.245.192.253 - - [26/Oct/2015:08:39:07 -0500] "GET /IsolucionSDA/g/icono_noconformidad.jpg HTTP/1.1" 200 1235
201.245.192.253 - - [26/Oct/2015:08:39:07 -0500] "GET /IsolucionSDA/StyleSheet.css HTTP/1.1" 200 4664
201.245.192.253 - - [26/Oct/2015:08:39:07 -0500] "GET /IsolucionSDA/g/icono_alerta.jpg HTTP/1.1" 200 1448
201.245.192.253 - - [26/Oct/2015:08:39:07 -0500] "GET /IsolucionSDA/BancoConocimiento/A/ActualizaciondelaszonascriticasdelasmapasderuidodeBogota_v2/ActualizaciondelaszonascriticasdelasmapasderuidodeBogota_v2.asp?IdArticulo=4232 HTTP/1.1" 200 61356
208.98.226.136 - - [26/Oct/2015:08:39:08 -0500] "GET /galeria/nivo-slider/demo/images/Ruta-vertimientos-01.jpg HTTP/1.1" 200 130151
201.245.192.253 - - [26/Oct/2015:08:39:08 -0500] "GET /IsolucionSDA/g/vacio1x1.gif HTTP/1.1" 200 807
201.245.192.253 - - [26/Oct/2015:08:39:08 -0500] "GET /IsolucionSDA/GrafVinetas/logo%20documento0.jpg HTTP/1.1" 200 36055
208.98.226.136 - - [26/Oct/2015:08:39:08 -0500] "GET /galeria/nivo-slider/demo/images/Conoce-los-humedales.jpg HTTP/1.1" 200 294036
190.147.24.89 - - [26/Oct/2015:08:39:08 -0500] "GET /galeria/carrusel/Carrusel/jquery.thumbnailScroller.js HTTP/1.1" 200 8157
190.147.24.89 - - [26/Oct/2015:08:39:08 -0500] "GET /galeria/nivo-slider/demo/demo.html HTTP/1.1" 200 4413
208.98.226.136 - - [26/Oct/2015:08:39:08 -0500] "GET /galeria/nivo-slider/demo/images/bolsas-06.jpg HTTP/1.1" 200 90982
181.49.23.142 - - [26/Oct/2015:08:39:09 -0500] "GET /galeria/nivo-slider/demo/demo.html HTTP/1.1" 200 4413
190.147.24.89 - - [26/Oct/2015:08:39:09 -0500] "GET /galeria/nivo-slider/themes/default/default.css HTTP/1.1" 200 1569
190.147.24.89 - - [26/Oct/2015:08:39:09 -0500] "GET /galeria/nivo-slider/themes/pascal/pascal.css HTTP/1.1" 200 2258
190.147.24.89 - - [26/Oct/2015:08:39:09 -0500] "GET /galeria/nivo-slider/nivo-slider.css HTTP/1.1" 200 1507
190.147.24.89 - - [26/Oct/2015:08:39:09 -0500] "GET /galeria/nivo-slider/themes/orman/orman.css HTTP/1.1" 200 2152
190.147.24.89 - - [26/Oct/2015:08:39:09 -0500] "GET /galeria/nivo-slider/demo/images/Banner-encuesta-de-percepscio.jpg HTTP/1.1" 200 201899
190.147.24.89 - - [26/Oct/2015:08:39:09 -0500] "GET /galeria/nivo-slider/demo/style.css HTTP/1.1" 200 2222
190.147.24.89 - - [26/Oct/2015:08:39:09 -0500] "GET /galeria/nivo-slider/demo/images/rendicion-de-cuentas-formulario.jpg HTTP/1.1" 200 166357
190.147.24.89 - - [26/Oct/2015:08:39:09 -0500] "GET /galeria/nivo-slider/demo/images/Invitacion-productos-veterinario.jpg HTTP/1.1" 200 247568
208.98.226.136 - - [26/Oct/2015:08:39:09 -0500] "GET /galeria/nivo-slider/demo/images/ecolecta-Dic2014.png HTTP/1.1" 200 288593
190.147.24.89 - - [26/Oct/2015:08:39:09 -0500] "GET /galeria/nivo-slider/demo/images/Arbol-banner2015.jpg HTTP/1.1" 200 226910
190.147.24.89 - - [26/Oct/2015:08:39:09 -0500] "GET /galeria/nivo-slider/demo/images/Plan-Quinquenal.jpg HTTP/1.1" 200 412438
190.147.24.89 - - [26/Oct/2015:08:39:09 -0500] "GET /galeria/nivo-slider/demo/images/Banner-ahorro-de-agua.jpg HTTP/1.1" 200 149141
208.98.226.136 - - [26/Oct/2015:08:39:09 -0500] "GET /galeria/nivo-slider/demo/scripts/jquery-1.7.1.min.js HTTP/1.1" 200 93868
190.147.24.89 - - [26/Oct/2015:08:39:09 -0500] "GET /galeria/nivo-slider/demo/images/banner-llantas2.jpg HTTP/1.1" 200 204644
208.98.226.136 - - [26/Oct/2015:08:39:10 -0500] "GET /galeria/nivo-slider/jquery.nivo.slider.pack.js HTTP/1.1" 200 11561
190.147.24.89 - - [26/Oct/2015:08:39:11 -0500] "GET /galeria/nivo-slider/demo/images/9Signos.jpg HTTP/1.1" 200 81776
181.49.23.142 - - [26/Oct/2015:08:39:11 -0500] "GET /galeria/nivo-slider/themes/default/default.css HTTP/1.1" 304 -
181.49.23.142 - - [26/Oct/2015:08:39:11 -0500] "GET /galeria/nivo-slider/demo/images/Banner-encuesta-de-percepscio.jpg HTTP/1.1" 200 201899
190.147.24.89 - - [26/Oct/2015:08:39:12 -0500] "GET /galeria/nivo-slider/demo/images/Comparendo-ambiental-Banner.jpg HTTP/1.1" 200 83731
190.147.24.89 - - [26/Oct/2015:08:39:12 -0500] "GET /galeria/nivo-slider/demo/images/Ruta-vertimientos-01.jpg HTTP/1.1" 200 130151
190.147.24.89 - - [26/Oct/2015:08:39:12 -0500] "GET /galeria/nivo-slider/demo/images/bolsas-06.jpg HTTP/1.1" 200 90982
190.147.24.89 - - [26/Oct/2015:08:39:12 -0500] "GET /galeria/nivo-slider/demo/images/Conoce-los-humedales.jpg HTTP/1.1" 200 294036
208.98.226.136 - - [26/Oct/2015:08:39:13 -0500] "GET /galeria/nivo-slider/demo/images/Plan-Quinquenal.jpg HTTP/1.1" 200 412438
208.98.226.136 - - [26/Oct/2015:08:39:13 -0500] "GET /galeria/nivo-slider/themes/default/loading.gif HTTP/1.1" 200 1737
190.147.24.89 - - [26/Oct/2015:08:39:13 -0500] "GET /galeria/nivo-slider/demo/images/ecolecta-Dic2014.png HTTP/1.1" 200 288593
190.147.24.89 - - [26/Oct/2015:08:39:13 -0500] "GET /galeria/nivo-slider/demo/images/Cmapana-onestidad.jpg HTTP/1.1" 200 141638
208.98.226.136 - - [26/Oct/2015:08:39:13 -0500] "GET /galeria/nivo-slider/demo/images/4Simple_Slider.png HTTP/1.1" 200 11722
190.147.24.89 - - [26/Oct/2015:08:39:13 -0500] "GET /galeria/nivo-slider/themes/default/loading.gif HTTP/1.1" 200 1737
181.49.75.62 - - [26/Oct/2015:08:39:13 -0500] "POST /forms/lservlet;jsessionid=ac16012b30d623aa75301d434a618e46d86a7cb5ea95.e3iSbxaKaheRe38Ka34Oa3eLbxf0n6jAmljGr5XDqQLvpAe HTTP/1.1" 200 2
181.49.75.62 - - [26/Oct/2015:08:39:13 -0500] "POST /forms/lservlet;jsessionid=ac16012b30d623aa75301d434a618e46d86a7cb5ea95.e3iSbxaKaheRe38Ka34Oa3eLbxf0n6jAmljGr5XDqQLvpAe HTTP/1.1" 200 2364
190.147.24.89 - - [26/Oct/2015:08:39:13 -0500] "GET /galeria/nivo-slider/demo/images/4Simple_Slider.png HTTP/1.1" 200 11722
181.49.75.62 - - [26/Oct/2015:08:39:14 -0500] "GET /imagenes/Srch_frw.gif HTTP/1.1" 200 925
181.49.75.62 - - [26/Oct/2015:08:39:14 -0500] "POST /forms/lservlet;jsessionid=ac16012b30d623aa75301d434a618e46d86a7cb5ea95.e3iSbxaKaheRe38Ka34Oa3eLbxf0n6jAmljGr5XDqQLvpAe HTTP/1.1" 200 10
190.147.24.89 - - [26/Oct/2015:08:39:14 -0500] "GET /galeria/nivo-slider/demo/images/PREDAcamp.jpg HTTP/1.1" 200 295358
181.49.23.142 - - [26/Oct/2015:08:39:14 -0500] "GET /galeria/nivo-slider/demo/images/rendicion-de-cuentas-formulario.jpg HTTP/1.1" 304 -
190.147.24.89 - - [26/Oct/2015:08:39:14 -0500] "GET /galeria/nivo-slider/demo/scripts/jquery-1.7.1.min.js HTTP/1.1" 200 93868
190.147.24.89 - - [26/Oct/2015:08:39:14 -0500] "GET /galeria/nivo-slider/jquery.nivo.slider.pack.js HTTP/1.1" 200 11561
181.49.75.62 - - [26/Oct/2015:08:39:15 -0500] "POST /forms/lservlet;jsessionid=ac16012b30d623aa75301d434a618e46d86a7cb5ea95.e3iSbxaKaheRe38Ka34Oa3eLbxf0n6jAmljGr5XDqQLvpAe HTTP/1.1" 200 24
181.49.23.142 - - [26/Oct/2015:08:39:15 -0500] "GET /galeria/nivo-slider/demo/images/Invitacion-productos-veterinario.jpg HTTP/1.1" 304 -
181.49.23.142 - - [26/Oct/2015:08:39:15 -0500] "GET /galeria/nivo-slider/demo/images/Arbol-banner2015.jpg HTTP/1.1" 304 -
181.49.75.62 - - [26/Oct/2015:08:39:15 -0500] "POST /forms/lservlet;jsessionid=ac16012b30d623aa75301d434a618e46d86a7cb5ea95.e3iSbxaKaheRe38Ka34Oa3eLbxf0n6jAmljGr5XDqQLvpAe HTTP/1.1" 200 3913
181.49.23.142 - - [26/Oct/2015:08:39:16 -0500] "GET /galeria/nivo-slider/demo/images/Banner-ahorro-de-agua.jpg HTTP/1.1" 304 -
181.49.75.62 - - [26/Oct/2015:08:39:16 -0500] "POST /forms/lservlet;jsessionid=ac16012b30d623aa75301d434a618e46d86a7cb5ea95.e3iSbxaKaheRe38Ka34Oa3eLbxf0n6jAmljGr5XDqQLvpAe HTTP/1.1" 200 2
181.49.23.142 - - [26/Oct/2015:08:39:16 -0500] "GET /galeria/nivo-slider/demo/images/Cmapana-onestidad.jpg HTTP/1.1" 304 -
181.49.23.142 - - [26/Oct/2015:08:39:16 -0500] "GET /galeria/nivo-slider/demo/images/Plan-Quinquenal.jpg HTTP/1.1" 304 -
208.98.226.136 - - [26/Oct/2015:08:39:16 -0500] "GET /galeria/nivo-slider/themes/default/arrows.png HTTP/1.1" 200 824
208.98.226.136 - - [26/Oct/2015:08:39:16 -0500] "GET /galeria/nivo-slider/themes/default/bullets.png HTTP/1.1" 200 1281
74.86.158.110 - - [26/Oct/2015:08:39:17 -0500] "HEAD / HTTP/1.1" 200 -
186.155.193.36 - - [26/Oct/2015:08:39:17 -0500] "GET /galeria/carrusel/Carrusel/jquery.thumbnailScroller.css HTTP/1.1" 200 2066
181.49.23.142 - - [26/Oct/2015:08:39:17 -0500] "GET /galeria/nivo-slider/demo/images/PREDAcamp.jpg HTTP/1.1" 304 -
186.155.193.36 - - [26/Oct/2015:08:39:17 -0500] "GET /galeria/nivo-slider/demo/demo.html HTTP/1.1" 200 4413
186.155.193.36 - - [26/Oct/2015:08:39:17 -0500] "GET /galeria/nivo-slider/themes/default/default.css HTTP/1.1" 200 1569
186.155.193.36 - - [26/Oct/2015:08:39:17 -0500] "GET /galeria/nivo-slider/themes/pascal/pascal.css HTTP/1.1" 200 2258
186.155.193.36 - - [26/Oct/2015:08:39:17 -0500] "GET /galeria/nivo-slider/themes/orman/orman.css HTTP/1.1" 200 2152
186.155.193.36 - - [26/Oct/2015:08:39:17 -0500] "GET /galeria/nivo-slider/demo/style.css HTTP/1.1" 200 2222
186.155.193.36 - - [26/Oct/2015:08:39:17 -0500] "GET /galeria/nivo-slider/nivo-slider.css HTTP/1.1" 200 1507
186.155.193.36 - - [26/Oct/2015:08:39:18 -0500] "GET /galeria/nivo-slider/demo/images/Banner-encuesta-de-percepscio.jpg HTTP/1.1" 200 201899
186.155.193.36 - - [26/Oct/2015:08:39:18 -0500] "GET /galeria/nivo-slider/demo/images/rendicion-de-cuentas-formulario.jpg HTTP/1.1" 200 166357
186.155.193.36 - - [26/Oct/2015:08:39:18 -0500] "GET /galeria/nivo-slider/demo/images/Arbol-banner2015.jpg HTTP/1.1" 304 -
186.155.193.36 - - [26/Oct/2015:08:39:18 -0500] "GET /galeria/nivo-slider/demo/images/Invitacion-productos-veterinario.jpg HTTP/1.1" 304 -
186.155.193.36 - - [26/Oct/2015:08:39:18 -0500] "GET /galeria/nivo-slider/demo/images/Banner-ahorro-de-agua.jpg HTTP/1.1" 304 -
186.155.193.36 - - [26/Oct/2015:08:39:18 -0500] "GET /galeria/nivo-slider/demo/images/Cmapana-onestidad.jpg HTTP/1.1" 304 -
186.155.193.36 - - [26/Oct/2015:08:39:18 -0500] "GET /galeria/nivo-slider/demo/images/Plan-Quinquenal.jpg HTTP/1.1" 304 -
186.155.193.36 - - [26/Oct/2015:08:39:18 -0500] "GET /galeria/nivo-slider/demo/images/banner-llantas2.jpg HTTP/1.1" 200 204644
186.155.193.36 - - [26/Oct/2015:08:39:18 -0500] "GET /galeria/nivo-slider/demo/images/9Signos.jpg HTTP/1.1" 200 81776
186.155.193.36 - - [26/Oct/2015:08:39:18 -0500] "GET /galeria/nivo-slider/demo/images/Comparendo-ambiental-Banner.jpg HTTP/1.1" 200 83731
186.155.193.36 - - [26/Oct/2015:08:39:18 -0500] "GET /galeria/nivo-slider/demo/images/Ruta-vertimientos-01.jpg HTTP/1.1" 200 130151
186.155.193.36 - - [26/Oct/2015:08:39:18 -0500] "GET /galeria/nivo-slider/demo/images/bolsas-06.jpg HTTP/1.1" 200 90982
186.155.193.36 - - [26/Oct/2015:08:39:19 -0500] "GET /galeria/nivo-slider/demo/images/4Simple_Slider.png HTTP/1.1" 200 11722
186.155.193.36 - - [26/Oct/2015:08:39:19 -0500] "GET /galeria/nivo-slider/themes/default/loading.gif HTTP/1.1" 200 1737
186.155.193.36 - - [26/Oct/2015:08:39:19 -0500] "GET /galeria/nivo-slider/themes/default/arrows.png HTTP/1.1" 200 824
186.155.193.36 - - [26/Oct/2015:08:39:19 -0500] "GET /galeria/nivo-slider/themes/default/bullets.png HTTP/1.1" 200 1281
190.147.24.89 - - [26/Oct/2015:08:39:21 -0500] "GET /galeria/nivo-slider/themes/default/bullets.png HTTP/1.1" 200 1281
190.147.24.89 - - [26/Oct/2015:08:39:21 -0500] "GET /galeria/nivo-slider/themes/default/arrows.png HTTP/1.1" 200 824
181.49.75.62 - - [26/Oct/2015:08:39:26 -0500] "POST /forms/lservlet;jsessionid=ac16012b30d623aa75301d434a618e46d86a7cb5ea95.e3iSbxaKaheRe38Ka34Oa3eLbxf0n6jAmljGr5XDqQLvpAe HTTP/1.1" 200 2
181.49.75.62 - - [26/Oct/2015:08:39:27 -0500] "POST /forms/lservlet;jsessionid=ac16012b30d623aa75301d434a618e46d86a7cb5ea95.e3iSbxaKaheRe38Ka34Oa3eLbxf0n6jAmljGr5XDqQLvpAe HTTP/1.1" 200 2
181.49.75.62 - - [26/Oct/2015:08:39:27 -0500] "POST /forms/lservlet;jsessionid=ac16012b30d623aa75301d434a618e46d86a7cb5ea95.e3iSbxaKaheRe38Ka34Oa3eLbxf0n6jAmljGr5XDqQLvpAe HTTP/1.1" 200 2366
190.126.92.182 - - [26/Oct/2015:08:39:27 -0500] "GET /galeria/galeria/jquery.fancybox.css?v=2.1.5 HTTP/1.1" 200 4895
190.126.92.182 - - [26/Oct/2015:08:39:27 -0500] "GET /galeria/carrusel/Carrusel/jquery.thumbnailScroller.css HTTP/1.1" 200 2066
190.126.92.182 - - [26/Oct/2015:08:39:27 -0500] "GET /BLA/boletinlegal/js/jquery.scrollShow.js HTTP/1.1" 200 4586
190.126.92.182 - - [26/Oct/2015:08:39:27 -0500] "GET /galeria/galeria/jquery.fancybox.js?v=2.1.5 HTTP/1.1" 200 48706
190.126.92.182 - - [26/Oct/2015:08:39:27 -0500] "GET /galeria/carrusel/Carrusel/jquery-ui-1.8.13.custom.min.js HTTP/1.1" 200 10800
190.126.92.182 - - [26/Oct/2015:08:39:27 -0500] "GET /galeria/carrusel/Carrusel/jquery.thumbnailScroller.js HTTP/1.1" 200 8157
181.49.75.62 - - [26/Oct/2015:08:39:27 -0500] "POST /forms/lservlet;jsessionid=ac16012b30d623aa75301d434a618e46d86a7cb5ea95.e3iSbxaKaheRe38Ka34Oa3eLbxf0n6jAmljGr5XDqQLvpAe HTTP/1.1" 200 10
181.49.75.62 - - [26/Oct/2015:08:39:28 -0500] "POST /forms/lservlet;jsessionid=ac16012b30d623aa75301d434a618e46d86a7cb5ea95.e3iSbxaKaheRe38Ka34Oa3eLbxf0n6jAmljGr5XDqQLvpAe HTTP/1.1" 200 24
181.49.75.62 - - [26/Oct/2015:08:39:28 -0500] "POST /forms/lservlet;jsessionid=ac16012b30d623aa75301d434a618e46d86a7cb5ea95.e3iSbxaKaheRe38Ka34Oa3eLbxf0n6jAmljGr5XDqQLvpAe HTTP/1.1" 200 3971
190.126.92.182 - - [26/Oct/2015:08:39:29 -0500] "GET /galeria/nivo-slider/demo/demo.html HTTP/1.1" 200 4413
181.49.75.62 - - [26/Oct/2015:08:39:29 -0500] "POST /forms/lservlet;jsessionid=ac16012b30d623aa75301d434a618e46d86a7cb5ea95.e3iSbxaKaheRe38Ka34Oa3eLbxf0n6jAmljGr5XDqQLvpAe HTTP/1.1" 200 2
66.249.64.101 - - [26/Oct/2015:08:39:29 -0500] "GET /BLA/resoluciones/AUTOS%202007/1378.pdf HTTP/1.1" 200 57628
190.126.92.182 - - [26/Oct/2015:08:39:30 -0500] "GET /galeria/nivo-slider/themes/default/default.css HTTP/1.1" 200 1569
190.126.92.182 - - [26/Oct/2015:08:39:30 -0500] "GET /galeria/nivo-slider/themes/pascal/pascal.css HTTP/1.1" 200 2258
190.126.92.182 - - [26/Oct/2015:08:39:30 -0500] "GET /galeria/nivo-slider/themes/orman/orman.css HTTP/1.1" 200 2152
190.126.92.182 - - [26/Oct/2015:08:39:30 -0500] "GET /galeria/nivo-slider/nivo-slider.css HTTP/1.1" 200 1507
190.126.92.182 - - [26/Oct/2015:08:39:30 -0500] "GET /galeria/nivo-slider/demo/style.css HTTP/1.1" 200 2222
190.126.92.182 - - [26/Oct/2015:08:39:30 -0500] "GET /galeria/nivo-slider/demo/images/Banner-encuesta-de-percepscio.jpg HTTP/1.1" 200 201899
190.126.92.182 - - [26/Oct/2015:08:39:30 -0500] "GET /galeria/nivo-slider/demo/scripts/jquery-1.7.1.min.js HTTP/1.1" 200 93868
190.126.92.182 - - [26/Oct/2015:08:39:30 -0500] "GET /galeria/nivo-slider/jquery.nivo.slider.pack.js HTTP/1.1" 200 11561
190.126.92.182 - - [26/Oct/2015:08:39:30 -0500] "GET /galeria/nivo-slider/demo/images/rendicion-de-cuentas-formulario.jpg HTTP/1.1" 200 166357
190.126.92.182 - - [26/Oct/2015:08:39:30 -0500] "GET /galeria/nivo-slider/demo/images/Invitacion-productos-veterinario.jpg HTTP/1.1" 200 247568
190.126.92.182 - - [26/Oct/2015:08:39:30 -0500] "GET /galeria/nivo-slider/demo/images/Arbol-banner2015.jpg HTTP/1.1" 200 226910
190.126.92.182 - - [26/Oct/2015:08:39:31 -0500] "GET /galeria/nivo-slider/demo/images/4Simple_Slider.png HTTP/1.1" 200 11722
190.126.92.182 - - [26/Oct/2015:08:39:31 -0500] "GET /galeria/nivo-slider/themes/default/loading.gif HTTP/1.1" 200 1737
190.109.164.163 - - [26/Oct/2015:08:39:32 -0500] "GET /galeria/galeria/jquery.fancybox.css?v=2.1.5 HTTP/1.1" 304 -
190.109.164.163 - - [26/Oct/2015:08:39:32 -0500] "GET /galeria/galeria/jquery.fancybox.js?v=2.1.5 HTTP/1.1" 304 -
190.126.92.182 - - [26/Oct/2015:08:39:33 -0500] "GET /galeria/nivo-slider/demo/images/Banner-ahorro-de-agua.jpg HTTP/1.1" 200 149141
190.126.92.182 - - [26/Oct/2015:08:39:33 -0500] "GET /galeria/nivo-slider/demo/images/Cmapana-onestidad.jpg HTTP/1.1" 200 141638
181.49.75.62 - - [26/Oct/2015:08:39:33 -0500] "POST /forms/lservlet;jsessionid=ac16012b30d623aa75301d434a618e46d86a7cb5ea95.e3iSbxaKaheRe38Ka34Oa3eLbxf0n6jAmljGr5XDqQLvpAe HTTP/1.1" 200 183
181.49.75.62 - - [26/Oct/2015:08:39:33 -0500] "POST /forms/lservlet;jsessionid=ac16012b30d623aa75301d434a618e46d86a7cb5ea95.e3iSbxaKaheRe38Ka34Oa3eLbxf0n6jAmljGr5XDqQLvpAe HTTP/1.1" 200 7
190.126.92.182 - - [26/Oct/2015:08:39:33 -0500] "GET /galeria/nivo-slider/demo/images/Plan-Quinquenal.jpg HTTP/1.1" 200 412438
190.126.92.182 - - [26/Oct/2015:08:39:34 -0500] "GET /galeria/nivo-slider/demo/images/PREDAcamp.jpg HTTP/1.1" 200 295358
190.126.92.182 - - [26/Oct/2015:08:39:34 -0500] "GET /galeria/nivo-slider/demo/images/banner-llantas2.jpg HTTP/1.1" 200 204644
190.126.92.182 - - [26/Oct/2015:08:39:34 -0500] "GET /galeria/nivo-slider/demo/images/9Signos.jpg HTTP/1.1" 200 81776
190.126.92.182 - - [26/Oct/2015:08:39:35 -0500] "GET /galeria/nivo-slider/demo/images/Comparendo-ambiental-Banner.jpg HTTP/1.1" 200 83731
190.126.92.182 - - [26/Oct/2015:08:39:35 -0500] "GET /galeria/nivo-slider/demo/images/Ruta-vertimientos-01.jpg HTTP/1.1" 200 130151
181.49.75.62 - - [26/Oct/2015:08:39:35 -0500] "POST /forms/lservlet;jsessionid=ac16012b30d623aa75301d434a618e46d86a7cb5ea95.e3iSbxaKaheRe38Ka34Oa3eLbxf0n6jAmljGr5XDqQLvpAe HTTP/1.1" 200 7
190.126.92.182 - - [26/Oct/2015:08:39:35 -0500] "GET /galeria/nivo-slider/demo/images/bolsas-06.jpg HTTP/1.1" 200 90982
190.126.92.182 - - [26/Oct/2015:08:39:35 -0500] "GET /galeria/nivo-slider/demo/images/Conoce-los-humedales.jpg HTTP/1.1" 200 294036
190.126.92.182 - - [26/Oct/2015:08:39:35 -0500] "GET /galeria/nivo-slider/demo/images/ecolecta-Dic2014.png HTTP/1.1" 200 288593
181.49.75.62 - - [26/Oct/2015:08:39:36 -0500] "POST /forms/lservlet;jsessionid=ac16012b30d623aa75301d434a618e46d86a7cb5ea95.e3iSbxaKaheRe38Ka34Oa3eLbxf0n6jAmljGr5XDqQLvpAe HTTP/1.1" 200 175
190.126.92.182 - - [26/Oct/2015:08:39:37 -0500] "GET /galeria/nivo-slider/themes/default/arrows.png HTTP/1.1" 200 824
190.126.92.182 - - [26/Oct/2015:08:39:38 -0500] "GET /galeria/nivo-slider/themes/default/bullets.png HTTP/1.1" 200 1281
64.76.56.129 - - [26/Oct/2015:08:39:38 -0500] "GET /galeria/nivo-slider/demo/demo.html HTTP/1.1" 304 -
64.76.56.129 - - [26/Oct/2015:08:39:38 -0500] "GET /galeria/nivo-slider/demo/images/rendicion-de-cuentas-formulario.jpg HTTP/1.1" 304 -
64.76.56.129 - - [26/Oct/2015:08:39:38 -0500] "GET /galeria/nivo-slider/demo/images/Invitacion-productos-veterinario.jpg HTTP/1.1" 304 -
64.76.56.129 - - [26/Oct/2015:08:39:38 -0500] "GET /galeria/nivo-slider/demo/images/Arbol-banner2015.jpg HTTP/1.1" 304 -
64.76.56.129 - - [26/Oct/2015:08:39:38 -0500] "GET /galeria/nivo-slider/demo/images/Banner-ahorro-de-agua.jpg HTTP/1.1" 304 -
64.76.56.129 - - [26/Oct/2015:08:39:38 -0500] "GET /galeria/nivo-slider/demo/images/Cmapana-onestidad.jpg HTTP/1.1" 304 -
64.76.56.129 - - [26/Oct/2015:08:39:38 -0500] "GET /galeria/nivo-slider/demo/images/9Signos.jpg HTTP/1.1" 304 -
190.248.63.211 - - [26/Oct/2015:08:39:42 -0500] "GET /galeria/galeria/jquery.fancybox.js?v=2.1.5 HTTP/1.1" 200 48706
190.248.63.211 - - [26/Oct/2015:08:39:42 -0500] "GET /BLA/boletinlegal/js/jquery.scrollShow.js HTTP/1.1" 200 4586
190.248.63.211 - - [26/Oct/2015:08:39:42 -0500] "GET /galeria/galeria/jquery.fancybox.css?v=2.1.5 HTTP/1.1" 200 4895
190.248.63.211 - - [26/Oct/2015:08:39:42 -0500] "GET /galeria/carrusel/Carrusel/jquery.thumbnailScroller.css HTTP/1.1" 200 2066
190.248.63.211 - - [26/Oct/2015:08:39:42 -0500] "GET /galeria/carrusel/Carrusel/jquery-ui-1.8.13.custom.min.js HTTP/1.1" 200 10800
186.147.83.82 - - [26/Oct/2015:08:39:42 -0500] "GET /BLA/boletinlegal/js/jquery.scrollShow.js HTTP/1.1" 200 4586
186.147.83.82 - - [26/Oct/2015:08:39:42 -0500] "GET /galeria/galeria/jquery.fancybox.css?v=2.1.5 HTTP/1.1" 200 4895
186.147.83.82 - - [26/Oct/2015:08:39:42 -0500] "GET /galeria/carrusel/Carrusel/jquery.thumbnailScroller.css HTTP/1.1" 200 2066
186.147.83.82 - - [26/Oct/2015:08:39:42 -0500] "GET /galeria/carrusel/Carrusel/jquery-ui-1.8.13.custom.min.js HTTP/1.1" 200 10800
186.147.83.82 - - [26/Oct/2015:08:39:42 -0500] "GET /galeria/carrusel/Carrusel/jquery.thumbnailScroller.js HTTP/1.1" 200 8157
186.147.83.82 - - [26/Oct/2015:08:39:42 -0500] "GET /galeria/galeria/jquery.fancybox.js?v=2.1.5 HTTP/1.1" 200 48706
201.245.192.253 - - [26/Oct/2015:08:39:42 -0500] "GET /galeria/nivo-slider/demo/demo.html HTTP/1.1" 304 -
181.49.75.62 - - [26/Oct/2015:08:39:43 -0500] "POST /forms/lservlet;jsessionid=ac16012b30d623aa75301d434a618e46d86a7cb5ea95.e3iSbxaKaheRe38Ka34Oa3eLbxf0n6jAmljGr5XDqQLvpAe HTTP/1.1" 200 63
181.49.75.62 - - [26/Oct/2015:08:39:43 -0500] "POST /forms/lservlet;jsessionid=ac16012b30d623aa75301d434a618e46d86a7cb5ea95.e3iSbxaKaheRe38Ka34Oa3eLbxf0n6jAmljGr5XDqQLvpAe HTTP/1.1" 200 2
190.248.63.211 - - [26/Oct/2015:08:39:43 -0500] "GET /galeria/nivo-slider/demo/demo.html HTTP/1.1" 200 4413
181.49.75.62 - - [26/Oct/2015:08:39:43 -0500] "POST /forms/lservlet;jsessionid=ac16012b30d623aa75301d434a618e46d86a7cb5ea95.e3iSbxaKaheRe38Ka34Oa3eLbxf0n6jAmljGr5XDqQLvpAe HTTP/1.1" 200 2381
186.147.83.82 - - [26/Oct/2015:08:39:43 -0500] "GET /galeria/nivo-slider/demo/demo.html HTTP/1.1" 200 4413
181.49.75.62 - - [26/Oct/2015:08:39:43 -0500] "GET /imagenes/Srch_frw.gif HTTP/1.1" 200 925
190.248.63.211 - - [26/Oct/2015:08:39:43 -0500] "GET /galeria/carrusel/Carrusel/jquery.thumbnailScroller.js HTTP/1.1" 200 8157
186.147.83.82 - - [26/Oct/2015:08:39:43 -0500] "GET /galeria/nivo-slider/themes/default/default.css HTTP/1.1" 200 1569
181.49.75.62 - - [26/Oct/2015:08:39:43 -0500] "POST /forms/lservlet;jsessionid=ac16012b30d623aa75301d434a618e46d86a7cb5ea95.e3iSbxaKaheRe38Ka34Oa3eLbxf0n6jAmljGr5XDqQLvpAe HTTP/1.1" 200 10
186.147.83.82 - - [26/Oct/2015:08:39:43 -0500] "GET /galeria/nivo-slider/themes/pascal/pascal.css HTTP/1.1" 200 2258
186.147.83.82 - - [26/Oct/2015:08:39:43 -0500] "GET /galeria/nivo-slider/themes/orman/orman.css HTTP/1.1" 200 2152
186.147.83.82 - - [26/Oct/2015:08:39:43 -0500] "GET /galeria/nivo-slider/nivo-slider.css HTTP/1.1" 200 1507
186.147.83.82 - - [26/Oct/2015:08:39:43 -0500] "GET /galeria/nivo-slider/demo/style.css HTTP/1.1" 200 2222
186.147.83.82 - - [26/Oct/2015:08:39:43 -0500] "GET /galeria/nivo-slider/demo/scripts/jquery-1.7.1.min.js HTTP/1.1" 200 93868
186.147.83.82 - - [26/Oct/2015:08:39:44 -0500] "GET /galeria/nivo-slider/jquery.nivo.slider.pack.js HTTP/1.1" 200 11561
186.147.83.82 - - [26/Oct/2015:08:39:44 -0500] "GET /galeria/nivo-slider/themes/default/loading.gif HTTP/1.1" 200 1737
186.147.83.82 - - [26/Oct/2015:08:39:44 -0500] "GET /galeria/nivo-slider/demo/images/4Simple_Slider.png HTTP/1.1" 200 11722
190.248.63.211 - - [26/Oct/2015:08:39:44 -0500] "GET /galeria/nivo-slider/themes/default/default.css HTTP/1.1" 200 1569
190.248.63.211 - - [26/Oct/2015:08:39:44 -0500] "GET /galeria/nivo-slider/themes/pascal/pascal.css HTTP/1.1" 200 2258
190.248.63.211 - - [26/Oct/2015:08:39:44 -0500] "GET /galeria/nivo-slider/themes/orman/orman.css HTTP/1.1" 200 2152
190.248.63.211 - - [26/Oct/2015:08:39:44 -0500] "GET /galeria/nivo-slider/demo/style.css HTTP/1.1" 200 2222
190.248.63.211 - - [26/Oct/2015:08:39:44 -0500] "GET /galeria/nivo-slider/nivo-slider.css HTTP/1.1" 200 1507
190.248.63.211 - - [26/Oct/2015:08:39:44 -0500] "GET /galeria/nivo-slider/demo/images/Banner-encuesta-de-percepscio.jpg HTTP/1.1" 200 201899
190.248.63.211 - - [26/Oct/2015:08:39:44 -0500] "GET /galeria/nivo-slider/demo/images/rendicion-de-cuentas-formulario.jpg HTTP/1.1" 200 166357
190.248.63.211 - - [26/Oct/2015:08:39:44 -0500] "GET /galeria/nivo-slider/demo/images/Banner-ahorro-de-agua.jpg HTTP/1.1" 200 149141
190.248.63.211 - - [26/Oct/2015:08:39:44 -0500] "GET /galeria/nivo-slider/demo/images/Arbol-banner2015.jpg HTTP/1.1" 200 226910
190.248.63.211 - - [26/Oct/2015:08:39:44 -0500] "GET /galeria/nivo-slider/demo/images/Invitacion-productos-veterinario.jpg HTTP/1.1" 200 247568
190.248.63.211 - - [26/Oct/2015:08:39:44 -0500] "GET /galeria/nivo-slider/demo/images/Cmapana-onestidad.jpg HTTP/1.1" 200 141638
201.245.192.253 - - [26/Oct/2015:08:39:44 -0500] "GET /galeria/nivo-slider/themes/default/default.css HTTP/1.1" 304 -
201.245.192.253 - - [26/Oct/2015:08:39:44 -0500] "GET /galeria/nivo-slider/demo/images/rendicion-de-cuentas-formulario.jpg HTTP/1.1" 304 -
201.245.192.253 - - [26/Oct/2015:08:39:44 -0500] "GET /galeria/nivo-slider/demo/images/Invitacion-productos-veterinario.jpg HTTP/1.1" 304 -
201.245.192.253 - - [26/Oct/2015:08:39:44 -0500] "GET /galeria/nivo-slider/demo/images/Banner-ahorro-de-agua.jpg HTTP/1.1" 304 -
201.245.192.253 - - [26/Oct/2015:08:39:44 -0500] "GET /galeria/nivo-slider/demo/images/Cmapana-onestidad.jpg HTTP/1.1" 304 -
