188.165.15.196 - - [04/Nov/2015:06:20:04 -0500] "GET /BLA/resoluciones/RESOLUCIONES%202006/RES%202006%20601-650/00000611.tif HTTP/1.1" 200 185284
201.245.192.253 - - [04/Nov/2015:06:20:11 -0500] "POST /forms/lservlet;jsessionid=ac16012b30d647e14f8c2e8b41ba9c25ad27ae3c99fc.e3iSbxaKaheRe38KbN0Rb34MbNn0n6jAmljGr5XDqQLvpAe HTTP/1.1" 200 2
186.85.90.90 - - [04/Nov/2015:06:20:17 -0500] "POST /forms/lservlet;jsessionid=ac16012b30d627ef5a3cf12f4dc49fe0c9e18898d1cd.e3iSbxaKaheRe38KbN0Rb34MbNn0n6jAmljGr5XDqQLvpAe HTTP/1.1" 200 2
69.162.124.233 - - [04/Nov/2015:06:20:31 -0500] "HEAD / HTTP/1.1" 200 -
66.249.69.108 - - [04/Nov/2015:06:21:32 -0500] "GET /videos/galeria-fotografica/index10.html? HTTP/1.1" 200 1971
66.249.69.116 - - [04/Nov/2015:06:21:33 -0500] "GET /videos/galeria-fotografica/js/jquery-flickr-gallery/jquery-flickr.css HTTP/1.1" 200 711
190.9.203.63 - - [04/Nov/2015:06:21:41 -0500] "POST /forms/lservlet;jsessionid=ac16012b30d652ee0bec045f40cdaceebc733c435fe0.e3iSbxaKaheRe38KbN0Rb34MbNn0n6jAmljGr5XDqQLvpAe HTTP/1.1" 200 2
201.245.192.253 - - [04/Nov/2015:06:22:11 -0500] "POST /forms/lservlet;jsessionid=ac16012b30d647e14f8c2e8b41ba9c25ad27ae3c99fc.e3iSbxaKaheRe38KbN0Rb34MbNn0n6jAmljGr5XDqQLvpAe HTTP/1.1" 200 2
186.85.90.90 - - [04/Nov/2015:06:22:17 -0500] "POST /forms/lservlet;jsessionid=ac16012b30d627ef5a3cf12f4dc49fe0c9e18898d1cd.e3iSbxaKaheRe38KbN0Rb34MbNn0n6jAmljGr5XDqQLvpAe HTTP/1.1" 200 2
180.76.15.12 - - [04/Nov/2015:06:22:37 -0500] "GET /BLA/boletinlegal/Circulares/2010/Circular%2003%20de%2015%20de%20marzo%20de%202010.pdf HTTP/1.1" 200 299174
66.249.69.100 - - [04/Nov/2015:06:22:39 -0500] "GET /silvicultura/1.pdf HTTP/1.1" 404 1018
186.80.242.188 - - [04/Nov/2015:06:22:58 -0500] "GET /galeria/nivo-slider/demo/demo.html HTTP/1.1" 200 4933
186.80.242.188 - - [04/Nov/2015:06:22:59 -0500] "GET /galeria/nivo-slider/demo/images/Banner-Bio-expo.jpg HTTP/1.1" 304 -
186.80.242.188 - - [04/Nov/2015:06:22:59 -0500] "GET /galeria/nivo-slider/demo/images/rendicion-de-cuentas-formulario.jpg HTTP/1.1" 206 46364
186.80.242.188 - - [04/Nov/2015:06:22:59 -0500] "GET /galeria/nivo-slider/demo/images/caminata-ecologica.jpg HTTP/1.1" 200 161069
186.80.242.188 - - [04/Nov/2015:06:22:59 -0500] "GET /galeria/nivo-slider/demo/images/banner-ACA-01.jpg HTTP/1.1" 206 113012
186.80.242.188 - - [04/Nov/2015:06:22:59 -0500] "GET /galeria/nivo-slider/demo/images/Banner-festival-PYBA.jpg HTTP/1.1" 206 210164
186.80.242.188 - - [04/Nov/2015:06:22:59 -0500] "GET /galeria/nivo-slider/demo/images/ABC-Plan-de-contigencia.jpg HTTP/1.1" 200 401853
186.80.242.188 - - [04/Nov/2015:06:23:00 -0500] "GET /galeria/nivo-slider/demo/images/Arbol-banner2015.jpg HTTP/1.1" 304 -
186.80.242.188 - - [04/Nov/2015:06:23:00 -0500] "GET /galeria/nivo-slider/demo/images/PREDAcamp.jpg HTTP/1.1" 206 3179
186.80.242.188 - - [04/Nov/2015:06:23:00 -0500] "GET /galeria/nivo-slider/demo/images/Ruta-vertimientos-01.jpg HTTP/1.1" 206 1520
186.80.242.188 - - [04/Nov/2015:06:23:00 -0500] "GET /galeria/nivo-slider/demo/images/ecolecta-Dic2014.png HTTP/1.1" 206 154417
186.80.242.188 - - [04/Nov/2015:06:23:08 -0500] "GET /galeria/nivo-slider/themes/default/arrows.png HTTP/1.1" 200 824
186.80.242.188 - - [04/Nov/2015:06:23:17 -0500] "GET /isolucionsda/ HTTP/1.1" 302 140
186.80.242.188 - - [04/Nov/2015:06:23:17 -0500] "GET /isolucionsda/ControlDeInicio.asp HTTP/1.1" 200 739
186.80.242.188 - - [04/Nov/2015:06:23:23 -0500] "GET /isolucionsda/IdentificaUsuario.asp?Pagina1=FrameSetGeneral.asp& HTTP/1.1" 200 5090
186.80.242.188 - - [04/Nov/2015:06:23:29 -0500] "POST /isolucionsda/IdentificaUsuario.asp?Pagina1=FrameSetGeneral.asp& HTTP/1.1" 302 173
186.80.242.188 - - [04/Nov/2015:06:23:29 -0500] "GET /isolucionsda/FrameSetGeneral.asp?Pagina1=FrameSetGeneral.asp& HTTP/1.1" 200 6613
186.80.242.188 - - [04/Nov/2015:06:23:29 -0500] "GET /isolucionsda/BarraTitulos.asp?Pagina1=FrameSetGeneral.asp&&Pagina=MagazinHome.asp HTTP/1.1" 200 6972
186.80.242.188 - - [04/Nov/2015:06:23:29 -0500] "GET /isolucionsda/Encabezado.asp?Pagina1=FrameSetGeneral.asp&&Pagina=MagazinHome.asp HTTP/1.1" 200 15420
186.80.242.188 - - [04/Nov/2015:06:23:29 -0500] "GET /isolucionsda/BarraFavoritos.asp HTTP/1.1" 200 911
186.80.242.188 - - [04/Nov/2015:06:23:29 -0500] "GET /isolucionsda/MagazinHome.asp HTTP/1.1" 200 27459
186.80.242.188 - - [04/Nov/2015:06:23:30 -0500] "GET /isolucionsda/TareasSFRedirect.asp HTTP/1.1" 302 195
186.80.242.188 - - [04/Nov/2015:06:23:30 -0500] "GET /isolucionsda/g/Bgr_Destacado3399CC.jpg HTTP/1.1" 404 1245
186.80.242.188 - - [04/Nov/2015:06:23:30 -0500] "GET /isolucionsda/Session.asp?Continue=1 HTTP/1.1" 200 6323
186.80.242.188 - - [04/Nov/2015:06:23:30 -0500] "GET /isolucionsda/Login.aspx?TARGET=SFContainerFiltrado.aspx&number=53496556525467484551 HTTP/1.1" 302 886
186.80.242.188 - - [04/Nov/2015:06:23:32 -0500] "GET /isolucionsda/FrameSetGeneral.asp?Pagina=Menu.asp&IdModulo=7 HTTP/1.1" 200 6583
186.80.242.188 - - [04/Nov/2015:06:23:32 -0500] "GET /isolucionsda/Encabezado.asp?Pagina=Menu.asp&IdModulo=7 HTTP/1.1" 200 15421
186.80.242.188 - - [04/Nov/2015:06:23:32 -0500] "GET /isolucionsda/BarraTitulos.asp?Pagina=Menu.asp&IdModulo=7 HTTP/1.1" 200 6993
186.80.242.188 - - [04/Nov/2015:06:23:32 -0500] "GET /isolucionsda/BarraFavoritos.asp HTTP/1.1" 200 911
186.80.242.188 - - [04/Nov/2015:06:23:32 -0500] "GET /isolucionsda/Session.asp?Continue=1 HTTP/1.1" 200 6323
186.80.242.188 - - [04/Nov/2015:06:23:32 -0500] "GET /isolucionsda/Menu.asp?Pagina=Menu.asp&IdModulo=7 HTTP/1.1" 200 30795
188.165.15.196 - - [04/Nov/2015:06:23:34 -0500] "GET /BLA/resoluciones/AUTOS%202006/AUTOS%202006%201001-1100/00001022.tif HTTP/1.1" 200 60444
186.80.242.188 - - [04/Nov/2015:06:23:36 -0500] "GET /isolucionsda/FrameSetGeneral.asp?Pagina=FrameSetAuditoria.asp HTTP/1.1" 200 6602
186.80.242.188 - - [04/Nov/2015:06:23:37 -0500] "GET /isolucionsda/BarraTitulos.asp?Pagina=FrameSetAuditoria.asp HTTP/1.1" 200 6993
186.80.242.188 - - [04/Nov/2015:06:23:37 -0500] "GET /isolucionsda/Encabezado.asp?Pagina=FrameSetAuditoria.asp HTTP/1.1" 200 15396
186.80.242.188 - - [04/Nov/2015:06:23:37 -0500] "GET /isolucionsda/BarraFavoritos.asp HTTP/1.1" 200 911
186.80.242.188 - - [04/Nov/2015:06:23:37 -0500] "GET /isolucionsda/FrameSetAuditoria.asp?Pagina=FrameSetAuditoria.asp HTTP/1.1" 200 6544
186.80.242.188 - - [04/Nov/2015:06:23:37 -0500] "GET /isolucionsda/Session.asp?Continue=1 HTTP/1.1" 200 6323
186.80.242.188 - - [04/Nov/2015:06:23:37 -0500] "GET /isolucionsda/AuditoriaEncabezado.asp?Anio=&codsucursal=&NombreAuditoria=&CodTipoAuditoria= HTTP/1.1" 200 8007
186.80.242.188 - - [04/Nov/2015:06:23:37 -0500] "GET /isolucionsda/FrameAuditoria.asp?Anio=&codsucursal=&NombreAuditoria=&CodTipoAuditoria= HTTP/1.1" 200 6662
186.80.242.188 - - [04/Nov/2015:06:23:37 -0500] "GET /isolucionsda/AuditoriaFrameIzq.asp?Anio=&codsucursal=&NombreAuditoria=&CodTipoAuditoria= HTTP/1.1" 200 25250
186.80.242.188 - - [04/Nov/2015:06:23:37 -0500] "GET /isolucionsda/AuditoriaFrameDer.asp?Anio=&codsucursal=&NombreAuditoria=&CodTipoAuditoria= HTTP/1.1" 200 362528
188.165.15.196 - - [04/Nov/2015:06:23:39 -0500] "GET /BLA/resoluciones/RESOLUCIONES%202005/RES%202005%202351-2400/00002365.tif HTTP/1.1" 200 139558
190.9.203.63 - - [04/Nov/2015:06:23:41 -0500] "POST /forms/lservlet;jsessionid=ac16012b30d652ee0bec045f40cdaceebc733c435fe0.e3iSbxaKaheRe38KbN0Rb34MbNn0n6jAmljGr5XDqQLvpAe HTTP/1.1" 200 2
66.249.88.111 - - [04/Nov/2015:06:23:42 -0500] "GET /BLA/resoluciones/RESOLUCIONES%202007/RES%202007%20701%20AL%20800/RESOLUCION%200705%20DE%202007.pdf HTTP/1.1" 200 1060513
66.249.88.121 - - [04/Nov/2015:06:23:44 -0500] "GET /favicon.ico HTTP/1.1" 200 7782
186.80.242.188 - - [04/Nov/2015:06:23:45 -0500] "GET /isolucionsda/PlanAuditoria.asp?CodAuditoria=138 HTTP/1.1" 200 27047
186.80.242.188 - - [04/Nov/2015:06:23:45 -0500] "GET /isolucionsda/JavaScript/Validaciones.js HTTP/1.1" 200 2940
186.80.242.188 - - [04/Nov/2015:06:23:50 -0500] "GET /isolucionsda/InformeAuditoria.asp?CodAuditoria=138 HTTP/1.1" 200 18793
186.80.242.188 - - [04/Nov/2015:06:23:50 -0500] "GET /IsolucionSDA/g/AnexoIcono/pdf.gif HTTP/1.1" 200 595
186.80.242.188 - - [04/Nov/2015:06:23:53 -0500] "GET /ISOlucionSDA/BancoAnexo/AuditoriaInforme/Documentos/138/informe%20auditoria%20ambiental%20(1)0.pdf HTTP/1.1" 200 227680
186.80.242.188 - - [04/Nov/2015:06:23:55 -0500] "GET /ISOlucionSDA/BancoAnexo/AuditoriaInforme/Documentos/138/informe%20auditoria%20ambiental%20(1)0.pdf HTTP/1.1" 200 88416
186.80.242.188 - - [04/Nov/2015:06:23:55 -0500] "GET /ISOlucionSDA/BancoAnexo/AuditoriaInforme/Documentos/138/informe%20auditoria%20ambiental%20(1)0.pdf HTTP/1.1" 206 4692
186.80.242.188 - - [04/Nov/2015:06:23:54 -0500] "GET /ISOlucionSDA/BancoAnexo/AuditoriaInforme/Documentos/138/informe%20auditoria%20ambiental%20(1)0.pdf HTTP/1.1" 206 1371919
186.80.242.188 - - [04/Nov/2015:06:23:55 -0500] "GET /ISOlucionSDA/BancoAnexo/AuditoriaInforme/Documentos/138/informe%20auditoria%20ambiental%20(1)0.pdf HTTP/1.1" 206 16980
186.80.242.188 - - [04/Nov/2015:06:23:55 -0500] "GET /ISOlucionSDA/BancoAnexo/AuditoriaInforme/Documentos/138/informe%20auditoria%20ambiental%20(1)0.pdf HTTP/1.1" 206 385024
201.245.192.253 - - [04/Nov/2015:06:24:11 -0500] "POST /forms/lservlet;jsessionid=ac16012b30d647e14f8c2e8b41ba9c25ad27ae3c99fc.e3iSbxaKaheRe38KbN0Rb34MbNn0n6jAmljGr5XDqQLvpAe HTTP/1.1" 200 2
186.85.90.90 - - [04/Nov/2015:06:24:17 -0500] "POST /forms/lservlet;jsessionid=ac16012b30d627ef5a3cf12f4dc49fe0c9e18898d1cd.e3iSbxaKaheRe38KbN0Rb34MbNn0n6jAmljGr5XDqQLvpAe HTTP/1.1" 200 2
200.116.127.34 - - [04/Nov/2015:06:24:35 -0500] "GET /BLA/resoluciones/RESOLUCIONES%202010/3849.pdf HTTP/1.1" 200 709968
200.116.127.34 - - [04/Nov/2015:06:24:36 -0500] "GET /favicon.ico HTTP/1.1" 200 7782
200.116.127.34 - - [04/Nov/2015:06:24:36 -0500] "GET /BLA/resoluciones/RESOLUCIONES%202010/3849.pdf HTTP/1.1" 206 32768
200.116.127.34 - - [04/Nov/2015:06:24:36 -0500] "GET /BLA/resoluciones/RESOLUCIONES%202010/3849.pdf HTTP/1.1" 206 677200
186.80.242.188 - - [04/Nov/2015:06:24:51 -0500] "GET /isolucionsda/g/Bot_AnteriorOver.jpg HTTP/1.1" 200 1752
186.80.242.188 - - [04/Nov/2015:06:24:51 -0500] "GET /isolucionsda/g/Bot_SiguienteOver.jpg HTTP/1.1" 200 1668
186.80.242.188 - - [04/Nov/2015:06:24:51 -0500] "GET /isolucionsda/g/Bot_AnteriorOver.jpg HTTP/1.1" 200 1752
186.80.242.188 - - [04/Nov/2015:06:24:52 -0500] "GET /isolucionsda/g/Bot_AnteriorOver.jpg HTTP/1.1" 200 1752
186.80.242.188 - - [04/Nov/2015:06:24:53 -0500] "GET /isolucionsda/g/Bot_ManualOver_ESP.jpg HTTP/1.1" 200 4732
186.80.242.188 - - [04/Nov/2015:06:24:53 -0500] "GET /isolucionsda/g/Bot_ProcesosOver_ESP.jpg HTTP/1.1" 200 4659
186.80.242.188 - - [04/Nov/2015:06:25:13 -0500] "GET /isolucionsda/PlanAuditoria.asp?CodAuditoria=135 HTTP/1.1" 200 27088
190.131.194.135 - - [04/Nov/2015:06:25:19 -0500] "GET /galeria/nivo-slider/demo/images/rendicion-de-cuentas-formulario.jpg HTTP/1.1" 304 -
186.30.168.27 - - [04/Nov/2015:06:25:30 -0500] "GET /galeria/nivo-slider/demo/demo.html HTTP/1.1" 200 4933
69.162.124.233 - - [04/Nov/2015:06:25:31 -0500] "HEAD / HTTP/1.1" 200 -
186.80.242.188 - - [04/Nov/2015:06:25:31 -0500] "GET /isolucionsda/InformeAuditoria.asp?CodAuditoria=135 HTTP/1.1" 200 18943
186.30.168.27 - - [04/Nov/2015:06:25:33 -0500] "GET /galeria/nivo-slider/themes/default/default.css HTTP/1.1" 200 1569
186.30.168.27 - - [04/Nov/2015:06:25:33 -0500] "GET /galeria/nivo-slider/themes/pascal/pascal.css HTTP/1.1" 200 2258
186.30.168.27 - - [04/Nov/2015:06:25:33 -0500] "GET /galeria/nivo-slider/themes/orman/orman.css HTTP/1.1" 200 2152
186.30.168.27 - - [04/Nov/2015:06:25:33 -0500] "GET /galeria/nivo-slider/nivo-slider.css HTTP/1.1" 200 1507
186.30.168.27 - - [04/Nov/2015:06:25:33 -0500] "GET /galeria/nivo-slider/demo/style.css HTTP/1.1" 200 2222
186.30.168.27 - - [04/Nov/2015:06:25:33 -0500] "GET /galeria/nivo-slider/demo/images/Banner-encuesta-de-percepscio.jpg HTTP/1.1" 200 201899
186.30.168.27 - - [04/Nov/2015:06:25:33 -0500] "GET /galeria/nivo-slider/demo/scripts/jquery-1.7.1.min.js HTTP/1.1" 200 93868
186.30.168.27 - - [04/Nov/2015:06:25:33 -0500] "GET /galeria/nivo-slider/demo/images/Banner-Bio-expo.jpg HTTP/1.1" 200 279197
186.30.168.27 - - [04/Nov/2015:06:25:33 -0500] "GET /galeria/nivo-slider/demo/images/rendicion-de-cuentas-formulario.jpg HTTP/1.1" 200 166357
186.30.168.27 - - [04/Nov/2015:06:25:33 -0500] "GET /galeria/nivo-slider/demo/images/Banner-festival-PYBA.jpg HTTP/1.1" 200 251477
186.30.168.27 - - [04/Nov/2015:06:25:33 -0500] "GET /galeria/nivo-slider/demo/images/ABC-Plan-de-contigencia.jpg HTTP/1.1" 200 401853
186.80.242.188 - - [04/Nov/2015:06:25:35 -0500] "GET /ISOlucionSDA/BancoAnexo/AuditoriaInforme/Documentos/135/2015ie89268%20informe%20def%20aud%20educacion,%20participacion%20y%20localidades0.pdf HTTP/1.1" 200 95359
186.30.168.27 - - [04/Nov/2015:06:25:38 -0500] "GET /galeria/nivo-slider/demo/images/4Simple_Slider.png HTTP/1.1" 200 11722
186.30.168.27 - - [04/Nov/2015:06:25:38 -0500] "GET /galeria/nivo-slider/themes/default/loading.gif HTTP/1.1" 200 1737
186.30.168.27 - - [04/Nov/2015:06:25:39 -0500] "GET /galeria/nivo-slider/demo/images/banner-ACA-01.jpg HTTP/1.1" 200 161255
186.80.242.188 - - [04/Nov/2015:06:25:35 -0500] "GET /ISOlucionSDA/BancoAnexo/AuditoriaInforme/Documentos/135/2015ie89268%20informe%20def%20aud%20educacion,%20participacion%20y%20localidades0.pdf HTTP/1.1" 206 4325264
186.30.168.27 - - [04/Nov/2015:06:25:40 -0500] "GET /galeria/nivo-slider/demo/images/caminata-ecologica.jpg HTTP/1.1" 200 161069
186.30.168.27 - - [04/Nov/2015:06:25:40 -0500] "GET /galeria/nivo-slider/demo/images/Arbol-banner2015.jpg HTTP/1.1" 200 226910
186.30.168.27 - - [04/Nov/2015:06:25:41 -0500] "GET /galeria/nivo-slider/demo/images/Banner-ahorro-de-agua.jpg HTTP/1.1" 200 149141
186.30.168.27 - - [04/Nov/2015:06:25:41 -0500] "GET /galeria/nivo-slider/demo/images/Cmapana-onestidad.jpg HTTP/1.1" 200 141638
190.9.203.63 - - [04/Nov/2015:06:25:41 -0500] "POST /forms/lservlet;jsessionid=ac16012b30d652ee0bec045f40cdaceebc733c435fe0.e3iSbxaKaheRe38KbN0Rb34MbNn0n6jAmljGr5XDqQLvpAe HTTP/1.1" 200 2
186.30.168.27 - - [04/Nov/2015:06:25:42 -0500] "GET /galeria/nivo-slider/demo/images/Plan-Quinquenal.jpg HTTP/1.1" 200 412438
201.245.192.253 - - [04/Nov/2015:06:26:11 -0500] "POST /forms/lservlet;jsessionid=ac16012b30d647e14f8c2e8b41ba9c25ad27ae3c99fc.e3iSbxaKaheRe38KbN0Rb34MbNn0n6jAmljGr5XDqQLvpAe HTTP/1.1" 200 2
186.85.90.90 - - [04/Nov/2015:06:26:12 -0500] "POST /forms/lservlet;jsessionid=ac16012b30d627ef5a3cf12f4dc49fe0c9e18898d1cd.e3iSbxaKaheRe38KbN0Rb34MbNn0n6jAmljGr5XDqQLvpAe HTTP/1.1" 200 2
186.80.242.188 - - [04/Nov/2015:06:26:12 -0500] "GET /isolucionsda/g/Bot_ProcesosOver_ESP.jpg HTTP/1.1" 200 4659
186.85.90.90 - - [04/Nov/2015:06:26:13 -0500] "POST /forms/lservlet;jsessionid=ac16012b30d627ef5a3cf12f4dc49fe0c9e18898d1cd.e3iSbxaKaheRe38KbN0Rb34MbNn0n6jAmljGr5XDqQLvpAe HTTP/1.1" 200 2360
186.80.242.188 - - [04/Nov/2015:06:26:13 -0500] "GET /isolucionsda/g/Bot_HomeOver.jpg HTTP/1.1" 200 1879
186.85.90.90 - - [04/Nov/2015:06:26:13 -0500] "POST /forms/lservlet;jsessionid=ac16012b30d627ef5a3cf12f4dc49fe0c9e18898d1cd.e3iSbxaKaheRe38KbN0Rb34MbNn0n6jAmljGr5XDqQLvpAe HTTP/1.1" 200 15
186.80.242.188 - - [04/Nov/2015:06:26:13 -0500] "GET /isolucionsda/g/Bot_HomeOver.jpg HTTP/1.1" 200 1879
186.80.242.188 - - [04/Nov/2015:06:26:15 -0500] "GET /isolucionsda/g/Bot_DocumentosOver_ESP.jpg HTTP/1.1" 200 5899
186.85.90.90 - - [04/Nov/2015:06:26:15 -0500] "POST /forms/lservlet;jsessionid=ac16012b30d627ef5a3cf12f4dc49fe0c9e18898d1cd.e3iSbxaKaheRe38KbN0Rb34MbNn0n6jAmljGr5XDqQLvpAe HTTP/1.1" 200 24
186.80.242.188 - - [04/Nov/2015:06:26:15 -0500] "GET /isolucionsda/g/Bot_ManualOver_ESP.jpg HTTP/1.1" 200 4732
186.85.90.90 - - [04/Nov/2015:06:26:15 -0500] "POST /forms/lservlet;jsessionid=ac16012b30d627ef5a3cf12f4dc49fe0c9e18898d1cd.e3iSbxaKaheRe38KbN0Rb34MbNn0n6jAmljGr5XDqQLvpAe HTTP/1.1" 200 4420
186.85.90.90 - - [04/Nov/2015:06:26:16 -0500] "POST /forms/lservlet;jsessionid=ac16012b30d627ef5a3cf12f4dc49fe0c9e18898d1cd.e3iSbxaKaheRe38KbN0Rb34MbNn0n6jAmljGr5XDqQLvpAe HTTP/1.1" 200 2
186.85.90.90 - - [04/Nov/2015:06:26:17 -0500] "POST /forms/lservlet;jsessionid=ac16012b30d627ef5a3cf12f4dc49fe0c9e18898d1cd.e3iSbxaKaheRe38KbN0Rb34MbNn0n6jAmljGr5XDqQLvpAe HTTP/1.1" 200 2
186.85.90.90 - - [04/Nov/2015:06:26:19 -0500] "POST /forms/lservlet;jsessionid=ac16012b30d627ef5a3cf12f4dc49fe0c9e18898d1cd.e3iSbxaKaheRe38KbN0Rb34MbNn0n6jAmljGr5XDqQLvpAe HTTP/1.1" 200 136
186.85.90.90 - - [04/Nov/2015:06:26:20 -0500] "POST /forms/lservlet;jsessionid=ac16012b30d627ef5a3cf12f4dc49fe0c9e18898d1cd.e3iSbxaKaheRe38KbN0Rb34MbNn0n6jAmljGr5XDqQLvpAe HTTP/1.1" 200 7
186.85.90.90 - - [04/Nov/2015:06:26:25 -0500] "POST /forms/lservlet;jsessionid=ac16012b30d627ef5a3cf12f4dc49fe0c9e18898d1cd.e3iSbxaKaheRe38KbN0Rb34MbNn0n6jAmljGr5XDqQLvpAe HTTP/1.1" 200 7
186.85.90.90 - - [04/Nov/2015:06:26:27 -0500] "POST /forms/lservlet;jsessionid=ac16012b30d627ef5a3cf12f4dc49fe0c9e18898d1cd.e3iSbxaKaheRe38KbN0Rb34MbNn0n6jAmljGr5XDqQLvpAe HTTP/1.1" 200 63
186.80.242.188 - - [04/Nov/2015:06:26:28 -0500] "GET /isolucionsda/PlanAuditoria.asp?CodAuditoria=136 HTTP/1.1" 200 27229
66.249.69.108 - - [04/Nov/2015:06:26:31 -0500] "GET /BLA/resoluciones/RESOLUCIONES%202013/0229.pdf HTTP/1.1" 200 3148294
186.80.242.188 - - [04/Nov/2015:06:26:38 -0500] "GET /isolucionsda/InformeAuditoria.asp?CodAuditoria=136 HTTP/1.1" 200 18581
186.80.242.188 - - [04/Nov/2015:06:26:38 -0500] "GET /IsolucionSDA/g/AnexoIcono/docx.gif HTTP/1.1" 200 1037
186.80.242.188 - - [04/Nov/2015:06:26:38 -0500] "GET /IsolucionSDA/g/AnexoIcono/doc.gif HTTP/1.1" 200 619
186.85.90.90 - - [04/Nov/2015:06:26:39 -0500] "POST /forms/lservlet;jsessionid=ac16012b30d627ef5a3cf12f4dc49fe0c9e18898d1cd.e3iSbxaKaheRe38KbN0Rb34MbNn0n6jAmljGr5XDqQLvpAe HTTP/1.1" 200 48
186.80.242.188 - - [04/Nov/2015:06:26:42 -0500] "GET /ISOlucionSDA/BancoAnexo/AuditoriaInforme/Documentos/136/info%20aud%20seguim%20proc%20atn%20ciudad%20abril%206%20(1)0.doc HTTP/1.1" 200 869888
186.80.242.188 - - [04/Nov/2015:06:27:18 -0500] "GET /ISOlucionSDA/BancoAnexo/AuditoriaInforme/Documentos/136/2015ie57769%20informe%20de%20la%20auditoria%20de%20seguimiento0.docx HTTP/1.1" 200 185112
190.26.211.36 - - [04/Nov/2015:06:27:22 -0500] "GET /galeria/galeria/jquery.fancybox.js?v=2.1.5 HTTP/1.1" 304 -
190.26.211.36 - - [04/Nov/2015:06:27:22 -0500] "GET /BLA/boletinlegal/js/jquery.scrollShow.js HTTP/1.1" 304 -
190.26.211.36 - - [04/Nov/2015:06:27:22 -0500] "GET /galeria/galeria/jquery.fancybox.css?v=2.1.5 HTTP/1.1" 304 -
190.26.211.36 - - [04/Nov/2015:06:27:22 -0500] "GET /galeria/carrusel/Carrusel/jquery.thumbnailScroller.css HTTP/1.1" 200 2066
190.26.211.36 - - [04/Nov/2015:06:27:22 -0500] "GET /galeria/carrusel/Carrusel/jquery-ui-1.8.13.custom.min.js HTTP/1.1" 200 10800
190.26.211.36 - - [04/Nov/2015:06:27:22 -0500] "GET /galeria/carrusel/Carrusel/jquery.thumbnailScroller.js HTTP/1.1" 200 8157
190.26.211.36 - - [04/Nov/2015:06:27:24 -0500] "GET /galeria/nivo-slider/demo/demo.html HTTP/1.1" 200 4933
190.26.211.36 - - [04/Nov/2015:06:27:24 -0500] "GET /galeria/nivo-slider/themes/pascal/pascal.css HTTP/1.1" 200 2258
190.26.211.36 - - [04/Nov/2015:06:27:24 -0500] "GET /galeria/nivo-slider/themes/orman/orman.css HTTP/1.1" 200 2152
190.26.211.36 - - [04/Nov/2015:06:27:24 -0500] "GET /galeria/nivo-slider/themes/default/default.css HTTP/1.1" 200 1569
190.26.211.36 - - [04/Nov/2015:06:27:24 -0500] "GET /galeria/nivo-slider/nivo-slider.css HTTP/1.1" 200 1507
190.26.211.36 - - [04/Nov/2015:06:27:24 -0500] "GET /galeria/nivo-slider/demo/images/Banner-Bio-expo.jpg HTTP/1.1" 200 279197
190.26.211.36 - - [04/Nov/2015:06:27:24 -0500] "GET /galeria/nivo-slider/demo/images/Banner-festival-PYBA.jpg HTTP/1.1" 200 251477
190.26.211.36 - - [04/Nov/2015:06:27:24 -0500] "GET /galeria/nivo-slider/demo/style.css HTTP/1.1" 200 2222
190.26.211.36 - - [04/Nov/2015:06:27:24 -0500] "GET /galeria/nivo-slider/demo/images/Banner-encuesta-de-percepscio.jpg HTTP/1.1" 200 201899
190.26.211.36 - - [04/Nov/2015:06:27:24 -0500] "GET /galeria/nivo-slider/demo/images/ABC-Plan-de-contigencia.jpg HTTP/1.1" 200 401853
190.26.211.36 - - [04/Nov/2015:06:27:24 -0500] "GET /galeria/nivo-slider/demo/images/rendicion-de-cuentas-formulario.jpg HTTP/1.1" 200 166357
190.26.211.36 - - [04/Nov/2015:06:27:24 -0500] "GET /galeria/nivo-slider/demo/images/caminata-ecologica.jpg HTTP/1.1" 200 161069
190.26.211.36 - - [04/Nov/2015:06:27:24 -0500] "GET /galeria/nivo-slider/demo/images/banner-ACA-01.jpg HTTP/1.1" 200 161255
190.26.211.36 - - [04/Nov/2015:06:27:24 -0500] "GET /galeria/nivo-slider/demo/images/Banner-ahorro-de-agua.jpg HTTP/1.1" 200 149141
190.26.211.36 - - [04/Nov/2015:06:27:24 -0500] "GET /galeria/nivo-slider/demo/images/Arbol-banner2015.jpg HTTP/1.1" 200 226910
190.26.211.36 - - [04/Nov/2015:06:27:24 -0500] "GET /galeria/nivo-slider/demo/images/Cmapana-onestidad.jpg HTTP/1.1" 200 141638
190.26.211.36 - - [04/Nov/2015:06:27:25 -0500] "GET /galeria/nivo-slider/demo/images/Plan-Quinquenal.jpg HTTP/1.1" 200 412438
190.26.211.36 - - [04/Nov/2015:06:27:25 -0500] "GET /galeria/nivo-slider/demo/images/PREDAcamp.jpg HTTP/1.1" 200 295358
190.26.211.36 - - [04/Nov/2015:06:27:25 -0500] "GET /galeria/nivo-slider/demo/images/banner-llantas2.jpg HTTP/1.1" 200 204644
190.26.211.36 - - [04/Nov/2015:06:27:25 -0500] "GET /galeria/nivo-slider/demo/images/9Signos.jpg HTTP/1.1" 200 81776
190.26.211.36 - - [04/Nov/2015:06:27:25 -0500] "GET /galeria/nivo-slider/demo/images/Ruta-vertimientos-01.jpg HTTP/1.1" 200 130151
190.26.211.36 - - [04/Nov/2015:06:27:26 -0500] "GET /galeria/nivo-slider/demo/images/bolsas-06.jpg HTTP/1.1" 200 90982
190.26.211.36 - - [04/Nov/2015:06:27:26 -0500] "GET /galeria/nivo-slider/demo/images/Conoce-los-humedales.jpg HTTP/1.1" 200 294036
190.26.211.36 - - [04/Nov/2015:06:27:26 -0500] "GET /galeria/nivo-slider/demo/images/ecolecta-Dic2014.png HTTP/1.1" 200 288593
190.26.211.36 - - [04/Nov/2015:06:27:26 -0500] "GET /galeria/nivo-slider/demo/scripts/jquery-1.7.1.min.js HTTP/1.1" 200 93868
190.26.211.36 - - [04/Nov/2015:06:27:26 -0500] "GET /galeria/nivo-slider/jquery.nivo.slider.pack.js HTTP/1.1" 200 11561
190.26.211.36 - - [04/Nov/2015:06:27:30 -0500] "GET /galeria/nivo-slider/demo/images/4Simple_Slider.png HTTP/1.1" 200 11722
190.26.211.36 - - [04/Nov/2015:06:27:30 -0500] "GET /galeria/nivo-slider/themes/default/loading.gif HTTP/1.1" 200 1737
190.26.211.36 - - [04/Nov/2015:06:27:33 -0500] "GET /galeria/nivo-slider/themes/default/arrows.png HTTP/1.1" 200 824
190.26.211.36 - - [04/Nov/2015:06:27:33 -0500] "GET /galeria/nivo-slider/themes/default/bullets.png HTTP/1.1" 200 1281
191.95.243.83 - - [04/Nov/2015:06:27:33 -0500] "GET /forest/login.do HTTP/1.1" 404 1120
190.9.203.63 - - [04/Nov/2015:06:27:41 -0500] "POST /forms/lservlet;jsessionid=ac16012b30d652ee0bec045f40cdaceebc733c435fe0.e3iSbxaKaheRe38KbN0Rb34MbNn0n6jAmljGr5XDqQLvpAe HTTP/1.1" 200 2
190.26.211.36 - - [04/Nov/2015:06:27:42 -0500] "GET /galeria/galeria/jquery.fancybox.css?v=2.1.5 HTTP/1.1" 304 -
190.26.211.36 - - [04/Nov/2015:06:27:42 -0500] "GET /BLA/boletinlegal/js/jquery.scrollShow.js HTTP/1.1" 304 -
190.26.211.36 - - [04/Nov/2015:06:27:42 -0500] "GET /galeria/galeria/jquery.fancybox.js?v=2.1.5 HTTP/1.1" 304 -
188.165.15.196 - - [04/Nov/2015:06:27:44 -0500] "GET /BLA/boletinlegal/registro/index.php HTTP/1.1" 200 2721
52.23.156.32 - - [04/Nov/2015:06:27:59 -0500] "GET /robots.txt HTTP/1.1" 404 1018
201.245.192.253 - - [04/Nov/2015:06:28:12 -0500] "POST /forms/lservlet;jsessionid=ac16012b30d647e14f8c2e8b41ba9c25ad27ae3c99fc.e3iSbxaKaheRe38KbN0Rb34MbNn0n6jAmljGr5XDqQLvpAe HTTP/1.1" 200 2
186.80.242.188 - - [04/Nov/2015:06:28:16 -0500] "GET /isolucionsda/g/Bot_IndicadoresOver_ESP.jpg HTTP/1.1" 200 5413
186.85.90.90 - - [04/Nov/2015:06:28:17 -0500] "POST /forms/lservlet;jsessionid=ac16012b30d627ef5a3cf12f4dc49fe0c9e18898d1cd.e3iSbxaKaheRe38KbN0Rb34MbNn0n6jAmljGr5XDqQLvpAe HTTP/1.1" 200 2
186.80.242.188 - - [04/Nov/2015:06:28:19 -0500] "GET /isolucionsda/Logout.asp HTTP/1.1" 200 6054
186.80.242.188 - - [04/Nov/2015:06:28:20 -0500] "GET /isolucionsda/ControlDeInicio.asp HTTP/1.1" 200 739
201.184.192.98 - - [04/Nov/2015:06:28:35 -0500] "GET /IsolucionSDA/StyleSheet/StyleSheet.css HTTP/1.1" 200 22894
201.184.192.98 - - [04/Nov/2015:06:28:35 -0500] "GET /IsolucionSDA/StyleSheet.css HTTP/1.1" 200 4664
201.245.192.253 - - [04/Nov/2015:06:28:45 -0500] "GET /galeria/galeria/jquery.fancybox.js?v=2.1.5 HTTP/1.1" 304 -
201.245.192.253 - - [04/Nov/2015:06:28:45 -0500] "GET /galeria/galeria/jquery.fancybox.css?v=2.1.5 HTTP/1.1" 304 -
201.245.192.253 - - [04/Nov/2015:06:28:49 -0500] "GET /galeria/nivo-slider/demo/demo.html HTTP/1.1" 200 4933
201.245.192.253 - - [04/Nov/2015:06:28:49 -0500] "GET /galeria/nivo-slider/demo/images/ABC-Plan-de-contigencia.jpg HTTP/1.1" 200 401853
201.245.192.253 - - [04/Nov/2015:06:28:54 -0500] "GET /galeria/nivo-slider/demo/images/Banner-Bio-expo.jpg HTTP/1.1" 304 -
201.245.192.253 - - [04/Nov/2015:06:28:54 -0500] "GET /galeria/nivo-slider/demo/images/Banner-festival-PYBA.jpg HTTP/1.1" 304 -
201.245.192.253 - - [04/Nov/2015:06:28:54 -0500] "GET /galeria/nivo-slider/demo/images/banner-ACA-01.jpg HTTP/1.1" 304 -
201.245.192.253 - - [04/Nov/2015:06:28:54 -0500] "GET /galeria/nivo-slider/demo/images/caminata-ecologica.jpg HTTP/1.1" 304 -
181.176.37.191 - - [04/Nov/2015:06:29:21 -0500] "GET /galeria/galeria/jquery.fancybox.css?v=2.1.5 HTTP/1.1" 200 4895
181.176.37.191 - - [04/Nov/2015:06:29:21 -0500] "GET /BLA/boletinlegal/js/jquery.scrollShow.js HTTP/1.1" 200 4586
181.176.37.191 - - [04/Nov/2015:06:29:21 -0500] "GET /galeria/galeria/jquery.fancybox.js?v=2.1.5 HTTP/1.1" 200 48706
190.9.203.63 - - [04/Nov/2015:06:29:41 -0500] "POST /forms/lservlet;jsessionid=ac16012b30d652ee0bec045f40cdaceebc733c435fe0.e3iSbxaKaheRe38KbN0Rb34MbNn0n6jAmljGr5XDqQLvpAe HTTP/1.1" 200 2
152.201.23.233 - - [04/Nov/2015:06:29:45 -0500] "GET /galeria/galeria/jquery.fancybox.js?v=2.1.5 HTTP/1.1" 200 48706
152.201.23.233 - - [04/Nov/2015:06:29:45 -0500] "GET /BLA/boletinlegal/js/jquery.scrollShow.js HTTP/1.1" 200 4586
152.201.23.233 - - [04/Nov/2015:06:29:45 -0500] "GET /galeria/galeria/jquery.fancybox.css?v=2.1.5 HTTP/1.1" 200 4895
152.201.23.233 - - [04/Nov/2015:06:29:45 -0500] "GET /galeria/carrusel/Carrusel/jquery.thumbnailScroller.css HTTP/1.1" 200 2066
152.201.23.233 - - [04/Nov/2015:06:29:45 -0500] "GET /galeria/carrusel/Carrusel/jquery-ui-1.8.13.custom.min.js HTTP/1.1" 200 10800
152.201.23.233 - - [04/Nov/2015:06:29:45 -0500] "GET /galeria/carrusel/Carrusel/jquery.thumbnailScroller.js HTTP/1.1" 200 8157
201.245.192.253 - - [04/Nov/2015:06:30:12 -0500] "POST /forms/lservlet;jsessionid=ac16012b30d647e14f8c2e8b41ba9c25ad27ae3c99fc.e3iSbxaKaheRe38KbN0Rb34MbNn0n6jAmljGr5XDqQLvpAe HTTP/1.1" 200 2
186.85.90.90 - - [04/Nov/2015:06:30:17 -0500] "POST /forms/lservlet;jsessionid=ac16012b30d627ef5a3cf12f4dc49fe0c9e18898d1cd.e3iSbxaKaheRe38KbN0Rb34MbNn0n6jAmljGr5XDqQLvpAe HTTP/1.1" 200 2
66.249.69.116 - - [04/Nov/2015:06:30:23 -0500] "GET /BLA/resoluciones/AUTOS%202014/5661.pdf HTTP/1.1" 304 -
200.121.220.244 - - [04/Nov/2015:06:30:24 -0500] "GET /BLA/boletinlegal/js/jquery.scrollShow.js HTTP/1.1" 200 4586
200.121.220.244 - - [04/Nov/2015:06:30:24 -0500] "GET /galeria/galeria/jquery.fancybox.css?v=2.1.5 HTTP/1.1" 200 4895
200.121.220.244 - - [04/Nov/2015:06:30:27 -0500] "GET /galeria/galeria/jquery.fancybox.js?v=2.1.5 HTTP/1.1" 200 48706
69.162.124.233 - - [04/Nov/2015:06:30:31 -0500] "HEAD / HTTP/1.1" 200 -
190.9.203.63 - - [04/Nov/2015:06:31:41 -0500] "POST /forms/lservlet;jsessionid=ac16012b30d652ee0bec045f40cdaceebc733c435fe0.e3iSbxaKaheRe38KbN0Rb34MbNn0n6jAmljGr5XDqQLvpAe HTTP/1.1" 200 2
104.192.0.20 - - [04/Nov/2015:06:32:04 -0500] "-" 408 -
201.245.192.253 - - [04/Nov/2015:06:32:12 -0500] "POST /forms/lservlet;jsessionid=ac16012b30d647e14f8c2e8b41ba9c25ad27ae3c99fc.e3iSbxaKaheRe38KbN0Rb34MbNn0n6jAmljGr5XDqQLvpAe HTTP/1.1" 200 2
186.80.136.99 - - [04/Nov/2015:06:32:17 -0500] "GET /BLA/resoluciones/RESOLUCIONES%202014/1115.pdf HTTP/1.1" 206 32768
186.85.90.90 - - [04/Nov/2015:06:32:17 -0500] "POST /forms/lservlet;jsessionid=ac16012b30d627ef5a3cf12f4dc49fe0c9e18898d1cd.e3iSbxaKaheRe38KbN0Rb34MbNn0n6jAmljGr5XDqQLvpAe HTTP/1.1" 200 2
186.80.136.99 - - [04/Nov/2015:06:32:23 -0500] "GET /BLA/resoluciones/RESOLUCIONES%202014/1115.pdf HTTP/1.1" 304 -
186.80.136.99 - - [04/Nov/2015:06:32:24 -0500] "GET /BLA/resoluciones/RESOLUCIONES%202014/1115.pdf HTTP/1.1" 206 4744564
186.80.136.99 - - [04/Nov/2015:06:32:24 -0500] "GET /favicon.ico HTTP/1.1" 200 7782
186.80.136.99 - - [04/Nov/2015:06:32:25 -0500] "GET /BLA/resoluciones/RESOLUCIONES%202014/1115.pdf HTTP/1.1" 206 381748
186.80.136.99 - - [04/Nov/2015:06:32:32 -0500] "GET /BLA/resoluciones/RESOLUCIONES%202014/1115.pdf HTTP/1.1" 206 32768
186.80.136.99 - - [04/Nov/2015:06:32:32 -0500] "GET /BLA/resoluciones/RESOLUCIONES%202014/1115.pdf HTTP/1.1" 206 32768
186.80.136.99 - - [04/Nov/2015:06:32:33 -0500] "GET /BLA/resoluciones/RESOLUCIONES%202014/1115.pdf HTTP/1.1" 206 32768
186.80.136.99 - - [04/Nov/2015:06:32:33 -0500] "GET /BLA/resoluciones/RESOLUCIONES%202014/1115.pdf HTTP/1.1" 206 32768
186.80.136.99 - - [04/Nov/2015:06:32:34 -0500] "GET /BLA/resoluciones/RESOLUCIONES%202014/1115.pdf HTTP/1.1" 206 32768
186.80.136.99 - - [04/Nov/2015:06:32:34 -0500] "GET /BLA/resoluciones/RESOLUCIONES%202014/1115.pdf HTTP/1.1" 206 32768
186.80.136.99 - - [04/Nov/2015:06:32:35 -0500] "GET /BLA/resoluciones/RESOLUCIONES%202014/1115.pdf HTTP/1.1" 206 32768
186.80.136.99 - - [04/Nov/2015:06:32:36 -0500] "GET /BLA/resoluciones/RESOLUCIONES%202014/1115.pdf HTTP/1.1" 206 32768
186.80.136.99 - - [04/Nov/2015:06:32:36 -0500] "GET /BLA/resoluciones/RESOLUCIONES%202014/1115.pdf HTTP/1.1" 206 32768
186.80.136.99 - - [04/Nov/2015:06:32:37 -0500] "GET /BLA/resoluciones/RESOLUCIONES%202014/1115.pdf HTTP/1.1" 206 65536
186.80.136.99 - - [04/Nov/2015:06:32:38 -0500] "GET /BLA/resoluciones/RESOLUCIONES%202014/1115.pdf HTTP/1.1" 206 65536
186.80.136.99 - - [04/Nov/2015:06:32:39 -0500] "GET /BLA/resoluciones/RESOLUCIONES%202014/1115.pdf HTTP/1.1" 206 65536
186.80.136.99 - - [04/Nov/2015:06:32:40 -0500] "GET /BLA/resoluciones/RESOLUCIONES%202014/1115.pdf HTTP/1.1" 206 65536
186.80.136.99 - - [04/Nov/2015:06:32:40 -0500] "GET /BLA/resoluciones/RESOLUCIONES%202014/1115.pdf HTTP/1.1" 206 65536
186.80.136.99 - - [04/Nov/2015:06:32:41 -0500] "GET /BLA/resoluciones/RESOLUCIONES%202014/1115.pdf HTTP/1.1" 206 65536
200.121.220.244 - - [04/Nov/2015:06:32:41 -0500] "GET /galeria/galeria/jquery.fancybox.css?v=2.1.5 HTTP/1.1" 304 -
200.121.220.244 - - [04/Nov/2015:06:32:42 -0500] "GET /BLA/boletinlegal/js/jquery.scrollShow.js HTTP/1.1" 304 -
186.80.136.99 - - [04/Nov/2015:06:32:42 -0500] "GET /BLA/resoluciones/RESOLUCIONES%202014/1115.pdf HTTP/1.1" 206 65536
200.121.220.244 - - [04/Nov/2015:06:32:42 -0500] "GET /galeria/galeria/jquery.fancybox.js?v=2.1.5 HTTP/1.1" 304 -
186.80.136.99 - - [04/Nov/2015:06:32:43 -0500] "GET /BLA/resoluciones/RESOLUCIONES%202014/1115.pdf HTTP/1.1" 206 65536
186.80.136.99 - - [04/Nov/2015:06:32:44 -0500] "GET /BLA/resoluciones/RESOLUCIONES%202014/1115.pdf HTTP/1.1" 206 65536
186.80.136.99 - - [04/Nov/2015:06:32:45 -0500] "GET /BLA/resoluciones/RESOLUCIONES%202014/1115.pdf HTTP/1.1" 206 65536
186.80.136.99 - - [04/Nov/2015:06:32:46 -0500] "GET /BLA/resoluciones/RESOLUCIONES%202014/1115.pdf HTTP/1.1" 206 131072
186.80.136.99 - - [04/Nov/2015:06:32:47 -0500] "GET /BLA/resoluciones/RESOLUCIONES%202014/1115.pdf HTTP/1.1" 206 131072
186.80.136.99 - - [04/Nov/2015:06:32:48 -0500] "GET /BLA/resoluciones/RESOLUCIONES%202014/1115.pdf HTTP/1.1" 206 131072
186.80.136.99 - - [04/Nov/2015:06:32:49 -0500] "GET /BLA/resoluciones/RESOLUCIONES%202014/1115.pdf HTTP/1.1" 206 131072
186.80.136.99 - - [04/Nov/2015:06:32:49 -0500] "GET /BLA/resoluciones/RESOLUCIONES%202014/1115.pdf HTTP/1.1" 206 131072
186.80.136.99 - - [04/Nov/2015:06:32:50 -0500] "GET /BLA/resoluciones/RESOLUCIONES%202014/1115.pdf HTTP/1.1" 206 131072
186.80.136.99 - - [04/Nov/2015:06:32:51 -0500] "GET /BLA/resoluciones/RESOLUCIONES%202014/1115.pdf HTTP/1.1" 206 131072
186.80.136.99 - - [04/Nov/2015:06:32:52 -0500] "GET /BLA/resoluciones/RESOLUCIONES%202014/1115.pdf HTTP/1.1" 206 131072
186.80.136.99 - - [04/Nov/2015:06:32:53 -0500] "GET /BLA/resoluciones/RESOLUCIONES%202014/1115.pdf HTTP/1.1" 206 131072
186.80.136.99 - - [04/Nov/2015:06:32:54 -0500] "GET /BLA/resoluciones/RESOLUCIONES%202014/1115.pdf HTTP/1.1" 206 131072
186.80.136.99 - - [04/Nov/2015:06:32:55 -0500] "GET /BLA/resoluciones/RESOLUCIONES%202014/1115.pdf HTTP/1.1" 206 262144
186.80.136.99 - - [04/Nov/2015:06:32:59 -0500] "GET /BLA/resoluciones/RESOLUCIONES%202014/1115.pdf HTTP/1.1" 206 1839680
188.165.15.196 - - [04/Nov/2015:06:33:02 -0500] "GET /BLA/resoluciones/RESOLUCIONES%202006/RES%202006%201251-1300/00001291.tif HTTP/1.1" 200 159402
8.37.228.29 - - [04/Nov/2015:06:33:15 -0500] "GET /BLA/resoluciones/RESOLUCIONES%202007/RES%202007%20601%20AL%20700/RESOLUCION%200631%20DE%202007.pdf HTTP/1.1" 200 960879
190.9.203.63 - - [04/Nov/2015:06:33:41 -0500] "POST /forms/lservlet;jsessionid=ac16012b30d652ee0bec045f40cdaceebc733c435fe0.e3iSbxaKaheRe38KbN0Rb34MbNn0n6jAmljGr5XDqQLvpAe HTTP/1.1" 200 2
181.63.195.140 - - [04/Nov/2015:06:34:11 -0500] "GET /BLA/boletinlegal/js/jquery.scrollShow.js HTTP/1.1" 200 4586
181.63.195.140 - - [04/Nov/2015:06:34:11 -0500] "GET /galeria/galeria/jquery.fancybox.css?v=2.1.5 HTTP/1.1" 200 4895
181.63.195.140 - - [04/Nov/2015:06:34:11 -0500] "GET /galeria/galeria/jquery.fancybox.js?v=2.1.5 HTTP/1.1" 200 48706
201.245.192.253 - - [04/Nov/2015:06:34:12 -0500] "POST /forms/lservlet;jsessionid=ac16012b30d647e14f8c2e8b41ba9c25ad27ae3c99fc.e3iSbxaKaheRe38KbN0Rb34MbNn0n6jAmljGr5XDqQLvpAe HTTP/1.1" 200 2
66.249.69.108 - - [04/Nov/2015:06:34:16 -0500] "GET /BLA/resoluciones/AUTOS%202012/0449.pdf HTTP/1.1" 304 -
186.85.90.90 - - [04/Nov/2015:06:34:17 -0500] "POST /forms/lservlet;jsessionid=ac16012b30d627ef5a3cf12f4dc49fe0c9e18898d1cd.e3iSbxaKaheRe38KbN0Rb34MbNn0n6jAmljGr5XDqQLvpAe HTTP/1.1" 200 2
181.63.195.140 - - [04/Nov/2015:06:34:32 -0500] "GET /galeria/galeria/jquery.fancybox.css?v=2.1.5 HTTP/1.1" 304 -
181.63.195.140 - - [04/Nov/2015:06:34:32 -0500] "GET /BLA/boletinlegal/js/jquery.scrollShow.js HTTP/1.1" 304 -
181.63.195.140 - - [04/Nov/2015:06:34:32 -0500] "GET /galeria/galeria/jquery.fancybox.js?v=2.1.5 HTTP/1.1" 304 -
186.145.221.65 - - [04/Nov/2015:06:34:37 -0500] "GET /BLA/boletinlegal/js/jquery.scrollShow.js HTTP/1.1" 200 4586
186.145.221.65 - - [04/Nov/2015:06:34:37 -0500] "GET /galeria/galeria/jquery.fancybox.js?v=2.1.5 HTTP/1.1" 200 48706
186.145.221.65 - - [04/Nov/2015:06:34:38 -0500] "GET /galeria/galeria/jquery.fancybox.css?v=2.1.5 HTTP/1.1" 200 4895
69.162.124.233 - - [04/Nov/2015:06:35:31 -0500] "HEAD / HTTP/1.1" 200 -
201.184.192.98 - - [04/Nov/2015:06:35:36 -0500] "POST /IsolucionSDA/ListadoMaestroDocumentos3.asp HTTP/1.1" 200 11643
201.184.192.98 - - [04/Nov/2015:06:35:40 -0500] "GET /IsolucionSDA/g/Bot_RiesgosDaftOver_ESP.jpg HTTP/1.1" 304 -
190.9.203.63 - - [04/Nov/2015:06:35:41 -0500] "POST /forms/lservlet;jsessionid=ac16012b30d652ee0bec045f40cdaceebc733c435fe0.e3iSbxaKaheRe38KbN0Rb34MbNn0n6jAmljGr5XDqQLvpAe HTTP/1.1" 200 2
201.184.192.98 - - [04/Nov/2015:06:35:42 -0500] "GET /IsolucionSDA/g/Bot_RiesgosDaftOver_ESP.jpg HTTP/1.1" 304 -
201.184.192.98 - - [04/Nov/2015:06:35:44 -0500] "POST /IsolucionSDA/ListadoMaestroDocumentos3.asp HTTP/1.1" 200 11643
201.184.192.98 - - [04/Nov/2015:06:35:45 -0500] "GET /IsolucionSDA/Session.asp HTTP/1.1" 200 6325
201.184.192.98 - - [04/Nov/2015:06:35:49 -0500] "POST /IsolucionSDA/ListadoMaestroDocumentos3.asp HTTP/1.1" 200 11627
201.184.192.98 - - [04/Nov/2015:06:35:51 -0500] "POST /IsolucionSDA/ListadoMaestroDocumentos3.asp HTTP/1.1" 200 11627
201.184.192.98 - - [04/Nov/2015:06:35:54 -0500] "GET /IsolucionSDA/g/Bot_RiesgosDaftOver_ESP.jpg HTTP/1.1" 304 -
201.184.192.98 - - [04/Nov/2015:06:35:58 -0500] "POST /IsolucionSDA/ListadoMaestroDocumentos3.asp HTTP/1.1" 200 17691
201.184.192.98 - - [04/Nov/2015:06:36:06 -0500] "POST /IsolucionSDA/ListadoMaestroDocumentos3.asp HTTP/1.1" 200 14500
201.245.192.253 - - [04/Nov/2015:06:36:12 -0500] "POST /forms/lservlet;jsessionid=ac16012b30d647e14f8c2e8b41ba9c25ad27ae3c99fc.e3iSbxaKaheRe38KbN0Rb34MbNn0n6jAmljGr5XDqQLvpAe HTTP/1.1" 200 2
186.85.90.90 - - [04/Nov/2015:06:36:17 -0500] "POST /forms/lservlet;jsessionid=ac16012b30d627ef5a3cf12f4dc49fe0c9e18898d1cd.e3iSbxaKaheRe38KbN0Rb34MbNn0n6jAmljGr5XDqQLvpAe HTTP/1.1" 200 2
66.249.69.108 - - [04/Nov/2015:06:36:40 -0500] "GET /BLA/resoluciones/Notificaciones/AUTOS%202015/0599.doc HTTP/1.1" 200 155648
201.184.192.98 - - [04/Nov/2015:06:36:42 -0500] "GET /IsolucionSDA/g/Bot_HomeOver.jpg HTTP/1.1" 200 1879
201.184.192.98 - - [04/Nov/2015:06:36:51 -0500] "POST /IsolucionSDA/ListadoMaestroDocumentos3.asp HTTP/1.1" 200 17241
188.165.15.196 - - [04/Nov/2015:06:36:53 -0500] "GET /BLA/resoluciones/RESOLUCIONES%202004/RES%202004%201651-1700/00001686.tif HTTP/1.1" 200 144102
66.249.69.108 - - [04/Nov/2015:06:36:57 -0500] "GET /Residuos/cosmeticos/images/page2_thumbnail.jpg HTTP/1.1" 304 -
201.184.192.98 - - [04/Nov/2015:06:36:57 -0500] "POST /IsolucionSDA/ListadoMaestroDocumentos3.asp HTTP/1.1" 200 17293
201.184.192.98 - - [04/Nov/2015:06:36:59 -0500] "GET /IsolucionSDA/FramesetArticulo.asp?Pagina=BancoConocimiento%2FC%2FControldeDocumentosdelSistemaIntegradodeGestion%2DSIG%5Fv9%2FControldeDocumentosdelSistemaIntegradodeGestion%2DSIG%5Fv9%2Easp&IdArticulo=8086 HTTP/1.1" 200 7525
201.184.192.98 - - [04/Nov/2015:06:36:59 -0500] "GET /IsolucionSDA/Arriba.asp?Pagina=BancoConocimiento%2FC%2FControldeDocumentosdelSistemaIntegradodeGestion%2DSIG%5Fv9%2FControldeDocumentosdelSistemaIntegradodeGestion%2DSIG%5Fv9%2Easp&IdArticulo=8086 HTTP/1.1" 200 10671
201.184.192.98 - - [04/Nov/2015:06:36:59 -0500] "GET /IsolucionSDA/BancoConocimiento/C/ControldeDocumentosdelSistemaIntegradodeGestion-SIG_v9/ControldeDocumentosdelSistemaIntegradodeGestion-SIG_v9.asp?IdArticulo=8086 HTTP/1.1" 200 76067
201.234.75.11 - - [04/Nov/2015:06:37:19 -0500] "GET /galeria/galeria/fotos/Movilizacion6P.jpg HTTP/1.1" 304 -
180.76.15.34 - - [04/Nov/2015:06:37:37 -0500] "GET /POT-2013/Cartografia/30_PATRIMONIO_CULTURAL.pdf HTTP/1.1" 200 2804509
190.9.203.63 - - [04/Nov/2015:06:37:41 -0500] "POST /forms/lservlet;jsessionid=ac16012b30d652ee0bec045f40cdaceebc733c435fe0.e3iSbxaKaheRe38KbN0Rb34MbNn0n6jAmljGr5XDqQLvpAe HTTP/1.1" 200 2
190.84.9.57 - - [04/Nov/2015:06:37:46 -0500] "GET /galeria/galeria/jquery.fancybox.js?v=2.1.5 HTTP/1.1" 200 48706
190.84.9.57 - - [04/Nov/2015:06:37:46 -0500] "GET /BLA/boletinlegal/js/jquery.scrollShow.js HTTP/1.1" 200 4586
190.84.9.57 - - [04/Nov/2015:06:37:46 -0500] "GET /galeria/galeria/jquery.fancybox.css?v=2.1.5 HTTP/1.1" 200 4895
190.84.9.57 - - [04/Nov/2015:06:37:46 -0500] "GET /galeria/carrusel/Carrusel/jquery.thumbnailScroller.css HTTP/1.1" 200 2066
190.84.9.57 - - [04/Nov/2015:06:37:46 -0500] "GET /galeria/carrusel/Carrusel/jquery-ui-1.8.13.custom.min.js HTTP/1.1" 200 10800
190.84.9.57 - - [04/Nov/2015:06:37:46 -0500] "GET /galeria/carrusel/Carrusel/jquery.thumbnailScroller.js HTTP/1.1" 200 8157
188.165.15.196 - - [04/Nov/2015:06:37:48 -0500] "GET /BLA/resoluciones/RESOLUCIONES%202006/RES%202006%202451-2500/00002455.tif HTTP/1.1" 200 300964
190.84.9.57 - - [04/Nov/2015:06:37:51 -0500] "GET /galeria/nivo-slider/demo/demo.html HTTP/1.1" 200 4933
190.84.9.57 - - [04/Nov/2015:06:37:55 -0500] "GET /galeria/nivo-slider/themes/pascal/pascal.css HTTP/1.1" 200 2258
190.84.9.57 - - [04/Nov/2015:06:37:55 -0500] "GET /galeria/nivo-slider/themes/orman/orman.css HTTP/1.1" 200 2152
190.84.9.57 - - [04/Nov/2015:06:37:55 -0500] "GET /galeria/nivo-slider/themes/default/default.css HTTP/1.1" 200 1569
190.84.9.57 - - [04/Nov/2015:06:37:55 -0500] "GET /galeria/nivo-slider/nivo-slider.css HTTP/1.1" 200 1507
190.84.9.57 - - [04/Nov/2015:06:37:55 -0500] "GET /galeria/nivo-slider/demo/style.css HTTP/1.1" 200 2222
190.84.9.57 - - [04/Nov/2015:06:37:55 -0500] "GET /galeria/nivo-slider/demo/images/Banner-encuesta-de-percepscio.jpg HTTP/1.1" 200 201899
190.84.9.57 - - [04/Nov/2015:06:37:55 -0500] "GET /galeria/nivo-slider/demo/images/Banner-Bio-expo.jpg HTTP/1.1" 200 279197
190.84.9.57 - - [04/Nov/2015:06:37:55 -0500] "GET /galeria/nivo-slider/demo/images/rendicion-de-cuentas-formulario.jpg HTTP/1.1" 200 166357
190.84.9.57 - - [04/Nov/2015:06:37:55 -0500] "GET /galeria/nivo-slider/demo/images/ABC-Plan-de-contigencia.jpg HTTP/1.1" 200 401853
190.84.9.57 - - [04/Nov/2015:06:37:55 -0500] "GET /galeria/nivo-slider/demo/images/banner-ACA-01.jpg HTTP/1.1" 200 161255
190.84.9.57 - - [04/Nov/2015:06:37:55 -0500] "GET /galeria/nivo-slider/demo/images/Banner-festival-PYBA.jpg HTTP/1.1" 200 251477
190.84.9.57 - - [04/Nov/2015:06:37:57 -0500] "GET /galeria/nivo-slider/demo/images/caminata-ecologica.jpg HTTP/1.1" 200 161069
190.84.9.57 - - [04/Nov/2015:06:37:57 -0500] "GET /galeria/nivo-slider/demo/images/Arbol-banner2015.jpg HTTP/1.1" 200 226910
190.84.9.57 - - [04/Nov/2015:06:37:57 -0500] "GET /galeria/nivo-slider/demo/images/Banner-ahorro-de-agua.jpg HTTP/1.1" 200 149141
190.84.9.57 - - [04/Nov/2015:06:37:58 -0500] "GET /galeria/nivo-slider/demo/images/Cmapana-onestidad.jpg HTTP/1.1" 200 141638
190.84.9.57 - - [04/Nov/2015:06:37:59 -0500] "GET /galeria/nivo-slider/demo/images/Plan-Quinquenal.jpg HTTP/1.1" 200 412438
190.84.9.57 - - [04/Nov/2015:06:37:59 -0500] "GET /galeria/nivo-slider/demo/images/PREDAcamp.jpg HTTP/1.1" 200 295358
190.84.9.57 - - [04/Nov/2015:06:37:59 -0500] "GET /galeria/nivo-slider/demo/images/banner-llantas2.jpg HTTP/1.1" 200 204644
190.84.9.57 - - [04/Nov/2015:06:37:59 -0500] "GET /galeria/nivo-slider/demo/images/9Signos.jpg HTTP/1.1" 200 81776
190.84.9.57 - - [04/Nov/2015:06:37:59 -0500] "GET /galeria/nivo-slider/demo/images/Ruta-vertimientos-01.jpg HTTP/1.1" 200 130151
190.84.9.57 - - [04/Nov/2015:06:38:00 -0500] "GET /galeria/nivo-slider/demo/images/bolsas-06.jpg HTTP/1.1" 200 90982
190.84.9.57 - - [04/Nov/2015:06:38:01 -0500] "GET /galeria/nivo-slider/demo/images/Conoce-los-humedales.jpg HTTP/1.1" 200 294036
190.84.9.57 - - [04/Nov/2015:06:38:01 -0500] "GET /galeria/nivo-slider/demo/images/ecolecta-Dic2014.png HTTP/1.1" 200 288593
190.84.9.57 - - [04/Nov/2015:06:38:01 -0500] "GET /galeria/nivo-slider/demo/scripts/jquery-1.7.1.min.js HTTP/1.1" 200 93868
190.84.9.57 - - [04/Nov/2015:06:38:01 -0500] "GET /galeria/nivo-slider/jquery.nivo.slider.pack.js HTTP/1.1" 200 11561
190.158.23.226 - - [04/Nov/2015:06:38:03 -0500] "GET /galeria/galeria/jquery.fancybox.css?v=2.1.5 HTTP/1.1" 200 4895
190.158.23.226 - - [04/Nov/2015:06:38:03 -0500] "GET /BLA/boletinlegal/js/jquery.scrollShow.js HTTP/1.1" 200 4586
190.158.23.226 - - [04/Nov/2015:06:38:03 -0500] "GET /galeria/galeria/jquery.fancybox.js?v=2.1.5 HTTP/1.1" 200 48706
181.176.37.191 - - [04/Nov/2015:06:38:06 -0500] "GET /BLA/boletinlegal/js/jquery.scrollShow.js HTTP/1.1" 304 -
181.176.37.191 - - [04/Nov/2015:06:38:06 -0500] "GET /galeria/galeria/jquery.fancybox.css?v=2.1.5 HTTP/1.1" 304 -
181.176.37.191 - - [04/Nov/2015:06:38:06 -0500] "GET /galeria/galeria/jquery.fancybox.js?v=2.1.5 HTTP/1.1" 304 -
66.249.69.116 - - [04/Nov/2015:06:38:08 -0500] "GET /BLA/resoluciones/RESOLUCIONES%202009/5485.pdf HTTP/1.1" 304 -
201.245.192.253 - - [04/Nov/2015:06:38:13 -0500] "POST /forms/lservlet;jsessionid=ac16012b30d647e14f8c2e8b41ba9c25ad27ae3c99fc.e3iSbxaKaheRe38KbN0Rb34MbNn0n6jAmljGr5XDqQLvpAe HTTP/1.1" 200 2
186.85.90.90 - - [04/Nov/2015:06:38:18 -0500] "POST /forms/lservlet;jsessionid=ac16012b30d627ef5a3cf12f4dc49fe0c9e18898d1cd.e3iSbxaKaheRe38KbN0Rb34MbNn0n6jAmljGr5XDqQLvpAe HTTP/1.1" 200 2
66.249.69.48 - - [04/Nov/2015:06:38:18 -0500] "GET /PruebasSTORM/StormSDA_pruebas/userFiles/user_files/formulas/3/254.xml HTTP/1.1" 200 851
181.49.188.4 - - [04/Nov/2015:06:38:19 -0500] "GET /BLA/boletinlegal/js/jquery.scrollShow.js HTTP/1.1" 304 -
181.49.188.4 - - [04/Nov/2015:06:38:19 -0500] "GET /galeria/galeria/jquery.fancybox.css?v=2.1.5 HTTP/1.1" 200 4895
181.49.188.4 - - [04/Nov/2015:06:38:19 -0500] "GET /galeria/galeria/jquery.fancybox.js?v=2.1.5 HTTP/1.1" 200 48706
186.155.238.2 - - [04/Nov/2015:06:38:23 -0500] "GET /galeria/galeria/jquery.fancybox.css?v=2.1.5 HTTP/1.1" 200 4895
186.155.238.2 - - [04/Nov/2015:06:38:23 -0500] "GET /BLA/boletinlegal/js/jquery.scrollShow.js HTTP/1.1" 200 4586
186.155.238.2 - - [04/Nov/2015:06:38:23 -0500] "GET /galeria/galeria/jquery.fancybox.js?v=2.1.5 HTTP/1.1" 200 48706
181.49.188.4 - - [04/Nov/2015:06:38:27 -0500] "GET /galeria/galeria/jquery.fancybox.css?v=2.1.5 HTTP/1.1" 304 -
181.49.188.4 - - [04/Nov/2015:06:38:27 -0500] "GET /galeria/galeria/jquery.fancybox.js?v=2.1.5 HTTP/1.1" 304 -
181.49.188.4 - - [04/Nov/2015:06:38:27 -0500] "GET /BLA/boletinlegal/js/jquery.scrollShow.js HTTP/1.1" 304 -
186.155.238.2 - - [04/Nov/2015:06:39:08 -0500] "GET /BLA/boletinlegal/js/jquery.scrollShow.js HTTP/1.1" 200 4586
186.155.238.2 - - [04/Nov/2015:06:39:08 -0500] "GET /galeria/galeria/jquery.fancybox.js?v=2.1.5 HTTP/1.1" 200 48706
186.155.238.2 - - [04/Nov/2015:06:39:08 -0500] "GET /galeria/galeria/jquery.fancybox.css?v=2.1.5 HTTP/1.1" 200 4895
181.49.188.4 - - [04/Nov/2015:06:39:16 -0500] "GET /galeria/carrusel/Carrusel/jquery.thumbnailScroller.css HTTP/1.1" 304 -
181.49.188.4 - - [04/Nov/2015:06:39:16 -0500] "GET /galeria/carrusel/Carrusel/jquery-ui-1.8.13.custom.min.js HTTP/1.1" 304 -
181.49.188.4 - - [04/Nov/2015:06:39:16 -0500] "GET /galeria/carrusel/Carrusel/jquery.thumbnailScroller.js HTTP/1.1" 304 -
181.49.188.4 - - [04/Nov/2015:06:39:22 -0500] "GET /galeria/nivo-slider/demo/demo.html HTTP/1.1" 200 4933
181.49.188.4 - - [04/Nov/2015:06:39:23 -0500] "GET /galeria/nivo-slider/themes/pascal/pascal.css HTTP/1.1" 304 -
181.49.188.4 - - [04/Nov/2015:06:39:23 -0500] "GET /galeria/nivo-slider/themes/default/default.css HTTP/1.1" 200 1569
181.49.188.4 - - [04/Nov/2015:06:39:23 -0500] "GET /galeria/nivo-slider/themes/orman/orman.css HTTP/1.1" 304 -
181.49.188.4 - - [04/Nov/2015:06:39:23 -0500] "GET /galeria/nivo-slider/nivo-slider.css HTTP/1.1" 304 -
181.49.188.4 - - [04/Nov/2015:06:39:23 -0500] "GET /galeria/nivo-slider/demo/style.css HTTP/1.1" 304 -
181.49.188.4 - - [04/Nov/2015:06:39:23 -0500] "GET /galeria/nivo-slider/demo/images/Banner-encuesta-de-percepscio.jpg HTTP/1.1" 304 -
181.49.188.4 - - [04/Nov/2015:06:39:23 -0500] "GET /galeria/nivo-slider/demo/scripts/jquery-1.7.1.min.js HTTP/1.1" 304 -
181.49.188.4 - - [04/Nov/2015:06:39:23 -0500] "GET /galeria/nivo-slider/jquery.nivo.slider.pack.js HTTP/1.1" 304 -
181.49.188.4 - - [04/Nov/2015:06:39:23 -0500] "GET /galeria/nivo-slider/demo/images/Banner-Bio-expo.jpg HTTP/1.1" 304 -
181.49.188.4 - - [04/Nov/2015:06:39:23 -0500] "GET /galeria/nivo-slider/demo/images/rendicion-de-cuentas-formulario.jpg HTTP/1.1" 304 -
181.49.188.4 - - [04/Nov/2015:06:39:23 -0500] "GET /galeria/nivo-slider/demo/images/Banner-festival-PYBA.jpg HTTP/1.1" 200 251477
181.49.188.4 - - [04/Nov/2015:06:39:24 -0500] "GET /galeria/nivo-slider/demo/images/ABC-Plan-de-contigencia.jpg HTTP/1.1" 200 401853
181.49.188.4 - - [04/Nov/2015:06:39:27 -0500] "GET /galeria/nivo-slider/demo/images/4Simple_Slider.png HTTP/1.1" 304 -
181.49.188.4 - - [04/Nov/2015:06:39:28 -0500] "GET /galeria/nivo-slider/themes/default/loading.gif HTTP/1.1" 304 -
181.49.188.4 - - [04/Nov/2015:06:39:28 -0500] "GET /galeria/nivo-slider/demo/images/banner-ACA-01.jpg HTTP/1.1" 304 -
181.49.188.4 - - [04/Nov/2015:06:39:28 -0500] "GET /galeria/nivo-slider/demo/images/caminata-ecologica.jpg HTTP/1.1" 304 -
181.49.188.4 - - [04/Nov/2015:06:39:29 -0500] "GET /galeria/nivo-slider/demo/images/Arbol-banner2015.jpg HTTP/1.1" 304 -
181.49.188.4 - - [04/Nov/2015:06:39:30 -0500] "GET /galeria/nivo-slider/demo/images/Banner-ahorro-de-agua.jpg HTTP/1.1" 304 -
181.49.188.4 - - [04/Nov/2015:06:39:32 -0500] "GET /galeria/nivo-slider/demo/images/Cmapana-onestidad.jpg HTTP/1.1" 304 -
181.49.188.4 - - [04/Nov/2015:06:39:32 -0500] "GET /galeria/nivo-slider/demo/images/Plan-Quinquenal.jpg HTTP/1.1" 304 -
181.49.188.4 - - [04/Nov/2015:06:39:33 -0500] "GET /galeria/nivo-slider/demo/images/PREDAcamp.jpg HTTP/1.1" 304 -
181.49.188.4 - - [04/Nov/2015:06:39:34 -0500] "GET /galeria/nivo-slider/demo/images/banner-llantas2.jpg HTTP/1.1" 304 -
181.49.188.4 - - [04/Nov/2015:06:39:36 -0500] "GET /galeria/nivo-slider/demo/images/9Signos.jpg HTTP/1.1" 304 -
181.247.88.240 - - [04/Nov/2015:06:39:36 -0500] "GET /galeria/galeria/jquery.fancybox.css?v=2.1.5 HTTP/1.1" 200 4895
181.247.88.240 - - [04/Nov/2015:06:39:36 -0500] "GET /BLA/boletinlegal/js/jquery.scrollShow.js HTTP/1.1" 200 4586
181.247.88.240 - - [04/Nov/2015:06:39:36 -0500] "GET /galeria/galeria/jquery.fancybox.js?v=2.1.5 HTTP/1.1" 200 48706
181.49.188.4 - - [04/Nov/2015:06:39:38 -0500] "GET /galeria/nivo-slider/demo/images/Ruta-vertimientos-01.jpg HTTP/1.1" 304 -
181.49.188.4 - - [04/Nov/2015:06:39:40 -0500] "GET /galeria/nivo-slider/demo/images/bolsas-06.jpg HTTP/1.1" 304 -
181.49.188.4 - - [04/Nov/2015:06:39:40 -0500] "GET /galeria/nivo-slider/demo/images/Conoce-los-humedales.jpg HTTP/1.1" 304 -
181.49.188.4 - - [04/Nov/2015:06:39:40 -0500] "GET /galeria/nivo-slider/demo/images/ecolecta-Dic2014.png HTTP/1.1" 304 -
190.9.203.63 - - [04/Nov/2015:06:39:41 -0500] "POST /forms/lservlet;jsessionid=ac16012b30d652ee0bec045f40cdaceebc733c435fe0.e3iSbxaKaheRe38KbN0Rb34MbNn0n6jAmljGr5XDqQLvpAe HTTP/1.1" 200 2
181.49.188.4 - - [04/Nov/2015:06:39:47 -0500] "GET /galeria/galeria/jquery.fancybox.css?v=2.1.5 HTTP/1.1" 304 -
181.49.188.4 - - [04/Nov/2015:06:39:48 -0500] "GET /BLA/boletinlegal/js/jquery.scrollShow.js HTTP/1.1" 304 -
181.49.188.4 - - [04/Nov/2015:06:39:48 -0500] "GET /galeria/galeria/jquery.fancybox.js?v=2.1.5 HTTP/1.1" 304 -
181.49.188.4 - - [04/Nov/2015:06:39:56 -0500] "GET /galeria/nivo-slider/demo/images/banner-llantas2.jpg HTTP/1.1" 304 -
181.49.188.4 - - [04/Nov/2015:06:39:56 -0500] "GET /galeria/nivo-slider/demo/images/PREDAcamp.jpg HTTP/1.1" 304 -
