190.27.104.8 - - [04/Nov/2015:01:19:04 -0500] "GET /galeria/nivo-slider/demo/images/Banner-Bio-expo.jpg HTTP/1.1" 200 279197
190.27.104.8 - - [04/Nov/2015:01:19:05 -0500] "GET /galeria/nivo-slider/demo/images/rendicion-de-cuentas-formulario.jpg HTTP/1.1" 200 166357
190.27.104.8 - - [04/Nov/2015:01:19:08 -0500] "GET /galeria/nivo-slider/demo/images/Banner-festival-PYBA.jpg HTTP/1.1" 200 251477
190.27.104.8 - - [04/Nov/2015:01:19:08 -0500] "GET /galeria/nivo-slider/demo/images/ABC-Plan-de-contigencia.jpg HTTP/1.1" 200 401853
190.27.104.8 - - [04/Nov/2015:01:19:08 -0500] "GET /galeria/nivo-slider/demo/images/4Simple_Slider.png HTTP/1.1" 200 11722
190.27.104.8 - - [04/Nov/2015:01:19:09 -0500] "GET /galeria/nivo-slider/themes/default/loading.gif HTTP/1.1" 200 1737
190.27.104.8 - - [04/Nov/2015:01:19:13 -0500] "GET /galeria/nivo-slider/demo/images/banner-ACA-01.jpg HTTP/1.1" 200 161255
190.27.104.8 - - [04/Nov/2015:01:19:13 -0500] "GET /galeria/nivo-slider/demo/images/caminata-ecologica.jpg HTTP/1.1" 200 161069
190.27.104.8 - - [04/Nov/2015:01:19:13 -0500] "GET /galeria/nivo-slider/demo/images/Arbol-banner2015.jpg HTTP/1.1" 200 226910
190.27.104.8 - - [04/Nov/2015:01:19:13 -0500] "GET /galeria/nivo-slider/demo/images/Banner-ahorro-de-agua.jpg HTTP/1.1" 200 149141
190.27.104.8 - - [04/Nov/2015:01:19:14 -0500] "GET /galeria/nivo-slider/demo/images/Cmapana-onestidad.jpg HTTP/1.1" 200 141638
190.27.104.8 - - [04/Nov/2015:01:19:15 -0500] "GET /galeria/nivo-slider/demo/images/Plan-Quinquenal.jpg HTTP/1.1" 200 412438
190.27.104.8 - - [04/Nov/2015:01:19:15 -0500] "GET /galeria/nivo-slider/demo/images/PREDAcamp.jpg HTTP/1.1" 200 295358
190.27.104.8 - - [04/Nov/2015:01:19:16 -0500] "GET /galeria/nivo-slider/demo/images/banner-llantas2.jpg HTTP/1.1" 200 204644
190.27.104.8 - - [04/Nov/2015:01:19:17 -0500] "GET /galeria/nivo-slider/demo/images/9Signos.jpg HTTP/1.1" 200 81776
190.27.104.8 - - [04/Nov/2015:01:19:18 -0500] "GET /galeria/nivo-slider/demo/images/Ruta-vertimientos-01.jpg HTTP/1.1" 200 130151
190.27.104.8 - - [04/Nov/2015:01:19:24 -0500] "GET /BLA/boletinlegal/js/jquery.scrollShow.js HTTP/1.1" 304 -
190.27.104.8 - - [04/Nov/2015:01:19:24 -0500] "GET /galeria/galeria/jquery.fancybox.js?v=2.1.5 HTTP/1.1" 304 -
190.27.104.8 - - [04/Nov/2015:01:19:24 -0500] "GET /galeria/galeria/jquery.fancybox.css?v=2.1.5 HTTP/1.1" 304 -
201.245.192.253 - - [04/Nov/2015:01:19:34 -0500] "POST /forms/lservlet;jsessionid=ac16012b30d647e14f8c2e8b41ba9c25ad27ae3c99fc.e3iSbxaKaheRe38KbN0Rb34MbNn0n6jAmljGr5XDqQLvpAe HTTP/1.1" 200 2
66.249.69.100 - - [04/Nov/2015:01:20:10 -0500] "GET /galeria/galeria/fotos/boa10G.jpg HTTP/1.1" 304 -
190.27.104.8 - - [04/Nov/2015:01:20:31 -0500] "GET /galeria/bibloteca/contentflow.js HTTP/1.1" 200 42804
69.162.124.233 - - [04/Nov/2015:01:20:32 -0500] "HEAD / HTTP/1.1" 200 -
190.27.104.8 - - [04/Nov/2015:01:20:32 -0500] "GET /galeria/bibloteca/contentflow.css HTTP/1.1" 200 3201
190.27.104.8 - - [04/Nov/2015:01:20:32 -0500] "GET /galeria/bibloteca/mycontentflow.css HTTP/1.1" 200 3110
190.27.104.8 - - [04/Nov/2015:01:20:32 -0500] "GET /galeria/bibloteca/ContentFlowAddOn_white.js HTTP/1.1" 200 2497
190.27.104.8 - - [04/Nov/2015:01:20:33 -0500] "GET /galeria/bibloteca/ContentFlowAddOn_white.css HTTP/1.1" 200 3355
190.27.104.8 - - [04/Nov/2015:01:20:33 -0500] "GET /galeria/bibloteca/img/loader.gif HTTP/1.1" 200 8238
190.27.104.8 - - [04/Nov/2015:01:20:33 -0500] "GET /galeria/bibloteca/img/scrollbar_white.png HTTP/1.1" 200 82
190.27.104.8 - - [04/Nov/2015:01:20:33 -0500] "GET /galeria/bibloteca/img/slider_white.png HTTP/1.1" 200 178
190.27.104.8 - - [04/Nov/2015:01:20:38 -0500] "GET /galeria/bibloteca/img/scrollbar_black.png HTTP/1.1" 200 82
190.27.104.8 - - [04/Nov/2015:01:20:38 -0500] "GET /galeria/bibloteca/img/slider_black.png HTTP/1.1" 200 175
190.27.104.8 - - [04/Nov/2015:01:20:38 -0500] "GET /galeria/bibloteca/img/1x1_0.5_white.png HTTP/1.1" 200 82
190.27.104.8 - - [04/Nov/2015:01:20:38 -0500] "GET /galeria/bibloteca/img/ajax-loader.gif HTTP/1.1" 200 9427
188.165.15.196 - - [04/Nov/2015:01:20:42 -0500] "GET /BLA/resoluciones/RESOLUCIONES%202003/RES%202003%20201-250/2003RES237.tif HTTP/1.1" 200 69816
66.249.69.56 - - [04/Nov/2015:01:20:43 -0500] "GET /Autoliquidacion/index.php?dir=Grupo+Forestal+-+Silvicultura%2F HTTP/1.1" 200 4955
180.76.15.34 - - [04/Nov/2015:01:21:01 -0500] "GET /BLA/boletinlegal/Circulares/2012/Circular%20No.%2013%20del%2006%20de%20Septiembre%20de%202012.pdf HTTP/1.1" 200 351421
37.53.231.61 - - [04/Nov/2015:01:21:33 -0500] "POST /xmlrpc.php HTTP/1.1" 301 334
201.245.192.253 - - [04/Nov/2015:01:21:34 -0500] "POST /forms/lservlet;jsessionid=ac16012b30d647e14f8c2e8b41ba9c25ad27ae3c99fc.e3iSbxaKaheRe38KbN0Rb34MbNn0n6jAmljGr5XDqQLvpAe HTTP/1.1" 200 2
190.26.49.62 - - [04/Nov/2015:01:22:03 -0500] "GET /galeria/galeria/jquery.fancybox.css?v=2.1.5 HTTP/1.1" 200 4895
190.26.49.62 - - [04/Nov/2015:01:22:03 -0500] "GET /galeria/galeria/jquery.fancybox.js?v=2.1.5 HTTP/1.1" 200 48706
190.26.49.62 - - [04/Nov/2015:01:22:03 -0500] "GET /BLA/boletinlegal/js/jquery.scrollShow.js HTTP/1.1" 200 4586
190.26.49.62 - - [04/Nov/2015:01:22:16 -0500] "GET /BLA/boletinlegal/js/jquery.scrollShow.js HTTP/1.1" 200 4586
190.26.49.62 - - [04/Nov/2015:01:22:16 -0500] "GET /galeria/galeria/jquery.fancybox.js?v=2.1.5 HTTP/1.1" 200 48706
190.26.49.62 - - [04/Nov/2015:01:22:16 -0500] "GET /galeria/galeria/jquery.fancybox.css?v=2.1.5 HTTP/1.1" 200 4895
201.245.192.253 - - [04/Nov/2015:01:23:35 -0500] "POST /forms/lservlet;jsessionid=ac16012b30d647e14f8c2e8b41ba9c25ad27ae3c99fc.e3iSbxaKaheRe38KbN0Rb34MbNn0n6jAmljGr5XDqQLvpAe HTTP/1.1" 200 2
68.180.230.190 - - [04/Nov/2015:01:23:48 -0500] "GET /BLA/boletinlegal/jurisprudencia/analisis/analisis%20sentencia%20C-1007-2011-1.doc HTTP/1.1" 200 35328
190.26.49.62 - - [04/Nov/2015:01:24:25 -0500] "GET /galeria/galeria/jquery.fancybox.js?v=2.1.5 HTTP/1.1" 304 -
190.26.49.62 - - [04/Nov/2015:01:24:25 -0500] "GET /galeria/galeria/jquery.fancybox.css?v=2.1.5 HTTP/1.1" 304 -
190.26.164.179 - - [04/Nov/2015:01:24:35 -0500] "GET /galeria/galeria/jquery.fancybox.css?v=2.1.5 HTTP/1.1" 200 4895
190.26.164.179 - - [04/Nov/2015:01:24:35 -0500] "GET /BLA/boletinlegal/js/jquery.scrollShow.js HTTP/1.1" 200 4586
190.26.164.179 - - [04/Nov/2015:01:24:35 -0500] "GET /galeria/carrusel/Carrusel/jquery.thumbnailScroller.css HTTP/1.1" 200 2066
190.26.164.179 - - [04/Nov/2015:01:24:35 -0500] "GET /galeria/galeria/jquery.fancybox.js?v=2.1.5 HTTP/1.1" 200 48706
190.26.164.179 - - [04/Nov/2015:01:24:35 -0500] "GET /galeria/carrusel/Carrusel/jquery-ui-1.8.13.custom.min.js HTTP/1.1" 200 10800
190.26.164.179 - - [04/Nov/2015:01:24:35 -0500] "GET /galeria/carrusel/Carrusel/jquery.thumbnailScroller.js HTTP/1.1" 200 8157
66.249.69.108 - - [04/Nov/2015:01:24:35 -0500] "GET /BLA/resoluciones/RESOLUCIONES%202010/1719.pdf HTTP/1.1" 200 406692
190.26.164.179 - - [04/Nov/2015:01:24:36 -0500] "GET /galeria/nivo-slider/demo/demo.html HTTP/1.1" 200 4933
190.26.164.179 - - [04/Nov/2015:01:24:36 -0500] "GET /galeria/nivo-slider/themes/default/default.css HTTP/1.1" 200 1569
190.26.164.179 - - [04/Nov/2015:01:24:36 -0500] "GET /galeria/nivo-slider/themes/pascal/pascal.css HTTP/1.1" 200 2258
190.26.164.179 - - [04/Nov/2015:01:24:36 -0500] "GET /galeria/nivo-slider/themes/orman/orman.css HTTP/1.1" 200 2152
190.26.164.179 - - [04/Nov/2015:01:24:37 -0500] "GET /galeria/nivo-slider/nivo-slider.css HTTP/1.1" 200 1507
190.26.164.179 - - [04/Nov/2015:01:24:37 -0500] "GET /galeria/nivo-slider/demo/style.css HTTP/1.1" 200 2222
190.26.164.179 - - [04/Nov/2015:01:24:37 -0500] "GET /galeria/nivo-slider/jquery.nivo.slider.pack.js HTTP/1.1" 200 11561
190.26.164.179 - - [04/Nov/2015:01:24:37 -0500] "GET /galeria/nivo-slider/demo/scripts/jquery-1.7.1.min.js HTTP/1.1" 200 93868
190.26.164.179 - - [04/Nov/2015:01:24:38 -0500] "GET /galeria/nivo-slider/demo/images/4Simple_Slider.png HTTP/1.1" 200 11722
190.26.164.179 - - [04/Nov/2015:01:24:38 -0500] "GET /galeria/nivo-slider/themes/default/loading.gif HTTP/1.1" 200 1737
190.26.164.179 - - [04/Nov/2015:01:24:38 -0500] "GET /galeria/nivo-slider/demo/images/Banner-encuesta-de-percepscio.jpg HTTP/1.1" 200 201899
190.26.164.179 - - [04/Nov/2015:01:24:38 -0500] "GET /galeria/nivo-slider/demo/images/Banner-Bio-expo.jpg HTTP/1.1" 200 279197
190.26.164.179 - - [04/Nov/2015:01:24:38 -0500] "GET /galeria/nivo-slider/demo/images/rendicion-de-cuentas-formulario.jpg HTTP/1.1" 200 166357
190.26.164.179 - - [04/Nov/2015:01:24:39 -0500] "GET /galeria/nivo-slider/demo/images/Banner-festival-PYBA.jpg HTTP/1.1" 200 251477
190.26.164.179 - - [04/Nov/2015:01:24:44 -0500] "GET /galeria/nivo-slider/demo/images/ABC-Plan-de-contigencia.jpg HTTP/1.1" 200 401853
190.26.164.179 - - [04/Nov/2015:01:24:44 -0500] "GET /galeria/nivo-slider/demo/images/banner-ACA-01.jpg HTTP/1.1" 200 161255
190.26.164.179 - - [04/Nov/2015:01:24:45 -0500] "GET /galeria/nivo-slider/demo/images/caminata-ecologica.jpg HTTP/1.1" 200 161069
190.26.164.179 - - [04/Nov/2015:01:24:45 -0500] "GET /galeria/nivo-slider/demo/images/Arbol-banner2015.jpg HTTP/1.1" 200 226910
190.26.164.179 - - [04/Nov/2015:01:24:48 -0500] "GET /galeria/nivo-slider/demo/images/Banner-ahorro-de-agua.jpg HTTP/1.1" 200 149141
190.26.164.179 - - [04/Nov/2015:01:24:50 -0500] "GET /galeria/nivo-slider/demo/images/Cmapana-onestidad.jpg HTTP/1.1" 200 141638
190.26.164.179 - - [04/Nov/2015:01:24:50 -0500] "GET /galeria/nivo-slider/demo/images/Plan-Quinquenal.jpg HTTP/1.1" 200 412438
190.26.164.179 - - [04/Nov/2015:01:24:51 -0500] "GET /galeria/nivo-slider/demo/images/PREDAcamp.jpg HTTP/1.1" 200 295358
190.26.164.179 - - [04/Nov/2015:01:24:52 -0500] "GET /galeria/nivo-slider/demo/images/banner-llantas2.jpg HTTP/1.1" 200 204644
188.165.15.196 - - [04/Nov/2015:01:25:27 -0500] "GET /BLA/resoluciones/AUTOS%202006/AUTOS%202006%201601%20-%201700/00001620.tif HTTP/1.1" 200 124398
66.249.69.116 - - [04/Nov/2015:01:25:27 -0500] "GET /BLA/resoluciones/RESOLUCIONES%202004/RES%202004%201101-1150/00001141.tif HTTP/1.1" 200 186776
69.162.124.233 - - [04/Nov/2015:01:25:32 -0500] "HEAD / HTTP/1.1" 200 -
201.245.192.253 - - [04/Nov/2015:01:25:35 -0500] "POST /forms/lservlet;jsessionid=ac16012b30d647e14f8c2e8b41ba9c25ad27ae3c99fc.e3iSbxaKaheRe38KbN0Rb34MbNn0n6jAmljGr5XDqQLvpAe HTTP/1.1" 200 2
186.113.10.143 - - [04/Nov/2015:01:26:43 -0500] "GET /galeria/nivo-slider/demo/images/caminata-ecologica.jpg HTTP/1.1" 304 -
188.165.15.196 - - [04/Nov/2015:01:27:22 -0500] "GET /BLA/resoluciones/RESOLUCIONES%202002/RES%202002%201901-1950/20021927.tif HTTP/1.1" 200 134350
188.165.15.196 - - [04/Nov/2015:01:27:34 -0500] "GET /BLA/resoluciones/index.php?dir=RESOLUCIONES%202004/RES%202004%2001-%2050/&sort=size&order=desc HTTP/1.1" 200 11965
201.245.192.253 - - [04/Nov/2015:01:27:35 -0500] "POST /forms/lservlet;jsessionid=ac16012b30d647e14f8c2e8b41ba9c25ad27ae3c99fc.e3iSbxaKaheRe38KbN0Rb34MbNn0n6jAmljGr5XDqQLvpAe HTTP/1.1" 200 2
188.165.15.196 - - [04/Nov/2015:01:27:50 -0500] "GET /BLA/resoluciones/RESOLUCIONES%202002/RES%202002%201851-1900/20021857.tif HTTP/1.1" 200 135262
188.165.15.196 - - [04/Nov/2015:01:28:06 -0500] "GET /BLA/resoluciones/RESOLUCIONES%202005/RES%202005%201301-1350/00001317.tif HTTP/1.1" 200 176712
66.249.69.108 - - [04/Nov/2015:01:28:28 -0500] "GET /BLA/resoluciones/RESOLUCIONES%202010/4133.pdf HTTP/1.1" 200 759265
152.61.128.66 - - [04/Nov/2015:01:28:50 -0500] "HEAD / HTTP/1.1" 200 -
152.61.128.66 - - [04/Nov/2015:01:28:51 -0500] "GET /arcgis/services/Calidad_del_Agua_WQI/MapServer/WMSServer?SERVICE=WMS&REQUEST=GetCapabilities HTTP/1.1" 200 32135
152.61.128.66 - - [04/Nov/2015:01:28:51 -0500] "GET /arcgis/services/Calidad_del_Agua_WQI/MapServer/WMSServer?SERVICE=WMS&REQUEST=GetCapabilities HTTP/1.0" 200 32135
152.61.128.66 - - [04/Nov/2015:01:28:52 -0500] "GET /arcgis/services/Calidad_del_Agua_WQI/MapServer/WMSServer?SERVICE=WMS&REQUEST=GetCapabilities HTTP/1.0" 200 32135
152.61.128.66 - - [04/Nov/2015:01:28:53 -0500] "GET /arcgis/services/Calidad_del_Agua_WQI/MapServer/WMSServer?SERVICE=WMS&REQUEST=GetCapabilities HTTP/1.0" 200 32135
152.61.128.66 - - [04/Nov/2015:01:28:54 -0500] "GET /arcgis/services/Calidad_del_Agua_WQI/MapServer/WMSServer?VERSION=1.1.1&REQUEST=GetMap&LAYERS=0&SRS=EPSG:4326&BBOX=-74.473395,3.674381,-73.963300,4.920569&WIDTH=250&HEIGHT=250&FORMAT=image/bmp&STYLES=& HTTP/1.1" 200 188054
188.165.15.196 - - [04/Nov/2015:01:29:13 -0500] "GET /BLA/resoluciones/RESOLUCIONES%202005/RES%202005%20151-200/00000195.tif HTTP/1.1" 200 174686
188.165.15.196 - - [04/Nov/2015:01:29:15 -0500] "GET /BLA/resoluciones/RESOLUCIONES%202005/RES%202005%202801-2850/00002839.tif HTTP/1.1" 200 122792
201.245.192.253 - - [04/Nov/2015:01:29:35 -0500] "POST /forms/lservlet;jsessionid=ac16012b30d647e14f8c2e8b41ba9c25ad27ae3c99fc.e3iSbxaKaheRe38KbN0Rb34MbNn0n6jAmljGr5XDqQLvpAe HTTP/1.1" 200 2
201.234.75.11 - - [04/Nov/2015:01:30:05 -0500] "GET /galeria/nivo-slider/themes/orman/orman.css HTTP/1.1" 304 -
152.61.193.99 - - [04/Nov/2015:01:30:09 -0500] "HEAD / HTTP/1.1" 200 -
152.61.193.99 - - [04/Nov/2015:01:30:09 -0500] "GET /arcgis/services/Calidad_del_Agua_WQI/MapServer/WMSServer?request=GetCapabilities&service=WMS HTTP/1.1" 200 32135
152.61.193.99 - - [04/Nov/2015:01:30:10 -0500] "GET /arcgis/services/Calidad_del_Agua_WQI/MapServer/WMSServer?request=GetCapabilities&service=WMS HTTP/1.1" 200 32135
152.61.193.99 - - [04/Nov/2015:01:30:11 -0500] "GET /arcgis/services/Calidad_del_Agua_WQI/MapServer/WMSServer?request=GetCapabilities&service=WMS HTTP/1.1" 200 32135
152.61.193.99 - - [04/Nov/2015:01:30:12 -0500] "GET /arcgis/services/Calidad_del_Agua_WQI/MapServer/WMSServer?request=GetCapabilities&service=WMS HTTP/1.1" 200 32135
66.249.69.108 - - [04/Nov/2015:01:30:12 -0500] "GET /BLA/resoluciones/RESOLUCIONES%202009/8564.pdf HTTP/1.1" 200 648939
152.61.193.99 - - [04/Nov/2015:01:30:12 -0500] "GET /arcgis/services/Calidad_del_Agua_WQI/MapServer/WMSServer?VERSION=1.1.1&REQUEST=GetMap&LAYERS=0&SRS=EPSG:4326&BBOX=-74.473395,3.674381,-73.963300,4.920569&WIDTH=250&HEIGHT=250&FORMAT=image/bmp&STYLES=& HTTP/1.1" 200 188054
69.162.124.233 - - [04/Nov/2015:01:30:32 -0500] "HEAD / HTTP/1.1" 200 -
201.245.192.253 - - [04/Nov/2015:01:31:36 -0500] "POST /forms/lservlet;jsessionid=ac16012b30d647e14f8c2e8b41ba9c25ad27ae3c99fc.e3iSbxaKaheRe38KbN0Rb34MbNn0n6jAmljGr5XDqQLvpAe HTTP/1.1" 200 2
178.175.252.66 - - [04/Nov/2015:01:31:36 -0500] "POST /xmlrpc.php HTTP/1.1" 301 334
188.165.15.196 - - [04/Nov/2015:01:32:06 -0500] "GET /BLA/resoluciones/RESOLUCIONES%202006/RES%202006%201-50/00000045.tif HTTP/1.1" 200 284372
66.249.69.108 - - [04/Nov/2015:01:32:20 -0500] "GET /BLA/resoluciones/RESOLUCIONES%202013/1138.pdf HTTP/1.1" 304 -
201.185.139.127 - - [04/Nov/2015:01:32:27 -0500] "GET /galeria/galeria/jquery.fancybox.css?v=2.1.5 HTTP/1.1" 200 4895
66.249.69.100 - - [04/Nov/2015:01:33:23 -0500] "GET /BLA/resoluciones/RESOLUCIONES%202009/1990.pdf HTTP/1.1" 200 541132
201.245.192.253 - - [04/Nov/2015:01:33:36 -0500] "POST /forms/lservlet;jsessionid=ac16012b30d647e14f8c2e8b41ba9c25ad27ae3c99fc.e3iSbxaKaheRe38KbN0Rb34MbNn0n6jAmljGr5XDqQLvpAe HTTP/1.1" 200 2
52.23.156.32 - - [04/Nov/2015:01:33:51 -0500] "GET /robots.txt HTTP/1.1" 404 1018
52.23.156.32 - - [04/Nov/2015:01:34:44 -0500] "GET /silvicultura/9.pdf HTTP/1.1" 404 1018
188.165.15.196 - - [04/Nov/2015:01:34:48 -0500] "GET /BLA/resoluciones/RESOLUCIONES%202004/RES%202004%202301-2350/00002307.tif HTTP/1.1" 200 111988
188.165.15.196 - - [04/Nov/2015:01:34:48 -0500] "GET /BLA/resoluciones/RESOLUCIONES%202004/RES%202004%20701-750/00000724.tif HTTP/1.1" 200 116000
188.165.15.196 - - [04/Nov/2015:01:34:59 -0500] "GET /BLA/resoluciones/index.php?dir=RESOLUCIONES%202006/RES%202006%201851-1900/&sort=size&order=asc HTTP/1.1" 200 12364
66.249.69.56 - - [04/Nov/2015:01:35:11 -0500] "GET /POT-2013/index.php?dir=memoria%20justificativa/&sort=name&order=desc HTTP/1.1" 200 2483
69.162.124.233 - - [04/Nov/2015:01:35:32 -0500] "HEAD / HTTP/1.1" 200 -
201.245.192.253 - - [04/Nov/2015:01:35:36 -0500] "POST /forms/lservlet;jsessionid=ac16012b30d647e14f8c2e8b41ba9c25ad27ae3c99fc.e3iSbxaKaheRe38KbN0Rb34MbNn0n6jAmljGr5XDqQLvpAe HTTP/1.1" 200 2
180.76.15.33 - - [04/Nov/2015:01:36:00 -0500] "GET /POT-2013/Cartografia/25_Sistema_Equipamientos_Existentes_2013_V1.pdf HTTP/1.1" 200 4239909
66.249.69.116 - - [04/Nov/2015:01:36:12 -0500] "GET /BLA/resoluciones/RESOLUCIONES%202014/2401.pdf HTTP/1.1" 304 -
188.165.15.196 - - [04/Nov/2015:01:36:27 -0500] "GET /BLA/resoluciones/RESOLUCIONES%202004/RES%202004%201451-1500/00001495.tif HTTP/1.1" 200 85194
188.165.15.196 - - [04/Nov/2015:01:37:10 -0500] "GET /BLA/resoluciones/RESOLUCIONES%202003/RES%202003%20451-500/480.tif HTTP/1.1" 200 192240
201.245.192.253 - - [04/Nov/2015:01:37:36 -0500] "POST /forms/lservlet;jsessionid=ac16012b30d647e14f8c2e8b41ba9c25ad27ae3c99fc.e3iSbxaKaheRe38KbN0Rb34MbNn0n6jAmljGr5XDqQLvpAe HTTP/1.1" 200 2
177.229.3.121 - - [04/Nov/2015:01:38:08 -0500] "GET /galeria/galeria/jquery.fancybox.css?v=2.1.5 HTTP/1.1" 200 4895
177.229.3.121 - - [04/Nov/2015:01:38:08 -0500] "GET /BLA/boletinlegal/js/jquery.scrollShow.js HTTP/1.1" 200 4586
177.229.3.121 - - [04/Nov/2015:01:38:08 -0500] "GET /galeria/galeria/jquery.fancybox.js?v=2.1.5 HTTP/1.1" 200 48706
186.116.45.120 - - [04/Nov/2015:01:38:15 -0500] "GET /BLA/boletinlegal/js/jquery.scrollShow.js HTTP/1.1" 200 4586
186.116.45.120 - - [04/Nov/2015:01:38:15 -0500] "GET /galeria/galeria/jquery.fancybox.js?v=2.1.5 HTTP/1.1" 200 48706
186.116.45.120 - - [04/Nov/2015:01:38:15 -0500] "GET /galeria/galeria/jquery.fancybox.css?v=2.1.5 HTTP/1.1" 200 4895
177.229.3.121 - - [04/Nov/2015:01:38:17 -0500] "GET /galeria/galeria/jquery.fancybox.js?v=2.1.5 HTTP/1.1" 304 -
177.229.3.121 - - [04/Nov/2015:01:38:17 -0500] "GET /galeria/galeria/jquery.fancybox.css?v=2.1.5 HTTP/1.1" 304 -
177.229.3.121 - - [04/Nov/2015:01:38:17 -0500] "GET /BLA/boletinlegal/js/jquery.scrollShow.js HTTP/1.1" 304 -
186.116.45.120 - - [04/Nov/2015:01:38:24 -0500] "GET /BLA/boletinlegal/js/jquery.scrollShow.js HTTP/1.1" 304 -
186.116.45.120 - - [04/Nov/2015:01:38:24 -0500] "GET /galeria/galeria/jquery.fancybox.js?v=2.1.5 HTTP/1.1" 304 -
186.116.45.120 - - [04/Nov/2015:01:38:24 -0500] "GET /galeria/galeria/jquery.fancybox.css?v=2.1.5 HTTP/1.1" 304 -
84.244.60.2 - - [04/Nov/2015:01:38:43 -0500] "POST /xmlrpc.php HTTP/1.1" 301 334
188.165.15.196 - - [04/Nov/2015:01:39:27 -0500] "GET /BLA/resoluciones/RESOLUCIONES%202005/RES%202005%20151-200/00000185.tif HTTP/1.1" 200 196948
201.245.192.253 - - [04/Nov/2015:01:39:36 -0500] "POST /forms/lservlet;jsessionid=ac16012b30d647e14f8c2e8b41ba9c25ad27ae3c99fc.e3iSbxaKaheRe38KbN0Rb34MbNn0n6jAmljGr5XDqQLvpAe HTTP/1.1" 200 2
188.165.15.196 - - [04/Nov/2015:01:39:52 -0500] "GET /BLA/resoluciones/RESOLUCIONES%202006/RES%202006%20301-350/00000327.tif HTTP/1.1" 200 243596
66.249.69.108 - - [04/Nov/2015:01:40:05 -0500] "GET /BLA/resoluciones/index.php?dir=RESOLUCIONES%202002/RES%202002%201751-1800/&sort=name&order=desc HTTP/1.1" 200 12155
69.162.124.233 - - [04/Nov/2015:01:40:31 -0500] "HEAD / HTTP/1.1" 200 -
66.249.69.100 - - [04/Nov/2015:01:41:20 -0500] "GET /galeria/galeria/fotos/Humedal-la-conejera3G.jpg HTTP/1.1" 304 -
201.245.192.253 - - [04/Nov/2015:01:41:37 -0500] "POST /forms/lservlet;jsessionid=ac16012b30d647e14f8c2e8b41ba9c25ad27ae3c99fc.e3iSbxaKaheRe38KbN0Rb34MbNn0n6jAmljGr5XDqQLvpAe HTTP/1.1" 200 2
186.116.191.193 - - [04/Nov/2015:01:41:41 -0500] "GET /BLA/boletinlegal/js/jquery.scrollShow.js HTTP/1.1" 200 4586
186.116.191.193 - - [04/Nov/2015:01:41:41 -0500] "GET /galeria/galeria/jquery.fancybox.css?v=2.1.5 HTTP/1.1" 200 4895
186.116.191.193 - - [04/Nov/2015:01:41:41 -0500] "GET /galeria/carrusel/Carrusel/jquery.thumbnailScroller.css HTTP/1.1" 200 2066
186.116.191.193 - - [04/Nov/2015:01:41:41 -0500] "GET /galeria/galeria/jquery.fancybox.js?v=2.1.5 HTTP/1.1" 200 48706
186.116.191.193 - - [04/Nov/2015:01:41:41 -0500] "GET /galeria/carrusel/Carrusel/jquery-ui-1.8.13.custom.min.js HTTP/1.1" 200 10800
186.116.191.193 - - [04/Nov/2015:01:41:41 -0500] "GET /galeria/carrusel/Carrusel/jquery.thumbnailScroller.js HTTP/1.1" 200 8157
186.116.191.193 - - [04/Nov/2015:01:41:42 -0500] "GET /galeria/nivo-slider/demo/demo.html HTTP/1.1" 200 4933
186.116.191.193 - - [04/Nov/2015:01:41:44 -0500] "GET /galeria/nivo-slider/themes/default/default.css HTTP/1.1" 200 1569
186.116.191.193 - - [04/Nov/2015:01:41:44 -0500] "GET /galeria/nivo-slider/themes/pascal/pascal.css HTTP/1.1" 200 2258
186.116.191.193 - - [04/Nov/2015:01:41:44 -0500] "GET /galeria/nivo-slider/themes/orman/orman.css HTTP/1.1" 200 2152
186.116.191.193 - - [04/Nov/2015:01:41:44 -0500] "GET /galeria/nivo-slider/nivo-slider.css HTTP/1.1" 200 1507
186.116.191.193 - - [04/Nov/2015:01:41:44 -0500] "GET /galeria/nivo-slider/demo/style.css HTTP/1.1" 200 2222
186.116.191.193 - - [04/Nov/2015:01:41:44 -0500] "GET /galeria/nivo-slider/demo/images/Banner-encuesta-de-percepscio.jpg HTTP/1.1" 200 201899
186.116.191.193 - - [04/Nov/2015:01:41:44 -0500] "GET /galeria/nivo-slider/demo/scripts/jquery-1.7.1.min.js HTTP/1.1" 200 93868
186.116.191.193 - - [04/Nov/2015:01:41:44 -0500] "GET /galeria/nivo-slider/jquery.nivo.slider.pack.js HTTP/1.1" 200 11561
186.116.191.193 - - [04/Nov/2015:01:41:44 -0500] "GET /galeria/nivo-slider/demo/images/Banner-Bio-expo.jpg HTTP/1.1" 200 279197
186.116.191.193 - - [04/Nov/2015:01:41:45 -0500] "GET /galeria/nivo-slider/demo/images/4Simple_Slider.png HTTP/1.1" 200 11722
186.116.191.193 - - [04/Nov/2015:01:41:45 -0500] "GET /galeria/nivo-slider/themes/default/loading.gif HTTP/1.1" 200 1737
186.116.191.193 - - [04/Nov/2015:01:41:46 -0500] "GET /galeria/nivo-slider/demo/images/rendicion-de-cuentas-formulario.jpg HTTP/1.1" 200 166357
186.116.191.193 - - [04/Nov/2015:01:41:46 -0500] "GET /galeria/nivo-slider/demo/images/Banner-festival-PYBA.jpg HTTP/1.1" 200 251477
186.116.191.193 - - [04/Nov/2015:01:41:47 -0500] "GET /galeria/nivo-slider/demo/images/ABC-Plan-de-contigencia.jpg HTTP/1.1" 200 401853
186.116.191.193 - - [04/Nov/2015:01:41:47 -0500] "GET /galeria/nivo-slider/demo/images/banner-ACA-01.jpg HTTP/1.1" 200 161255
186.116.191.193 - - [04/Nov/2015:01:41:47 -0500] "GET /galeria/nivo-slider/demo/images/caminata-ecologica.jpg HTTP/1.1" 200 161069
186.116.191.193 - - [04/Nov/2015:01:41:47 -0500] "GET /galeria/nivo-slider/demo/images/Arbol-banner2015.jpg HTTP/1.1" 200 226910
186.116.191.193 - - [04/Nov/2015:01:41:48 -0500] "GET /galeria/nivo-slider/demo/images/Banner-ahorro-de-agua.jpg HTTP/1.1" 200 149141
186.116.191.193 - - [04/Nov/2015:01:41:48 -0500] "GET /galeria/nivo-slider/demo/images/Cmapana-onestidad.jpg HTTP/1.1" 200 141638
186.116.191.193 - - [04/Nov/2015:01:41:49 -0500] "GET /galeria/nivo-slider/demo/images/Plan-Quinquenal.jpg HTTP/1.1" 200 412438
186.116.191.193 - - [04/Nov/2015:01:41:49 -0500] "GET /galeria/nivo-slider/demo/images/PREDAcamp.jpg HTTP/1.1" 200 295358
186.116.191.193 - - [04/Nov/2015:01:41:49 -0500] "GET /galeria/nivo-slider/demo/images/banner-llantas2.jpg HTTP/1.1" 200 204644
186.116.191.193 - - [04/Nov/2015:01:41:50 -0500] "GET /galeria/nivo-slider/demo/images/9Signos.jpg HTTP/1.1" 200 81776
186.116.191.193 - - [04/Nov/2015:01:41:50 -0500] "GET /galeria/nivo-slider/demo/images/Ruta-vertimientos-01.jpg HTTP/1.1" 200 130151
186.116.191.193 - - [04/Nov/2015:01:41:51 -0500] "GET /galeria/nivo-slider/demo/images/bolsas-06.jpg HTTP/1.1" 200 90982
186.116.191.193 - - [04/Nov/2015:01:41:51 -0500] "GET /galeria/nivo-slider/demo/images/Conoce-los-humedales.jpg HTTP/1.1" 200 294036
186.116.191.193 - - [04/Nov/2015:01:41:51 -0500] "GET /galeria/nivo-slider/demo/images/ecolecta-Dic2014.png HTTP/1.1" 200 288593
186.116.191.193 - - [04/Nov/2015:01:41:58 -0500] "GET /galeria/nivo-slider/themes/default/arrows.png HTTP/1.1" 200 824
186.116.191.193 - - [04/Nov/2015:01:41:58 -0500] "GET /galeria/nivo-slider/themes/default/bullets.png HTTP/1.1" 200 1281
201.234.75.11 - - [04/Nov/2015:01:42:05 -0500] "GET /galeria/nivo-slider/demo/demo.html HTTP/1.1" 200 4933
201.245.192.253 - - [04/Nov/2015:01:43:37 -0500] "POST /forms/lservlet;jsessionid=ac16012b30d647e14f8c2e8b41ba9c25ad27ae3c99fc.e3iSbxaKaheRe38KbN0Rb34MbNn0n6jAmljGr5XDqQLvpAe HTTP/1.1" 200 2
188.165.15.196 - - [04/Nov/2015:01:43:40 -0500] "GET /BLA/resoluciones/RESOLUCIONES%202005/RES%202005%202301-2350/00002322.tif HTTP/1.1" 200 160568
66.249.69.116 - - [04/Nov/2015:01:43:57 -0500] "GET /autoliquidacion/Grupo%20Forestal%20-%20Silvicultura/Estructura%20del%20SIADAMA.xls HTTP/1.1" 200 1761792
157.55.39.64 - - [04/Nov/2015:01:44:35 -0500] "GET /PORTAL_SIAC/swf/Residuos/cosmeticos/files/search/searchtext.xml HTTP/1.1" 200 195649
201.220.82.77 - - [04/Nov/2015:01:45:18 -0500] "GET /galeria/galeria/jquery.fancybox.js?v=2.1.5 HTTP/1.1" 200 48706
201.220.82.77 - - [04/Nov/2015:01:45:18 -0500] "GET /BLA/boletinlegal/js/jquery.scrollShow.js HTTP/1.1" 200 4586
201.220.82.77 - - [04/Nov/2015:01:45:18 -0500] "GET /galeria/galeria/jquery.fancybox.css?v=2.1.5 HTTP/1.1" 200 4895
69.162.124.233 - - [04/Nov/2015:01:45:31 -0500] "HEAD / HTTP/1.1" 200 -
201.220.82.77 - - [04/Nov/2015:01:45:37 -0500] "GET /BLA/boletinlegal/js/jquery.scrollShow.js HTTP/1.1" 200 4586
201.220.82.77 - - [04/Nov/2015:01:45:37 -0500] "GET /galeria/galeria/jquery.fancybox.css?v=2.1.5 HTTP/1.1" 200 4895
201.220.82.77 - - [04/Nov/2015:01:45:37 -0500] "GET /galeria/galeria/jquery.fancybox.js?v=2.1.5 HTTP/1.1" 200 48706
201.245.192.253 - - [04/Nov/2015:01:45:37 -0500] "POST /forms/lservlet;jsessionid=ac16012b30d647e14f8c2e8b41ba9c25ad27ae3c99fc.e3iSbxaKaheRe38KbN0Rb34MbNn0n6jAmljGr5XDqQLvpAe HTTP/1.1" 200 2
191.102.113.138 - - [04/Nov/2015:01:47:29 -0500] "GET /galeria/galeria/jquery.fancybox.css?v=2.1.5 HTTP/1.1" 200 4895
191.102.113.138 - - [04/Nov/2015:01:47:29 -0500] "GET /BLA/boletinlegal/js/jquery.scrollShow.js HTTP/1.1" 200 4586
191.102.113.138 - - [04/Nov/2015:01:47:29 -0500] "GET /galeria/galeria/jquery.fancybox.js?v=2.1.5 HTTP/1.1" 200 48706
201.245.192.253 - - [04/Nov/2015:01:47:37 -0500] "POST /forms/lservlet;jsessionid=ac16012b30d647e14f8c2e8b41ba9c25ad27ae3c99fc.e3iSbxaKaheRe38KbN0Rb34MbNn0n6jAmljGr5XDqQLvpAe HTTP/1.1" 200 2
66.249.69.73 - - [04/Nov/2015:01:47:49 -0500] "GET / HTTP/1.1" 301 324
191.102.113.138 - - [04/Nov/2015:01:48:02 -0500] "GET /galeria/galeria/jquery.fancybox.css?v=2.1.5 HTTP/1.1" 304 -
191.102.113.138 - - [04/Nov/2015:01:48:03 -0500] "GET /BLA/boletinlegal/js/jquery.scrollShow.js HTTP/1.1" 304 -
191.102.113.138 - - [04/Nov/2015:01:48:03 -0500] "GET /galeria/galeria/jquery.fancybox.js?v=2.1.5 HTTP/1.1" 304 -
188.165.15.196 - - [04/Nov/2015:01:48:23 -0500] "GET /BLA/resoluciones/RESOLUCIONES%202006/RES%202006%20451-500/00000453.tif HTTP/1.1" 200 32620
152.61.193.99 - - [04/Nov/2015:01:48:47 -0500] "HEAD / HTTP/1.1" 200 -
152.61.193.99 - - [04/Nov/2015:01:48:48 -0500] "GET /arcgis/services/Calidad_del_Agua_WQI/MapServer/WMSServer?SERVICE=WMS&REQUEST=GetCapabilities HTTP/1.1" 200 32135
152.61.193.99 - - [04/Nov/2015:01:48:48 -0500] "GET /arcgis/services/Calidad_del_Agua_WQI/MapServer/WMSServer?SERVICE=WMS&REQUEST=GetCapabilities HTTP/1.1" 200 32135
152.61.193.99 - - [04/Nov/2015:01:48:49 -0500] "GET /arcgis/services/Calidad_del_Agua_WQI/MapServer/WMSServer?SERVICE=WMS&REQUEST=GetCapabilities HTTP/1.1" 200 32135
152.61.193.99 - - [04/Nov/2015:01:48:50 -0500] "GET /arcgis/services/Calidad_del_Agua_WQI/MapServer/WMSServer?SERVICE=WMS&REQUEST=GetCapabilities HTTP/1.1" 200 32135
152.61.193.99 - - [04/Nov/2015:01:48:51 -0500] "GET /arcgis/services/Calidad_del_Agua_WQI/MapServer/WMSServer?VERSION=1.1.1&REQUEST=GetMap&LAYERS=0&SRS=EPSG:4326&BBOX=-74.473395,3.674381,-73.963300,4.920569&WIDTH=250&HEIGHT=250&FORMAT=image/bmp&STYLES=& HTTP/1.1" 200 188054
188.165.15.196 - - [04/Nov/2015:01:49:05 -0500] "GET /BLA/resoluciones/AUTOS%202006/AUTOS%202006%202701%20-%202800/00002722.tif HTTP/1.1" 200 50854
177.245.8.235 - - [04/Nov/2015:01:49:34 -0500] "GET /galeria/galeria/jquery.fancybox.css?v=2.1.5 HTTP/1.1" 200 4895
177.245.8.235 - - [04/Nov/2015:01:49:34 -0500] "GET /BLA/boletinlegal/js/jquery.scrollShow.js HTTP/1.1" 200 4586
177.245.8.235 - - [04/Nov/2015:01:49:34 -0500] "GET /galeria/galeria/jquery.fancybox.js?v=2.1.5 HTTP/1.1" 200 48706
201.245.192.253 - - [04/Nov/2015:01:49:38 -0500] "POST /forms/lservlet;jsessionid=ac16012b30d647e14f8c2e8b41ba9c25ad27ae3c99fc.e3iSbxaKaheRe38KbN0Rb34MbNn0n6jAmljGr5XDqQLvpAe HTTP/1.1" 200 2
190.1.137.130 - - [04/Nov/2015:01:49:48 -0500] "GET / HTTP/1.1" 200 10190
190.1.137.130 - - [04/Nov/2015:01:49:48 -0500] "GET /css/bootstrap.min.css HTTP/1.1" 200 105939
190.1.137.130 - - [04/Nov/2015:01:49:48 -0500] "GET /css/style.css HTTP/1.1" 200 3610
190.1.137.130 - - [04/Nov/2015:01:49:48 -0500] "GET /images/INTRANET.jpg HTTP/1.1" 200 37297
190.1.137.130 - - [04/Nov/2015:01:49:48 -0500] "GET /js/jquery.js HTTP/1.1" 200 97120
190.1.137.130 - - [04/Nov/2015:01:49:48 -0500] "GET /images/SDA.jpg HTTP/1.1" 200 48976
190.1.137.130 - - [04/Nov/2015:01:49:48 -0500] "GET /images/LINEA.jpg HTTP/1.1" 200 33035
190.1.137.130 - - [04/Nov/2015:01:49:48 -0500] "GET /images/BLA.jpg HTTP/1.1" 200 34672
190.1.137.130 - - [04/Nov/2015:01:49:48 -0500] "GET /images/INTERNET.jpg HTTP/1.1" 200 34880
190.1.137.130 - - [04/Nov/2015:01:49:48 -0500] "GET /images/RMCAB.jpg HTTP/1.1" 200 49926
190.1.137.130 - - [04/Nov/2015:01:49:48 -0500] "GET /images/NINOS.jpg HTTP/1.1" 200 44828
190.1.137.130 - - [04/Nov/2015:01:49:48 -0500] "GET /images/FOREST.jpg HTTP/1.1" 200 33277
190.1.137.130 - - [04/Nov/2015:01:49:49 -0500] "GET /images/FORMATOS.jpg HTTP/1.1" 200 41585
190.1.137.130 - - [04/Nov/2015:01:49:49 -0500] "GET /images/CORREO.jpg HTTP/1.1" 200 39337
190.1.137.130 - - [04/Nov/2015:01:49:49 -0500] "GET /images/CATALOGO.jpg HTTP/1.1" 200 35661
190.1.137.130 - - [04/Nov/2015:01:49:49 -0500] "GET /js/bootstrap.min.js HTTP/1.1" 200 28538
190.1.137.130 - - [04/Nov/2015:01:49:51 -0500] "GET /images/SDQS.jpg HTTP/1.1" 200 47976
188.165.15.196 - - [04/Nov/2015:01:49:56 -0500] "GET /BLA/resoluciones/RESOLUCIONES%202006/RES%202006%20%202801-2850/00002843.tif HTTP/1.1" 200 274382
177.245.8.235 - - [04/Nov/2015:01:49:48 -0500] "GET /videos/CRRFFS.mp4 HTTP/1.1" 200 286784363
177.245.8.235 - - [04/Nov/2015:01:50:00 -0500] "GET /galeria/galeria/jquery.fancybox.css?v=2.1.5 HTTP/1.1" 304 -
177.245.8.235 - - [04/Nov/2015:01:50:00 -0500] "GET /BLA/boletinlegal/js/jquery.scrollShow.js HTTP/1.1" 304 -
177.245.8.235 - - [04/Nov/2015:01:50:00 -0500] "GET /galeria/galeria/jquery.fancybox.js?v=2.1.5 HTTP/1.1" 304 -
177.245.8.235 - - [04/Nov/2015:01:50:08 -0500] "GET /videos/CRRFFS.mp4 HTTP/1.1" 206 1
201.221.182.230 - - [04/Nov/2015:01:50:31 -0500] "GET /isolucionsda/Session.asp HTTP/1.1" 200 146
69.162.124.233 - - [04/Nov/2015:01:50:31 -0500] "HEAD / HTTP/1.1" 200 -
190.9.201.171 - - [04/Nov/2015:01:50:41 -0500] "GET /galeria/galeria/jquery.fancybox.css?v=2.1.5 HTTP/1.1" 200 4895
190.9.201.171 - - [04/Nov/2015:01:50:41 -0500] "GET /BLA/boletinlegal/js/jquery.scrollShow.js HTTP/1.1" 200 4586
190.9.201.171 - - [04/Nov/2015:01:50:41 -0500] "GET /galeria/galeria/jquery.fancybox.js?v=2.1.5 HTTP/1.1" 200 48706
190.9.201.171 - - [04/Nov/2015:01:50:49 -0500] "GET /BLA/boletinlegal/js/jquery.scrollShow.js HTTP/1.1" 304 -
190.9.201.171 - - [04/Nov/2015:01:50:49 -0500] "GET /galeria/galeria/jquery.fancybox.js?v=2.1.5 HTTP/1.1" 304 -
190.9.201.171 - - [04/Nov/2015:01:50:49 -0500] "GET /galeria/galeria/jquery.fancybox.css?v=2.1.5 HTTP/1.1" 304 -
180.76.15.18 - - [04/Nov/2015:01:51:00 -0500] "GET /POT-2013/Cartografia/29_EDIFICABILIDAD.pdf HTTP/1.1" 200 3041378
201.245.192.253 - - [04/Nov/2015:01:51:38 -0500] "POST /forms/lservlet;jsessionid=ac16012b30d647e14f8c2e8b41ba9c25ad27ae3c99fc.e3iSbxaKaheRe38KbN0Rb34MbNn0n6jAmljGr5XDqQLvpAe HTTP/1.1" 200 2
66.249.69.116 - - [04/Nov/2015:01:51:41 -0500] "GET /BLA/resoluciones/AUTOS%202008/0625.pdf HTTP/1.1" 304 -
119.9.95.16 - - [04/Nov/2015:01:51:54 -0500] "GET / HTTP/1.0" 200 10190
119.9.95.16 - - [04/Nov/2015:01:51:55 -0500] "GET /wp-login.php HTTP/1.0" 404 1015
119.9.95.16 - - [04/Nov/2015:01:51:57 -0500] "GET /wordpress/wp-login.php HTTP/1.0" 404 1015
119.9.95.16 - - [04/Nov/2015:01:51:57 -0500] "GET /support/wp-login.php HTTP/1.0" 404 1015
119.9.95.16 - - [04/Nov/2015:01:51:58 -0500] "GET /wp/wp-login.php HTTP/1.0" 404 1015
119.9.95.16 - - [04/Nov/2015:01:51:59 -0500] "GET /faqs-new/wp-login.php HTTP/1.0" 404 1015
119.9.95.16 - - [04/Nov/2015:01:51:59 -0500] "GET /news/wp-login.php HTTP/1.0" 404 1015
119.9.95.16 - - [04/Nov/2015:01:52:00 -0500] "GET /blog/wp-login.php HTTP/1.0" 404 1015
119.9.95.16 - - [04/Nov/2015:01:52:01 -0500] "GET /index.php/administrator HTTP/1.0" 404 1015
119.9.95.16 - - [04/Nov/2015:01:52:01 -0500] "GET /index.php/admin HTTP/1.0" 404 1015
119.9.95.16 - - [04/Nov/2015:01:52:02 -0500] "GET /shop/index.php/administrator HTTP/1.0" 404 1015
119.9.95.16 - - [04/Nov/2015:01:52:03 -0500] "GET /shop/index.php/admin HTTP/1.0" 404 1015
119.9.95.16 - - [04/Nov/2015:01:52:03 -0500] "GET /store/index.php/administrator HTTP/1.0" 404 1015
119.9.95.16 - - [04/Nov/2015:01:52:04 -0500] "GET /store/index.php/admin HTTP/1.0" 404 1015
119.9.95.16 - - [04/Nov/2015:01:52:04 -0500] "GET /administrator HTTP/1.0" 404 1015
119.9.95.16 - - [04/Nov/2015:01:52:05 -0500] "GET /admin HTTP/1.0" 404 1015
119.9.95.16 - - [04/Nov/2015:01:52:06 -0500] "GET /shop/administrator HTTP/1.0" 404 1015
119.9.95.16 - - [04/Nov/2015:01:52:06 -0500] "GET /shop/admin HTTP/1.0" 404 1015
119.9.95.16 - - [04/Nov/2015:01:52:07 -0500] "GET /store/administrator HTTP/1.0" 404 1015
119.9.95.16 - - [04/Nov/2015:01:52:08 -0500] "GET /store/admin HTTP/1.0" 404 1015
119.9.95.16 - - [04/Nov/2015:01:52:08 -0500] "GET /site_admin HTTP/1.0" 404 1015
119.9.95.16 - - [04/Nov/2015:01:52:09 -0500] "GET /shop_admin HTTP/1.0" 404 1015
119.9.95.16 - - [04/Nov/2015:01:52:09 -0500] "GET /store_admin HTTP/1.0" 404 1015
177.245.8.235 - - [04/Nov/2015:01:50:08 -0500] "GET /videos/CRRFFS.mp4 HTTP/1.1" 206 286467815
188.165.15.196 - - [04/Nov/2015:01:53:15 -0500] "GET /BLA/resoluciones/RESOLUCIONES%202003/RES%202003%201151-1200/1151.tif HTTP/1.1" 200 151572
201.245.192.253 - - [04/Nov/2015:01:53:38 -0500] "POST /forms/lservlet;jsessionid=ac16012b30d647e14f8c2e8b41ba9c25ad27ae3c99fc.e3iSbxaKaheRe38KbN0Rb34MbNn0n6jAmljGr5XDqQLvpAe HTTP/1.1" 200 2
188.165.15.196 - - [04/Nov/2015:01:55:26 -0500] "GET /BLA/resoluciones/RESOLUCIONES%202006/RES%202006%20901-950/00000911.tif HTTP/1.1" 200 111588
69.162.124.233 - - [04/Nov/2015:01:55:31 -0500] "HEAD / HTTP/1.1" 200 -
66.249.69.116 - - [04/Nov/2015:01:55:33 -0500] "GET /BLA/resoluciones/RESOLUCIONES%202010/5763.pdf HTTP/1.1" 200 90979
201.245.192.253 - - [04/Nov/2015:01:55:38 -0500] "POST /forms/lservlet;jsessionid=ac16012b30d647e14f8c2e8b41ba9c25ad27ae3c99fc.e3iSbxaKaheRe38KbN0Rb34MbNn0n6jAmljGr5XDqQLvpAe HTTP/1.1" 200 2
181.52.99.71 - - [04/Nov/2015:01:56:02 -0500] "GET /BLA/boletinlegal/actos.php HTTP/1.1" 200 7551
181.52.99.71 - - [04/Nov/2015:01:56:04 -0500] "GET /BLA/boletinlegal/styles2.css HTTP/1.1" 200 1838
181.52.99.71 - - [04/Nov/2015:01:56:04 -0500] "GET /BLA/boletinlegal/js/ajax_actos.js HTTP/1.1" 200 1322
181.52.99.71 - - [04/Nov/2015:01:56:06 -0500] "GET /BLA/boletinlegal/niceforms-default.css HTTP/1.1" 200 6694
181.52.99.71 - - [04/Nov/2015:01:56:06 -0500] "GET /BLA/boletinlegal/style.css HTTP/1.1" 200 9406
181.52.99.71 - - [04/Nov/2015:01:56:06 -0500] "GET /BLA/boletinlegal/niceforms.js HTTP/1.1" 200 22876
181.52.99.71 - - [04/Nov/2015:01:56:06 -0500] "GET /BLA/boletinlegal/js/popup.js HTTP/1.1" 200 1270
181.52.99.71 - - [04/Nov/2015:01:56:06 -0500] "GET /BLA/boletinlegal/js/lib.js HTTP/1.1" 200 6474
181.52.99.71 - - [04/Nov/2015:01:56:06 -0500] "GET /BLA/boletinlegal/js/jquery1.js HTTP/1.1" 200 29846
181.52.99.71 - - [04/Nov/2015:01:56:08 -0500] "GET /BLA/boletinlegal/images/cabezote%20BLEGAL.jpg HTTP/1.1" 200 118164
181.52.99.71 - - [04/Nov/2015:01:56:12 -0500] "GET /BLA/boletinlegal/images/green-yellow-blue-pink-th.png HTTP/1.1" 200 7394
181.52.99.71 - - [04/Nov/2015:01:56:12 -0500] "GET /BLA/boletinlegal/images/historia.png HTTP/1.1" 200 52775
181.52.99.71 - - [04/Nov/2015:01:56:12 -0500] "GET /BLA/boletinlegal/images/subscribe-icon-big.png HTTP/1.1" 200 47702
181.52.99.71 - - [04/Nov/2015:01:56:12 -0500] "GET /BLA/boletinlegal/images/abajo.png HTTP/1.1" 200 96676
181.52.99.71 - - [04/Nov/2015:01:56:12 -0500] "GET /BLA/boletinlegal/images/body_bg.jpg HTTP/1.1" 200 1601
181.52.99.71 - - [04/Nov/2015:01:56:14 -0500] "GET /BLA/boletinlegal/images/footer_bg.jpg HTTP/1.1" 200 586
181.52.99.71 - - [04/Nov/2015:01:56:14 -0500] "GET /BLA/boletinlegal/images/menu_lft.gif HTTP/1.1" 200 1713
181.52.99.71 - - [04/Nov/2015:01:56:15 -0500] "GET /BLA/boletinlegal/images/menu_rght.gif HTTP/1.1" 200 1627
181.52.99.71 - - [04/Nov/2015:01:56:15 -0500] "GET /BLA/boletinlegal/images/bg_top.jpg HTTP/1.1" 200 522
181.52.99.71 - - [04/Nov/2015:01:56:15 -0500] "GET /BLA/boletinlegal/images/menu_bg.jpg HTTP/1.1" 200 620
181.52.99.71 - - [04/Nov/2015:01:56:17 -0500] "GET /BLA/boletinlegal/images/text.jpg HTTP/1.1" 200 568
181.52.99.71 - - [04/Nov/2015:01:56:17 -0500] "GET /BLA/boletinlegal/images/hover.jpg HTTP/1.1" 200 640
181.52.99.71 - - [04/Nov/2015:01:56:17 -0500] "GET /BLA/boletinlegal/images/footer_bg_l.jpg HTTP/1.1" 200 776
181.52.99.71 - - [04/Nov/2015:01:56:22 -0500] "GET /BLA/boletinlegal/img/0.png HTTP/1.1" 200 110
181.52.99.71 - - [04/Nov/2015:01:56:22 -0500] "GET /BLA/boletinlegal/img/button.png HTTP/1.1" 200 43241
181.52.99.71 - - [04/Nov/2015:01:56:22 -0500] "GET /BLA/boletinlegal/img/button-right.png HTTP/1.1" 200 57878
181.52.99.71 - - [04/Nov/2015:01:56:22 -0500] "GET /BLA/boletinlegal/img/button-left.png HTTP/1.1" 200 57071
181.52.99.71 - - [04/Nov/2015:01:56:22 -0500] "GET /BLA/boletinlegal/img/select-left.png HTTP/1.1" 200 263
181.52.99.71 - - [04/Nov/2015:01:56:22 -0500] "GET /BLA/boletinlegal/img/select-right.png HTTP/1.1" 200 44019
181.52.99.71 - - [04/Nov/2015:01:56:23 -0500] "GET /favicon.ico HTTP/1.1" 200 7782
183.79.219.210 - - [04/Nov/2015:01:56:40 -0500] "GET /BLA/boletinlegal/notificaciones.php HTTP/1.0" 200 4892
188.165.15.196 - - [04/Nov/2015:01:57:22 -0500] "GET /BLA/resoluciones/RESOLUCIONES%202004/RES%202004%20401-450/00000424.tif HTTP/1.1" 200 174582
201.245.192.253 - - [04/Nov/2015:01:57:38 -0500] "POST /forms/lservlet;jsessionid=ac16012b30d647e14f8c2e8b41ba9c25ad27ae3c99fc.e3iSbxaKaheRe38KbN0Rb34MbNn0n6jAmljGr5XDqQLvpAe HTTP/1.1" 200 2
180.76.15.134 - - [04/Nov/2015:01:57:46 -0500] "GET / HTTP/1.1" 302 298
188.165.15.196 - - [04/Nov/2015:01:57:50 -0500] "GET /BLA/resoluciones/AUTOS%202006/AUTOS%202006%201001-1100/00001011.tif HTTP/1.1" 200 55406
181.52.99.71 - - [04/Nov/2015:01:58:19 -0500] "GET /BLA/boletinlegal/conceptos.php HTTP/1.1" 200 6122
181.52.99.71 - - [04/Nov/2015:01:58:21 -0500] "GET /BLA/boletinlegal/js/ajax_conceptos.js HTTP/1.1" 200 1326
181.52.99.71 - - [04/Nov/2015:01:58:38 -0500] "GET /BLA/boletinlegal/consulta_conceptos.php?no=&solicitante=&radicado_entrada=&fecha_concepto=2014&objeto=REPORTE HTTP/1.1" 200 567
181.52.99.71 - - [04/Nov/2015:01:58:41 -0500] "GET /BLA/boletinlegal/consulta_conceptos.php?no=&solicitante=&radicado_entrada=&fecha_concepto=2014&objeto=REPORTE HTTP/1.1" 200 567
180.76.15.26 - - [04/Nov/2015:01:58:46 -0500] "GET / HTTP/1.1" 302 298
181.52.99.71 - - [04/Nov/2015:01:59:00 -0500] "GET /BLA/boletinlegal/consulta_conceptos.php?no=&solicitante=&radicado_entrada=&fecha_concepto=2014&objeto=RECURSO%20HIDRICO HTTP/1.1" 200 567
181.52.99.71 - - [04/Nov/2015:01:59:00 -0500] "GET /BLA/boletinlegal/consulta_conceptos.php?no=&solicitante=&radicado_entrada=&fecha_concepto=2014&objeto=RECURSO%20HIDRICO HTTP/1.1" 200 567
181.52.99.71 - - [04/Nov/2015:01:59:00 -0500] "GET /BLA/boletinlegal/consulta_conceptos.php?no=&solicitante=&radicado_entrada=&fecha_concepto=2014&objeto=RECURSO%20HIDRICO HTTP/1.1" 200 567
66.249.69.108 - - [04/Nov/2015:01:59:26 -0500] "GET /BLA/resoluciones/RESOLUCIONES%202008/4936.pdf HTTP/1.1" 200 211530
201.245.192.253 - - [04/Nov/2015:01:59:39 -0500] "POST /forms/lservlet;jsessionid=ac16012b30d647e14f8c2e8b41ba9c25ad27ae3c99fc.e3iSbxaKaheRe38KbN0Rb34MbNn0n6jAmljGr5XDqQLvpAe HTTP/1.1" 200 2
181.52.99.71 - - [04/Nov/2015:02:00:00 -0500] "GET /BLA/boletinlegal/consulta_conceptos.php?no=&solicitante=&radicado_entrada=&fecha_concepto=2014&objeto=TASA HTTP/1.1" 200 3346
181.52.99.71 - - [04/Nov/2015:02:00:01 -0500] "GET /BLA/boletinlegal/consulta_conceptos.php?no=&solicitante=&radicado_entrada=&fecha_concepto=2014&objeto=TASA HTTP/1.1" 200 3346
181.52.99.71 - - [04/Nov/2015:02:00:02 -0500] "GET /BLA/boletinlegal/images/background.gif HTTP/1.1" 200 -
181.52.99.71 - - [04/Nov/2015:02:00:02 -0500] "GET /BLA/boletinlegal/images/pdf.gif HTTP/1.1" 200 567
69.162.124.233 - - [04/Nov/2015:02:00:31 -0500] "HEAD / HTTP/1.1" 200 -
181.52.99.71 - - [04/Nov/2015:02:00:33 -0500] "GET /BLA/boletinlegal/consulta_conceptos.php?no=&solicitante=&radicado_entrada=&fecha_concepto=2014&objeto=REPORTE HTTP/1.1" 200 567
181.52.99.71 - - [04/Nov/2015:02:00:39 -0500] "GET /BLA/boletinlegal/consulta_conceptos.php?no=&solicitante=&radicado_entrada=&fecha_concepto=2015&objeto=REPORTE HTTP/1.1" 200 567
201.245.192.253 - - [04/Nov/2015:02:01:39 -0500] "POST /forms/lservlet;jsessionid=ac16012b30d647e14f8c2e8b41ba9c25ad27ae3c99fc.e3iSbxaKaheRe38KbN0Rb34MbNn0n6jAmljGr5XDqQLvpAe HTTP/1.1" 200 2
66.249.69.116 - - [04/Nov/2015:02:02:30 -0500] "GET /galeria/galeria/fotos/Caminando-la-tierra1G.jpg HTTP/1.1" 304 -
181.50.165.252 - - [04/Nov/2015:02:02:36 -0500] "GET /galeria/nivo-slider/demo/demo.html HTTP/1.1" 200 4933
181.50.165.252 - - [04/Nov/2015:02:02:38 -0500] "GET /galeria/nivo-slider/themes/default/default.css HTTP/1.1" 304 -
181.50.165.252 - - [04/Nov/2015:02:02:38 -0500] "GET /galeria/nivo-slider/demo/images/Banner-Bio-expo.jpg HTTP/1.1" 200 279197
181.50.165.252 - - [04/Nov/2015:02:02:39 -0500] "GET /galeria/nivo-slider/demo/images/rendicion-de-cuentas-formulario.jpg HTTP/1.1" 304 -
181.50.165.252 - - [04/Nov/2015:02:02:39 -0500] "GET /galeria/nivo-slider/demo/images/Banner-festival-PYBA.jpg HTTP/1.1" 200 251477
181.50.165.252 - - [04/Nov/2015:02:02:39 -0500] "GET /galeria/nivo-slider/demo/images/ABC-Plan-de-contigencia.jpg HTTP/1.1" 200 401853
181.50.165.252 - - [04/Nov/2015:02:02:39 -0500] "GET /galeria/nivo-slider/demo/images/banner-ACA-01.jpg HTTP/1.1" 200 161255
181.50.165.252 - - [04/Nov/2015:02:02:40 -0500] "GET /galeria/nivo-slider/demo/images/caminata-ecologica.jpg HTTP/1.1" 200 161069
181.50.165.252 - - [04/Nov/2015:02:02:40 -0500] "GET /galeria/nivo-slider/demo/images/Arbol-banner2015.jpg HTTP/1.1" 304 -
181.50.165.252 - - [04/Nov/2015:02:02:41 -0500] "GET /galeria/nivo-slider/demo/images/Banner-ahorro-de-agua.jpg HTTP/1.1" 304 -
181.50.165.252 - - [04/Nov/2015:02:02:43 -0500] "GET /galeria/nivo-slider/demo/images/Cmapana-onestidad.jpg HTTP/1.1" 304 -
181.50.165.252 - - [04/Nov/2015:02:02:45 -0500] "GET /galeria/nivo-slider/demo/images/Plan-Quinquenal.jpg HTTP/1.1" 304 -
66.249.69.100 - - [04/Nov/2015:02:03:18 -0500] "GET /BLA/resoluciones/index.php?dir=RESOLUCIONES%202007/RES%202007%202601%20AL%202700/&sort=size&order=desc HTTP/1.1" 200 26864
201.245.192.253 - - [04/Nov/2015:02:03:39 -0500] "POST /forms/lservlet;jsessionid=ac16012b30d647e14f8c2e8b41ba9c25ad27ae3c99fc.e3iSbxaKaheRe38KbN0Rb34MbNn0n6jAmljGr5XDqQLvpAe HTTP/1.1" 200 2
66.249.69.116 - - [04/Nov/2015:02:04:23 -0500] "GET /galeria/nivo-slider/nivo-slider.css HTTP/1.1" 200 1507
66.249.69.100 - - [04/Nov/2015:02:04:23 -0500] "GET /galeria/nivo-slider/demo/style.css HTTP/1.1" 200 2222
188.165.15.196 - - [04/Nov/2015:02:05:20 -0500] "GET /BLA/resoluciones/RESOLUCIONES%202006/RES%202006%20201-250/00000238.tif HTTP/1.1" 200 323368
69.162.124.233 - - [04/Nov/2015:02:05:31 -0500] "HEAD / HTTP/1.1" 200 -
201.245.192.253 - - [04/Nov/2015:02:05:39 -0500] "POST /forms/lservlet;jsessionid=ac16012b30d647e14f8c2e8b41ba9c25ad27ae3c99fc.e3iSbxaKaheRe38KbN0Rb34MbNn0n6jAmljGr5XDqQLvpAe HTTP/1.1" 200 2
183.79.219.210 - - [04/Nov/2015:02:06:42 -0500] "GET /videos/ambiente-ciudad/playlist.htm HTTP/1.0" 200 4429
66.249.69.100 - - [04/Nov/2015:02:06:58 -0500] "GET /BLA/resoluciones/AUTOS%202009/1171.pdf HTTP/1.1" 200 75805
201.245.192.253 - - [04/Nov/2015:02:07:39 -0500] "POST /forms/lservlet;jsessionid=ac16012b30d647e14f8c2e8b41ba9c25ad27ae3c99fc.e3iSbxaKaheRe38KbN0Rb34MbNn0n6jAmljGr5XDqQLvpAe HTTP/1.1" 200 2
181.141.36.130 - - [04/Nov/2015:02:07:55 -0500] "GET /galeria/galeria/jquery.fancybox.css?v=2.1.5 HTTP/1.1" 200 4895
181.141.36.130 - - [04/Nov/2015:02:07:55 -0500] "GET /BLA/boletinlegal/js/jquery.scrollShow.js HTTP/1.1" 200 4586
181.141.36.130 - - [04/Nov/2015:02:07:55 -0500] "GET /galeria/galeria/jquery.fancybox.js?v=2.1.5 HTTP/1.1" 200 48706
181.141.36.130 - - [04/Nov/2015:02:08:20 -0500] "GET /galeria/galeria/jquery.fancybox.css?v=2.1.5 HTTP/1.1" 304 -
181.141.36.130 - - [04/Nov/2015:02:08:20 -0500] "GET /BLA/boletinlegal/js/jquery.scrollShow.js HTTP/1.1" 304 -
181.141.36.130 - - [04/Nov/2015:02:08:21 -0500] "GET /galeria/galeria/jquery.fancybox.js?v=2.1.5 HTTP/1.1" 304 -
115.239.248.245 - - [04/Nov/2015:02:08:30 -0500] "GET http://zc.qq.com/cgi-bin/common/attr?id=260714&r=0.8101208787728867 HTTP/1.1" 404 1013
188.165.15.196 - - [04/Nov/2015:02:08:40 -0500] "GET /BLA/resoluciones/AUTOS%202006/AUTOS%202006%202301%20-%202400/00002352.tif HTTP/1.1" 200 80156
180.76.15.144 - - [04/Nov/2015:02:09:08 -0500] "GET /StormSDA/lib/?C=N;O=D HTTP/1.1" 200 6375
201.245.192.253 - - [04/Nov/2015:02:09:40 -0500] "POST /forms/lservlet;jsessionid=ac16012b30d647e14f8c2e8b41ba9c25ad27ae3c99fc.e3iSbxaKaheRe38KbN0Rb34MbNn0n6jAmljGr5XDqQLvpAe HTTP/1.1" 200 2
66.249.69.116 - - [04/Nov/2015:02:09:52 -0500] "GET /BLA/resoluciones/RESOLUCIONES%202008/4640.pdf HTTP/1.1" 200 69772
69.162.124.233 - - [04/Nov/2015:02:10:31 -0500] "HEAD / HTTP/1.1" 200 -
66.249.69.116 - - [04/Nov/2015:02:11:02 -0500] "GET /BLA/resoluciones/RESOLUCIONES%202015/0995.pdf HTTP/1.1" 304 -
66.249.69.108 - - [04/Nov/2015:02:11:40 -0500] "GET /BLA/resoluciones/RESOLUCIONES%202010/1929.pdf HTTP/1.1" 200 792352
201.245.192.253 - - [04/Nov/2015:02:11:40 -0500] "POST /forms/lservlet;jsessionid=ac16012b30d647e14f8c2e8b41ba9c25ad27ae3c99fc.e3iSbxaKaheRe38KbN0Rb34MbNn0n6jAmljGr5XDqQLvpAe HTTP/1.1" 200 2
66.249.69.108 - - [04/Nov/2015:02:11:54 -0500] "GET /BLA/resoluciones/RESOLUCIONES%202009/9149.pdf HTTP/1.1" 200 438191
66.249.69.116 - - [04/Nov/2015:02:11:59 -0500] "GET /BLA/resoluciones/RESOLUCIONES%202011/1544.pdf HTTP/1.1" 200 77089
188.165.15.196 - - [04/Nov/2015:02:12:27 -0500] "GET /BLA/resoluciones/RESOLUCIONES%202005/RES%202005%20601-650/00000613.tif HTTP/1.1" 200 238194
181.56.114.242 - - [04/Nov/2015:02:12:37 -0500] "GET /galeria/mapa/3MapaBogot%C3%A1.jpg HTTP/1.1" 200 688183
66.249.69.108 - - [04/Nov/2015:02:13:21 -0500] "GET /BLA/resoluciones/AUTOS%202009/3581.pdf HTTP/1.1" 200 202480
201.245.192.253 - - [04/Nov/2015:02:13:40 -0500] "POST /forms/lservlet;jsessionid=ac16012b30d647e14f8c2e8b41ba9c25ad27ae3c99fc.e3iSbxaKaheRe38KbN0Rb34MbNn0n6jAmljGr5XDqQLvpAe HTTP/1.1" 200 2
66.249.69.100 - - [04/Nov/2015:02:13:40 -0500] "GET /BLA/resoluciones/AUTOS%202014/1570.pdf HTTP/1.1" 200 828895
188.165.15.196 - - [04/Nov/2015:02:13:42 -0500] "GET /BLA/resoluciones/AUTOS%202006/AUTOS%202006%202701%20-%202800/00002767.tif HTTP/1.1" 200 100810
66.249.69.108 - - [04/Nov/2015:02:13:48 -0500] "GET /BLA/resoluciones/Autos%202008/2079.pdf HTTP/1.1" 200 100505
66.249.69.100 - - [04/Nov/2015:02:13:50 -0500] "GET /BLA/resoluciones/AUTOS%202009/2774.pdf HTTP/1.1" 200 96783
66.249.69.108 - - [04/Nov/2015:02:14:05 -0500] "GET /BLA/resoluciones/AUTOS%202011/6081.pdf HTTP/1.1" 200 278773
188.165.15.196 - - [04/Nov/2015:02:14:20 -0500] "GET /BLA/resoluciones/index.php?dir=RESOLUCIONES%202007/RES%202007%203301%20AL%203400/&sort=name&order=desc HTTP/1.1" 200 26619
66.249.69.116 - - [04/Nov/2015:02:14:33 -0500] "GET /BLA/resoluciones/AUTOS%202009/1624.pdf HTTP/1.1" 200 115965
66.249.69.116 - - [04/Nov/2015:02:14:55 -0500] "GET /BLA/resoluciones/AUTOS%202007/2809.pdf HTTP/1.1" 304 -
188.165.15.196 - - [04/Nov/2015:02:15:07 -0500] "GET /BLA/resoluciones/RESOLUCIONES%202003/RES%202003%20601-650/603.tif HTTP/1.1" 200 88488
188.165.15.196 - - [04/Nov/2015:02:15:14 -0500] "GET /BLA/resoluciones/RESOLUCIONES%202002/RES%202002%201051-1100/00001098.tif HTTP/1.1" 200 273456
69.162.124.233 - - [04/Nov/2015:02:15:31 -0500] "HEAD / HTTP/1.1" 200 -
66.249.69.108 - - [04/Nov/2015:02:15:32 -0500] "GET /BLA/resoluciones/AUTOS%202010/1453.pdf HTTP/1.1" 200 251629
66.249.69.116 - - [04/Nov/2015:02:15:37 -0500] "GET /BLA/resoluciones/AUTOS%202009/0240.pdf HTTP/1.1" 200 127201
201.245.192.253 - - [04/Nov/2015:02:15:40 -0500] "POST /forms/lservlet;jsessionid=ac16012b30d647e14f8c2e8b41ba9c25ad27ae3c99fc.e3iSbxaKaheRe38KbN0Rb34MbNn0n6jAmljGr5XDqQLvpAe HTTP/1.1" 200 2
66.249.69.100 - - [04/Nov/2015:02:16:10 -0500] "GET /BLA/resoluciones/AUTOS%202009/1280.pdf HTTP/1.1" 200 203212
66.249.69.116 - - [04/Nov/2015:02:16:35 -0500] "GET /BLA/resoluciones/AUTOS%202009/3208.pdf HTTP/1.1" 200 209319
66.249.69.108 - - [04/Nov/2015:02:16:53 -0500] "GET /BLA/resoluciones/AUTOS%202009/1473.pdf HTTP/1.1" 200 197504
68.197.75.127 - - [04/Nov/2015:02:16:55 -0500] "GET /webdav/x32.php?host=64.188.174.205&time=60&port=80 HTTP/1.1" 404 1018
189.170.129.144 - - [04/Nov/2015:02:17:06 -0500] "GET /galeria/galeria/jquery.fancybox.css?v=2.1.5 HTTP/1.1" 200 4895
189.170.129.144 - - [04/Nov/2015:02:17:06 -0500] "GET /BLA/boletinlegal/js/jquery.scrollShow.js HTTP/1.1" 200 4586
189.170.129.144 - - [04/Nov/2015:02:17:06 -0500] "GET /galeria/galeria/jquery.fancybox.js?v=2.1.5 HTTP/1.1" 200 48706
152.201.156.143 - - [04/Nov/2015:02:17:14 -0500] "GET /BLA/boletinlegal/Directivas/2009/Directiva%20No.%20del%2023%20de%20Diciembre%20de%202009.pdf HTTP/1.1" 200 1636862
201.245.192.253 - - [04/Nov/2015:02:17:40 -0500] "POST /forms/lservlet;jsessionid=ac16012b30d647e14f8c2e8b41ba9c25ad27ae3c99fc.e3iSbxaKaheRe38KbN0Rb34MbNn0n6jAmljGr5XDqQLvpAe HTTP/1.1" 200 2
