181.49.73.53 - - [12/Nov/2015:05:42:44 -0500] "POST /forms/lservlet;jsessionid=ac16012b30d6cdaaaf9513ff442ea5cac0b33c489568.e3iSbxaKaheRe38KbN0Rb34MbNn0n6jAmljGr5XDqQLvpAe HTTP/1.1" 200 4398
181.49.73.53 - - [12/Nov/2015:05:42:44 -0500] "POST /forms/lservlet;jsessionid=ac16012b30d6cdaaaf9513ff442ea5cac0b33c489568.e3iSbxaKaheRe38KbN0Rb34MbNn0n6jAmljGr5XDqQLvpAe HTTP/1.1" 200 20
181.49.73.53 - - [12/Nov/2015:05:42:46 -0500] "POST /forms/lservlet;jsessionid=ac16012b30d6cdaaaf9513ff442ea5cac0b33c489568.e3iSbxaKaheRe38KbN0Rb34MbNn0n6jAmljGr5XDqQLvpAe HTTP/1.1" 200 94
181.49.73.53 - - [12/Nov/2015:05:42:47 -0500] "POST /forms/lservlet;jsessionid=ac16012b30d6cdaaaf9513ff442ea5cac0b33c489568.e3iSbxaKaheRe38KbN0Rb34MbNn0n6jAmljGr5XDqQLvpAe HTTP/1.1" 200 90
181.49.73.53 - - [12/Nov/2015:05:42:48 -0500] "POST /forms/lservlet;jsessionid=ac16012b30d6cdaaaf9513ff442ea5cac0b33c489568.e3iSbxaKaheRe38KbN0Rb34MbNn0n6jAmljGr5XDqQLvpAe HTTP/1.1" 200 7
181.49.73.53 - - [12/Nov/2015:05:42:49 -0500] "POST /forms/lservlet;jsessionid=ac16012b30d6cdaaaf9513ff442ea5cac0b33c489568.e3iSbxaKaheRe38KbN0Rb34MbNn0n6jAmljGr5XDqQLvpAe HTTP/1.1" 200 2
181.49.73.53 - - [12/Nov/2015:05:42:51 -0500] "POST /forms/lservlet;jsessionid=ac16012b30d6cdaaaf9513ff442ea5cac0b33c489568.e3iSbxaKaheRe38KbN0Rb34MbNn0n6jAmljGr5XDqQLvpAe HTTP/1.1" 200 2
181.49.73.53 - - [12/Nov/2015:05:42:52 -0500] "POST /forms/lservlet;jsessionid=ac16012b30d6cdaaaf9513ff442ea5cac0b33c489568.e3iSbxaKaheRe38KbN0Rb34MbNn0n6jAmljGr5XDqQLvpAe HTTP/1.1" 200 3132
181.49.73.53 - - [12/Nov/2015:05:42:52 -0500] "POST /forms/lservlet;jsessionid=ac16012b30d6cdaaaf9513ff442ea5cac0b33c489568.e3iSbxaKaheRe38KbN0Rb34MbNn0n6jAmljGr5XDqQLvpAe HTTP/1.1" 200 20
181.49.73.53 - - [12/Nov/2015:05:42:54 -0500] "POST /forms/lservlet;jsessionid=ac16012b30d6cdaaaf9513ff442ea5cac0b33c489568.e3iSbxaKaheRe38KbN0Rb34MbNn0n6jAmljGr5XDqQLvpAe HTTP/1.1" 200 2
181.49.73.53 - - [12/Nov/2015:05:42:54 -0500] "POST /forms/lservlet;jsessionid=ac16012b30d6cdaaaf9513ff442ea5cac0b33c489568.e3iSbxaKaheRe38KbN0Rb34MbNn0n6jAmljGr5XDqQLvpAe HTTP/1.1" 200 2240
181.49.73.53 - - [12/Nov/2015:05:42:54 -0500] "POST /forms/lservlet;jsessionid=ac16012b30d6cdaaaf9513ff442ea5cac0b33c489568.e3iSbxaKaheRe38KbN0Rb34MbNn0n6jAmljGr5XDqQLvpAe HTTP/1.1" 200 10
181.49.73.53 - - [12/Nov/2015:05:42:56 -0500] "POST /forms/lservlet;jsessionid=ac16012b30d6cdaaaf9513ff442ea5cac0b33c489568.e3iSbxaKaheRe38KbN0Rb34MbNn0n6jAmljGr5XDqQLvpAe HTTP/1.1" 200 2
181.49.73.53 - - [12/Nov/2015:05:42:56 -0500] "POST /forms/lservlet;jsessionid=ac16012b30d6cdaaaf9513ff442ea5cac0b33c489568.e3iSbxaKaheRe38KbN0Rb34MbNn0n6jAmljGr5XDqQLvpAe HTTP/1.1" 200 676
181.49.73.53 - - [12/Nov/2015:05:42:56 -0500] "POST /forms/lservlet;jsessionid=ac16012b30d6cdaaaf9513ff442ea5cac0b33c489568.e3iSbxaKaheRe38KbN0Rb34MbNn0n6jAmljGr5XDqQLvpAe HTTP/1.1" 200 10
181.49.73.53 - - [12/Nov/2015:05:42:57 -0500] "POST /forms/lservlet;jsessionid=ac16012b30d6cdaaaf9513ff442ea5cac0b33c489568.e3iSbxaKaheRe38KbN0Rb34MbNn0n6jAmljGr5XDqQLvpAe HTTP/1.1" 200 2
181.49.73.53 - - [12/Nov/2015:05:42:57 -0500] "POST /forms/lservlet;jsessionid=ac16012b30d6cdaaaf9513ff442ea5cac0b33c489568.e3iSbxaKaheRe38KbN0Rb34MbNn0n6jAmljGr5XDqQLvpAe HTTP/1.1" 200 309
181.49.73.53 - - [12/Nov/2015:05:42:57 -0500] "POST /forms/lservlet;jsessionid=ac16012b30d6cdaaaf9513ff442ea5cac0b33c489568.e3iSbxaKaheRe38KbN0Rb34MbNn0n6jAmljGr5XDqQLvpAe HTTP/1.1" 200 10
181.49.73.53 - - [12/Nov/2015:05:42:58 -0500] "POST /forms/lservlet;jsessionid=ac16012b30d6cdaaaf9513ff442ea5cac0b33c489568.e3iSbxaKaheRe38KbN0Rb34MbNn0n6jAmljGr5XDqQLvpAe HTTP/1.1" 200 52
201.245.192.253 - - [12/Nov/2015:05:42:59 -0500] "POST /forms/lservlet;jsessionid=ac16012b30d625a87d82fee34664bf60fd872d272f09.e3iSbxaKaheRe38KbN0Rb34MbNn0n6jAmljGr5XDqQLvpAe HTTP/1.1" 200 2
181.49.73.53 - - [12/Nov/2015:05:43:03 -0500] "POST /forms/lservlet;jsessionid=ac16012b30d6cdaaaf9513ff442ea5cac0b33c489568.e3iSbxaKaheRe38KbN0Rb34MbNn0n6jAmljGr5XDqQLvpAe HTTP/1.1" 200 24
181.49.73.53 - - [12/Nov/2015:05:43:04 -0500] "POST /forms/lservlet;jsessionid=ac16012b30d6cdaaaf9513ff442ea5cac0b33c489568.e3iSbxaKaheRe38KbN0Rb34MbNn0n6jAmljGr5XDqQLvpAe HTTP/1.1" 200 4294
181.49.73.53 - - [12/Nov/2015:05:43:04 -0500] "POST /forms/lservlet;jsessionid=ac16012b30d6cdaaaf9513ff442ea5cac0b33c489568.e3iSbxaKaheRe38KbN0Rb34MbNn0n6jAmljGr5XDqQLvpAe HTTP/1.1" 200 20
66.249.64.96 - - [12/Nov/2015:05:43:05 -0500] "GET /robots.txt HTTP/1.1" 404 1018
66.249.64.101 - - [12/Nov/2015:05:43:05 -0500] "GET /BLA/resoluciones/RESOLUCIONES%202010/4699.pdf HTTP/1.1" 200 751775
181.49.73.53 - - [12/Nov/2015:05:43:06 -0500] "POST /forms/lservlet;jsessionid=ac16012b30d6cdaaaf9513ff442ea5cac0b33c489568.e3iSbxaKaheRe38KbN0Rb34MbNn0n6jAmljGr5XDqQLvpAe HTTP/1.1" 200 2
181.49.73.53 - - [12/Nov/2015:05:43:06 -0500] "POST /forms/lservlet;jsessionid=ac16012b30d6cdaaaf9513ff442ea5cac0b33c489568.e3iSbxaKaheRe38KbN0Rb34MbNn0n6jAmljGr5XDqQLvpAe HTTP/1.1" 200 3236
181.49.73.53 - - [12/Nov/2015:05:43:07 -0500] "POST /forms/lservlet;jsessionid=ac16012b30d6cdaaaf9513ff442ea5cac0b33c489568.e3iSbxaKaheRe38KbN0Rb34MbNn0n6jAmljGr5XDqQLvpAe HTTP/1.1" 200 2
181.49.73.53 - - [12/Nov/2015:05:43:07 -0500] "POST /forms/lservlet;jsessionid=ac16012b30d6cdaaaf9513ff442ea5cac0b33c489568.e3iSbxaKaheRe38KbN0Rb34MbNn0n6jAmljGr5XDqQLvpAe HTTP/1.1" 200 2
181.49.73.53 - - [12/Nov/2015:05:43:08 -0500] "POST /forms/lservlet;jsessionid=ac16012b30d6cdaaaf9513ff442ea5cac0b33c489568.e3iSbxaKaheRe38KbN0Rb34MbNn0n6jAmljGr5XDqQLvpAe HTTP/1.1" 200 3780
181.49.73.53 - - [12/Nov/2015:05:43:08 -0500] "POST /forms/lservlet;jsessionid=ac16012b30d6cdaaaf9513ff442ea5cac0b33c489568.e3iSbxaKaheRe38KbN0Rb34MbNn0n6jAmljGr5XDqQLvpAe HTTP/1.1" 200 2
181.49.73.53 - - [12/Nov/2015:05:43:09 -0500] "POST /forms/lservlet;jsessionid=ac16012b30d6cdaaaf9513ff442ea5cac0b33c489568.e3iSbxaKaheRe38KbN0Rb34MbNn0n6jAmljGr5XDqQLvpAe HTTP/1.1" 200 2
181.49.73.53 - - [12/Nov/2015:05:43:09 -0500] "POST /forms/lservlet;jsessionid=ac16012b30d6cdaaaf9513ff442ea5cac0b33c489568.e3iSbxaKaheRe38KbN0Rb34MbNn0n6jAmljGr5XDqQLvpAe HTTP/1.1" 200 3398
181.49.73.53 - - [12/Nov/2015:05:43:10 -0500] "POST /forms/lservlet;jsessionid=ac16012b30d6cdaaaf9513ff442ea5cac0b33c489568.e3iSbxaKaheRe38KbN0Rb34MbNn0n6jAmljGr5XDqQLvpAe HTTP/1.1" 200 2
181.49.73.53 - - [12/Nov/2015:05:43:11 -0500] "POST /forms/lservlet;jsessionid=ac16012b30d6cdaaaf9513ff442ea5cac0b33c489568.e3iSbxaKaheRe38KbN0Rb34MbNn0n6jAmljGr5XDqQLvpAe HTTP/1.1" 200 2
181.49.73.53 - - [12/Nov/2015:05:43:11 -0500] "POST /forms/lservlet;jsessionid=ac16012b30d6cdaaaf9513ff442ea5cac0b33c489568.e3iSbxaKaheRe38KbN0Rb34MbNn0n6jAmljGr5XDqQLvpAe HTTP/1.1" 200 3922
181.49.73.53 - - [12/Nov/2015:05:43:11 -0500] "POST /forms/lservlet;jsessionid=ac16012b30d6cdaaaf9513ff442ea5cac0b33c489568.e3iSbxaKaheRe38KbN0Rb34MbNn0n6jAmljGr5XDqQLvpAe HTTP/1.1" 200 2
181.49.73.53 - - [12/Nov/2015:05:43:12 -0500] "POST /forms/lservlet;jsessionid=ac16012b30d6cdaaaf9513ff442ea5cac0b33c489568.e3iSbxaKaheRe38KbN0Rb34MbNn0n6jAmljGr5XDqQLvpAe HTTP/1.1" 200 2
181.49.73.53 - - [12/Nov/2015:05:43:12 -0500] "POST /forms/lservlet;jsessionid=ac16012b30d6cdaaaf9513ff442ea5cac0b33c489568.e3iSbxaKaheRe38KbN0Rb34MbNn0n6jAmljGr5XDqQLvpAe HTTP/1.1" 200 3189
181.49.73.53 - - [12/Nov/2015:05:43:13 -0500] "POST /forms/lservlet;jsessionid=ac16012b30d6cdaaaf9513ff442ea5cac0b33c489568.e3iSbxaKaheRe38KbN0Rb34MbNn0n6jAmljGr5XDqQLvpAe HTTP/1.1" 200 2
181.49.73.53 - - [12/Nov/2015:05:43:13 -0500] "POST /forms/lservlet;jsessionid=ac16012b30d6cdaaaf9513ff442ea5cac0b33c489568.e3iSbxaKaheRe38KbN0Rb34MbNn0n6jAmljGr5XDqQLvpAe HTTP/1.1" 200 2
181.49.73.53 - - [12/Nov/2015:05:43:14 -0500] "POST /forms/lservlet;jsessionid=ac16012b30d6cdaaaf9513ff442ea5cac0b33c489568.e3iSbxaKaheRe38KbN0Rb34MbNn0n6jAmljGr5XDqQLvpAe HTTP/1.1" 200 3029
181.49.73.53 - - [12/Nov/2015:05:43:14 -0500] "POST /forms/lservlet;jsessionid=ac16012b30d6cdaaaf9513ff442ea5cac0b33c489568.e3iSbxaKaheRe38KbN0Rb34MbNn0n6jAmljGr5XDqQLvpAe HTTP/1.1" 200 2
181.49.73.53 - - [12/Nov/2015:05:43:16 -0500] "POST /forms/lservlet;jsessionid=ac16012b30d6cdaaaf9513ff442ea5cac0b33c489568.e3iSbxaKaheRe38KbN0Rb34MbNn0n6jAmljGr5XDqQLvpAe HTTP/1.1" 200 2
181.49.73.53 - - [12/Nov/2015:05:43:16 -0500] "POST /forms/lservlet;jsessionid=ac16012b30d6cdaaaf9513ff442ea5cac0b33c489568.e3iSbxaKaheRe38KbN0Rb34MbNn0n6jAmljGr5XDqQLvpAe HTTP/1.1" 200 3374
181.49.73.53 - - [12/Nov/2015:05:43:16 -0500] "POST /forms/lservlet;jsessionid=ac16012b30d6cdaaaf9513ff442ea5cac0b33c489568.e3iSbxaKaheRe38KbN0Rb34MbNn0n6jAmljGr5XDqQLvpAe HTTP/1.1" 200 2
181.49.73.53 - - [12/Nov/2015:05:43:17 -0500] "POST /forms/lservlet;jsessionid=ac16012b30d6cdaaaf9513ff442ea5cac0b33c489568.e3iSbxaKaheRe38KbN0Rb34MbNn0n6jAmljGr5XDqQLvpAe HTTP/1.1" 200 2
181.49.73.53 - - [12/Nov/2015:05:43:17 -0500] "POST /forms/lservlet;jsessionid=ac16012b30d6cdaaaf9513ff442ea5cac0b33c489568.e3iSbxaKaheRe38KbN0Rb34MbNn0n6jAmljGr5XDqQLvpAe HTTP/1.1" 200 2287
181.49.73.53 - - [12/Nov/2015:05:43:18 -0500] "POST /forms/lservlet;jsessionid=ac16012b30d6cdaaaf9513ff442ea5cac0b33c489568.e3iSbxaKaheRe38KbN0Rb34MbNn0n6jAmljGr5XDqQLvpAe HTTP/1.1" 200 2
181.49.73.53 - - [12/Nov/2015:05:43:18 -0500] "POST /forms/lservlet;jsessionid=ac16012b30d6cdaaaf9513ff442ea5cac0b33c489568.e3iSbxaKaheRe38KbN0Rb34MbNn0n6jAmljGr5XDqQLvpAe HTTP/1.1" 200 2
181.49.73.53 - - [12/Nov/2015:05:43:19 -0500] "POST /forms/lservlet;jsessionid=ac16012b30d6cdaaaf9513ff442ea5cac0b33c489568.e3iSbxaKaheRe38KbN0Rb34MbNn0n6jAmljGr5XDqQLvpAe HTTP/1.1" 200 2305
181.49.73.53 - - [12/Nov/2015:05:43:19 -0500] "POST /forms/lservlet;jsessionid=ac16012b30d6cdaaaf9513ff442ea5cac0b33c489568.e3iSbxaKaheRe38KbN0Rb34MbNn0n6jAmljGr5XDqQLvpAe HTTP/1.1" 200 2
181.49.73.53 - - [12/Nov/2015:05:43:20 -0500] "POST /forms/lservlet;jsessionid=ac16012b30d6cdaaaf9513ff442ea5cac0b33c489568.e3iSbxaKaheRe38KbN0Rb34MbNn0n6jAmljGr5XDqQLvpAe HTTP/1.1" 200 2
181.49.73.53 - - [12/Nov/2015:05:43:20 -0500] "POST /forms/lservlet;jsessionid=ac16012b30d6cdaaaf9513ff442ea5cac0b33c489568.e3iSbxaKaheRe38KbN0Rb34MbNn0n6jAmljGr5XDqQLvpAe HTTP/1.1" 200 2146
181.49.73.53 - - [12/Nov/2015:05:43:20 -0500] "POST /forms/lservlet;jsessionid=ac16012b30d6cdaaaf9513ff442ea5cac0b33c489568.e3iSbxaKaheRe38KbN0Rb34MbNn0n6jAmljGr5XDqQLvpAe HTTP/1.1" 200 2
181.49.73.53 - - [12/Nov/2015:05:43:21 -0500] "POST /forms/lservlet;jsessionid=ac16012b30d6cdaaaf9513ff442ea5cac0b33c489568.e3iSbxaKaheRe38KbN0Rb34MbNn0n6jAmljGr5XDqQLvpAe HTTP/1.1" 200 2
181.49.73.53 - - [12/Nov/2015:05:43:21 -0500] "POST /forms/lservlet;jsessionid=ac16012b30d6cdaaaf9513ff442ea5cac0b33c489568.e3iSbxaKaheRe38KbN0Rb34MbNn0n6jAmljGr5XDqQLvpAe HTTP/1.1" 200 3411
181.49.73.53 - - [12/Nov/2015:05:43:22 -0500] "POST /forms/lservlet;jsessionid=ac16012b30d6cdaaaf9513ff442ea5cac0b33c489568.e3iSbxaKaheRe38KbN0Rb34MbNn0n6jAmljGr5XDqQLvpAe HTTP/1.1" 200 2
181.49.73.53 - - [12/Nov/2015:05:43:23 -0500] "POST /forms/lservlet;jsessionid=ac16012b30d6cdaaaf9513ff442ea5cac0b33c489568.e3iSbxaKaheRe38KbN0Rb34MbNn0n6jAmljGr5XDqQLvpAe HTTP/1.1" 200 2
181.49.73.53 - - [12/Nov/2015:05:43:23 -0500] "POST /forms/lservlet;jsessionid=ac16012b30d6cdaaaf9513ff442ea5cac0b33c489568.e3iSbxaKaheRe38KbN0Rb34MbNn0n6jAmljGr5XDqQLvpAe HTTP/1.1" 200 3404
181.49.73.53 - - [12/Nov/2015:05:43:23 -0500] "POST /forms/lservlet;jsessionid=ac16012b30d6cdaaaf9513ff442ea5cac0b33c489568.e3iSbxaKaheRe38KbN0Rb34MbNn0n6jAmljGr5XDqQLvpAe HTTP/1.1" 200 2
181.49.73.53 - - [12/Nov/2015:05:43:24 -0500] "POST /forms/lservlet;jsessionid=ac16012b30d6cdaaaf9513ff442ea5cac0b33c489568.e3iSbxaKaheRe38KbN0Rb34MbNn0n6jAmljGr5XDqQLvpAe HTTP/1.1" 200 2
181.49.73.53 - - [12/Nov/2015:05:43:25 -0500] "POST /forms/lservlet;jsessionid=ac16012b30d6cdaaaf9513ff442ea5cac0b33c489568.e3iSbxaKaheRe38KbN0Rb34MbNn0n6jAmljGr5XDqQLvpAe HTTP/1.1" 200 3185
181.49.73.53 - - [12/Nov/2015:05:43:25 -0500] "POST /forms/lservlet;jsessionid=ac16012b30d6cdaaaf9513ff442ea5cac0b33c489568.e3iSbxaKaheRe38KbN0Rb34MbNn0n6jAmljGr5XDqQLvpAe HTTP/1.1" 200 2
66.249.64.96 - - [12/Nov/2015:05:43:35 -0500] "GET /BLA/resoluciones/AUTOS%202008/0671.pdf HTTP/1.1" 200 160225
186.145.117.53 - - [12/Nov/2015:05:43:37 -0500] "GET /galeria/galeria/jquery.fancybox.css?v=2.1.5 HTTP/1.1" 304 -
186.145.117.53 - - [12/Nov/2015:05:43:37 -0500] "GET /galeria/galeria/jquery.fancybox.js?v=2.1.5 HTTP/1.1" 304 -
186.145.117.53 - - [12/Nov/2015:05:43:37 -0500] "GET /BLA/boletinlegal/js/jquery.scrollShow.js HTTP/1.1" 304 -
181.49.73.53 - - [12/Nov/2015:05:43:38 -0500] "POST /forms/lservlet;jsessionid=ac16012b30d6cdaaaf9513ff442ea5cac0b33c489568.e3iSbxaKaheRe38KbN0Rb34MbNn0n6jAmljGr5XDqQLvpAe HTTP/1.1" 200 143
186.145.117.53 - - [12/Nov/2015:05:43:38 -0500] "GET /BLA/boletinlegal/js/jquery.scrollShow.js HTTP/1.1" 304 -
186.145.117.53 - - [12/Nov/2015:05:43:38 -0500] "GET /galeria/galeria/jquery.fancybox.js?v=2.1.5 HTTP/1.1" 304 -
186.145.117.53 - - [12/Nov/2015:05:43:38 -0500] "GET /galeria/galeria/jquery.fancybox.css?v=2.1.5 HTTP/1.1" 304 -
181.49.73.53 - - [12/Nov/2015:05:43:40 -0500] "POST /forms/lservlet;jsessionid=ac16012b30d6cdaaaf9513ff442ea5cac0b33c489568.e3iSbxaKaheRe38KbN0Rb34MbNn0n6jAmljGr5XDqQLvpAe HTTP/1.1" 200 96
181.49.73.53 - - [12/Nov/2015:05:43:41 -0500] "POST /forms/lservlet;jsessionid=ac16012b30d6cdaaaf9513ff442ea5cac0b33c489568.e3iSbxaKaheRe38KbN0Rb34MbNn0n6jAmljGr5XDqQLvpAe HTTP/1.1" 200 2
181.49.73.53 - - [12/Nov/2015:05:43:42 -0500] "POST /forms/lservlet;jsessionid=ac16012b30d6cdaaaf9513ff442ea5cac0b33c489568.e3iSbxaKaheRe38KbN0Rb34MbNn0n6jAmljGr5XDqQLvpAe HTTP/1.1" 200 2553
181.49.73.53 - - [12/Nov/2015:05:43:42 -0500] "POST /forms/lservlet;jsessionid=ac16012b30d6cdaaaf9513ff442ea5cac0b33c489568.e3iSbxaKaheRe38KbN0Rb34MbNn0n6jAmljGr5XDqQLvpAe HTTP/1.1" 200 20
186.155.13.63 - - [12/Nov/2015:05:43:43 -0500] "GET /galeria/galeria/jquery.fancybox.js?v=2.1.5 HTTP/1.1" 200 48706
186.155.13.63 - - [12/Nov/2015:05:43:43 -0500] "GET /BLA/boletinlegal/js/jquery.scrollShow.js HTTP/1.1" 200 4586
186.155.13.63 - - [12/Nov/2015:05:43:43 -0500] "GET /galeria/galeria/jquery.fancybox.css?v=2.1.5 HTTP/1.1" 200 4895
181.49.73.53 - - [12/Nov/2015:05:43:47 -0500] "POST /forms/lservlet;jsessionid=ac16012b30d6cdaaaf9513ff442ea5cac0b33c489568.e3iSbxaKaheRe38KbN0Rb34MbNn0n6jAmljGr5XDqQLvpAe HTTP/1.1" 200 2
181.49.73.53 - - [12/Nov/2015:05:43:47 -0500] "POST /forms/lservlet;jsessionid=ac16012b30d6cdaaaf9513ff442ea5cac0b33c489568.e3iSbxaKaheRe38KbN0Rb34MbNn0n6jAmljGr5XDqQLvpAe HTTP/1.1" 200 2971
181.49.73.53 - - [12/Nov/2015:05:43:47 -0500] "POST /forms/lservlet;jsessionid=ac16012b30d6cdaaaf9513ff442ea5cac0b33c489568.e3iSbxaKaheRe38KbN0Rb34MbNn0n6jAmljGr5XDqQLvpAe HTTP/1.1" 200 2
181.49.73.53 - - [12/Nov/2015:05:43:48 -0500] "POST /forms/lservlet;jsessionid=ac16012b30d6cdaaaf9513ff442ea5cac0b33c489568.e3iSbxaKaheRe38KbN0Rb34MbNn0n6jAmljGr5XDqQLvpAe HTTP/1.1" 200 2
181.49.73.53 - - [12/Nov/2015:05:43:49 -0500] "POST /forms/lservlet;jsessionid=ac16012b30d6cdaaaf9513ff442ea5cac0b33c489568.e3iSbxaKaheRe38KbN0Rb34MbNn0n6jAmljGr5XDqQLvpAe HTTP/1.1" 200 3171
181.49.73.53 - - [12/Nov/2015:05:43:49 -0500] "POST /forms/lservlet;jsessionid=ac16012b30d6cdaaaf9513ff442ea5cac0b33c489568.e3iSbxaKaheRe38KbN0Rb34MbNn0n6jAmljGr5XDqQLvpAe HTTP/1.1" 200 2
181.49.73.53 - - [12/Nov/2015:05:43:54 -0500] "POST /forms/lservlet;jsessionid=ac16012b30d6cdaaaf9513ff442ea5cac0b33c489568.e3iSbxaKaheRe38KbN0Rb34MbNn0n6jAmljGr5XDqQLvpAe HTTP/1.1" 200 2
181.49.73.53 - - [12/Nov/2015:05:43:54 -0500] "POST /forms/lservlet;jsessionid=ac16012b30d6cdaaaf9513ff442ea5cac0b33c489568.e3iSbxaKaheRe38KbN0Rb34MbNn0n6jAmljGr5XDqQLvpAe HTTP/1.1" 200 2167
181.49.73.53 - - [12/Nov/2015:05:43:55 -0500] "POST /forms/lservlet;jsessionid=ac16012b30d6cdaaaf9513ff442ea5cac0b33c489568.e3iSbxaKaheRe38KbN0Rb34MbNn0n6jAmljGr5XDqQLvpAe HTTP/1.1" 200 2
181.49.73.53 - - [12/Nov/2015:05:44:13 -0500] "POST /forms/lservlet;jsessionid=ac16012b30d6cdaaaf9513ff442ea5cac0b33c489568.e3iSbxaKaheRe38KbN0Rb34MbNn0n6jAmljGr5XDqQLvpAe HTTP/1.1" 200 2
181.49.73.53 - - [12/Nov/2015:05:44:33 -0500] "POST /forms/lservlet;jsessionid=ac16012b30d6cdaaaf9513ff442ea5cac0b33c489568.e3iSbxaKaheRe38KbN0Rb34MbNn0n6jAmljGr5XDqQLvpAe HTTP/1.1" 200 2
181.49.73.53 - - [12/Nov/2015:05:44:33 -0500] "POST /forms/lservlet;jsessionid=ac16012b30d6cdaaaf9513ff442ea5cac0b33c489568.e3iSbxaKaheRe38KbN0Rb34MbNn0n6jAmljGr5XDqQLvpAe HTTP/1.1" 200 2109
181.49.73.53 - - [12/Nov/2015:05:44:33 -0500] "POST /forms/lservlet;jsessionid=ac16012b30d6cdaaaf9513ff442ea5cac0b33c489568.e3iSbxaKaheRe38KbN0Rb34MbNn0n6jAmljGr5XDqQLvpAe HTTP/1.1" 200 10
181.49.73.53 - - [12/Nov/2015:05:44:37 -0500] "POST /forms/lservlet;jsessionid=ac16012b30d6cdaaaf9513ff442ea5cac0b33c489568.e3iSbxaKaheRe38KbN0Rb34MbNn0n6jAmljGr5XDqQLvpAe HTTP/1.1" 200 30
181.49.73.53 - - [12/Nov/2015:05:44:40 -0500] "POST /forms/lservlet;jsessionid=ac16012b30d6cdaaaf9513ff442ea5cac0b33c489568.e3iSbxaKaheRe38KbN0Rb34MbNn0n6jAmljGr5XDqQLvpAe HTTP/1.1" 200 24
181.49.73.53 - - [12/Nov/2015:05:44:40 -0500] "POST /forms/lservlet;jsessionid=ac16012b30d6cdaaaf9513ff442ea5cac0b33c489568.e3iSbxaKaheRe38KbN0Rb34MbNn0n6jAmljGr5XDqQLvpAe HTTP/1.1" 200 4310
181.49.73.53 - - [12/Nov/2015:05:44:41 -0500] "POST /forms/lservlet;jsessionid=ac16012b30d6cdaaaf9513ff442ea5cac0b33c489568.e3iSbxaKaheRe38KbN0Rb34MbNn0n6jAmljGr5XDqQLvpAe HTTP/1.1" 200 10
181.49.73.53 - - [12/Nov/2015:05:44:43 -0500] "POST /forms/lservlet;jsessionid=ac16012b30d6cdaaaf9513ff442ea5cac0b33c489568.e3iSbxaKaheRe38KbN0Rb34MbNn0n6jAmljGr5XDqQLvpAe HTTP/1.1" 200 2
181.49.73.53 - - [12/Nov/2015:05:44:43 -0500] "POST /forms/lservlet;jsessionid=ac16012b30d6cdaaaf9513ff442ea5cac0b33c489568.e3iSbxaKaheRe38KbN0Rb34MbNn0n6jAmljGr5XDqQLvpAe HTTP/1.1" 200 2530
181.49.73.53 - - [12/Nov/2015:05:44:43 -0500] "POST /forms/lservlet;jsessionid=ac16012b30d6cdaaaf9513ff442ea5cac0b33c489568.e3iSbxaKaheRe38KbN0Rb34MbNn0n6jAmljGr5XDqQLvpAe HTTP/1.1" 200 2
201.245.192.253 - - [12/Nov/2015:05:44:59 -0500] "POST /forms/lservlet;jsessionid=ac16012b30d625a87d82fee34664bf60fd872d272f09.e3iSbxaKaheRe38KbN0Rb34MbNn0n6jAmljGr5XDqQLvpAe HTTP/1.1" 200 2
69.162.124.233 - - [12/Nov/2015:05:45:03 -0500] "HEAD / HTTP/1.1" 200 -
181.49.73.53 - - [12/Nov/2015:05:46:13 -0500] "POST /forms/lservlet;jsessionid=ac16012b30d6cdaaaf9513ff442ea5cac0b33c489568.e3iSbxaKaheRe38KbN0Rb34MbNn0n6jAmljGr5XDqQLvpAe HTTP/1.1" 200 2
201.245.192.253 - - [12/Nov/2015:05:46:59 -0500] "POST /forms/lservlet;jsessionid=ac16012b30d625a87d82fee34664bf60fd872d272f09.e3iSbxaKaheRe38KbN0Rb34MbNn0n6jAmljGr5XDqQLvpAe HTTP/1.1" 200 2
66.249.64.96 - - [12/Nov/2015:05:47:38 -0500] "GET /BLA/resoluciones/AUTOS%202007/1139.pdf HTTP/1.1" 200 27717
181.49.73.53 - - [12/Nov/2015:05:48:13 -0500] "POST /forms/lservlet;jsessionid=ac16012b30d6cdaaaf9513ff442ea5cac0b33c489568.e3iSbxaKaheRe38KbN0Rb34MbNn0n6jAmljGr5XDqQLvpAe HTTP/1.1" 200 2
188.165.15.148 - - [12/Nov/2015:05:48:39 -0500] "GET /BLA/resoluciones/index.php?dir=AUTOS%202006/AUTOS%202006%201301-1400/&sort=size&order=asc HTTP/1.1" 200 22002
201.245.192.253 - - [12/Nov/2015:05:48:59 -0500] "POST /forms/lservlet;jsessionid=ac16012b30d625a87d82fee34664bf60fd872d272f09.e3iSbxaKaheRe38KbN0Rb34MbNn0n6jAmljGr5XDqQLvpAe HTTP/1.1" 200 2
188.165.15.148 - - [12/Nov/2015:05:49:15 -0500] "GET /BLA/resoluciones/RESOLUCIONES%202006/RES%202006%201801-1850/INDEX.DAT HTTP/1.1" 200 1960
201.234.75.11 - - [12/Nov/2015:05:49:50 -0500] "GET /galeria/galeria/fotos/Movilizacion4P.jpg HTTP/1.1" 304 -
69.162.124.233 - - [12/Nov/2015:05:50:03 -0500] "HEAD / HTTP/1.1" 200 -
181.49.73.53 - - [12/Nov/2015:05:50:13 -0500] "POST /forms/lservlet;jsessionid=ac16012b30d6cdaaaf9513ff442ea5cac0b33c489568.e3iSbxaKaheRe38KbN0Rb34MbNn0n6jAmljGr5XDqQLvpAe HTTP/1.1" 200 2
201.245.192.253 - - [12/Nov/2015:05:51:00 -0500] "POST /forms/lservlet;jsessionid=ac16012b30d625a87d82fee34664bf60fd872d272f09.e3iSbxaKaheRe38KbN0Rb34MbNn0n6jAmljGr5XDqQLvpAe HTTP/1.1" 200 2
190.13.35.43 - - [12/Nov/2015:05:51:14 -0500] "GET /galeria/galeria/jquery.fancybox.css?v=2.1.5 HTTP/1.1" 200 4895
190.13.35.43 - - [12/Nov/2015:05:51:14 -0500] "GET /galeria/galeria/jquery.fancybox.js?v=2.1.5 HTTP/1.1" 200 48706
190.13.35.43 - - [12/Nov/2015:05:51:14 -0500] "GET /BLA/boletinlegal/js/jquery.scrollShow.js HTTP/1.1" 200 4586
190.13.35.43 - - [12/Nov/2015:05:51:20 -0500] "GET /BLA/boletinlegal/js/jquery.scrollShow.js HTTP/1.1" 304 -
190.13.35.43 - - [12/Nov/2015:05:51:20 -0500] "GET /galeria/galeria/jquery.fancybox.js?v=2.1.5 HTTP/1.1" 304 -
190.13.35.43 - - [12/Nov/2015:05:51:20 -0500] "GET /galeria/galeria/jquery.fancybox.css?v=2.1.5 HTTP/1.1" 304 -
66.249.64.106 - - [12/Nov/2015:05:51:31 -0500] "GET /BLA/resoluciones/AUTOS%202014/0424.pdf HTTP/1.1" 200 237391
110.86.167.79 - - [12/Nov/2015:05:51:35 -0500] "GET /wp-login.php HTTP/1.1" 301 336
110.86.167.79 - - [12/Nov/2015:05:51:36 -0500] "GET /wp-login.php HTTP/1.1" 301 336
110.86.167.79 - - [12/Nov/2015:05:51:36 -0500] "GET /?author=1 HTTP/1.1" 301 333
191.95.246.13 - - [12/Nov/2015:05:51:45 -0500] "GET /galeria/galeria/jquery.fancybox.css?v=2.1.5 HTTP/1.1" 200 4895
191.95.246.13 - - [12/Nov/2015:05:51:45 -0500] "GET /BLA/boletinlegal/js/jquery.scrollShow.js HTTP/1.1" 200 4586
191.95.246.13 - - [12/Nov/2015:05:51:45 -0500] "GET /galeria/galeria/jquery.fancybox.js?v=2.1.5 HTTP/1.1" 200 48706
191.95.246.13 - - [12/Nov/2015:05:52:01 -0500] "GET /galeria/galeria/jquery.fancybox.js?v=2.1.5 HTTP/1.1" 304 -
191.95.246.13 - - [12/Nov/2015:05:52:01 -0500] "GET /BLA/boletinlegal/js/jquery.scrollShow.js HTTP/1.1" 304 -
191.95.246.13 - - [12/Nov/2015:05:52:01 -0500] "GET /galeria/galeria/jquery.fancybox.css?v=2.1.5 HTTP/1.1" 304 -
181.49.73.53 - - [12/Nov/2015:05:52:13 -0500] "POST /forms/lservlet;jsessionid=ac16012b30d6cdaaaf9513ff442ea5cac0b33c489568.e3iSbxaKaheRe38KbN0Rb34MbNn0n6jAmljGr5XDqQLvpAe HTTP/1.1" 200 2
180.76.15.30 - - [12/Nov/2015:05:52:46 -0500] "GET /BLA/boletinlegal/jurisprudencia/analisis/CUADRO%20SENTENCIA%20C-245%20DE%202004.doc HTTP/1.1" 200 65536
201.245.192.253 - - [12/Nov/2015:05:53:00 -0500] "POST /forms/lservlet;jsessionid=ac16012b30d625a87d82fee34664bf60fd872d272f09.e3iSbxaKaheRe38KbN0Rb34MbNn0n6jAmljGr5XDqQLvpAe HTTP/1.1" 200 2
188.165.15.148 - - [12/Nov/2015:05:53:16 -0500] "GET /BLA/resoluciones/AUTOS%202006/AUTOS%202006%20101-200/00000196.tif HTTP/1.1" 200 50570
190.9.200.114 - - [12/Nov/2015:05:53:54 -0500] "GET /BLA/boletinlegal/js/jquery.scrollShow.js HTTP/1.1" 200 4586
190.9.200.114 - - [12/Nov/2015:05:53:56 -0500] "GET /galeria/galeria/jquery.fancybox.js?v=2.1.5 HTTP/1.1" 200 48706
190.9.200.114 - - [12/Nov/2015:05:53:56 -0500] "GET /galeria/galeria/jquery.fancybox.css?v=2.1.5 HTTP/1.1" 200 4895
190.9.200.114 - - [12/Nov/2015:05:53:56 -0500] "GET /galeria/carrusel/Carrusel/jquery.thumbnailScroller.css HTTP/1.1" 200 2066
190.9.200.114 - - [12/Nov/2015:05:53:56 -0500] "GET /galeria/carrusel/Carrusel/jquery-ui-1.8.13.custom.min.js HTTP/1.1" 200 10800
190.9.200.114 - - [12/Nov/2015:05:53:56 -0500] "GET /galeria/carrusel/Carrusel/jquery.thumbnailScroller.js HTTP/1.1" 200 8157
190.9.200.114 - - [12/Nov/2015:05:53:57 -0500] "GET /galeria/nivo-slider/demo/demo.html HTTP/1.1" 200 4183
190.9.200.114 - - [12/Nov/2015:05:53:58 -0500] "GET /galeria/nivo-slider/themes/pascal/pascal.css HTTP/1.1" 200 2258
190.9.200.114 - - [12/Nov/2015:05:53:58 -0500] "GET /galeria/nivo-slider/themes/default/default.css HTTP/1.1" 200 1569
190.9.200.114 - - [12/Nov/2015:05:53:59 -0500] "GET /galeria/nivo-slider/themes/orman/orman.css HTTP/1.1" 200 2152
190.9.200.114 - - [12/Nov/2015:05:53:59 -0500] "GET /galeria/nivo-slider/nivo-slider.css HTTP/1.1" 200 1507
190.9.200.114 - - [12/Nov/2015:05:53:59 -0500] "GET /galeria/nivo-slider/demo/style.css HTTP/1.1" 200 2222
190.9.200.114 - - [12/Nov/2015:05:53:59 -0500] "GET /galeria/nivo-slider/jquery.nivo.slider.pack.js HTTP/1.1" 200 11561
190.9.200.114 - - [12/Nov/2015:05:53:59 -0500] "GET /galeria/nivo-slider/demo/scripts/jquery-1.7.1.min.js HTTP/1.1" 200 93868
190.9.200.114 - - [12/Nov/2015:05:53:59 -0500] "GET /galeria/nivo-slider/demo/images/NOMINACION-OAB.jpg HTTP/1.1" 200 146210
190.9.200.114 - - [12/Nov/2015:05:53:59 -0500] "GET /galeria/nivo-slider/demo/images/banner-ACA-01.jpg HTTP/1.1" 200 161255
190.9.200.114 - - [12/Nov/2015:05:53:59 -0500] "GET /galeria/nivo-slider/demo/images/ABC-Plan-de-contigencia.jpg HTTP/1.1" 200 401853
190.9.200.114 - - [12/Nov/2015:05:53:59 -0500] "GET /galeria/nivo-slider/demo/images/caminata-ecologica.jpg HTTP/1.1" 200 161069
190.9.200.114 - - [12/Nov/2015:05:53:59 -0500] "GET /galeria/nivo-slider/demo/images/4Simple_Slider.png HTTP/1.1" 200 11722
190.9.200.114 - - [12/Nov/2015:05:53:59 -0500] "GET /galeria/nivo-slider/themes/default/loading.gif HTTP/1.1" 200 1737
190.9.200.114 - - [12/Nov/2015:05:54:00 -0500] "GET /galeria/nivo-slider/demo/images/Arbol-banner2015.jpg HTTP/1.1" 200 226910
190.9.200.114 - - [12/Nov/2015:05:54:01 -0500] "GET /galeria/nivo-slider/demo/images/Banner-ahorro-de-agua.jpg HTTP/1.1" 200 149141
190.9.200.114 - - [12/Nov/2015:05:54:01 -0500] "GET /galeria/nivo-slider/demo/images/Cmapana-onestidad.jpg HTTP/1.1" 200 141638
190.9.200.114 - - [12/Nov/2015:05:54:01 -0500] "GET /galeria/nivo-slider/demo/images/Plan-Quinquenal.jpg HTTP/1.1" 200 412438
190.9.200.114 - - [12/Nov/2015:05:54:01 -0500] "GET /galeria/nivo-slider/demo/images/PREDAcamp.jpg HTTP/1.1" 200 295358
190.9.200.114 - - [12/Nov/2015:05:54:01 -0500] "GET /galeria/nivo-slider/demo/images/banner-llantas2.jpg HTTP/1.1" 200 204644
190.9.200.114 - - [12/Nov/2015:05:54:01 -0500] "GET /galeria/nivo-slider/demo/images/9Signos.jpg HTTP/1.1" 200 81776
190.9.200.114 - - [12/Nov/2015:05:54:03 -0500] "GET /galeria/nivo-slider/demo/images/Ruta-vertimientos-01.jpg HTTP/1.1" 200 130151
190.9.200.114 - - [12/Nov/2015:05:54:03 -0500] "GET /galeria/nivo-slider/demo/images/bolsas-06.jpg HTTP/1.1" 200 90982
190.9.200.114 - - [12/Nov/2015:05:54:03 -0500] "GET /galeria/nivo-slider/demo/images/Conoce-los-humedales.jpg HTTP/1.1" 200 294036
190.9.200.114 - - [12/Nov/2015:05:54:03 -0500] "GET /galeria/nivo-slider/demo/images/ecolecta-Dic2014.png HTTP/1.1" 200 288593
190.9.200.114 - - [12/Nov/2015:05:54:05 -0500] "GET /galeria/nivo-slider/themes/default/arrows.png HTTP/1.1" 200 824
190.9.200.114 - - [12/Nov/2015:05:54:05 -0500] "GET /galeria/nivo-slider/themes/default/bullets.png HTTP/1.1" 200 1281
181.49.73.53 - - [12/Nov/2015:05:54:13 -0500] "POST /forms/lservlet;jsessionid=ac16012b30d6cdaaaf9513ff442ea5cac0b33c489568.e3iSbxaKaheRe38KbN0Rb34MbNn0n6jAmljGr5XDqQLvpAe HTTP/1.1" 200 2
181.49.73.53 - - [12/Nov/2015:05:54:34 -0500] "POST /forms/lservlet;jsessionid=ac16012b30d6cdaaaf9513ff442ea5cac0b33c489568.e3iSbxaKaheRe38KbN0Rb34MbNn0n6jAmljGr5XDqQLvpAe HTTP/1.1" 200 2
181.49.73.53 - - [12/Nov/2015:05:54:34 -0500] "POST /forms/lservlet;jsessionid=ac16012b30d6cdaaaf9513ff442ea5cac0b33c489568.e3iSbxaKaheRe38KbN0Rb34MbNn0n6jAmljGr5XDqQLvpAe HTTP/1.1" 200 2320
181.49.73.53 - - [12/Nov/2015:05:54:35 -0500] "POST /forms/lservlet;jsessionid=ac16012b30d6cdaaaf9513ff442ea5cac0b33c489568.e3iSbxaKaheRe38KbN0Rb34MbNn0n6jAmljGr5XDqQLvpAe HTTP/1.1" 200 10
181.49.73.53 - - [12/Nov/2015:05:54:39 -0500] "POST /forms/lservlet;jsessionid=ac16012b30d6cdaaaf9513ff442ea5cac0b33c489568.e3iSbxaKaheRe38KbN0Rb34MbNn0n6jAmljGr5XDqQLvpAe HTTP/1.1" 200 24
181.49.73.53 - - [12/Nov/2015:05:54:39 -0500] "POST /forms/lservlet;jsessionid=ac16012b30d6cdaaaf9513ff442ea5cac0b33c489568.e3iSbxaKaheRe38KbN0Rb34MbNn0n6jAmljGr5XDqQLvpAe HTTP/1.1" 200 3904
181.49.73.53 - - [12/Nov/2015:05:54:40 -0500] "POST /forms/lservlet;jsessionid=ac16012b30d6cdaaaf9513ff442ea5cac0b33c489568.e3iSbxaKaheRe38KbN0Rb34MbNn0n6jAmljGr5XDqQLvpAe HTTP/1.1" 200 2
201.245.192.253 - - [12/Nov/2015:05:55:00 -0500] "POST /forms/lservlet;jsessionid=ac16012b30d625a87d82fee34664bf60fd872d272f09.e3iSbxaKaheRe38KbN0Rb34MbNn0n6jAmljGr5XDqQLvpAe HTTP/1.1" 200 2
69.162.124.233 - - [12/Nov/2015:05:55:03 -0500] "HEAD / HTTP/1.1" 200 -
200.118.88.167 - - [12/Nov/2015:05:55:26 -0500] "GET /galeria/galeria/jquery.fancybox.css?v=2.1.5 HTTP/1.1" 200 4895
200.118.88.167 - - [12/Nov/2015:05:55:26 -0500] "GET /BLA/boletinlegal/js/jquery.scrollShow.js HTTP/1.1" 200 4586
200.118.88.167 - - [12/Nov/2015:05:55:26 -0500] "GET /galeria/galeria/jquery.fancybox.js?v=2.1.5 HTTP/1.1" 200 48706
200.118.88.167 - - [12/Nov/2015:05:55:47 -0500] "GET /galeria/galeria/jquery.fancybox.css?v=2.1.5 HTTP/1.1" 304 -
200.118.88.167 - - [12/Nov/2015:05:55:47 -0500] "GET /BLA/boletinlegal/js/jquery.scrollShow.js HTTP/1.1" 304 -
200.118.88.167 - - [12/Nov/2015:05:55:47 -0500] "GET /galeria/galeria/jquery.fancybox.js?v=2.1.5 HTTP/1.1" 304 -
177.252.142.81 - - [12/Nov/2015:05:56:04 -0500] "GET /galeria/galeria/jquery.fancybox.css?v=2.1.5 HTTP/1.1" 200 4895
177.252.142.81 - - [12/Nov/2015:05:56:04 -0500] "GET /BLA/boletinlegal/js/jquery.scrollShow.js HTTP/1.1" 200 4586
177.252.142.81 - - [12/Nov/2015:05:56:04 -0500] "GET /galeria/galeria/jquery.fancybox.js?v=2.1.5 HTTP/1.1" 200 48706
177.252.142.81 - - [12/Nov/2015:05:56:08 -0500] "GET /galeria/galeria/jquery.fancybox.css?v=2.1.5 HTTP/1.1" 304 -
177.252.142.81 - - [12/Nov/2015:05:56:08 -0500] "GET /BLA/boletinlegal/js/jquery.scrollShow.js HTTP/1.1" 304 -
177.252.142.81 - - [12/Nov/2015:05:56:08 -0500] "GET /galeria/galeria/jquery.fancybox.js?v=2.1.5 HTTP/1.1" 304 -
181.49.73.53 - - [12/Nov/2015:05:56:13 -0500] "POST /forms/lservlet;jsessionid=ac16012b30d6cdaaaf9513ff442ea5cac0b33c489568.e3iSbxaKaheRe38KbN0Rb34MbNn0n6jAmljGr5XDqQLvpAe HTTP/1.1" 200 2
66.249.64.96 - - [12/Nov/2015:05:56:45 -0500] "GET /BLA/resoluciones/RESOLUCIONES%202011/1126.pdf HTTP/1.1" 200 303858
181.49.75.255 - - [12/Nov/2015:05:56:55 -0500] "GET /galeria/galeria/jquery.fancybox.css?v=2.1.5 HTTP/1.1" 200 4895
181.49.75.255 - - [12/Nov/2015:05:56:55 -0500] "GET /BLA/boletinlegal/js/jquery.scrollShow.js HTTP/1.1" 200 4586
181.49.75.255 - - [12/Nov/2015:05:56:55 -0500] "GET /galeria/galeria/jquery.fancybox.js?v=2.1.5 HTTP/1.1" 200 48706
201.245.192.253 - - [12/Nov/2015:05:57:00 -0500] "POST /forms/lservlet;jsessionid=ac16012b30d625a87d82fee34664bf60fd872d272f09.e3iSbxaKaheRe38KbN0Rb34MbNn0n6jAmljGr5XDqQLvpAe HTTP/1.1" 200 2
181.49.75.255 - - [12/Nov/2015:05:57:17 -0500] "GET /galeria/galeria/jquery.fancybox.js?v=2.1.5 HTTP/1.1" 304 -
181.49.75.255 - - [12/Nov/2015:05:57:17 -0500] "GET /BLA/boletinlegal/js/jquery.scrollShow.js HTTP/1.1" 304 -
181.49.75.255 - - [12/Nov/2015:05:57:17 -0500] "GET /galeria/galeria/jquery.fancybox.css?v=2.1.5 HTTP/1.1" 304 -
201.245.192.253 - - [12/Nov/2015:05:59:01 -0500] "POST /forms/lservlet;jsessionid=ac16012b30d625a87d82fee34664bf60fd872d272f09.e3iSbxaKaheRe38KbN0Rb34MbNn0n6jAmljGr5XDqQLvpAe HTTP/1.1" 200 2
66.249.64.106 - - [12/Nov/2015:05:59:27 -0500] "GET /BLA/resoluciones/RESOLUCIONES%202011/0707.pdf HTTP/1.1" 200 283238
179.32.12.14 - - [12/Nov/2015:05:59:58 -0500] "GET /BLA/boletinlegal/js/jquery.scrollShow.js HTTP/1.1" 200 4586
179.32.12.14 - - [12/Nov/2015:05:59:58 -0500] "GET /galeria/galeria/jquery.fancybox.js?v=2.1.5 HTTP/1.1" 200 48706
179.32.12.14 - - [12/Nov/2015:05:59:58 -0500] "GET /galeria/galeria/jquery.fancybox.css?v=2.1.5 HTTP/1.1" 200 4895
179.32.12.14 - - [12/Nov/2015:05:59:59 -0500] "GET /galeria/carrusel/Carrusel/jquery.thumbnailScroller.css HTTP/1.1" 200 2066
179.32.12.14 - - [12/Nov/2015:05:59:59 -0500] "GET /galeria/carrusel/Carrusel/jquery-ui-1.8.13.custom.min.js HTTP/1.1" 200 10800
179.32.12.14 - - [12/Nov/2015:05:59:59 -0500] "GET /galeria/carrusel/Carrusel/jquery.thumbnailScroller.js HTTP/1.1" 200 8157
69.162.124.233 - - [12/Nov/2015:06:00:03 -0500] "HEAD / HTTP/1.1" 200 -
179.32.12.14 - - [12/Nov/2015:06:00:05 -0500] "GET /galeria/nivo-slider/demo/demo.html HTTP/1.1" 200 4183
179.32.12.14 - - [12/Nov/2015:06:00:07 -0500] "GET /galeria/nivo-slider/themes/default/default.css HTTP/1.1" 200 1569
179.32.12.14 - - [12/Nov/2015:06:00:07 -0500] "GET /galeria/nivo-slider/themes/pascal/pascal.css HTTP/1.1" 200 2258
179.32.12.14 - - [12/Nov/2015:06:00:07 -0500] "GET /galeria/nivo-slider/themes/orman/orman.css HTTP/1.1" 200 2152
179.32.12.14 - - [12/Nov/2015:06:00:07 -0500] "GET /galeria/nivo-slider/nivo-slider.css HTTP/1.1" 200 1507
179.32.12.14 - - [12/Nov/2015:06:00:07 -0500] "GET /galeria/nivo-slider/demo/style.css HTTP/1.1" 200 2222
179.32.12.14 - - [12/Nov/2015:06:00:07 -0500] "GET /galeria/nivo-slider/demo/scripts/jquery-1.7.1.min.js HTTP/1.1" 200 93868
179.32.12.14 - - [12/Nov/2015:06:00:07 -0500] "GET /galeria/nivo-slider/jquery.nivo.slider.pack.js HTTP/1.1" 200 11561
179.32.12.14 - - [12/Nov/2015:06:00:07 -0500] "GET /galeria/nivo-slider/demo/images/NOMINACION-OAB.jpg HTTP/1.1" 200 146210
179.32.12.14 - - [12/Nov/2015:06:00:07 -0500] "GET /galeria/nivo-slider/demo/images/ABC-Plan-de-contigencia.jpg HTTP/1.1" 200 401853
179.32.12.14 - - [12/Nov/2015:06:00:08 -0500] "GET /galeria/nivo-slider/demo/images/banner-ACA-01.jpg HTTP/1.1" 200 161255
179.32.12.14 - - [12/Nov/2015:06:00:08 -0500] "GET /galeria/nivo-slider/demo/images/caminata-ecologica.jpg HTTP/1.1" 200 161069
179.32.12.14 - - [12/Nov/2015:06:00:08 -0500] "GET /galeria/nivo-slider/demo/images/Arbol-banner2015.jpg HTTP/1.1" 200 226910
179.32.12.14 - - [12/Nov/2015:06:00:14 -0500] "GET /galeria/nivo-slider/demo/images/Banner-ahorro-de-agua.jpg HTTP/1.1" 200 149141
179.32.12.14 - - [12/Nov/2015:06:00:15 -0500] "GET /galeria/nivo-slider/demo/images/Cmapana-onestidad.jpg HTTP/1.1" 200 141638
179.32.12.14 - - [12/Nov/2015:06:00:17 -0500] "GET /galeria/nivo-slider/demo/images/Plan-Quinquenal.jpg HTTP/1.1" 200 412438
179.32.12.14 - - [12/Nov/2015:06:00:19 -0500] "GET /galeria/nivo-slider/demo/images/PREDAcamp.jpg HTTP/1.1" 200 295358
179.32.12.14 - - [12/Nov/2015:06:00:22 -0500] "GET /galeria/nivo-slider/demo/images/banner-llantas2.jpg HTTP/1.1" 200 204644
179.32.12.14 - - [12/Nov/2015:06:00:25 -0500] "GET /galeria/nivo-slider/demo/images/9Signos.jpg HTTP/1.1" 200 81776
157.55.39.21 - - [12/Nov/2015:06:00:26 -0500] "GET /robots.txt HTTP/1.1" 404 1015
179.32.12.14 - - [12/Nov/2015:06:00:28 -0500] "GET /galeria/nivo-slider/demo/images/Ruta-vertimientos-01.jpg HTTP/1.1" 200 130151
179.32.12.14 - - [12/Nov/2015:06:00:34 -0500] "GET /galeria/nivo-slider/demo/images/bolsas-06.jpg HTTP/1.1" 200 90982
179.32.12.14 - - [12/Nov/2015:06:00:36 -0500] "GET /galeria/nivo-slider/demo/images/Conoce-los-humedales.jpg HTTP/1.1" 200 294036
179.32.12.14 - - [12/Nov/2015:06:00:39 -0500] "GET /galeria/nivo-slider/demo/images/ecolecta-Dic2014.png HTTP/1.1" 200 288593
179.32.12.14 - - [12/Nov/2015:06:00:42 -0500] "GET /galeria/nivo-slider/demo/images/4Simple_Slider.png HTTP/1.1" 200 11722
179.32.12.14 - - [12/Nov/2015:06:00:42 -0500] "GET /galeria/nivo-slider/themes/default/loading.gif HTTP/1.1" 200 1737
201.245.192.253 - - [12/Nov/2015:06:01:01 -0500] "POST /forms/lservlet;jsessionid=ac16012b30d625a87d82fee34664bf60fd872d272f09.e3iSbxaKaheRe38KbN0Rb34MbNn0n6jAmljGr5XDqQLvpAe HTTP/1.1" 200 2
179.32.12.14 - - [12/Nov/2015:06:01:06 -0500] "GET /galeria/nivo-slider/themes/default/arrows.png HTTP/1.1" 200 824
179.32.12.14 - - [12/Nov/2015:06:01:07 -0500] "GET /galeria/nivo-slider/themes/default/bullets.png HTTP/1.1" 200 1281
66.249.64.96 - - [12/Nov/2015:06:01:18 -0500] "GET /BLA/resoluciones/RESOLUCIONES%202008/2775.pdf HTTP/1.1" 200 254078
190.238.99.183 - - [12/Nov/2015:06:01:29 -0500] "GET /BLA/boletinlegal/images/screen_3.png HTTP/1.1" 200 210620
188.165.15.148 - - [12/Nov/2015:06:01:35 -0500] "GET /BLA/resoluciones/AUTOS%202006/AUTOS%202006%201901%20-%202000/00001904.tif HTTP/1.1" 200 76074
88.183.45.63 - - [12/Nov/2015:06:01:55 -0500] "POST /xmlrpc.php HTTP/1.1" 301 334
201.245.192.253 - - [12/Nov/2015:06:03:01 -0500] "POST /forms/lservlet;jsessionid=ac16012b30d625a87d82fee34664bf60fd872d272f09.e3iSbxaKaheRe38KbN0Rb34MbNn0n6jAmljGr5XDqQLvpAe HTTP/1.1" 200 2
191.95.250.247 - - [12/Nov/2015:06:03:29 -0500] "GET /BLA/boletinlegal/js/jquery.scrollShow.js HTTP/1.1" 200 4586
191.95.250.247 - - [12/Nov/2015:06:03:29 -0500] "GET /galeria/galeria/jquery.fancybox.css?v=2.1.5 HTTP/1.1" 200 4895
191.95.250.247 - - [12/Nov/2015:06:03:29 -0500] "GET /galeria/galeria/jquery.fancybox.js?v=2.1.5 HTTP/1.1" 200 48706
201.245.192.253 - - [12/Nov/2015:06:05:01 -0500] "POST /forms/lservlet;jsessionid=ac16012b30d625a87d82fee34664bf60fd872d272f09.e3iSbxaKaheRe38KbN0Rb34MbNn0n6jAmljGr5XDqQLvpAe HTTP/1.1" 200 2
69.162.124.233 - - [12/Nov/2015:06:05:03 -0500] "HEAD / HTTP/1.1" 200 -
66.249.64.96 - - [12/Nov/2015:06:05:52 -0500] "GET /BLA/resoluciones/RESOLUCIONES%202008/3179.pdf HTTP/1.1" 200 214179
181.253.50.176 - - [12/Nov/2015:06:06:00 -0500] "GET /galeria/galeria/jquery.fancybox.css?v=2.1.5 HTTP/1.1" 200 4895
181.253.50.176 - - [12/Nov/2015:06:06:00 -0500] "GET /galeria/galeria/jquery.fancybox.js?v=2.1.5 HTTP/1.1" 200 48706
181.253.50.176 - - [12/Nov/2015:06:06:00 -0500] "GET /BLA/boletinlegal/js/jquery.scrollShow.js HTTP/1.1" 200 4586
181.253.50.176 - - [12/Nov/2015:06:06:09 -0500] "GET /galeria/galeria/jquery.fancybox.css?v=2.1.5 HTTP/1.1" 304 -
181.253.50.176 - - [12/Nov/2015:06:06:09 -0500] "GET /galeria/galeria/jquery.fancybox.js?v=2.1.5 HTTP/1.1" 304 -
181.253.50.176 - - [12/Nov/2015:06:06:09 -0500] "GET /BLA/boletinlegal/js/jquery.scrollShow.js HTTP/1.1" 304 -
201.245.192.253 - - [12/Nov/2015:06:07:02 -0500] "POST /forms/lservlet;jsessionid=ac16012b30d625a87d82fee34664bf60fd872d272f09.e3iSbxaKaheRe38KbN0Rb34MbNn0n6jAmljGr5XDqQLvpAe HTTP/1.1" 200 2
66.249.64.106 - - [12/Nov/2015:06:07:25 -0500] "GET /BLA/resoluciones/AUTOS%202011/2153.pdf HTTP/1.1" 200 168470
180.76.15.136 - - [12/Nov/2015:06:07:46 -0500] "GET /SIG/Gestion%20Recursos%20Financieros/126PA02-PR03%20CONSTITUCION%20RESERVAS.pdf HTTP/1.1" 200 251852
40.77.167.49 - - [12/Nov/2015:06:08:13 -0500] "GET /galeria/galeria/jquery.fancybox.js?v=2.1.5 HTTP/1.1" 200 48706
201.245.192.253 - - [12/Nov/2015:06:09:02 -0500] "POST /forms/lservlet;jsessionid=ac16012b30d625a87d82fee34664bf60fd872d272f09.e3iSbxaKaheRe38KbN0Rb34MbNn0n6jAmljGr5XDqQLvpAe HTTP/1.1" 200 2
201.184.35.28 - - [12/Nov/2015:06:09:38 -0500] "GET /BLA/boletinlegal/js/jquery.scrollShow.js HTTP/1.1" 200 4586
201.184.35.28 - - [12/Nov/2015:06:09:39 -0500] "GET /galeria/galeria/jquery.fancybox.js?v=2.1.5 HTTP/1.1" 200 48706
201.184.35.28 - - [12/Nov/2015:06:09:39 -0500] "GET /galeria/galeria/jquery.fancybox.css?v=2.1.5 HTTP/1.1" 200 4895
191.95.249.158 - - [12/Nov/2015:06:09:48 -0500] "GET /galeria/galeria/jquery.fancybox.js?v=2.1.5 HTTP/1.1" 200 48706
191.95.249.158 - - [12/Nov/2015:06:09:48 -0500] "GET /galeria/galeria/jquery.fancybox.css?v=2.1.5 HTTP/1.1" 200 4895
191.95.249.158 - - [12/Nov/2015:06:09:48 -0500] "GET /BLA/boletinlegal/js/jquery.scrollShow.js HTTP/1.1" 200 4586
191.95.249.158 - - [12/Nov/2015:06:09:53 -0500] "GET /BLA/boletinlegal/js/jquery.scrollShow.js HTTP/1.1" 304 -
191.95.249.158 - - [12/Nov/2015:06:09:53 -0500] "GET /galeria/galeria/jquery.fancybox.js?v=2.1.5 HTTP/1.1" 304 -
191.95.249.158 - - [12/Nov/2015:06:09:53 -0500] "GET /galeria/galeria/jquery.fancybox.css?v=2.1.5 HTTP/1.1" 304 -
69.162.124.233 - - [12/Nov/2015:06:10:03 -0500] "HEAD / HTTP/1.1" 200 -
190.156.161.97 - - [12/Nov/2015:06:10:05 -0500] "GET /galeria/galeria/jquery.fancybox.css?v=2.1.5 HTTP/1.1" 200 4895
190.156.161.97 - - [12/Nov/2015:06:10:05 -0500] "GET /galeria/carrusel/Carrusel/jquery.thumbnailScroller.js HTTP/1.1" 200 8157
190.156.161.97 - - [12/Nov/2015:06:10:05 -0500] "GET /galeria/carrusel/Carrusel/jquery.thumbnailScroller.css HTTP/1.1" 200 2066
190.156.161.97 - - [12/Nov/2015:06:10:05 -0500] "GET /BLA/boletinlegal/js/jquery.scrollShow.js HTTP/1.1" 200 4586
190.156.161.97 - - [12/Nov/2015:06:10:05 -0500] "GET /galeria/carrusel/Carrusel/jquery-ui-1.8.13.custom.min.js HTTP/1.1" 200 10800
190.156.161.97 - - [12/Nov/2015:06:10:05 -0500] "GET /galeria/galeria/jquery.fancybox.js?v=2.1.5 HTTP/1.1" 200 48706
190.156.161.97 - - [12/Nov/2015:06:10:05 -0500] "GET /galeria/nivo-slider/demo/demo.html HTTP/1.1" 200 4183
190.156.161.97 - - [12/Nov/2015:06:10:07 -0500] "GET /galeria/nivo-slider/themes/default/default.css HTTP/1.1" 200 1569
190.156.161.97 - - [12/Nov/2015:06:10:07 -0500] "GET /galeria/nivo-slider/demo/style.css HTTP/1.1" 200 2222
190.156.161.97 - - [12/Nov/2015:06:10:07 -0500] "GET /galeria/nivo-slider/themes/orman/orman.css HTTP/1.1" 200 2152
190.156.161.97 - - [12/Nov/2015:06:10:07 -0500] "GET /galeria/nivo-slider/demo/images/NOMINACION-OAB.jpg HTTP/1.1" 200 146210
190.156.161.97 - - [12/Nov/2015:06:10:07 -0500] "GET /galeria/nivo-slider/nivo-slider.css HTTP/1.1" 200 1507
190.156.161.97 - - [12/Nov/2015:06:10:07 -0500] "GET /galeria/nivo-slider/themes/pascal/pascal.css HTTP/1.1" 200 2258
190.156.161.97 - - [12/Nov/2015:06:10:07 -0500] "GET /galeria/nivo-slider/demo/scripts/jquery-1.7.1.min.js HTTP/1.1" 200 93868
190.156.161.97 - - [12/Nov/2015:06:10:07 -0500] "GET /galeria/nivo-slider/jquery.nivo.slider.pack.js HTTP/1.1" 200 11561
190.156.161.97 - - [12/Nov/2015:06:10:07 -0500] "GET /galeria/nivo-slider/demo/images/ABC-Plan-de-contigencia.jpg HTTP/1.1" 200 401853
190.156.161.97 - - [12/Nov/2015:06:10:07 -0500] "GET /galeria/nivo-slider/demo/images/4Simple_Slider.png HTTP/1.1" 200 11722
190.156.161.97 - - [12/Nov/2015:06:10:07 -0500] "GET /galeria/nivo-slider/themes/default/loading.gif HTTP/1.1" 200 1737
190.156.161.97 - - [12/Nov/2015:06:10:08 -0500] "GET /galeria/nivo-slider/demo/images/banner-ACA-01.jpg HTTP/1.1" 200 161255
190.156.161.97 - - [12/Nov/2015:06:10:08 -0500] "GET /galeria/nivo-slider/demo/images/caminata-ecologica.jpg HTTP/1.1" 200 161069
190.156.161.97 - - [12/Nov/2015:06:10:10 -0500] "GET /galeria/nivo-slider/demo/images/Arbol-banner2015.jpg HTTP/1.1" 200 226910
190.156.161.97 - - [12/Nov/2015:06:10:10 -0500] "GET /galeria/nivo-slider/demo/images/Banner-ahorro-de-agua.jpg HTTP/1.1" 200 149141
190.156.161.97 - - [12/Nov/2015:06:10:10 -0500] "GET /galeria/nivo-slider/demo/images/Cmapana-onestidad.jpg HTTP/1.1" 200 141638
190.156.161.97 - - [12/Nov/2015:06:10:11 -0500] "GET /galeria/nivo-slider/demo/images/Plan-Quinquenal.jpg HTTP/1.1" 200 412438
190.156.161.97 - - [12/Nov/2015:06:10:11 -0500] "GET /galeria/nivo-slider/demo/images/PREDAcamp.jpg HTTP/1.1" 200 295358
190.156.161.97 - - [12/Nov/2015:06:10:11 -0500] "GET /galeria/nivo-slider/demo/images/banner-llantas2.jpg HTTP/1.1" 200 204644
190.156.161.97 - - [12/Nov/2015:06:10:13 -0500] "GET /galeria/nivo-slider/demo/images/9Signos.jpg HTTP/1.1" 200 81776
190.156.161.97 - - [12/Nov/2015:06:10:13 -0500] "GET /galeria/nivo-slider/demo/images/Ruta-vertimientos-01.jpg HTTP/1.1" 200 130151
190.156.161.97 - - [12/Nov/2015:06:10:13 -0500] "GET /galeria/nivo-slider/demo/images/bolsas-06.jpg HTTP/1.1" 200 90982
190.156.161.97 - - [12/Nov/2015:06:10:13 -0500] "GET /galeria/nivo-slider/demo/images/Conoce-los-humedales.jpg HTTP/1.1" 200 294036
66.249.64.96 - - [12/Nov/2015:06:10:25 -0500] "GET /BLA/resoluciones/RESOLUCIONES%202010/6192.pdf HTTP/1.1" 200 5154326
191.95.249.158 - - [12/Nov/2015:06:10:56 -0500] "GET /galeria/galeria/jquery.fancybox.css?v=2.1.5 HTTP/1.1" 200 4895
191.95.249.158 - - [12/Nov/2015:06:10:56 -0500] "GET /BLA/boletinlegal/js/jquery.scrollShow.js HTTP/1.1" 200 4586
201.245.192.253 - - [12/Nov/2015:06:11:02 -0500] "POST /forms/lservlet;jsessionid=ac16012b30d625a87d82fee34664bf60fd872d272f09.e3iSbxaKaheRe38KbN0Rb34MbNn0n6jAmljGr5XDqQLvpAe HTTP/1.1" 200 2
66.249.64.243 - - [12/Nov/2015:06:11:06 -0500] "GET / HTTP/1.1" 200 10190
186.155.149.135 - - [12/Nov/2015:06:12:08 -0500] "GET /crossdomain.xml HTTP/1.1" 404 1280
186.155.149.135 - - [12/Nov/2015:06:12:08 -0500] "GET /arcgis/services/Calidad_del_Agua_WQI/MapServer/WMSServer?VERSION=1%2E1%2E1&TRANSPARENT=TRUE&SERVICE=WMS&FORMAT=image%2Fpng&REQUEST=GetMap&WIDTH=1366&HEIGHT=667&STYLES=&SRS=EPSG%3A4686&LAYERS=3%2C4%2C5%2C6%2C7&BBOX=%2D74%2E1314554549968%2C4%2E530098503181145%2C%2D74%2E09895201765715%2C4%2E5459695080900335 HTTP/1.1" 200 6860
186.155.149.135 - - [12/Nov/2015:06:12:13 -0500] "GET /arcgis/services/Calidad_del_Agua_WQI/MapServer/WMSServer?VERSION=1%2E1%2E1&TRANSPARENT=TRUE&SERVICE=WMS&FORMAT=image%2Fpng&REQUEST=GetMap&WIDTH=1366&HEIGHT=667&STYLES=&SRS=EPSG%3A4686&LAYERS=3%2C4%2C5%2C6%2C7&BBOX=%2D74%2E13583655458814%2C4%2E526013633407278%2C%2D74%2E1033331172485%2C4%2E541884638316166 HTTP/1.1" 200 6517
186.155.149.135 - - [12/Nov/2015:06:12:19 -0500] "GET /crossdomain.xml HTTP/1.1" 404 1280
186.155.149.135 - - [12/Nov/2015:06:12:20 -0500] "GET /arcgis/services/Calidad_del_Agua_WQI/MapServer/WMSServer?VERSION=1%2E1%2E1&TRANSPARENT=TRUE&SERVICE=WMS&FORMAT=image%2Fpng&REQUEST=GetMap&WIDTH=1366&HEIGHT=667&STYLES=&SRS=EPSG%3A4686&LAYERS=3%2C4%2C5%2C6%2C7&BBOX=%2D74%2E1309229676111%2C4%2E527352080223057%2C%2D74%2E11467124894128%2C4%2E535287582677501 HTTP/1.1" 200 6493
186.155.149.135 - - [12/Nov/2015:06:12:20 -0500] "GET /arcgis/services/Calidad_del_Agua_WQI/MapServer/WMSServer?VERSION=1%2E1%2E1&TRANSPARENT=TRUE&SERVICE=WMS&FORMAT=image%2Fpng&REQUEST=GetMap&WIDTH=1366&HEIGHT=667&STYLES=&SRS=EPSG%3A4686&LAYERS=3%2C4%2C5%2C6%2C7&BBOX=%2D74%2E13734751232684%2C4%2E524615700066352%2C%2D74%2E1048440749872%2C4%2E54048670497524 HTTP/1.1" 200 6784
186.155.149.135 - - [12/Nov/2015:06:12:25 -0500] "GET /arcgis/services/Calidad_del_Agua_WQI/MapServer/WMSServer?VERSION=1%2E1%2E1&TRANSPARENT=TRUE&SERVICE=WMS&FORMAT=image%2Fpng&REQUEST=GetMap&WIDTH=1366&HEIGHT=667&STYLES=&SRS=EPSG%3A4686&LAYERS=3%2C4%2C5%2C6%2C7&BBOX=%2D74%2E14081010018813%2C4%2E520376199376214%2C%2D74%2E10830666284849%2C4%2E536247204285102 HTTP/1.1" 200 7141
186.181.218.143 - - [12/Nov/2015:06:12:28 -0500] "GET /forest/login.do HTTP/1.1" 404 1120
186.155.149.135 - - [12/Nov/2015:06:12:31 -0500] "GET /crossdomain.xml HTTP/1.1" 404 1280
186.155.149.135 - - [12/Nov/2015:06:12:31 -0500] "GET /arcgis/services/Calidad_del_Agua_WQI/MapServer/WMSServer?VERSION=1%2E1%2E1&TRANSPARENT=TRUE&SERVICE=WMS&FORMAT=image%2Fpng&REQUEST=GetMap&WIDTH=1366&HEIGHT=667&STYLES=&SRS=EPSG%3A4686&LAYERS=3%2C4%2C5%2C6%2C7&BBOX=%2D74%2E13675311917319%2C4%2E519811077387329%2C%2D74%2E12050140050337%2C4%2E527746579841773 HTTP/1.1" 200 7561
186.155.149.135 - - [12/Nov/2015:06:12:32 -0500] "GET /arcgis/services/Calidad_del_Agua_WQI/MapServer/WMSServer?VERSION=1%2E1%2E1&TRANSPARENT=TRUE&SERVICE=WMS&FORMAT=image%2Fpng&REQUEST=GetMap&WIDTH=1366&HEIGHT=667&STYLES=&SRS=EPSG%3A4686&LAYERS=3%2C4%2C5%2C6%2C7&BBOX=%2D74%2E13391204273223%2C4%2E519925291515609%2C%2D74%2E1274113552643%2C4%2E523099492497387 HTTP/1.1" 200 5661
201.234.75.11 - - [12/Nov/2015:06:12:34 -0500] "GET /galeria/nivo-slider/demo/images/Banner-festival-PYBA.jpg HTTP/1.1" 304 -
186.155.149.135 - - [12/Nov/2015:06:12:36 -0500] "GET /arcgis/services/Calidad_del_Agua_WQI/MapServer/WMSServer?VERSION=1%2E1%2E1&TRANSPARENT=TRUE&SERVICE=WMS&FORMAT=image%2Fpng&REQUEST=GetMap&WIDTH=1366&HEIGHT=667&STYLES=&SRS=EPSG%3A4686&LAYERS=3%2C4%2C5%2C6%2C7&BBOX=%2D74%2E13504213795666%2C4%2E520480899157317%2C%2D74%2E11879041928684%2C4%2E528416401611761 HTTP/1.1" 200 7490
186.155.149.135 - - [12/Nov/2015:06:12:37 -0500] "GET /arcgis/services/Calidad_del_Agua_WQI/MapServer/WMSServer?VERSION=1%2E1%2E1&TRANSPARENT=TRUE&SERVICE=WMS&FORMAT=image%2Fpng&REQUEST=GetMap&WIDTH=1366&HEIGHT=667&STYLES=&SRS=EPSG%3A4686&LAYERS=3%2C4%2C5%2C6%2C7&BBOX=%2D74%2E14078853628574%2C4%2E517899183965991%2C%2D74%2E1082850989461%2C4%2E533770188874879 HTTP/1.1" 200 7120
186.155.149.135 - - [12/Nov/2015:06:12:38 -0500] "GET /arcgis/services/Calidad_del_Agua_WQI/MapServer/WMSServer?VERSION=1%2E1%2E1&TRANSPARENT=TRUE&SERVICE=WMS&FORMAT=image%2Fpng&REQUEST=GetMap&WIDTH=1366&HEIGHT=667&STYLES=&SRS=EPSG%3A4686&LAYERS=3%2C4%2C5%2C6%2C7&BBOX=%2D74%2E15351865266693%2C4%2E512188477551998%2C%2D74%2E08851177798765%2C4%2E543930487369774 HTTP/1.1" 200 6869
186.155.149.135 - - [12/Nov/2015:06:12:41 -0500] "GET /arcgis/services/Calidad_del_Agua_WQI/MapServer/WMSServer?VERSION=1%2E1%2E1&TRANSPARENT=TRUE&SERVICE=WMS&FORMAT=image%2Fpng&REQUEST=GetMap&WIDTH=1366&HEIGHT=667&STYLES=&SRS=EPSG%3A4686&LAYERS=3%2C4%2C5%2C6%2C7&BBOX=%2D74%2E1473758621037%2C4%2E518090748099637%2C%2D74%2E08236898742442%2C4%2E549832757917414 HTTP/1.1" 200 7697
186.155.149.135 - - [12/Nov/2015:06:12:43 -0500] "GET /crossdomain.xml HTTP/1.1" 404 1280
186.155.149.135 - - [12/Nov/2015:06:12:43 -0500] "GET /arcgis/services/Calidad_del_Agua_WQI/MapServer/WMSServer?VERSION=1%2E1%2E1&TRANSPARENT=TRUE&SERVICE=WMS&FORMAT=image%2Fpng&REQUEST=GetMap&WIDTH=1366&HEIGHT=667&STYLES=&SRS=EPSG%3A4686&LAYERS=3%2C4%2C5%2C6%2C7&BBOX=%2D74%2E18927817041637%2C4%2E498602962461889%2C%2D74%2E02676098371816%2C4%2E577957987006328 HTTP/1.1" 200 9026
186.155.149.135 - - [12/Nov/2015:06:12:44 -0500] "GET /arcgis/services/Calidad_del_Agua_WQI/MapServer/WMSServer?VERSION=1%2E1%2E1&TRANSPARENT=TRUE&SERVICE=WMS&FORMAT=image%2Fpng&REQUEST=GetMap&WIDTH=1366&HEIGHT=667&STYLES=&SRS=EPSG%3A4686&LAYERS=3%2C4%2C5%2C6%2C7&BBOX=%2D74%2E25911535093749%2C4%2E466242292782596%2C%2D73%2E93408097754107%2C4%2E6249523418714755 HTTP/1.1" 200 10221
201.245.192.253 - - [12/Nov/2015:06:13:02 -0500] "POST /forms/lservlet;jsessionid=ac16012b30d625a87d82fee34664bf60fd872d272f09.e3iSbxaKaheRe38KbN0Rb34MbNn0n6jAmljGr5XDqQLvpAe HTTP/1.1" 200 2
188.165.15.148 - - [12/Nov/2015:06:13:07 -0500] "GET /BLA/resoluciones/RESOLUCIONES%202004/RES%202004%201701-1750/00001733.tif HTTP/1.1" 200 26510
186.113.110.13 - - [12/Nov/2015:06:13:13 -0500] "GET /BLA/boletinlegal/js/jquery.scrollShow.js HTTP/1.1" 200 4586
186.113.110.13 - - [12/Nov/2015:06:13:13 -0500] "GET /galeria/galeria/jquery.fancybox.css?v=2.1.5 HTTP/1.1" 200 4895
186.113.110.13 - - [12/Nov/2015:06:13:13 -0500] "GET /galeria/galeria/jquery.fancybox.js?v=2.1.5 HTTP/1.1" 200 48706
186.116.120.168 - - [12/Nov/2015:06:13:18 -0500] "GET /galeria/carrusel/Carrusel/jquery.thumbnailScroller.css HTTP/1.1" 200 2066
186.116.120.168 - - [12/Nov/2015:06:13:18 -0500] "GET /galeria/galeria/jquery.fancybox.js?v=2.1.5 HTTP/1.1" 200 48706
186.116.120.168 - - [12/Nov/2015:06:13:20 -0500] "GET /galeria/galeria/jquery.fancybox.css?v=2.1.5 HTTP/1.1" 200 4895
186.116.120.168 - - [12/Nov/2015:06:13:21 -0500] "GET /galeria/carrusel/Carrusel/jquery-ui-1.8.13.custom.min.js HTTP/1.1" 200 10800
