201.217.216.162 - - [02/Dec/2015:06:10:51 -0500] "GET /BLA/boletinlegal/js/jquery.scrollShow.js HTTP/1.1" 200 4586
201.217.216.162 - - [02/Dec/2015:06:10:51 -0500] "GET /galeria/galeria/jquery.fancybox.js?v=2.1.5 HTTP/1.1" 200 48706
201.217.216.162 - - [02/Dec/2015:06:10:51 -0500] "GET /galeria/carrusel/Carrusel/jquery.thumbnailScroller.js HTTP/1.1" 200 8157
201.217.216.162 - - [02/Dec/2015:06:10:51 -0500] "GET /galeria/carrusel/Carrusel/jquery.thumbnailScroller.css HTTP/1.1" 200 2066
201.217.216.162 - - [02/Dec/2015:06:10:51 -0500] "GET /galeria/galeria/jquery.fancybox.css?v=2.1.5 HTTP/1.1" 200 4895
201.217.216.162 - - [02/Dec/2015:06:10:51 -0500] "GET /galeria/carrusel/Carrusel/jquery-ui-1.8.13.custom.min.js HTTP/1.1" 200 10800
201.217.216.162 - - [02/Dec/2015:06:10:51 -0500] "GET /galeria/nivo-slider/demo/demo.html HTTP/1.1" 200 4924
201.217.216.162 - - [02/Dec/2015:06:10:53 -0500] "GET /galeria/nivo-slider/demo/style.css HTTP/1.1" 200 2222
201.217.216.162 - - [02/Dec/2015:06:10:53 -0500] "GET /galeria/nivo-slider/themes/pascal/pascal.css HTTP/1.1" 200 2258
201.217.216.162 - - [02/Dec/2015:06:10:53 -0500] "GET /galeria/nivo-slider/themes/default/default.css HTTP/1.1" 200 1569
201.217.216.162 - - [02/Dec/2015:06:10:53 -0500] "GET /galeria/nivo-slider/nivo-slider.css HTTP/1.1" 200 1507
201.217.216.162 - - [02/Dec/2015:06:10:53 -0500] "GET /galeria/nivo-slider/themes/orman/orman.css HTTP/1.1" 200 2152
201.217.216.162 - - [02/Dec/2015:06:10:53 -0500] "GET /galeria/nivo-slider/demo/images/ES_Banner_COP21_03.jpg HTTP/1.1" 200 178049
201.217.216.162 - - [02/Dec/2015:06:10:53 -0500] "GET /galeria/nivo-slider/demo/scripts/jquery-1.7.1.min.js HTTP/1.1" 200 93868
201.217.216.162 - - [02/Dec/2015:06:10:53 -0500] "GET /galeria/nivo-slider/jquery.nivo.slider.pack.js HTTP/1.1" 200 11561
201.217.216.162 - - [02/Dec/2015:06:10:53 -0500] "GET /galeria/nivo-slider/demo/images/Programacion-navidena.jpg HTTP/1.1" 200 316038
201.217.216.162 - - [02/Dec/2015:06:10:53 -0500] "GET /galeria/nivo-slider/demo/images/banner-llantas2015s.jpg HTTP/1.1" 404 1314
201.217.216.162 - - [02/Dec/2015:06:10:53 -0500] "GET /galeria/nivo-slider/demo/images/2Banner-encuestaSDA.jpg HTTP/1.1" 200 208228
201.217.216.162 - - [02/Dec/2015:06:10:53 -0500] "GET /galeria/nivo-slider/demo/images/NOMINACION-OAB.jpg HTTP/1.1" 200 153067
201.217.216.162 - - [02/Dec/2015:06:10:53 -0500] "GET /galeria/nivo-slider/demo/images/ABC-Plan-de-contigencia.jpg HTTP/1.1" 200 401853
201.217.216.162 - - [02/Dec/2015:06:10:53 -0500] "GET /galeria/nivo-slider/demo/images/caminata-ecologica.jpg HTTP/1.1" 200 161069
201.217.216.162 - - [02/Dec/2015:06:10:53 -0500] "GET /galeria/nivo-slider/demo/images/Arbol-banner2015.jpg HTTP/1.1" 200 226910
66.249.66.121 - - [02/Dec/2015:06:10:53 -0500] "GET /BLA/resoluciones/AUTOS%202014/5596.pdf HTTP/1.1" 200 123982
201.217.216.162 - - [02/Dec/2015:06:10:53 -0500] "GET /galeria/nivo-slider/demo/images/Banner-ahorro-de-agua.jpg HTTP/1.1" 200 149141
201.217.216.162 - - [02/Dec/2015:06:10:54 -0500] "GET /galeria/nivo-slider/demo/images/Cmapana-onestidad.jpg HTTP/1.1" 200 141638
201.217.216.162 - - [02/Dec/2015:06:10:54 -0500] "GET /galeria/nivo-slider/demo/images/Plan-Quinquenal.jpg HTTP/1.1" 200 412438
201.217.216.162 - - [02/Dec/2015:06:10:54 -0500] "GET /galeria/nivo-slider/demo/images/PREDAcamp.jpg HTTP/1.1" 200 295358
201.217.216.162 - - [02/Dec/2015:06:10:54 -0500] "GET /galeria/nivo-slider/demo/images/banner-llantas2.jpg HTTP/1.1" 200 204644
201.217.216.162 - - [02/Dec/2015:06:10:55 -0500] "GET /galeria/nivo-slider/demo/images/9Signos.jpg HTTP/1.1" 200 81776
201.217.216.162 - - [02/Dec/2015:06:10:55 -0500] "GET /galeria/nivo-slider/demo/images/Ruta-vertimientos-01.jpg HTTP/1.1" 200 130151
201.217.216.162 - - [02/Dec/2015:06:10:55 -0500] "GET /galeria/nivo-slider/demo/images/bolsas-06.jpg HTTP/1.1" 200 90982
201.217.216.162 - - [02/Dec/2015:06:10:55 -0500] "GET /galeria/nivo-slider/demo/images/Conoce-los-humedales.jpg HTTP/1.1" 200 294036
201.217.216.162 - - [02/Dec/2015:06:10:55 -0500] "GET /galeria/nivo-slider/demo/images/ecolecta-Dic2014.png HTTP/1.1" 200 288593
201.217.216.162 - - [02/Dec/2015:06:10:55 -0500] "GET /galeria/nivo-slider/demo/images/4Simple_Slider.png HTTP/1.1" 200 11722
201.217.216.162 - - [02/Dec/2015:06:10:55 -0500] "GET /galeria/nivo-slider/themes/default/loading.gif HTTP/1.1" 200 1737
201.217.216.162 - - [02/Dec/2015:06:10:56 -0500] "GET /galeria/nivo-slider/themes/default/arrows.png HTTP/1.1" 200 824
201.217.216.162 - - [02/Dec/2015:06:10:56 -0500] "GET /galeria/nivo-slider/themes/default/bullets.png HTTP/1.1" 200 1281
201.217.216.162 - - [02/Dec/2015:06:11:13 -0500] "GET /galeria/nivo-slider/demo/images/banner-llantas2015s.jpg HTTP/1.1" 404 1314
201.217.216.162 - - [02/Dec/2015:06:11:34 -0500] "GET /galeria/nivo-slider/demo/images/banner-llantas2015s.jpg HTTP/1.1" 404 1314
181.49.76.245 - - [02/Dec/2015:06:12:50 -0500] "POST /forms/lservlet;jsessionid=ac16012b30d663a0d519e1724a65b567cf1f39810d8a.e3iSbxaKaheRe38KbN0Rb34MbNn0n6jAmljGr5XDqQLvpAe HTTP/1.1" 200 2
69.162.124.233 - - [02/Dec/2015:06:12:56 -0500] "HEAD / HTTP/1.1" 200 -
201.245.192.253 - - [02/Dec/2015:06:13:22 -0500] "GET /galeria/nivo-slider/demo/demo.html HTTP/1.1" 200 4924
201.245.192.253 - - [02/Dec/2015:06:13:26 -0500] "GET /galeria/nivo-slider/demo/images/ES_Banner_COP21_03.jpg HTTP/1.1" 304 -
201.245.192.253 - - [02/Dec/2015:06:13:26 -0500] "GET /galeria/nivo-slider/demo/images/banner-llantas2015s.jpg HTTP/1.1" 404 1314
201.245.192.253 - - [02/Dec/2015:06:13:26 -0500] "GET /galeria/nivo-slider/demo/images/Programacion-navidena.jpg HTTP/1.1" 304 -
201.245.192.253 - - [02/Dec/2015:06:13:27 -0500] "GET /galeria/nivo-slider/demo/images/Plan-Quinquenal.jpg HTTP/1.1" 304 -
201.245.192.253 - - [02/Dec/2015:06:13:38 -0500] "GET /galeria/nivo-slider/demo/images/banner-llantas2015s.jpg HTTP/1.1" 404 1314
201.245.192.253 - - [02/Dec/2015:06:13:49 -0500] "GET /galeria/nivo-slider/demo/images/banner-llantas2015s.jpg HTTP/1.1" 404 1314
66.249.66.117 - - [02/Dec/2015:06:13:58 -0500] "GET /BLA/resoluciones/AUTOS%202009/2948.pdf HTTP/1.1" 200 188352
201.217.216.162 - - [02/Dec/2015:06:14:02 -0500] "GET /BLA/boletinlegal/js/jquery.scrollShow.js HTTP/1.1" 304 -
201.217.216.162 - - [02/Dec/2015:06:14:02 -0500] "GET /galeria/galeria/jquery.fancybox.js?v=2.1.5 HTTP/1.1" 304 -
201.217.216.162 - - [02/Dec/2015:06:14:02 -0500] "GET /galeria/galeria/jquery.fancybox.css?v=2.1.5 HTTP/1.1" 304 -
191.95.243.103 - - [02/Dec/2015:06:14:07 -0500] "GET /forest/login.do HTTP/1.1" 404 1120
201.217.216.162 - - [02/Dec/2015:06:14:32 -0500] "GET /galeria/galeria/jquery.fancybox.js?v=2.1.5 HTTP/1.1" 304 -
201.217.216.162 - - [02/Dec/2015:06:14:32 -0500] "GET /BLA/boletinlegal/js/jquery.scrollShow.js HTTP/1.1" 304 -
201.217.216.162 - - [02/Dec/2015:06:14:32 -0500] "GET /galeria/galeria/jquery.fancybox.css?v=2.1.5 HTTP/1.1" 304 -
181.49.76.245 - - [02/Dec/2015:06:14:50 -0500] "POST /forms/lservlet;jsessionid=ac16012b30d663a0d519e1724a65b567cf1f39810d8a.e3iSbxaKaheRe38KbN0Rb34MbNn0n6jAmljGr5XDqQLvpAe HTTP/1.1" 200 2
181.143.34.226 - - [02/Dec/2015:06:15:14 -0500] "GET /galeria/nivo-slider/demo/demo.html HTTP/1.1" 200 4924
181.143.34.226 - - [02/Dec/2015:06:15:17 -0500] "GET /galeria/nivo-slider/demo/images/ES_Banner_COP21_03.jpg HTTP/1.1" 304 -
181.143.34.226 - - [02/Dec/2015:06:15:18 -0500] "GET /galeria/nivo-slider/demo/images/banner-llantas2015s.jpg HTTP/1.1" 404 1314
181.143.34.226 - - [02/Dec/2015:06:15:18 -0500] "GET /galeria/nivo-slider/demo/images/Programacion-navidena.jpg HTTP/1.1" 304 -
181.143.34.226 - - [02/Dec/2015:06:15:31 -0500] "GET /galeria/nivo-slider/demo/images/banner-llantas2015s.jpg HTTP/1.1" 404 1314
181.143.34.226 - - [02/Dec/2015:06:15:42 -0500] "GET /galeria/nivo-slider/demo/images/banner-llantas2015s.jpg HTTP/1.1" 404 1314
181.143.34.226 - - [02/Dec/2015:06:15:54 -0500] "GET /galeria/nivo-slider/demo/images/banner-llantas2015s.jpg HTTP/1.1" 404 1314
181.143.34.226 - - [02/Dec/2015:06:16:05 -0500] "GET /galeria/nivo-slider/demo/images/banner-llantas2015s.jpg HTTP/1.1" 404 1314
181.143.34.226 - - [02/Dec/2015:06:16:16 -0500] "GET /galeria/nivo-slider/demo/images/banner-llantas2015s.jpg HTTP/1.1" 404 1314
201.245.192.253 - - [02/Dec/2015:06:16:48 -0500] "GET /galeria/nivo-slider/demo/images/banner-llantas2015s.jpg HTTP/1.1" 404 1314
181.49.76.245 - - [02/Dec/2015:06:16:50 -0500] "POST /forms/lservlet;jsessionid=ac16012b30d663a0d519e1724a65b567cf1f39810d8a.e3iSbxaKaheRe38KbN0Rb34MbNn0n6jAmljGr5XDqQLvpAe HTTP/1.1" 200 2
201.245.192.253 - - [02/Dec/2015:06:16:58 -0500] "GET /galeria/nivo-slider/demo/images/banner-llantas2015s.jpg HTTP/1.1" 404 1314
66.249.66.121 - - [02/Dec/2015:06:17:02 -0500] "GET /BLA/resoluciones/RESOLUCIONES%202009/3322.pdf HTTP/1.1" 200 526471
201.110.235.17 - - [02/Dec/2015:06:17:04 -0500] "GET /galeria/galeria/jquery.fancybox.css?v=2.1.5 HTTP/1.1" 200 4895
201.110.235.17 - - [02/Dec/2015:06:17:04 -0500] "GET /BLA/boletinlegal/js/jquery.scrollShow.js HTTP/1.1" 200 4586
201.110.235.17 - - [02/Dec/2015:06:17:04 -0500] "GET /galeria/galeria/jquery.fancybox.js?v=2.1.5 HTTP/1.1" 200 48706
201.110.235.17 - - [02/Dec/2015:06:17:19 -0500] "GET /BLA/boletinlegal/js/jquery.scrollShow.js HTTP/1.1" 304 -
201.110.235.17 - - [02/Dec/2015:06:17:20 -0500] "GET /galeria/galeria/jquery.fancybox.js?v=2.1.5 HTTP/1.1" 304 -
201.110.235.17 - - [02/Dec/2015:06:17:20 -0500] "GET /galeria/galeria/jquery.fancybox.css?v=2.1.5 HTTP/1.1" 304 -
151.80.31.144 - - [02/Dec/2015:06:17:31 -0500] "GET /BLA/resoluciones/index.php?dir=RESOLUCIONES+2006%2FRES+2006+1351-1400%2F HTTP/1.1" 200 12367
201.110.235.17 - - [02/Dec/2015:06:17:32 -0500] "GET /galeria/galeria/jquery.fancybox.js?v=2.1.5 HTTP/1.1" 304 -
69.162.124.233 - - [02/Dec/2015:06:17:56 -0500] "HEAD / HTTP/1.1" 200 -
181.49.76.245 - - [02/Dec/2015:06:18:50 -0500] "POST /forms/lservlet;jsessionid=ac16012b30d663a0d519e1724a65b567cf1f39810d8a.e3iSbxaKaheRe38KbN0Rb34MbNn0n6jAmljGr5XDqQLvpAe HTTP/1.1" 200 2
151.80.31.144 - - [02/Dec/2015:06:18:58 -0500] "GET /BLA/resoluciones/RESOLUCIONES%202006/RES%202006%201751-1800/00001799.tif HTTP/1.1" 200 131380
151.80.31.144 - - [02/Dec/2015:06:19:04 -0500] "GET /BLA/resoluciones/RESOLUCIONES%202006/RES%202006%201251-1300/00001259.tif HTTP/1.1" 200 93842
181.143.34.226 - - [02/Dec/2015:06:19:17 -0500] "GET /galeria/nivo-slider/demo/images/banner-llantas2015s.jpg HTTP/1.1" 404 1314
151.80.31.144 - - [02/Dec/2015:06:19:20 -0500] "GET /BLA/resoluciones/AUTOS%202006/AUTOS%202006%20701-800/00000759.tif HTTP/1.1" 200 99992
181.143.34.226 - - [02/Dec/2015:06:19:27 -0500] "GET /galeria/nivo-slider/demo/images/banner-llantas2015s.jpg HTTP/1.1" 404 1314
151.80.31.144 - - [02/Dec/2015:06:19:45 -0500] "GET /BLA/resoluciones/RESOLUCIONES%202005/RES%202005%202751-2800/00002752.tif HTTP/1.1" 200 67796
191.95.243.103 - - [02/Dec/2015:06:20:02 -0500] "GET /forest/login.do HTTP/1.1" 404 1120
66.249.66.119 - - [02/Dec/2015:06:20:07 -0500] "GET /BLA/resoluciones/RESOLUCIONES%202010/6039.pdf HTTP/1.1" 200 634803
151.80.31.144 - - [02/Dec/2015:06:20:50 -0500] "GET /BLA/resoluciones/RESOLUCIONES%202004/RES%202004%201151-1200/00001155.tif HTTP/1.1" 200 195162
181.49.76.245 - - [02/Dec/2015:06:20:50 -0500] "POST /forms/lservlet;jsessionid=ac16012b30d663a0d519e1724a65b567cf1f39810d8a.e3iSbxaKaheRe38KbN0Rb34MbNn0n6jAmljGr5XDqQLvpAe HTTP/1.1" 200 2
66.249.67.131 - - [02/Dec/2015:06:21:14 -0500] "GET /robots.txt HTTP/1.1" 301 334
181.63.61.112 - - [02/Dec/2015:06:21:22 -0500] "GET /BLA/boletinlegal/js/jquery.scrollShow.js HTTP/1.1" 200 4586
181.63.61.112 - - [02/Dec/2015:06:21:22 -0500] "GET /galeria/galeria/jquery.fancybox.js?v=2.1.5 HTTP/1.1" 200 48706
181.63.61.112 - - [02/Dec/2015:06:21:22 -0500] "GET /galeria/galeria/jquery.fancybox.css?v=2.1.5 HTTP/1.1" 200 4895
181.63.61.112 - - [02/Dec/2015:06:21:22 -0500] "GET /galeria/carrusel/Carrusel/jquery.thumbnailScroller.css HTTP/1.1" 200 2066
181.63.61.112 - - [02/Dec/2015:06:21:22 -0500] "GET /galeria/carrusel/Carrusel/jquery-ui-1.8.13.custom.min.js HTTP/1.1" 200 10800
181.63.61.112 - - [02/Dec/2015:06:21:22 -0500] "GET /galeria/carrusel/Carrusel/jquery.thumbnailScroller.js HTTP/1.1" 200 8157
181.63.61.112 - - [02/Dec/2015:06:21:24 -0500] "GET /galeria/nivo-slider/demo/demo.html HTTP/1.1" 200 4924
181.63.61.112 - - [02/Dec/2015:06:21:25 -0500] "GET /galeria/nivo-slider/themes/default/default.css HTTP/1.1" 200 1569
181.63.61.112 - - [02/Dec/2015:06:21:25 -0500] "GET /galeria/nivo-slider/themes/pascal/pascal.css HTTP/1.1" 200 2258
181.63.61.112 - - [02/Dec/2015:06:21:25 -0500] "GET /galeria/nivo-slider/themes/orman/orman.css HTTP/1.1" 200 2152
181.63.61.112 - - [02/Dec/2015:06:21:25 -0500] "GET /galeria/nivo-slider/nivo-slider.css HTTP/1.1" 200 1507
181.63.61.112 - - [02/Dec/2015:06:21:25 -0500] "GET /galeria/nivo-slider/demo/style.css HTTP/1.1" 200 2222
181.63.61.112 - - [02/Dec/2015:06:21:25 -0500] "GET /galeria/nivo-slider/jquery.nivo.slider.pack.js HTTP/1.1" 200 11561
181.63.61.112 - - [02/Dec/2015:06:21:25 -0500] "GET /galeria/nivo-slider/demo/images/ES_Banner_COP21_03.jpg HTTP/1.1" 200 178049
181.63.61.112 - - [02/Dec/2015:06:21:25 -0500] "GET /galeria/nivo-slider/demo/scripts/jquery-1.7.1.min.js HTTP/1.1" 200 93868
181.63.61.112 - - [02/Dec/2015:06:21:25 -0500] "GET /galeria/nivo-slider/demo/images/banner-llantas2015s.jpg HTTP/1.1" 404 1314
181.63.61.112 - - [02/Dec/2015:06:21:25 -0500] "GET /galeria/nivo-slider/demo/images/Programacion-navidena.jpg HTTP/1.1" 200 316038
181.63.61.112 - - [02/Dec/2015:06:21:25 -0500] "GET /galeria/nivo-slider/demo/images/2Banner-encuestaSDA.jpg HTTP/1.1" 200 208228
181.63.61.112 - - [02/Dec/2015:06:21:25 -0500] "GET /galeria/nivo-slider/demo/images/NOMINACION-OAB.jpg HTTP/1.1" 200 153067
181.63.61.112 - - [02/Dec/2015:06:21:25 -0500] "GET /galeria/nivo-slider/demo/images/ABC-Plan-de-contigencia.jpg HTTP/1.1" 200 401853
181.63.61.112 - - [02/Dec/2015:06:21:26 -0500] "GET /galeria/nivo-slider/demo/images/4Simple_Slider.png HTTP/1.1" 200 11722
181.63.61.112 - - [02/Dec/2015:06:21:26 -0500] "GET /galeria/nivo-slider/demo/images/banner-llantas2015s.jpg HTTP/1.1" 404 1314
181.63.61.112 - - [02/Dec/2015:06:21:26 -0500] "GET /galeria/nivo-slider/themes/default/loading.gif HTTP/1.1" 200 1737
181.63.61.112 - - [02/Dec/2015:06:21:26 -0500] "GET /galeria/nivo-slider/demo/images/caminata-ecologica.jpg HTTP/1.1" 200 161069
181.63.61.112 - - [02/Dec/2015:06:21:27 -0500] "GET /galeria/nivo-slider/demo/images/Arbol-banner2015.jpg HTTP/1.1" 200 226910
181.63.61.112 - - [02/Dec/2015:06:21:27 -0500] "GET /galeria/nivo-slider/demo/images/Banner-ahorro-de-agua.jpg HTTP/1.1" 200 149141
181.63.61.112 - - [02/Dec/2015:06:21:27 -0500] "GET /galeria/nivo-slider/demo/images/Cmapana-onestidad.jpg HTTP/1.1" 200 141638
181.63.61.112 - - [02/Dec/2015:06:21:27 -0500] "GET /galeria/nivo-slider/demo/images/Plan-Quinquenal.jpg HTTP/1.1" 200 412438
181.63.61.112 - - [02/Dec/2015:06:21:28 -0500] "GET /galeria/nivo-slider/demo/images/ABC-Plan-de-contigencia.jpg HTTP/1.1" 206 1
181.63.61.112 - - [02/Dec/2015:06:21:28 -0500] "GET /galeria/nivo-slider/demo/images/Banner-ahorro-de-agua.jpg HTTP/1.1" 206 1
181.63.61.112 - - [02/Dec/2015:06:21:28 -0500] "GET /galeria/nivo-slider/demo/images/Arbol-banner2015.jpg HTTP/1.1" 206 1
181.63.61.112 - - [02/Dec/2015:06:21:28 -0500] "GET /galeria/nivo-slider/demo/images/Cmapana-onestidad.jpg HTTP/1.1" 206 1
181.63.61.112 - - [02/Dec/2015:06:21:28 -0500] "GET /galeria/nivo-slider/demo/images/Arbol-banner2015.jpg HTTP/1.1" 206 211117
181.63.61.112 - - [02/Dec/2015:06:21:28 -0500] "GET /galeria/nivo-slider/demo/images/Banner-ahorro-de-agua.jpg HTTP/1.1" 206 96848
181.63.61.112 - - [02/Dec/2015:06:21:28 -0500] "GET /galeria/nivo-slider/demo/images/ABC-Plan-de-contigencia.jpg HTTP/1.1" 206 213780
181.63.61.112 - - [02/Dec/2015:06:21:28 -0500] "GET /galeria/nivo-slider/demo/images/Cmapana-onestidad.jpg HTTP/1.1" 206 28025
190.158.109.248 - - [02/Dec/2015:06:21:28 -0500] "GET /isolucionsda/Session.asp HTTP/1.1" 200 6406
190.158.109.248 - - [02/Dec/2015:06:21:28 -0500] "GET /isolucionsda/SesionExpira.asp HTTP/1.1" 200 7438
190.158.109.248 - - [02/Dec/2015:06:21:28 -0500] "GET /isolucionsda/SesionNeutra.asp HTTP/1.1" 200 243
181.63.61.112 - - [02/Dec/2015:06:21:28 -0500] "GET /galeria/nivo-slider/demo/images/Plan-Quinquenal.jpg HTTP/1.1" 200 412438
181.63.61.112 - - [02/Dec/2015:06:21:28 -0500] "GET /galeria/nivo-slider/demo/images/PREDAcamp.jpg HTTP/1.1" 200 295358
181.63.61.112 - - [02/Dec/2015:06:21:29 -0500] "GET /galeria/nivo-slider/demo/images/banner-llantas2.jpg HTTP/1.1" 200 204644
181.63.61.112 - - [02/Dec/2015:06:21:29 -0500] "GET /galeria/nivo-slider/demo/images/9Signos.jpg HTTP/1.1" 200 81776
181.63.61.112 - - [02/Dec/2015:06:21:29 -0500] "GET /galeria/nivo-slider/demo/images/Ruta-vertimientos-01.jpg HTTP/1.1" 200 130151
181.63.61.112 - - [02/Dec/2015:06:21:30 -0500] "GET /galeria/nivo-slider/demo/images/bolsas-06.jpg HTTP/1.1" 200 90982
181.63.61.112 - - [02/Dec/2015:06:21:30 -0500] "GET /galeria/nivo-slider/demo/images/Conoce-los-humedales.jpg HTTP/1.1" 200 294036
181.63.61.112 - - [02/Dec/2015:06:21:30 -0500] "GET /galeria/nivo-slider/demo/images/ecolecta-Dic2014.png HTTP/1.1" 200 288593
190.158.109.248 - - [02/Dec/2015:06:21:31 -0500] "GET /isolucionsda/Session.asp?Continue=1 HTTP/1.1" 200 6323
181.63.61.112 - - [02/Dec/2015:06:21:34 -0500] "GET /galeria/galeria/jquery.fancybox.js?v=2.1.5 HTTP/1.1" 304 -
181.63.61.112 - - [02/Dec/2015:06:21:34 -0500] "GET /galeria/galeria/jquery.fancybox.css?v=2.1.5 HTTP/1.1" 304 -
181.63.61.112 - - [02/Dec/2015:06:21:34 -0500] "GET /BLA/boletinlegal/js/jquery.scrollShow.js HTTP/1.1" 304 -
181.143.34.226 - - [02/Dec/2015:06:22:40 -0500] "GET /galeria/nivo-slider/demo/images/banner-llantas2015s.jpg HTTP/1.1" 404 1314
181.49.76.245 - - [02/Dec/2015:06:22:50 -0500] "POST /forms/lservlet;jsessionid=ac16012b30d663a0d519e1724a65b567cf1f39810d8a.e3iSbxaKaheRe38KbN0Rb34MbNn0n6jAmljGr5XDqQLvpAe HTTP/1.1" 200 2
181.143.34.226 - - [02/Dec/2015:06:22:50 -0500] "GET /galeria/nivo-slider/demo/images/banner-llantas2015s.jpg HTTP/1.1" 404 1314
69.162.124.233 - - [02/Dec/2015:06:22:56 -0500] "HEAD / HTTP/1.1" 200 -
181.143.34.226 - - [02/Dec/2015:06:22:59 -0500] "GET /BLA/boletinlegal/js/jquery.scrollShow.js HTTP/1.1" 304 -
181.143.34.226 - - [02/Dec/2015:06:22:59 -0500] "GET /galeria/galeria/jquery.fancybox.css?v=2.1.5 HTTP/1.1" 304 -
181.143.34.226 - - [02/Dec/2015:06:22:59 -0500] "GET /galeria/galeria/jquery.fancybox.js?v=2.1.5 HTTP/1.1" 304 -
66.249.66.121 - - [02/Dec/2015:06:23:12 -0500] "GET /BLA/resoluciones/RESOLUCIONES%202011/3813.pdf HTTP/1.1" 200 120078
190.24.154.2 - - [02/Dec/2015:06:23:37 -0500] "GET /wp-content/uploads/2015/08/banner2.png HTTP/1.1" 301 362
190.24.154.2 - - [02/Dec/2015:06:23:37 -0500] "GET /wp-content/uploads/2015/08/fotos1b.png HTTP/1.1" 301 362
190.24.154.2 - - [02/Dec/2015:06:23:37 -0500] "GET /wp-content/uploads/2015/08/fotos2b.png HTTP/1.1" 301 362
190.24.154.2 - - [02/Dec/2015:06:23:37 -0500] "GET /wp-content/uploads/2015/08/fotos3b.png HTTP/1.1" 301 362
190.24.154.2 - - [02/Dec/2015:06:23:38 -0500] "GET /wp-content/uploads/2015/08/danos.png HTTP/1.1" 301 360
190.24.154.2 - - [02/Dec/2015:06:23:38 -0500] "GET /wp-content/uploads/2015/07/UNO.png HTTP/1.1" 301 358
190.24.154.2 - - [02/Dec/2015:06:23:38 -0500] "GET /wp-content/uploads/2015/07/DOS.png HTTP/1.1" 301 358
190.24.154.2 - - [02/Dec/2015:06:23:38 -0500] "GET /wp-content/uploads/2015/07/TERCER.png HTTP/1.1" 301 361
190.24.154.2 - - [02/Dec/2015:06:23:38 -0500] "GET /wp-content/uploads/2015/07/CUARTO.png HTTP/1.1" 301 361
181.129.126.178 - - [02/Dec/2015:06:24:05 -0500] "GET /galeria/galeria/jquery.fancybox.js?v=2.1.5 HTTP/1.1" 200 48706
181.129.126.178 - - [02/Dec/2015:06:24:06 -0500] "GET /galeria/galeria/jquery.fancybox.css?v=2.1.5 HTTP/1.1" 200 4895
181.129.126.178 - - [02/Dec/2015:06:24:07 -0500] "GET /galeria/carrusel/Carrusel/jquery.thumbnailScroller.js HTTP/1.1" 200 8157
151.80.31.144 - - [02/Dec/2015:06:24:15 -0500] "GET /BLA/resoluciones/AUTOS%202006/AUTOS%202006%201101-1200/00001185.tif HTTP/1.1" 200 58444
181.49.76.245 - - [02/Dec/2015:06:24:50 -0500] "POST /forms/lservlet;jsessionid=ac16012b30d663a0d519e1724a65b567cf1f39810d8a.e3iSbxaKaheRe38KbN0Rb34MbNn0n6jAmljGr5XDqQLvpAe HTTP/1.1" 200 2
151.80.31.144 - - [02/Dec/2015:06:24:57 -0500] "GET /BLA/resoluciones/AUTOS%202006/AUTOS%202006%202501%20-%202600/00002548.tif HTTP/1.1" 200 52590
190.158.109.248 - - [02/Dec/2015:06:25:13 -0500] "GET /BLA/ HTTP/1.1" 200 538
190.158.109.248 - - [02/Dec/2015:06:25:15 -0500] "GET /BLA/boletinlegal/actos.php HTTP/1.1" 200 7620
190.158.109.248 - - [02/Dec/2015:06:25:23 -0500] "GET /BLA/boletinlegal/consulta_actos.php?tipo=autos&no=&usuario=natesa&sector=&fecha=2015&resuelve= HTTP/1.1" 200 626
190.158.109.248 - - [02/Dec/2015:06:25:14 -0500] "GET /BLA/boletinlegal/index.php HTTP/1.1" 200 16331
190.158.109.248 - - [02/Dec/2015:06:25:27 -0500] "GET /BLA/boletinlegal/consulta_actos.php?tipo=autos&no=&usuario=natesa&sector=&fecha=2014&resuelve= HTTP/1.1" 200 626
190.158.109.248 - - [02/Dec/2015:06:25:28 -0500] "GET /BLA/boletinlegal/consulta_actos.php?tipo=autos&no=&usuario=natesa&sector=&fecha=2014&resuelve= HTTP/1.1" 200 626
190.158.109.248 - - [02/Dec/2015:06:25:39 -0500] "GET /BLA/boletinlegal/consulta_actos.php?tipo=autos&no=&usuario=natesa&sector=&fecha=2011&resuelve= HTTP/1.1" 200 626
190.158.109.248 - - [02/Dec/2015:06:25:40 -0500] "GET /BLA/boletinlegal/consulta_actos.php?tipo=autos&no=&usuario=natesa&sector=&fecha=2011&resuelve= HTTP/1.1" 200 626
190.158.109.248 - - [02/Dec/2015:06:25:42 -0500] "GET /BLA/boletinlegal/consulta_actos.php?tipo=autos&no=&usuario=natesa&sector=&fecha=2012&resuelve= HTTP/1.1" 200 626
190.158.109.248 - - [02/Dec/2015:06:25:45 -0500] "GET /BLA/boletinlegal/consulta_actos.php?tipo=autos&no=&usuario=natesa&sector=&fecha=2013&resuelve= HTTP/1.1" 200 1101
181.143.34.226 - - [02/Dec/2015:06:25:48 -0500] "GET /galeria/nivo-slider/demo/images/banner-llantas2015s.jpg HTTP/1.1" 404 1314
190.158.109.248 - - [02/Dec/2015:06:25:53 -0500] "GET /BLA/boletinlegal/consulta_actos.php?tipo=autos&no=&usuario=natesa&sector=&fecha=2014&resuelve= HTTP/1.1" 200 626
190.158.109.248 - - [02/Dec/2015:06:25:56 -0500] "GET /BLA/boletinlegal/consulta_actos.php?tipo=autos&no=&usuario=natesa&sector=&fecha=2015&resuelve= HTTP/1.1" 200 626
181.143.34.226 - - [02/Dec/2015:06:25:58 -0500] "GET /galeria/nivo-slider/demo/images/banner-llantas2015s.jpg HTTP/1.1" 404 1314
66.249.66.121 - - [02/Dec/2015:06:26:16 -0500] "GET /BLA/resoluciones/AUTOS%202013/1932.pdf HTTP/1.1" 200 1738474
66.249.88.228 - - [02/Dec/2015:06:26:27 -0500] "GET /BLA/boletinlegal/js/jquery.scrollShow.js HTTP/1.1" 200 4586
66.249.88.228 - - [02/Dec/2015:06:26:30 -0500] "GET /galeria/carrusel/Carrusel/jquery.thumbnailScroller.css HTTP/1.1" 200 2066
66.249.88.233 - - [02/Dec/2015:06:26:31 -0500] "GET /galeria/galeria/jquery.fancybox.css?v=2.1.5 HTTP/1.1" 200 4895
66.249.88.228 - - [02/Dec/2015:06:26:31 -0500] "GET /galeria/galeria/jquery.fancybox.js?v=2.1.5 HTTP/1.1" 200 48706
66.249.88.233 - - [02/Dec/2015:06:26:31 -0500] "GET /galeria/carrusel/Carrusel/jquery-ui-1.8.13.custom.min.js HTTP/1.1" 200 10800
66.249.88.233 - - [02/Dec/2015:06:26:31 -0500] "GET /galeria/carrusel/Carrusel/jquery.thumbnailScroller.js HTTP/1.1" 200 8157
66.249.88.228 - - [02/Dec/2015:06:26:33 -0500] "GET /galeria/nivo-slider/demo/demo.html HTTP/1.1" 200 4924
66.249.88.228 - - [02/Dec/2015:06:26:33 -0500] "GET /galeria/nivo-slider/demo/images/ecolecta-Dic2014.png HTTP/1.1" 200 288593
66.249.88.233 - - [02/Dec/2015:06:26:33 -0500] "GET /galeria/nivo-slider/themes/default/default.css HTTP/1.1" 200 1569
66.249.88.233 - - [02/Dec/2015:06:26:33 -0500] "GET /galeria/nivo-slider/nivo-slider.css HTTP/1.1" 200 1507
66.249.88.233 - - [02/Dec/2015:06:26:33 -0500] "GET /galeria/nivo-slider/themes/pascal/pascal.css HTTP/1.1" 200 2258
66.249.88.228 - - [02/Dec/2015:06:26:33 -0500] "GET /galeria/nivo-slider/demo/images/ABC-Plan-de-contigencia.jpg HTTP/1.1" 200 401853
66.249.88.223 - - [02/Dec/2015:06:26:33 -0500] "GET /galeria/nivo-slider/demo/scripts/jquery-1.7.1.min.js HTTP/1.1" 200 93868
66.249.88.223 - - [02/Dec/2015:06:26:33 -0500] "GET /galeria/nivo-slider/demo/images/Conoce-los-humedales.jpg HTTP/1.1" 200 294036
66.249.88.223 - - [02/Dec/2015:06:26:33 -0500] "GET /galeria/nivo-slider/demo/images/Arbol-banner2015.jpg HTTP/1.1" 200 226910
66.249.88.228 - - [02/Dec/2015:06:26:33 -0500] "GET /galeria/nivo-slider/demo/images/Banner-ahorro-de-agua.jpg HTTP/1.1" 200 149141
66.249.88.223 - - [02/Dec/2015:06:26:33 -0500] "GET /galeria/nivo-slider/themes/orman/orman.css HTTP/1.1" 200 2152
66.249.88.233 - - [02/Dec/2015:06:26:33 -0500] "GET /galeria/nivo-slider/demo/images/banner-llantas2.jpg HTTP/1.1" 200 204644
66.249.88.223 - - [02/Dec/2015:06:26:33 -0500] "GET /galeria/nivo-slider/demo/images/Ruta-vertimientos-01.jpg HTTP/1.1" 200 130151
66.249.88.233 - - [02/Dec/2015:06:26:33 -0500] "GET /galeria/nivo-slider/demo/images/ES_Banner_COP21_03.jpg HTTP/1.1" 200 178049
66.249.88.228 - - [02/Dec/2015:06:26:34 -0500] "GET /galeria/nivo-slider/demo/style.css HTTP/1.1" 200 2222
66.249.88.223 - - [02/Dec/2015:06:26:34 -0500] "GET /galeria/nivo-slider/demo/images/9Signos.jpg HTTP/1.1" 200 81776
66.249.88.233 - - [02/Dec/2015:06:26:33 -0500] "GET /galeria/nivo-slider/demo/images/Plan-Quinquenal.jpg HTTP/1.1" 200 412438
66.249.88.228 - - [02/Dec/2015:06:26:34 -0500] "GET /galeria/nivo-slider/demo/images/Cmapana-onestidad.jpg HTTP/1.1" 200 141638
66.249.88.223 - - [02/Dec/2015:06:26:34 -0500] "GET /galeria/nivo-slider/jquery.nivo.slider.pack.js HTTP/1.1" 200 11561
66.249.88.233 - - [02/Dec/2015:06:26:34 -0500] "GET /galeria/nivo-slider/demo/images/Programacion-navidena.jpg HTTP/1.1" 200 316038
66.249.88.223 - - [02/Dec/2015:06:26:34 -0500] "GET /galeria/nivo-slider/demo/images/2Banner-encuestaSDA.jpg HTTP/1.1" 200 208228
66.249.88.223 - - [02/Dec/2015:06:26:33 -0500] "GET /galeria/nivo-slider/demo/images/banner-llantas2015s.jpg HTTP/1.1" 404 1314
66.249.88.228 - - [02/Dec/2015:06:26:34 -0500] "GET /galeria/nivo-slider/demo/images/caminata-ecologica.jpg HTTP/1.1" 200 161069
66.249.88.233 - - [02/Dec/2015:06:26:34 -0500] "GET /galeria/nivo-slider/demo/images/PREDAcamp.jpg HTTP/1.1" 200 295358
66.249.88.223 - - [02/Dec/2015:06:26:34 -0500] "GET /galeria/nivo-slider/demo/images/NOMINACION-OAB.jpg HTTP/1.1" 200 153067
66.249.88.223 - - [02/Dec/2015:06:26:34 -0500] "GET /galeria/nivo-slider/demo/images/bolsas-06.jpg HTTP/1.1" 200 90982
66.249.88.223 - - [02/Dec/2015:06:26:34 -0500] "GET /galeria/nivo-slider/demo/images/4Simple_Slider.png HTTP/1.1" 200 11722
66.249.88.233 - - [02/Dec/2015:06:26:34 -0500] "GET /galeria/nivo-slider/themes/default/loading.gif HTTP/1.1" 200 1737
66.249.88.233 - - [02/Dec/2015:06:26:38 -0500] "GET /galeria/nivo-slider/themes/default/arrows.png HTTP/1.1" 200 824
66.249.88.223 - - [02/Dec/2015:06:26:38 -0500] "GET /galeria/nivo-slider/themes/default/bullets.png HTTP/1.1" 200 1281
66.249.88.223 - - [02/Dec/2015:06:26:48 -0500] "GET /galeria/nivo-slider/demo/images/banner-llantas2015s.jpg HTTP/1.1" 404 1314
181.49.76.245 - - [02/Dec/2015:06:26:50 -0500] "POST /forms/lservlet;jsessionid=ac16012b30d663a0d519e1724a65b567cf1f39810d8a.e3iSbxaKaheRe38KbN0Rb34MbNn0n6jAmljGr5XDqQLvpAe HTTP/1.1" 200 2
66.249.88.223 - - [02/Dec/2015:06:26:58 -0500] "GET /galeria/nivo-slider/demo/images/banner-llantas2015s.jpg HTTP/1.1" 404 1314
151.80.31.144 - - [02/Dec/2015:06:27:43 -0500] "GET /BLA/resoluciones/RESOLUCIONES%202005/RES%202005%20401-450/00000429.tif HTTP/1.1" 200 142028
69.162.124.233 - - [02/Dec/2015:06:27:56 -0500] "HEAD / HTTP/1.1" 200 -
181.211.16.213 - - [02/Dec/2015:06:28:06 -0500] "GET /galeria/galeria/jquery.fancybox.css?v=2.1.5 HTTP/1.1" 200 4895
181.211.16.213 - - [02/Dec/2015:06:28:06 -0500] "GET /BLA/boletinlegal/js/jquery.scrollShow.js HTTP/1.1" 200 4586
181.211.16.213 - - [02/Dec/2015:06:28:06 -0500] "GET /galeria/galeria/jquery.fancybox.js?v=2.1.5 HTTP/1.1" 200 48706
181.49.16.226 - - [02/Dec/2015:06:28:18 -0500] "GET /galeria/galeria/jquery.fancybox.css?v=2.1.5 HTTP/1.1" 200 4895
181.49.16.226 - - [02/Dec/2015:06:28:18 -0500] "GET /BLA/boletinlegal/js/jquery.scrollShow.js HTTP/1.1" 200 4586
181.49.16.226 - - [02/Dec/2015:06:28:19 -0500] "GET /galeria/galeria/jquery.fancybox.js?v=2.1.5 HTTP/1.1" 200 48706
181.211.16.213 - - [02/Dec/2015:06:28:32 -0500] "GET /galeria/galeria/jquery.fancybox.css?v=2.1.5 HTTP/1.1" 304 -
181.211.16.213 - - [02/Dec/2015:06:28:32 -0500] "GET /galeria/galeria/jquery.fancybox.js?v=2.1.5 HTTP/1.1" 304 -
181.211.16.213 - - [02/Dec/2015:06:28:32 -0500] "GET /BLA/boletinlegal/js/jquery.scrollShow.js HTTP/1.1" 304 -
181.49.16.226 - - [02/Dec/2015:06:28:41 -0500] "GET /BLA/boletinlegal/js/jquery.scrollShow.js HTTP/1.1" 304 -
181.49.16.226 - - [02/Dec/2015:06:28:41 -0500] "GET /galeria/galeria/jquery.fancybox.js?v=2.1.5 HTTP/1.1" 304 -
181.49.16.226 - - [02/Dec/2015:06:28:41 -0500] "GET /galeria/galeria/jquery.fancybox.css?v=2.1.5 HTTP/1.1" 304 -
181.49.76.245 - - [02/Dec/2015:06:28:50 -0500] "POST /forms/lservlet;jsessionid=ac16012b30d663a0d519e1724a65b567cf1f39810d8a.e3iSbxaKaheRe38KbN0Rb34MbNn0n6jAmljGr5XDqQLvpAe HTTP/1.1" 200 2
181.143.34.226 - - [02/Dec/2015:06:28:56 -0500] "GET /galeria/nivo-slider/demo/images/banner-llantas2015s.jpg HTTP/1.1" 404 1314
181.143.34.226 - - [02/Dec/2015:06:29:07 -0500] "GET /galeria/nivo-slider/demo/images/banner-llantas2015s.jpg HTTP/1.1" 404 1314
66.249.66.119 - - [02/Dec/2015:06:29:21 -0500] "GET /BLA/resoluciones/RESOLUCIONES%202013/2399.pdf HTTP/1.1" 304 -
66.249.88.233 - - [02/Dec/2015:06:30:00 -0500] "GET /galeria/nivo-slider/demo/images/banner-llantas2015s.jpg HTTP/1.1" 404 1314
201.245.192.253 - - [02/Dec/2015:06:30:00 -0500] "GET /galeria/galeria/jquery.fancybox.js?v=2.1.5 HTTP/1.1" 304 -
201.245.192.253 - - [02/Dec/2015:06:30:00 -0500] "GET /galeria/galeria/jquery.fancybox.css?v=2.1.5 HTTP/1.1" 304 -
201.245.192.253 - - [02/Dec/2015:06:30:01 -0500] "GET /galeria/nivo-slider/demo/demo.html HTTP/1.1" 200 4924
201.245.192.253 - - [02/Dec/2015:06:30:02 -0500] "GET /galeria/nivo-slider/demo/images/banner-llantas2015s.jpg HTTP/1.1" 404 1314
201.245.192.253 - - [02/Dec/2015:06:30:02 -0500] "GET /galeria/nivo-slider/themes/default/default.css HTTP/1.1" 304 -
201.245.192.253 - - [02/Dec/2015:06:30:02 -0500] "GET /galeria/nivo-slider/demo/images/ES_Banner_COP21_03.jpg HTTP/1.1" 304 -
201.245.192.253 - - [02/Dec/2015:06:30:02 -0500] "GET /galeria/nivo-slider/demo/images/Programacion-navidena.jpg HTTP/1.1" 304 -
201.245.192.253 - - [02/Dec/2015:06:30:02 -0500] "GET /galeria/nivo-slider/demo/images/2Banner-encuestaSDA.jpg HTTP/1.1" 304 -
201.245.192.253 - - [02/Dec/2015:06:30:02 -0500] "GET /galeria/nivo-slider/demo/images/NOMINACION-OAB.jpg HTTP/1.1" 304 -
201.245.192.253 - - [02/Dec/2015:06:30:02 -0500] "GET /galeria/nivo-slider/demo/images/ABC-Plan-de-contigencia.jpg HTTP/1.1" 304 -
201.245.192.253 - - [02/Dec/2015:06:30:02 -0500] "GET /galeria/nivo-slider/demo/images/Arbol-banner2015.jpg HTTP/1.1" 304 -
201.245.192.253 - - [02/Dec/2015:06:30:02 -0500] "GET /galeria/nivo-slider/demo/images/Plan-Quinquenal.jpg HTTP/1.1" 304 -
201.245.192.253 - - [02/Dec/2015:06:30:02 -0500] "GET /galeria/nivo-slider/demo/images/PREDAcamp.jpg HTTP/1.1" 304 -
66.249.88.223 - - [02/Dec/2015:06:30:11 -0500] "GET /galeria/nivo-slider/demo/images/banner-llantas2015s.jpg HTTP/1.1" 404 1314
181.49.76.245 - - [02/Dec/2015:06:30:50 -0500] "POST /forms/lservlet;jsessionid=ac16012b30d663a0d519e1724a65b567cf1f39810d8a.e3iSbxaKaheRe38KbN0Rb34MbNn0n6jAmljGr5XDqQLvpAe HTTP/1.1" 200 2
181.143.34.226 - - [02/Dec/2015:06:32:10 -0500] "GET /galeria/nivo-slider/demo/images/banner-llantas2015s.jpg HTTP/1.1" 404 1314
186.117.94.132 - - [02/Dec/2015:06:32:13 -0500] "GET /galeria/galeria/jquery.fancybox.css?v=2.1.5 HTTP/1.1" 200 4895
186.117.94.132 - - [02/Dec/2015:06:32:13 -0500] "GET /BLA/boletinlegal/js/jquery.scrollShow.js HTTP/1.1" 200 4586
186.117.94.132 - - [02/Dec/2015:06:32:13 -0500] "GET /galeria/galeria/jquery.fancybox.js?v=2.1.5 HTTP/1.1" 200 48706
181.143.34.226 - - [02/Dec/2015:06:32:21 -0500] "GET /galeria/nivo-slider/demo/images/banner-llantas2015s.jpg HTTP/1.1" 404 1314
66.249.66.119 - - [02/Dec/2015:06:32:26 -0500] "GET / HTTP/1.1" 200 10190
201.234.75.11 - - [02/Dec/2015:06:32:47 -0500] "GET /galeria/galeria/fotos/Movilizacion4P.jpg HTTP/1.1" 304 -
181.49.76.245 - - [02/Dec/2015:06:32:50 -0500] "POST /forms/lservlet;jsessionid=ac16012b30d663a0d519e1724a65b567cf1f39810d8a.e3iSbxaKaheRe38KbN0Rb34MbNn0n6jAmljGr5XDqQLvpAe HTTP/1.1" 200 2
69.162.124.233 - - [02/Dec/2015:06:32:56 -0500] "HEAD / HTTP/1.1" 200 -
186.80.23.21 - - [02/Dec/2015:06:32:56 -0500] "GET /BLA/resoluciones/RESOLUCIONES%202009/3456.pdf HTTP/1.1" 200 372876
186.117.94.132 - - [02/Dec/2015:06:33:01 -0500] "GET /galeria/galeria/jquery.fancybox.css?v=2.1.5 HTTP/1.1" 304 -
186.117.94.132 - - [02/Dec/2015:06:33:01 -0500] "GET /BLA/boletinlegal/js/jquery.scrollShow.js HTTP/1.1" 304 -
186.117.94.132 - - [02/Dec/2015:06:33:01 -0500] "GET /galeria/galeria/jquery.fancybox.js?v=2.1.5 HTTP/1.1" 304 -
66.249.88.228 - - [02/Dec/2015:06:33:04 -0500] "GET /galeria/nivo-slider/demo/images/banner-llantas2015s.jpg HTTP/1.1" 404 1314
66.249.88.233 - - [02/Dec/2015:06:33:14 -0500] "GET /galeria/nivo-slider/demo/images/banner-llantas2015s.jpg HTTP/1.1" 404 1314
151.80.31.144 - - [02/Dec/2015:06:33:18 -0500] "GET /galeria/galeria/fotos/Movilizacio-por-el-agua3G.jpg HTTP/1.1" 200 65828
201.245.192.253 - - [02/Dec/2015:06:33:34 -0500] "GET /galeria/nivo-slider/demo/demo.html HTTP/1.1" 200 4924
201.245.192.253 - - [02/Dec/2015:06:33:44 -0500] "GET /galeria/nivo-slider/demo/images/ES_Banner_COP21_03.jpg HTTP/1.1" 206 1
201.245.192.253 - - [02/Dec/2015:06:33:44 -0500] "GET /galeria/nivo-slider/demo/images/Programacion-navidena.jpg HTTP/1.1" 304 -
201.245.192.253 - - [02/Dec/2015:06:33:44 -0500] "GET /galeria/nivo-slider/demo/images/2Banner-encuestaSDA.jpg HTTP/1.1" 304 -
201.245.192.253 - - [02/Dec/2015:06:33:44 -0500] "GET /galeria/nivo-slider/demo/images/NOMINACION-OAB.jpg HTTP/1.1" 304 -
201.245.192.253 - - [02/Dec/2015:06:33:45 -0500] "GET /galeria/nivo-slider/demo/images/Banner-ahorro-de-agua.jpg HTTP/1.1" 304 -
201.245.192.253 - - [02/Dec/2015:06:33:45 -0500] "GET /galeria/nivo-slider/demo/images/Cmapana-onestidad.jpg HTTP/1.1" 304 -
201.245.192.253 - - [02/Dec/2015:06:33:47 -0500] "GET /galeria/nivo-slider/demo/images/banner-llantas2015s.jpg HTTP/1.1" 404 1314
201.245.192.253 - - [02/Dec/2015:06:33:47 -0500] "GET /galeria/nivo-slider/demo/images/ES_Banner_COP21_03.jpg HTTP/1.1" 206 71594
201.245.192.253 - - [02/Dec/2015:06:34:07 -0500] "GET /galeria/nivo-slider/demo/images/banner-llantas2015s.jpg HTTP/1.1" 404 1314
66.249.66.117 - - [02/Dec/2015:06:34:21 -0500] "GET /galeria/galeria/fotos/Humedal-la-conejera2P.jpg HTTP/1.1" 304 -
66.249.66.121 - - [02/Dec/2015:06:34:31 -0500] "GET /BLA/resoluciones/RESOLUCIONES%202009/5057.pdf HTTP/1.1" 200 489735
181.49.76.245 - - [02/Dec/2015:06:34:50 -0500] "POST /forms/lservlet;jsessionid=ac16012b30d663a0d519e1724a65b567cf1f39810d8a.e3iSbxaKaheRe38KbN0Rb34MbNn0n6jAmljGr5XDqQLvpAe HTTP/1.1" 200 2
181.143.34.226 - - [02/Dec/2015:06:35:20 -0500] "GET /galeria/nivo-slider/demo/images/banner-llantas2015s.jpg HTTP/1.1" 404 1314
66.249.66.117 - - [02/Dec/2015:06:35:30 -0500] "GET /BLA/resoluciones/RESOLUCIONES%202010/4413.pdf HTTP/1.1" 200 459833
181.143.34.226 - - [02/Dec/2015:06:35:30 -0500] "GET /galeria/nivo-slider/demo/images/banner-llantas2015s.jpg HTTP/1.1" 404 1314
151.80.31.144 - - [02/Dec/2015:06:35:40 -0500] "GET /BLA/resoluciones/RESOLUCIONES%202005/RES%202005%20251-300/00000267.tif HTTP/1.1" 200 124452
181.49.76.245 - - [02/Dec/2015:06:35:50 -0500] "POST /forms/lservlet;jsessionid=ac16012b30d663a0d519e1724a65b567cf1f39810d8a.e3iSbxaKaheRe38KbN0Rb34MbNn0n6jAmljGr5XDqQLvpAe HTTP/1.1" 200 90
181.49.76.245 - - [02/Dec/2015:06:35:51 -0500] "POST /forms/lservlet;jsessionid=ac16012b30d663a0d519e1724a65b567cf1f39810d8a.e3iSbxaKaheRe38KbN0Rb34MbNn0n6jAmljGr5XDqQLvpAe HTTP/1.1" 200 2030
181.49.76.245 - - [02/Dec/2015:06:35:51 -0500] "POST /forms/lservlet;jsessionid=ac16012b30d663a0d519e1724a65b567cf1f39810d8a.e3iSbxaKaheRe38KbN0Rb34MbNn0n6jAmljGr5XDqQLvpAe HTTP/1.1" 200 78
181.49.76.245 - - [02/Dec/2015:06:35:53 -0500] "POST /forms/lservlet;jsessionid=ac16012b30d663a0d519e1724a65b567cf1f39810d8a.e3iSbxaKaheRe38KbN0Rb34MbNn0n6jAmljGr5XDqQLvpAe HTTP/1.1" 200 86
181.49.76.245 - - [02/Dec/2015:06:35:53 -0500] "POST /forms/lservlet;jsessionid=ac16012b30d663a0d519e1724a65b567cf1f39810d8a.e3iSbxaKaheRe38KbN0Rb34MbNn0n6jAmljGr5XDqQLvpAe HTTP/1.1" 200 -
181.63.61.112 - - [02/Dec/2015:06:36:03 -0500] "GET /galeria/nivo-slider/demo/images/banner-llantas2015s.jpg HTTP/1.1" 404 1314
181.63.61.112 - - [02/Dec/2015:06:36:03 -0500] "GET /galeria/nivo-slider/demo/images/banner-llantas2.jpg HTTP/1.1" 206 1
181.63.61.112 - - [02/Dec/2015:06:36:03 -0500] "GET /galeria/nivo-slider/demo/images/banner-llantas2.jpg HTTP/1.1" 206 96871
181.63.61.112 - - [02/Dec/2015:06:36:03 -0500] "GET /galeria/nivo-slider/themes/default/arrows.png HTTP/1.1" 200 824
181.63.61.112 - - [02/Dec/2015:06:36:03 -0500] "GET /galeria/nivo-slider/themes/default/bullets.png HTTP/1.1" 200 1281
181.63.61.112 - - [02/Dec/2015:06:36:13 -0500] "GET /galeria/nivo-slider/demo/images/banner-llantas2015s.jpg HTTP/1.1" 404 1314
181.63.61.112 - - [02/Dec/2015:06:36:23 -0500] "GET /galeria/nivo-slider/demo/images/banner-llantas2015s.jpg HTTP/1.1" 404 1314
151.80.31.144 - - [02/Dec/2015:06:36:40 -0500] "GET /BLA/resoluciones/index.php?dir=RESOLUCIONES+2006%2FRES+2006++3001-3054%2F HTTP/1.1" 200 13210
66.249.88.228 - - [02/Dec/2015:06:36:46 -0500] "GET /galeria/nivo-slider/demo/images/banner-llantas2015s.jpg HTTP/1.1" 404 1314
66.249.88.223 - - [02/Dec/2015:06:36:56 -0500] "GET /galeria/nivo-slider/demo/images/banner-llantas2015s.jpg HTTP/1.1" 404 1314
186.80.23.21 - - [02/Dec/2015:06:37:22 -0500] "GET /browserconfig.xml HTTP/1.1" 404 1018
190.158.109.248 - - [02/Dec/2015:06:37:31 -0500] "GET /isolucionsda/Session.asp HTTP/1.1" 200 6325
190.25.157.12 - - [02/Dec/2015:06:37:34 -0500] "GET /forms/frmservlet?config=sia HTTP/1.1" 200 4088
190.25.157.12 - - [02/Dec/2015:06:37:45 -0500] "GET /forms/frmservlet?config=sia HTTP/1.1" 200 4088
190.25.157.12 - - [02/Dec/2015:06:37:46 -0500] "GET /forms/java/frmall_jinit.jar HTTP/1.1" 304 -
190.25.157.12 - - [02/Dec/2015:06:37:46 -0500] "GET /forms/java/icons.jar HTTP/1.1" 304 -
190.25.157.12 - - [02/Dec/2015:06:37:46 -0500] "GET /forms/java/java/awt/KeyboardFocusManager.class HTTP/1.1" 404 352
190.25.157.12 - - [02/Dec/2015:06:37:46 -0500] "GET /forms/java/java/awt/event/MouseWheelListener.class HTTP/1.1" 404 356
190.25.157.12 - - [02/Dec/2015:06:37:46 -0500] "GET /forms/java/oracle/forms/registry/Registry.dat HTTP/1.1" 200 4213
190.25.157.12 - - [02/Dec/2015:06:37:46 -0500] "GET /forms/java/oracle/forms/registry/default.dat HTTP/1.1" 404 350
190.25.157.12 - - [02/Dec/2015:06:37:46 -0500] "GET /forms/frmservlet?config=sia&acceptLanguage=es-es,es;q=0.8,en-us;q=0.5,en;q=0.3&ifcmd=startsession HTTP/1.1" 200 119
190.25.157.12 - - [02/Dec/2015:06:37:46 -0500] "GET /forms/lservlet;jsessionid=ac16012b30d6375eb622896b4fd7bd80c9e103ba8665.e3iSbxaKaheRe38KbN0Rb34MbNn0n6jAmljGr5XDqQLvpAe?ifcmd=getinfo&ifhost=arb012385&ifip=192.168.11.191 HTTP/1.1" 200 8
190.25.157.12 - - [02/Dec/2015:06:37:46 -0500] "POST /forms/lservlet;jsessionid=ac16012b30d6375eb622896b4fd7bd80c9e103ba8665.e3iSbxaKaheRe38KbN0Rb34MbNn0n6jAmljGr5XDqQLvpAe HTTP/1.1" 200 8
190.25.157.12 - - [02/Dec/2015:06:37:48 -0500] "GET /forms/java/oracle/forms/engine/RunformBundle_es_CO.class HTTP/1.1" 404 362
190.25.157.12 - - [02/Dec/2015:06:37:48 -0500] "GET /forms/java/oracle/forms/engine/RunformBundle_es_CO.properties HTTP/1.1" 404 367
190.25.157.12 - - [02/Dec/2015:06:37:48 -0500] "POST /forms/lservlet;jsessionid=ac16012b30d6375eb622896b4fd7bd80c9e103ba8665.e3iSbxaKaheRe38KbN0Rb34MbNn0n6jAmljGr5XDqQLvpAe HTTP/1.1" 200 64000
190.25.157.12 - - [02/Dec/2015:06:37:48 -0500] "POST /forms/lservlet;jsessionid=ac16012b30d6375eb622896b4fd7bd80c9e103ba8665.e3iSbxaKaheRe38KbN0Rb34MbNn0n6jAmljGr5XDqQLvpAe HTTP/1.1" 200 64000
190.25.157.12 - - [02/Dec/2015:06:37:48 -0500] "POST /forms/lservlet;jsessionid=ac16012b30d6375eb622896b4fd7bd80c9e103ba8665.e3iSbxaKaheRe38KbN0Rb34MbNn0n6jAmljGr5XDqQLvpAe HTTP/1.1" 200 63623
190.25.157.12 - - [02/Dec/2015:06:37:48 -0500] "HEAD /imagenes/dama_logo.gif HTTP/1.1" 200 -
190.25.157.12 - - [02/Dec/2015:06:37:48 -0500] "GET /imagenes/dama_logo.gif HTTP/1.1" 200 21482
190.25.157.12 - - [02/Dec/2015:06:37:49 -0500] "POST /forms/lservlet;jsessionid=ac16012b30d6375eb622896b4fd7bd80c9e103ba8665.e3iSbxaKaheRe38KbN0Rb34MbNn0n6jAmljGr5XDqQLvpAe HTTP/1.1" 200 2
190.25.157.12 - - [02/Dec/2015:06:37:49 -0500] "POST /forms/lservlet;jsessionid=ac16012b30d6375eb622896b4fd7bd80c9e103ba8665.e3iSbxaKaheRe38KbN0Rb34MbNn0n6jAmljGr5XDqQLvpAe HTTP/1.1" 200 2
69.162.124.233 - - [02/Dec/2015:06:37:55 -0500] "HEAD / HTTP/1.1" 200 -
190.25.157.12 - - [02/Dec/2015:06:37:59 -0500] "POST /forms/lservlet;jsessionid=ac16012b30d6375eb622896b4fd7bd80c9e103ba8665.e3iSbxaKaheRe38KbN0Rb34MbNn0n6jAmljGr5XDqQLvpAe HTTP/1.1" 200 7971
190.25.157.12 - - [02/Dec/2015:06:37:59 -0500] "POST /forms/lservlet;jsessionid=ac16012b30d6375eb622896b4fd7bd80c9e103ba8665.e3iSbxaKaheRe38KbN0Rb34MbNn0n6jAmljGr5XDqQLvpAe HTTP/1.1" 200 64
190.25.157.12 - - [02/Dec/2015:06:37:59 -0500] "POST /forms/lservlet;jsessionid=ac16012b30d6375eb622896b4fd7bd80c9e103ba8665.e3iSbxaKaheRe38KbN0Rb34MbNn0n6jAmljGr5XDqQLvpAe HTTP/1.1" 200 2
190.25.157.12 - - [02/Dec/2015:06:37:59 -0500] "POST /forms/lservlet;jsessionid=ac16012b30d6375eb622896b4fd7bd80c9e103ba8665.e3iSbxaKaheRe38KbN0Rb34MbNn0n6jAmljGr5XDqQLvpAe HTTP/1.1" 200 2
190.25.157.12 - - [02/Dec/2015:06:37:59 -0500] "POST /forms/lservlet;jsessionid=ac16012b30d6375eb622896b4fd7bd80c9e103ba8665.e3iSbxaKaheRe38KbN0Rb34MbNn0n6jAmljGr5XDqQLvpAe HTTP/1.1" 200 2
190.25.157.12 - - [02/Dec/2015:06:38:10 -0500] "POST /forms/lservlet;jsessionid=ac16012b30d6375eb622896b4fd7bd80c9e103ba8665.e3iSbxaKaheRe38KbN0Rb34MbNn0n6jAmljGr5XDqQLvpAe HTTP/1.1" 200 34710
190.25.157.12 - - [02/Dec/2015:06:38:11 -0500] "GET /imagenes/listval.gif HTTP/1.1" 200 905
190.25.157.12 - - [02/Dec/2015:06:38:11 -0500] "GET /imagenes/tree1.gif HTTP/1.1" 200 1161
190.25.157.12 - - [02/Dec/2015:06:38:11 -0500] "GET /imagenes/listval.gif HTTP/1.1" 200 905
190.25.157.12 - - [02/Dec/2015:06:38:11 -0500] "GET /imagenes/CAMERA3.gif HTTP/1.1" 200 4150
190.25.157.12 - - [02/Dec/2015:06:38:11 -0500] "GET /imagenes/SLIDE1.gif HTTP/1.1" 200 1111
190.25.157.12 - - [02/Dec/2015:06:38:11 -0500] "GET /imagenes/flexcomb.gif HTTP/1.1" 200 1169
190.25.157.12 - - [02/Dec/2015:06:38:11 -0500] "GET /imagenes/GO.gif HTTP/1.1" 200 904
190.25.157.12 - - [02/Dec/2015:06:38:11 -0500] "GET /imagenes/HRTOOLS.gif HTTP/1.1" 200 2238
190.25.157.12 - - [02/Dec/2015:06:38:11 -0500] "GET /imagenes/rt_rec1.gif HTTP/1.1" 200 867
190.25.157.12 - - [02/Dec/2015:06:38:11 -0500] "GET /imagenes/apply.gif HTTP/1.1" 200 903
190.25.157.12 - - [02/Dec/2015:06:38:11 -0500] "GET /imagenes/exit.gif HTTP/1.1" 200 916
190.25.157.12 - - [02/Dec/2015:06:38:11 -0500] "GET /imagenes/LISTVAL.gif HTTP/1.1" 200 905
190.25.157.12 - - [02/Dec/2015:06:38:11 -0500] "GET /imagenes/edit.gif HTTP/1.1" 200 919
190.25.157.12 - - [02/Dec/2015:06:38:11 -0500] "GET /imagenes/rt_rec4.gif HTTP/1.1" 200 865
190.25.157.12 - - [02/Dec/2015:06:38:11 -0500] "GET /imagenes/rt_rec3.gif HTTP/1.1" 200 844
190.25.157.12 - - [02/Dec/2015:06:38:11 -0500] "GET /imagenes/rt_rec2.gif HTTP/1.1" 200 847
190.25.157.12 - - [02/Dec/2015:06:38:11 -0500] "GET /imagenes/rt_rdel.gif HTTP/1.1" 200 899
190.25.157.12 - - [02/Dec/2015:06:38:11 -0500] "GET /imagenes/rt_radd.gif HTTP/1.1" 200 907
190.25.157.12 - - [02/Dec/2015:06:38:11 -0500] "GET /imagenes/rt_quer3.gif HTTP/1.1" 200 939
190.25.157.12 - - [02/Dec/2015:06:38:11 -0500] "GET /imagenes/rt_quer2.gif HTTP/1.1" 200 936
190.25.157.12 - - [02/Dec/2015:06:38:11 -0500] "GET /imagenes/rt_quer1.gif HTTP/1.1" 200 930
190.25.157.12 - - [02/Dec/2015:06:38:11 -0500] "GET /imagenes/rt_save.gif HTTP/1.1" 200 903
190.25.157.12 - - [02/Dec/2015:06:38:12 -0500] "GET /imagenes/rt_pset.gif HTTP/1.1" 200 914
190.25.157.12 - - [02/Dec/2015:06:38:12 -0500] "GET /imagenes/QUEJA.gif HTTP/1.1" 200 1091
190.25.157.12 - - [02/Dec/2015:06:38:12 -0500] "GET /imagenes/ARBOL.gif HTTP/1.1" 200 1026
190.25.157.12 - - [02/Dec/2015:06:38:12 -0500] "GET /imagenes/Clipboard.gif HTTP/1.1" 200 1466
190.25.157.12 - - [02/Dec/2015:06:38:12 -0500] "GET /imagenes/DINERO.gif HTTP/1.1" 200 1766
190.25.157.12 - - [02/Dec/2015:06:38:12 -0500] "GET /imagenes/URGENTE.gif HTTP/1.1" 200 964
190.25.157.12 - - [02/Dec/2015:06:38:12 -0500] "GET /imagenes/TREE4.gif HTTP/1.1" 200 4150
190.25.157.12 - - [02/Dec/2015:06:38:12 -0500] "POST /forms/lservlet;jsessionid=ac16012b30d6375eb622896b4fd7bd80c9e103ba8665.e3iSbxaKaheRe38KbN0Rb34MbNn0n6jAmljGr5XDqQLvpAe HTTP/1.1" 200 7
190.25.157.12 - - [02/Dec/2015:06:38:12 -0500] "POST /forms/lservlet;jsessionid=ac16012b30d6375eb622896b4fd7bd80c9e103ba8665.e3iSbxaKaheRe38KbN0Rb34MbNn0n6jAmljGr5XDqQLvpAe HTTP/1.1" 200 34
190.25.157.12 - - [02/Dec/2015:06:38:12 -0500] "POST /forms/lservlet;jsessionid=ac16012b30d6375eb622896b4fd7bd80c9e103ba8665.e3iSbxaKaheRe38KbN0Rb34MbNn0n6jAmljGr5XDqQLvpAe HTTP/1.1" 200 2
190.25.157.12 - - [02/Dec/2015:06:38:16 -0500] "POST /forms/lservlet;jsessionid=ac16012b30d6375eb622896b4fd7bd80c9e103ba8665.e3iSbxaKaheRe38KbN0Rb34MbNn0n6jAmljGr5XDqQLvpAe HTTP/1.1" 200 2
190.25.157.12 - - [02/Dec/2015:06:38:16 -0500] "POST /forms/lservlet;jsessionid=ac16012b30d6375eb622896b4fd7bd80c9e103ba8665.e3iSbxaKaheRe38KbN0Rb34MbNn0n6jAmljGr5XDqQLvpAe HTTP/1.1" 200 699
190.25.157.12 - - [02/Dec/2015:06:38:16 -0500] "GET /imagenes/Srch_frw.gif HTTP/1.1" 200 925
190.25.157.12 - - [02/Dec/2015:06:38:16 -0500] "POST /forms/lservlet;jsessionid=ac16012b30d6375eb622896b4fd7bd80c9e103ba8665.e3iSbxaKaheRe38KbN0Rb34MbNn0n6jAmljGr5XDqQLvpAe HTTP/1.1" 200 10
181.143.34.226 - - [02/Dec/2015:06:38:33 -0500] "GET /galeria/nivo-slider/demo/images/banner-llantas2015s.jpg HTTP/1.1" 404 1314
66.249.66.121 - - [02/Dec/2015:06:38:35 -0500] "GET /BLA/resoluciones/RESOLUCIONES%202014/1832.pdf HTTP/1.1" 200 269050
190.25.157.12 - - [02/Dec/2015:06:38:35 -0500] "POST /forms/lservlet;jsessionid=ac16012b30d6375eb622896b4fd7bd80c9e103ba8665.e3iSbxaKaheRe38KbN0Rb34MbNn0n6jAmljGr5XDqQLvpAe HTTP/1.1" 200 24
190.25.157.12 - - [02/Dec/2015:06:38:35 -0500] "POST /forms/lservlet;jsessionid=ac16012b30d6375eb622896b4fd7bd80c9e103ba8665.e3iSbxaKaheRe38KbN0Rb34MbNn0n6jAmljGr5XDqQLvpAe HTTP/1.1" 200 4224
190.25.157.12 - - [02/Dec/2015:06:38:36 -0500] "POST /forms/lservlet;jsessionid=ac16012b30d6375eb622896b4fd7bd80c9e103ba8665.e3iSbxaKaheRe38KbN0Rb34MbNn0n6jAmljGr5XDqQLvpAe HTTP/1.1" 200 2
190.25.157.12 - - [02/Dec/2015:06:38:37 -0500] "POST /forms/lservlet;jsessionid=ac16012b30d6375eb622896b4fd7bd80c9e103ba8665.e3iSbxaKaheRe38KbN0Rb34MbNn0n6jAmljGr5XDqQLvpAe HTTP/1.1" 200 2
190.25.157.12 - - [02/Dec/2015:06:38:37 -0500] "POST /forms/lservlet;jsessionid=ac16012b30d6375eb622896b4fd7bd80c9e103ba8665.e3iSbxaKaheRe38KbN0Rb34MbNn0n6jAmljGr5XDqQLvpAe HTTP/1.1" 200 14
190.25.157.12 - - [02/Dec/2015:06:38:38 -0500] "POST /forms/lservlet;jsessionid=ac16012b30d6375eb622896b4fd7bd80c9e103ba8665.e3iSbxaKaheRe38KbN0Rb34MbNn0n6jAmljGr5XDqQLvpAe HTTP/1.1" 200 14
190.25.157.12 - - [02/Dec/2015:06:38:40 -0500] "POST /forms/lservlet;jsessionid=ac16012b30d6375eb622896b4fd7bd80c9e103ba8665.e3iSbxaKaheRe38KbN0Rb34MbNn0n6jAmljGr5XDqQLvpAe HTTP/1.1" 200 14
190.25.157.12 - - [02/Dec/2015:06:38:41 -0500] "POST /forms/lservlet;jsessionid=ac16012b30d6375eb622896b4fd7bd80c9e103ba8665.e3iSbxaKaheRe38KbN0Rb34MbNn0n6jAmljGr5XDqQLvpAe HTTP/1.1" 200 14
190.25.157.12 - - [02/Dec/2015:06:38:43 -0500] "POST /forms/lservlet;jsessionid=ac16012b30d6375eb622896b4fd7bd80c9e103ba8665.e3iSbxaKaheRe38KbN0Rb34MbNn0n6jAmljGr5XDqQLvpAe HTTP/1.1" 200 131
190.25.157.12 - - [02/Dec/2015:06:38:44 -0500] "POST /forms/lservlet;jsessionid=ac16012b30d6375eb622896b4fd7bd80c9e103ba8665.e3iSbxaKaheRe38KbN0Rb34MbNn0n6jAmljGr5XDqQLvpAe HTTP/1.1" 200 2
181.143.34.226 - - [02/Dec/2015:06:38:44 -0500] "GET /galeria/nivo-slider/demo/images/banner-llantas2015s.jpg HTTP/1.1" 404 1314
201.245.192.253 - - [02/Dec/2015:06:38:45 -0500] "GET /BLA/boletinlegal/consulta_actos.php?tipo=autos&no=5561&usuario=&sector=&fecha=2014&resuelve= HTTP/1.1" 200 626
190.25.157.12 - - [02/Dec/2015:06:38:44 -0500] "GET /reports/rwservlet/getjobid366482?server=rep_srvapsda HTTP/1.1" 200 4024465
201.245.192.253 - - [02/Dec/2015:06:39:07 -0500] "GET /BLA/boletinlegal/consulta_actos.php?tipo=autos&no=0669&usuario=&sector=&fecha=2014&resuelve= HTTP/1.1" 200 626
201.245.192.253 - - [02/Dec/2015:06:39:09 -0500] "GET /BLA/boletinlegal/consulta_actos.php?tipo=autos&no=0669&usuario=&sector=&fecha=2014&resuelve= HTTP/1.1" 200 626
201.245.192.253 - - [02/Dec/2015:06:39:30 -0500] "GET /BLA/boletinlegal/consulta_actos.php?tipo=autos&no=5378&usuario=&sector=&fecha=2014&resuelve= HTTP/1.1" 200 626
151.80.31.144 - - [02/Dec/2015:06:39:38 -0500] "GET /BLA/resoluciones/AUTOS%202006/AUTOS%202006%20301-400/00000379.tif HTTP/1.1" 200 116560
190.25.157.12 - - [02/Dec/2015:06:39:48 -0500] "POST /forms/lservlet;jsessionid=ac16012b30d6375eb622896b4fd7bd80c9e103ba8665.e3iSbxaKaheRe38KbN0Rb34MbNn0n6jAmljGr5XDqQLvpAe HTTP/1.1" 200 2
66.249.88.228 - - [02/Dec/2015:06:39:57 -0500] "GET /galeria/nivo-slider/demo/images/banner-llantas2015s.jpg HTTP/1.1" 404 1314
181.60.146.118 - - [02/Dec/2015:06:39:59 -0500] "GET /BLA/boletinlegal/js/jquery.scrollShow.js HTTP/1.1" 200 4586
66.249.88.223 - - [02/Dec/2015:06:40:07 -0500] "GET /galeria/nivo-slider/demo/images/banner-llantas2015s.jpg HTTP/1.1" 404 1314
