161.10.121.230 - - [02/Dec/2015:08:42:11 -0500] "GET /galeria/nivo-slider/demo/images/Plan-Quinquenal.jpg HTTP/1.1" 200 412438
161.10.121.230 - - [02/Dec/2015:08:42:11 -0500] "GET /galeria/nivo-slider/demo/images/PREDAcamp.jpg HTTP/1.1" 200 295358
161.10.121.230 - - [02/Dec/2015:08:42:11 -0500] "GET /galeria/nivo-slider/demo/images/banner-llantas2.jpg HTTP/1.1" 200 204644
201.245.192.253 - - [02/Dec/2015:08:42:12 -0500] "GET /galeria/nivo-slider/demo/images/banner-llantas2015s.jpg HTTP/1.1" 404 1314
161.10.121.230 - - [02/Dec/2015:08:42:12 -0500] "GET /galeria/nivo-slider/demo/images/9Signos.jpg HTTP/1.1" 200 81776
36.250.183.245 - - [02/Dec/2015:08:42:12 -0500] "GET /bla/?s=Register HTTP/1.1" 200 538
36.250.183.245 - - [02/Dec/2015:08:42:12 -0500] "GET /bla/ HTTP/1.1" 200 538
190.25.224.250 - - [02/Dec/2015:08:42:13 -0500] "GET /ecodirectorio/files/res/pages/page_0145.swf HTTP/1.1" 200 409542
190.25.224.250 - - [02/Dec/2015:08:42:13 -0500] "GET /ecodirectorio/files/res/pages/page_0146.swf HTTP/1.1" 200 246716
36.250.183.245 - - [02/Dec/2015:08:42:13 -0500] "GET /bla/tiki-register.php HTTP/1.1" 404 1158
161.10.121.230 - - [02/Dec/2015:08:42:13 -0500] "GET /galeria/nivo-slider/demo/images/Ruta-vertimientos-01.jpg HTTP/1.1" 200 130151
201.245.179.194 - - [02/Dec/2015:08:42:13 -0500] "GET /galeria/nivo-slider/demo/images/banner-llantas2015s.jpg HTTP/1.1" 404 1314
36.250.183.245 - - [02/Dec/2015:08:42:14 -0500] "GET /bla/sign_up.html HTTP/1.1" 404 1158
36.250.183.245 - - [02/Dec/2015:08:42:15 -0500] "GET /register/ HTTP/1.1" 404 1150
36.250.183.245 - - [02/Dec/2015:08:42:15 -0500] "GET /bla/ HTTP/1.1" 200 538
161.10.121.230 - - [02/Dec/2015:08:42:16 -0500] "GET /galeria/nivo-slider/demo/images/bolsas-06.jpg HTTP/1.1" 200 90982
66.249.88.233 - - [02/Dec/2015:08:42:16 -0500] "GET /BLA/boletinlegal/js/jquery.scrollShow.js HTTP/1.1" 200 4586
66.249.88.223 - - [02/Dec/2015:08:42:16 -0500] "GET /galeria/galeria/jquery.fancybox.css?v=2.1.5 HTTP/1.1" 200 4895
66.249.88.233 - - [02/Dec/2015:08:42:16 -0500] "GET /galeria/galeria/jquery.fancybox.js?v=2.1.5 HTTP/1.1" 200 48706
161.10.121.230 - - [02/Dec/2015:08:42:17 -0500] "GET /galeria/nivo-slider/demo/images/Conoce-los-humedales.jpg HTTP/1.1" 200 294036
161.10.121.230 - - [02/Dec/2015:08:42:19 -0500] "GET /galeria/nivo-slider/demo/images/ecolecta-Dic2014.png HTTP/1.1" 200 288593
201.245.192.253 - - [02/Dec/2015:08:42:20 -0500] "GET /galeria/nivo-slider/demo/images/banner-llantas2015s.jpg HTTP/1.1" 404 1314
36.250.183.245 - - [02/Dec/2015:08:42:21 -0500] "GET /bla/login.php HTTP/1.1" 404 1018
201.245.192.253 - - [02/Dec/2015:08:42:22 -0500] "GET /galeria/nivo-slider/demo/images/banner-llantas2015s.jpg HTTP/1.1" 404 1314
36.250.183.245 - - [02/Dec/2015:08:42:22 -0500] "GET /bla/ HTTP/1.1" 200 538
36.250.183.245 - - [02/Dec/2015:08:42:22 -0500] "GET /bla/member.php?mod=logging&action=login HTTP/1.1" 404 1158
161.10.121.230 - - [02/Dec/2015:08:42:23 -0500] "GET /galeria/nivo-slider/themes/default/arrows.png HTTP/1.1" 200 824
161.10.121.230 - - [02/Dec/2015:08:42:23 -0500] "GET /galeria/nivo-slider/themes/default/bullets.png HTTP/1.1" 200 1281
36.250.183.245 - - [02/Dec/2015:08:42:23 -0500] "GET /bla/member/ HTTP/1.1" 404 1018
201.245.179.194 - - [02/Dec/2015:08:42:23 -0500] "GET /galeria/nivo-slider/demo/images/banner-llantas2015s.jpg HTTP/1.1" 404 1314
36.250.183.245 - - [02/Dec/2015:08:42:24 -0500] "GET /bla/ HTTP/1.1" 200 538
190.25.224.250 - - [02/Dec/2015:08:42:25 -0500] "GET /ecodirectorio/files/res/pages/page_0147.swf HTTP/1.1" 200 267618
190.25.224.250 - - [02/Dec/2015:08:42:25 -0500] "GET /ecodirectorio/files/res/pages/page_0148.swf HTTP/1.1" 200 267145
190.25.224.250 - - [02/Dec/2015:08:42:26 -0500] "GET /ecodirectorio/files/res/pages/page_0149.swf HTTP/1.1" 200 268455
190.25.224.250 - - [02/Dec/2015:08:42:26 -0500] "GET /ecodirectorio/files/res/pages/page_0150.swf HTTP/1.1" 200 291626
190.25.224.250 - - [02/Dec/2015:08:42:26 -0500] "GET /ecodirectorio/files/res/pages/page_0151.swf HTTP/1.1" 200 259678
190.25.224.250 - - [02/Dec/2015:08:42:26 -0500] "GET /ecodirectorio/files/res/pages/page_0152.swf HTTP/1.1" 200 373351
190.25.224.250 - - [02/Dec/2015:08:42:28 -0500] "GET /ecodirectorio/files/res/pages/page_0153.swf HTTP/1.1" 200 375405
190.25.224.250 - - [02/Dec/2015:08:42:28 -0500] "GET /ecodirectorio/files/res/pages/page_0154.swf HTTP/1.1" 200 283083
66.249.88.233 - - [02/Dec/2015:08:42:29 -0500] "GET /BLA/boletinlegal/js/jquery.scrollShow.js HTTP/1.1" 304 -
66.249.88.223 - - [02/Dec/2015:08:42:29 -0500] "GET /galeria/galeria/jquery.fancybox.css?v=2.1.5 HTTP/1.1" 304 -
66.249.88.228 - - [02/Dec/2015:08:42:29 -0500] "GET /galeria/galeria/jquery.fancybox.js?v=2.1.5 HTTP/1.1" 304 -
36.250.183.245 - - [02/Dec/2015:08:42:30 -0500] "GET /bla/index.php?app=home&mod=public&act=register HTTP/1.1" 200 538
201.245.192.253 - - [02/Dec/2015:08:42:32 -0500] "GET /galeria/nivo-slider/demo/images/banner-llantas2015s.jpg HTTP/1.1" 404 1314
161.10.121.230 - - [02/Dec/2015:08:42:33 -0500] "GET /galeria/nivo-slider/demo/images/banner-llantas2015s.jpg HTTP/1.1" 404 1314
190.25.224.250 - - [02/Dec/2015:08:42:34 -0500] "GET /ecodirectorio/files/res/pages/page_0155.swf HTTP/1.1" 200 272801
190.25.224.250 - - [02/Dec/2015:08:42:34 -0500] "GET /ecodirectorio/files/res/pages/page_0156.swf HTTP/1.1" 200 305874
190.25.224.250 - - [02/Dec/2015:08:42:34 -0500] "GET /ecodirectorio/files/res/pages/page_0157.swf HTTP/1.1" 200 322211
36.250.183.245 - - [02/Dec/2015:08:42:34 -0500] "GET /index.php?app=home&mod=public&act=register HTTP/1.1" 404 1158
190.25.224.250 - - [02/Dec/2015:08:42:34 -0500] "GET /ecodirectorio/files/res/pages/page_0158.swf HTTP/1.1" 200 318727
36.250.183.245 - - [02/Dec/2015:08:42:35 -0500] "GET /bla/modules.php?app=user_reg HTTP/1.1" 404 1158
200.13.237.162 - - [02/Dec/2015:08:42:35 -0500] "GET /galeria/nivo-slider/demo/images/banner-llantas2015s.jpg HTTP/1.1" 404 1314
36.250.183.245 - - [02/Dec/2015:08:42:35 -0500] "GET /bla/ HTTP/1.1" 200 538
190.25.224.250 - - [02/Dec/2015:08:42:36 -0500] "GET /ecodirectorio/files/res/pages/page_0159.swf HTTP/1.1" 200 339244
190.25.224.250 - - [02/Dec/2015:08:42:36 -0500] "GET /ecodirectorio/files/res/pages/page_0160.swf HTTP/1.1" 200 315903
36.250.183.245 - - [02/Dec/2015:08:42:36 -0500] "GET /signup/ HTTP/1.1" 404 1150
36.250.183.245 - - [02/Dec/2015:08:42:38 -0500] "GET /tools/quicklogin.one HTTP/1.1" 404 1150
190.25.224.250 - - [02/Dec/2015:08:42:39 -0500] "GET /ecodirectorio/files/res/pages/page_0162.swf HTTP/1.1" 200 319126
190.25.224.250 - - [02/Dec/2015:08:42:39 -0500] "GET /ecodirectorio/files/res/pages/page_0161.swf HTTP/1.1" 200 317809
36.250.183.245 - - [02/Dec/2015:08:42:39 -0500] "GET /bla/ HTTP/1.1" 200 538
36.250.183.245 - - [02/Dec/2015:08:42:40 -0500] "GET /bla/index.php?action=form HTTP/1.1" 200 538
36.250.183.245 - - [02/Dec/2015:08:42:40 -0500] "GET /bla/index.php?cmd=sign HTTP/1.1" 200 538
190.25.224.250 - - [02/Dec/2015:08:42:40 -0500] "GET /ecodirectorio/files/res/pages/page_0163.swf HTTP/1.1" 200 316820
190.25.224.250 - - [02/Dec/2015:08:42:40 -0500] "GET /ecodirectorio/files/res/pages/page_0164.swf HTTP/1.1" 200 195101
36.250.183.245 - - [02/Dec/2015:08:42:41 -0500] "GET /bla/newentry.php HTTP/1.1" 404 1158
36.250.183.245 - - [02/Dec/2015:08:42:42 -0500] "GET /bla HTTP/1.1" 301 298
190.25.224.250 - - [02/Dec/2015:08:42:42 -0500] "GET /ecodirectorio/files/res/pages/page_0165.swf HTTP/1.1" 200 122463
190.25.224.250 - - [02/Dec/2015:08:42:42 -0500] "GET /ecodirectorio/files/res/pages/page_0166.swf HTTP/1.1" 200 193932
36.250.183.245 - - [02/Dec/2015:08:42:42 -0500] "GET /bla/ HTTP/1.1" 200 538
161.10.121.230 - - [02/Dec/2015:08:42:43 -0500] "GET /galeria/nivo-slider/demo/images/banner-llantas2015s.jpg HTTP/1.1" 404 1314
36.250.183.245 - - [02/Dec/2015:08:42:43 -0500] "GET / HTTP/1.1" 200 10190
201.245.192.253 - - [02/Dec/2015:08:42:43 -0500] "GET /galeria/nivo-slider/demo/images/banner-llantas2015s.jpg HTTP/1.1" 404 1314
36.250.183.245 - - [02/Dec/2015:08:42:44 -0500] "GET /bla/ HTTP/1.1" 200 538
200.13.237.162 - - [02/Dec/2015:08:42:45 -0500] "GET /galeria/nivo-slider/demo/images/banner-llantas2015s.jpg HTTP/1.1" 404 1314
201.245.192.253 - - [02/Dec/2015:08:42:45 -0500] "GET /galeria/nivo-slider/demo/demo.html HTTP/1.1" 200 4924
36.250.183.245 - - [02/Dec/2015:08:42:46 -0500] "GET /bla/ HTTP/1.1" 200 538
36.250.183.245 - - [02/Dec/2015:08:42:46 -0500] "GET /bla/ HTTP/1.1" 200 538
201.245.192.253 - - [02/Dec/2015:08:42:47 -0500] "GET /galeria/nivo-slider/demo/images/banner-llantas2015s.jpg HTTP/1.1" 404 1314
36.250.183.245 - - [02/Dec/2015:08:42:47 -0500] "GET /bla HTTP/1.1" 301 298
190.0.15.154 - - [02/Dec/2015:08:42:47 -0500] "GET /autoliquidacion/index.php?dir=Solicitudes+relacionadas+con+calidad+del+aire+auditiva+y+visual%2F HTTP/1.1" 200 5748
190.0.15.154 - - [02/Dec/2015:08:42:48 -0500] "GET /autoliquidacion/dlf/dirup.png HTTP/1.1" 200 644
36.250.183.245 - - [02/Dec/2015:08:42:48 -0500] "GET /bla/ HTTP/1.1" 200 538
36.250.183.245 - - [02/Dec/2015:08:42:49 -0500] "GET /bla/create_account_form.php?next_url= HTTP/1.1" 404 1228
201.245.171.210 - - [02/Dec/2015:08:42:49 -0500] "GET /BLA/resoluciones/RESOLUCIONES%202009/3646.pdf HTTP/1.1" 200 1112485
36.250.183.245 - - [02/Dec/2015:08:42:50 -0500] "GET /bla/ardguest.php HTTP/1.1" 404 1182
201.245.171.210 - - [02/Dec/2015:08:42:50 -0500] "GET /BLA/resoluciones/RESOLUCIONES%202009/3646.pdf HTTP/1.1" 304 -
36.250.183.245 - - [02/Dec/2015:08:42:50 -0500] "GET /bla/ HTTP/1.1" 200 538
36.250.183.245 - - [02/Dec/2015:08:42:51 -0500] "GET /bla/signup.php HTTP/1.1" 404 1158
36.250.183.245 - - [02/Dec/2015:08:42:52 -0500] "GET /bla/index.php?site=guestbook&action=add HTTP/1.1" 200 538
36.250.183.245 - - [02/Dec/2015:08:42:52 -0500] "GET /bla/ HTTP/1.1" 200 538
190.0.15.154 - - [02/Dec/2015:08:42:52 -0500] "GET /autoliquidacion/index.php?dir=Solicitudes+relacionadas+con+calidad+del+aire+auditiva+y+visual%2FRegistro+de+Elementos+de+publicidad+Exterior+Visual%2F HTTP/1.1" 200 4013
190.0.15.154 - - [02/Dec/2015:08:42:53 -0500] "GET /autoliquidacion/dlf/xls.gif HTTP/1.1" 200 636
190.0.15.154 - - [02/Dec/2015:08:42:53 -0500] "GET /autoliquidacion/dlf/html.gif HTTP/1.1" 200 632
190.0.15.154 - - [02/Dec/2015:08:42:53 -0500] "GET /autoliquidacion/dlf/pdf.gif HTTP/1.1" 200 272
36.250.183.245 - - [02/Dec/2015:08:42:53 -0500] "GET /bla/ HTTP/1.1" 200 538
36.250.183.245 - - [02/Dec/2015:08:42:53 -0500] "GET /bla/ HTTP/1.1" 200 538
36.250.183.245 - - [02/Dec/2015:08:42:54 -0500] "GET /bla/ HTTP/1.1" 200 538
36.250.183.245 - - [02/Dec/2015:08:42:54 -0500] "GET /bla/addentry.php HTTP/1.1" 404 1018
36.250.183.245 - - [02/Dec/2015:08:42:55 -0500] "GET /bla HTTP/1.1" 301 298
190.0.15.154 - - [02/Dec/2015:08:42:55 -0500] "GET /autoliquidacion/Solicitudes%20relacionadas%20con%20calidad%20del%20aire%20auditiva%20y%20visual/Registro%20de%20Elementos%20de%20publicidad%20Exterior%20Visual/126pm04-pr16-f-a20-1%20Lista%20de%20Chequeo.xls HTTP/1.1" 200 114176
201.245.192.253 - - [02/Dec/2015:08:42:55 -0500] "GET /galeria/nivo-slider/demo/images/banner-llantas2015s.jpg HTTP/1.1" 404 1314
69.162.124.233 - - [02/Dec/2015:08:42:55 -0500] "HEAD / HTTP/1.1" 200 -
36.250.183.245 - - [02/Dec/2015:08:42:55 -0500] "GET /bla/ HTTP/1.1" 200 538
36.250.183.245 - - [02/Dec/2015:08:42:56 -0500] "GET /bla/ HTTP/1.1" 200 538
201.245.192.253 - - [02/Dec/2015:08:42:57 -0500] "GET /galeria/nivo-slider/demo/images/banner-llantas2015s.jpg HTTP/1.1" 404 1314
36.250.183.245 - - [02/Dec/2015:08:42:56 -0500] "GET /bla/ HTTP/1.1" 200 538
36.250.183.245 - - [02/Dec/2015:08:42:57 -0500] "GET / HTTP/1.1" 200 10190
36.250.183.245 - - [02/Dec/2015:08:42:58 -0500] "GET /bla/ HTTP/1.1" 200 538
36.250.183.245 - - [02/Dec/2015:08:42:58 -0500] "GET /bla HTTP/1.1" 301 298
201.245.192.253 - - [02/Dec/2015:08:42:58 -0500] "GET /galeria/nivo-slider/themes/default/default.css HTTP/1.1" 304 -
201.245.192.253 - - [02/Dec/2015:08:42:59 -0500] "GET /galeria/nivo-slider/demo/images/ES_Banner_COP21_03.jpg HTTP/1.1" 200 178049
201.245.192.253 - - [02/Dec/2015:08:42:59 -0500] "GET /galeria/nivo-slider/demo/images/Programacion-navidena.jpg HTTP/1.1" 200 316038
201.245.192.253 - - [02/Dec/2015:08:42:59 -0500] "GET /galeria/nivo-slider/demo/images/banner-llantas2015s.jpg HTTP/1.1" 404 1314
201.245.192.253 - - [02/Dec/2015:08:42:59 -0500] "GET /galeria/nivo-slider/demo/images/2Banner-encuestaSDA.jpg HTTP/1.1" 304 -
201.245.192.253 - - [02/Dec/2015:08:42:59 -0500] "GET /galeria/nivo-slider/demo/images/NOMINACION-OAB.jpg HTTP/1.1" 304 -
201.245.192.253 - - [02/Dec/2015:08:42:59 -0500] "GET /galeria/nivo-slider/demo/images/ABC-Plan-de-contigencia.jpg HTTP/1.1" 304 -
201.245.192.253 - - [02/Dec/2015:08:42:59 -0500] "GET /galeria/nivo-slider/demo/images/caminata-ecologica.jpg HTTP/1.1" 304 -
36.250.183.245 - - [02/Dec/2015:08:42:59 -0500] "GET /bla/ HTTP/1.1" 200 538
201.245.192.253 - - [02/Dec/2015:08:42:59 -0500] "GET /galeria/nivo-slider/demo/images/Arbol-banner2015.jpg HTTP/1.1" 304 -
201.245.192.253 - - [02/Dec/2015:08:42:59 -0500] "GET /galeria/nivo-slider/demo/images/Banner-ahorro-de-agua.jpg HTTP/1.1" 304 -
201.245.192.253 - - [02/Dec/2015:08:42:59 -0500] "GET /galeria/nivo-slider/demo/images/Cmapana-onestidad.jpg HTTP/1.1" 304 -
201.245.192.253 - - [02/Dec/2015:08:43:00 -0500] "GET /galeria/nivo-slider/demo/images/PREDAcamp.jpg HTTP/1.1" 304 -
36.250.183.245 - - [02/Dec/2015:08:43:01 -0500] "GET /bla/ HTTP/1.1" 200 538
181.49.23.142 - - [02/Dec/2015:08:43:02 -0500] "GET /galeria/nivo-slider/demo/images/banner-llantas2015s.jpg HTTP/1.1" 404 1314
201.245.192.253 - - [02/Dec/2015:08:43:04 -0500] "GET /isolucionsda/SesionTermina.asp HTTP/1.1" 200 388
201.245.192.253 - - [02/Dec/2015:08:43:04 -0500] "GET /isolucionsda/Errores/SesionExpirada.asp? HTTP/1.1" 200 6726
201.245.192.253 - - [02/Dec/2015:08:43:05 -0500] "GET /galeria/nivo-slider/demo/images/banner-llantas2015s.jpg HTTP/1.1" 404 1314
190.146.239.249 - - [02/Dec/2015:08:43:07 -0500] "GET /videos/ArchivoSDA.flv HTTP/1.1" 200 31205279
36.250.183.245 - - [02/Dec/2015:08:43:07 -0500] "GET /bla/ HTTP/1.1" 200 538
190.253.74.60 - - [02/Dec/2015:08:43:07 -0500] "GET /galeria/nivo-slider/demo/images/banner-llantas2015s.jpg HTTP/1.1" 404 1218
181.49.23.142 - - [02/Dec/2015:08:43:12 -0500] "GET /galeria/nivo-slider/demo/images/banner-llantas2015s.jpg HTTP/1.1" 404 1314
180.76.15.24 - - [02/Dec/2015:08:43:14 -0500] "GET / HTTP/1.1" 200 10190
190.253.74.60 - - [02/Dec/2015:08:43:17 -0500] "GET /galeria/nivo-slider/demo/images/banner-llantas2015s.jpg HTTP/1.1" 404 1218
190.25.224.250 - - [02/Dec/2015:08:43:17 -0500] "GET /videos/ArchivoSDA.flv HTTP/1.1" 200 31205279
36.250.183.245 - - [02/Dec/2015:08:43:24 -0500] "GET /bla HTTP/1.1" 301 298
36.250.183.245 - - [02/Dec/2015:08:43:24 -0500] "GET /bla HTTP/1.1" 301 298
190.26.242.47 - - [02/Dec/2015:08:43:26 -0500] "GET /galeria/nivo-slider/demo/images/banner-llantas2015s.jpg HTTP/1.1" 404 1314
36.250.183.245 - - [02/Dec/2015:08:43:26 -0500] "GET /bla/ HTTP/1.1" 200 538
36.250.183.245 - - [02/Dec/2015:08:43:27 -0500] "GET /bla/board.cgi HTTP/1.1" 404 1176
36.250.183.245 - - [02/Dec/2015:08:43:27 -0500] "GET /bla/ HTTP/1.1" 200 538
36.250.183.245 - - [02/Dec/2015:08:43:28 -0500] "GET /bla/c-board.cgi HTTP/1.1" 404 1180
36.250.183.245 - - [02/Dec/2015:08:43:29 -0500] "GET /bla/ HTTP/1.1" 200 538
36.250.183.245 - - [02/Dec/2015:08:43:29 -0500] "GET /bla/index.php?option=com_registration&task=register HTTP/1.1" 200 538
36.250.183.245 - - [02/Dec/2015:08:43:30 -0500] "GET /bla/index.php?option=com_fireboard HTTP/1.1" 200 538
186.84.180.130 - - [02/Dec/2015:08:43:30 -0500] "GET /BLA/boletinlegal/js/jquery.scrollShow.js HTTP/1.1" 200 4586
186.84.180.130 - - [02/Dec/2015:08:43:30 -0500] "GET /galeria/galeria/jquery.fancybox.js?v=2.1.5 HTTP/1.1" 200 48706
186.84.180.130 - - [02/Dec/2015:08:43:30 -0500] "GET /galeria/galeria/jquery.fancybox.css?v=2.1.5 HTTP/1.1" 200 4895
36.250.183.245 - - [02/Dec/2015:08:43:30 -0500] "GET /bla/ HTTP/1.1" 200 538
36.250.183.245 - - [02/Dec/2015:08:43:31 -0500] "GET /bla/index.php?page=Register HTTP/1.1" 200 538
181.232.116.30 - - [02/Dec/2015:08:43:31 -0500] "GET /galeria/galeria/jquery.fancybox.css?v=2.1.5 HTTP/1.1" 200 4895
181.232.116.30 - - [02/Dec/2015:08:43:31 -0500] "GET /BLA/boletinlegal/js/jquery.scrollShow.js HTTP/1.1" 200 4586
181.232.116.30 - - [02/Dec/2015:08:43:31 -0500] "GET /galeria/galeria/jquery.fancybox.js?v=2.1.5 HTTP/1.1" 200 48706
36.250.183.245 - - [02/Dec/2015:08:43:31 -0500] "GET /bla/register.php HTTP/1.1" 404 1158
36.250.183.245 - - [02/Dec/2015:08:43:32 -0500] "GET /bla/ HTTP/1.1" 200 538
36.250.183.245 - - [02/Dec/2015:08:43:33 -0500] "GET /bla/ HTTP/1.1" 200 538
36.250.183.245 - - [02/Dec/2015:08:43:33 -0500] "GET /bla/index.php?file=Guestbook HTTP/1.1" 200 538
201.245.192.253 - - [02/Dec/2015:08:43:33 -0500] "GET /isolucionsda/IdentificaUsuario.asp?Pagina1=FrameSetGeneral.asp& HTTP/1.1" 200 1232
186.84.180.130 - - [02/Dec/2015:08:43:35 -0500] "GET /BLA/boletinlegal/js/jquery.scrollShow.js HTTP/1.1" 200 4586
186.84.180.130 - - [02/Dec/2015:08:43:35 -0500] "GET /galeria/galeria/jquery.fancybox.css?v=2.1.5 HTTP/1.1" 200 4895
186.84.180.130 - - [02/Dec/2015:08:43:35 -0500] "GET /galeria/galeria/jquery.fancybox.js?v=2.1.5 HTTP/1.1" 200 48706
190.26.242.47 - - [02/Dec/2015:08:43:35 -0500] "GET /galeria/nivo-slider/demo/images/banner-llantas2015s.jpg HTTP/1.1" 404 1314
36.250.183.245 - - [02/Dec/2015:08:43:36 -0500] "GET /bla/member/reg.php HTTP/1.1" 404 1018
36.250.183.245 - - [02/Dec/2015:08:43:36 -0500] "GET /bla/ HTTP/1.1" 200 538
151.80.31.144 - - [02/Dec/2015:08:43:37 -0500] "GET /BLA/resoluciones/RESOLUCIONES%202004/RES%202004%201901-1950/00001929.tif HTTP/1.1" 200 168268
36.250.183.245 - - [02/Dec/2015:08:43:37 -0500] "GET /bla/logging.php?action=login HTTP/1.1" 404 1158
36.250.183.245 - - [02/Dec/2015:08:43:38 -0500] "GET /bla/index.php HTTP/1.1" 200 538
36.250.183.245 - - [02/Dec/2015:08:43:42 -0500] "GET /bla/register.php HTTP/1.1" 404 1158
181.232.116.30 - - [02/Dec/2015:08:43:42 -0500] "GET /BLA/boletinlegal/js/jquery.scrollShow.js HTTP/1.1" 304 -
181.232.116.30 - - [02/Dec/2015:08:43:43 -0500] "GET /galeria/galeria/jquery.fancybox.js?v=2.1.5 HTTP/1.1" 304 -
181.232.116.30 - - [02/Dec/2015:08:43:43 -0500] "GET /galeria/galeria/jquery.fancybox.css?v=2.1.5 HTTP/1.1" 304 -
36.250.183.245 - - [02/Dec/2015:08:43:44 -0500] "GET /bla/login.php HTTP/1.1" 404 1018
36.250.183.245 - - [02/Dec/2015:08:43:45 -0500] "GET /bla/CreateUser.asp HTTP/1.1" 404 1158
36.250.183.245 - - [02/Dec/2015:08:43:46 -0500] "GET /bla/login.php HTTP/1.1" 404 1018
36.250.183.245 - - [02/Dec/2015:08:43:47 -0500] "GET /bla/login.php?action=quit HTTP/1.1" 404 1018
36.250.183.245 - - [02/Dec/2015:08:43:48 -0500] "GET /bla/reg.asp HTTP/1.1" 404 1018
36.250.183.245 - - [02/Dec/2015:08:43:49 -0500] "GET /bla/?T=reg HTTP/1.1" 200 538
36.250.183.245 - - [02/Dec/2015:08:43:49 -0500] "GET /bla/bokeindex.asp HTTP/1.1" 404 1018
186.113.10.143 - - [02/Dec/2015:08:43:49 -0500] "GET /galeria/nivo-slider/demo/images/banner-llantas2015s.jpg HTTP/1.1" 404 1314
190.25.157.12 - - [02/Dec/2015:08:43:49 -0500] "POST /forms/lservlet;jsessionid=ac16012b30d6375eb622896b4fd7bd80c9e103ba8665.e3iSbxaKaheRe38KbN0Rb34MbNn0n6jAmljGr5XDqQLvpAe HTTP/1.1" 200 2
190.146.239.249 - - [02/Dec/2015:08:43:50 -0500] "GET /sia/ HTTP/1.1" 200 2661
190.146.239.249 - - [02/Dec/2015:08:43:50 -0500] "GET /css/date_blue.css HTTP/1.1" 404 1254
190.146.239.249 - - [02/Dec/2015:08:43:50 -0500] "GET /css/fondos.css HTTP/1.1" 404 1254
190.146.239.249 - - [02/Dec/2015:08:43:50 -0500] "GET /css/bordes.css HTTP/1.1" 404 1254
190.146.239.249 - - [02/Dec/2015:08:43:50 -0500] "GET /css/textos.css HTTP/1.1" 404 1254
190.146.239.249 - - [02/Dec/2015:08:43:50 -0500] "GET /favicon.ico HTTP/1.1" 200 7782
190.146.239.249 - - [02/Dec/2015:08:43:50 -0500] "GET /sia/swf/intro.swf HTTP/1.1" 200 510209
190.147.32.87 - - [02/Dec/2015:08:43:53 -0500] "GET /galeria/nivo-slider/demo/images/banner-llantas2015s.jpg HTTP/1.0" 404 1314
36.250.183.245 - - [02/Dec/2015:08:43:55 -0500] "GET /bla/index.php?page=en_Signup HTTP/1.1" 200 538
36.250.183.245 - - [02/Dec/2015:08:43:56 -0500] "GET /bla/index.php?do=/user/register/ HTTP/1.1" 200 538
36.250.183.245 - - [02/Dec/2015:08:43:56 -0500] "GET /bla/signup.php HTTP/1.1" 404 1018
36.250.183.245 - - [02/Dec/2015:08:43:57 -0500] "GET /bla/register.php HTTP/1.1" 404 1018
36.250.183.245 - - [02/Dec/2015:08:43:58 -0500] "GET /bla/ HTTP/1.1" 200 538
186.113.10.143 - - [02/Dec/2015:08:43:59 -0500] "GET /galeria/nivo-slider/demo/images/banner-llantas2015s.jpg HTTP/1.1" 404 1314
190.24.230.245 - - [02/Dec/2015:08:44:01 -0500] "GET /galeria/nivo-slider/demo/images/banner-llantas2015s.jpg HTTP/1.1" 404 1314
36.250.183.245 - - [02/Dec/2015:08:44:02 -0500] "GET /bla/ HTTP/1.1" 200 538
36.250.183.245 - - [02/Dec/2015:08:44:02 -0500] "GET /bla/forums/ HTTP/1.1" 404 1158
190.147.32.87 - - [02/Dec/2015:08:44:03 -0500] "GET /galeria/nivo-slider/demo/images/banner-llantas2015s.jpg HTTP/1.0" 404 1314
36.250.183.245 - - [02/Dec/2015:08:44:03 -0500] "GET /bla/ HTTP/1.1" 200 538
36.250.183.245 - - [02/Dec/2015:08:44:04 -0500] "GET /bla/forum.php HTTP/1.1" 404 1018
36.250.183.245 - - [02/Dec/2015:08:44:05 -0500] "GET /bla/ HTTP/1.1" 200 538
180.76.15.17 - - [02/Dec/2015:08:44:05 -0500] "GET / HTTP/1.1" 200 10190
201.245.192.253 - - [02/Dec/2015:08:44:05 -0500] "GET /galeria/nivo-slider/demo/images/banner-llantas2015s.jpg HTTP/1.1" 404 1314
190.146.239.249 - - [02/Dec/2015:08:44:07 -0500] "GET /galeria/galeria/jquery.fancybox.js?v=2.1.5 HTTP/1.1" 304 -
190.146.239.249 - - [02/Dec/2015:08:44:07 -0500] "GET /BLA/boletinlegal/js/jquery.scrollShow.js HTTP/1.1" 304 -
190.146.239.249 - - [02/Dec/2015:08:44:07 -0500] "GET /galeria/galeria/jquery.fancybox.css?v=2.1.5 HTTP/1.1" 304 -
36.250.183.245 - - [02/Dec/2015:08:44:09 -0500] "GET /bla/register HTTP/1.1" 404 1158
190.24.230.245 - - [02/Dec/2015:08:44:11 -0500] "GET /galeria/nivo-slider/demo/images/banner-llantas2015s.jpg HTTP/1.1" 404 1314
186.83.164.95 - - [02/Dec/2015:08:44:13 -0500] "GET /Autoliquidacion/TR%C3%81MITES%20AGUAS%20SUPERFICIALES/FORMULARIO%20NACIONAL%20SOLICITUD%20-Concesion%20Aguas%20Superficiales.pdf HTTP/1.1" 200 94522
200.91.214.114 - - [02/Dec/2015:08:44:13 -0500] "GET /BLA/boletinlegal/js/jquery.scrollShow.js HTTP/1.1" 200 4586
200.91.214.114 - - [02/Dec/2015:08:44:13 -0500] "GET /galeria/galeria/jquery.fancybox.js?v=2.1.5 HTTP/1.1" 200 48706
200.91.214.114 - - [02/Dec/2015:08:44:13 -0500] "GET /galeria/galeria/jquery.fancybox.css?v=2.1.5 HTTP/1.1" 200 4895
200.91.214.114 - - [02/Dec/2015:08:44:13 -0500] "GET /galeria/carrusel/Carrusel/jquery.thumbnailScroller.css HTTP/1.1" 200 2066
186.83.164.95 - - [02/Dec/2015:08:44:13 -0500] "GET /favicon.ico HTTP/1.1" 200 7782
200.91.214.114 - - [02/Dec/2015:08:44:13 -0500] "GET /galeria/carrusel/Carrusel/jquery-ui-1.8.13.custom.min.js HTTP/1.1" 200 10800
200.91.214.114 - - [02/Dec/2015:08:44:13 -0500] "GET /galeria/carrusel/Carrusel/jquery.thumbnailScroller.js HTTP/1.1" 200 8157
36.250.183.245 - - [02/Dec/2015:08:44:13 -0500] "GET /bla/index.php?register HTTP/1.1" 200 538
200.91.214.114 - - [02/Dec/2015:08:44:14 -0500] "GET /galeria/nivo-slider/demo/demo.html HTTP/1.1" 200 4924
201.245.192.253 - - [02/Dec/2015:08:44:15 -0500] "GET /galeria/nivo-slider/demo/images/banner-llantas2015s.jpg HTTP/1.1" 404 1314
201.245.192.253 - - [02/Dec/2015:08:44:17 -0500] "GET /galeria/nivo-slider/demo/images/banner-llantas2015s.jpg HTTP/1.1" 404 1314
186.155.251.38 - - [02/Dec/2015:08:44:22 -0500] "GET /galeria/nivo-slider/demo/images/banner-llantas2015s.jpg HTTP/1.1" 404 1314
36.250.183.245 - - [02/Dec/2015:08:44:23 -0500] "GET /bla/ HTTP/1.1" 200 538
36.250.183.245 - - [02/Dec/2015:08:44:24 -0500] "GET /bla/ HTTP/1.1" 200 538
36.250.183.245 - - [02/Dec/2015:08:44:24 -0500] "GET /bla/index.php?act=register HTTP/1.1" 200 538
36.250.183.245 - - [02/Dec/2015:08:44:25 -0500] "GET /bla/index.php?act=login HTTP/1.1" 200 538
36.250.183.245 - - [02/Dec/2015:08:44:25 -0500] "GET /bla/ HTTP/1.1" 200 538
36.250.183.245 - - [02/Dec/2015:08:44:26 -0500] "GET /bla/ HTTP/1.1" 200 538
200.91.214.114 - - [02/Dec/2015:08:44:27 -0500] "GET /galeria/nivo-slider/themes/orman/orman.css HTTP/1.1" 200 2152
200.91.214.114 - - [02/Dec/2015:08:44:27 -0500] "GET /galeria/nivo-slider/themes/default/default.css HTTP/1.1" 200 1569
200.91.214.114 - - [02/Dec/2015:08:44:27 -0500] "GET /galeria/nivo-slider/demo/style.css HTTP/1.1" 200 2222
200.91.214.114 - - [02/Dec/2015:08:44:27 -0500] "GET /galeria/nivo-slider/themes/pascal/pascal.css HTTP/1.1" 200 2258
200.91.214.114 - - [02/Dec/2015:08:44:27 -0500] "GET /galeria/nivo-slider/nivo-slider.css HTTP/1.1" 200 1507
200.91.214.114 - - [02/Dec/2015:08:44:27 -0500] "GET /galeria/nivo-slider/demo/images/ES_Banner_COP21_03.jpg HTTP/1.1" 200 178049
200.91.214.114 - - [02/Dec/2015:08:44:27 -0500] "GET /galeria/nivo-slider/demo/scripts/jquery-1.7.1.min.js HTTP/1.1" 200 93868
200.91.214.114 - - [02/Dec/2015:08:44:27 -0500] "GET /galeria/nivo-slider/jquery.nivo.slider.pack.js HTTP/1.1" 200 11561
200.91.214.114 - - [02/Dec/2015:08:44:27 -0500] "GET /galeria/nivo-slider/demo/images/Programacion-navidena.jpg HTTP/1.1" 200 316038
200.91.214.114 - - [02/Dec/2015:08:44:27 -0500] "GET /galeria/nivo-slider/demo/images/2Banner-encuestaSDA.jpg HTTP/1.1" 200 208228
200.91.214.114 - - [02/Dec/2015:08:44:27 -0500] "GET /galeria/nivo-slider/demo/images/banner-llantas2015s.jpg HTTP/1.1" 404 1314
200.91.214.114 - - [02/Dec/2015:08:44:27 -0500] "GET /galeria/nivo-slider/demo/images/ABC-Plan-de-contigencia.jpg HTTP/1.1" 200 401853
200.91.214.114 - - [02/Dec/2015:08:44:27 -0500] "GET /galeria/nivo-slider/demo/images/NOMINACION-OAB.jpg HTTP/1.1" 200 153067
200.91.214.114 - - [02/Dec/2015:08:44:27 -0500] "GET /galeria/nivo-slider/demo/images/caminata-ecologica.jpg HTTP/1.1" 200 161069
200.91.214.114 - - [02/Dec/2015:08:44:27 -0500] "GET /galeria/nivo-slider/demo/images/Arbol-banner2015.jpg HTTP/1.1" 200 226910
201.245.192.253 - - [02/Dec/2015:08:44:27 -0500] "GET /galeria/nivo-slider/demo/images/banner-llantas2015s.jpg HTTP/1.1" 404 1314
36.250.183.245 - - [02/Dec/2015:08:44:29 -0500] "GET /bla/index.php?page=Register HTTP/1.1" 200 538
200.91.214.114 - - [02/Dec/2015:08:44:29 -0500] "GET /galeria/nivo-slider/demo/images/4Simple_Slider.png HTTP/1.1" 200 11722
200.91.214.114 - - [02/Dec/2015:08:44:29 -0500] "GET /galeria/nivo-slider/themes/default/loading.gif HTTP/1.1" 200 1737
200.91.214.114 - - [02/Dec/2015:08:44:29 -0500] "GET /galeria/nivo-slider/demo/images/Banner-ahorro-de-agua.jpg HTTP/1.1" 200 149141
200.91.214.114 - - [02/Dec/2015:08:44:30 -0500] "GET /galeria/nivo-slider/demo/images/Cmapana-onestidad.jpg HTTP/1.1" 200 141638
200.91.214.114 - - [02/Dec/2015:08:44:30 -0500] "GET /galeria/nivo-slider/demo/images/Plan-Quinquenal.jpg HTTP/1.1" 200 412438
200.91.214.114 - - [02/Dec/2015:08:44:30 -0500] "GET /galeria/nivo-slider/demo/images/PREDAcamp.jpg HTTP/1.1" 200 295358
200.91.214.114 - - [02/Dec/2015:08:44:30 -0500] "GET /galeria/nivo-slider/demo/images/9Signos.jpg HTTP/1.1" 200 81776
200.91.214.114 - - [02/Dec/2015:08:44:30 -0500] "GET /galeria/nivo-slider/demo/images/banner-llantas2.jpg HTTP/1.1" 200 204644
200.91.214.114 - - [02/Dec/2015:08:44:30 -0500] "GET /galeria/nivo-slider/demo/images/Ruta-vertimientos-01.jpg HTTP/1.1" 200 130151
200.91.214.114 - - [02/Dec/2015:08:44:30 -0500] "GET /galeria/nivo-slider/demo/images/bolsas-06.jpg HTTP/1.1" 200 90982
200.91.214.114 - - [02/Dec/2015:08:44:30 -0500] "GET /galeria/nivo-slider/demo/images/Conoce-los-humedales.jpg HTTP/1.1" 200 294036
36.250.183.245 - - [02/Dec/2015:08:44:31 -0500] "GET /bla/register.php HTTP/1.1" 404 1158
200.91.214.114 - - [02/Dec/2015:08:44:31 -0500] "GET /galeria/nivo-slider/demo/images/ecolecta-Dic2014.png HTTP/1.1" 200 288593
186.155.251.38 - - [02/Dec/2015:08:44:31 -0500] "GET /galeria/nivo-slider/demo/images/banner-llantas2015s.jpg HTTP/1.1" 404 1314
36.250.183.245 - - [02/Dec/2015:08:44:31 -0500] "GET /bla/ HTTP/1.1" 200 538
200.91.214.114 - - [02/Dec/2015:08:44:32 -0500] "GET /galeria/nivo-slider/themes/default/arrows.png HTTP/1.1" 200 824
200.91.214.114 - - [02/Dec/2015:08:44:32 -0500] "GET /galeria/nivo-slider/themes/default/bullets.png HTTP/1.1" 200 1281
36.250.183.245 - - [02/Dec/2015:08:44:32 -0500] "GET /bla/ HTTP/1.1" 200 538
190.146.246.45 - - [02/Dec/2015:08:44:34 -0500] "GET /BLA/boletinlegal/js/jquery.scrollShow.js HTTP/1.1" 200 4586
190.146.246.45 - - [02/Dec/2015:08:44:34 -0500] "GET /galeria/galeria/jquery.fancybox.js?v=2.1.5 HTTP/1.1" 200 48706
190.146.246.45 - - [02/Dec/2015:08:44:34 -0500] "GET /galeria/galeria/jquery.fancybox.css?v=2.1.5 HTTP/1.1" 200 4895
36.250.183.245 - - [02/Dec/2015:08:44:34 -0500] "GET /bla/ HTTP/1.1" 200 538
36.250.183.245 - - [02/Dec/2015:08:44:36 -0500] "GET /bla/ HTTP/1.1" 200 538
179.32.102.30 - - [02/Dec/2015:08:44:36 -0500] "GET /galeria/galeria/jquery.fancybox.css?v=2.1.5 HTTP/1.1" 200 4895
179.32.102.30 - - [02/Dec/2015:08:44:36 -0500] "GET /BLA/boletinlegal/js/jquery.scrollShow.js HTTP/1.1" 200 4586
179.32.102.30 - - [02/Dec/2015:08:44:36 -0500] "GET /galeria/galeria/jquery.fancybox.js?v=2.1.5 HTTP/1.1" 200 48706
179.32.102.30 - - [02/Dec/2015:08:44:37 -0500] "GET /galeria/carrusel/Carrusel/jquery-ui-1.8.13.custom.min.js HTTP/1.1" 200 10800
179.32.102.30 - - [02/Dec/2015:08:44:37 -0500] "GET /galeria/carrusel/Carrusel/jquery.thumbnailScroller.css HTTP/1.1" 200 2066
179.32.102.30 - - [02/Dec/2015:08:44:37 -0500] "GET /galeria/carrusel/Carrusel/jquery.thumbnailScroller.js HTTP/1.1" 200 8157
179.32.102.30 - - [02/Dec/2015:08:44:38 -0500] "GET /galeria/nivo-slider/demo/demo.html HTTP/1.1" 200 4924
179.32.102.30 - - [02/Dec/2015:08:44:38 -0500] "GET /galeria/nivo-slider/themes/default/default.css HTTP/1.1" 200 1569
179.32.102.30 - - [02/Dec/2015:08:44:38 -0500] "GET /galeria/nivo-slider/themes/pascal/pascal.css HTTP/1.1" 200 2258
179.32.102.30 - - [02/Dec/2015:08:44:38 -0500] "GET /galeria/nivo-slider/themes/orman/orman.css HTTP/1.1" 200 2152
179.32.102.30 - - [02/Dec/2015:08:44:38 -0500] "GET /galeria/nivo-slider/nivo-slider.css HTTP/1.1" 200 1507
179.32.102.30 - - [02/Dec/2015:08:44:38 -0500] "GET /galeria/nivo-slider/demo/style.css HTTP/1.1" 200 2222
179.32.102.30 - - [02/Dec/2015:08:44:39 -0500] "GET /galeria/nivo-slider/demo/images/ES_Banner_COP21_03.jpg HTTP/1.1" 200 178049
36.250.183.245 - - [02/Dec/2015:08:44:39 -0500] "GET /bla/ HTTP/1.1" 200 538
190.146.246.45 - - [02/Dec/2015:08:44:41 -0500] "GET /BLA/boletinlegal/js/jquery.scrollShow.js HTTP/1.1" 304 -
190.146.246.45 - - [02/Dec/2015:08:44:41 -0500] "GET /galeria/galeria/jquery.fancybox.js?v=2.1.5 HTTP/1.1" 304 -
190.146.246.45 - - [02/Dec/2015:08:44:41 -0500] "GET /galeria/galeria/jquery.fancybox.css?v=2.1.5 HTTP/1.1" 304 -
190.26.112.82 - - [02/Dec/2015:08:44:41 -0500] "GET /galeria/nivo-slider/demo/images/banner-llantas2015s.jpg HTTP/1.1" 404 1314
179.32.102.30 - - [02/Dec/2015:08:44:42 -0500] "GET /galeria/nivo-slider/demo/images/4Simple_Slider.png HTTP/1.1" 200 11722
179.32.102.30 - - [02/Dec/2015:08:44:42 -0500] "GET /galeria/nivo-slider/themes/default/loading.gif HTTP/1.1" 200 1737
179.32.102.30 - - [02/Dec/2015:08:44:42 -0500] "GET /galeria/nivo-slider/demo/images/banner-llantas2015s.jpg HTTP/1.1" 404 1314
179.32.102.30 - - [02/Dec/2015:08:44:42 -0500] "GET /galeria/nivo-slider/demo/images/2Banner-encuestaSDA.jpg HTTP/1.1" 200 208228
179.32.102.30 - - [02/Dec/2015:08:44:42 -0500] "GET /galeria/nivo-slider/demo/images/Programacion-navidena.jpg HTTP/1.1" 200 316038
179.32.102.30 - - [02/Dec/2015:08:44:42 -0500] "GET /galeria/nivo-slider/demo/images/NOMINACION-OAB.jpg HTTP/1.1" 200 153067
179.32.102.30 - - [02/Dec/2015:08:44:42 -0500] "GET /galeria/nivo-slider/demo/scripts/jquery-1.7.1.min.js HTTP/1.1" 200 93868
179.32.102.30 - - [02/Dec/2015:08:44:42 -0500] "GET /galeria/nivo-slider/demo/images/ABC-Plan-de-contigencia.jpg HTTP/1.1" 200 401853
179.32.102.30 - - [02/Dec/2015:08:44:42 -0500] "GET /galeria/nivo-slider/jquery.nivo.slider.pack.js HTTP/1.1" 200 11561
200.91.214.114 - - [02/Dec/2015:08:44:43 -0500] "GET /galeria/nivo-slider/demo/images/banner-llantas2015s.jpg HTTP/1.1" 404 1314
179.32.102.30 - - [02/Dec/2015:08:44:43 -0500] "GET /galeria/nivo-slider/demo/images/caminata-ecologica.jpg HTTP/1.1" 200 161069
179.32.102.30 - - [02/Dec/2015:08:44:43 -0500] "GET /galeria/nivo-slider/demo/images/Arbol-banner2015.jpg HTTP/1.1" 200 226910
66.249.66.119 - - [02/Dec/2015:08:44:44 -0500] "GET /BLA/resoluciones/AUTOS%202011/5923.pdf HTTP/1.1" 200 193076
190.144.60.154 - - [02/Dec/2015:08:44:44 -0500] "GET /galeria/galeria/jquery.fancybox.js?v=2.1.5 HTTP/1.1" 304 -
190.144.60.154 - - [02/Dec/2015:08:44:44 -0500] "GET /galeria/galeria/jquery.fancybox.css?v=2.1.5 HTTP/1.1" 304 -
179.32.102.30 - - [02/Dec/2015:08:44:44 -0500] "GET /galeria/nivo-slider/demo/images/Banner-ahorro-de-agua.jpg HTTP/1.1" 200 149141
179.32.102.30 - - [02/Dec/2015:08:44:45 -0500] "GET /galeria/nivo-slider/demo/images/Cmapana-onestidad.jpg HTTP/1.1" 200 141638
190.85.80.162 - - [02/Dec/2015:08:44:45 -0500] "GET /galeria/nivo-slider/demo/images/banner-llantas2015s.jpg HTTP/1.1" 404 1314
179.32.102.30 - - [02/Dec/2015:08:44:45 -0500] "GET /galeria/nivo-slider/demo/images/Plan-Quinquenal.jpg HTTP/1.1" 200 412438
179.32.102.30 - - [02/Dec/2015:08:44:45 -0500] "GET /galeria/nivo-slider/demo/images/PREDAcamp.jpg HTTP/1.1" 200 295358
179.32.102.30 - - [02/Dec/2015:08:44:46 -0500] "GET /galeria/nivo-slider/demo/images/banner-llantas2.jpg HTTP/1.1" 200 204644
179.32.102.30 - - [02/Dec/2015:08:44:46 -0500] "GET /galeria/nivo-slider/demo/images/9Signos.jpg HTTP/1.1" 200 81776
179.32.102.30 - - [02/Dec/2015:08:44:46 -0500] "GET /galeria/nivo-slider/demo/images/Ruta-vertimientos-01.jpg HTTP/1.1" 200 130151
179.32.102.30 - - [02/Dec/2015:08:44:46 -0500] "GET /galeria/nivo-slider/demo/images/bolsas-06.jpg HTTP/1.1" 200 90982
179.32.102.30 - - [02/Dec/2015:08:44:47 -0500] "GET /galeria/nivo-slider/demo/images/Conoce-los-humedales.jpg HTTP/1.1" 200 294036
179.32.102.30 - - [02/Dec/2015:08:44:48 -0500] "GET /galeria/nivo-slider/demo/images/ecolecta-Dic2014.png HTTP/1.1" 200 288593
36.250.183.245 - - [02/Dec/2015:08:44:48 -0500] "GET /bla/index.php?action=registernew HTTP/1.1" 200 538
36.250.183.245 - - [02/Dec/2015:08:44:49 -0500] "GET /bla/index.php?option=com_registration&task=register HTTP/1.1" 200 538
179.32.102.30 - - [02/Dec/2015:08:44:50 -0500] "GET /galeria/nivo-slider/themes/default/arrows.png HTTP/1.1" 200 824
179.32.102.30 - - [02/Dec/2015:08:44:50 -0500] "GET /galeria/nivo-slider/themes/default/bullets.png HTTP/1.1" 200 1281
190.26.112.82 - - [02/Dec/2015:08:44:51 -0500] "GET /galeria/nivo-slider/demo/images/banner-llantas2015s.jpg HTTP/1.1" 404 1314
186.155.202.243 - - [02/Dec/2015:08:44:51 -0500] "GET /galeria/nivo-slider/demo/images/banner-llantas2015s.jpg HTTP/1.1" 404 1314
200.91.214.114 - - [02/Dec/2015:08:44:53 -0500] "GET /galeria/nivo-slider/demo/images/banner-llantas2015s.jpg HTTP/1.1" 404 1314
190.25.226.49 - - [02/Dec/2015:08:44:55 -0500] "GET /galeria/nivo-slider/demo/images/banner-llantas2015s.jpg HTTP/1.1" 404 1314
200.93.146.198 - - [02/Dec/2015:08:44:55 -0500] "GET /BLA/boletinlegal/js/jquery.scrollShow.js HTTP/1.1" 200 4586
200.93.146.198 - - [02/Dec/2015:08:44:55 -0500] "GET /galeria/galeria/jquery.fancybox.js?v=2.1.5 HTTP/1.1" 200 48706
200.93.146.198 - - [02/Dec/2015:08:44:55 -0500] "GET /galeria/galeria/jquery.fancybox.css?v=2.1.5 HTTP/1.1" 200 4895
190.85.80.162 - - [02/Dec/2015:08:44:56 -0500] "GET /galeria/nivo-slider/demo/images/banner-llantas2015s.jpg HTTP/1.1" 404 1314
200.93.146.198 - - [02/Dec/2015:08:44:58 -0500] "GET /BLA/boletinlegal/js/jquery.scrollShow.js HTTP/1.1" 200 4586
200.93.146.198 - - [02/Dec/2015:08:44:58 -0500] "GET /galeria/galeria/jquery.fancybox.css?v=2.1.5 HTTP/1.1" 200 4895
200.93.146.198 - - [02/Dec/2015:08:44:58 -0500] "GET /galeria/galeria/jquery.fancybox.js?v=2.1.5 HTTP/1.1" 200 48706
201.245.192.253 - - [02/Dec/2015:08:44:59 -0500] "GET /galeria/nivo-slider/demo/images/banner-llantas2015s.jpg HTTP/1.1" 404 1314
179.32.102.30 - - [02/Dec/2015:08:45:00 -0500] "GET /galeria/nivo-slider/demo/images/banner-llantas2015s.jpg HTTP/1.1" 404 1314
186.155.202.243 - - [02/Dec/2015:08:45:01 -0500] "GET /galeria/nivo-slider/demo/images/banner-llantas2015s.jpg HTTP/1.1" 404 1314
36.250.183.245 - - [02/Dec/2015:08:45:02 -0500] "GET /bla/index.php?option=com_fireboard HTTP/1.1" 200 538
36.250.183.245 - - [02/Dec/2015:08:45:03 -0500] "GET /bla/ HTTP/1.1" 200 538
36.250.183.245 - - [02/Dec/2015:08:45:03 -0500] "GET /bla/registration_rules.asp?FID=0 HTTP/1.1" 404 1218
186.85.15.158 - - [02/Dec/2015:08:45:04 -0500] "GET /galeria/galeria/fotos/mirador3G.jpg HTTP/1.1" 200 131992
36.250.183.245 - - [02/Dec/2015:08:45:04 -0500] "GET /bla/register.php HTTP/1.1" 404 1182
36.250.183.245 - - [02/Dec/2015:08:45:05 -0500] "GET /bla/register.php HTTP/1.1" 404 1158
190.25.226.49 - - [02/Dec/2015:08:45:06 -0500] "GET /galeria/nivo-slider/demo/images/banner-llantas2015s.jpg HTTP/1.1" 404 1314
201.245.192.253 - - [02/Dec/2015:08:45:09 -0500] "GET /galeria/nivo-slider/demo/images/banner-llantas2015s.jpg HTTP/1.1" 404 1314
201.245.192.253 - - [02/Dec/2015:08:45:10 -0500] "GET /galeria/nivo-slider/demo/images/banner-llantas2015s.jpg HTTP/1.1" 404 1314
179.32.102.30 - - [02/Dec/2015:08:45:10 -0500] "GET /galeria/nivo-slider/demo/images/banner-llantas2015s.jpg HTTP/1.1" 404 1314
201.245.192.253 - - [02/Dec/2015:08:45:12 -0500] "GET /galeria/nivo-slider/demo/images/banner-llantas2015s.jpg HTTP/1.1" 404 1314
201.245.179.194 - - [02/Dec/2015:08:45:13 -0500] "GET /galeria/nivo-slider/demo/images/banner-llantas2015s.jpg HTTP/1.1" 404 1314
201.245.192.253 - - [02/Dec/2015:08:45:20 -0500] "GET /galeria/nivo-slider/demo/images/banner-llantas2015s.jpg HTTP/1.1" 404 1314
201.245.192.253 - - [02/Dec/2015:08:45:22 -0500] "GET /galeria/nivo-slider/demo/images/banner-llantas2015s.jpg HTTP/1.1" 404 1314
201.245.179.194 - - [02/Dec/2015:08:45:23 -0500] "GET /galeria/nivo-slider/demo/images/banner-llantas2015s.jpg HTTP/1.1" 404 1314
151.80.31.144 - - [02/Dec/2015:08:45:28 -0500] "GET /BLA/resoluciones/RESOLUCIONES%202004/RES%202004%20801-850/00000804.tif HTTP/1.1" 200 275726
200.114.7.112 - - [02/Dec/2015:08:45:33 -0500] "GET /BLA/resoluciones/RESOLUCIONES%202007/RES%202007%201401%20AL%201500/RESOLUCION%201401%20DE%202007.pdf HTTP/1.1" 200 257380
200.114.7.112 - - [02/Dec/2015:08:45:33 -0500] "GET /favicon.ico HTTP/1.1" 200 7782
200.114.7.112 - - [02/Dec/2015:08:45:34 -0500] "GET /BLA/resoluciones/RESOLUCIONES%202007/RES%202007%201401%20AL%201500/RESOLUCION%201401%20DE%202007.pdf HTTP/1.1" 206 32768
200.114.7.112 - - [02/Dec/2015:08:45:35 -0500] "GET /BLA/resoluciones/RESOLUCIONES%202007/RES%202007%201401%20AL%201500/RESOLUCION%201401%20DE%202007.pdf HTTP/1.1" 206 224612
161.10.121.230 - - [02/Dec/2015:08:45:36 -0500] "GET /galeria/nivo-slider/demo/images/banner-llantas2015s.jpg HTTP/1.1" 404 1314
36.250.183.245 - - [02/Dec/2015:08:45:36 -0500] "GET /bla/profile.php?mode=register&agreed=true&coppa=0 HTTP/1.1" 404 1212
36.250.183.245 - - [02/Dec/2015:08:45:37 -0500] "GET /bla/ucp.php?mode=register HTTP/1.1" 404 1158
36.250.183.245 - - [02/Dec/2015:08:45:37 -0500] "GET /bla/ HTTP/1.1" 200 538
36.250.183.245 - - [02/Dec/2015:08:45:38 -0500] "GET /bla/ HTTP/1.1" 200 538
36.250.183.245 - - [02/Dec/2015:08:45:38 -0500] "GET /bla/guestadd.asp HTTP/1.1" 404 1018
36.250.183.245 - - [02/Dec/2015:08:45:39 -0500] "GET /bla/ HTTP/1.1" 200 538
36.250.183.245 - - [02/Dec/2015:08:45:40 -0500] "GET /bla/member/index_do.php?fmdo=user&dopost=regnew HTTP/1.1" 404 1158
36.250.183.245 - - [02/Dec/2015:08:45:42 -0500] "GET /bla/signup.php HTTP/1.1" 404 1158
36.250.183.245 - - [02/Dec/2015:08:45:43 -0500] "GET /bla/index.php?app=core&module=global&section=register HTTP/1.1" 200 538
36.250.183.245 - - [02/Dec/2015:08:45:47 -0500] "GET /bla/index.php?act=Reg&CODE=00 HTTP/1.1" 200 538
161.10.121.230 - - [02/Dec/2015:08:45:47 -0500] "GET /galeria/nivo-slider/demo/images/banner-llantas2015s.jpg HTTP/1.1" 404 1314
36.250.183.245 - - [02/Dec/2015:08:45:47 -0500] "GET /bla/account/register.php HTTP/1.1" 404 1158
201.245.192.253 - - [02/Dec/2015:08:45:47 -0500] "GET /galeria/nivo-slider/demo/images/banner-llantas2015s.jpg HTTP/1.1" 404 1314
36.250.183.245 - - [02/Dec/2015:08:45:48 -0500] "GET /bla/ HTTP/1.1" 200 538
36.250.183.245 - - [02/Dec/2015:08:45:48 -0500] "GET /bla/ HTTP/1.1" 200 538
190.25.157.12 - - [02/Dec/2015:08:45:49 -0500] "POST /forms/lservlet;jsessionid=ac16012b30d6375eb622896b4fd7bd80c9e103ba8665.e3iSbxaKaheRe38KbN0Rb34MbNn0n6jAmljGr5XDqQLvpAe HTTP/1.1" 200 2
36.250.183.245 - - [02/Dec/2015:08:45:51 -0500] "GET /bla/index.php?action=register HTTP/1.1" 200 538
36.250.183.245 - - [02/Dec/2015:08:45:51 -0500] "GET /bla/ HTTP/1.1" 200 538
190.26.242.47 - - [02/Dec/2015:08:45:51 -0500] "GET /galeria/nivo-slider/demo/images/banner-llantas2015s.jpg HTTP/1.1" 404 1314
36.250.183.245 - - [02/Dec/2015:08:45:52 -0500] "GET /bla/post.php HTTP/1.1" 404 1018
36.250.183.245 - - [02/Dec/2015:08:45:53 -0500] "GET /bla/ HTTP/1.1" 200 538
36.250.183.245 - - [02/Dec/2015:08:45:54 -0500] "GET /bla/register.php?type=company HTTP/1.1" 404 1018
36.250.183.245 - - [02/Dec/2015:08:45:55 -0500] "GET /bla/member/register.php?type=company HTTP/1.1" 404 1018
201.245.192.253 - - [02/Dec/2015:08:45:55 -0500] "GET /galeria/nivo-slider/demo/images/banner-llantas2015s.jpg HTTP/1.1" 404 1314
36.250.183.245 - - [02/Dec/2015:08:45:55 -0500] "GET /bla/member.php/register.php?type=company HTTP/1.1" 404 1018
36.250.183.245 - - [02/Dec/2015:08:45:56 -0500] "GET / HTTP/1.1" 200 10190
201.245.192.253 - - [02/Dec/2015:08:45:58 -0500] "GET /galeria/nivo-slider/demo/images/banner-llantas2015s.jpg HTTP/1.1" 404 1314
36.250.183.245 - - [02/Dec/2015:08:45:59 -0500] "GET /register.php?type=company HTTP/1.1" 404 1018
36.250.183.245 - - [02/Dec/2015:08:45:59 -0500] "GET /member/register.php?type=company HTTP/1.1" 404 1018
190.248.129.50 - - [02/Dec/2015:08:46:00 -0500] "GET /BLA/resoluciones/RESOLUCIONES%202007/RES%202007%20801%20AL%20900/RESOLUCION%200879%20DE%202007.pdf HTTP/1.1" 200 265669
36.250.183.245 - - [02/Dec/2015:08:46:00 -0500] "GET /member.php/register.php?type=company HTTP/1.1" 404 1018
190.248.129.46 - - [02/Dec/2015:08:46:01 -0500] "GET /favicon.ico HTTP/1.1" 200 7782
36.250.183.245 - - [02/Dec/2015:08:46:01 -0500] "GET /bla/register.php HTTP/1.1" 404 1018
190.26.242.47 - - [02/Dec/2015:08:46:01 -0500] "GET /galeria/nivo-slider/demo/images/banner-llantas2015s.jpg HTTP/1.1" 404 1314
190.248.129.46 - - [02/Dec/2015:08:46:01 -0500] "GET /BLA/resoluciones/RESOLUCIONES%202007/RES%202007%20801%20AL%20900/RESOLUCION%200879%20DE%202007.pdf HTTP/1.1" 206 32768
190.248.129.46 - - [02/Dec/2015:08:46:02 -0500] "GET /BLA/resoluciones/RESOLUCIONES%202007/RES%202007%20801%20AL%20900/RESOLUCION%200879%20DE%202007.pdf HTTP/1.1" 206 232901
181.49.23.142 - - [02/Dec/2015:08:46:02 -0500] "GET /galeria/nivo-slider/demo/images/banner-llantas2015s.jpg HTTP/1.1" 404 1314
36.250.183.245 - - [02/Dec/2015:08:46:02 -0500] "GET /bla/reg.php HTTP/1.1" 404 1018
36.250.183.245 - - [02/Dec/2015:08:46:03 -0500] "GET /bla/login.php HTTP/1.1" 404 1018
36.250.183.245 - - [02/Dec/2015:08:46:04 -0500] "GET /bla/join.php HTTP/1.1" 404 1158
201.245.192.253 - - [02/Dec/2015:08:46:05 -0500] "GET /galeria/nivo-slider/demo/images/banner-llantas2015s.jpg HTTP/1.1" 404 1314
36.250.183.245 - - [02/Dec/2015:08:46:06 -0500] "GET /bla/join_form.php HTTP/1.1" 404 1158
190.253.74.60 - - [02/Dec/2015:08:46:10 -0500] "GET /galeria/nivo-slider/demo/images/banner-llantas2015s.jpg HTTP/1.1" 404 1218
181.49.23.142 - - [02/Dec/2015:08:46:12 -0500] "GET /galeria/nivo-slider/demo/images/banner-llantas2015s.jpg HTTP/1.1" 404 1314
36.250.183.245 - - [02/Dec/2015:08:46:15 -0500] "GET /bla/ HTTP/1.1" 200 538
190.26.242.47 - - [02/Dec/2015:08:46:16 -0500] "GET /galeria/nivo-slider/demo/images/banner-llantas2015s.jpg HTTP/1.1" 404 1314
36.250.183.245 - - [02/Dec/2015:08:46:16 -0500] "GET /bla/signup HTTP/1.1" 404 1158
36.250.183.245 - - [02/Dec/2015:08:46:17 -0500] "GET /bla/ HTTP/1.1" 200 538
36.250.183.245 - - [02/Dec/2015:08:46:17 -0500] "GET /bla/action-blog HTTP/1.1" 404 1158
190.253.74.60 - - [02/Dec/2015:08:46:21 -0500] "GET /galeria/nivo-slider/demo/images/banner-llantas2015s.jpg HTTP/1.1" 404 1218
36.250.183.245 - - [02/Dec/2015:08:46:21 -0500] "GET /bla/?action-blog HTTP/1.1" 200 538
36.250.183.245 - - [02/Dec/2015:08:46:22 -0500] "GET /bla/ HTTP/1.1" 200 538
36.250.183.245 - - [02/Dec/2015:08:46:22 -0500] "GET /bla/member.php?action=reg HTTP/1.1" 404 1158
36.250.183.245 - - [02/Dec/2015:08:46:23 -0500] "GET /bla/ HTTP/1.1" 200 538
36.250.183.245 - - [02/Dec/2015:08:46:23 -0500] "GET /bla/CreateUser.asp HTTP/1.1" 404 1158
36.250.183.245 - - [02/Dec/2015:08:46:24 -0500] "GET /bla/ HTTP/1.1" 200 538
36.250.183.245 - - [02/Dec/2015:08:46:25 -0500] "GET /bla/signup HTTP/1.1" 404 1158
36.250.183.245 - - [02/Dec/2015:08:46:26 -0500] "GET /bla/join.php HTTP/1.1" 404 1018
36.250.183.245 - - [02/Dec/2015:08:46:28 -0500] "GET /?page=login&cmd=register HTTP/1.1" 200 10190
36.250.183.245 - - [02/Dec/2015:08:46:30 -0500] "GET /bla/index.php?p=member/signup HTTP/1.1" 200 538
36.250.183.245 - - [02/Dec/2015:08:46:30 -0500] "GET /bla/signup.php HTTP/1.1" 404 1158
36.250.183.245 - - [02/Dec/2015:08:46:31 -0500] "GET /member/register HTTP/1.1" 404 1150
190.26.242.47 - - [02/Dec/2015:08:46:34 -0500] "GET /galeria/nivo-slider/demo/images/banner-llantas2015s.jpg HTTP/1.1" 404 1314
36.250.183.245 - - [02/Dec/2015:08:46:41 -0500] "GET /index.php/forums/member/register HTTP/1.1" 404 1150
36.250.183.245 - - [02/Dec/2015:08:46:42 -0500] "GET /forum/member/register HTTP/1.1" 404 1150
36.250.183.245 - - [02/Dec/2015:08:46:44 -0500] "GET /bla/signup.php HTTP/1.1" 404 1158
179.32.102.30 - - [02/Dec/2015:08:46:46 -0500] "GET /galeria/galeria/jquery.fancybox.css?v=2.1.5 HTTP/1.1" 304 -
179.32.102.30 - - [02/Dec/2015:08:46:46 -0500] "GET /galeria/galeria/jquery.fancybox.js?v=2.1.5 HTTP/1.1" 304 -
179.32.102.30 - - [02/Dec/2015:08:46:46 -0500] "GET /BLA/boletinlegal/js/jquery.scrollShow.js HTTP/1.1" 304 -
186.113.10.143 - - [02/Dec/2015:08:46:49 -0500] "GET /galeria/nivo-slider/demo/images/banner-llantas2015s.jpg HTTP/1.1" 404 1314
36.250.183.245 - - [02/Dec/2015:08:46:51 -0500] "GET /bla/login.php?part=register HTTP/1.1" 404 1158
36.250.183.245 - - [02/Dec/2015:08:46:52 -0500] "GET /bla/signup.php HTTP/1.1" 404 1158
36.250.183.245 - - [02/Dec/2015:08:46:52 -0500] "GET /bla/site/signup.php HTTP/1.1" 404 1158
190.147.32.87 - - [02/Dec/2015:08:46:53 -0500] "GET /galeria/nivo-slider/demo/images/banner-llantas2015s.jpg HTTP/1.0" 404 1314
200.13.237.162 - - [02/Dec/2015:08:46:56 -0500] "GET /galeria/nivo-slider/demo/images/banner-llantas2015s.jpg HTTP/1.1" 404 1314
186.113.10.143 - - [02/Dec/2015:08:46:59 -0500] "GET /galeria/nivo-slider/demo/images/banner-llantas2015s.jpg HTTP/1.1" 404 1314
190.24.230.245 - - [02/Dec/2015:08:47:01 -0500] "GET /galeria/nivo-slider/demo/images/banner-llantas2015s.jpg HTTP/1.1" 404 1314
190.147.32.87 - - [02/Dec/2015:08:47:03 -0500] "GET /galeria/nivo-slider/demo/images/banner-llantas2015s.jpg HTTP/1.0" 404 1314
201.245.192.253 - - [02/Dec/2015:08:47:05 -0500] "GET /galeria/nivo-slider/demo/images/banner-llantas2015s.jpg HTTP/1.1" 404 1314
200.13.237.162 - - [02/Dec/2015:08:47:09 -0500] "GET /galeria/nivo-slider/demo/images/banner-llantas2015s.jpg HTTP/1.1" 404 1314
66.249.88.233 - - [02/Dec/2015:08:47:09 -0500] "GET /galeria/galeria/jquery.fancybox.js?v=2.1.5 HTTP/1.1" 200 48706
66.249.88.233 - - [02/Dec/2015:08:47:09 -0500] "GET /BLA/boletinlegal/js/jquery.scrollShow.js HTTP/1.1" 200 4586
66.249.88.233 - - [02/Dec/2015:08:47:09 -0500] "GET /galeria/galeria/jquery.fancybox.css?v=2.1.5 HTTP/1.1" 200 4895
190.24.230.245 - - [02/Dec/2015:08:47:11 -0500] "GET /galeria/nivo-slider/demo/images/banner-llantas2015s.jpg HTTP/1.1" 404 1314
36.250.183.245 - - [02/Dec/2015:08:47:12 -0500] "GET /bla/register.php HTTP/1.1" 404 1158
36.250.183.245 - - [02/Dec/2015:08:47:13 -0500] "GET /bla/join.php HTTP/1.1" 404 1158
36.250.183.245 - - [02/Dec/2015:08:47:13 -0500] "GET /bla/blogs/load/recent HTTP/1.1" 404 1158
36.250.183.245 - - [02/Dec/2015:08:47:14 -0500] "GET /bla/ HTTP/1.1" 200 538
201.245.192.253 - - [02/Dec/2015:08:47:15 -0500] "GET /galeria/nivo-slider/demo/images/banner-llantas2015s.jpg HTTP/1.1" 404 1314
186.155.251.38 - - [02/Dec/2015:08:47:15 -0500] "GET /galeria/nivo-slider/demo/images/banner-llantas2015s.jpg HTTP/1.1" 404 1314
66.249.88.233 - - [02/Dec/2015:08:47:16 -0500] "GET /BLA/boletinlegal/js/jquery.scrollShow.js HTTP/1.1" 304 -
66.249.88.233 - - [02/Dec/2015:08:47:16 -0500] "GET /galeria/galeria/jquery.fancybox.css?v=2.1.5 HTTP/1.1" 304 -
66.249.88.228 - - [02/Dec/2015:08:47:16 -0500] "GET /galeria/galeria/jquery.fancybox.js?v=2.1.5 HTTP/1.1" 304 -
201.245.192.253 - - [02/Dec/2015:08:47:17 -0500] "GET /forest/login.do HTTP/1.1" 404 1120
201.245.192.253 - - [02/Dec/2015:08:47:17 -0500] "GET /galeria/nivo-slider/demo/images/banner-llantas2015s.jpg HTTP/1.1" 404 1314
36.250.183.245 - - [02/Dec/2015:08:47:17 -0500] "GET /bla/User/Register.aspx HTTP/1.1" 404 1158
190.84.123.56 - - [02/Dec/2015:08:47:20 -0500] "GET /BLA/resoluciones/AUTOS%202014/0640.pdf HTTP/1.1" 200 432986
36.250.183.245 - - [02/Dec/2015:08:47:21 -0500] "GET /bla/member/join.php HTTP/1.1" 404 1158
190.84.123.56 - - [02/Dec/2015:08:47:21 -0500] "GET /favicon.ico HTTP/1.1" 200 7782
36.250.183.245 - - [02/Dec/2015:08:47:23 -0500] "GET /bla/index.php?page=blogs HTTP/1.1" 200 538
186.155.251.38 - - [02/Dec/2015:08:47:25 -0500] "GET /galeria/nivo-slider/demo/images/banner-llantas2015s.jpg HTTP/1.1" 404 1314
36.250.183.245 - - [02/Dec/2015:08:47:26 -0500] "GET /bla/index.php?page=join HTTP/1.1" 200 538
201.245.192.253 - - [02/Dec/2015:08:47:27 -0500] "GET /galeria/nivo-slider/demo/images/banner-llantas2015s.jpg HTTP/1.1" 404 1314
