190.146.53.139 - - [02/Dec/2015:05:21:14 -0500] "GET /galeria/nivo-slider/demo/images/banner-llantas2015s.jpg HTTP/1.1" 404 1314
190.146.53.139 - - [02/Dec/2015:05:21:22 -0500] "GET /galeria/nivo-slider/demo/images/banner-llantas2015s.jpg HTTP/1.1" 404 1314
66.249.66.121 - - [02/Dec/2015:05:21:40 -0500] "GET /BLA/resoluciones/RESOLUCIONES%202009/4469.pdf HTTP/1.1" 200 510161
151.80.31.144 - - [02/Dec/2015:05:21:57 -0500] "GET /BLA/resoluciones/RESOLUCIONES%202002/RES%202002%201851-1900/20021889.tif HTTP/1.1" 200 238458
181.60.159.20 - - [02/Dec/2015:05:22:34 -0500] "GET /galeria/nivo-slider/demo/images/banner-llantas2015s.jpg HTTP/1.1" 404 1314
181.60.159.20 - - [02/Dec/2015:05:22:44 -0500] "GET /galeria/nivo-slider/demo/images/banner-llantas2015s.jpg HTTP/1.1" 404 1314
190.146.53.139 - - [02/Dec/2015:05:22:48 -0500] "GET /galeria/galeria/jquery.fancybox.css?v=2.1.5 HTTP/1.1" 304 -
190.146.53.139 - - [02/Dec/2015:05:22:48 -0500] "GET /BLA/boletinlegal/js/jquery.scrollShow.js HTTP/1.1" 304 -
190.146.53.139 - - [02/Dec/2015:05:22:48 -0500] "GET /galeria/galeria/jquery.fancybox.js?v=2.1.5 HTTP/1.1" 304 -
181.49.76.245 - - [02/Dec/2015:05:22:48 -0500] "POST /forms/lservlet;jsessionid=ac16012b30d663a0d519e1724a65b567cf1f39810d8a.e3iSbxaKaheRe38KbN0Rb34MbNn0n6jAmljGr5XDqQLvpAe HTTP/1.1" 200 2
37.132.7.248 - - [02/Dec/2015:05:22:54 -0500] "GET /galeria/galeria/jquery.fancybox.css?v=2.1.5 HTTP/1.1" 200 4895
37.132.7.248 - - [02/Dec/2015:05:22:54 -0500] "GET /BLA/boletinlegal/js/jquery.scrollShow.js HTTP/1.1" 200 4586
37.132.7.248 - - [02/Dec/2015:05:22:55 -0500] "GET /galeria/galeria/jquery.fancybox.js?v=2.1.5 HTTP/1.1" 200 48706
69.162.124.233 - - [02/Dec/2015:05:22:56 -0500] "HEAD / HTTP/1.1" 200 -
37.132.7.248 - - [02/Dec/2015:05:23:06 -0500] "GET /galeria/galeria/jquery.fancybox.css?v=2.1.5 HTTP/1.1" 304 -
37.132.7.248 - - [02/Dec/2015:05:23:06 -0500] "GET /BLA/boletinlegal/js/jquery.scrollShow.js HTTP/1.1" 304 -
37.132.7.248 - - [02/Dec/2015:05:23:06 -0500] "GET /galeria/galeria/jquery.fancybox.js?v=2.1.5 HTTP/1.1" 304 -
190.146.53.139 - - [02/Dec/2015:05:24:24 -0500] "GET /galeria/nivo-slider/demo/images/banner-llantas2015s.jpg HTTP/1.1" 404 1314
66.249.66.121 - - [02/Dec/2015:05:24:36 -0500] "GET /catalogoisis/imagenes/Header.gif HTTP/1.1" 304 -
66.249.66.121 - - [02/Dec/2015:05:24:44 -0500] "GET /BLA/resoluciones/RESOLUCIONES%202009/7914.pdf HTTP/1.1" 200 503607
181.49.76.245 - - [02/Dec/2015:05:24:48 -0500] "POST /forms/lservlet;jsessionid=ac16012b30d663a0d519e1724a65b567cf1f39810d8a.e3iSbxaKaheRe38KbN0Rb34MbNn0n6jAmljGr5XDqQLvpAe HTTP/1.1" 200 2
181.60.159.20 - - [02/Dec/2015:05:25:35 -0500] "GET /galeria/nivo-slider/demo/images/banner-llantas2015s.jpg HTTP/1.1" 404 1314
157.55.39.226 - - [02/Dec/2015:05:25:37 -0500] "GET / HTTP/1.1" 200 10190
181.60.159.20 - - [02/Dec/2015:05:25:45 -0500] "GET /galeria/nivo-slider/demo/images/banner-llantas2015s.jpg HTTP/1.1" 404 1314
181.130.6.13 - - [02/Dec/2015:05:26:01 -0500] "GET /galeria/galeria/fotos/Movilizacio-por-el-agua3G.jpg HTTP/1.1" 200 65828
181.49.76.245 - - [02/Dec/2015:05:26:48 -0500] "POST /forms/lservlet;jsessionid=ac16012b30d663a0d519e1724a65b567cf1f39810d8a.e3iSbxaKaheRe38KbN0Rb34MbNn0n6jAmljGr5XDqQLvpAe HTTP/1.1" 200 2
151.80.31.144 - - [02/Dec/2015:05:26:51 -0500] "GET /BLA/resoluciones/RESOLUCIONES%202003/RES%202003%202051-2100/00002066.tif HTTP/1.1" 200 259858
190.146.53.139 - - [02/Dec/2015:05:27:17 -0500] "GET /galeria/nivo-slider/demo/images/banner-llantas2015s.jpg HTTP/1.1" 404 1314
190.146.53.139 - - [02/Dec/2015:05:27:34 -0500] "GET /galeria/nivo-slider/demo/images/banner-llantas2015s.jpg HTTP/1.1" 404 1314
66.249.66.119 - - [02/Dec/2015:05:27:49 -0500] "GET /BLA/resoluciones/AUTOS%202014/7062.pdf HTTP/1.1" 200 491653
69.162.124.233 - - [02/Dec/2015:05:27:56 -0500] "HEAD / HTTP/1.1" 200 -
181.130.6.13 - - [02/Dec/2015:05:28:24 -0500] "GET /wp-content/uploads/2015/08/banner2.png HTTP/1.1" 301 362
181.49.76.245 - - [02/Dec/2015:05:28:27 -0500] "POST /forms/lservlet;jsessionid=ac16012b30d663a0d519e1724a65b567cf1f39810d8a.e3iSbxaKaheRe38KbN0Rb34MbNn0n6jAmljGr5XDqQLvpAe HTTP/1.1" 200 2
181.49.76.245 - - [02/Dec/2015:05:28:28 -0500] "POST /forms/lservlet;jsessionid=ac16012b30d663a0d519e1724a65b567cf1f39810d8a.e3iSbxaKaheRe38KbN0Rb34MbNn0n6jAmljGr5XDqQLvpAe HTTP/1.1" 200 2383
181.49.76.245 - - [02/Dec/2015:05:28:28 -0500] "POST /forms/lservlet;jsessionid=ac16012b30d663a0d519e1724a65b567cf1f39810d8a.e3iSbxaKaheRe38KbN0Rb34MbNn0n6jAmljGr5XDqQLvpAe HTTP/1.1" 200 10
181.49.76.245 - - [02/Dec/2015:05:28:28 -0500] "POST /forms/lservlet;jsessionid=ac16012b30d663a0d519e1724a65b567cf1f39810d8a.e3iSbxaKaheRe38KbN0Rb34MbNn0n6jAmljGr5XDqQLvpAe HTTP/1.1" 200 2
181.49.76.245 - - [02/Dec/2015:05:28:28 -0500] "POST /forms/lservlet;jsessionid=ac16012b30d663a0d519e1724a65b567cf1f39810d8a.e3iSbxaKaheRe38KbN0Rb34MbNn0n6jAmljGr5XDqQLvpAe HTTP/1.1" 200 238
181.49.76.245 - - [02/Dec/2015:05:28:28 -0500] "POST /forms/lservlet;jsessionid=ac16012b30d663a0d519e1724a65b567cf1f39810d8a.e3iSbxaKaheRe38KbN0Rb34MbNn0n6jAmljGr5XDqQLvpAe HTTP/1.1" 200 11
181.49.76.245 - - [02/Dec/2015:05:28:31 -0500] "POST /forms/lservlet;jsessionid=ac16012b30d663a0d519e1724a65b567cf1f39810d8a.e3iSbxaKaheRe38KbN0Rb34MbNn0n6jAmljGr5XDqQLvpAe HTTP/1.1" 200 24
181.49.76.245 - - [02/Dec/2015:05:28:31 -0500] "POST /forms/lservlet;jsessionid=ac16012b30d663a0d519e1724a65b567cf1f39810d8a.e3iSbxaKaheRe38KbN0Rb34MbNn0n6jAmljGr5XDqQLvpAe HTTP/1.1" 200 4149
181.49.76.245 - - [02/Dec/2015:05:28:32 -0500] "POST /forms/lservlet;jsessionid=ac16012b30d663a0d519e1724a65b567cf1f39810d8a.e3iSbxaKaheRe38KbN0Rb34MbNn0n6jAmljGr5XDqQLvpAe HTTP/1.1" 200 2
181.49.76.245 - - [02/Dec/2015:05:28:33 -0500] "POST /forms/lservlet;jsessionid=ac16012b30d663a0d519e1724a65b567cf1f39810d8a.e3iSbxaKaheRe38KbN0Rb34MbNn0n6jAmljGr5XDqQLvpAe HTTP/1.1" 200 76
181.49.76.245 - - [02/Dec/2015:05:28:49 -0500] "POST /forms/lservlet;jsessionid=ac16012b30d663a0d519e1724a65b567cf1f39810d8a.e3iSbxaKaheRe38KbN0Rb34MbNn0n6jAmljGr5XDqQLvpAe HTTP/1.1" 200 2
151.80.31.144 - - [02/Dec/2015:05:30:06 -0500] "GET /BLA/resoluciones/RESOLUCIONES%202004/RES%202004%20601-650/00000611.tif HTTP/1.1" 200 182454
190.146.53.139 - - [02/Dec/2015:05:30:17 -0500] "GET /galeria/nivo-slider/demo/images/banner-llantas2015s.jpg HTTP/1.1" 404 1314
151.80.31.144 - - [02/Dec/2015:05:30:20 -0500] "GET /BLA/resoluciones/RESOLUCIONES%202002/RES%202002%20301-350/00000329.tif HTTP/1.1" 200 53848
190.146.53.139 - - [02/Dec/2015:05:30:27 -0500] "GET /galeria/nivo-slider/demo/images/banner-llantas2015s.jpg HTTP/1.1" 404 1314
181.49.76.245 - - [02/Dec/2015:05:30:49 -0500] "POST /forms/lservlet;jsessionid=ac16012b30d663a0d519e1724a65b567cf1f39810d8a.e3iSbxaKaheRe38KbN0Rb34MbNn0n6jAmljGr5XDqQLvpAe HTTP/1.1" 200 2
66.249.66.119 - - [02/Dec/2015:05:30:53 -0500] "GET /BLA/resoluciones/RESOLUCIONES%202010/6341.pdf HTTP/1.1" 200 742349
181.49.76.245 - - [02/Dec/2015:05:32:21 -0500] "POST /forms/lservlet;jsessionid=ac16012b30d663a0d519e1724a65b567cf1f39810d8a.e3iSbxaKaheRe38KbN0Rb34MbNn0n6jAmljGr5XDqQLvpAe HTTP/1.1" 200 77
181.49.76.245 - - [02/Dec/2015:05:32:23 -0500] "POST /forms/lservlet;jsessionid=ac16012b30d663a0d519e1724a65b567cf1f39810d8a.e3iSbxaKaheRe38KbN0Rb34MbNn0n6jAmljGr5XDqQLvpAe HTTP/1.1" 200 2
181.49.76.245 - - [02/Dec/2015:05:32:23 -0500] "POST /forms/lservlet;jsessionid=ac16012b30d663a0d519e1724a65b567cf1f39810d8a.e3iSbxaKaheRe38KbN0Rb34MbNn0n6jAmljGr5XDqQLvpAe HTTP/1.1" 200 2361
181.49.76.245 - - [02/Dec/2015:05:32:23 -0500] "POST /forms/lservlet;jsessionid=ac16012b30d663a0d519e1724a65b567cf1f39810d8a.e3iSbxaKaheRe38KbN0Rb34MbNn0n6jAmljGr5XDqQLvpAe HTTP/1.1" 200 19
181.49.76.245 - - [02/Dec/2015:05:32:25 -0500] "POST /forms/lservlet;jsessionid=ac16012b30d663a0d519e1724a65b567cf1f39810d8a.e3iSbxaKaheRe38KbN0Rb34MbNn0n6jAmljGr5XDqQLvpAe HTTP/1.1" 200 30
181.49.76.245 - - [02/Dec/2015:05:32:26 -0500] "POST /forms/lservlet;jsessionid=ac16012b30d663a0d519e1724a65b567cf1f39810d8a.e3iSbxaKaheRe38KbN0Rb34MbNn0n6jAmljGr5XDqQLvpAe HTTP/1.1" 200 24
181.49.76.245 - - [02/Dec/2015:05:32:26 -0500] "POST /forms/lservlet;jsessionid=ac16012b30d663a0d519e1724a65b567cf1f39810d8a.e3iSbxaKaheRe38KbN0Rb34MbNn0n6jAmljGr5XDqQLvpAe HTTP/1.1" 200 14
181.49.76.245 - - [02/Dec/2015:05:32:27 -0500] "POST /forms/lservlet;jsessionid=ac16012b30d663a0d519e1724a65b567cf1f39810d8a.e3iSbxaKaheRe38KbN0Rb34MbNn0n6jAmljGr5XDqQLvpAe HTTP/1.1" 200 14
181.49.76.245 - - [02/Dec/2015:05:32:28 -0500] "POST /forms/lservlet;jsessionid=ac16012b30d663a0d519e1724a65b567cf1f39810d8a.e3iSbxaKaheRe38KbN0Rb34MbNn0n6jAmljGr5XDqQLvpAe HTTP/1.1" 200 4458
181.49.76.245 - - [02/Dec/2015:05:32:29 -0500] "POST /forms/lservlet;jsessionid=ac16012b30d663a0d519e1724a65b567cf1f39810d8a.e3iSbxaKaheRe38KbN0Rb34MbNn0n6jAmljGr5XDqQLvpAe HTTP/1.1" 200 20
181.49.76.245 - - [02/Dec/2015:05:32:31 -0500] "POST /forms/lservlet;jsessionid=ac16012b30d663a0d519e1724a65b567cf1f39810d8a.e3iSbxaKaheRe38KbN0Rb34MbNn0n6jAmljGr5XDqQLvpAe HTTP/1.1" 200 2
181.49.76.245 - - [02/Dec/2015:05:32:31 -0500] "POST /forms/lservlet;jsessionid=ac16012b30d663a0d519e1724a65b567cf1f39810d8a.e3iSbxaKaheRe38KbN0Rb34MbNn0n6jAmljGr5XDqQLvpAe HTTP/1.1" 200 3007
181.49.76.245 - - [02/Dec/2015:05:32:32 -0500] "POST /forms/lservlet;jsessionid=ac16012b30d663a0d519e1724a65b567cf1f39810d8a.e3iSbxaKaheRe38KbN0Rb34MbNn0n6jAmljGr5XDqQLvpAe HTTP/1.1" 200 2
181.49.76.245 - - [02/Dec/2015:05:32:35 -0500] "POST /forms/lservlet;jsessionid=ac16012b30d663a0d519e1724a65b567cf1f39810d8a.e3iSbxaKaheRe38KbN0Rb34MbNn0n6jAmljGr5XDqQLvpAe HTTP/1.1" 200 2
181.49.76.245 - - [02/Dec/2015:05:32:35 -0500] "POST /forms/lservlet;jsessionid=ac16012b30d663a0d519e1724a65b567cf1f39810d8a.e3iSbxaKaheRe38KbN0Rb34MbNn0n6jAmljGr5XDqQLvpAe HTTP/1.1" 200 2901
181.49.76.245 - - [02/Dec/2015:05:32:36 -0500] "POST /forms/lservlet;jsessionid=ac16012b30d663a0d519e1724a65b567cf1f39810d8a.e3iSbxaKaheRe38KbN0Rb34MbNn0n6jAmljGr5XDqQLvpAe HTTP/1.1" 200 2
181.49.76.245 - - [02/Dec/2015:05:32:39 -0500] "POST /forms/lservlet;jsessionid=ac16012b30d663a0d519e1724a65b567cf1f39810d8a.e3iSbxaKaheRe38KbN0Rb34MbNn0n6jAmljGr5XDqQLvpAe HTTP/1.1" 200 2
181.49.76.245 - - [02/Dec/2015:05:32:39 -0500] "POST /forms/lservlet;jsessionid=ac16012b30d663a0d519e1724a65b567cf1f39810d8a.e3iSbxaKaheRe38KbN0Rb34MbNn0n6jAmljGr5XDqQLvpAe HTTP/1.1" 200 2233
181.49.76.245 - - [02/Dec/2015:05:32:40 -0500] "POST /forms/lservlet;jsessionid=ac16012b30d663a0d519e1724a65b567cf1f39810d8a.e3iSbxaKaheRe38KbN0Rb34MbNn0n6jAmljGr5XDqQLvpAe HTTP/1.1" 200 2
181.49.76.245 - - [02/Dec/2015:05:32:41 -0500] "POST /forms/lservlet;jsessionid=ac16012b30d663a0d519e1724a65b567cf1f39810d8a.e3iSbxaKaheRe38KbN0Rb34MbNn0n6jAmljGr5XDqQLvpAe HTTP/1.1" 200 2
181.49.76.245 - - [02/Dec/2015:05:32:42 -0500] "POST /forms/lservlet;jsessionid=ac16012b30d663a0d519e1724a65b567cf1f39810d8a.e3iSbxaKaheRe38KbN0Rb34MbNn0n6jAmljGr5XDqQLvpAe HTTP/1.1" 200 2457
181.49.76.245 - - [02/Dec/2015:05:32:42 -0500] "POST /forms/lservlet;jsessionid=ac16012b30d663a0d519e1724a65b567cf1f39810d8a.e3iSbxaKaheRe38KbN0Rb34MbNn0n6jAmljGr5XDqQLvpAe HTTP/1.1" 200 2
181.49.76.245 - - [02/Dec/2015:05:32:44 -0500] "POST /forms/lservlet;jsessionid=ac16012b30d663a0d519e1724a65b567cf1f39810d8a.e3iSbxaKaheRe38KbN0Rb34MbNn0n6jAmljGr5XDqQLvpAe HTTP/1.1" 200 2
181.49.76.245 - - [02/Dec/2015:05:32:44 -0500] "POST /forms/lservlet;jsessionid=ac16012b30d663a0d519e1724a65b567cf1f39810d8a.e3iSbxaKaheRe38KbN0Rb34MbNn0n6jAmljGr5XDqQLvpAe HTTP/1.1" 200 3469
181.49.76.245 - - [02/Dec/2015:05:32:44 -0500] "POST /forms/lservlet;jsessionid=ac16012b30d663a0d519e1724a65b567cf1f39810d8a.e3iSbxaKaheRe38KbN0Rb34MbNn0n6jAmljGr5XDqQLvpAe HTTP/1.1" 200 2
181.49.76.245 - - [02/Dec/2015:05:32:49 -0500] "POST /forms/lservlet;jsessionid=ac16012b30d663a0d519e1724a65b567cf1f39810d8a.e3iSbxaKaheRe38KbN0Rb34MbNn0n6jAmljGr5XDqQLvpAe HTTP/1.1" 200 2
69.162.124.233 - - [02/Dec/2015:05:32:56 -0500] "HEAD / HTTP/1.1" 200 -
190.158.109.248 - - [02/Dec/2015:05:33:20 -0500] "GET /isolucionsda/Session.asp HTTP/1.1" 200 6325
190.146.53.139 - - [02/Dec/2015:05:33:21 -0500] "GET /galeria/nivo-slider/demo/images/banner-llantas2015s.jpg HTTP/1.1" 404 1314
190.146.53.139 - - [02/Dec/2015:05:33:32 -0500] "GET /galeria/nivo-slider/demo/images/banner-llantas2015s.jpg HTTP/1.1" 404 1314
201.234.75.11 - - [02/Dec/2015:05:33:45 -0500] "GET /galeria/galeria/fotos/Movilizacion12P.jpg HTTP/1.1" 304 -
66.249.66.36 - - [02/Dec/2015:05:33:58 -0500] "GET /dama/libreria/php/decide.php?patron=01.0210&ofix=0&valor=10 HTTP/1.1" 404 1015
151.80.31.144 - - [02/Dec/2015:05:34:22 -0500] "GET /BLA/resoluciones/AUTOS%202006/AUTOS%202006%20801-900/00000853.tif HTTP/1.1" 200 44938
66.249.66.119 - - [02/Dec/2015:05:34:29 -0500] "GET /BLA/boletinlegal/js/jquery.js HTTP/1.1" 200 57254
66.249.66.117 - - [02/Dec/2015:05:34:30 -0500] "GET /BLA/boletinlegal/js/jquery.scrollTo-min.js HTTP/1.1" 200 1150
181.49.76.245 - - [02/Dec/2015:05:34:49 -0500] "POST /forms/lservlet;jsessionid=ac16012b30d663a0d519e1724a65b567cf1f39810d8a.e3iSbxaKaheRe38KbN0Rb34MbNn0n6jAmljGr5XDqQLvpAe HTTP/1.1" 200 2
190.146.53.139 - - [02/Dec/2015:05:36:23 -0500] "GET /galeria/nivo-slider/demo/images/banner-llantas2015s.jpg HTTP/1.1" 404 1314
190.146.53.139 - - [02/Dec/2015:05:36:33 -0500] "GET /galeria/nivo-slider/demo/images/banner-llantas2015s.jpg HTTP/1.1" 404 1314
151.80.31.144 - - [02/Dec/2015:05:36:42 -0500] "GET /BLA/resoluciones/RESOLUCIONES%202004/RES%202004%201751-1800/00001790.tif HTTP/1.1" 200 158780
181.49.76.245 - - [02/Dec/2015:05:36:49 -0500] "POST /forms/lservlet;jsessionid=ac16012b30d663a0d519e1724a65b567cf1f39810d8a.e3iSbxaKaheRe38KbN0Rb34MbNn0n6jAmljGr5XDqQLvpAe HTTP/1.1" 200 2
66.249.66.119 - - [02/Dec/2015:05:37:03 -0500] "GET /BLA/resoluciones/RESOLUCIONES%202010/0154.pdf HTTP/1.1" 200 166152
181.129.117.227 - - [02/Dec/2015:05:37:04 -0500] "GET /forest/ HTTP/1.1" 404 1120
180.76.15.151 - - [02/Dec/2015:05:37:23 -0500] "GET / HTTP/1.1" 200 10190
180.76.15.31 - - [02/Dec/2015:05:37:44 -0500] "GET / HTTP/1.1" 200 10190
151.80.31.144 - - [02/Dec/2015:05:37:45 -0500] "GET /BLA/resoluciones/RESOLUCIONES%202005/RES%202005%20451-500/00000469.tif HTTP/1.1" 200 1046310
69.162.124.233 - - [02/Dec/2015:05:37:56 -0500] "HEAD / HTTP/1.1" 200 -
157.55.39.226 - - [02/Dec/2015:05:38:30 -0500] "GET /dama/libreria/pdf/PIGA_ANEXO7.pdf HTTP/1.1" 404 1019
95.178.166.159 - - [02/Dec/2015:05:38:38 -0500] "GET / HTTP/1.1" 301 320
181.196.37.36 - - [02/Dec/2015:05:38:48 -0500] "GET /galeria/galeria/jquery.fancybox.css?v=2.1.5 HTTP/1.1" 200 4895
181.196.37.36 - - [02/Dec/2015:05:38:48 -0500] "GET /BLA/boletinlegal/js/jquery.scrollShow.js HTTP/1.1" 200 4586
181.196.37.36 - - [02/Dec/2015:05:38:49 -0500] "GET /galeria/galeria/jquery.fancybox.js?v=2.1.5 HTTP/1.1" 200 48706
181.49.76.245 - - [02/Dec/2015:05:38:49 -0500] "POST /forms/lservlet;jsessionid=ac16012b30d663a0d519e1724a65b567cf1f39810d8a.e3iSbxaKaheRe38KbN0Rb34MbNn0n6jAmljGr5XDqQLvpAe HTTP/1.1" 200 2
190.146.53.139 - - [02/Dec/2015:05:39:07 -0500] "GET /silvicultura/1.pdf HTTP/1.1" 404 1330
190.146.53.139 - - [02/Dec/2015:05:39:08 -0500] "GET /favicon.ico HTTP/1.1" 200 7782
181.196.37.36 - - [02/Dec/2015:05:39:18 -0500] "GET /galeria/galeria/jquery.fancybox.css?v=2.1.5 HTTP/1.1" 304 -
181.196.37.36 - - [02/Dec/2015:05:39:18 -0500] "GET /BLA/boletinlegal/js/jquery.scrollShow.js HTTP/1.1" 304 -
181.196.37.36 - - [02/Dec/2015:05:39:18 -0500] "GET /galeria/galeria/jquery.fancybox.js?v=2.1.5 HTTP/1.1" 304 -
190.146.53.139 - - [02/Dec/2015:05:39:24 -0500] "GET /galeria/nivo-slider/demo/images/banner-llantas2015s.jpg HTTP/1.1" 404 1314
190.146.53.139 - - [02/Dec/2015:05:39:34 -0500] "GET /galeria/nivo-slider/demo/images/banner-llantas2015s.jpg HTTP/1.1" 404 1314
181.49.76.245 - - [02/Dec/2015:05:39:54 -0500] "POST /forms/lservlet;jsessionid=ac16012b30d663a0d519e1724a65b567cf1f39810d8a.e3iSbxaKaheRe38KbN0Rb34MbNn0n6jAmljGr5XDqQLvpAe HTTP/1.1" 200 2
181.49.76.245 - - [02/Dec/2015:05:39:54 -0500] "POST /forms/lservlet;jsessionid=ac16012b30d663a0d519e1724a65b567cf1f39810d8a.e3iSbxaKaheRe38KbN0Rb34MbNn0n6jAmljGr5XDqQLvpAe HTTP/1.1" 200 2501
181.49.76.245 - - [02/Dec/2015:05:39:54 -0500] "POST /forms/lservlet;jsessionid=ac16012b30d663a0d519e1724a65b567cf1f39810d8a.e3iSbxaKaheRe38KbN0Rb34MbNn0n6jAmljGr5XDqQLvpAe HTTP/1.1" 200 10
181.49.76.245 - - [02/Dec/2015:05:39:59 -0500] "POST /forms/lservlet;jsessionid=ac16012b30d663a0d519e1724a65b567cf1f39810d8a.e3iSbxaKaheRe38KbN0Rb34MbNn0n6jAmljGr5XDqQLvpAe HTTP/1.1" 200 24
181.49.76.245 - - [02/Dec/2015:05:39:59 -0500] "POST /forms/lservlet;jsessionid=ac16012b30d663a0d519e1724a65b567cf1f39810d8a.e3iSbxaKaheRe38KbN0Rb34MbNn0n6jAmljGr5XDqQLvpAe HTTP/1.1" 200 4278
181.49.76.245 - - [02/Dec/2015:05:39:59 -0500] "POST /forms/lservlet;jsessionid=ac16012b30d663a0d519e1724a65b567cf1f39810d8a.e3iSbxaKaheRe38KbN0Rb34MbNn0n6jAmljGr5XDqQLvpAe HTTP/1.1" 200 2
66.249.66.121 - - [02/Dec/2015:05:40:07 -0500] "GET /BLA/resoluciones/RESOLUCIONES%202011/0065.pdf HTTP/1.1" 200 397712
181.49.76.245 - - [02/Dec/2015:05:40:21 -0500] "POST /forms/lservlet;jsessionid=ac16012b30d663a0d519e1724a65b567cf1f39810d8a.e3iSbxaKaheRe38KbN0Rb34MbNn0n6jAmljGr5XDqQLvpAe HTTP/1.1" 200 2
181.49.76.245 - - [02/Dec/2015:05:40:21 -0500] "POST /forms/lservlet;jsessionid=ac16012b30d663a0d519e1724a65b567cf1f39810d8a.e3iSbxaKaheRe38KbN0Rb34MbNn0n6jAmljGr5XDqQLvpAe HTTP/1.1" 200 2361
181.49.76.245 - - [02/Dec/2015:05:40:21 -0500] "POST /forms/lservlet;jsessionid=ac16012b30d663a0d519e1724a65b567cf1f39810d8a.e3iSbxaKaheRe38KbN0Rb34MbNn0n6jAmljGr5XDqQLvpAe HTTP/1.1" 200 10
181.49.76.245 - - [02/Dec/2015:05:40:23 -0500] "POST /forms/lservlet;jsessionid=ac16012b30d663a0d519e1724a65b567cf1f39810d8a.e3iSbxaKaheRe38KbN0Rb34MbNn0n6jAmljGr5XDqQLvpAe HTTP/1.1" 200 24
181.49.76.245 - - [02/Dec/2015:05:40:23 -0500] "POST /forms/lservlet;jsessionid=ac16012b30d663a0d519e1724a65b567cf1f39810d8a.e3iSbxaKaheRe38KbN0Rb34MbNn0n6jAmljGr5XDqQLvpAe HTTP/1.1" 200 4966
181.49.76.245 - - [02/Dec/2015:05:40:24 -0500] "POST /forms/lservlet;jsessionid=ac16012b30d663a0d519e1724a65b567cf1f39810d8a.e3iSbxaKaheRe38KbN0Rb34MbNn0n6jAmljGr5XDqQLvpAe HTTP/1.1" 200 2
181.49.76.245 - - [02/Dec/2015:05:40:24 -0500] "POST /forms/lservlet;jsessionid=ac16012b30d663a0d519e1724a65b567cf1f39810d8a.e3iSbxaKaheRe38KbN0Rb34MbNn0n6jAmljGr5XDqQLvpAe HTTP/1.1" 200 99
181.49.76.245 - - [02/Dec/2015:05:40:45 -0500] "POST /forms/lservlet;jsessionid=ac16012b30d663a0d519e1724a65b567cf1f39810d8a.e3iSbxaKaheRe38KbN0Rb34MbNn0n6jAmljGr5XDqQLvpAe HTTP/1.1" 200 151
181.49.76.245 - - [02/Dec/2015:05:40:49 -0500] "POST /forms/lservlet;jsessionid=ac16012b30d663a0d519e1724a65b567cf1f39810d8a.e3iSbxaKaheRe38KbN0Rb34MbNn0n6jAmljGr5XDqQLvpAe HTTP/1.1" 200 2
190.146.53.139 - - [02/Dec/2015:05:40:53 -0500] "GET / HTTP/1.1" 200 10190
190.146.53.139 - - [02/Dec/2015:05:40:53 -0500] "GET /css/bootstrap.min.css HTTP/1.1" 200 105939
190.146.53.139 - - [02/Dec/2015:05:40:53 -0500] "GET /css/bootstrap.min.css HTTP/1.1" 200 105939
190.146.53.139 - - [02/Dec/2015:05:40:54 -0500] "GET /css/style.css HTTP/1.1" 200 3610
190.146.53.139 - - [02/Dec/2015:05:40:54 -0500] "GET /images/SDA.jpg HTTP/1.1" 200 48976
190.146.53.139 - - [02/Dec/2015:05:40:55 -0500] "GET /js/jquery.js HTTP/1.1" 200 97120
190.146.53.139 - - [02/Dec/2015:05:40:56 -0500] "GET /js/bootstrap.min.js HTTP/1.1" 200 28538
190.146.53.139 - - [02/Dec/2015:05:41:05 -0500] "GET /images/INTRANET.jpg HTTP/1.1" 200 37297
190.146.53.139 - - [02/Dec/2015:05:41:13 -0500] "GET /images/LINEA.jpg HTTP/1.1" 200 33035
190.146.53.139 - - [02/Dec/2015:05:41:26 -0500] "GET /images/INTERNET.jpg HTTP/1.1" 200 34880
190.146.53.139 - - [02/Dec/2015:05:41:26 -0500] "GET /images/FOREST.jpg HTTP/1.1" 200 33277
190.146.53.139 - - [02/Dec/2015:05:41:26 -0500] "GET /images/NINOS.jpg HTTP/1.1" 200 44828
190.146.53.139 - - [02/Dec/2015:05:41:31 -0500] "GET /images/RMCAB.jpg HTTP/1.1" 200 49926
190.146.53.139 - - [02/Dec/2015:05:41:32 -0500] "GET /images/BLA.jpg HTTP/1.1" 200 34672
190.146.53.139 - - [02/Dec/2015:05:41:44 -0500] "GET /images/SDQS.jpg HTTP/1.1" 200 47976
190.146.53.139 - - [02/Dec/2015:05:41:55 -0500] "GET /images/FORMATOS.jpg HTTP/1.1" 200 41585
190.146.53.139 - - [02/Dec/2015:05:42:08 -0500] "GET /images/CATALOGO.jpg HTTP/1.1" 200 35661
190.146.53.139 - - [02/Dec/2015:05:42:28 -0500] "GET /galeria/nivo-slider/demo/images/banner-llantas2015s.jpg HTTP/1.1" 404 1314
190.146.53.139 - - [02/Dec/2015:05:42:36 -0500] "GET /galeria/nivo-slider/demo/images/banner-llantas2015s.jpg HTTP/1.1" 404 1314
181.49.76.245 - - [02/Dec/2015:05:42:49 -0500] "POST /forms/lservlet;jsessionid=ac16012b30d663a0d519e1724a65b567cf1f39810d8a.e3iSbxaKaheRe38KbN0Rb34MbNn0n6jAmljGr5XDqQLvpAe HTTP/1.1" 200 2
69.162.124.233 - - [02/Dec/2015:05:42:56 -0500] "HEAD / HTTP/1.1" 200 -
66.249.66.117 - - [02/Dec/2015:05:42:59 -0500] "GET /POT-2013/dlf/styles.css HTTP/1.1" 200 3045
201.234.75.11 - - [02/Dec/2015:05:43:02 -0500] "GET /galeria/nivo-slider/demo/images/ABC-Plan-de-contigencia.jpg HTTP/1.1" 304 -
66.249.66.117 - - [02/Dec/2015:05:43:12 -0500] "GET /BLA/resoluciones/AUTOS%202014/2088.pdf HTTP/1.1" 200 2397609
181.49.76.245 - - [02/Dec/2015:05:44:49 -0500] "POST /forms/lservlet;jsessionid=ac16012b30d663a0d519e1724a65b567cf1f39810d8a.e3iSbxaKaheRe38KbN0Rb34MbNn0n6jAmljGr5XDqQLvpAe HTTP/1.1" 200 2
151.80.31.144 - - [02/Dec/2015:05:44:52 -0500] "GET /BLA/resoluciones/RESOLUCIONES%202006/RES%202006%20251-300/00000298.tif HTTP/1.1" 200 70552
190.146.53.139 - - [02/Dec/2015:05:45:25 -0500] "GET /galeria/nivo-slider/demo/images/banner-llantas2015s.jpg HTTP/1.1" 404 1314
190.146.53.139 - - [02/Dec/2015:05:45:42 -0500] "GET /galeria/nivo-slider/demo/images/banner-llantas2015s.jpg HTTP/1.1" 404 1314
66.249.66.119 - - [02/Dec/2015:05:46:16 -0500] "GET /BLA/resoluciones/RESOLUCIONES%202009/4318.pdf HTTP/1.1" 200 767241
151.80.31.144 - - [02/Dec/2015:05:46:38 -0500] "GET /BLA/resoluciones/index.php?dir=RESOLUCIONES+2002%2FRES+2002+1151-1200%2F HTTP/1.1" 200 12144
181.49.76.245 - - [02/Dec/2015:05:46:49 -0500] "POST /forms/lservlet;jsessionid=ac16012b30d663a0d519e1724a65b567cf1f39810d8a.e3iSbxaKaheRe38KbN0Rb34MbNn0n6jAmljGr5XDqQLvpAe HTTP/1.1" 200 2
151.80.31.144 - - [02/Dec/2015:05:47:08 -0500] "GET /BLA/resoluciones/RESOLUCIONES%202004/RES%202004%201751-1800/00001787.tif HTTP/1.1" 200 200636
69.162.124.233 - - [02/Dec/2015:05:47:56 -0500] "HEAD / HTTP/1.1" 200 -
190.146.53.139 - - [02/Dec/2015:05:48:30 -0500] "GET /galeria/nivo-slider/demo/images/banner-llantas2015s.jpg HTTP/1.1" 404 1314
190.146.53.139 - - [02/Dec/2015:05:48:39 -0500] "GET /galeria/nivo-slider/demo/images/banner-llantas2015s.jpg HTTP/1.1" 404 1314
181.49.76.245 - - [02/Dec/2015:05:48:49 -0500] "POST /forms/lservlet;jsessionid=ac16012b30d663a0d519e1724a65b567cf1f39810d8a.e3iSbxaKaheRe38KbN0Rb34MbNn0n6jAmljGr5XDqQLvpAe HTTP/1.1" 200 2
151.80.31.144 - - [02/Dec/2015:05:48:49 -0500] "GET /BLA/resoluciones/AUTOS%202006/AUTOS%202006%201401%20-%201500/00001418.tif HTTP/1.1" 200 58590
36.248.166.9 - - [02/Dec/2015:05:48:49 -0500] "GET /bla/ HTTP/1.1" 200 538
190.158.109.248 - - [02/Dec/2015:05:49:20 -0500] "GET /isolucionsda/Session.asp HTTP/1.1" 200 6406
190.158.109.248 - - [02/Dec/2015:05:49:20 -0500] "GET /isolucionsda/SesionExpira.asp HTTP/1.1" 200 7438
190.158.109.248 - - [02/Dec/2015:05:49:20 -0500] "GET /isolucionsda/SesionNeutra.asp HTTP/1.1" 200 243
66.249.66.119 - - [02/Dec/2015:05:49:21 -0500] "GET /BLA/resoluciones/AUTOS%202014/4008.pdf HTTP/1.1" 200 686095
190.158.109.248 - - [02/Dec/2015:05:49:28 -0500] "GET /isolucionsda/Session.asp?Continue=1 HTTP/1.1" 200 6323
201.244.27.94 - - [02/Dec/2015:05:50:44 -0500] "GET /galeria/galeria/jquery.fancybox.css?v=2.1.5 HTTP/1.1" 200 4895
201.244.27.94 - - [02/Dec/2015:05:50:44 -0500] "GET /galeria/galeria/jquery.fancybox.js?v=2.1.5 HTTP/1.1" 200 48706
201.244.27.94 - - [02/Dec/2015:05:50:44 -0500] "GET /galeria/galeria/fotos/Huemdal-el-Tunjo1P.jpg HTTP/1.1" 200 24430
201.244.27.94 - - [02/Dec/2015:05:50:45 -0500] "GET /galeria/galeria/fotos/Humedal-Tibanica2P.jpg HTTP/1.1" 200 29568
201.244.27.94 - - [02/Dec/2015:05:50:45 -0500] "GET /galeria/galeria/fotos/Huemdal-el-Tunjo4P.jpg HTTP/1.1" 200 18710
201.244.27.94 - - [02/Dec/2015:05:50:45 -0500] "GET /galeria/galeria/fotos/Huemdal-el-Tunjo3P.jpg HTTP/1.1" 200 20644
181.49.76.245 - - [02/Dec/2015:05:50:49 -0500] "POST /forms/lservlet;jsessionid=ac16012b30d663a0d519e1724a65b567cf1f39810d8a.e3iSbxaKaheRe38KbN0Rb34MbNn0n6jAmljGr5XDqQLvpAe HTTP/1.1" 200 2
191.7.86.252 - - [02/Dec/2015:05:52:22 -0500] "GET / HTTP/1.1" 200 10190
66.249.66.119 - - [02/Dec/2015:05:52:26 -0500] "GET /BLA/resoluciones/AUTOS%202009/0757.pdf HTTP/1.1" 200 107687
181.49.76.245 - - [02/Dec/2015:05:52:49 -0500] "POST /forms/lservlet;jsessionid=ac16012b30d663a0d519e1724a65b567cf1f39810d8a.e3iSbxaKaheRe38KbN0Rb34MbNn0n6jAmljGr5XDqQLvpAe HTTP/1.1" 200 2
69.162.124.233 - - [02/Dec/2015:05:52:56 -0500] "HEAD / HTTP/1.1" 200 -
179.33.154.162 - - [02/Dec/2015:05:52:56 -0500] "GET /BLA/resoluciones/RESOLUCIONES%202007/RES%202007%201401%20AL%201500/RESOLUCION%201478%20DE%202007.pdf HTTP/1.1" 200 269849
179.33.154.162 - - [02/Dec/2015:05:52:57 -0500] "GET /favicon.ico HTTP/1.1" 200 7782
179.32.107.67 - - [02/Dec/2015:05:54:31 -0500] "GET /BLA/boletinlegal/js/jquery.scrollShow.js HTTP/1.1" 200 4586
179.32.107.67 - - [02/Dec/2015:05:54:31 -0500] "GET /galeria/galeria/jquery.fancybox.js?v=2.1.5 HTTP/1.1" 200 48706
179.32.107.67 - - [02/Dec/2015:05:54:32 -0500] "GET /galeria/galeria/jquery.fancybox.css?v=2.1.5 HTTP/1.1" 200 4895
181.49.76.245 - - [02/Dec/2015:05:54:49 -0500] "POST /forms/lservlet;jsessionid=ac16012b30d663a0d519e1724a65b567cf1f39810d8a.e3iSbxaKaheRe38KbN0Rb34MbNn0n6jAmljGr5XDqQLvpAe HTTP/1.1" 200 2
207.46.13.103 - - [02/Dec/2015:05:55:09 -0500] "GET /POT-2013/Cartografia/14_Sistema%20de%20Movilidad_Subsistema%20Vial_FEB.pdf HTTP/1.1" 200 4617200
66.249.66.119 - - [02/Dec/2015:05:55:30 -0500] "GET /BLA/resoluciones/RESOLUCIONES%202007/RES%202007%201501%20AL%201600/RESOLUCION%201557%20DE%202007.pdf HTTP/1.1" 200 765453
195.235.28.4 - - [02/Dec/2015:05:56:04 -0500] "GET /BLA/resoluciones/AUTOS%202012/0096.pdf HTTP/1.1" 200 155217
181.49.76.245 - - [02/Dec/2015:05:56:49 -0500] "POST /forms/lservlet;jsessionid=ac16012b30d663a0d519e1724a65b567cf1f39810d8a.e3iSbxaKaheRe38KbN0Rb34MbNn0n6jAmljGr5XDqQLvpAe HTTP/1.1" 200 2
190.103.111.74 - - [02/Dec/2015:05:57:38 -0500] "GET /galeria/galeria/jquery.fancybox.js?v=2.1.5 HTTP/1.1" 200 48706
190.103.111.74 - - [02/Dec/2015:05:57:38 -0500] "GET /BLA/boletinlegal/js/jquery.scrollShow.js HTTP/1.1" 200 4586
190.103.111.74 - - [02/Dec/2015:05:57:38 -0500] "GET /galeria/galeria/jquery.fancybox.css?v=2.1.5 HTTP/1.1" 200 4895
69.162.124.233 - - [02/Dec/2015:05:57:56 -0500] "HEAD / HTTP/1.1" 200 -
201.245.192.253 - - [02/Dec/2015:05:57:57 -0500] "GET /galeria/galeria/jquery.fancybox.js?v=2.1.5 HTTP/1.1" 200 48706
201.245.192.253 - - [02/Dec/2015:05:57:57 -0500] "GET /galeria/carrusel/Carrusel/jquery.thumbnailScroller.js HTTP/1.1" 200 8157
201.245.192.253 - - [02/Dec/2015:05:57:57 -0500] "GET /galeria/carrusel/Carrusel/jquery.thumbnailScroller.css HTTP/1.1" 200 2066
201.245.192.253 - - [02/Dec/2015:05:57:57 -0500] "GET /galeria/galeria/jquery.fancybox.css?v=2.1.5 HTTP/1.1" 200 4895
201.245.192.253 - - [02/Dec/2015:05:57:57 -0500] "GET /BLA/boletinlegal/js/jquery.scrollShow.js HTTP/1.1" 200 4586
201.245.192.253 - - [02/Dec/2015:05:57:57 -0500] "GET /galeria/carrusel/Carrusel/jquery-ui-1.8.13.custom.min.js HTTP/1.1" 200 10800
201.245.192.253 - - [02/Dec/2015:05:57:58 -0500] "GET /galeria/nivo-slider/demo/demo.html HTTP/1.1" 200 4924
201.245.192.253 - - [02/Dec/2015:05:57:58 -0500] "GET /galeria/nivo-slider/themes/default/default.css HTTP/1.1" 200 1569
201.245.192.253 - - [02/Dec/2015:05:57:58 -0500] "GET /galeria/nivo-slider/themes/pascal/pascal.css HTTP/1.1" 200 2258
201.245.192.253 - - [02/Dec/2015:05:57:58 -0500] "GET /galeria/nivo-slider/nivo-slider.css HTTP/1.1" 200 1507
201.245.192.253 - - [02/Dec/2015:05:57:58 -0500] "GET /galeria/nivo-slider/themes/orman/orman.css HTTP/1.1" 200 2152
201.245.192.253 - - [02/Dec/2015:05:57:58 -0500] "GET /galeria/nivo-slider/demo/style.css HTTP/1.1" 200 2222
201.245.192.253 - - [02/Dec/2015:05:57:58 -0500] "GET /galeria/nivo-slider/demo/images/ES_Banner_COP21_03.jpg HTTP/1.1" 200 178049
201.245.192.253 - - [02/Dec/2015:05:57:58 -0500] "GET /galeria/nivo-slider/demo/scripts/jquery-1.7.1.min.js HTTP/1.1" 200 93868
201.245.192.253 - - [02/Dec/2015:05:57:58 -0500] "GET /galeria/nivo-slider/jquery.nivo.slider.pack.js HTTP/1.1" 200 11561
201.245.192.253 - - [02/Dec/2015:05:57:58 -0500] "GET /galeria/nivo-slider/demo/images/Programacion-navidena.jpg HTTP/1.1" 200 316038
201.245.192.253 - - [02/Dec/2015:05:57:58 -0500] "GET /galeria/nivo-slider/demo/images/banner-llantas2015s.jpg HTTP/1.1" 404 1314
201.245.192.253 - - [02/Dec/2015:05:57:58 -0500] "GET /galeria/nivo-slider/demo/images/2Banner-encuestaSDA.jpg HTTP/1.1" 200 208228
201.245.192.253 - - [02/Dec/2015:05:57:58 -0500] "GET /galeria/nivo-slider/demo/images/NOMINACION-OAB.jpg HTTP/1.1" 200 153067
201.245.192.253 - - [02/Dec/2015:05:57:58 -0500] "GET /galeria/nivo-slider/demo/images/ABC-Plan-de-contigencia.jpg HTTP/1.1" 200 401853
201.245.192.253 - - [02/Dec/2015:05:57:58 -0500] "GET /galeria/nivo-slider/demo/images/4Simple_Slider.png HTTP/1.1" 200 11722
201.245.192.253 - - [02/Dec/2015:05:57:59 -0500] "GET /galeria/nivo-slider/themes/default/loading.gif HTTP/1.1" 200 1737
201.245.192.253 - - [02/Dec/2015:05:57:59 -0500] "GET /galeria/nivo-slider/demo/images/caminata-ecologica.jpg HTTP/1.1" 200 161069
201.245.192.253 - - [02/Dec/2015:05:57:59 -0500] "GET /galeria/nivo-slider/demo/images/Arbol-banner2015.jpg HTTP/1.1" 200 226910
201.245.192.253 - - [02/Dec/2015:05:57:59 -0500] "GET /galeria/nivo-slider/demo/images/Banner-ahorro-de-agua.jpg HTTP/1.1" 200 149141
201.245.192.253 - - [02/Dec/2015:05:57:59 -0500] "GET /galeria/nivo-slider/demo/images/Cmapana-onestidad.jpg HTTP/1.1" 200 141638
201.245.192.253 - - [02/Dec/2015:05:57:59 -0500] "GET /galeria/nivo-slider/demo/images/Plan-Quinquenal.jpg HTTP/1.1" 200 412438
201.245.192.253 - - [02/Dec/2015:05:58:00 -0500] "GET /galeria/nivo-slider/demo/images/PREDAcamp.jpg HTTP/1.1" 200 295358
201.245.192.253 - - [02/Dec/2015:05:58:00 -0500] "GET /galeria/nivo-slider/demo/images/banner-llantas2.jpg HTTP/1.1" 200 204644
201.245.192.253 - - [02/Dec/2015:05:58:00 -0500] "GET /galeria/nivo-slider/demo/images/9Signos.jpg HTTP/1.1" 200 81776
201.245.192.253 - - [02/Dec/2015:05:58:00 -0500] "GET /galeria/nivo-slider/demo/images/Ruta-vertimientos-01.jpg HTTP/1.1" 200 130151
201.245.192.253 - - [02/Dec/2015:05:58:00 -0500] "GET /galeria/nivo-slider/demo/images/bolsas-06.jpg HTTP/1.1" 200 90982
201.245.192.253 - - [02/Dec/2015:05:58:01 -0500] "GET /galeria/nivo-slider/demo/images/Conoce-los-humedales.jpg HTTP/1.1" 200 294036
201.245.192.253 - - [02/Dec/2015:05:58:01 -0500] "GET /galeria/nivo-slider/demo/images/ecolecta-Dic2014.png HTTP/1.1" 200 288593
201.245.192.253 - - [02/Dec/2015:05:58:06 -0500] "GET /galeria/nivo-slider/demo/images/banner-llantas2015s.jpg HTTP/1.1" 404 1314
201.245.192.253 - - [02/Dec/2015:05:58:06 -0500] "GET /galeria/nivo-slider/demo/images/banner-llantas2.jpg HTTP/1.1" 200 204644
201.245.192.253 - - [02/Dec/2015:05:58:06 -0500] "GET /galeria/nivo-slider/demo/images/Ruta-vertimientos-01.jpg HTTP/1.1" 200 130151
201.245.192.253 - - [02/Dec/2015:05:58:06 -0500] "GET /galeria/nivo-slider/demo/images/Conoce-los-humedales.jpg HTTP/1.1" 200 294036
201.245.192.253 - - [02/Dec/2015:05:58:06 -0500] "GET /galeria/nivo-slider/demo/images/ecolecta-Dic2014.png HTTP/1.1" 200 288593
201.245.192.253 - - [02/Dec/2015:05:58:06 -0500] "GET /galeria/nivo-slider/themes/default/arrows.png HTTP/1.1" 200 824
201.245.192.253 - - [02/Dec/2015:05:58:06 -0500] "GET /galeria/nivo-slider/themes/default/bullets.png HTTP/1.1" 200 1281
201.245.192.253 - - [02/Dec/2015:05:58:09 -0500] "GET /galeria/galeria/jquery.fancybox.css?v=2.1.5 HTTP/1.1" 304 -
201.245.192.253 - - [02/Dec/2015:05:58:09 -0500] "GET /BLA/boletinlegal/js/jquery.scrollShow.js HTTP/1.1" 304 -
201.245.192.253 - - [02/Dec/2015:05:58:09 -0500] "GET /galeria/galeria/jquery.fancybox.js?v=2.1.5 HTTP/1.1" 304 -
201.245.192.253 - - [02/Dec/2015:05:58:10 -0500] "GET /BLA/boletinlegal/js/jquery.scrollShow.js HTTP/1.1" 304 -
201.245.192.253 - - [02/Dec/2015:05:58:10 -0500] "GET /galeria/galeria/jquery.fancybox.js?v=2.1.5 HTTP/1.1" 304 -
151.80.31.144 - - [02/Dec/2015:05:58:13 -0500] "GET /BLA/resoluciones/RESOLUCIONES%202005/RES%202005%201801-1850/00001826.tif HTTP/1.1" 200 129658
66.249.66.119 - - [02/Dec/2015:05:58:35 -0500] "GET /BLA/resoluciones/AUTOS%202007/2281.pdf HTTP/1.1" 304 -
66.249.66.47 - - [02/Dec/2015:05:58:44 -0500] "GET /PruebasSTORM/StormSDA_pruebas/userFiles/user_files/formulas/3/345.xml HTTP/1.1" 200 862
190.103.111.74 - - [02/Dec/2015:05:58:44 -0500] "GET /BLA/boletinlegal/js/jquery.scrollShow.js HTTP/1.1" 304 -
190.103.111.74 - - [02/Dec/2015:05:58:44 -0500] "GET /galeria/galeria/jquery.fancybox.css?v=2.1.5 HTTP/1.1" 304 -
190.103.111.74 - - [02/Dec/2015:05:58:44 -0500] "GET /galeria/galeria/jquery.fancybox.js?v=2.1.5 HTTP/1.1" 304 -
181.49.76.245 - - [02/Dec/2015:05:58:49 -0500] "POST /forms/lservlet;jsessionid=ac16012b30d663a0d519e1724a65b567cf1f39810d8a.e3iSbxaKaheRe38KbN0Rb34MbNn0n6jAmljGr5XDqQLvpAe HTTP/1.1" 200 2
151.80.31.144 - - [02/Dec/2015:05:58:52 -0500] "GET /BLA/resoluciones/RESOLUCIONES%202005/RES%202005%202451-2500/00002495.tif HTTP/1.1" 200 264176
66.249.66.121 - - [02/Dec/2015:05:59:29 -0500] "GET /catalogoisis/imagenes/br3c1.gif HTTP/1.1" 304 -
94.22.123.234 - - [02/Dec/2015:06:00:29 -0500] "GET /robots.txt HTTP/1.0" 404 1015
94.22.123.234 - - [02/Dec/2015:06:00:33 -0500] "GET /Anexos%20estudio%20Organizacional%20SDA/ANEXO%20No.%201-%20NORMAS%20LEGALES%20DE%20ESTRUCTURA%20Y%20PLANTA/Acuerdo%209%20de%201990%20Concejo%20de%20Bogot%C3%A1..htm HTTP/1.0" 200 34207
181.49.76.245 - - [02/Dec/2015:06:00:49 -0500] "POST /forms/lservlet;jsessionid=ac16012b30d663a0d519e1724a65b567cf1f39810d8a.e3iSbxaKaheRe38KbN0Rb34MbNn0n6jAmljGr5XDqQLvpAe HTTP/1.1" 200 2
94.22.123.234 - - [02/Dec/2015:06:01:16 -0500] "GET /robots.txt HTTP/1.0" 404 1019
94.22.123.234 - - [02/Dec/2015:06:01:19 -0500] "GET /Anexos%20estudio%20Organizacional%20SDA/ANEXO%20No.%201-%20NORMAS%20LEGALES%20DE%20ESTRUCTURA%20Y%20PLANTA/Acuerdo%209%20de%201990%20Concejo%20de%20Bogot%C3%A1..htm HTTP/1.0" 200 34207
94.22.123.234 - - [02/Dec/2015:06:01:21 -0500] "GET /Autoliquidacion/Grupo%20Forestal%20-%20Silvicultura/Solicitud%20y%20lista%20de%20chequeo%20Evaluaci%C3%B3n%20Silvicultural.xlsx HTTP/1.0" 200 100649
66.249.66.121 - - [02/Dec/2015:06:01:39 -0500] "GET /BLA/resoluciones/RESOLUCIONES%202007/RES%202007%202301%20AL%202400/RESOLUCION%202400%20DE%202007.pdf HTTP/1.1" 304 -
181.49.76.245 - - [02/Dec/2015:06:02:49 -0500] "POST /forms/lservlet;jsessionid=ac16012b30d663a0d519e1724a65b567cf1f39810d8a.e3iSbxaKaheRe38KbN0Rb34MbNn0n6jAmljGr5XDqQLvpAe HTTP/1.1" 200 2
69.162.124.233 - - [02/Dec/2015:06:02:56 -0500] "HEAD / HTTP/1.1" 200 -
186.154.125.154 - - [02/Dec/2015:06:03:11 -0500] "GET /BLA/boletinlegal/js/jquery.scrollShow.js HTTP/1.1" 200 4586
186.154.125.154 - - [02/Dec/2015:06:03:11 -0500] "GET /galeria/galeria/jquery.fancybox.js?v=2.1.5 HTTP/1.1" 200 48706
186.154.125.154 - - [02/Dec/2015:06:03:11 -0500] "GET /galeria/galeria/jquery.fancybox.css?v=2.1.5 HTTP/1.1" 200 4895
151.80.31.144 - - [02/Dec/2015:06:03:42 -0500] "GET /BLA/resoluciones/RESOLUCIONES%202003/RES%202003%201951-2000/00001952.tif HTTP/1.1" 200 154854
186.113.10.143 - - [02/Dec/2015:06:03:50 -0500] "GET /galeria/nivo-slider/demo/images/ES_Banner_COP21_03.jpg HTTP/1.1" 304 -
186.30.73.62 - - [02/Dec/2015:06:04:19 -0500] "GET /BLA/boletinlegal/js/jquery.scrollShow.js HTTP/1.1" 200 4586
186.30.73.62 - - [02/Dec/2015:06:04:19 -0500] "GET /galeria/galeria/jquery.fancybox.js?v=2.1.5 HTTP/1.1" 200 48706
186.30.73.62 - - [02/Dec/2015:06:04:19 -0500] "GET /galeria/carrusel/Carrusel/jquery.thumbnailScroller.css HTTP/1.1" 200 2066
186.30.73.62 - - [02/Dec/2015:06:04:19 -0500] "GET /galeria/galeria/jquery.fancybox.css?v=2.1.5 HTTP/1.1" 200 4895
186.30.73.62 - - [02/Dec/2015:06:04:19 -0500] "GET /galeria/carrusel/Carrusel/jquery-ui-1.8.13.custom.min.js HTTP/1.1" 200 10800
186.30.73.62 - - [02/Dec/2015:06:04:20 -0500] "GET /galeria/carrusel/Carrusel/jquery.thumbnailScroller.js HTTP/1.1" 200 8157
186.30.73.62 - - [02/Dec/2015:06:04:31 -0500] "GET /galeria/nivo-slider/demo/demo.html HTTP/1.1" 200 4924
186.30.73.62 - - [02/Dec/2015:06:04:31 -0500] "GET /galeria/nivo-slider/demo/images/ES_Banner_COP21_03.jpg HTTP/1.1" 200 178049
186.30.73.62 - - [02/Dec/2015:06:04:31 -0500] "GET /galeria/nivo-slider/demo/style.css HTTP/1.1" 200 2222
186.30.73.62 - - [02/Dec/2015:06:04:31 -0500] "GET /galeria/nivo-slider/demo/images/ABC-Plan-de-contigencia.jpg HTTP/1.1" 200 401853
186.30.73.62 - - [02/Dec/2015:06:04:31 -0500] "GET /galeria/nivo-slider/themes/pascal/pascal.css HTTP/1.1" 200 2258
186.30.73.62 - - [02/Dec/2015:06:04:31 -0500] "GET /galeria/nivo-slider/demo/images/Programacion-navidena.jpg HTTP/1.1" 200 316038
186.30.73.62 - - [02/Dec/2015:06:04:31 -0500] "GET /galeria/nivo-slider/demo/images/PREDAcamp.jpg HTTP/1.1" 200 295358
186.30.73.62 - - [02/Dec/2015:06:04:31 -0500] "GET /galeria/nivo-slider/demo/images/Banner-ahorro-de-agua.jpg HTTP/1.1" 200 149141
186.30.73.62 - - [02/Dec/2015:06:04:31 -0500] "GET /galeria/nivo-slider/themes/orman/orman.css HTTP/1.1" 200 2152
186.30.73.62 - - [02/Dec/2015:06:04:31 -0500] "GET /galeria/nivo-slider/nivo-slider.css HTTP/1.1" 200 1507
186.30.73.62 - - [02/Dec/2015:06:04:31 -0500] "GET /galeria/nivo-slider/demo/images/2Banner-encuestaSDA.jpg HTTP/1.1" 200 208228
186.30.73.62 - - [02/Dec/2015:06:04:31 -0500] "GET /galeria/nivo-slider/demo/images/NOMINACION-OAB.jpg HTTP/1.1" 200 153067
186.30.73.62 - - [02/Dec/2015:06:04:31 -0500] "GET /galeria/nivo-slider/demo/images/caminata-ecologica.jpg HTTP/1.1" 200 161069
186.30.73.62 - - [02/Dec/2015:06:04:31 -0500] "GET /galeria/nivo-slider/demo/images/Cmapana-onestidad.jpg HTTP/1.1" 200 141638
186.30.73.62 - - [02/Dec/2015:06:04:31 -0500] "GET /galeria/nivo-slider/demo/images/Plan-Quinquenal.jpg HTTP/1.1" 200 412438
186.30.73.62 - - [02/Dec/2015:06:04:31 -0500] "GET /galeria/nivo-slider/themes/default/default.css HTTP/1.1" 200 1569
186.30.73.62 - - [02/Dec/2015:06:04:31 -0500] "GET /galeria/nivo-slider/demo/images/banner-llantas2015s.jpg HTTP/1.1" 404 1314
186.30.73.62 - - [02/Dec/2015:06:04:31 -0500] "GET /galeria/nivo-slider/demo/images/Arbol-banner2015.jpg HTTP/1.1" 200 226910
186.30.73.62 - - [02/Dec/2015:06:04:31 -0500] "GET /galeria/nivo-slider/demo/images/9Signos.jpg HTTP/1.1" 200 81776
186.30.73.62 - - [02/Dec/2015:06:04:36 -0500] "GET /galeria/nivo-slider/demo/images/4Simple_Slider.png HTTP/1.1" 200 11722
151.80.31.144 - - [02/Dec/2015:06:04:37 -0500] "GET /BLA/resoluciones/AUTOS%202006/AUTOS%202006%20401-500/00000464.tif HTTP/1.1" 200 44794
66.249.66.119 - - [02/Dec/2015:06:04:44 -0500] "GET /BLA/resoluciones/AUTOS%202013/2078.pdf HTTP/1.1" 200 1898775
186.30.73.62 - - [02/Dec/2015:06:04:31 -0500] "GET /galeria/nivo-slider/demo/images/banner-llantas2.jpg HTTP/1.1" 200 204644
181.49.76.245 - - [02/Dec/2015:06:04:49 -0500] "POST /forms/lservlet;jsessionid=ac16012b30d663a0d519e1724a65b567cf1f39810d8a.e3iSbxaKaheRe38KbN0Rb34MbNn0n6jAmljGr5XDqQLvpAe HTTP/1.1" 200 2
186.30.73.62 - - [02/Dec/2015:06:04:36 -0500] "GET /galeria/nivo-slider/themes/default/loading.gif HTTP/1.1" 200 1737
186.30.73.62 - - [02/Dec/2015:06:04:31 -0500] "GET /galeria/nivo-slider/demo/images/Ruta-vertimientos-01.jpg HTTP/1.1" 200 130151
186.30.73.62 - - [02/Dec/2015:06:04:31 -0500] "GET /galeria/nivo-slider/demo/images/bolsas-06.jpg HTTP/1.1" 200 90982
186.30.73.62 - - [02/Dec/2015:06:04:31 -0500] "GET /galeria/nivo-slider/demo/images/ecolecta-Dic2014.png HTTP/1.1" 200 288593
186.30.73.62 - - [02/Dec/2015:06:04:31 -0500] "GET /galeria/nivo-slider/demo/images/Conoce-los-humedales.jpg HTTP/1.1" 200 294036
186.30.73.62 - - [02/Dec/2015:06:05:04 -0500] "GET /galeria/nivo-slider/demo/scripts/jquery-1.7.1.min.js HTTP/1.1" 200 93868
186.30.73.62 - - [02/Dec/2015:06:05:04 -0500] "GET /galeria/nivo-slider/jquery.nivo.slider.pack.js HTTP/1.1" 200 11561
186.30.73.62 - - [02/Dec/2015:06:05:05 -0500] "GET /galeria/nivo-slider/themes/default/arrows.png HTTP/1.1" 200 824
186.30.73.62 - - [02/Dec/2015:06:05:05 -0500] "GET /galeria/nivo-slider/themes/default/bullets.png HTTP/1.1" 200 1281
151.80.31.144 - - [02/Dec/2015:06:05:06 -0500] "GET /BLA/resoluciones/RESOLUCIONES%202004/RES%202004%201001-1050/00001003.tif HTTP/1.1" 200 175232
186.30.73.62 - - [02/Dec/2015:06:05:16 -0500] "GET /galeria/nivo-slider/demo/images/banner-llantas2015s.jpg HTTP/1.1" 404 1314
186.30.73.62 - - [02/Dec/2015:06:05:26 -0500] "GET /galeria/nivo-slider/demo/images/banner-llantas2015s.jpg HTTP/1.1" 404 1314
190.158.109.248 - - [02/Dec/2015:06:05:28 -0500] "GET /isolucionsda/Session.asp HTTP/1.1" 200 6325
151.80.31.144 - - [02/Dec/2015:06:05:51 -0500] "GET /BLA/resoluciones/index.php?dir=RESOLUCIONES+2003%2FRES+2003+1201-1250%2F HTTP/1.1" 200 12626
190.236.7.191 - - [02/Dec/2015:06:05:52 -0500] "GET /galeria/galeria/jquery.fancybox.css?v=2.1.5 HTTP/1.1" 200 4895
190.236.7.191 - - [02/Dec/2015:06:05:52 -0500] "GET /BLA/boletinlegal/js/jquery.scrollShow.js HTTP/1.1" 200 4586
190.236.7.191 - - [02/Dec/2015:06:05:52 -0500] "GET /galeria/galeria/jquery.fancybox.js?v=2.1.5 HTTP/1.1" 200 48706
190.236.7.191 - - [02/Dec/2015:06:06:03 -0500] "GET /BLA/boletinlegal/js/jquery.scrollShow.js HTTP/1.1" 304 -
190.236.7.191 - - [02/Dec/2015:06:06:03 -0500] "GET /galeria/galeria/jquery.fancybox.js?v=2.1.5 HTTP/1.1" 304 -
190.236.7.191 - - [02/Dec/2015:06:06:03 -0500] "GET /galeria/galeria/jquery.fancybox.css?v=2.1.5 HTTP/1.1" 304 -
186.30.73.62 - - [02/Dec/2015:06:06:20 -0500] "GET /galeria/galeria/jquery.fancybox.css?v=2.1.5 HTTP/1.1" 200 4895
186.30.73.62 - - [02/Dec/2015:06:06:20 -0500] "GET /galeria/carrusel/Carrusel/jquery.thumbnailScroller.css HTTP/1.1" 200 2066
186.30.73.62 - - [02/Dec/2015:06:06:20 -0500] "GET /BLA/boletinlegal/js/jquery.scrollShow.js HTTP/1.1" 200 4586
186.30.73.62 - - [02/Dec/2015:06:06:20 -0500] "GET /galeria/carrusel/Carrusel/jquery-ui-1.8.13.custom.min.js HTTP/1.1" 200 10800
186.30.73.62 - - [02/Dec/2015:06:06:20 -0500] "GET /galeria/galeria/jquery.fancybox.js?v=2.1.5 HTTP/1.1" 200 48706
186.30.73.62 - - [02/Dec/2015:06:06:20 -0500] "GET /galeria/carrusel/Carrusel/jquery.thumbnailScroller.js HTTP/1.1" 200 8157
186.30.73.62 - - [02/Dec/2015:06:06:21 -0500] "GET /galeria/nivo-slider/demo/demo.html HTTP/1.1" 200 4924
186.30.73.62 - - [02/Dec/2015:06:06:22 -0500] "GET /galeria/nivo-slider/themes/default/default.css HTTP/1.1" 200 1569
186.30.73.62 - - [02/Dec/2015:06:06:22 -0500] "GET /galeria/nivo-slider/themes/pascal/pascal.css HTTP/1.1" 200 2258
186.30.73.62 - - [02/Dec/2015:06:06:22 -0500] "GET /galeria/nivo-slider/themes/orman/orman.css HTTP/1.1" 200 2152
186.30.73.62 - - [02/Dec/2015:06:06:22 -0500] "GET /galeria/nivo-slider/nivo-slider.css HTTP/1.1" 200 1507
186.30.73.62 - - [02/Dec/2015:06:06:22 -0500] "GET /galeria/nivo-slider/demo/style.css HTTP/1.1" 200 2222
186.30.73.62 - - [02/Dec/2015:06:06:22 -0500] "GET /galeria/nivo-slider/demo/images/ES_Banner_COP21_03.jpg HTTP/1.1" 200 178049
186.30.73.62 - - [02/Dec/2015:06:06:22 -0500] "GET /galeria/nivo-slider/jquery.nivo.slider.pack.js HTTP/1.1" 200 11561
186.30.73.62 - - [02/Dec/2015:06:06:22 -0500] "GET /galeria/nivo-slider/demo/images/Programacion-navidena.jpg HTTP/1.1" 200 316038
186.30.73.62 - - [02/Dec/2015:06:06:22 -0500] "GET /galeria/nivo-slider/demo/scripts/jquery-1.7.1.min.js HTTP/1.1" 200 93868
186.30.73.62 - - [02/Dec/2015:06:06:22 -0500] "GET /galeria/nivo-slider/demo/images/banner-llantas2015s.jpg HTTP/1.1" 404 1314
186.30.73.62 - - [02/Dec/2015:06:06:22 -0500] "GET /galeria/nivo-slider/demo/images/2Banner-encuestaSDA.jpg HTTP/1.1" 200 208228
186.30.73.62 - - [02/Dec/2015:06:06:23 -0500] "GET /galeria/nivo-slider/demo/images/NOMINACION-OAB.jpg HTTP/1.1" 200 153067
186.30.73.62 - - [02/Dec/2015:06:06:23 -0500] "GET /galeria/nivo-slider/demo/images/ABC-Plan-de-contigencia.jpg HTTP/1.1" 200 401853
186.30.73.62 - - [02/Dec/2015:06:06:23 -0500] "GET /galeria/nivo-slider/demo/images/4Simple_Slider.png HTTP/1.1" 200 11722
186.30.73.62 - - [02/Dec/2015:06:06:23 -0500] "GET /galeria/nivo-slider/themes/default/loading.gif HTTP/1.1" 200 1737
186.30.73.62 - - [02/Dec/2015:06:06:23 -0500] "GET /galeria/nivo-slider/demo/images/caminata-ecologica.jpg HTTP/1.1" 200 161069
186.30.73.62 - - [02/Dec/2015:06:06:23 -0500] "GET /galeria/nivo-slider/demo/images/Arbol-banner2015.jpg HTTP/1.1" 200 226910
186.30.73.62 - - [02/Dec/2015:06:06:23 -0500] "GET /galeria/nivo-slider/demo/images/Banner-ahorro-de-agua.jpg HTTP/1.1" 200 149141
186.30.73.62 - - [02/Dec/2015:06:06:24 -0500] "GET /galeria/nivo-slider/demo/images/Cmapana-onestidad.jpg HTTP/1.1" 200 141638
186.30.73.62 - - [02/Dec/2015:06:06:24 -0500] "GET /galeria/nivo-slider/demo/images/Plan-Quinquenal.jpg HTTP/1.1" 200 412438
186.30.73.62 - - [02/Dec/2015:06:06:24 -0500] "GET /galeria/nivo-slider/demo/images/PREDAcamp.jpg HTTP/1.1" 200 295358
186.30.73.62 - - [02/Dec/2015:06:06:24 -0500] "GET /galeria/nivo-slider/demo/images/banner-llantas2.jpg HTTP/1.1" 200 204644
186.30.73.62 - - [02/Dec/2015:06:06:25 -0500] "GET /galeria/nivo-slider/demo/images/9Signos.jpg HTTP/1.1" 200 81776
186.30.73.62 - - [02/Dec/2015:06:06:25 -0500] "GET /galeria/nivo-slider/demo/images/Ruta-vertimientos-01.jpg HTTP/1.1" 200 130151
186.30.73.62 - - [02/Dec/2015:06:06:25 -0500] "GET /galeria/nivo-slider/demo/images/bolsas-06.jpg HTTP/1.1" 200 90982
186.30.73.62 - - [02/Dec/2015:06:06:25 -0500] "GET /galeria/nivo-slider/demo/images/Conoce-los-humedales.jpg HTTP/1.1" 200 294036
186.30.73.62 - - [02/Dec/2015:06:06:25 -0500] "GET /galeria/nivo-slider/demo/images/ecolecta-Dic2014.png HTTP/1.1" 200 288593
186.30.73.62 - - [02/Dec/2015:06:06:26 -0500] "GET /galeria/nivo-slider/themes/default/arrows.png HTTP/1.1" 200 824
186.30.73.62 - - [02/Dec/2015:06:06:26 -0500] "GET /galeria/nivo-slider/themes/default/bullets.png HTTP/1.1" 200 1281
151.80.31.144 - - [02/Dec/2015:06:06:28 -0500] "GET /BLA/resoluciones/AUTOS%202006/AUTOS%202006%202901%20-%203000/00002966.tif HTTP/1.1" 200 54430
186.30.73.62 - - [02/Dec/2015:06:06:36 -0500] "GET /galeria/nivo-slider/demo/images/banner-llantas2015s.jpg HTTP/1.1" 404 1314
186.30.73.62 - - [02/Dec/2015:06:06:44 -0500] "GET /BLA/boletinlegal/js/jquery.scrollShow.js HTTP/1.1" 304 -
186.30.73.62 - - [02/Dec/2015:06:06:44 -0500] "GET /galeria/galeria/jquery.fancybox.css?v=2.1.5 HTTP/1.1" 304 -
186.30.73.62 - - [02/Dec/2015:06:06:44 -0500] "GET /galeria/galeria/jquery.fancybox.js?v=2.1.5 HTTP/1.1" 304 -
181.49.76.245 - - [02/Dec/2015:06:06:49 -0500] "POST /forms/lservlet;jsessionid=ac16012b30d663a0d519e1724a65b567cf1f39810d8a.e3iSbxaKaheRe38KbN0Rb34MbNn0n6jAmljGr5XDqQLvpAe HTTP/1.1" 200 2
207.46.13.103 - - [02/Dec/2015:06:07:28 -0500] "GET /dama/libreria/pdf/pigas/PIGA%20servcivil/Cuadro%20y%20fechas.pdf HTTP/1.1" 404 1019
190.111.91.177 - - [02/Dec/2015:06:07:28 -0500] "GET /galeria/galeria/jquery.fancybox.js?v=2.1.5 HTTP/1.1" 200 48706
190.111.91.177 - - [02/Dec/2015:06:07:28 -0500] "GET /galeria/galeria/jquery.fancybox.css?v=2.1.5 HTTP/1.1" 200 4895
66.249.66.119 - - [02/Dec/2015:06:07:49 -0500] "GET /BLA/resoluciones/RESOLUCIONES%202008/0226.pdf HTTP/1.1" 200 278067
69.162.124.233 - - [02/Dec/2015:06:07:56 -0500] "HEAD / HTTP/1.1" 200 -
151.80.31.144 - - [02/Dec/2015:06:08:01 -0500] "GET /BLA/resoluciones/AUTOS%202006/AUTOS%202006%202001%20-%202100/00002012.tif HTTP/1.1" 200 67956
181.49.76.245 - - [02/Dec/2015:06:08:49 -0500] "POST /forms/lservlet;jsessionid=ac16012b30d663a0d519e1724a65b567cf1f39810d8a.e3iSbxaKaheRe38KbN0Rb34MbNn0n6jAmljGr5XDqQLvpAe HTTP/1.1" 200 2
151.80.31.144 - - [02/Dec/2015:06:10:02 -0500] "GET /BLA/resoluciones/RESOLUCIONES%202005/RES%202005%201351-1400/00001381.tif HTTP/1.1" 200 166666
157.55.39.226 - - [02/Dec/2015:06:10:21 -0500] "GET /images/SDA.jpg HTTP/1.1" 200 48976
201.217.216.162 - - [02/Dec/2015:06:10:44 -0500] "GET / HTTP/1.1" 200 10190
201.217.216.162 - - [02/Dec/2015:06:10:44 -0500] "GET /css/bootstrap.min.css HTTP/1.1" 200 105939
201.217.216.162 - - [02/Dec/2015:06:10:44 -0500] "GET /css/style.css HTTP/1.1" 200 3610
201.217.216.162 - - [02/Dec/2015:06:10:44 -0500] "GET /js/jquery.js HTTP/1.1" 200 97120
201.217.216.162 - - [02/Dec/2015:06:10:44 -0500] "GET /js/bootstrap.min.js HTTP/1.1" 200 28538
201.217.216.162 - - [02/Dec/2015:06:10:44 -0500] "GET /images/SDA.jpg HTTP/1.1" 200 48976
201.217.216.162 - - [02/Dec/2015:06:10:44 -0500] "GET /images/INTRANET.jpg HTTP/1.1" 200 37297
201.217.216.162 - - [02/Dec/2015:06:10:44 -0500] "GET /images/LINEA.jpg HTTP/1.1" 200 33035
201.217.216.162 - - [02/Dec/2015:06:10:44 -0500] "GET /images/FOREST.jpg HTTP/1.1" 200 33277
201.217.216.162 - - [02/Dec/2015:06:10:44 -0500] "GET /images/INTERNET.jpg HTTP/1.1" 200 34880
201.217.216.162 - - [02/Dec/2015:06:10:44 -0500] "GET /images/NINOS.jpg HTTP/1.1" 200 44828
201.217.216.162 - - [02/Dec/2015:06:10:44 -0500] "GET /images/RMCAB.jpg HTTP/1.1" 200 49926
201.217.216.162 - - [02/Dec/2015:06:10:44 -0500] "GET /images/SDQS.jpg HTTP/1.1" 200 47976
201.217.216.162 - - [02/Dec/2015:06:10:44 -0500] "GET /images/CORREO.jpg HTTP/1.1" 200 39337
201.217.216.162 - - [02/Dec/2015:06:10:44 -0500] "GET /images/BLA.jpg HTTP/1.1" 200 34672
201.217.216.162 - - [02/Dec/2015:06:10:44 -0500] "GET /images/FORMATOS.jpg HTTP/1.1" 200 41585
201.217.216.162 - - [02/Dec/2015:06:10:44 -0500] "GET /images/CATALOGO.jpg HTTP/1.1" 200 35661
201.217.216.162 - - [02/Dec/2015:06:10:45 -0500] "GET /favicon.ico HTTP/1.1" 200 7782
181.49.76.245 - - [02/Dec/2015:06:10:49 -0500] "POST /forms/lservlet;jsessionid=ac16012b30d663a0d519e1724a65b567cf1f39810d8a.e3iSbxaKaheRe38KbN0Rb34MbNn0n6jAmljGr5XDqQLvpAe HTTP/1.1" 200 2
