181.142.213.31 - - [02/Dec/2015:04:40:06 -0500] "GET /galeria/galeria/jquery.fancybox.css?v=2.1.5 HTTP/1.1" 200 4895
181.142.213.31 - - [02/Dec/2015:04:40:06 -0500] "GET /galeria/carrusel/Carrusel/jquery.thumbnailScroller.css HTTP/1.1" 200 2066
181.142.213.31 - - [02/Dec/2015:04:40:06 -0500] "GET /galeria/galeria/jquery.fancybox.js?v=2.1.5 HTTP/1.1" 200 48706
181.142.213.31 - - [02/Dec/2015:04:40:06 -0500] "GET /galeria/carrusel/Carrusel/jquery.thumbnailScroller.js HTTP/1.1" 200 8157
181.142.213.31 - - [02/Dec/2015:04:40:06 -0500] "GET /galeria/carrusel/Carrusel/jquery-ui-1.8.13.custom.min.js HTTP/1.1" 200 10800
181.142.213.31 - - [02/Dec/2015:04:40:07 -0500] "GET /galeria/nivo-slider/demo/demo.html HTTP/1.1" 200 4924
181.142.213.31 - - [02/Dec/2015:04:40:10 -0500] "GET /galeria/nivo-slider/themes/default/default.css HTTP/1.1" 200 1569
181.142.213.31 - - [02/Dec/2015:04:40:10 -0500] "GET /galeria/nivo-slider/themes/pascal/pascal.css HTTP/1.1" 200 2258
181.142.213.31 - - [02/Dec/2015:04:40:10 -0500] "GET /galeria/nivo-slider/themes/orman/orman.css HTTP/1.1" 200 2152
181.142.213.31 - - [02/Dec/2015:04:40:10 -0500] "GET /galeria/nivo-slider/demo/style.css HTTP/1.1" 200 2222
181.142.213.31 - - [02/Dec/2015:04:40:10 -0500] "GET /galeria/nivo-slider/nivo-slider.css HTTP/1.1" 200 1507
181.142.213.31 - - [02/Dec/2015:04:40:10 -0500] "GET /galeria/nivo-slider/demo/scripts/jquery-1.7.1.min.js HTTP/1.1" 200 93868
181.142.213.31 - - [02/Dec/2015:04:40:10 -0500] "GET /galeria/nivo-slider/jquery.nivo.slider.pack.js HTTP/1.1" 200 11561
181.142.213.31 - - [02/Dec/2015:04:40:10 -0500] "GET /galeria/nivo-slider/demo/images/ES_Banner_COP21_03.jpg HTTP/1.1" 200 178049
181.142.213.31 - - [02/Dec/2015:04:40:10 -0500] "GET /galeria/nivo-slider/demo/images/banner-llantas2015s.jpg HTTP/1.1" 404 1314
181.142.213.31 - - [02/Dec/2015:04:40:10 -0500] "GET /galeria/nivo-slider/demo/images/Programacion-navidena.jpg HTTP/1.1" 200 316038
181.142.213.31 - - [02/Dec/2015:04:40:10 -0500] "GET /galeria/nivo-slider/demo/images/2Banner-encuestaSDA.jpg HTTP/1.1" 200 208228
181.142.213.31 - - [02/Dec/2015:04:40:10 -0500] "GET /galeria/nivo-slider/demo/images/NOMINACION-OAB.jpg HTTP/1.1" 200 153067
181.142.213.31 - - [02/Dec/2015:04:40:10 -0500] "GET /galeria/nivo-slider/demo/images/ABC-Plan-de-contigencia.jpg HTTP/1.1" 200 401853
66.249.66.121 - - [02/Dec/2015:04:40:11 -0500] "GET /galeria/galeria/fotos/Humedal-la-conejera1G.jpg HTTP/1.1" 304 -
181.142.213.31 - - [02/Dec/2015:04:40:11 -0500] "GET /galeria/nivo-slider/demo/images/4Simple_Slider.png HTTP/1.1" 200 11722
181.142.213.31 - - [02/Dec/2015:04:40:11 -0500] "GET /galeria/nivo-slider/themes/default/loading.gif HTTP/1.1" 200 1737
181.142.213.31 - - [02/Dec/2015:04:40:11 -0500] "GET /galeria/nivo-slider/demo/images/caminata-ecologica.jpg HTTP/1.1" 200 161069
181.142.213.31 - - [02/Dec/2015:04:40:12 -0500] "GET /galeria/nivo-slider/demo/images/Arbol-banner2015.jpg HTTP/1.1" 200 226910
181.142.213.31 - - [02/Dec/2015:04:40:12 -0500] "GET /galeria/nivo-slider/demo/images/Banner-ahorro-de-agua.jpg HTTP/1.1" 200 149141
181.142.213.31 - - [02/Dec/2015:04:40:12 -0500] "GET /galeria/nivo-slider/demo/images/Cmapana-onestidad.jpg HTTP/1.1" 200 141638
181.142.213.31 - - [02/Dec/2015:04:40:13 -0500] "GET /galeria/nivo-slider/demo/images/Plan-Quinquenal.jpg HTTP/1.1" 200 412438
181.142.213.31 - - [02/Dec/2015:04:40:13 -0500] "GET /galeria/nivo-slider/demo/images/PREDAcamp.jpg HTTP/1.1" 200 295358
181.142.213.31 - - [02/Dec/2015:04:40:13 -0500] "GET /galeria/nivo-slider/demo/images/banner-llantas2.jpg HTTP/1.1" 200 204644
181.142.213.31 - - [02/Dec/2015:04:40:14 -0500] "GET /galeria/nivo-slider/demo/images/9Signos.jpg HTTP/1.1" 200 81776
181.142.213.31 - - [02/Dec/2015:04:40:15 -0500] "GET /galeria/nivo-slider/demo/images/Ruta-vertimientos-01.jpg HTTP/1.1" 200 130151
181.142.213.31 - - [02/Dec/2015:04:40:15 -0500] "GET /galeria/nivo-slider/demo/images/bolsas-06.jpg HTTP/1.1" 200 90982
181.142.213.31 - - [02/Dec/2015:04:40:15 -0500] "GET /galeria/nivo-slider/demo/images/Conoce-los-humedales.jpg HTTP/1.1" 200 294036
151.80.31.144 - - [02/Dec/2015:04:40:16 -0500] "GET /BLA/resoluciones/RESOLUCIONES%202004/RES%202004%201701-1750/00001749.tif HTTP/1.1" 200 144368
181.142.213.31 - - [02/Dec/2015:04:40:16 -0500] "GET /galeria/nivo-slider/demo/images/ecolecta-Dic2014.png HTTP/1.1" 200 288593
181.142.213.31 - - [02/Dec/2015:04:40:17 -0500] "GET /galeria/nivo-slider/themes/default/arrows.png HTTP/1.1" 200 824
181.142.213.31 - - [02/Dec/2015:04:40:17 -0500] "GET /galeria/nivo-slider/themes/default/bullets.png HTTP/1.1" 200 1281
181.60.159.20 - - [02/Dec/2015:04:40:24 -0500] "GET /galeria/nivo-slider/demo/images/banner-llantas2015s.jpg HTTP/1.1" 404 1314
181.142.213.31 - - [02/Dec/2015:04:40:27 -0500] "GET /galeria/nivo-slider/demo/images/banner-llantas2015s.jpg HTTP/1.1" 404 1314
181.60.159.20 - - [02/Dec/2015:04:40:31 -0500] "GET /galeria/nivo-slider/demo/images/banner-llantas2015s.jpg HTTP/1.1" 404 1314
181.142.213.31 - - [02/Dec/2015:04:40:37 -0500] "GET /galeria/nivo-slider/demo/images/banner-llantas2015s.jpg HTTP/1.1" 404 1314
181.49.76.245 - - [02/Dec/2015:04:40:47 -0500] "POST /forms/lservlet;jsessionid=ac16012b30d663a0d519e1724a65b567cf1f39810d8a.e3iSbxaKaheRe38KbN0Rb34MbNn0n6jAmljGr5XDqQLvpAe HTTP/1.1" 200 2
181.142.213.31 - - [02/Dec/2015:04:41:19 -0500] "GET /galeria/galeria/jquery.fancybox.js?v=2.1.5 HTTP/1.1" 304 -
181.142.213.31 - - [02/Dec/2015:04:41:19 -0500] "GET /BLA/boletinlegal/js/jquery.scrollShow.js HTTP/1.1" 304 -
181.142.213.31 - - [02/Dec/2015:04:41:19 -0500] "GET /galeria/galeria/jquery.fancybox.css?v=2.1.5 HTTP/1.1" 304 -
66.249.66.121 - - [02/Dec/2015:04:41:40 -0500] "GET /BLA/resoluciones/AUTOS%202013/3578.pdf HTTP/1.1" 200 910847
181.142.213.31 - - [02/Dec/2015:04:41:41 -0500] "GET /galeria/galeria/jquery.fancybox.css?v=2.1.5 HTTP/1.1" 304 -
181.142.213.31 - - [02/Dec/2015:04:41:41 -0500] "GET /galeria/galeria/jquery.fancybox.js?v=2.1.5 HTTP/1.1" 304 -
181.142.213.31 - - [02/Dec/2015:04:41:41 -0500] "GET /BLA/boletinlegal/js/jquery.scrollShow.js HTTP/1.1" 304 -
151.80.31.144 - - [02/Dec/2015:04:41:46 -0500] "GET /BLA/resoluciones/RESOLUCIONES%202003/RES%202003%20451-500/476.tif HTTP/1.1" 200 164592
151.80.31.144 - - [02/Dec/2015:04:42:23 -0500] "GET /BLA/resoluciones/RESOLUCIONES%202004/RES%202004%201551-1600/00001592.tif HTTP/1.1" 200 239754
181.49.76.245 - - [02/Dec/2015:04:42:48 -0500] "POST /forms/lservlet;jsessionid=ac16012b30d663a0d519e1724a65b567cf1f39810d8a.e3iSbxaKaheRe38KbN0Rb34MbNn0n6jAmljGr5XDqQLvpAe HTTP/1.1" 200 2
66.249.66.44 - - [02/Dec/2015:04:42:51 -0500] "GET /PruebasSTORM/StormSDA_pruebas/userFiles/user_files/formulas/3/274.xml HTTP/1.1" 200 970
69.162.124.233 - - [02/Dec/2015:04:42:56 -0500] "HEAD / HTTP/1.1" 200 -
151.80.31.144 - - [02/Dec/2015:04:43:18 -0500] "GET /BLA/resoluciones/AUTOS%202006/AUTOS%202006%201101-1200/00001159.tif HTTP/1.1" 200 56664
181.60.159.20 - - [02/Dec/2015:04:43:21 -0500] "GET /galeria/nivo-slider/demo/images/banner-llantas2015s.jpg HTTP/1.1" 404 1314
181.61.160.76 - - [02/Dec/2015:04:43:25 -0500] "-" 408 -
181.61.160.76 - - [02/Dec/2015:04:43:25 -0500] "-" 408 -
181.61.160.76 - - [02/Dec/2015:04:43:25 -0500] "-" 408 -
181.60.159.20 - - [02/Dec/2015:04:43:31 -0500] "GET /galeria/nivo-slider/demo/images/banner-llantas2015s.jpg HTTP/1.1" 404 1314
66.249.66.121 - - [02/Dec/2015:04:44:44 -0500] "GET /BLA/resoluciones/RESOLUCIONES%202011/3122.pdf HTTP/1.1" 200 670370
181.49.76.245 - - [02/Dec/2015:04:44:48 -0500] "POST /forms/lservlet;jsessionid=ac16012b30d663a0d519e1724a65b567cf1f39810d8a.e3iSbxaKaheRe38KbN0Rb34MbNn0n6jAmljGr5XDqQLvpAe HTTP/1.1" 200 2
181.60.159.20 - - [02/Dec/2015:04:46:22 -0500] "GET /galeria/nivo-slider/demo/images/banner-llantas2015s.jpg HTTP/1.1" 404 1314
181.60.159.20 - - [02/Dec/2015:04:46:32 -0500] "GET /galeria/nivo-slider/demo/images/banner-llantas2015s.jpg HTTP/1.1" 404 1314
151.80.31.144 - - [02/Dec/2015:04:46:36 -0500] "GET /BLA/resoluciones/index.php?dir=RESOLUCIONES%202015/&sort=date&order=desc HTTP/1.1" 200 39839
181.49.76.245 - - [02/Dec/2015:04:46:48 -0500] "POST /forms/lservlet;jsessionid=ac16012b30d663a0d519e1724a65b567cf1f39810d8a.e3iSbxaKaheRe38KbN0Rb34MbNn0n6jAmljGr5XDqQLvpAe HTTP/1.1" 200 2
66.249.66.121 - - [02/Dec/2015:04:47:49 -0500] "GET /BLA/resoluciones/AUTOS%202013/3037.pdf HTTP/1.1" 200 607703
69.162.124.233 - - [02/Dec/2015:04:47:56 -0500] "HEAD / HTTP/1.1" 200 -
181.49.76.245 - - [02/Dec/2015:04:48:48 -0500] "POST /forms/lservlet;jsessionid=ac16012b30d663a0d519e1724a65b567cf1f39810d8a.e3iSbxaKaheRe38KbN0Rb34MbNn0n6jAmljGr5XDqQLvpAe HTTP/1.1" 200 2
181.60.159.20 - - [02/Dec/2015:04:49:23 -0500] "GET /galeria/nivo-slider/demo/images/banner-llantas2015s.jpg HTTP/1.1" 404 1314
181.60.159.20 - - [02/Dec/2015:04:49:33 -0500] "GET /galeria/nivo-slider/demo/images/banner-llantas2015s.jpg HTTP/1.1" 404 1314
190.156.41.69 - - [02/Dec/2015:04:50:04 -0500] "GET /BLA/boletinlegal/js/jquery.scrollShow.js HTTP/1.1" 200 4586
190.156.41.69 - - [02/Dec/2015:04:50:04 -0500] "GET /galeria/galeria/jquery.fancybox.js?v=2.1.5 HTTP/1.1" 200 48706
190.156.41.69 - - [02/Dec/2015:04:50:04 -0500] "GET /galeria/galeria/jquery.fancybox.css?v=2.1.5 HTTP/1.1" 200 4895
190.156.41.69 - - [02/Dec/2015:04:50:10 -0500] "GET /BLA/boletinlegal/js/jquery.scrollShow.js HTTP/1.1" 304 -
190.156.41.69 - - [02/Dec/2015:04:50:10 -0500] "GET /galeria/galeria/jquery.fancybox.js?v=2.1.5 HTTP/1.1" 304 -
190.156.41.69 - - [02/Dec/2015:04:50:10 -0500] "GET /galeria/galeria/jquery.fancybox.css?v=2.1.5 HTTP/1.1" 304 -
151.80.31.144 - - [02/Dec/2015:04:50:21 -0500] "GET /BLA/resoluciones/RESOLUCIONES%202006/RES%202006%201001-1050/00001015.tif HTTP/1.1" 200 78446
66.249.66.117 - - [02/Dec/2015:04:50:27 -0500] "GET /galeria/galeria/fotos/tortuga2G.jpg HTTP/1.1" 304 -
181.49.76.245 - - [02/Dec/2015:04:50:48 -0500] "POST /forms/lservlet;jsessionid=ac16012b30d663a0d519e1724a65b567cf1f39810d8a.e3iSbxaKaheRe38KbN0Rb34MbNn0n6jAmljGr5XDqQLvpAe HTTP/1.1" 200 2
151.80.31.144 - - [02/Dec/2015:04:51:00 -0500] "GET /BLA/resoluciones/RESOLUCIONES%202006/RES%202006%20351-400/00000353.tif HTTP/1.1" 200 182324
180.76.15.5 - - [02/Dec/2015:04:51:03 -0500] "GET / HTTP/1.1" 200 10190
201.234.75.11 - - [02/Dec/2015:04:51:14 -0500] "GET /galeria/nivo-slider/demo/images/estacionTaxis.jpg HTTP/1.1" 304 -
181.60.159.20 - - [02/Dec/2015:04:52:23 -0500] "GET /galeria/nivo-slider/demo/images/banner-llantas2015s.jpg HTTP/1.1" 404 1314
181.60.159.20 - - [02/Dec/2015:04:52:33 -0500] "GET /galeria/nivo-slider/demo/images/banner-llantas2015s.jpg HTTP/1.1" 404 1314
181.49.76.245 - - [02/Dec/2015:04:52:48 -0500] "POST /forms/lservlet;jsessionid=ac16012b30d663a0d519e1724a65b567cf1f39810d8a.e3iSbxaKaheRe38KbN0Rb34MbNn0n6jAmljGr5XDqQLvpAe HTTP/1.1" 200 2
69.162.124.233 - - [02/Dec/2015:04:52:56 -0500] "HEAD / HTTP/1.1" 200 -
151.80.31.144 - - [02/Dec/2015:04:53:31 -0500] "GET /BLA/resoluciones/RESOLUCIONES%202004/RES%202004%201201-1250/00001236.tif HTTP/1.1" 200 152396
66.249.66.121 - - [02/Dec/2015:04:53:58 -0500] "GET /BLA/resoluciones/AUTOS%202012/1573.pdf HTTP/1.1" 200 2279562
151.80.31.144 - - [02/Dec/2015:04:54:46 -0500] "GET /BLA/resoluciones/RESOLUCIONES%202005/RES%202005%202101-2150/00002115.tif HTTP/1.1" 200 126210
181.49.76.245 - - [02/Dec/2015:04:54:48 -0500] "POST /forms/lservlet;jsessionid=ac16012b30d663a0d519e1724a65b567cf1f39810d8a.e3iSbxaKaheRe38KbN0Rb34MbNn0n6jAmljGr5XDqQLvpAe HTTP/1.1" 200 2
5.86.2.58 - - [02/Dec/2015:04:54:59 -0500] "GET /BLA/boletinlegal/js/jquery.scrollShow.js HTTP/1.1" 200 4586
5.86.2.58 - - [02/Dec/2015:04:54:59 -0500] "GET /galeria/galeria/jquery.fancybox.js?v=2.1.5 HTTP/1.1" 200 48706
5.86.2.58 - - [02/Dec/2015:04:54:59 -0500] "GET /galeria/galeria/jquery.fancybox.css?v=2.1.5 HTTP/1.1" 200 4895
5.86.2.58 - - [02/Dec/2015:04:55:00 -0500] "GET /galeria/carrusel/Carrusel/jquery.thumbnailScroller.css HTTP/1.1" 200 2066
5.86.2.58 - - [02/Dec/2015:04:55:00 -0500] "GET /galeria/carrusel/Carrusel/jquery.thumbnailScroller.js HTTP/1.1" 200 8157
5.86.2.58 - - [02/Dec/2015:04:55:00 -0500] "GET /galeria/carrusel/Carrusel/jquery-ui-1.8.13.custom.min.js HTTP/1.1" 200 10800
5.86.2.58 - - [02/Dec/2015:04:55:04 -0500] "GET /galeria/nivo-slider/demo/demo.html HTTP/1.1" 200 4924
5.86.2.58 - - [02/Dec/2015:04:55:07 -0500] "GET /galeria/nivo-slider/demo/style.css HTTP/1.1" 200 2222
5.86.2.58 - - [02/Dec/2015:04:55:07 -0500] "GET /galeria/nivo-slider/themes/default/default.css HTTP/1.1" 200 1569
5.86.2.58 - - [02/Dec/2015:04:55:07 -0500] "GET /galeria/nivo-slider/themes/orman/orman.css HTTP/1.1" 200 2152
5.86.2.58 - - [02/Dec/2015:04:55:07 -0500] "GET /galeria/nivo-slider/themes/pascal/pascal.css HTTP/1.1" 200 2258
5.86.2.58 - - [02/Dec/2015:04:55:07 -0500] "GET /galeria/nivo-slider/demo/images/ES_Banner_COP21_03.jpg HTTP/1.1" 200 178049
5.86.2.58 - - [02/Dec/2015:04:55:07 -0500] "GET /galeria/nivo-slider/nivo-slider.css HTTP/1.1" 200 1507
5.86.2.58 - - [02/Dec/2015:04:55:07 -0500] "GET /galeria/nivo-slider/demo/scripts/jquery-1.7.1.min.js HTTP/1.1" 200 93868
5.86.2.58 - - [02/Dec/2015:04:55:07 -0500] "GET /galeria/nivo-slider/jquery.nivo.slider.pack.js HTTP/1.1" 200 11561
5.86.2.58 - - [02/Dec/2015:04:55:07 -0500] "GET /galeria/nivo-slider/demo/images/banner-llantas2015s.jpg HTTP/1.1" 404 1269
5.86.2.58 - - [02/Dec/2015:04:55:07 -0500] "GET /galeria/nivo-slider/demo/images/Programacion-navidena.jpg HTTP/1.1" 200 316038
5.86.2.58 - - [02/Dec/2015:04:55:07 -0500] "GET /galeria/nivo-slider/demo/images/ABC-Plan-de-contigencia.jpg HTTP/1.1" 200 401853
5.86.2.58 - - [02/Dec/2015:04:55:07 -0500] "GET /galeria/nivo-slider/demo/images/Banner-ahorro-de-agua.jpg HTTP/1.1" 200 149141
5.86.2.58 - - [02/Dec/2015:04:55:07 -0500] "GET /galeria/nivo-slider/demo/images/PREDAcamp.jpg HTTP/1.1" 200 295358
5.86.2.58 - - [02/Dec/2015:04:55:07 -0500] "GET /galeria/nivo-slider/demo/images/banner-llantas2.jpg HTTP/1.1" 200 204644
5.86.2.58 - - [02/Dec/2015:04:55:07 -0500] "GET /galeria/nivo-slider/demo/images/bolsas-06.jpg HTTP/1.1" 200 90982
5.86.2.58 - - [02/Dec/2015:04:55:07 -0500] "GET /galeria/nivo-slider/demo/images/Conoce-los-humedales.jpg HTTP/1.1" 200 294036
5.86.2.58 - - [02/Dec/2015:04:55:07 -0500] "GET /galeria/nivo-slider/demo/images/Cmapana-onestidad.jpg HTTP/1.1" 200 141638
5.86.2.58 - - [02/Dec/2015:04:55:08 -0500] "GET /galeria/nivo-slider/demo/images/Plan-Quinquenal.jpg HTTP/1.1" 200 412438
5.86.2.58 - - [02/Dec/2015:04:55:07 -0500] "GET /galeria/nivo-slider/demo/images/caminata-ecologica.jpg HTTP/1.1" 200 161069
5.86.2.58 - - [02/Dec/2015:04:55:09 -0500] "GET /galeria/nivo-slider/demo/images/Arbol-banner2015.jpg HTTP/1.1" 200 226910
5.86.2.58 - - [02/Dec/2015:04:55:07 -0500] "GET /galeria/nivo-slider/demo/images/2Banner-encuestaSDA.jpg HTTP/1.1" 200 208228
5.86.2.58 - - [02/Dec/2015:04:55:09 -0500] "GET /galeria/nivo-slider/demo/images/NOMINACION-OAB.jpg HTTP/1.1" 200 153067
5.86.2.58 - - [02/Dec/2015:04:55:09 -0500] "GET /galeria/nivo-slider/themes/default/loading.gif HTTP/1.1" 200 1737
5.86.2.58 - - [02/Dec/2015:04:55:07 -0500] "GET /galeria/nivo-slider/demo/images/ecolecta-Dic2014.png HTTP/1.1" 200 288593
5.86.2.58 - - [02/Dec/2015:04:55:07 -0500] "GET /galeria/nivo-slider/demo/images/9Signos.jpg HTTP/1.1" 200 81776
5.86.2.58 - - [02/Dec/2015:04:55:12 -0500] "GET /galeria/nivo-slider/demo/images/Ruta-vertimientos-01.jpg HTTP/1.1" 200 130151
5.86.2.58 - - [02/Dec/2015:04:55:08 -0500] "GET /galeria/nivo-slider/demo/images/4Simple_Slider.png HTTP/1.1" 200 11722
5.86.2.58 - - [02/Dec/2015:04:55:16 -0500] "GET /galeria/nivo-slider/themes/default/arrows.png HTTP/1.1" 200 824
5.86.2.58 - - [02/Dec/2015:04:55:16 -0500] "GET /galeria/nivo-slider/themes/default/bullets.png HTTP/1.1" 200 1281
181.60.159.20 - - [02/Dec/2015:04:55:24 -0500] "GET /galeria/nivo-slider/demo/images/banner-llantas2015s.jpg HTTP/1.1" 404 1314
5.86.2.58 - - [02/Dec/2015:04:55:27 -0500] "GET /galeria/nivo-slider/demo/images/banner-llantas2015s.jpg HTTP/1.1" 404 1269
181.60.159.20 - - [02/Dec/2015:04:55:34 -0500] "GET /galeria/nivo-slider/demo/images/banner-llantas2015s.jpg HTTP/1.1" 404 1314
5.86.2.58 - - [02/Dec/2015:04:55:37 -0500] "GET /galeria/nivo-slider/demo/images/banner-llantas2015s.jpg HTTP/1.1" 404 1269
151.80.31.144 - - [02/Dec/2015:04:55:50 -0500] "GET /BLA/resoluciones/RESOLUCIONES%202002/RES%202002%201751-1800/20021793.tif HTTP/1.1" 200 80300
151.80.31.144 - - [02/Dec/2015:04:56:33 -0500] "GET /BLA/resoluciones/RESOLUCIONES%202004/RES%202004%201401-1450/00001421.tif HTTP/1.1" 200 1061192
181.49.76.245 - - [02/Dec/2015:04:56:48 -0500] "POST /forms/lservlet;jsessionid=ac16012b30d663a0d519e1724a65b567cf1f39810d8a.e3iSbxaKaheRe38KbN0Rb34MbNn0n6jAmljGr5XDqQLvpAe HTTP/1.1" 200 2
66.249.66.119 - - [02/Dec/2015:04:57:03 -0500] "GET /BLA/resoluciones/AUTOS%202014/3387.pdf HTTP/1.1" 200 633792
157.55.39.142 - - [02/Dec/2015:04:57:32 -0500] "GET /BLA/boletinlegal/Circulares/2009/Circular%20No.%2035%20del%2024%20de%20Diciembre%20de%202009.pdf HTTP/1.1" 304 -
69.162.124.233 - - [02/Dec/2015:04:57:56 -0500] "HEAD / HTTP/1.1" 200 -
181.60.159.20 - - [02/Dec/2015:04:58:24 -0500] "GET /galeria/nivo-slider/demo/images/banner-llantas2015s.jpg HTTP/1.1" 404 1314
181.60.159.20 - - [02/Dec/2015:04:58:34 -0500] "GET /galeria/nivo-slider/demo/images/banner-llantas2015s.jpg HTTP/1.1" 404 1314
5.86.2.58 - - [02/Dec/2015:04:58:39 -0500] "GET /galeria/nivo-slider/demo/images/banner-llantas2015s.jpg HTTP/1.1" 404 1269
181.49.76.245 - - [02/Dec/2015:04:58:48 -0500] "POST /forms/lservlet;jsessionid=ac16012b30d663a0d519e1724a65b567cf1f39810d8a.e3iSbxaKaheRe38KbN0Rb34MbNn0n6jAmljGr5XDqQLvpAe HTTP/1.1" 200 2
5.86.2.58 - - [02/Dec/2015:04:58:51 -0500] "GET /galeria/nivo-slider/demo/images/banner-llantas2015s.jpg HTTP/1.1" 404 1269
186.159.93.132 - - [02/Dec/2015:04:59:38 -0500] "GET /BLA/resoluciones/RESOLUCIONES%202012/1385.pdf HTTP/1.1" 200 729696
186.159.93.132 - - [02/Dec/2015:04:59:38 -0500] "GET /favicon.ico HTTP/1.1" 200 7782
186.159.93.132 - - [02/Dec/2015:04:59:39 -0500] "GET /BLA/resoluciones/RESOLUCIONES%202012/1385.pdf HTTP/1.1" 206 32768
186.159.93.132 - - [02/Dec/2015:04:59:39 -0500] "GET /BLA/resoluciones/RESOLUCIONES%202012/1385.pdf HTTP/1.1" 206 696928
66.249.66.119 - - [02/Dec/2015:05:00:07 -0500] "GET /Residuos/impresion/files/guia_impresion-lit.pdf HTTP/1.1" 304 -
181.49.76.245 - - [02/Dec/2015:05:00:48 -0500] "POST /forms/lservlet;jsessionid=ac16012b30d663a0d519e1724a65b567cf1f39810d8a.e3iSbxaKaheRe38KbN0Rb34MbNn0n6jAmljGr5XDqQLvpAe HTTP/1.1" 200 2
151.80.31.144 - - [02/Dec/2015:05:01:18 -0500] "GET /BLA/resoluciones/RESOLUCIONES%202002/RES%202002%201951-1971/20021970.tif HTTP/1.1" 200 37562
181.60.159.20 - - [02/Dec/2015:05:01:25 -0500] "GET /galeria/nivo-slider/demo/images/banner-llantas2015s.jpg HTTP/1.1" 404 1314
151.80.31.144 - - [02/Dec/2015:05:01:25 -0500] "GET /galeria/galeria/fotos/Soratama4G.jpg HTTP/1.1" 200 167128
181.60.159.20 - - [02/Dec/2015:05:01:35 -0500] "GET /galeria/nivo-slider/demo/images/banner-llantas2015s.jpg HTTP/1.1" 404 1314
66.249.66.119 - - [02/Dec/2015:05:01:50 -0500] "GET /BLA/boletinlegal/js/jquery.scrollShow.js HTTP/1.1" 200 4586
66.249.66.117 - - [02/Dec/2015:05:01:50 -0500] "GET /galeria/carrusel/Carrusel/jquery.thumbnailScroller.js HTTP/1.1" 200 8157
66.249.66.117 - - [02/Dec/2015:05:01:50 -0500] "GET /galeria/carrusel/Carrusel/jquery.thumbnailScroller.css HTTP/1.1" 200 2066
66.249.66.117 - - [02/Dec/2015:05:01:51 -0500] "GET /galeria/carrusel/Carrusel/jquery-ui-1.8.13.custom.min.js HTTP/1.1" 200 10800
66.249.66.117 - - [02/Dec/2015:05:01:51 -0500] "GET /galeria/galeria/jquery.fancybox.js?v=2.1.5 HTTP/1.1" 200 48706
66.249.66.117 - - [02/Dec/2015:05:01:52 -0500] "GET /galeria/galeria/jquery.fancybox.css?v=2.1.5 HTTP/1.1" 200 4895
66.249.66.117 - - [02/Dec/2015:05:02:07 -0500] "GET /galeria/nivo-slider/demo/demo.html HTTP/1.1" 200 4924
66.249.66.117 - - [02/Dec/2015:05:02:07 -0500] "GET /galeria/nivo-slider/themes/pascal/pascal.css HTTP/1.1" 200 2258
66.249.66.117 - - [02/Dec/2015:05:02:08 -0500] "GET /galeria/nivo-slider/themes/orman/orman.css HTTP/1.1" 200 2152
66.249.66.117 - - [02/Dec/2015:05:02:08 -0500] "GET /galeria/nivo-slider/themes/default/default.css HTTP/1.1" 200 1569
66.249.66.117 - - [02/Dec/2015:05:02:09 -0500] "GET /galeria/nivo-slider/jquery.nivo.slider.pack.js HTTP/1.1" 200 11561
66.249.66.117 - - [02/Dec/2015:05:02:09 -0500] "GET /galeria/nivo-slider/demo/scripts/jquery-1.7.1.min.js HTTP/1.1" 200 93868
66.249.66.117 - - [02/Dec/2015:05:02:10 -0500] "GET /galeria/nivo-slider/demo/style.css HTTP/1.1" 200 2222
201.234.75.11 - - [02/Dec/2015:05:02:11 -0500] "GET /galeria/nivo-slider/demo/images/NOMINACION-OAB.jpg HTTP/1.1" 304 -
66.249.66.117 - - [02/Dec/2015:05:02:16 -0500] "GET /galeria/nivo-slider/demo/scripts/jquery-1.7.1.min.js HTTP/1.1" 200 93868
181.49.76.245 - - [02/Dec/2015:05:02:48 -0500] "POST /forms/lservlet;jsessionid=ac16012b30d663a0d519e1724a65b567cf1f39810d8a.e3iSbxaKaheRe38KbN0Rb34MbNn0n6jAmljGr5XDqQLvpAe HTTP/1.1" 200 2
69.162.124.233 - - [02/Dec/2015:05:02:56 -0500] "HEAD / HTTP/1.1" 200 -
66.249.66.121 - - [02/Dec/2015:05:03:12 -0500] "GET /BLA/resoluciones/AUTOS%202009/1291.pdf HTTP/1.1" 200 246091
151.80.31.144 - - [02/Dec/2015:05:04:02 -0500] "GET /BLA/resoluciones/RESOLUCIONES%202004/RES%202004%201951-2000/00001980.tif HTTP/1.1" 200 183026
181.60.159.20 - - [02/Dec/2015:05:04:26 -0500] "GET /galeria/nivo-slider/demo/images/banner-llantas2015s.jpg HTTP/1.1" 404 1314
181.60.159.20 - - [02/Dec/2015:05:04:36 -0500] "GET /galeria/nivo-slider/demo/images/banner-llantas2015s.jpg HTTP/1.1" 404 1314
181.49.76.245 - - [02/Dec/2015:05:04:48 -0500] "POST /forms/lservlet;jsessionid=ac16012b30d663a0d519e1724a65b567cf1f39810d8a.e3iSbxaKaheRe38KbN0Rb34MbNn0n6jAmljGr5XDqQLvpAe HTTP/1.1" 200 2
190.24.61.180 - - [02/Dec/2015:05:05:05 -0500] "GET /BLA/boletinlegal/js/jquery.scrollShow.js HTTP/1.1" 200 4586
190.24.61.180 - - [02/Dec/2015:05:05:05 -0500] "GET /galeria/galeria/jquery.fancybox.js?v=2.1.5 HTTP/1.1" 200 48706
190.24.61.180 - - [02/Dec/2015:05:05:05 -0500] "GET /galeria/galeria/jquery.fancybox.css?v=2.1.5 HTTP/1.1" 200 4895
190.24.61.180 - - [02/Dec/2015:05:05:05 -0500] "GET /galeria/carrusel/Carrusel/jquery.thumbnailScroller.css HTTP/1.1" 200 2066
190.24.61.180 - - [02/Dec/2015:05:05:05 -0500] "GET /galeria/carrusel/Carrusel/jquery-ui-1.8.13.custom.min.js HTTP/1.1" 200 10800
190.24.61.180 - - [02/Dec/2015:05:05:05 -0500] "GET /galeria/carrusel/Carrusel/jquery.thumbnailScroller.js HTTP/1.1" 200 8157
190.24.61.180 - - [02/Dec/2015:05:05:09 -0500] "GET /galeria/nivo-slider/demo/demo.html HTTP/1.1" 200 4924
190.24.61.180 - - [02/Dec/2015:05:05:09 -0500] "GET /galeria/nivo-slider/themes/default/default.css HTTP/1.1" 200 1569
190.24.61.180 - - [02/Dec/2015:05:05:09 -0500] "GET /galeria/nivo-slider/themes/pascal/pascal.css HTTP/1.1" 200 2258
190.24.61.180 - - [02/Dec/2015:05:05:09 -0500] "GET /galeria/nivo-slider/themes/orman/orman.css HTTP/1.1" 200 2152
190.24.61.180 - - [02/Dec/2015:05:05:09 -0500] "GET /galeria/nivo-slider/nivo-slider.css HTTP/1.1" 200 1507
190.24.61.180 - - [02/Dec/2015:05:05:09 -0500] "GET /galeria/nivo-slider/demo/style.css HTTP/1.1" 200 2222
190.24.61.180 - - [02/Dec/2015:05:05:09 -0500] "GET /galeria/nivo-slider/demo/images/ES_Banner_COP21_03.jpg HTTP/1.1" 200 178049
190.24.61.180 - - [02/Dec/2015:05:05:09 -0500] "GET /galeria/nivo-slider/demo/images/banner-llantas2015s.jpg HTTP/1.1" 404 1314
190.24.61.180 - - [02/Dec/2015:05:05:09 -0500] "GET /galeria/nivo-slider/demo/images/Programacion-navidena.jpg HTTP/1.1" 200 316038
190.24.61.180 - - [02/Dec/2015:05:05:09 -0500] "GET /galeria/nivo-slider/demo/images/2Banner-encuestaSDA.jpg HTTP/1.1" 200 208228
190.24.61.180 - - [02/Dec/2015:05:05:09 -0500] "GET /galeria/nivo-slider/demo/images/NOMINACION-OAB.jpg HTTP/1.1" 200 153067
190.24.61.180 - - [02/Dec/2015:05:05:10 -0500] "GET /galeria/nivo-slider/demo/images/ABC-Plan-de-contigencia.jpg HTTP/1.1" 200 401853
190.24.61.180 - - [02/Dec/2015:05:05:10 -0500] "GET /galeria/nivo-slider/demo/images/caminata-ecologica.jpg HTTP/1.1" 200 161069
190.24.61.180 - - [02/Dec/2015:05:05:10 -0500] "GET /galeria/nivo-slider/demo/images/Arbol-banner2015.jpg HTTP/1.1" 200 226910
190.24.61.180 - - [02/Dec/2015:05:05:12 -0500] "GET /galeria/nivo-slider/demo/images/Banner-ahorro-de-agua.jpg HTTP/1.1" 200 149141
190.24.61.180 - - [02/Dec/2015:05:05:12 -0500] "GET /galeria/nivo-slider/demo/images/Cmapana-onestidad.jpg HTTP/1.1" 200 141638
190.24.61.180 - - [02/Dec/2015:05:05:12 -0500] "GET /galeria/nivo-slider/demo/images/Plan-Quinquenal.jpg HTTP/1.1" 200 412438
190.24.61.180 - - [02/Dec/2015:05:05:13 -0500] "GET /galeria/nivo-slider/demo/images/PREDAcamp.jpg HTTP/1.1" 200 295358
190.24.61.180 - - [02/Dec/2015:05:05:13 -0500] "GET /galeria/nivo-slider/demo/images/banner-llantas2.jpg HTTP/1.1" 200 204644
190.24.61.180 - - [02/Dec/2015:05:05:13 -0500] "GET /galeria/nivo-slider/demo/images/9Signos.jpg HTTP/1.1" 200 81776
190.24.61.180 - - [02/Dec/2015:05:05:14 -0500] "GET /galeria/galeria/jquery.fancybox.css?v=2.1.5 HTTP/1.1" 304 -
190.24.61.180 - - [02/Dec/2015:05:05:14 -0500] "GET /BLA/boletinlegal/js/jquery.scrollShow.js HTTP/1.1" 304 -
190.24.61.180 - - [02/Dec/2015:05:05:14 -0500] "GET /galeria/galeria/jquery.fancybox.js?v=2.1.5 HTTP/1.1" 304 -
190.24.61.180 - - [02/Dec/2015:05:05:14 -0500] "GET /galeria/nivo-slider/demo/images/Ruta-vertimientos-01.jpg HTTP/1.1" 200 130151
190.24.61.180 - - [02/Dec/2015:05:05:14 -0500] "GET /galeria/nivo-slider/demo/images/bolsas-06.jpg HTTP/1.1" 200 90982
190.24.61.180 - - [02/Dec/2015:05:05:14 -0500] "GET /galeria/nivo-slider/demo/images/Conoce-los-humedales.jpg HTTP/1.1" 200 294036
190.24.61.180 - - [02/Dec/2015:05:05:15 -0500] "GET /galeria/nivo-slider/demo/images/ecolecta-Dic2014.png HTTP/1.1" 200 288593
190.24.61.180 - - [02/Dec/2015:05:05:15 -0500] "GET /galeria/nivo-slider/demo/scripts/jquery-1.7.1.min.js HTTP/1.1" 200 93868
190.24.61.180 - - [02/Dec/2015:05:05:16 -0500] "GET /galeria/nivo-slider/jquery.nivo.slider.pack.js HTTP/1.1" 200 11561
190.24.61.180 - - [02/Dec/2015:05:05:16 -0500] "GET /galeria/nivo-slider/demo/images/4Simple_Slider.png HTTP/1.1" 200 11722
190.24.61.180 - - [02/Dec/2015:05:05:16 -0500] "GET /galeria/nivo-slider/themes/default/loading.gif HTTP/1.1" 200 1737
190.24.61.180 - - [02/Dec/2015:05:05:17 -0500] "GET /galeria/nivo-slider/themes/default/arrows.png HTTP/1.1" 200 824
190.24.61.180 - - [02/Dec/2015:05:05:17 -0500] "GET /galeria/nivo-slider/themes/default/bullets.png HTTP/1.1" 200 1281
190.24.61.180 - - [02/Dec/2015:05:05:28 -0500] "GET /galeria/nivo-slider/demo/images/banner-llantas2015s.jpg HTTP/1.1" 404 1314
190.24.61.180 - - [02/Dec/2015:05:05:39 -0500] "GET /galeria/nivo-slider/demo/images/banner-llantas2015s.jpg HTTP/1.1" 404 1314
66.249.66.121 - - [02/Dec/2015:05:06:16 -0500] "GET /BLA/resoluciones/AUTOS%202011/2094.pdf HTTP/1.1" 200 144291
66.249.66.119 - - [02/Dec/2015:05:06:31 -0500] "GET /BLA/resoluciones/AUTOS%202008/0663.pdf HTTP/1.1" 200 307730
181.49.76.245 - - [02/Dec/2015:05:06:48 -0500] "POST /forms/lservlet;jsessionid=ac16012b30d663a0d519e1724a65b567cf1f39810d8a.e3iSbxaKaheRe38KbN0Rb34MbNn0n6jAmljGr5XDqQLvpAe HTTP/1.1" 200 2
167.0.223.86 - - [02/Dec/2015:05:06:48 -0500] "GET /BLA/resoluciones/AUTOS%202012/2545.pdf HTTP/1.1" 200 1912194
167.0.223.86 - - [02/Dec/2015:05:06:49 -0500] "GET /favicon.ico HTTP/1.1" 200 7782
167.0.223.86 - - [02/Dec/2015:05:06:50 -0500] "GET /BLA/resoluciones/AUTOS%202012/2545.pdf HTTP/1.1" 206 32768
167.0.223.86 - - [02/Dec/2015:05:06:50 -0500] "GET /BLA/resoluciones/AUTOS%202012/2545.pdf HTTP/1.1" 206 1879426
190.146.53.139 - - [02/Dec/2015:05:06:59 -0500] "GET /galeria/galeria/jquery.fancybox.css?v=2.1.5 HTTP/1.1" 200 4895
190.146.53.139 - - [02/Dec/2015:05:06:59 -0500] "GET /galeria/carrusel/Carrusel/jquery.thumbnailScroller.css HTTP/1.1" 200 2066
190.146.53.139 - - [02/Dec/2015:05:06:59 -0500] "GET /BLA/boletinlegal/js/jquery.scrollShow.js HTTP/1.1" 200 4586
190.146.53.139 - - [02/Dec/2015:05:06:59 -0500] "GET /galeria/galeria/jquery.fancybox.js?v=2.1.5 HTTP/1.1" 200 48706
190.146.53.139 - - [02/Dec/2015:05:06:59 -0500] "GET /galeria/carrusel/Carrusel/jquery-ui-1.8.13.custom.min.js HTTP/1.1" 200 10800
190.146.53.139 - - [02/Dec/2015:05:06:59 -0500] "GET /galeria/carrusel/Carrusel/jquery.thumbnailScroller.js HTTP/1.1" 200 8157
190.146.53.139 - - [02/Dec/2015:05:07:08 -0500] "GET /galeria/nivo-slider/demo/demo.html HTTP/1.1" 200 4924
190.146.53.139 - - [02/Dec/2015:05:07:12 -0500] "GET /galeria/nivo-slider/themes/default/default.css HTTP/1.1" 200 1569
190.146.53.139 - - [02/Dec/2015:05:07:12 -0500] "GET /galeria/nivo-slider/themes/pascal/pascal.css HTTP/1.1" 200 2258
190.146.53.139 - - [02/Dec/2015:05:07:12 -0500] "GET /galeria/nivo-slider/themes/orman/orman.css HTTP/1.1" 200 2152
190.146.53.139 - - [02/Dec/2015:05:07:13 -0500] "GET /galeria/nivo-slider/nivo-slider.css HTTP/1.1" 200 1507
190.146.53.139 - - [02/Dec/2015:05:07:13 -0500] "GET /galeria/nivo-slider/demo/style.css HTTP/1.1" 200 2222
190.146.53.139 - - [02/Dec/2015:05:07:13 -0500] "GET /galeria/nivo-slider/demo/scripts/jquery-1.7.1.min.js HTTP/1.1" 200 93868
190.146.53.139 - - [02/Dec/2015:05:07:13 -0500] "GET /galeria/nivo-slider/jquery.nivo.slider.pack.js HTTP/1.1" 200 11561
190.146.53.139 - - [02/Dec/2015:05:07:13 -0500] "GET /galeria/nivo-slider/demo/images/ES_Banner_COP21_03.jpg HTTP/1.1" 200 178049
190.146.53.139 - - [02/Dec/2015:05:07:17 -0500] "GET /galeria/nivo-slider/demo/images/banner-llantas2015s.jpg HTTP/1.1" 404 1314
190.146.53.139 - - [02/Dec/2015:05:07:18 -0500] "GET /galeria/nivo-slider/demo/images/Programacion-navidena.jpg HTTP/1.1" 200 316038
190.146.53.139 - - [02/Dec/2015:05:07:23 -0500] "GET /galeria/nivo-slider/demo/images/2Banner-encuestaSDA.jpg HTTP/1.1" 200 208228
190.146.53.139 - - [02/Dec/2015:05:07:23 -0500] "GET /galeria/nivo-slider/demo/images/NOMINACION-OAB.jpg HTTP/1.1" 200 153067
181.60.159.20 - - [02/Dec/2015:05:07:26 -0500] "GET /galeria/nivo-slider/demo/images/banner-llantas2015s.jpg HTTP/1.1" 404 1314
190.146.53.139 - - [02/Dec/2015:05:07:27 -0500] "GET /galeria/nivo-slider/demo/images/4Simple_Slider.png HTTP/1.1" 200 11722
151.80.31.144 - - [02/Dec/2015:05:07:29 -0500] "GET /BLA/resoluciones/RESOLUCIONES%202005/RES%202005%20951-1000/00000998.tif HTTP/1.1" 200 159228
190.146.53.139 - - [02/Dec/2015:05:07:31 -0500] "GET /galeria/nivo-slider/themes/default/loading.gif HTTP/1.1" 200 1737
181.60.159.20 - - [02/Dec/2015:05:07:36 -0500] "GET /galeria/nivo-slider/demo/images/banner-llantas2015s.jpg HTTP/1.1" 404 1314
190.146.53.139 - - [02/Dec/2015:05:07:37 -0500] "GET /galeria/nivo-slider/demo/images/ABC-Plan-de-contigencia.jpg HTTP/1.1" 200 401853
190.146.53.139 - - [02/Dec/2015:05:07:40 -0500] "GET /galeria/nivo-slider/demo/images/caminata-ecologica.jpg HTTP/1.1" 200 161069
190.146.53.139 - - [02/Dec/2015:05:07:44 -0500] "GET /galeria/nivo-slider/demo/images/Arbol-banner2015.jpg HTTP/1.1" 200 226910
190.146.53.139 - - [02/Dec/2015:05:07:46 -0500] "GET /galeria/nivo-slider/demo/images/Banner-ahorro-de-agua.jpg HTTP/1.1" 200 149141
190.146.53.139 - - [02/Dec/2015:05:07:48 -0500] "GET /galeria/nivo-slider/demo/images/Cmapana-onestidad.jpg HTTP/1.1" 200 141638
190.146.53.139 - - [02/Dec/2015:05:07:50 -0500] "GET /galeria/nivo-slider/demo/images/Plan-Quinquenal.jpg HTTP/1.1" 200 412438
190.146.53.139 - - [02/Dec/2015:05:07:50 -0500] "GET /galeria/nivo-slider/demo/images/PREDAcamp.jpg HTTP/1.1" 200 295358
69.162.124.233 - - [02/Dec/2015:05:07:56 -0500] "HEAD / HTTP/1.1" 200 -
190.146.53.139 - - [02/Dec/2015:05:07:59 -0500] "GET /galeria/nivo-slider/demo/images/banner-llantas2.jpg HTTP/1.1" 200 204644
190.146.53.139 - - [02/Dec/2015:05:08:13 -0500] "GET /galeria/galeria/jquery.fancybox.css?v=2.1.5 HTTP/1.1" 304 -
190.146.53.139 - - [02/Dec/2015:05:08:13 -0500] "GET /BLA/boletinlegal/js/jquery.scrollShow.js HTTP/1.1" 304 -
190.146.53.139 - - [02/Dec/2015:05:08:15 -0500] "GET /galeria/galeria/jquery.fancybox.js?v=2.1.5 HTTP/1.1" 304 -
190.146.53.139 - - [02/Dec/2015:05:08:17 -0500] "GET /galeria/nivo-slider/demo/images/9Signos.jpg HTTP/1.1" 200 81776
190.146.53.139 - - [02/Dec/2015:05:08:17 -0500] "GET /galeria/nivo-slider/demo/images/Ruta-vertimientos-01.jpg HTTP/1.1" 200 130151
190.146.53.139 - - [02/Dec/2015:05:08:19 -0500] "GET /galeria/nivo-slider/demo/images/bolsas-06.jpg HTTP/1.1" 200 90982
190.146.53.139 - - [02/Dec/2015:05:08:20 -0500] "GET /galeria/nivo-slider/demo/images/Conoce-los-humedales.jpg HTTP/1.1" 200 294036
190.146.53.139 - - [02/Dec/2015:05:08:22 -0500] "GET /galeria/nivo-slider/demo/images/ecolecta-Dic2014.png HTTP/1.1" 200 288593
190.24.61.180 - - [02/Dec/2015:05:08:33 -0500] "GET /galeria/nivo-slider/demo/images/banner-llantas2015s.jpg HTTP/1.1" 404 1314
106.38.241.144 - - [02/Dec/2015:05:08:36 -0500] "GET / HTTP/1.1" 304 -
106.38.241.144 - - [02/Dec/2015:05:08:37 -0500] "GET /robots.txt HTTP/1.1" 404 1019
151.80.31.144 - - [02/Dec/2015:05:08:42 -0500] "GET /BLA/resoluciones/RESOLUCIONES%202003/RES%202003%201601-1650/20031646.tif HTTP/1.1" 200 285342
106.38.241.144 - - [02/Dec/2015:05:08:42 -0500] "GET /robots.txt HTTP/1.1" 404 1015
190.24.61.180 - - [02/Dec/2015:05:08:44 -0500] "GET /galeria/nivo-slider/demo/images/banner-llantas2015s.jpg HTTP/1.1" 404 1314
106.38.241.144 - - [02/Dec/2015:05:08:47 -0500] "GET / HTTP/1.1" 304 -
181.49.76.245 - - [02/Dec/2015:05:08:48 -0500] "POST /forms/lservlet;jsessionid=ac16012b30d663a0d519e1724a65b567cf1f39810d8a.e3iSbxaKaheRe38KbN0Rb34MbNn0n6jAmljGr5XDqQLvpAe HTTP/1.1" 200 2
66.249.66.121 - - [02/Dec/2015:05:09:21 -0500] "GET /BLA/resoluciones/RESOLUCIONES%202011/1330.pdf HTTP/1.1" 200 69249
66.249.66.41 - - [02/Dec/2015:05:09:56 -0500] "GET /dama/libreria/php/decide.php?patron=03.1305020113&numm=12 HTTP/1.1" 404 1019
181.60.159.20 - - [02/Dec/2015:05:10:26 -0500] "GET /galeria/nivo-slider/demo/images/banner-llantas2015s.jpg HTTP/1.1" 404 1314
181.60.159.20 - - [02/Dec/2015:05:10:36 -0500] "GET /galeria/nivo-slider/demo/images/banner-llantas2015s.jpg HTTP/1.1" 404 1314
181.49.76.245 - - [02/Dec/2015:05:10:48 -0500] "POST /forms/lservlet;jsessionid=ac16012b30d663a0d519e1724a65b567cf1f39810d8a.e3iSbxaKaheRe38KbN0Rb34MbNn0n6jAmljGr5XDqQLvpAe HTTP/1.1" 200 2
151.80.31.144 - - [02/Dec/2015:05:11:05 -0500] "GET /BLA/resoluciones/AUTOS%202006/AUTOS%202006%201801-%201900/00001829.tif HTTP/1.1" 200 208684
151.80.31.144 - - [02/Dec/2015:05:11:36 -0500] "GET /BLA/resoluciones/AUTOS%202006/AUTOS%202006%203101%20-%203200/00003133.tif HTTP/1.1" 200 57212
190.146.53.139 - - [02/Dec/2015:05:11:54 -0500] "GET /galeria/nivo-slider/themes/default/arrows.png HTTP/1.1" 200 824
190.146.53.139 - - [02/Dec/2015:05:11:54 -0500] "GET /galeria/nivo-slider/themes/default/bullets.png HTTP/1.1" 200 1281
190.146.53.139 - - [02/Dec/2015:05:12:04 -0500] "GET /galeria/nivo-slider/demo/images/banner-llantas2015s.jpg HTTP/1.1" 404 1314
190.146.53.139 - - [02/Dec/2015:05:12:15 -0500] "GET /galeria/nivo-slider/demo/images/banner-llantas2015s.jpg HTTP/1.1" 404 1314
66.249.66.119 - - [02/Dec/2015:05:12:26 -0500] "GET /BLA/resoluciones/AUTOS%202011/2563.pdf HTTP/1.1" 200 255036
181.49.76.245 - - [02/Dec/2015:05:12:48 -0500] "POST /forms/lservlet;jsessionid=ac16012b30d663a0d519e1724a65b567cf1f39810d8a.e3iSbxaKaheRe38KbN0Rb34MbNn0n6jAmljGr5XDqQLvpAe HTTP/1.1" 200 2
69.162.124.233 - - [02/Dec/2015:05:12:56 -0500] "HEAD / HTTP/1.1" 200 -
186.29.80.26 - - [02/Dec/2015:05:13:36 -0500] "GET /galeria/galeria/jquery.fancybox.css?v=2.1.5 HTTP/1.1" 304 -
186.29.80.26 - - [02/Dec/2015:05:13:36 -0500] "GET /BLA/boletinlegal/js/jquery.scrollShow.js HTTP/1.1" 304 -
186.29.80.26 - - [02/Dec/2015:05:13:36 -0500] "GET /galeria/galeria/jquery.fancybox.js?v=2.1.5 HTTP/1.1" 304 -
157.55.39.78 - - [02/Dec/2015:05:14:03 -0500] "GET /robots.txt HTTP/1.1" 404 1018
181.49.76.245 - - [02/Dec/2015:05:14:48 -0500] "POST /forms/lservlet;jsessionid=ac16012b30d663a0d519e1724a65b567cf1f39810d8a.e3iSbxaKaheRe38KbN0Rb34MbNn0n6jAmljGr5XDqQLvpAe HTTP/1.1" 200 2
157.55.39.78 - - [02/Dec/2015:05:14:55 -0500] "GET /galeria/carrusel/Carrusel/jquery.thumbnailScroller.js HTTP/1.1" 200 8157
190.146.53.139 - - [02/Dec/2015:05:15:07 -0500] "GET /galeria/nivo-slider/demo/images/banner-llantas2015s.jpg HTTP/1.1" 404 1314
190.146.53.139 - - [02/Dec/2015:05:15:14 -0500] "GET /galeria/nivo-slider/demo/images/banner-llantas2015s.jpg HTTP/1.1" 404 1314
186.170.188.216 - - [02/Dec/2015:05:15:26 -0500] "GET /galeria/galeria/jquery.fancybox.css?v=2.1.5 HTTP/1.1" 200 4895
186.170.188.216 - - [02/Dec/2015:05:15:26 -0500] "GET /BLA/boletinlegal/js/jquery.scrollShow.js HTTP/1.1" 200 4586
186.170.188.216 - - [02/Dec/2015:05:15:26 -0500] "GET /galeria/galeria/jquery.fancybox.js?v=2.1.5 HTTP/1.1" 200 48706
66.249.66.117 - - [02/Dec/2015:05:15:30 -0500] "GET /BLA/resoluciones/RESOLUCIONES%202009/1292.pdf HTTP/1.1" 200 589825
157.55.39.226 - - [02/Dec/2015:05:15:31 -0500] "GET /BLA/boletinlegal/Circulares/2012/Circular%20No.%202%20del%2014%20de%20Marzo%20de%202012.pdf HTTP/1.1" 200 113666
207.46.13.180 - - [02/Dec/2015:05:15:36 -0500] "GET /robots.txt HTTP/1.1" 404 1018
181.49.76.245 - - [02/Dec/2015:05:15:42 -0500] "POST /forms/lservlet;jsessionid=ac16012b30d663a0d519e1724a65b567cf1f39810d8a.e3iSbxaKaheRe38KbN0Rb34MbNn0n6jAmljGr5XDqQLvpAe HTTP/1.1" 200 7996
181.49.76.245 - - [02/Dec/2015:05:15:42 -0500] "POST /forms/lservlet;jsessionid=ac16012b30d663a0d519e1724a65b567cf1f39810d8a.e3iSbxaKaheRe38KbN0Rb34MbNn0n6jAmljGr5XDqQLvpAe HTTP/1.1" 200 64
181.49.76.245 - - [02/Dec/2015:05:15:42 -0500] "POST /forms/lservlet;jsessionid=ac16012b30d663a0d519e1724a65b567cf1f39810d8a.e3iSbxaKaheRe38KbN0Rb34MbNn0n6jAmljGr5XDqQLvpAe HTTP/1.1" 200 2
181.49.76.245 - - [02/Dec/2015:05:15:42 -0500] "POST /forms/lservlet;jsessionid=ac16012b30d663a0d519e1724a65b567cf1f39810d8a.e3iSbxaKaheRe38KbN0Rb34MbNn0n6jAmljGr5XDqQLvpAe HTTP/1.1" 200 2
181.49.76.245 - - [02/Dec/2015:05:15:42 -0500] "POST /forms/lservlet;jsessionid=ac16012b30d663a0d519e1724a65b567cf1f39810d8a.e3iSbxaKaheRe38KbN0Rb34MbNn0n6jAmljGr5XDqQLvpAe HTTP/1.1" 200 2
181.49.76.245 - - [02/Dec/2015:05:15:45 -0500] "POST /forms/lservlet;jsessionid=ac16012b30d663a0d519e1724a65b567cf1f39810d8a.e3iSbxaKaheRe38KbN0Rb34MbNn0n6jAmljGr5XDqQLvpAe HTTP/1.1" 200 34716
181.49.76.245 - - [02/Dec/2015:05:15:46 -0500] "GET /imagenes/listval.gif HTTP/1.1" 200 905
181.49.76.245 - - [02/Dec/2015:05:15:46 -0500] "GET /imagenes/tree1.gif HTTP/1.1" 200 1161
181.49.76.245 - - [02/Dec/2015:05:15:46 -0500] "GET /imagenes/listval.gif HTTP/1.1" 200 905
181.49.76.245 - - [02/Dec/2015:05:15:46 -0500] "GET /imagenes/CAMERA3.gif HTTP/1.1" 200 4150
181.49.76.245 - - [02/Dec/2015:05:15:46 -0500] "GET /imagenes/SLIDE1.gif HTTP/1.1" 200 1111
181.49.76.245 - - [02/Dec/2015:05:15:46 -0500] "GET /imagenes/flexcomb.gif HTTP/1.1" 200 1169
181.49.76.245 - - [02/Dec/2015:05:15:46 -0500] "GET /imagenes/GO.gif HTTP/1.1" 200 904
181.49.76.245 - - [02/Dec/2015:05:15:46 -0500] "GET /imagenes/HRTOOLS.gif HTTP/1.1" 200 2238
181.49.76.245 - - [02/Dec/2015:05:15:46 -0500] "GET /imagenes/rt_rec1.gif HTTP/1.1" 200 867
181.49.76.245 - - [02/Dec/2015:05:15:46 -0500] "GET /imagenes/apply.gif HTTP/1.1" 200 903
181.49.76.245 - - [02/Dec/2015:05:15:46 -0500] "GET /imagenes/exit.gif HTTP/1.1" 200 916
181.49.76.245 - - [02/Dec/2015:05:15:46 -0500] "GET /imagenes/LISTVAL.gif HTTP/1.1" 200 905
181.49.76.245 - - [02/Dec/2015:05:15:46 -0500] "GET /imagenes/edit.gif HTTP/1.1" 200 919
181.49.76.245 - - [02/Dec/2015:05:15:46 -0500] "GET /imagenes/rt_rec4.gif HTTP/1.1" 200 865
181.49.76.245 - - [02/Dec/2015:05:15:46 -0500] "GET /imagenes/rt_rec3.gif HTTP/1.1" 200 844
181.49.76.245 - - [02/Dec/2015:05:15:46 -0500] "GET /imagenes/rt_rec2.gif HTTP/1.1" 200 847
181.49.76.245 - - [02/Dec/2015:05:15:46 -0500] "GET /imagenes/rt_rdel.gif HTTP/1.1" 200 899
181.49.76.245 - - [02/Dec/2015:05:15:46 -0500] "GET /imagenes/rt_radd.gif HTTP/1.1" 200 907
181.49.76.245 - - [02/Dec/2015:05:15:46 -0500] "GET /imagenes/rt_quer3.gif HTTP/1.1" 200 939
181.49.76.245 - - [02/Dec/2015:05:15:46 -0500] "GET /imagenes/rt_quer2.gif HTTP/1.1" 200 936
181.49.76.245 - - [02/Dec/2015:05:15:46 -0500] "GET /imagenes/rt_quer1.gif HTTP/1.1" 200 930
181.49.76.245 - - [02/Dec/2015:05:15:46 -0500] "GET /imagenes/rt_save.gif HTTP/1.1" 200 903
181.49.76.245 - - [02/Dec/2015:05:15:46 -0500] "GET /imagenes/rt_pset.gif HTTP/1.1" 200 914
181.49.76.245 - - [02/Dec/2015:05:15:46 -0500] "GET /imagenes/QUEJA.gif HTTP/1.1" 200 1091
181.49.76.245 - - [02/Dec/2015:05:15:46 -0500] "GET /imagenes/ARBOL.gif HTTP/1.1" 200 1026
181.49.76.245 - - [02/Dec/2015:05:15:46 -0500] "GET /imagenes/Clipboard.gif HTTP/1.1" 200 1466
181.49.76.245 - - [02/Dec/2015:05:15:46 -0500] "GET /imagenes/DINERO.gif HTTP/1.1" 200 1766
181.49.76.245 - - [02/Dec/2015:05:15:46 -0500] "GET /imagenes/URGENTE.gif HTTP/1.1" 200 964
181.49.76.245 - - [02/Dec/2015:05:15:46 -0500] "GET /imagenes/TREE4.gif HTTP/1.1" 200 4150
181.49.76.245 - - [02/Dec/2015:05:15:47 -0500] "POST /forms/lservlet;jsessionid=ac16012b30d663a0d519e1724a65b567cf1f39810d8a.e3iSbxaKaheRe38KbN0Rb34MbNn0n6jAmljGr5XDqQLvpAe HTTP/1.1" 200 7
181.49.76.245 - - [02/Dec/2015:05:15:47 -0500] "POST /forms/lservlet;jsessionid=ac16012b30d663a0d519e1724a65b567cf1f39810d8a.e3iSbxaKaheRe38KbN0Rb34MbNn0n6jAmljGr5XDqQLvpAe HTTP/1.1" 200 34
181.49.76.245 - - [02/Dec/2015:05:15:47 -0500] "POST /forms/lservlet;jsessionid=ac16012b30d663a0d519e1724a65b567cf1f39810d8a.e3iSbxaKaheRe38KbN0Rb34MbNn0n6jAmljGr5XDqQLvpAe HTTP/1.1" 200 2
181.49.76.245 - - [02/Dec/2015:05:15:47 -0500] "POST /forms/lservlet;jsessionid=ac16012b30d663a0d519e1724a65b567cf1f39810d8a.e3iSbxaKaheRe38KbN0Rb34MbNn0n6jAmljGr5XDqQLvpAe HTTP/1.1" 200 2
181.49.76.245 - - [02/Dec/2015:05:15:47 -0500] "POST /forms/lservlet;jsessionid=ac16012b30d663a0d519e1724a65b567cf1f39810d8a.e3iSbxaKaheRe38KbN0Rb34MbNn0n6jAmljGr5XDqQLvpAe HTTP/1.1" 200 699
181.49.76.245 - - [02/Dec/2015:05:15:48 -0500] "GET /imagenes/Srch_frw.gif HTTP/1.1" 200 925
181.49.76.245 - - [02/Dec/2015:05:15:48 -0500] "POST /forms/lservlet;jsessionid=ac16012b30d663a0d519e1724a65b567cf1f39810d8a.e3iSbxaKaheRe38KbN0Rb34MbNn0n6jAmljGr5XDqQLvpAe HTTP/1.1" 200 10
181.49.76.245 - - [02/Dec/2015:05:15:54 -0500] "POST /forms/lservlet;jsessionid=ac16012b30d663a0d519e1724a65b567cf1f39810d8a.e3iSbxaKaheRe38KbN0Rb34MbNn0n6jAmljGr5XDqQLvpAe HTTP/1.1" 200 24
181.49.76.245 - - [02/Dec/2015:05:15:54 -0500] "POST /forms/lservlet;jsessionid=ac16012b30d663a0d519e1724a65b567cf1f39810d8a.e3iSbxaKaheRe38KbN0Rb34MbNn0n6jAmljGr5XDqQLvpAe HTTP/1.1" 200 14
181.49.76.245 - - [02/Dec/2015:05:15:56 -0500] "POST /forms/lservlet;jsessionid=ac16012b30d663a0d519e1724a65b567cf1f39810d8a.e3iSbxaKaheRe38KbN0Rb34MbNn0n6jAmljGr5XDqQLvpAe HTTP/1.1" 200 14
181.49.76.245 - - [02/Dec/2015:05:15:57 -0500] "POST /forms/lservlet;jsessionid=ac16012b30d663a0d519e1724a65b567cf1f39810d8a.e3iSbxaKaheRe38KbN0Rb34MbNn0n6jAmljGr5XDqQLvpAe HTTP/1.1" 200 4842
181.49.76.245 - - [02/Dec/2015:05:15:58 -0500] "POST /forms/lservlet;jsessionid=ac16012b30d663a0d519e1724a65b567cf1f39810d8a.e3iSbxaKaheRe38KbN0Rb34MbNn0n6jAmljGr5XDqQLvpAe HTTP/1.1" 200 2
181.49.76.245 - - [02/Dec/2015:05:16:06 -0500] "POST /forms/lservlet;jsessionid=ac16012b30d663a0d519e1724a65b567cf1f39810d8a.e3iSbxaKaheRe38KbN0Rb34MbNn0n6jAmljGr5XDqQLvpAe HTTP/1.1" 200 99
207.46.13.180 - - [02/Dec/2015:05:16:10 -0500] "GET /galeria/nivo-slider/demo/demo.html HTTP/1.1" 200 4924
186.170.188.216 - - [02/Dec/2015:05:16:12 -0500] "GET /galeria/galeria/jquery.fancybox.css?v=2.1.5 HTTP/1.1" 304 -
186.170.188.216 - - [02/Dec/2015:05:16:12 -0500] "GET /BLA/boletinlegal/js/jquery.scrollShow.js HTTP/1.1" 304 -
186.170.188.216 - - [02/Dec/2015:05:16:12 -0500] "GET /galeria/galeria/jquery.fancybox.js?v=2.1.5 HTTP/1.1" 304 -
181.49.76.245 - - [02/Dec/2015:05:16:19 -0500] "POST /forms/lservlet;jsessionid=ac16012b30d663a0d519e1724a65b567cf1f39810d8a.e3iSbxaKaheRe38KbN0Rb34MbNn0n6jAmljGr5XDqQLvpAe HTTP/1.1" 200 91
181.49.76.245 - - [02/Dec/2015:05:16:19 -0500] "POST /forms/lservlet;jsessionid=ac16012b30d663a0d519e1724a65b567cf1f39810d8a.e3iSbxaKaheRe38KbN0Rb34MbNn0n6jAmljGr5XDqQLvpAe HTTP/1.1" 200 8
181.49.76.245 - - [02/Dec/2015:05:16:19 -0500] "POST /forms/lservlet;jsessionid=ac16012b30d663a0d519e1724a65b567cf1f39810d8a.e3iSbxaKaheRe38KbN0Rb34MbNn0n6jAmljGr5XDqQLvpAe HTTP/1.1" 200 2
181.49.76.245 - - [02/Dec/2015:05:16:29 -0500] "POST /forms/lservlet;jsessionid=ac16012b30d663a0d519e1724a65b567cf1f39810d8a.e3iSbxaKaheRe38KbN0Rb34MbNn0n6jAmljGr5XDqQLvpAe HTTP/1.1" 200 146
181.49.76.245 - - [02/Dec/2015:05:16:38 -0500] "POST /forms/lservlet;jsessionid=ac16012b30d663a0d519e1724a65b567cf1f39810d8a.e3iSbxaKaheRe38KbN0Rb34MbNn0n6jAmljGr5XDqQLvpAe HTTP/1.1" 200 73
181.49.76.245 - - [02/Dec/2015:05:16:48 -0500] "POST /forms/lservlet;jsessionid=ac16012b30d663a0d519e1724a65b567cf1f39810d8a.e3iSbxaKaheRe38KbN0Rb34MbNn0n6jAmljGr5XDqQLvpAe HTTP/1.1" 200 2
190.158.109.248 - - [02/Dec/2015:05:16:54 -0500] "POST /IsolucionSDA/IdentificaUsuario.asp?Pagina1=FrameSetGeneral.asp& HTTP/1.1" 200 1250
190.158.109.248 - - [02/Dec/2015:05:17:09 -0500] "GET /isolucionsda/ HTTP/1.1" 302 140
190.158.109.248 - - [02/Dec/2015:05:17:09 -0500] "GET /isolucionsda/ControlDeInicio.asp HTTP/1.1" 200 739
190.158.109.248 - - [02/Dec/2015:05:17:11 -0500] "GET /isolucionsda/IdentificaUsuario.asp?Pagina1=FrameSetGeneral.asp& HTTP/1.1" 200 5090
190.158.109.248 - - [02/Dec/2015:05:17:16 -0500] "POST /isolucionsda/IdentificaUsuario.asp?Pagina1=FrameSetGeneral.asp& HTTP/1.1" 302 173
190.158.109.248 - - [02/Dec/2015:05:17:16 -0500] "GET /isolucionsda/FrameSetGeneral.asp?Pagina1=FrameSetGeneral.asp& HTTP/1.1" 200 6613
190.158.109.248 - - [02/Dec/2015:05:17:16 -0500] "GET /isolucionsda/Encabezado.asp?Pagina1=FrameSetGeneral.asp&&Pagina=MagazinHome.asp HTTP/1.1" 200 15420
190.158.109.248 - - [02/Dec/2015:05:17:16 -0500] "GET /isolucionsda/BarraTitulos.asp?Pagina1=FrameSetGeneral.asp&&Pagina=MagazinHome.asp HTTP/1.1" 200 6972
190.158.109.248 - - [02/Dec/2015:05:17:16 -0500] "GET /isolucionsda/BarraFavoritos.asp HTTP/1.1" 200 911
190.158.109.248 - - [02/Dec/2015:05:17:16 -0500] "GET /isolucionsda/Session.asp?Continue=1 HTTP/1.1" 200 6323
190.158.109.248 - - [02/Dec/2015:05:17:17 -0500] "GET /isolucionsda/TareasSFRedirect.asp HTTP/1.1" 302 195
190.158.109.248 - - [02/Dec/2015:05:17:16 -0500] "GET /isolucionsda/MagazinHome.asp HTTP/1.1" 200 28586
190.158.109.248 - - [02/Dec/2015:05:17:17 -0500] "GET /isolucionsda/g/Bgr_Destacado3399CC.jpg HTTP/1.1" 404 1245
190.158.109.248 - - [02/Dec/2015:05:17:18 -0500] "GET /isolucionsda/FrameSetGeneral.asp?Pagina=Menu.asp&IdModulo=4 HTTP/1.1" 200 6583
190.158.109.248 - - [02/Dec/2015:05:17:18 -0500] "GET /isolucionsda/Encabezado.asp?Pagina=Menu.asp&IdModulo=4 HTTP/1.1" 200 15421
190.158.109.248 - - [02/Dec/2015:05:17:18 -0500] "GET /isolucionsda/Menu.asp?Pagina=Menu.asp&IdModulo=4 HTTP/1.1" 200 9695
190.158.109.248 - - [02/Dec/2015:05:17:18 -0500] "GET /isolucionsda/BarraTitulos.asp?Pagina=Menu.asp&IdModulo=4 HTTP/1.1" 200 6985
190.158.109.248 - - [02/Dec/2015:05:17:18 -0500] "GET /isolucionsda/Session.asp?Continue=1 HTTP/1.1" 200 6323
190.158.109.248 - - [02/Dec/2015:05:17:17 -0500] "GET /isolucionsda/Login.aspx?TARGET=SFContainerFiltrado.aspx&number=57705568516956524569 HTTP/1.1" 302 886
190.158.109.248 - - [02/Dec/2015:05:17:19 -0500] "GET /isolucionsda/FrameSetGeneral.asp?Pagina=ListadoMaestroDocumentos3.asp HTTP/1.1" 200 6634
190.158.109.248 - - [02/Dec/2015:05:17:19 -0500] "GET /isolucionsda/Encabezado.asp?Pagina=ListadoMaestroDocumentos3.asp HTTP/1.1" 200 15396
190.158.109.248 - - [02/Dec/2015:05:17:19 -0500] "GET /isolucionsda/BarraTitulos.asp?Pagina=ListadoMaestroDocumentos3.asp HTTP/1.1" 200 6985
190.158.109.248 - - [02/Dec/2015:05:17:19 -0500] "GET /isolucionsda/ListadoMaestroDocumentos3.asp?Pagina=ListadoMaestroDocumentos3.asp HTTP/1.1" 200 11500
190.158.109.248 - - [02/Dec/2015:05:17:19 -0500] "GET /isolucionsda/BarraFavoritos.asp HTTP/1.1" 200 911
190.158.109.248 - - [02/Dec/2015:05:17:19 -0500] "GET /isolucionsda/Session.asp?Continue=1 HTTP/1.1" 200 6323
190.158.109.248 - - [02/Dec/2015:05:17:23 -0500] "POST /isolucionsda/ListadoMaestroDocumentos3.asp HTTP/1.1" 200 15956
190.158.109.248 - - [02/Dec/2015:05:17:26 -0500] "GET /isolucionsda/FramesetArticulo.asp?Pagina=BancoConocimiento%2FC%2FConcesiondeaguassubterraneas%5Fv2%2FConcesiondeaguassubterraneas%5Fv2%2Easp&IdArticulo=5217 HTTP/1.1" 200 7333
190.158.109.248 - - [02/Dec/2015:05:17:26 -0500] "GET /isolucionsda/Arriba.asp?Pagina=BancoConocimiento%2FC%2FConcesiondeaguassubterraneas%5Fv2%2FConcesiondeaguassubterraneas%5Fv2%2Easp&IdArticulo=5217 HTTP/1.1" 200 10567
190.158.109.248 - - [02/Dec/2015:05:17:26 -0500] "GET /isolucionsda/BancoConocimiento/C/Concesiondeaguassubterraneas_v2/Concesiondeaguassubterraneas_v2.asp?IdArticulo=5217 HTTP/1.1" 200 93733
190.158.109.248 - - [02/Dec/2015:05:17:18 -0500] "GET /isolucionsda/BarraFavoritos.asp HTTP/1.1" 502 1362
69.162.124.233 - - [02/Dec/2015:05:17:56 -0500] "HEAD / HTTP/1.1" 200 -
190.146.53.139 - - [02/Dec/2015:05:18:09 -0500] "GET /galeria/nivo-slider/demo/images/banner-llantas2015s.jpg HTTP/1.1" 404 1314
190.146.53.139 - - [02/Dec/2015:05:18:18 -0500] "GET /galeria/nivo-slider/demo/images/banner-llantas2015s.jpg HTTP/1.1" 404 1314
66.249.66.119 - - [02/Dec/2015:05:18:35 -0500] "GET /BLA/resoluciones/AUTOS%202012/1853.pdf HTTP/1.1" 200 301167
181.49.76.245 - - [02/Dec/2015:05:18:48 -0500] "POST /forms/lservlet;jsessionid=ac16012b30d663a0d519e1724a65b567cf1f39810d8a.e3iSbxaKaheRe38KbN0Rb34MbNn0n6jAmljGr5XDqQLvpAe HTTP/1.1" 200 2
181.60.159.20 - - [02/Dec/2015:05:19:32 -0500] "GET /galeria/nivo-slider/demo/images/banner-llantas2015s.jpg HTTP/1.1" 404 1314
181.60.159.20 - - [02/Dec/2015:05:19:42 -0500] "GET /galeria/nivo-slider/demo/images/banner-llantas2015s.jpg HTTP/1.1" 404 1314
181.49.76.245 - - [02/Dec/2015:05:20:48 -0500] "POST /forms/lservlet;jsessionid=ac16012b30d663a0d519e1724a65b567cf1f39810d8a.e3iSbxaKaheRe38KbN0Rb34MbNn0n6jAmljGr5XDqQLvpAe HTTP/1.1" 200 2
