186.31.25.11 - - [10/Dec/2015:00:33:43 -0500] "GET /galeria/carrusel/Carrusel/jquery.thumbnailScroller.css HTTP/1.1" 200 2066
186.31.25.11 - - [10/Dec/2015:00:33:44 -0500] "GET /galeria/nivo-slider/demo/demo.html HTTP/1.1" 200 4627
186.31.25.11 - - [10/Dec/2015:00:33:46 -0500] "GET /galeria/nivo-slider/themes/default/default.css HTTP/1.1" 200 1569
186.31.25.11 - - [10/Dec/2015:00:33:46 -0500] "GET /galeria/nivo-slider/themes/pascal/pascal.css HTTP/1.1" 200 2258
186.31.25.11 - - [10/Dec/2015:00:33:46 -0500] "GET /galeria/nivo-slider/themes/orman/orman.css HTTP/1.1" 200 2152
186.31.25.11 - - [10/Dec/2015:00:33:46 -0500] "GET /galeria/nivo-slider/demo/images/ES_Banner_COP21_03.jpg HTTP/1.1" 200 178049
186.31.25.11 - - [10/Dec/2015:00:33:47 -0500] "GET /galeria/nivo-slider/demo/images/Programacion-navidena.jpg HTTP/1.1" 200 316038
186.31.25.11 - - [10/Dec/2015:00:33:48 -0500] "GET /galeria/nivo-slider/demo/images/2Banner-encuestaSDA.jpg HTTP/1.1" 200 208228
186.31.25.11 - - [10/Dec/2015:00:33:49 -0500] "GET /galeria/nivo-slider/demo/style.css HTTP/1.1" 200 2222
186.31.25.11 - - [10/Dec/2015:00:33:49 -0500] "GET /galeria/nivo-slider/nivo-slider.css HTTP/1.1" 200 1507
186.31.25.11 - - [10/Dec/2015:00:33:49 -0500] "GET /galeria/nivo-slider/demo/images/banner-zuna.jpg HTTP/1.1" 200 133143
186.31.25.11 - - [10/Dec/2015:00:33:51 -0500] "GET /galeria/nivo-slider/demo/images/4Simple_Slider.png HTTP/1.1" 200 11722
186.31.25.11 - - [10/Dec/2015:00:33:51 -0500] "GET /galeria/nivo-slider/themes/default/loading.gif HTTP/1.1" 200 1737
186.31.25.11 - - [10/Dec/2015:00:33:51 -0500] "GET /galeria/nivo-slider/demo/images/ABC-Plan-de-contigencia.jpg HTTP/1.1" 200 401853
186.31.25.11 - - [10/Dec/2015:00:33:51 -0500] "GET /galeria/nivo-slider/demo/images/banner-llantas2015.jpg HTTP/1.1" 200 185615
186.31.25.11 - - [10/Dec/2015:00:33:52 -0500] "GET /galeria/nivo-slider/demo/images/caminata-ecologica.jpg HTTP/1.1" 200 161069
186.31.25.11 - - [10/Dec/2015:00:33:52 -0500] "GET /galeria/nivo-slider/demo/images/Banner-ahorro-de-agua.jpg HTTP/1.1" 200 149141
186.31.25.11 - - [10/Dec/2015:00:33:52 -0500] "GET /galeria/nivo-slider/demo/images/Cmapana-onestidad.jpg HTTP/1.1" 200 141638
186.31.25.11 - - [10/Dec/2015:00:33:54 -0500] "GET /galeria/nivo-slider/demo/images/PREDAcamp.jpg HTTP/1.1" 200 295358
186.85.90.90 - - [10/Dec/2015:00:34:01 -0500] "POST /forms/lservlet;jsessionid=ac16012b30d7848d652c5e10464b90ebf347cb1a44d6.e3iSbxaKaheRe38KbN0Rb34Mc3j0n6jAmljGr5XDqQLvpAe HTTP/1.1" 200 2
186.31.25.11 - - [10/Dec/2015:00:34:04 -0500] "GET /BLA/boletinlegal/js/jquery.scrollShow.js HTTP/1.1" 304 -
186.31.25.11 - - [10/Dec/2015:00:34:04 -0500] "GET /galeria/galeria/jquery.fancybox.css?v=2.1.5 HTTP/1.1" 304 -
186.31.25.11 - - [10/Dec/2015:00:34:04 -0500] "GET /galeria/galeria/jquery.fancybox.js?v=2.1.5 HTTP/1.1" 304 -
186.31.25.11 - - [10/Dec/2015:00:34:04 -0500] "GET /BLA/boletinlegal/js/jquery.scrollShow.js HTTP/1.1" 304 -
186.31.25.11 - - [10/Dec/2015:00:34:04 -0500] "GET /galeria/galeria/jquery.fancybox.js?v=2.1.5 HTTP/1.1" 304 -
186.31.25.11 - - [10/Dec/2015:00:34:04 -0500] "GET /galeria/galeria/jquery.fancybox.css?v=2.1.5 HTTP/1.1" 304 -
66.249.64.106 - - [10/Dec/2015:00:34:13 -0500] "GET /BLA/resoluciones/RESOLUCIONES%202006/RES%202006%20401-450/00000437.tif HTTP/1.1" 200 122660
66.249.64.101 - - [10/Dec/2015:00:34:23 -0500] "GET /BLA/resoluciones/RESOLUCIONES%202009/7909.pdf HTTP/1.1" 200 507625
5.178.68.242 - - [10/Dec/2015:00:34:24 -0500] "-" 408 -
186.85.90.90 - - [10/Dec/2015:00:35:52 -0500] "POST /forms/lservlet;jsessionid=ac16012b30d7848d652c5e10464b90ebf347cb1a44d6.e3iSbxaKaheRe38KbN0Rb34Mc3j0n6jAmljGr5XDqQLvpAe HTTP/1.1" 200 2
186.85.90.90 - - [10/Dec/2015:00:35:52 -0500] "POST /forms/lservlet;jsessionid=ac16012b30d7848d652c5e10464b90ebf347cb1a44d6.e3iSbxaKaheRe38KbN0Rb34Mc3j0n6jAmljGr5XDqQLvpAe HTTP/1.1" 200 123
186.85.90.90 - - [10/Dec/2015:00:35:52 -0500] "POST /forms/lservlet;jsessionid=ac16012b30d7848d652c5e10464b90ebf347cb1a44d6.e3iSbxaKaheRe38KbN0Rb34Mc3j0n6jAmljGr5XDqQLvpAe HTTP/1.1" 200 22
186.85.90.90 - - [10/Dec/2015:00:35:53 -0500] "POST /forms/lservlet;jsessionid=ac16012b30d7848d652c5e10464b90ebf347cb1a44d6.e3iSbxaKaheRe38KbN0Rb34Mc3j0n6jAmljGr5XDqQLvpAe HTTP/1.1" 200 2
186.85.90.90 - - [10/Dec/2015:00:35:53 -0500] "POST /forms/lservlet;jsessionid=ac16012b30d7848d652c5e10464b90ebf347cb1a44d6.e3iSbxaKaheRe38KbN0Rb34Mc3j0n6jAmljGr5XDqQLvpAe HTTP/1.1" 200 101
186.85.90.90 - - [10/Dec/2015:00:35:53 -0500] "POST /forms/lservlet;jsessionid=ac16012b30d7848d652c5e10464b90ebf347cb1a44d6.e3iSbxaKaheRe38KbN0Rb34Mc3j0n6jAmljGr5XDqQLvpAe HTTP/1.1" 200 2
186.85.90.90 - - [10/Dec/2015:00:35:54 -0500] "POST /forms/lservlet;jsessionid=ac16012b30d7848d652c5e10464b90ebf347cb1a44d6.e3iSbxaKaheRe38KbN0Rb34Mc3j0n6jAmljGr5XDqQLvpAe HTTP/1.1" 200 2
186.85.90.90 - - [10/Dec/2015:00:35:54 -0500] "POST /forms/lservlet;jsessionid=ac16012b30d7848d652c5e10464b90ebf347cb1a44d6.e3iSbxaKaheRe38KbN0Rb34Mc3j0n6jAmljGr5XDqQLvpAe HTTP/1.1" 200 2017
186.85.90.90 - - [10/Dec/2015:00:35:54 -0500] "POST /forms/lservlet;jsessionid=ac16012b30d7848d652c5e10464b90ebf347cb1a44d6.e3iSbxaKaheRe38KbN0Rb34Mc3j0n6jAmljGr5XDqQLvpAe HTTP/1.1" 200 78
186.85.90.90 - - [10/Dec/2015:00:35:57 -0500] "POST /forms/lservlet;jsessionid=ac16012b30d7848d652c5e10464b90ebf347cb1a44d6.e3iSbxaKaheRe38KbN0Rb34Mc3j0n6jAmljGr5XDqQLvpAe HTTP/1.1" 200 34735
186.85.90.90 - - [10/Dec/2015:00:35:58 -0500] "GET /imagenes/listval.gif HTTP/1.1" 200 905
186.85.90.90 - - [10/Dec/2015:00:35:58 -0500] "POST /forms/lservlet;jsessionid=ac16012b30d7848d652c5e10464b90ebf347cb1a44d6.e3iSbxaKaheRe38KbN0Rb34Mc3j0n6jAmljGr5XDqQLvpAe HTTP/1.1" 200 7
186.85.90.90 - - [10/Dec/2015:00:35:58 -0500] "POST /forms/lservlet;jsessionid=ac16012b30d7848d652c5e10464b90ebf347cb1a44d6.e3iSbxaKaheRe38KbN0Rb34Mc3j0n6jAmljGr5XDqQLvpAe HTTP/1.1" 200 2
186.85.90.90 - - [10/Dec/2015:00:35:58 -0500] "POST /forms/lservlet;jsessionid=ac16012b30d7848d652c5e10464b90ebf347cb1a44d6.e3iSbxaKaheRe38KbN0Rb34Mc3j0n6jAmljGr5XDqQLvpAe HTTP/1.1" 200 2
186.85.90.90 - - [10/Dec/2015:00:35:58 -0500] "POST /forms/lservlet;jsessionid=ac16012b30d7848d652c5e10464b90ebf347cb1a44d6.e3iSbxaKaheRe38KbN0Rb34Mc3j0n6jAmljGr5XDqQLvpAe HTTP/1.1" 200 34
186.85.90.90 - - [10/Dec/2015:00:35:58 -0500] "POST /forms/lservlet;jsessionid=ac16012b30d7848d652c5e10464b90ebf347cb1a44d6.e3iSbxaKaheRe38KbN0Rb34Mc3j0n6jAmljGr5XDqQLvpAe HTTP/1.1" 200 2
186.85.90.90 - - [10/Dec/2015:00:35:59 -0500] "POST /forms/lservlet;jsessionid=ac16012b30d7848d652c5e10464b90ebf347cb1a44d6.e3iSbxaKaheRe38KbN0Rb34Mc3j0n6jAmljGr5XDqQLvpAe HTTP/1.1" 200 2
186.85.90.90 - - [10/Dec/2015:00:35:59 -0500] "POST /forms/lservlet;jsessionid=ac16012b30d7848d652c5e10464b90ebf347cb1a44d6.e3iSbxaKaheRe38KbN0Rb34Mc3j0n6jAmljGr5XDqQLvpAe HTTP/1.1" 200 2
186.85.90.90 - - [10/Dec/2015:00:35:59 -0500] "POST /forms/lservlet;jsessionid=ac16012b30d7848d652c5e10464b90ebf347cb1a44d6.e3iSbxaKaheRe38KbN0Rb34Mc3j0n6jAmljGr5XDqQLvpAe HTTP/1.1" 200 15
186.85.90.90 - - [10/Dec/2015:00:36:00 -0500] "POST /forms/lservlet;jsessionid=ac16012b30d7848d652c5e10464b90ebf347cb1a44d6.e3iSbxaKaheRe38KbN0Rb34Mc3j0n6jAmljGr5XDqQLvpAe HTTP/1.1" 200 2
186.85.90.90 - - [10/Dec/2015:00:36:00 -0500] "POST /forms/lservlet;jsessionid=ac16012b30d7848d652c5e10464b90ebf347cb1a44d6.e3iSbxaKaheRe38KbN0Rb34Mc3j0n6jAmljGr5XDqQLvpAe HTTP/1.1" 200 663
186.85.90.90 - - [10/Dec/2015:00:36:01 -0500] "GET /imagenes/Srch_frw.gif HTTP/1.1" 200 925
186.85.90.90 - - [10/Dec/2015:00:36:01 -0500] "POST /forms/lservlet;jsessionid=ac16012b30d7848d652c5e10464b90ebf347cb1a44d6.e3iSbxaKaheRe38KbN0Rb34Mc3j0n6jAmljGr5XDqQLvpAe HTTP/1.1" 200 10
186.85.90.90 - - [10/Dec/2015:00:36:01 -0500] "POST /forms/lservlet;jsessionid=ac16012b30d7848d652c5e10464b90ebf347cb1a44d6.e3iSbxaKaheRe38KbN0Rb34Mc3j0n6jAmljGr5XDqQLvpAe HTTP/1.1" 200 26
186.85.90.90 - - [10/Dec/2015:00:36:02 -0500] "POST /forms/lservlet;jsessionid=ac16012b30d7848d652c5e10464b90ebf347cb1a44d6.e3iSbxaKaheRe38KbN0Rb34Mc3j0n6jAmljGr5XDqQLvpAe HTTP/1.1" 200 2
186.85.90.90 - - [10/Dec/2015:00:36:02 -0500] "POST /forms/lservlet;jsessionid=ac16012b30d7848d652c5e10464b90ebf347cb1a44d6.e3iSbxaKaheRe38KbN0Rb34Mc3j0n6jAmljGr5XDqQLvpAe HTTP/1.1" 200 14
186.85.90.90 - - [10/Dec/2015:00:36:03 -0500] "POST /forms/lservlet;jsessionid=ac16012b30d7848d652c5e10464b90ebf347cb1a44d6.e3iSbxaKaheRe38KbN0Rb34Mc3j0n6jAmljGr5XDqQLvpAe HTTP/1.1" 200 4395
186.85.90.90 - - [10/Dec/2015:00:36:04 -0500] "POST /forms/lservlet;jsessionid=ac16012b30d7848d652c5e10464b90ebf347cb1a44d6.e3iSbxaKaheRe38KbN0Rb34Mc3j0n6jAmljGr5XDqQLvpAe HTTP/1.1" 200 2
186.85.90.90 - - [10/Dec/2015:00:36:08 -0500] "POST /forms/lservlet;jsessionid=ac16012b30d7848d652c5e10464b90ebf347cb1a44d6.e3iSbxaKaheRe38KbN0Rb34Mc3j0n6jAmljGr5XDqQLvpAe HTTP/1.1" 200 101
186.85.90.90 - - [10/Dec/2015:00:36:36 -0500] "POST /forms/lservlet;jsessionid=ac16012b30d7848d652c5e10464b90ebf347cb1a44d6.e3iSbxaKaheRe38KbN0Rb34Mc3j0n6jAmljGr5XDqQLvpAe HTTP/1.1" 200 91
186.85.90.90 - - [10/Dec/2015:00:36:36 -0500] "POST /forms/lservlet;jsessionid=ac16012b30d7848d652c5e10464b90ebf347cb1a44d6.e3iSbxaKaheRe38KbN0Rb34Mc3j0n6jAmljGr5XDqQLvpAe HTTP/1.1" 200 8
186.85.90.90 - - [10/Dec/2015:00:36:36 -0500] "POST /forms/lservlet;jsessionid=ac16012b30d7848d652c5e10464b90ebf347cb1a44d6.e3iSbxaKaheRe38KbN0Rb34Mc3j0n6jAmljGr5XDqQLvpAe HTTP/1.1" 200 2
186.85.90.90 - - [10/Dec/2015:00:36:47 -0500] "POST /forms/lservlet;jsessionid=ac16012b30d7848d652c5e10464b90ebf347cb1a44d6.e3iSbxaKaheRe38KbN0Rb34Mc3j0n6jAmljGr5XDqQLvpAe HTTP/1.1" 200 181
186.85.90.90 - - [10/Dec/2015:00:36:47 -0500] "GET /imagenes/listval.gif HTTP/1.1" 200 905
186.85.90.90 - - [10/Dec/2015:00:36:47 -0500] "POST /forms/lservlet;jsessionid=ac16012b30d7848d652c5e10464b90ebf347cb1a44d6.e3iSbxaKaheRe38KbN0Rb34Mc3j0n6jAmljGr5XDqQLvpAe HTTP/1.1" 200 7
66.249.64.96 - - [10/Dec/2015:00:36:53 -0500] "GET /BLA/resoluciones/AUTOS%202009/3369.pdf HTTP/1.1" 200 208792
188.165.15.95 - - [10/Dec/2015:00:37:57 -0500] "GET /BLA/resoluciones/RESOLUCIONES%202006/RES%202006%202001-2050/00002006.tif HTTP/1.1" 200 271304
69.162.124.233 - - [10/Dec/2015:00:38:01 -0500] "HEAD / HTTP/1.1" 200 -
186.85.90.90 - - [10/Dec/2015:00:38:01 -0500] "POST /forms/lservlet;jsessionid=ac16012b30d7848d652c5e10464b90ebf347cb1a44d6.e3iSbxaKaheRe38KbN0Rb34Mc3j0n6jAmljGr5XDqQLvpAe HTTP/1.1" 200 2
66.249.64.106 - - [10/Dec/2015:00:39:23 -0500] "GET /BLA/resoluciones/AUTOS%202014/7157.pdf HTTP/1.1" 200 2124163
186.85.90.90 - - [10/Dec/2015:00:40:01 -0500] "POST /forms/lservlet;jsessionid=ac16012b30d7848d652c5e10464b90ebf347cb1a44d6.e3iSbxaKaheRe38KbN0Rb34Mc3j0n6jAmljGr5XDqQLvpAe HTTP/1.1" 200 2
188.29.165.51 - - [10/Dec/2015:00:40:13 -0500] "GET /webdav/x32.php?host=176.149.189.77&time=60&port=80 HTTP/1.1" 404 1018
186.85.90.90 - - [10/Dec/2015:00:40:19 -0500] "POST /forms/lservlet;jsessionid=ac16012b30d7848d652c5e10464b90ebf347cb1a44d6.e3iSbxaKaheRe38KbN0Rb34Mc3j0n6jAmljGr5XDqQLvpAe HTTP/1.1" 200 7
157.55.39.102 - - [10/Dec/2015:00:41:00 -0500] "GET /robots.txt HTTP/1.1" 404 1019
157.55.39.102 - - [10/Dec/2015:00:41:12 -0500] "GET /Anexos%20estudio%20Organizacional%20SDA/ANEXO%20No.%203-%20CONTRATACI%C3%93N%20%20OPS%C2%B4s%202008-2012/CONTRATOS%20SDA%202009%20POR%20DEPENDENCIA%20(1).xls HTTP/1.1" 200 461824
66.249.64.96 - - [10/Dec/2015:00:41:53 -0500] "GET /BLA/resoluciones/RESOLUCIONES%202009/0504.pdf HTTP/1.1" 200 298881
186.85.90.90 - - [10/Dec/2015:00:42:02 -0500] "POST /forms/lservlet;jsessionid=ac16012b30d7848d652c5e10464b90ebf347cb1a44d6.e3iSbxaKaheRe38KbN0Rb34Mc3j0n6jAmljGr5XDqQLvpAe HTTP/1.1" 200 2
186.85.90.90 - - [10/Dec/2015:00:42:16 -0500] "POST /forms/lservlet;jsessionid=ac16012b30d7848d652c5e10464b90ebf347cb1a44d6.e3iSbxaKaheRe38KbN0Rb34Mc3j0n6jAmljGr5XDqQLvpAe HTTP/1.1" 200 155
186.85.90.90 - - [10/Dec/2015:00:42:16 -0500] "POST /forms/lservlet;jsessionid=ac16012b30d7848d652c5e10464b90ebf347cb1a44d6.e3iSbxaKaheRe38KbN0Rb34Mc3j0n6jAmljGr5XDqQLvpAe HTTP/1.1" 200 7
187.161.83.35 - - [10/Dec/2015:00:42:17 -0500] "GET /galeria/galeria/jquery.fancybox.css?v=2.1.5 HTTP/1.1" 200 4895
187.161.83.35 - - [10/Dec/2015:00:42:17 -0500] "GET /BLA/boletinlegal/js/jquery.scrollShow.js HTTP/1.1" 200 4586
187.161.83.35 - - [10/Dec/2015:00:42:17 -0500] "GET /galeria/galeria/jquery.fancybox.js?v=2.1.5 HTTP/1.1" 200 48706
186.85.90.90 - - [10/Dec/2015:00:42:18 -0500] "POST /forms/lservlet;jsessionid=ac16012b30d7848d652c5e10464b90ebf347cb1a44d6.e3iSbxaKaheRe38KbN0Rb34Mc3j0n6jAmljGr5XDqQLvpAe HTTP/1.1" 200 89
186.85.90.90 - - [10/Dec/2015:00:42:18 -0500] "POST /forms/lservlet;jsessionid=ac16012b30d7848d652c5e10464b90ebf347cb1a44d6.e3iSbxaKaheRe38KbN0Rb34Mc3j0n6jAmljGr5XDqQLvpAe HTTP/1.1" 200 2
186.85.90.90 - - [10/Dec/2015:00:42:18 -0500] "GET /imagenes/listval.gif HTTP/1.1" 200 905
186.85.90.90 - - [10/Dec/2015:00:42:25 -0500] "POST /forms/lservlet;jsessionid=ac16012b30d7848d652c5e10464b90ebf347cb1a44d6.e3iSbxaKaheRe38KbN0Rb34Mc3j0n6jAmljGr5XDqQLvpAe HTTP/1.1" 200 123
186.85.90.90 - - [10/Dec/2015:00:42:25 -0500] "POST /forms/lservlet;jsessionid=ac16012b30d7848d652c5e10464b90ebf347cb1a44d6.e3iSbxaKaheRe38KbN0Rb34Mc3j0n6jAmljGr5XDqQLvpAe HTTP/1.1" 200 7
187.161.83.35 - - [10/Dec/2015:00:42:24 -0500] "GET /videos/CRRFFS.mp4 HTTP/1.1" 200 286784363
186.85.90.90 - - [10/Dec/2015:00:42:26 -0500] "POST /forms/lservlet;jsessionid=ac16012b30d7848d652c5e10464b90ebf347cb1a44d6.e3iSbxaKaheRe38KbN0Rb34Mc3j0n6jAmljGr5XDqQLvpAe HTTP/1.1" 200 165
186.85.90.90 - - [10/Dec/2015:00:42:27 -0500] "POST /forms/lservlet;jsessionid=ac16012b30d7848d652c5e10464b90ebf347cb1a44d6.e3iSbxaKaheRe38KbN0Rb34Mc3j0n6jAmljGr5XDqQLvpAe HTTP/1.1" 200 7
181.56.40.2 - - [10/Dec/2015:00:42:51 -0500] "GET /galeria/galeria/jquery.fancybox.js?v=2.1.5 HTTP/1.1" 200 48706
181.56.40.2 - - [10/Dec/2015:00:42:51 -0500] "GET /galeria/galeria/jquery.fancybox.css?v=2.1.5 HTTP/1.1" 200 4895
181.56.40.2 - - [10/Dec/2015:00:42:51 -0500] "GET /BLA/boletinlegal/js/jquery.scrollShow.js HTTP/1.1" 200 4586
181.56.40.2 - - [10/Dec/2015:00:42:55 -0500] "GET /BLA/boletinlegal/js/jquery.scrollShow.js HTTP/1.1" 200 4586
181.56.40.2 - - [10/Dec/2015:00:42:55 -0500] "GET /galeria/galeria/jquery.fancybox.js?v=2.1.5 HTTP/1.1" 200 48706
181.56.40.2 - - [10/Dec/2015:00:42:55 -0500] "GET /galeria/galeria/jquery.fancybox.css?v=2.1.5 HTTP/1.1" 200 4895
69.162.124.233 - - [10/Dec/2015:00:43:01 -0500] "HEAD / HTTP/1.1" 200 -
201.234.75.11 - - [10/Dec/2015:00:43:01 -0500] "GET /galeria/galeria/fotos/Movilizacion2P.jpg HTTP/1.1" 304 -
186.85.90.90 - - [10/Dec/2015:00:44:02 -0500] "POST /forms/lservlet;jsessionid=ac16012b30d7848d652c5e10464b90ebf347cb1a44d6.e3iSbxaKaheRe38KbN0Rb34Mc3j0n6jAmljGr5XDqQLvpAe HTTP/1.1" 200 2
190.26.210.162 - - [10/Dec/2015:00:44:18 -0500] "GET /galeria/juegos/ear/EARI.swf HTTP/1.1" 200 526915
66.249.64.96 - - [10/Dec/2015:00:44:22 -0500] "GET /BLA/resoluciones/AUTOS%202011/0217.pdf HTTP/1.1" 304 -
187.161.83.35 - - [10/Dec/2015:00:44:29 -0500] "GET /videos/CRRFFS.mp4 HTTP/1.1" 206 1
190.26.210.162 - - [10/Dec/2015:00:44:36 -0500] "GET /videos/galeria-cronicas/1V3wnplaylist.htm? HTTP/1.1" 200 4013
190.26.210.162 - - [10/Dec/2015:00:44:36 -0500] "GET /videos/galeria-cronicas/ HTTP/1.1" 200 3979
188.29.165.51 - - [10/Dec/2015:00:44:42 -0500] "GET /webdav/x32.php?host=84.192.42.43&time=60&port=80 HTTP/1.1" 404 1018
187.161.83.35 - - [10/Dec/2015:00:44:29 -0500] "GET /videos/CRRFFS.mp4 HTTP/1.1" 206 285606415
187.161.83.35 - - [10/Dec/2015:00:44:50 -0500] "GET /galeria/galeria/jquery.fancybox.css?v=2.1.5 HTTP/1.1" 304 -
187.161.83.35 - - [10/Dec/2015:00:44:50 -0500] "GET /BLA/boletinlegal/js/jquery.scrollShow.js HTTP/1.1" 304 -
187.161.83.35 - - [10/Dec/2015:00:44:50 -0500] "GET /galeria/galeria/jquery.fancybox.js?v=2.1.5 HTTP/1.1" 304 -
187.161.83.35 - - [10/Dec/2015:00:44:52 -0500] "GET /videos/CRRFFS.mp4 HTTP/1.1" 206 1
186.85.90.90 - - [10/Dec/2015:00:45:16 -0500] "POST /forms/lservlet;jsessionid=ac16012b30d7848d652c5e10464b90ebf347cb1a44d6.e3iSbxaKaheRe38KbN0Rb34Mc3j0n6jAmljGr5XDqQLvpAe HTTP/1.1" 200 152
186.85.90.90 - - [10/Dec/2015:00:45:16 -0500] "POST /forms/lservlet;jsessionid=ac16012b30d7848d652c5e10464b90ebf347cb1a44d6.e3iSbxaKaheRe38KbN0Rb34Mc3j0n6jAmljGr5XDqQLvpAe HTTP/1.1" 200 8
186.85.90.90 - - [10/Dec/2015:00:45:16 -0500] "POST /forms/lservlet;jsessionid=ac16012b30d7848d652c5e10464b90ebf347cb1a44d6.e3iSbxaKaheRe38KbN0Rb34Mc3j0n6jAmljGr5XDqQLvpAe HTTP/1.1" 200 2
186.85.90.90 - - [10/Dec/2015:00:45:17 -0500] "POST /forms/lservlet;jsessionid=ac16012b30d7848d652c5e10464b90ebf347cb1a44d6.e3iSbxaKaheRe38KbN0Rb34Mc3j0n6jAmljGr5XDqQLvpAe HTTP/1.1" 200 2
186.85.90.90 - - [10/Dec/2015:00:45:17 -0500] "POST /forms/lservlet;jsessionid=ac16012b30d7848d652c5e10464b90ebf347cb1a44d6.e3iSbxaKaheRe38KbN0Rb34Mc3j0n6jAmljGr5XDqQLvpAe HTTP/1.1" 200 8
186.85.90.90 - - [10/Dec/2015:00:45:17 -0500] "POST /forms/lservlet;jsessionid=ac16012b30d7848d652c5e10464b90ebf347cb1a44d6.e3iSbxaKaheRe38KbN0Rb34Mc3j0n6jAmljGr5XDqQLvpAe HTTP/1.1" 200 2
186.85.90.90 - - [10/Dec/2015:00:45:17 -0500] "POST /forms/lservlet;jsessionid=ac16012b30d7848d652c5e10464b90ebf347cb1a44d6.e3iSbxaKaheRe38KbN0Rb34Mc3j0n6jAmljGr5XDqQLvpAe HTTP/1.1" 200 2
186.85.90.90 - - [10/Dec/2015:00:45:18 -0500] "POST /forms/lservlet;jsessionid=ac16012b30d7848d652c5e10464b90ebf347cb1a44d6.e3iSbxaKaheRe38KbN0Rb34Mc3j0n6jAmljGr5XDqQLvpAe HTTP/1.1" 200 8
186.85.90.90 - - [10/Dec/2015:00:45:18 -0500] "POST /forms/lservlet;jsessionid=ac16012b30d7848d652c5e10464b90ebf347cb1a44d6.e3iSbxaKaheRe38KbN0Rb34Mc3j0n6jAmljGr5XDqQLvpAe HTTP/1.1" 200 2
186.85.90.90 - - [10/Dec/2015:00:46:01 -0500] "POST /forms/lservlet;jsessionid=ac16012b30d7848d652c5e10464b90ebf347cb1a44d6.e3iSbxaKaheRe38KbN0Rb34Mc3j0n6jAmljGr5XDqQLvpAe HTTP/1.1" 200 138
186.85.90.90 - - [10/Dec/2015:00:46:01 -0500] "POST /forms/lservlet;jsessionid=ac16012b30d7848d652c5e10464b90ebf347cb1a44d6.e3iSbxaKaheRe38KbN0Rb34Mc3j0n6jAmljGr5XDqQLvpAe HTTP/1.1" 200 7
186.85.90.90 - - [10/Dec/2015:00:46:02 -0500] "POST /forms/lservlet;jsessionid=ac16012b30d7848d652c5e10464b90ebf347cb1a44d6.e3iSbxaKaheRe38KbN0Rb34Mc3j0n6jAmljGr5XDqQLvpAe HTTP/1.1" 200 2
66.249.64.96 - - [10/Dec/2015:00:46:52 -0500] "GET /BLA/resoluciones/RESOLUCIONES%202012/1467.pdf HTTP/1.1" 200 1051256
187.161.83.35 - - [10/Dec/2015:00:44:53 -0500] "GET /videos/CRRFFS.mp4 HTTP/1.1" 206 274427530
186.85.90.90 - - [10/Dec/2015:00:47:51 -0500] "POST /forms/lservlet;jsessionid=ac16012b30d7848d652c5e10464b90ebf347cb1a44d6.e3iSbxaKaheRe38KbN0Rb34Mc3j0n6jAmljGr5XDqQLvpAe HTTP/1.1" 200 143
69.162.124.233 - - [10/Dec/2015:00:48:01 -0500] "HEAD / HTTP/1.1" 200 -
186.85.90.90 - - [10/Dec/2015:00:48:02 -0500] "POST /forms/lservlet;jsessionid=ac16012b30d7848d652c5e10464b90ebf347cb1a44d6.e3iSbxaKaheRe38KbN0Rb34Mc3j0n6jAmljGr5XDqQLvpAe HTTP/1.1" 200 2
186.85.90.90 - - [10/Dec/2015:00:48:12 -0500] "POST /forms/lservlet;jsessionid=ac16012b30d7848d652c5e10464b90ebf347cb1a44d6.e3iSbxaKaheRe38KbN0Rb34Mc3j0n6jAmljGr5XDqQLvpAe HTTP/1.1" 200 137
186.85.90.90 - - [10/Dec/2015:00:48:14 -0500] "POST /forms/lservlet;jsessionid=ac16012b30d7848d652c5e10464b90ebf347cb1a44d6.e3iSbxaKaheRe38KbN0Rb34Mc3j0n6jAmljGr5XDqQLvpAe HTTP/1.1" 200 7
186.85.90.90 - - [10/Dec/2015:00:48:15 -0500] "POST /forms/lservlet;jsessionid=ac16012b30d7848d652c5e10464b90ebf347cb1a44d6.e3iSbxaKaheRe38KbN0Rb34Mc3j0n6jAmljGr5XDqQLvpAe HTTP/1.1" 200 145
186.85.90.90 - - [10/Dec/2015:00:48:20 -0500] "POST /forms/lservlet;jsessionid=ac16012b30d7848d652c5e10464b90ebf347cb1a44d6.e3iSbxaKaheRe38KbN0Rb34Mc3j0n6jAmljGr5XDqQLvpAe HTTP/1.1" 200 144
186.28.37.211 - - [10/Dec/2015:00:48:44 -0500] "GET /galeria/galeria/fotos/MeandrodelSay2G.jpg HTTP/1.1" 200 321492
186.85.90.90 - - [10/Dec/2015:00:48:50 -0500] "POST /forms/lservlet;jsessionid=ac16012b30d7848d652c5e10464b90ebf347cb1a44d6.e3iSbxaKaheRe38KbN0Rb34Mc3j0n6jAmljGr5XDqQLvpAe HTTP/1.1" 200 144
186.85.90.90 - - [10/Dec/2015:00:48:55 -0500] "POST /forms/lservlet;jsessionid=ac16012b30d7848d652c5e10464b90ebf347cb1a44d6.e3iSbxaKaheRe38KbN0Rb34Mc3j0n6jAmljGr5XDqQLvpAe HTTP/1.1" 200 63
186.85.90.90 - - [10/Dec/2015:00:49:07 -0500] "POST /forms/lservlet;jsessionid=ac16012b30d7848d652c5e10464b90ebf347cb1a44d6.e3iSbxaKaheRe38KbN0Rb34Mc3j0n6jAmljGr5XDqQLvpAe HTTP/1.1" 200 105
66.249.64.106 - - [10/Dec/2015:00:49:22 -0500] "GET /BLA/resoluciones/RESOLUCIONES%202007/RES%202007%20501%20AL%20600/RESOLUCION%200507%20DE%202007.pdf HTTP/1.1" 304 -
186.85.90.90 - - [10/Dec/2015:00:49:40 -0500] "POST /forms/lservlet;jsessionid=ac16012b30d7848d652c5e10464b90ebf347cb1a44d6.e3iSbxaKaheRe38KbN0Rb34Mc3j0n6jAmljGr5XDqQLvpAe HTTP/1.1" 200 103
186.85.90.90 - - [10/Dec/2015:00:49:40 -0500] "POST /forms/lservlet;jsessionid=ac16012b30d7848d652c5e10464b90ebf347cb1a44d6.e3iSbxaKaheRe38KbN0Rb34Mc3j0n6jAmljGr5XDqQLvpAe HTTP/1.1" 200 7
186.85.90.90 - - [10/Dec/2015:00:49:42 -0500] "POST /forms/lservlet;jsessionid=ac16012b30d7848d652c5e10464b90ebf347cb1a44d6.e3iSbxaKaheRe38KbN0Rb34Mc3j0n6jAmljGr5XDqQLvpAe HTTP/1.1" 200 58
186.85.90.90 - - [10/Dec/2015:00:49:44 -0500] "POST /forms/lservlet;jsessionid=ac16012b30d7848d652c5e10464b90ebf347cb1a44d6.e3iSbxaKaheRe38KbN0Rb34Mc3j0n6jAmljGr5XDqQLvpAe HTTP/1.1" 200 8
186.85.90.90 - - [10/Dec/2015:00:49:44 -0500] "POST /forms/lservlet;jsessionid=ac16012b30d7848d652c5e10464b90ebf347cb1a44d6.e3iSbxaKaheRe38KbN0Rb34Mc3j0n6jAmljGr5XDqQLvpAe HTTP/1.1" 200 2
186.28.37.211 - - [10/Dec/2015:00:49:56 -0500] "GET /galeria/galeria/fotos/MeandrodelSay3g.jpg HTTP/1.1" 200 365658
186.85.90.90 - - [10/Dec/2015:00:50:02 -0500] "POST /forms/lservlet;jsessionid=ac16012b30d7848d652c5e10464b90ebf347cb1a44d6.e3iSbxaKaheRe38KbN0Rb34Mc3j0n6jAmljGr5XDqQLvpAe HTTP/1.1" 200 2
181.56.101.109 - - [10/Dec/2015:00:50:46 -0500] "GET /galeria/galeria/jquery.fancybox.css?v=2.1.5 HTTP/1.1" 200 4895
181.56.101.109 - - [10/Dec/2015:00:50:46 -0500] "GET /galeria/galeria/jquery.fancybox.js?v=2.1.5 HTTP/1.1" 200 48706
181.56.101.109 - - [10/Dec/2015:00:50:46 -0500] "GET /galeria/galeria/fotos/Huemdal-el-Tunjo1P.jpg HTTP/1.1" 200 24430
181.56.101.109 - - [10/Dec/2015:00:50:49 -0500] "GET /galeria/galeria/fotos/Huemdal-el-Tunjo3P.jpg HTTP/1.1" 200 20644
181.56.101.109 - - [10/Dec/2015:00:50:49 -0500] "GET /galeria/galeria/fotos/Humedal-Tibanica2P.jpg HTTP/1.1" 200 29568
181.56.101.109 - - [10/Dec/2015:00:50:49 -0500] "GET /galeria/galeria/fotos/Huemdal-el-Tunjo4P.jpg HTTP/1.1" 200 18710
188.165.15.95 - - [10/Dec/2015:00:50:48 -0500] "GET /BLA/resoluciones/index.php?dir=RESOLUCIONES+2006%2FRES+2006+1101-1150%2F HTTP/1.1" 200 12368
190.130.187.35 - - [10/Dec/2015:00:51:36 -0500] "GET /galeria/galeria/jquery.fancybox.css?v=2.1.5 HTTP/1.1" 200 4895
190.130.187.35 - - [10/Dec/2015:00:51:36 -0500] "GET /BLA/boletinlegal/js/jquery.scrollShow.js HTTP/1.1" 200 4586
190.130.187.35 - - [10/Dec/2015:00:51:36 -0500] "GET /galeria/galeria/jquery.fancybox.js?v=2.1.5 HTTP/1.1" 200 48706
66.249.64.96 - - [10/Dec/2015:00:51:52 -0500] "GET /BLA/resoluciones/RESOLUCIONES%202007/RES%202007%20601%20AL%20700/RESOLUCION%200675%20DE%202007.pdf HTTP/1.1" 304 -
186.85.90.90 - - [10/Dec/2015:00:52:02 -0500] "POST /forms/lservlet;jsessionid=ac16012b30d7848d652c5e10464b90ebf347cb1a44d6.e3iSbxaKaheRe38KbN0Rb34Mc3j0n6jAmljGr5XDqQLvpAe HTTP/1.1" 200 2
190.130.187.35 - - [10/Dec/2015:00:52:05 -0500] "GET /galeria/galeria/jquery.fancybox.js?v=2.1.5 HTTP/1.1" 304 -
190.130.187.35 - - [10/Dec/2015:00:52:05 -0500] "GET /BLA/boletinlegal/js/jquery.scrollShow.js HTTP/1.1" 304 -
190.130.187.35 - - [10/Dec/2015:00:52:05 -0500] "GET /galeria/galeria/jquery.fancybox.css?v=2.1.5 HTTP/1.1" 304 -
190.130.187.35 - - [10/Dec/2015:00:52:08 -0500] "GET /BLA/boletinlegal/js/jquery.scrollShow.js HTTP/1.1" 304 -
190.130.187.35 - - [10/Dec/2015:00:52:10 -0500] "GET /galeria/galeria/jquery.fancybox.js?v=2.1.5 HTTP/1.1" 304 -
190.130.187.35 - - [10/Dec/2015:00:52:10 -0500] "GET /galeria/galeria/jquery.fancybox.css?v=2.1.5 HTTP/1.1" 304 -
66.249.64.106 - - [10/Dec/2015:00:52:49 -0500] "GET /galeria/carrusel/Carrusel/jquery.thumbnailScroller.js HTTP/1.1" 200 8157
66.249.64.96 - - [10/Dec/2015:00:52:49 -0500] "GET /galeria/carrusel/Carrusel/jquery-ui-1.8.13.custom.min.js HTTP/1.1" 200 10800
69.162.124.233 - - [10/Dec/2015:00:53:01 -0500] "HEAD / HTTP/1.1" 200 -
66.249.64.96 - - [10/Dec/2015:00:53:05 -0500] "GET /galeria/carrusel/Carrusel/jquery.thumbnailScroller.css HTTP/1.1" 200 2066
186.83.17.224 - - [10/Dec/2015:00:53:59 -0500] "GET /galeria/galeria/jquery.fancybox.js?v=2.1.5 HTTP/1.1" 200 48706
186.83.17.224 - - [10/Dec/2015:00:53:59 -0500] "GET /BLA/boletinlegal/js/jquery.scrollShow.js HTTP/1.1" 200 4586
186.83.17.224 - - [10/Dec/2015:00:54:00 -0500] "GET /galeria/galeria/jquery.fancybox.css?v=2.1.5 HTTP/1.1" 200 4895
186.83.17.224 - - [10/Dec/2015:00:54:00 -0500] "GET /BLA/boletinlegal/images/video.png HTTP/1.1" 200 57565
186.83.17.224 - - [10/Dec/2015:00:54:00 -0500] "GET /BLA/boletinlegal/images/pdf.gif HTTP/1.1" 200 567
186.85.90.90 - - [10/Dec/2015:00:54:02 -0500] "POST /forms/lservlet;jsessionid=ac16012b30d7848d652c5e10464b90ebf347cb1a44d6.e3iSbxaKaheRe38KbN0Rb34Mc3j0n6jAmljGr5XDqQLvpAe HTTP/1.1" 200 2
186.83.17.224 - - [10/Dec/2015:00:54:12 -0500] "GET /BLA/boletinlegal/js/jquery.scrollShow.js HTTP/1.1" 304 -
186.83.17.224 - - [10/Dec/2015:00:54:12 -0500] "GET /galeria/galeria/jquery.fancybox.js?v=2.1.5 HTTP/1.1" 304 -
186.83.17.224 - - [10/Dec/2015:00:54:12 -0500] "GET /galeria/galeria/jquery.fancybox.css?v=2.1.5 HTTP/1.1" 304 -
186.83.17.224 - - [10/Dec/2015:00:54:13 -0500] "GET /BLA/boletinlegal/images/video.png HTTP/1.1" 304 -
186.83.17.224 - - [10/Dec/2015:00:54:13 -0500] "GET /BLA/boletinlegal/images/pdf.gif HTTP/1.1" 304 -
66.249.64.238 - - [10/Dec/2015:00:54:23 -0500] "GET /BLA/boletinlegal/jurisprudencia/analisis/analisis%20sentencia%20C%20401%20de%202010.doc HTTP/1.1" 304 -
186.85.90.90 - - [10/Dec/2015:00:56:02 -0500] "POST /forms/lservlet;jsessionid=ac16012b30d7848d652c5e10464b90ebf347cb1a44d6.e3iSbxaKaheRe38KbN0Rb34Mc3j0n6jAmljGr5XDqQLvpAe HTTP/1.1" 200 2
188.165.15.95 - - [10/Dec/2015:00:56:04 -0500] "GET /BLA/resoluciones/RESOLUCIONES%202004/RES%202004%201351-1400/00001399.tif HTTP/1.1" 200 113298
66.249.64.106 - - [10/Dec/2015:00:56:52 -0500] "GET /BLA/resoluciones/RESOLUCIONES%202007/RES%202007%204201%20AL%204300/RESOLUCION%204250%20DE%202007.pdf HTTP/1.1" 200 523851
190.242.78.246 - - [10/Dec/2015:00:57:15 -0500] "GET /BLA/boletinlegal/actos.php HTTP/1.1" 200 7620
190.242.78.246 - - [10/Dec/2015:00:57:15 -0500] "GET /BLA/boletinlegal/styles2.css HTTP/1.1" 200 1838
190.242.78.246 - - [10/Dec/2015:00:57:15 -0500] "GET /BLA/boletinlegal/niceforms-default.css HTTP/1.1" 200 6694
190.242.78.246 - - [10/Dec/2015:00:57:15 -0500] "GET /BLA/boletinlegal/style.css HTTP/1.1" 200 9406
190.242.78.246 - - [10/Dec/2015:00:57:15 -0500] "GET /BLA/boletinlegal/js/ajax_actos.js HTTP/1.1" 200 1322
190.242.78.246 - - [10/Dec/2015:00:57:15 -0500] "GET /BLA/boletinlegal/niceforms.js HTTP/1.1" 200 22876
190.242.78.246 - - [10/Dec/2015:00:57:15 -0500] "GET /BLA/boletinlegal/js/lib.js HTTP/1.1" 200 6474
190.242.78.246 - - [10/Dec/2015:00:57:15 -0500] "GET /BLA/boletinlegal/js/popup.js HTTP/1.1" 200 1270
190.242.78.246 - - [10/Dec/2015:00:57:15 -0500] "GET /BLA/boletinlegal/js/jquery1.js HTTP/1.1" 200 29846
190.242.78.246 - - [10/Dec/2015:00:57:15 -0500] "GET /BLA/boletinlegal/images/cabezote%20BLEGAL.jpg HTTP/1.1" 200 118164
190.242.78.246 - - [10/Dec/2015:00:57:15 -0500] "GET /BLA/boletinlegal/images/historia.png HTTP/1.1" 200 52775
190.242.78.246 - - [10/Dec/2015:00:57:15 -0500] "GET /BLA/boletinlegal/images/subscribe-icon-big.png HTTP/1.1" 200 47702
190.242.78.246 - - [10/Dec/2015:00:57:15 -0500] "GET /BLA/boletinlegal/images/green-yellow-blue-pink-th.png HTTP/1.1" 200 7394
190.242.78.246 - - [10/Dec/2015:00:57:15 -0500] "GET /BLA/boletinlegal/images/abajo.png HTTP/1.1" 200 96676
190.242.78.246 - - [10/Dec/2015:00:57:15 -0500] "GET /BLA/boletinlegal/images/body_bg.jpg HTTP/1.1" 200 1601
190.242.78.246 - - [10/Dec/2015:00:57:16 -0500] "GET /BLA/boletinlegal/images/menu_lft.gif HTTP/1.1" 200 1713
190.242.78.246 - - [10/Dec/2015:00:57:16 -0500] "GET /BLA/boletinlegal/images/menu_rght.gif HTTP/1.1" 200 1627
190.242.78.246 - - [10/Dec/2015:00:57:16 -0500] "GET /BLA/boletinlegal/images/bg_top.jpg HTTP/1.1" 200 522
190.242.78.246 - - [10/Dec/2015:00:57:16 -0500] "GET /BLA/boletinlegal/images/menu_bg.jpg HTTP/1.1" 200 620
190.242.78.246 - - [10/Dec/2015:00:57:16 -0500] "GET /BLA/boletinlegal/images/text.jpg HTTP/1.1" 200 568
190.242.78.246 - - [10/Dec/2015:00:57:16 -0500] "GET /BLA/boletinlegal/images/hover.jpg HTTP/1.1" 200 640
190.242.78.246 - - [10/Dec/2015:00:57:16 -0500] "GET /BLA/boletinlegal/images/footer_bg.jpg HTTP/1.1" 200 586
190.242.78.246 - - [10/Dec/2015:00:57:16 -0500] "GET /BLA/boletinlegal/images/footer_bg_l.jpg HTTP/1.1" 200 776
190.242.78.246 - - [10/Dec/2015:00:57:16 -0500] "GET /BLA/boletinlegal/img/0.png HTTP/1.1" 200 110
190.242.78.246 - - [10/Dec/2015:00:57:16 -0500] "GET /BLA/boletinlegal/img/button-right.png HTTP/1.1" 200 57878
190.242.78.246 - - [10/Dec/2015:00:57:16 -0500] "GET /BLA/boletinlegal/img/button-left.png HTTP/1.1" 200 57071
190.242.78.246 - - [10/Dec/2015:00:57:16 -0500] "GET /BLA/boletinlegal/img/button.png HTTP/1.1" 200 43241
190.242.78.246 - - [10/Dec/2015:00:57:16 -0500] "GET /BLA/boletinlegal/img/select-left.png HTTP/1.1" 200 263
190.242.78.246 - - [10/Dec/2015:00:57:16 -0500] "GET /BLA/boletinlegal/img/select-right.png HTTP/1.1" 200 44019
190.242.78.246 - - [10/Dec/2015:00:57:17 -0500] "GET /favicon.ico HTTP/1.1" 200 7782
190.67.158.211 - - [10/Dec/2015:00:57:46 -0500] "GET /BLA/boletinlegal/js/jquery.scrollShow.js HTTP/1.1" 200 4586
190.67.158.211 - - [10/Dec/2015:00:57:46 -0500] "GET /galeria/galeria/jquery.fancybox.js?v=2.1.5 HTTP/1.1" 200 48706
190.67.158.211 - - [10/Dec/2015:00:57:46 -0500] "GET /galeria/galeria/jquery.fancybox.css?v=2.1.5 HTTP/1.1" 200 4895
190.67.158.211 - - [10/Dec/2015:00:57:58 -0500] "GET /BLA/boletinlegal/js/jquery.scrollShow.js HTTP/1.1" 304 -
190.67.158.211 - - [10/Dec/2015:00:57:58 -0500] "GET /galeria/galeria/jquery.fancybox.js?v=2.1.5 HTTP/1.1" 304 -
190.67.158.211 - - [10/Dec/2015:00:57:58 -0500] "GET /galeria/galeria/jquery.fancybox.css?v=2.1.5 HTTP/1.1" 304 -
69.162.124.233 - - [10/Dec/2015:00:58:01 -0500] "HEAD / HTTP/1.1" 200 -
186.85.90.90 - - [10/Dec/2015:00:58:02 -0500] "POST /forms/lservlet;jsessionid=ac16012b30d7848d652c5e10464b90ebf347cb1a44d6.e3iSbxaKaheRe38KbN0Rb34Mc3j0n6jAmljGr5XDqQLvpAe HTTP/1.1" 200 2
157.55.39.102 - - [10/Dec/2015:00:58:11 -0500] "GET /robots.txt HTTP/1.1" 404 1019
187.161.83.35 - - [10/Dec/2015:00:53:57 -0500] "GET /videos/CRRFFS.mp4 HTTP/1.1" 200 286784363
157.55.39.102 - - [10/Dec/2015:00:58:17 -0500] "GET /BLA/boletinlegal/ HTTP/1.1" 200 51063
152.201.167.78 - - [10/Dec/2015:00:59:15 -0500] "GET /galeria/galeria/jquery.fancybox.css?v=2.1.5 HTTP/1.1" 200 4895
152.201.167.78 - - [10/Dec/2015:00:59:15 -0500] "GET /galeria/galeria/jquery.fancybox.js?v=2.1.5 HTTP/1.1" 200 48706
152.201.167.78 - - [10/Dec/2015:00:59:15 -0500] "GET /galeria/galeria/fotos/Capellania1P.jpg HTTP/1.1" 200 33952
152.201.167.78 - - [10/Dec/2015:00:59:16 -0500] "GET /galeria/galeria/fotos/Capellania2P.jpg HTTP/1.1" 200 35380
152.201.167.78 - - [10/Dec/2015:00:59:16 -0500] "GET /galeria/galeria/fotos/Capellania3P.jpg HTTP/1.1" 200 34835
152.201.167.78 - - [10/Dec/2015:00:59:16 -0500] "GET /galeria/galeria/fotos/Capellania4P.jpg HTTP/1.1" 200 37377
66.249.64.96 - - [10/Dec/2015:00:59:22 -0500] "GET /BLA/resoluciones/RESOLUCIONES%202013/1252.pdf HTTP/1.1" 200 1655139
190.24.190.152 - - [10/Dec/2015:00:59:55 -0500] "GET /BLA/boletinlegal/js/jquery.scrollShow.js HTTP/1.1" 200 4586
190.24.190.152 - - [10/Dec/2015:00:59:55 -0500] "GET /galeria/galeria/jquery.fancybox.css?v=2.1.5 HTTP/1.1" 200 4895
190.24.190.152 - - [10/Dec/2015:00:59:55 -0500] "GET /galeria/galeria/jquery.fancybox.js?v=2.1.5 HTTP/1.1" 200 48706
190.24.190.152 - - [10/Dec/2015:01:00:01 -0500] "GET /BLA/boletinlegal/js/jquery.scrollShow.js HTTP/1.1" 304 -
190.24.190.152 - - [10/Dec/2015:01:00:01 -0500] "GET /galeria/galeria/jquery.fancybox.js?v=2.1.5 HTTP/1.1" 304 -
190.24.190.152 - - [10/Dec/2015:01:00:01 -0500] "GET /galeria/galeria/jquery.fancybox.css?v=2.1.5 HTTP/1.1" 304 -
186.85.90.90 - - [10/Dec/2015:01:00:02 -0500] "POST /forms/lservlet;jsessionid=ac16012b30d7848d652c5e10464b90ebf347cb1a44d6.e3iSbxaKaheRe38KbN0Rb34Mc3j0n6jAmljGr5XDqQLvpAe HTTP/1.1" 200 2
188.165.15.95 - - [10/Dec/2015:01:00:07 -0500] "GET /BLA/resoluciones/index.php?dir=RESOLUCIONES%202006/RES%202006%20501-550/&sort=size&order=desc HTTP/1.1" 200 12240
66.249.64.96 - - [10/Dec/2015:01:00:34 -0500] "GET /BLA/resoluciones/RESOLUCIONES%202006/RES%202006%20401-450/00000418.tif HTTP/1.1" 200 171136
66.249.64.106 - - [10/Dec/2015:01:01:52 -0500] "GET /BLA/resoluciones/AUTOS%202014/1462.pdf HTTP/1.1" 200 574758
186.85.90.90 - - [10/Dec/2015:01:02:05 -0500] "POST /forms/lservlet;jsessionid=ac16012b30d7848d652c5e10464b90ebf347cb1a44d6.e3iSbxaKaheRe38KbN0Rb34Mc3j0n6jAmljGr5XDqQLvpAe HTTP/1.1" 200 2
66.249.64.101 - - [10/Dec/2015:01:02:13 -0500] "GET /BLA/resoluciones/RESOLUCIONES%202002/RES%202002%20951-1000/00000982.tif HTTP/1.1" 200 83768
69.162.124.233 - - [10/Dec/2015:01:03:01 -0500] "HEAD / HTTP/1.1" 200 -
151.80.41.169 - - [10/Dec/2015:01:03:33 -0500] "GET /robots.txt HTTP/1.0" 301 334
151.80.41.169 - - [10/Dec/2015:01:03:36 -0500] "GET /carta-de-bogota-blog/ HTTP/1.0" 301 345
151.80.41.169 - - [10/Dec/2015:01:03:41 -0500] "GET /carta-de-bogota-blog/feed/ HTTP/1.0" 301 350
188.165.15.95 - - [10/Dec/2015:01:03:50 -0500] "GET /BLA/resoluciones/RESOLUCIONES%202001/2001%20800-849.TIF HTTP/1.1" 200 10905602
201.234.75.11 - - [10/Dec/2015:01:03:57 -0500] "GET /galeria/galeria/fotos/Movilizacion14P.jpg HTTP/1.1" 304 -
186.85.90.90 - - [10/Dec/2015:01:04:05 -0500] "POST /forms/lservlet;jsessionid=ac16012b30d7848d652c5e10464b90ebf347cb1a44d6.e3iSbxaKaheRe38KbN0Rb34Mc3j0n6jAmljGr5XDqQLvpAe HTTP/1.1" 200 2
66.249.64.106 - - [10/Dec/2015:01:04:22 -0500] "GET /BLA/resoluciones/AUTOS%202010/3721.pdf HTTP/1.1" 200 167171
188.165.15.95 - - [10/Dec/2015:01:05:04 -0500] "GET /BLA/resoluciones/index.php?dir=RESOLUCIONES%202005/RES%202005%20701-750/&sort=size&order=desc HTTP/1.1" 200 12246
152.201.167.78 - - [10/Dec/2015:01:05:11 -0500] "GET /galeria/galeria/fotos/juan-amarillo4G.jpg HTTP/1.1" 200 202445
152.201.167.78 - - [10/Dec/2015:01:05:49 -0500] "GET /galeria/galeria/fotos/MeandrodelSay2G.jpg HTTP/1.1" 200 321492
186.85.90.90 - - [10/Dec/2015:01:06:05 -0500] "POST /forms/lservlet;jsessionid=ac16012b30d7848d652c5e10464b90ebf347cb1a44d6.e3iSbxaKaheRe38KbN0Rb34Mc3j0n6jAmljGr5XDqQLvpAe HTTP/1.1" 200 2
152.201.167.78 - - [10/Dec/2015:01:06:20 -0500] "GET /galeria/galeria/fotos/juan-amarillo3G.jpg HTTP/1.1" 200 328975
152.201.167.78 - - [10/Dec/2015:01:06:41 -0500] "GET /galeria/galeria/fotos/MeandrodelSay3g.jpg HTTP/1.1" 200 365658
66.249.64.243 - - [10/Dec/2015:01:06:50 -0500] "GET /actualizaciones/legisla/Dc159484.htm HTTP/1.1" 404 1019
66.249.64.96 - - [10/Dec/2015:01:06:52 -0500] "GET /BLA/resoluciones/RESOLUCIONES%202008/0079.pdf HTTP/1.1" 200 328554
188.165.15.95 - - [10/Dec/2015:01:06:57 -0500] "GET /BLA/resoluciones/RESOLUCIONES%202004/RES%202004%201701-1750/00001745.tif HTTP/1.1" 200 145766
69.162.124.233 - - [10/Dec/2015:01:08:01 -0500] "HEAD / HTTP/1.1" 200 -
66.249.64.96 - - [10/Dec/2015:01:08:04 -0500] "GET /BLA/resoluciones/RESOLUCIONES%202011/0556.pdf HTTP/1.1" 200 89085
186.85.90.90 - - [10/Dec/2015:01:08:05 -0500] "POST /forms/lservlet;jsessionid=ac16012b30d7848d652c5e10464b90ebf347cb1a44d6.e3iSbxaKaheRe38KbN0Rb34Mc3j0n6jAmljGr5XDqQLvpAe HTTP/1.1" 200 2
186.155.19.52 - - [10/Dec/2015:01:08:17 -0500] "GET /BLA/boletinlegal/actos.php HTTP/1.1" 200 7620
186.155.19.52 - - [10/Dec/2015:01:08:17 -0500] "GET /BLA/boletinlegal/styles2.css HTTP/1.1" 200 1838
186.155.19.52 - - [10/Dec/2015:01:08:17 -0500] "GET /BLA/boletinlegal/style.css HTTP/1.1" 200 9406
186.155.19.52 - - [10/Dec/2015:01:08:17 -0500] "GET /BLA/boletinlegal/niceforms-default.css HTTP/1.1" 200 6694
186.155.19.52 - - [10/Dec/2015:01:08:17 -0500] "GET /BLA/boletinlegal/js/ajax_actos.js HTTP/1.1" 200 1322
186.155.19.52 - - [10/Dec/2015:01:08:17 -0500] "GET /BLA/boletinlegal/niceforms.js HTTP/1.1" 200 22876
186.155.19.52 - - [10/Dec/2015:01:08:17 -0500] "GET /BLA/boletinlegal/js/popup.js HTTP/1.1" 200 1270
186.155.19.52 - - [10/Dec/2015:01:08:17 -0500] "GET /BLA/boletinlegal/js/lib.js HTTP/1.1" 200 6474
186.155.19.52 - - [10/Dec/2015:01:08:17 -0500] "GET /BLA/boletinlegal/js/jquery1.js HTTP/1.1" 200 29846
186.155.19.52 - - [10/Dec/2015:01:08:18 -0500] "GET /BLA/boletinlegal/images/cabezote%20BLEGAL.jpg HTTP/1.1" 200 118164
186.155.19.52 - - [10/Dec/2015:01:08:18 -0500] "GET /BLA/boletinlegal/images/historia.png HTTP/1.1" 200 52775
186.155.19.52 - - [10/Dec/2015:01:08:18 -0500] "GET /BLA/boletinlegal/images/subscribe-icon-big.png HTTP/1.1" 200 47702
186.155.19.52 - - [10/Dec/2015:01:08:18 -0500] "GET /BLA/boletinlegal/images/green-yellow-blue-pink-th.png HTTP/1.1" 200 7394
186.155.19.52 - - [10/Dec/2015:01:08:18 -0500] "GET /BLA/boletinlegal/images/abajo.png HTTP/1.1" 200 96676
186.155.19.52 - - [10/Dec/2015:01:08:19 -0500] "GET /BLA/boletinlegal/images/body_bg.jpg HTTP/1.1" 200 1601
186.155.19.52 - - [10/Dec/2015:01:08:19 -0500] "GET /BLA/boletinlegal/images/menu_lft.gif HTTP/1.1" 200 1713
186.155.19.52 - - [10/Dec/2015:01:08:19 -0500] "GET /BLA/boletinlegal/images/menu_rght.gif HTTP/1.1" 200 1627
186.155.19.52 - - [10/Dec/2015:01:08:19 -0500] "GET /BLA/boletinlegal/images/bg_top.jpg HTTP/1.1" 200 522
186.155.19.52 - - [10/Dec/2015:01:08:19 -0500] "GET /BLA/boletinlegal/images/menu_bg.jpg HTTP/1.1" 200 620
186.155.19.52 - - [10/Dec/2015:01:08:19 -0500] "GET /BLA/boletinlegal/images/hover.jpg HTTP/1.1" 200 640
186.155.19.52 - - [10/Dec/2015:01:08:19 -0500] "GET /BLA/boletinlegal/images/footer_bg.jpg HTTP/1.1" 200 586
186.155.19.52 - - [10/Dec/2015:01:08:19 -0500] "GET /BLA/boletinlegal/images/footer_bg_l.jpg HTTP/1.1" 200 776
186.155.19.52 - - [10/Dec/2015:01:08:19 -0500] "GET /BLA/boletinlegal/images/text.jpg HTTP/1.1" 200 568
186.155.19.52 - - [10/Dec/2015:01:08:20 -0500] "GET /BLA/boletinlegal/img/button-right.png HTTP/1.1" 200 57878
186.155.19.52 - - [10/Dec/2015:01:08:20 -0500] "GET /BLA/boletinlegal/img/button.png HTTP/1.1" 200 43241
186.155.19.52 - - [10/Dec/2015:01:08:20 -0500] "GET /BLA/boletinlegal/img/button-left.png HTTP/1.1" 200 57071
186.155.19.52 - - [10/Dec/2015:01:08:20 -0500] "GET /BLA/boletinlegal/img/select-left.png HTTP/1.1" 200 263
186.155.19.52 - - [10/Dec/2015:01:08:20 -0500] "GET /BLA/boletinlegal/img/select-right.png HTTP/1.1" 200 44019
186.155.19.52 - - [10/Dec/2015:01:08:20 -0500] "GET /BLA/boletinlegal/img/0.png HTTP/1.1" 200 110
186.155.19.52 - - [10/Dec/2015:01:08:20 -0500] "GET /favicon.ico HTTP/1.1" 200 7782
188.165.15.95 - - [10/Dec/2015:01:08:27 -0500] "GET /BLA/resoluciones/AUTOS%202006/AUTOS%202006%201301-1400/00001388.tif HTTP/1.1" 200 62952
188.165.15.95 - - [10/Dec/2015:01:08:33 -0500] "GET /BLA/resoluciones/RESOLUCIONES%202002/RES%202002%20101-150/2002RES141.tif HTTP/1.1" 200 95160
188.165.15.95 - - [10/Dec/2015:01:09:21 -0500] "GET /BLA/resoluciones/RESOLUCIONES%202005/RES%202005%203101-3150/00003125.tif HTTP/1.1" 200 134750
66.249.64.106 - - [10/Dec/2015:01:09:22 -0500] "GET /BLA/resoluciones/RESOLUCIONES%202009/7131.pdf HTTP/1.1" 200 115156
188.165.15.95 - - [10/Dec/2015:01:09:23 -0500] "GET /BLA/resoluciones/RESOLUCIONES%202006/RES%202006%20501-550/00000525.tif HTTP/1.1" 200 142402
186.85.90.90 - - [10/Dec/2015:01:10:05 -0500] "POST /forms/lservlet;jsessionid=ac16012b30d7848d652c5e10464b90ebf347cb1a44d6.e3iSbxaKaheRe38KbN0Rb34Mc3j0n6jAmljGr5XDqQLvpAe HTTP/1.1" 200 2
152.61.192.232 - - [10/Dec/2015:01:10:13 -0500] "HEAD / HTTP/1.1" 200 -
152.61.192.232 - - [10/Dec/2015:01:10:13 -0500] "GET /arcgis/services/Calidad_del_Agua_WQI/MapServer/WMSServer?request=GetCapabilities&service=WMS HTTP/1.1" 503 1020
152.61.192.232 - - [10/Dec/2015:01:10:34 -0500] "GET /arcgis/services/Calidad_del_Agua_WQI/MapServer/WMSServer?SERVICE=WMS&REQUEST=GetCapabilities HTTP/1.1" 503 1020
152.61.192.232 - - [10/Dec/2015:01:10:34 -0500] "GET /arcgis/services/Calidad_del_Agua_WQI/MapServer/WMSServer?SERVICE=WMS&REQUEST=GetCapabilities HTTP/1.1" 503 1020
152.61.192.232 - - [10/Dec/2015:01:10:35 -0500] "GET /arcgis/services/Calidad_del_Agua_WQI/MapServer/WMSServer?SERVICE=WMS&REQUEST=GetCapabilities HTTP/1.1" 503 1020
152.61.192.232 - - [10/Dec/2015:01:10:35 -0500] "GET /arcgis/services/Calidad_del_Agua_WQI/MapServer/WMSServer?WMTVER=1.0.0&REQUEST=capabilities HTTP/1.1" 503 1020
152.61.192.232 - - [10/Dec/2015:01:10:35 -0500] "GET /arcgis/services/Calidad_del_Agua_WQI/MapServer/WMSServer?SERVICE=WMS&REQUEST=GetCapabilities HTTP/1.1" 503 1020
152.61.193.99 - - [10/Dec/2015:01:10:43 -0500] "HEAD / HTTP/1.1" 200 -
152.61.193.99 - - [10/Dec/2015:01:10:43 -0500] "GET /arcgis/services/Calidad_del_Agua_WQI/MapServer/WMSServer?request=GetCapabilities&service=WMS HTTP/1.1" 503 1020
152.61.193.99 - - [10/Dec/2015:01:10:43 -0500] "GET /arcgis/services/Calidad_del_Agua_WQI/MapServer/WMSServer?SERVICE=WMS&REQUEST=GetCapabilities HTTP/1.1" 503 1020
152.61.193.99 - - [10/Dec/2015:01:10:44 -0500] "GET /arcgis/services/Calidad_del_Agua_WQI/MapServer/WMSServer?SERVICE=WMS&REQUEST=GetCapabilities HTTP/1.1" 503 1020
152.61.193.99 - - [10/Dec/2015:01:10:44 -0500] "GET /arcgis/services/Calidad_del_Agua_WQI/MapServer/WMSServer?SERVICE=WMS&REQUEST=GetCapabilities HTTP/1.1" 503 1020
152.61.193.99 - - [10/Dec/2015:01:10:44 -0500] "GET /arcgis/services/Calidad_del_Agua_WQI/MapServer/WMSServer?WMTVER=1.0.0&REQUEST=capabilities HTTP/1.1" 503 1020
152.61.193.99 - - [10/Dec/2015:01:10:44 -0500] "GET /arcgis/services/Calidad_del_Agua_WQI/MapServer/WMSServer?SERVICE=WMS&REQUEST=GetCapabilities HTTP/1.1" 503 1020
181.56.101.109 - - [10/Dec/2015:01:10:49 -0500] "GET /galeria/galeria/fotos/Humedal-Tibanica1P.jpg HTTP/1.1" 200 26376
181.56.101.109 - - [10/Dec/2015:01:10:49 -0500] "GET /galeria/galeria/fotos/Humedal-Tibanica3P.jpg HTTP/1.1" 200 28016
181.56.101.109 - - [10/Dec/2015:01:10:49 -0500] "GET /galeria/galeria/fotos/Humedal-Tibanica4P.jpg HTTP/1.1" 200 26708
186.155.19.52 - - [10/Dec/2015:01:11:43 -0500] "GET /videos/ArchivoSDA.flv HTTP/1.1" 200 31205279
188.165.15.95 - - [10/Dec/2015:01:11:47 -0500] "GET /BLA/resoluciones/RESOLUCIONES%202004/RES%202004%20851-900/00000856.tif HTTP/1.1" 200 85220
66.249.64.101 - - [10/Dec/2015:01:11:52 -0500] "GET /BLA/resoluciones/AUTOS%202014/0492.pdf HTTP/1.1" 200 818475
186.85.90.90 - - [10/Dec/2015:01:12:05 -0500] "POST /forms/lservlet;jsessionid=ac16012b30d7848d652c5e10464b90ebf347cb1a44d6.e3iSbxaKaheRe38KbN0Rb34Mc3j0n6jAmljGr5XDqQLvpAe HTTP/1.1" 200 2
186.179.97.238 - - [10/Dec/2015:01:12:10 -0500] "GET /BLA/boletinlegal/js/jquery.scrollShow.js HTTP/1.1" 200 4586
186.179.97.238 - - [10/Dec/2015:01:12:11 -0500] "GET /galeria/galeria/jquery.fancybox.js?v=2.1.5 HTTP/1.1" 200 48706
186.179.97.238 - - [10/Dec/2015:01:12:11 -0500] "GET /galeria/galeria/jquery.fancybox.css?v=2.1.5 HTTP/1.1" 200 4895
186.179.97.238 - - [10/Dec/2015:01:12:32 -0500] "GET /BLA/boletinlegal/js/jquery.scrollShow.js HTTP/1.1" 200 4586
186.179.97.238 - - [10/Dec/2015:01:12:33 -0500] "GET /galeria/galeria/jquery.fancybox.js?v=2.1.5 HTTP/1.1" 200 48706
186.179.97.238 - - [10/Dec/2015:01:12:33 -0500] "GET /galeria/galeria/jquery.fancybox.css?v=2.1.5 HTTP/1.1" 200 4895
69.162.124.233 - - [10/Dec/2015:01:13:01 -0500] "HEAD / HTTP/1.1" 200 -
152.61.128.66 - - [10/Dec/2015:01:13:54 -0500] "HEAD / HTTP/1.1" 200 -
186.85.90.90 - - [10/Dec/2015:01:14:05 -0500] "POST /forms/lservlet;jsessionid=ac16012b30d7848d652c5e10464b90ebf347cb1a44d6.e3iSbxaKaheRe38KbN0Rb34Mc3j0n6jAmljGr5XDqQLvpAe HTTP/1.1" 200 2
152.61.128.66 - - [10/Dec/2015:01:13:54 -0500] "GET /arcgis/services/Calidad_del_Agua_WQI/MapServer/WMSServer?request=GetCapabilities&service=WMS HTTP/1.1" 503 1020
152.61.128.66 - - [10/Dec/2015:01:14:15 -0500] "GET /arcgis/services/Calidad_del_Agua_WQI/MapServer/WMSServer?SERVICE=WMS&REQUEST=GetCapabilities HTTP/1.1" 503 1020
152.61.128.66 - - [10/Dec/2015:01:14:15 -0500] "GET /arcgis/services/Calidad_del_Agua_WQI/MapServer/WMSServer?SERVICE=WMS&REQUEST=GetCapabilities HTTP/1.1" 503 1020
152.61.128.66 - - [10/Dec/2015:01:14:16 -0500] "GET /arcgis/services/Calidad_del_Agua_WQI/MapServer/WMSServer?SERVICE=WMS&REQUEST=GetCapabilities HTTP/1.1" 503 1020
152.61.128.66 - - [10/Dec/2015:01:14:16 -0500] "GET /arcgis/services/Calidad_del_Agua_WQI/MapServer/WMSServer?WMTVER=1.0.0&REQUEST=capabilities HTTP/1.1" 503 1020
152.61.128.66 - - [10/Dec/2015:01:14:16 -0500] "GET /arcgis/services/Calidad_del_Agua_WQI/MapServer/WMSServer?SERVICE=WMS&REQUEST=GetCapabilities HTTP/1.1" 503 1020
66.249.64.101 - - [10/Dec/2015:01:14:22 -0500] "GET /galeria/nivo-slider/demo/images/ HTTP/1.1" 200 186881
188.165.15.95 - - [10/Dec/2015:01:15:30 -0500] "GET /BLA/resoluciones/RESOLUCIONES%202005/RES%202005%201351-1400/00001361.tif HTTP/1.1" 200 38990
186.85.90.90 - - [10/Dec/2015:01:16:06 -0500] "POST /forms/lservlet;jsessionid=ac16012b30d7848d652c5e10464b90ebf347cb1a44d6.e3iSbxaKaheRe38KbN0Rb34Mc3j0n6jAmljGr5XDqQLvpAe HTTP/1.1" 200 2
66.249.64.101 - - [10/Dec/2015:01:16:52 -0500] "GET /BLA/resoluciones/AUTOS%202013/3342.pdf HTTP/1.1" 200 845092
152.61.128.66 - - [10/Dec/2015:01:17:21 -0500] "HEAD / HTTP/1.1" 200 -
152.61.128.66 - - [10/Dec/2015:01:17:21 -0500] "GET /arcgis/services/Calidad_del_Agua_WQI/MapServer/WMSServer?SERVICE=WMS&REQUEST=GetCapabilities HTTP/1.1" 503 1020
152.61.128.66 - - [10/Dec/2015:01:17:43 -0500] "GET /arcgis/services/Calidad_del_Agua_WQI/MapServer/WMSServer?SERVICE=WMS&REQUEST=GetCapabilities HTTP/1.1" 503 1020
152.61.128.66 - - [10/Dec/2015:01:17:43 -0500] "GET /arcgis/services/Calidad_del_Agua_WQI/MapServer/WMSServer?SERVICE=WMS&REQUEST=GetCapabilities HTTP/1.1" 503 1020
152.61.128.66 - - [10/Dec/2015:01:17:43 -0500] "GET /arcgis/services/Calidad_del_Agua_WQI/MapServer/WMSServer?WMTVER=1.0.0&REQUEST=capabilities HTTP/1.1" 503 1020
152.61.128.66 - - [10/Dec/2015:01:17:43 -0500] "GET /arcgis/services/Calidad_del_Agua_WQI/MapServer/WMSServer?SERVICE=WMS&REQUEST=GetCapabilities HTTP/1.1" 503 1020
69.162.124.233 - - [10/Dec/2015:01:18:01 -0500] "HEAD / HTTP/1.1" 200 -
186.85.90.90 - - [10/Dec/2015:01:18:06 -0500] "POST /forms/lservlet;jsessionid=ac16012b30d7848d652c5e10464b90ebf347cb1a44d6.e3iSbxaKaheRe38KbN0Rb34Mc3j0n6jAmljGr5XDqQLvpAe HTTP/1.1" 200 2
188.165.15.95 - - [10/Dec/2015:01:18:36 -0500] "GET /BLA/resoluciones/index.php?dir=RESOLUCIONES%202005/RES%202005%20%201601-1650/&sort=size&order=desc HTTP/1.1" 200 12425
66.249.64.101 - - [10/Dec/2015:01:19:22 -0500] "GET /BLA/resoluciones/AUTOS%202013/2348.pdf HTTP/1.1" 200 782704
186.85.90.90 - - [10/Dec/2015:01:20:06 -0500] "POST /forms/lservlet;jsessionid=ac16012b30d7848d652c5e10464b90ebf347cb1a44d6.e3iSbxaKaheRe38KbN0Rb34Mc3j0n6jAmljGr5XDqQLvpAe HTTP/1.1" 200 2
188.165.15.95 - - [10/Dec/2015:01:20:17 -0500] "GET /BLA/resoluciones/RESOLUCIONES%202005/RES%202005%20651-700/00000690.tif HTTP/1.1" 200 37696
24.87.47.136 - - [10/Dec/2015:01:20:40 -0500] "GET /galeria/galeria/jquery.fancybox.js?v=2.1.5 HTTP/1.1" 200 48706
24.87.47.136 - - [10/Dec/2015:01:20:40 -0500] "GET /BLA/boletinlegal/js/jquery.scrollShow.js HTTP/1.1" 200 4586
24.87.47.136 - - [10/Dec/2015:01:20:40 -0500] "GET /galeria/galeria/jquery.fancybox.css?v=2.1.5 HTTP/1.1" 200 4895
24.87.47.136 - - [10/Dec/2015:01:20:48 -0500] "GET /BLA/boletinlegal/js/jquery.scrollShow.js HTTP/1.1" 200 4586
24.87.47.136 - - [10/Dec/2015:01:20:48 -0500] "GET /galeria/galeria/jquery.fancybox.js?v=2.1.5 HTTP/1.1" 200 48706
24.87.47.136 - - [10/Dec/2015:01:20:49 -0500] "GET /galeria/galeria/jquery.fancybox.css?v=2.1.5 HTTP/1.1" 200 4895
181.56.101.109 - - [10/Dec/2015:01:21:50 -0500] "GET /galeria/galeria/fotos/Humedal-la-Isla1P.jpg HTTP/1.1" 200 14011
181.56.101.109 - - [10/Dec/2015:01:21:50 -0500] "GET /galeria/galeria/fotos/Humedal-la-Isla2P.jpg HTTP/1.1" 200 13603
181.56.101.109 - - [10/Dec/2015:01:21:50 -0500] "GET /galeria/galeria/fotos/Humedal-la-Isla3P.jpg HTTP/1.1" 200 13889
181.56.101.109 - - [10/Dec/2015:01:21:50 -0500] "GET /galeria/galeria/fotos/Humedal-la-Isla4P.jpg HTTP/1.1" 200 13949
66.249.64.101 - - [10/Dec/2015:01:21:52 -0500] "GET /BLA/resoluciones/AUTOS%202007/3711.pdf HTTP/1.1" 200 74941
186.85.90.90 - - [10/Dec/2015:01:22:06 -0500] "POST /forms/lservlet;jsessionid=ac16012b30d7848d652c5e10464b90ebf347cb1a44d6.e3iSbxaKaheRe38KbN0Rb34Mc3j0n6jAmljGr5XDqQLvpAe HTTP/1.1" 200 2
69.162.124.233 - - [10/Dec/2015:01:23:01 -0500] "HEAD / HTTP/1.1" 200 -
201.234.75.11 - - [10/Dec/2015:01:23:44 -0500] "GET /galeria/nivo-slider/demo/images/Banner-cursos.jpg HTTP/1.1" 304 -
186.85.90.90 - - [10/Dec/2015:01:24:06 -0500] "POST /forms/lservlet;jsessionid=ac16012b30d7848d652c5e10464b90ebf347cb1a44d6.e3iSbxaKaheRe38KbN0Rb34Mc3j0n6jAmljGr5XDqQLvpAe HTTP/1.1" 200 2
157.55.39.242 - - [10/Dec/2015:01:24:20 -0500] "GET /robots.txt HTTP/1.1" 404 1019
66.249.64.96 - - [10/Dec/2015:01:24:22 -0500] "GET /BLA/resoluciones/AUTOS%202007/1891.pdf HTTP/1.1" 200 124700
157.55.39.242 - - [10/Dec/2015:01:24:29 -0500] "GET /BLA/boletinlegal/actas/acta%20de%20acuerdo%2002%20adop%20regla%20inter%20mesa%20salud%20ambie.pdf HTTP/1.1" 200 479782
66.249.64.101 - - [10/Dec/2015:01:24:52 -0500] "GET /BLA/resoluciones/RESOLUCIONES%202006/RES%202006%20401-450/00000444.tif HTTP/1.1" 200 126380
186.85.90.90 - - [10/Dec/2015:01:26:06 -0500] "POST /forms/lservlet;jsessionid=ac16012b30d7848d652c5e10464b90ebf347cb1a44d6.e3iSbxaKaheRe38KbN0Rb34Mc3j0n6jAmljGr5XDqQLvpAe HTTP/1.1" 200 2
188.165.15.95 - - [10/Dec/2015:01:26:43 -0500] "GET /BLA/resoluciones/RESOLUCIONES%202006/RES%202006%202601-2650/00002626.tif HTTP/1.1" 200 146204
66.249.64.96 - - [10/Dec/2015:01:26:52 -0500] "GET /BLA/resoluciones/RESOLUCIONES%202009/1182.pdf HTTP/1.1" 200 215192
188.165.15.95 - - [10/Dec/2015:01:27:06 -0500] "GET /BLA/resoluciones/RESOLUCIONES%202003/RES%202003%20251-300/296.tif HTTP/1.1" 200 160672
