104.148.44.191 - - [10/Dec/2015:01:27:25 -0500] "GET http://www.baidu.com/ HTTP/1.1" 200 10190
104.148.44.191 - - [10/Dec/2015:01:27:25 -0500] "CONNECT www.alipay.com:443 HTTP/1.1" 405 942
104.148.44.191 - - [10/Dec/2015:01:27:26 -0500] "\x80\x98\x01\x03\x01" 400 291
69.162.124.233 - - [10/Dec/2015:01:28:01 -0500] "HEAD / HTTP/1.1" 200 -
186.85.90.90 - - [10/Dec/2015:01:28:07 -0500] "POST /forms/lservlet;jsessionid=ac16012b30d7848d652c5e10464b90ebf347cb1a44d6.e3iSbxaKaheRe38KbN0Rb34Mc3j0n6jAmljGr5XDqQLvpAe HTTP/1.1" 200 2
188.165.15.95 - - [10/Dec/2015:01:28:21 -0500] "GET /BLA/resoluciones/RESOLUCIONES%202006/RES%202006%202451-2500/00002466.tif HTTP/1.1" 200 93682
188.165.15.95 - - [10/Dec/2015:01:28:39 -0500] "GET /BLA/resoluciones/RESOLUCIONES%202003/RES%202003%20101-150/2003RES123.tif HTTP/1.1" 200 228564
66.249.64.101 - - [10/Dec/2015:01:29:22 -0500] "GET /BLA/resoluciones/RESOLUCIONES%202014/3653.pdf HTTP/1.1" 304 -
186.85.90.90 - - [10/Dec/2015:01:30:07 -0500] "POST /forms/lservlet;jsessionid=ac16012b30d7848d652c5e10464b90ebf347cb1a44d6.e3iSbxaKaheRe38KbN0Rb34Mc3j0n6jAmljGr5XDqQLvpAe HTTP/1.1" 200 2
66.249.64.106 - - [10/Dec/2015:01:31:52 -0500] "GET /BLA/resoluciones/AUTOS%202011/1743.pdf HTTP/1.1" 200 160744
186.85.90.90 - - [10/Dec/2015:01:32:07 -0500] "POST /forms/lservlet;jsessionid=ac16012b30d7848d652c5e10464b90ebf347cb1a44d6.e3iSbxaKaheRe38KbN0Rb34Mc3j0n6jAmljGr5XDqQLvpAe HTTP/1.1" 200 2
69.162.124.233 - - [10/Dec/2015:01:33:01 -0500] "HEAD / HTTP/1.1" 200 -
188.165.15.95 - - [10/Dec/2015:01:33:17 -0500] "GET /BLA/resoluciones/AUTOS%202006/AUTOS%202006%202801%20-%202900/00002885.tif HTTP/1.1" 200 75714
186.85.90.90 - - [10/Dec/2015:01:34:07 -0500] "POST /forms/lservlet;jsessionid=ac16012b30d7848d652c5e10464b90ebf347cb1a44d6.e3iSbxaKaheRe38KbN0Rb34Mc3j0n6jAmljGr5XDqQLvpAe HTTP/1.1" 200 2
66.249.64.101 - - [10/Dec/2015:01:34:22 -0500] "GET /sig/Gesti%C3%B3n%20Talento%20Humano/126PA01-PR10.pdf HTTP/1.1" 200 148259
191.102.216.34 - - [10/Dec/2015:01:36:05 -0500] "GET /galeria/galeria/jquery.fancybox.css?v=2.1.5 HTTP/1.1" 200 4895
191.102.216.34 - - [10/Dec/2015:01:36:05 -0500] "GET /BLA/boletinlegal/js/jquery.scrollShow.js HTTP/1.1" 200 4586
191.102.216.34 - - [10/Dec/2015:01:36:06 -0500] "GET /galeria/galeria/jquery.fancybox.js?v=2.1.5 HTTP/1.1" 200 48706
186.85.90.90 - - [10/Dec/2015:01:36:07 -0500] "POST /forms/lservlet;jsessionid=ac16012b30d7848d652c5e10464b90ebf347cb1a44d6.e3iSbxaKaheRe38KbN0Rb34Mc3j0n6jAmljGr5XDqQLvpAe HTTP/1.1" 200 2
152.61.193.99 - - [10/Dec/2015:01:36:47 -0500] "HEAD / HTTP/1.1" 200 -
66.249.64.101 - - [10/Dec/2015:01:36:52 -0500] "GET /BLA/resoluciones/RESOLUCIONES%202009/8701.pdf HTTP/1.1" 200 623922
152.61.193.99 - - [10/Dec/2015:01:36:48 -0500] "GET /arcgis/services/Calidad_del_Agua_WQI/MapServer/WMSServer?SERVICE=WMS&REQUEST=GetCapabilities HTTP/1.1" 503 1020
152.61.193.99 - - [10/Dec/2015:01:37:09 -0500] "GET /arcgis/services/Calidad_del_Agua_WQI/MapServer/WMSServer?SERVICE=WMS&REQUEST=GetCapabilities HTTP/1.1" 503 1020
152.61.193.99 - - [10/Dec/2015:01:37:09 -0500] "GET /arcgis/services/Calidad_del_Agua_WQI/MapServer/WMSServer?SERVICE=WMS&REQUEST=GetCapabilities HTTP/1.1" 503 1020
152.61.193.99 - - [10/Dec/2015:01:37:09 -0500] "GET /arcgis/services/Calidad_del_Agua_WQI/MapServer/WMSServer?WMTVER=1.0.0&REQUEST=capabilities HTTP/1.1" 503 1020
152.61.193.99 - - [10/Dec/2015:01:37:09 -0500] "GET /arcgis/services/Calidad_del_Agua_WQI/MapServer/WMSServer?SERVICE=WMS&REQUEST=GetCapabilities HTTP/1.1" 503 1020
69.162.124.233 - - [10/Dec/2015:01:38:01 -0500] "HEAD / HTTP/1.1" 200 -
181.58.27.86 - - [10/Dec/2015:01:38:06 -0500] "-" 408 -
181.58.27.86 - - [10/Dec/2015:01:38:06 -0500] "-" 408 -
181.58.27.86 - - [10/Dec/2015:01:38:06 -0500] "-" 408 -
181.58.27.86 - - [10/Dec/2015:01:38:06 -0500] "-" 408 -
186.85.90.90 - - [10/Dec/2015:01:38:07 -0500] "POST /forms/lservlet;jsessionid=ac16012b30d7848d652c5e10464b90ebf347cb1a44d6.e3iSbxaKaheRe38KbN0Rb34Mc3j0n6jAmljGr5XDqQLvpAe HTTP/1.1" 200 2
66.249.64.96 - - [10/Dec/2015:01:39:22 -0500] "GET /BLA/resoluciones/RESOLUCIONES%202007/RES%202007%202001%20AL%202100/RESOLUCION%202057%20DE%202007.pdf HTTP/1.1" 200 6515767
186.85.90.90 - - [10/Dec/2015:01:40:07 -0500] "POST /forms/lservlet;jsessionid=ac16012b30d7848d652c5e10464b90ebf347cb1a44d6.e3iSbxaKaheRe38KbN0Rb34Mc3j0n6jAmljGr5XDqQLvpAe HTTP/1.1" 200 2
188.165.15.95 - - [10/Dec/2015:01:40:48 -0500] "GET /BLA/resoluciones/RESOLUCIONES%202005/RES%202005%203151-3180/00003175.tif HTTP/1.1" 200 195164
66.249.64.96 - - [10/Dec/2015:01:41:52 -0500] "GET /BLA/resoluciones/Notificaciones/AUTOS%202014/3585.doc HTTP/1.1" 200 111616
188.165.15.95 - - [10/Dec/2015:01:41:54 -0500] "GET /BLA/resoluciones/RESOLUCIONES%202006/RES%202006%202751-2800/00002774.tif HTTP/1.1" 200 212238
68.180.230.190 - - [10/Dec/2015:01:42:01 -0500] "GET /BLA/boletinlegal/Circulares/2011/Circular%20No.%206%20del%2029%20de%20Julio%20de%202011.pdf HTTP/1.1" 304 -
186.85.90.90 - - [10/Dec/2015:01:42:07 -0500] "POST /forms/lservlet;jsessionid=ac16012b30d7848d652c5e10464b90ebf347cb1a44d6.e3iSbxaKaheRe38KbN0Rb34Mc3j0n6jAmljGr5XDqQLvpAe HTTP/1.1" 200 2
69.162.124.233 - - [10/Dec/2015:01:43:01 -0500] "HEAD / HTTP/1.1" 200 -
152.61.192.232 - - [10/Dec/2015:01:43:10 -0500] "HEAD / HTTP/1.1" 200 -
152.61.192.232 - - [10/Dec/2015:01:43:11 -0500] "GET /arcgis/services/Calidad_del_Agua_WQI/MapServer/WMSServer?SERVICE=WMS&REQUEST=GetCapabilities HTTP/1.1" 503 1020
152.61.192.232 - - [10/Dec/2015:01:43:32 -0500] "GET /arcgis/services/Calidad_del_Agua_WQI/MapServer/WMSServer?SERVICE=WMS&REQUEST=GetCapabilities HTTP/1.1" 503 1020
152.61.192.232 - - [10/Dec/2015:01:43:32 -0500] "GET /arcgis/services/Calidad_del_Agua_WQI/MapServer/WMSServer?SERVICE=WMS&REQUEST=GetCapabilities HTTP/1.1" 503 1020
152.61.192.232 - - [10/Dec/2015:01:43:32 -0500] "GET /arcgis/services/Calidad_del_Agua_WQI/MapServer/WMSServer?WMTVER=1.0.0&REQUEST=capabilities HTTP/1.1" 503 1020
152.61.192.232 - - [10/Dec/2015:01:43:33 -0500] "GET /arcgis/services/Calidad_del_Agua_WQI/MapServer/WMSServer?SERVICE=WMS&REQUEST=GetCapabilities HTTP/1.1" 503 1020
188.165.15.95 - - [10/Dec/2015:01:43:43 -0500] "GET /BLA/resoluciones/RESOLUCIONES%202006/RES%202006%20%202951-3000/00002964.tif HTTP/1.1" 200 37084
186.85.90.90 - - [10/Dec/2015:01:44:07 -0500] "POST /forms/lservlet;jsessionid=ac16012b30d7848d652c5e10464b90ebf347cb1a44d6.e3iSbxaKaheRe38KbN0Rb34Mc3j0n6jAmljGr5XDqQLvpAe HTTP/1.1" 200 2
66.249.64.106 - - [10/Dec/2015:01:44:16 -0500] "GET /BLA/resoluciones/RESOLUCIONES%202002/RES%202002%20951-1000/00000974.tif HTTP/1.1" 200 43478
66.249.64.101 - - [10/Dec/2015:01:44:22 -0500] "GET /BLA/resoluciones/RESOLUCIONES%202009/7794.pdf HTTP/1.1" 200 496333
181.51.144.210 - - [10/Dec/2015:01:44:50 -0500] "GET /galeria/galeria/jquery.fancybox.css?v=2.1.5 HTTP/1.1" 200 4895
181.51.144.210 - - [10/Dec/2015:01:44:50 -0500] "GET /BLA/boletinlegal/js/jquery.scrollShow.js HTTP/1.1" 200 4586
181.51.144.210 - - [10/Dec/2015:01:44:50 -0500] "GET /galeria/galeria/jquery.fancybox.js?v=2.1.5 HTTP/1.1" 200 48706
188.165.15.95 - - [10/Dec/2015:01:45:25 -0500] "GET /BLA/resoluciones/RESOLUCIONES%202006/RES%202006%201201-1250/00001241.tif HTTP/1.1" 200 123512
188.165.15.95 - - [10/Dec/2015:01:45:41 -0500] "GET /BLA/resoluciones/RESOLUCIONES%202005/RES%202005%202951-3000/00002983.tif HTTP/1.1" 200 54300
186.85.90.90 - - [10/Dec/2015:01:46:07 -0500] "POST /forms/lservlet;jsessionid=ac16012b30d7848d652c5e10464b90ebf347cb1a44d6.e3iSbxaKaheRe38KbN0Rb34Mc3j0n6jAmljGr5XDqQLvpAe HTTP/1.1" 200 2
188.165.15.95 - - [10/Dec/2015:01:46:26 -0500] "GET /BLA/resoluciones/AUTOS%202006/AUTOS%202006%201601%20-%201700/00001691.tif HTTP/1.1" 200 299764
66.249.64.101 - - [10/Dec/2015:01:46:52 -0500] "GET /BLA/resoluciones/RESOLUCIONES%202014/0740.pdf HTTP/1.1" 200 576847
65.55.211.243 - - [10/Dec/2015:01:46:59 -0500] "GET /BLA/boletinlegal/js/jquery.scrollShow.js HTTP/1.1" 200 4586
65.55.211.243 - - [10/Dec/2015:01:46:59 -0500] "GET /galeria/galeria/jquery.fancybox.css?v=2.1.5 HTTP/1.1" 200 4895
131.253.26.228 - - [10/Dec/2015:01:46:59 -0500] "GET /galeria/galeria/jquery.fancybox.js?v=2.1.5 HTTP/1.1" 200 48706
131.253.26.248 - - [10/Dec/2015:01:47:20 -0500] "GET /galeria/galeria/jquery.fancybox.js?v=2.1.5 HTTP/1.1" 200 48706
65.55.212.72 - - [10/Dec/2015:01:47:20 -0500] "GET /BLA/boletinlegal/js/jquery.scrollShow.js HTTP/1.1" 200 4586
65.55.212.72 - - [10/Dec/2015:01:47:20 -0500] "GET /galeria/galeria/jquery.fancybox.css?v=2.1.5 HTTP/1.1" 200 4895
69.162.124.233 - - [10/Dec/2015:01:48:01 -0500] "HEAD / HTTP/1.1" 200 -
186.85.90.90 - - [10/Dec/2015:01:48:07 -0500] "POST /forms/lservlet;jsessionid=ac16012b30d7848d652c5e10464b90ebf347cb1a44d6.e3iSbxaKaheRe38KbN0Rb34Mc3j0n6jAmljGr5XDqQLvpAe HTTP/1.1" 200 2
186.86.232.132 - - [10/Dec/2015:01:48:42 -0500] "GET /galeria/galeria/jquery.fancybox.css?v=2.1.5 HTTP/1.1" 200 4895
186.86.232.132 - - [10/Dec/2015:01:48:42 -0500] "GET /BLA/boletinlegal/js/jquery.scrollShow.js HTTP/1.1" 200 4586
186.86.232.132 - - [10/Dec/2015:01:48:42 -0500] "GET /galeria/galeria/jquery.fancybox.js?v=2.1.5 HTTP/1.1" 200 48706
186.86.232.132 - - [10/Dec/2015:01:48:48 -0500] "GET /BLA/boletinlegal/js/jquery.scrollShow.js HTTP/1.1" 304 -
186.86.232.132 - - [10/Dec/2015:01:48:48 -0500] "GET /galeria/galeria/jquery.fancybox.js?v=2.1.5 HTTP/1.1" 304 -
186.86.232.132 - - [10/Dec/2015:01:48:48 -0500] "GET /galeria/galeria/jquery.fancybox.css?v=2.1.5 HTTP/1.1" 304 -
66.249.64.101 - - [10/Dec/2015:01:49:16 -0500] "GET /BLA/resoluciones/RESOLUCIONES%202006/RES%202006%20401-450/00000410.tif HTTP/1.1" 200 260608
66.249.64.101 - - [10/Dec/2015:01:49:22 -0500] "GET /BLA/resoluciones/RESOLUCIONES%202010/1070.pdf HTTP/1.1" 200 115578
186.85.90.90 - - [10/Dec/2015:01:50:07 -0500] "POST /forms/lservlet;jsessionid=ac16012b30d7848d652c5e10464b90ebf347cb1a44d6.e3iSbxaKaheRe38KbN0Rb34Mc3j0n6jAmljGr5XDqQLvpAe HTTP/1.1" 200 2
186.85.90.90 - - [10/Dec/2015:01:52:07 -0500] "POST /forms/lservlet;jsessionid=ac16012b30d7848d652c5e10464b90ebf347cb1a44d6.e3iSbxaKaheRe38KbN0Rb34Mc3j0n6jAmljGr5XDqQLvpAe HTTP/1.1" 200 2
181.142.146.101 - - [10/Dec/2015:01:52:28 -0500] "GET /galeria/galeria/jquery.fancybox.css?v=2.1.5 HTTP/1.1" 200 4895
181.142.146.101 - - [10/Dec/2015:01:52:42 -0500] "GET /BLA/boletinlegal/style.css HTTP/1.1" 200 9406
181.142.146.101 - - [10/Dec/2015:01:52:42 -0500] "GET /BLA/boletinlegal/styles2.css HTTP/1.1" 200 1838
181.142.146.101 - - [10/Dec/2015:01:52:42 -0500] "GET /BLA/boletinlegal/js/jquery.scrollTo-min.js HTTP/1.1" 200 1150
181.142.146.101 - - [10/Dec/2015:01:52:42 -0500] "GET /BLA/boletinlegal/js/jquery.js HTTP/1.1" 200 57254
181.142.146.101 - - [10/Dec/2015:01:52:42 -0500] "GET /BLA/boletinlegal/images/cabezote%20BLEGAL.jpg HTTP/1.1" 200 118164
181.142.146.101 - - [10/Dec/2015:01:52:42 -0500] "GET /BLA/boletinlegal/images/nuevo.gif HTTP/1.1" 200 26475
181.142.146.101 - - [10/Dec/2015:01:52:42 -0500] "GET /BLA/boletinlegal/images/historia.png HTTP/1.1" 200 52775
181.142.146.101 - - [10/Dec/2015:01:52:42 -0500] "GET /BLA/boletinlegal/images/subscribe-icon-big.png HTTP/1.1" 200 47702
181.142.146.101 - - [10/Dec/2015:01:52:42 -0500] "GET /BLA/boletinlegal/images/arr_l.jpg HTTP/1.1" 200 1979
181.142.146.101 - - [10/Dec/2015:01:52:42 -0500] "GET /BLA/boletinlegal/images/body_bg.jpg HTTP/1.1" 200 1601
181.142.146.101 - - [10/Dec/2015:01:52:42 -0500] "GET /BLA/boletinlegal/images/menu_rght.gif HTTP/1.1" 200 1627
181.142.146.101 - - [10/Dec/2015:01:52:42 -0500] "GET /BLA/boletinlegal/images/menu_lft.gif HTTP/1.1" 200 1713
181.142.146.101 - - [10/Dec/2015:01:52:43 -0500] "GET /BLA/boletinlegal/images/bg_top.jpg HTTP/1.1" 200 522
181.142.146.101 - - [10/Dec/2015:01:52:43 -0500] "GET /BLA/boletinlegal/images/screen_2.png HTTP/1.1" 200 362502
181.142.146.101 - - [10/Dec/2015:01:52:43 -0500] "GET /BLA/boletinlegal/images/screen_1.png HTTP/1.1" 200 202547
181.142.146.101 - - [10/Dec/2015:01:52:43 -0500] "GET /BLA/boletinlegal/images/menu_bg.jpg HTTP/1.1" 200 620
181.142.146.101 - - [10/Dec/2015:01:52:43 -0500] "GET /BLA/boletinlegal/images/text.jpg HTTP/1.1" 200 568
181.142.146.101 - - [10/Dec/2015:01:52:43 -0500] "GET /BLA/boletinlegal/images/hover.jpg HTTP/1.1" 200 640
181.142.146.101 - - [10/Dec/2015:01:52:43 -0500] "GET /BLA/boletinlegal/images/launch.jpg HTTP/1.1" 200 14577
181.142.146.101 - - [10/Dec/2015:01:52:48 -0500] "GET /BLA/boletinlegal/images/screen_3.png HTTP/1.1" 200 210620
181.142.146.101 - - [10/Dec/2015:01:52:48 -0500] "GET /BLA/boletinlegal/images/arr_r.jpg HTTP/1.1" 200 1998
181.142.146.101 - - [10/Dec/2015:01:52:48 -0500] "GET /BLA/boletinlegal/images/screen_5.png HTTP/1.1" 200 368876
181.142.146.101 - - [10/Dec/2015:01:52:48 -0500] "GET /BLA/boletinlegal/images/pdf.gif HTTP/1.1" 200 567
181.142.146.101 - - [10/Dec/2015:01:52:48 -0500] "GET /BLA/boletinlegal/images/footer_bg.jpg HTTP/1.1" 200 586
181.142.146.101 - - [10/Dec/2015:01:52:49 -0500] "GET /BLA/boletinlegal/actos.php HTTP/1.1" 200 7620
181.142.146.101 - - [10/Dec/2015:01:52:49 -0500] "GET /BLA/boletinlegal/niceforms-default.css HTTP/1.1" 200 6694
181.142.146.101 - - [10/Dec/2015:01:52:49 -0500] "GET /BLA/boletinlegal/niceforms.js HTTP/1.1" 200 22876
181.142.146.101 - - [10/Dec/2015:01:52:49 -0500] "GET /BLA/boletinlegal/js/lib.js HTTP/1.1" 200 6474
181.142.146.101 - - [10/Dec/2015:01:52:49 -0500] "GET /BLA/boletinlegal/js/ajax_actos.js HTTP/1.1" 200 1322
181.142.146.101 - - [10/Dec/2015:01:52:49 -0500] "GET /BLA/boletinlegal/js/popup.js HTTP/1.1" 200 1270
181.142.146.101 - - [10/Dec/2015:01:52:49 -0500] "GET /BLA/boletinlegal/js/jquery1.js HTTP/1.1" 200 29846
181.142.146.101 - - [10/Dec/2015:01:52:49 -0500] "GET /BLA/boletinlegal/images/green-yellow-blue-pink-th.png HTTP/1.1" 200 7394
181.142.146.101 - - [10/Dec/2015:01:52:49 -0500] "GET /BLA/boletinlegal/images/abajo.png HTTP/1.1" 200 96676
181.142.146.101 - - [10/Dec/2015:01:52:49 -0500] "GET /BLA/boletinlegal/images/footer_bg_l.jpg HTTP/1.1" 200 776
181.142.146.101 - - [10/Dec/2015:01:52:50 -0500] "GET /BLA/boletinlegal/img/0.png HTTP/1.1" 200 110
181.142.146.101 - - [10/Dec/2015:01:52:50 -0500] "GET /BLA/boletinlegal/img/button-right.png HTTP/1.1" 200 57878
181.142.146.101 - - [10/Dec/2015:01:52:50 -0500] "GET /BLA/boletinlegal/img/button-left.png HTTP/1.1" 200 57071
181.142.146.101 - - [10/Dec/2015:01:52:50 -0500] "GET /BLA/boletinlegal/img/select-left.png HTTP/1.1" 200 263
181.142.146.101 - - [10/Dec/2015:01:52:50 -0500] "GET /BLA/boletinlegal/img/button.png HTTP/1.1" 200 43241
181.142.146.101 - - [10/Dec/2015:01:52:50 -0500] "GET /BLA/boletinlegal/img/select-right.png HTTP/1.1" 200 44019
181.142.146.101 - - [10/Dec/2015:01:52:50 -0500] "GET /favicon.ico HTTP/1.1" 200 7782
181.142.146.101 - - [10/Dec/2015:01:52:52 -0500] "GET /BLA/boletinlegal/conceptos.php HTTP/1.1" 200 6122
181.142.146.101 - - [10/Dec/2015:01:52:53 -0500] "GET /BLA/boletinlegal/js/ajax_conceptos.js HTTP/1.1" 200 1326
181.142.146.101 - - [10/Dec/2015:01:52:57 -0500] "GET /BLA/boletinlegal/js/ajax_normativa.js HTTP/1.1" 200 1154
181.142.146.101 - - [10/Dec/2015:01:52:57 -0500] "GET /BLA/boletinlegal/normativa.php HTTP/1.1" 200 7023
181.142.146.101 - - [10/Dec/2015:01:52:42 -0500] "GET /BLA/boletinlegal/ HTTP/1.1" 200 20427
69.162.124.233 - - [10/Dec/2015:01:53:01 -0500] "HEAD / HTTP/1.1" 200 -
181.142.146.101 - - [10/Dec/2015:01:53:03 -0500] "GET /BLA/boletinlegal/jurisprudencia.php HTTP/1.1" 200 12511
181.142.146.101 - - [10/Dec/2015:01:53:04 -0500] "GET /BLA/boletinlegal/images/sub_ul_li.gif HTTP/1.1" 200 343
181.142.146.101 - - [10/Dec/2015:01:53:04 -0500] "GET /BLA/boletinlegal/images/jurisprudencia.png HTTP/1.1" 200 66721
181.142.146.101 - - [10/Dec/2015:01:53:04 -0500] "GET /BLA/boletinlegal/images/hover.png HTTP/1.1" 200 59469
181.142.146.101 - - [10/Dec/2015:01:53:06 -0500] "GET /BLA/boletinlegal/normativa.php HTTP/1.1" 200 7023
144.76.7.107 - - [10/Dec/2015:01:53:10 -0500] "GET /robots.txt HTTP/1.0" 301 334
188.165.15.95 - - [10/Dec/2015:01:53:12 -0500] "GET /BLA/resoluciones/RESOLUCIONES%202006/RES%202006%201251-1300/00001272.tif HTTP/1.1" 200 171994
144.76.7.107 - - [10/Dec/2015:01:53:13 -0500] "GET /noticias-3/noticias/ HTTP/1.0" 301 344
181.142.146.101 - - [10/Dec/2015:01:53:25 -0500] "GET /BLA/boletinlegal/documentos-importantes.php HTTP/1.1" 200 4822
181.142.146.101 - - [10/Dec/2015:01:53:25 -0500] "GET /BLA/boletinlegal/ajax.js HTTP/1.1" 200 577
181.142.146.101 - - [10/Dec/2015:01:53:25 -0500] "GET /BLA/boletinlegal/js/ajax_documentos.js HTTP/1.1" 200 1155
181.142.146.101 - - [10/Dec/2015:01:53:25 -0500] "GET /BLA/boletinlegal/img/textarea-br.png HTTP/1.1" 200 488
181.142.146.101 - - [10/Dec/2015:01:53:25 -0500] "GET /BLA/boletinlegal/img/textarea-bl.png HTTP/1.1" 200 265
181.142.146.101 - - [10/Dec/2015:01:53:25 -0500] "GET /BLA/boletinlegal/img/textarea-r-off.png HTTP/1.1" 200 266
181.142.146.101 - - [10/Dec/2015:01:53:25 -0500] "GET /BLA/boletinlegal/img/textarea-tr.png HTTP/1.1" 200 488
181.142.146.101 - - [10/Dec/2015:01:53:25 -0500] "GET /BLA/boletinlegal/img/textarea-tl.png HTTP/1.1" 200 269
181.142.146.101 - - [10/Dec/2015:01:53:25 -0500] "GET /BLA/boletinlegal/img/textarea-l-off.png HTTP/1.1" 200 168
144.76.7.107 - - [10/Dec/2015:01:53:27 -0500] "GET /que-hacer-en-bogota/ HTTP/1.0" 301 344
181.142.146.101 - - [10/Dec/2015:01:53:27 -0500] "GET /BLA/boletinlegal/img/textarea-r-over.png HTTP/1.1" 200 270
181.142.146.101 - - [10/Dec/2015:01:53:27 -0500] "GET /BLA/boletinlegal/img/textarea-l-over.png HTTP/1.1" 200 167
181.142.146.101 - - [10/Dec/2015:01:53:30 -0500] "GET /BLA/boletinlegal/actos.php HTTP/1.1" 200 7620
181.142.146.101 - - [10/Dec/2015:01:53:14 -0500] "GET /BLA/boletinlegal/index.php HTTP/1.1" 200 20427
186.85.90.90 - - [10/Dec/2015:01:54:07 -0500] "POST /forms/lservlet;jsessionid=ac16012b30d7848d652c5e10464b90ebf347cb1a44d6.e3iSbxaKaheRe38KbN0Rb34Mc3j0n6jAmljGr5XDqQLvpAe HTTP/1.1" 200 2
66.249.74.14 - - [10/Dec/2015:01:54:22 -0500] "GET /BLA/resoluciones/RESOLUCIONES%202009/6381.pdf HTTP/1.1" 200 525601
181.142.146.101 - - [10/Dec/2015:01:54:32 -0500] "GET /BLA/boletinlegal/consulta_actos.php?tipo=resoluciones&no=3534&usuario=&sector=SILVICULTURA&fecha=2014&resuelve= HTTP/1.1" 200 626
201.234.75.11 - - [10/Dec/2015:01:54:33 -0500] "GET /StormSDA/stormWeb/presentacion.html HTTP/1.1" 304 -
181.142.146.101 - - [10/Dec/2015:01:54:37 -0500] "GET /BLA/boletinlegal/consulta_actos.php?tipo=resoluciones&no=3534&usuario=&sector=SILVICULTURA&fecha=2014&resuelve= HTTP/1.1" 200 626
181.142.146.101 - - [10/Dec/2015:01:54:38 -0500] "GET /BLA/boletinlegal/consulta_actos.php?tipo=resoluciones&no=3534&usuario=&sector=SILVICULTURA&fecha=2014&resuelve= HTTP/1.1" 200 626
181.142.146.101 - - [10/Dec/2015:01:54:41 -0500] "GET /BLA/boletinlegal/consulta_actos.php?tipo=resoluciones&no=3534&usuario=&sector=SILVICULTURA&fecha=2014&resuelve= HTTP/1.1" 200 626
186.85.151.198 - - [10/Dec/2015:01:54:44 -0500] "GET /BLA/boletinlegal/js/jquery.scrollShow.js HTTP/1.1" 200 4586
186.85.151.198 - - [10/Dec/2015:01:54:44 -0500] "GET /galeria/galeria/jquery.fancybox.css?v=2.1.5 HTTP/1.1" 200 4895
186.85.151.198 - - [10/Dec/2015:01:54:44 -0500] "GET /galeria/galeria/jquery.fancybox.js?v=2.1.5 HTTP/1.1" 200 48706
186.85.151.198 - - [10/Dec/2015:01:54:47 -0500] "GET /galeria/galeria/jquery.fancybox.css?v=2.1.5 HTTP/1.1" 200 4895
186.85.151.198 - - [10/Dec/2015:01:54:47 -0500] "GET /BLA/boletinlegal/js/jquery.scrollShow.js HTTP/1.1" 200 4586
186.85.151.198 - - [10/Dec/2015:01:54:47 -0500] "GET /galeria/galeria/jquery.fancybox.js?v=2.1.5 HTTP/1.1" 200 48706
181.142.146.101 - - [10/Dec/2015:01:54:59 -0500] "GET /BLA/boletinlegal/consulta_actos.php?tipo=resoluciones&no=3534&usuario=&sector=SILVICULTURA&fecha=2014&resuelve= HTTP/1.1" 200 626
188.165.15.95 - - [10/Dec/2015:01:55:07 -0500] "GET /BLA/resoluciones/RESOLUCIONES%202002/RES%202002%201851-1900/20021867.tif HTTP/1.1" 200 299836
66.249.74.17 - - [10/Dec/2015:01:55:25 -0500] "GET /BLA/resoluciones/AUTOS%202014/2953.pdf HTTP/1.1" 200 441684
181.142.146.101 - - [10/Dec/2015:01:55:43 -0500] "GET /BLA/boletinlegal/consulta_actos.php?tipo=resoluciones&no=1536&usuario=&sector=SILVICULTURA&fecha=2013&resuelve= HTTP/1.1" 200 1068
181.142.146.101 - - [10/Dec/2015:01:55:57 -0500] "GET /BLA/boletinlegal/consulta_actos.php?tipo=resoluciones&no=3534&usuario=&sector=SILVICULTURA&fecha=2014&resuelve= HTTP/1.1" 200 626
186.85.90.90 - - [10/Dec/2015:01:56:07 -0500] "POST /forms/lservlet;jsessionid=ac16012b30d7848d652c5e10464b90ebf347cb1a44d6.e3iSbxaKaheRe38KbN0Rb34Mc3j0n6jAmljGr5XDqQLvpAe HTTP/1.1" 200 2
66.249.74.14 - - [10/Dec/2015:01:56:52 -0500] "GET /BLA/resoluciones/RESOLUCIONES%202010/7824.pdf HTTP/1.1" 200 404005
188.165.15.95 - - [10/Dec/2015:01:56:57 -0500] "GET /BLA/resoluciones/index.php?dir=RESOLUCIONES%202004/RES%202004%201451-1500/&sort=size&order=asc HTTP/1.1" 200 12353
188.165.15.95 - - [10/Dec/2015:01:57:42 -0500] "GET /BLA/resoluciones/RESOLUCIONES%202004/RES%202004%202001-2050/00002022.tif HTTP/1.1" 200 130112
188.165.15.95 - - [10/Dec/2015:01:57:57 -0500] "GET /BLA/resoluciones/AUTOS%202006/AUTOS%202006%201-100/00000066.tif HTTP/1.1" 200 97790
69.162.124.233 - - [10/Dec/2015:01:58:01 -0500] "HEAD / HTTP/1.1" 200 -
186.85.90.90 - - [10/Dec/2015:01:58:08 -0500] "POST /forms/lservlet;jsessionid=ac16012b30d7848d652c5e10464b90ebf347cb1a44d6.e3iSbxaKaheRe38KbN0Rb34Mc3j0n6jAmljGr5XDqQLvpAe HTTP/1.1" 200 2
188.165.15.95 - - [10/Dec/2015:01:58:47 -0500] "GET /BLA/resoluciones/RESOLUCIONES%202005/RES%202005%20301-351/00000311.tif HTTP/1.1" 200 151164
66.249.79.146 - - [10/Dec/2015:01:59:23 -0500] "GET / HTTP/1.1" 301 324
188.165.15.95 - - [10/Dec/2015:01:59:32 -0500] "GET /BLA/resoluciones/index.php?dir=AUTOS+2006%2FAUTOS+2006+801-900%2F HTTP/1.1" 200 21775
188.165.15.95 - - [10/Dec/2015:01:59:38 -0500] "GET /BLA/resoluciones/RESOLUCIONES%202005/RES%202005%20351-400/00000374.tif HTTP/1.1" 200 41190
186.85.90.90 - - [10/Dec/2015:02:00:08 -0500] "POST /forms/lservlet;jsessionid=ac16012b30d7848d652c5e10464b90ebf347cb1a44d6.e3iSbxaKaheRe38KbN0Rb34Mc3j0n6jAmljGr5XDqQLvpAe HTTP/1.1" 200 2
66.249.74.20 - - [10/Dec/2015:02:01:52 -0500] "GET /BLA/resoluciones/RESOLUCIONES%202007/RES%202007%204201%20AL%204300/RESOLUCION%204288%20DE%202007.pdf HTTP/1.1" 200 48327
186.85.90.90 - - [10/Dec/2015:02:02:08 -0500] "POST /forms/lservlet;jsessionid=ac16012b30d7848d652c5e10464b90ebf347cb1a44d6.e3iSbxaKaheRe38KbN0Rb34Mc3j0n6jAmljGr5XDqQLvpAe HTTP/1.1" 200 2
66.249.74.20 - - [10/Dec/2015:02:02:36 -0500] "GET /even/Ca0jr6ay/tsld004.htm HTTP/1.1" 404 1018
188.165.15.95 - - [10/Dec/2015:02:03:19 -0500] "GET /BLA/resoluciones/RESOLUCIONES%202004/RES%202004%20701-750/00000749.tif HTTP/1.1" 200 266800
186.85.90.90 - - [10/Dec/2015:02:04:08 -0500] "POST /forms/lservlet;jsessionid=ac16012b30d7848d652c5e10464b90ebf347cb1a44d6.e3iSbxaKaheRe38KbN0Rb34Mc3j0n6jAmljGr5XDqQLvpAe HTTP/1.1" 200 2
207.46.13.49 - - [10/Dec/2015:02:04:20 -0500] "GET /robots.txt HTTP/1.1" 404 1019
66.249.74.17 - - [10/Dec/2015:02:04:22 -0500] "GET /BLA/resoluciones/AUTOS%202013/2086.pdf HTTP/1.1" 304 -
207.46.13.49 - - [10/Dec/2015:02:04:23 -0500] "GET /dama/libreria/php/decide.php?patron=03.130502 HTTP/1.1" 404 1019
201.234.75.11 - - [10/Dec/2015:02:04:48 -0500] "GET /galeria/nivo-slider/demo/images/bolsas-08.jpg HTTP/1.1" 304 -
207.46.13.21 - - [10/Dec/2015:02:05:10 -0500] "GET /robots.txt HTTP/1.1" 301 334
66.249.88.18 - - [10/Dec/2015:02:05:39 -0500] "GET /galeria/galeria/jquery.fancybox.css?v=2.1.5 HTTP/1.1" 200 4895
66.249.88.7 - - [10/Dec/2015:02:05:39 -0500] "GET /galeria/galeria/jquery.fancybox.css?v=2.1.5 HTTP/1.1" 200 4895
66.249.88.29 - - [10/Dec/2015:02:05:39 -0500] "GET /galeria/galeria/jquery.fancybox.js?v=2.1.5 HTTP/1.1" 200 48706
66.249.88.7 - - [10/Dec/2015:02:05:39 -0500] "GET /BLA/boletinlegal/js/jquery.scrollShow.js HTTP/1.1" 200 4586
66.249.88.18 - - [10/Dec/2015:02:05:39 -0500] "GET /BLA/boletinlegal/js/jquery.scrollShow.js HTTP/1.1" 200 4586
66.249.88.29 - - [10/Dec/2015:02:05:39 -0500] "GET /galeria/galeria/jquery.fancybox.js?v=2.1.5 HTTP/1.1" 200 48706
186.85.90.90 - - [10/Dec/2015:02:06:08 -0500] "POST /forms/lservlet;jsessionid=ac16012b30d7848d652c5e10464b90ebf347cb1a44d6.e3iSbxaKaheRe38KbN0Rb34Mc3j0n6jAmljGr5XDqQLvpAe HTTP/1.1" 200 2
66.249.74.14 - - [10/Dec/2015:02:06:52 -0500] "GET /BLA/resoluciones/AUTOS%202007/3663.pdf HTTP/1.1" 200 204112
186.85.90.90 - - [10/Dec/2015:02:08:08 -0500] "POST /forms/lservlet;jsessionid=ac16012b30d7848d652c5e10464b90ebf347cb1a44d6.e3iSbxaKaheRe38KbN0Rb34Mc3j0n6jAmljGr5XDqQLvpAe HTTP/1.1" 200 2
181.56.28.155 - - [10/Dec/2015:02:08:10 -0500] "GET /galeria/galeria/jquery.fancybox.js?v=2.1.5 HTTP/1.1" 200 48706
181.56.28.155 - - [10/Dec/2015:02:08:10 -0500] "GET /galeria/galeria/jquery.fancybox.css?v=2.1.5 HTTP/1.1" 200 4895
181.56.28.155 - - [10/Dec/2015:02:08:10 -0500] "GET /BLA/boletinlegal/js/jquery.scrollShow.js HTTP/1.1" 200 4586
181.56.28.155 - - [10/Dec/2015:02:08:53 -0500] "GET /BLA/boletinlegal/js/jquery.scrollShow.js HTTP/1.1" 200 4586
181.56.28.155 - - [10/Dec/2015:02:08:53 -0500] "GET /galeria/galeria/jquery.fancybox.css?v=2.1.5 HTTP/1.1" 200 4895
181.56.28.155 - - [10/Dec/2015:02:08:53 -0500] "GET /galeria/galeria/jquery.fancybox.js?v=2.1.5 HTTP/1.1" 200 48706
186.85.90.90 - - [10/Dec/2015:02:10:08 -0500] "POST /forms/lservlet;jsessionid=ac16012b30d7848d652c5e10464b90ebf347cb1a44d6.e3iSbxaKaheRe38KbN0Rb34Mc3j0n6jAmljGr5XDqQLvpAe HTTP/1.1" 200 2
40.77.167.38 - - [10/Dec/2015:02:11:11 -0500] "GET /robots.txt HTTP/1.1" 404 1015
40.77.167.38 - - [10/Dec/2015:02:11:23 -0500] "GET /sig/gestion%20recursos%20financieros/126pa02-pr20%20registro%20de%20diferidos.pdf HTTP/1.1" 200 231681
66.249.74.17 - - [10/Dec/2015:02:11:52 -0500] "GET /BLA/resoluciones/AUTOS%202011/0132.pdf HTTP/1.1" 200 145145
186.85.90.90 - - [10/Dec/2015:02:12:08 -0500] "POST /forms/lservlet;jsessionid=ac16012b30d7848d652c5e10464b90ebf347cb1a44d6.e3iSbxaKaheRe38KbN0Rb34Mc3j0n6jAmljGr5XDqQLvpAe HTTP/1.1" 200 2
66.249.74.17 - - [10/Dec/2015:02:12:32 -0500] "GET /BLA/resoluciones/RESOLUCIONES%202007/RES%202007%204301%20AL%204352/RESOLUCION%204347%20DE%202007.pdf HTTP/1.1" 200 258989
69.162.124.233 - - [10/Dec/2015:02:13:19 -0500] "HEAD / HTTP/1.1" 200 -
186.85.90.90 - - [10/Dec/2015:02:14:08 -0500] "POST /forms/lservlet;jsessionid=ac16012b30d7848d652c5e10464b90ebf347cb1a44d6.e3iSbxaKaheRe38KbN0Rb34Mc3j0n6jAmljGr5XDqQLvpAe HTTP/1.1" 200 2
66.249.74.17 - - [10/Dec/2015:02:14:22 -0500] "GET /BLA/resoluciones/RESOLUCIONES%202008/1819.pdf HTTP/1.1" 200 307315
66.249.74.14 - - [10/Dec/2015:02:14:38 -0500] "GET /BLA/resoluciones/RESOLUCIONES%202006/RES%202006%20401-450/00000438.tif HTTP/1.1" 200 125476
188.165.15.95 - - [10/Dec/2015:02:15:20 -0500] "GET /BLA/resoluciones/RESOLUCIONES%202002/RES%202002%2001-50/2002RES29.tif HTTP/1.1" 200 47214
177.252.117.81 - - [10/Dec/2015:02:15:24 -0500] "GET /galeria/galeria/jquery.fancybox.js?v=2.1.5 HTTP/1.1" 200 48706
177.252.117.81 - - [10/Dec/2015:02:15:24 -0500] "GET /galeria/galeria/jquery.fancybox.css?v=2.1.5 HTTP/1.1" 200 4895
177.252.117.81 - - [10/Dec/2015:02:15:24 -0500] "GET /BLA/boletinlegal/js/jquery.scrollShow.js HTTP/1.1" 200 4586
177.252.117.81 - - [10/Dec/2015:02:15:36 -0500] "GET /BLA/boletinlegal/js/jquery.scrollShow.js HTTP/1.1" 304 -
177.252.117.81 - - [10/Dec/2015:02:15:36 -0500] "GET /galeria/galeria/jquery.fancybox.js?v=2.1.5 HTTP/1.1" 304 -
177.252.117.81 - - [10/Dec/2015:02:15:36 -0500] "GET /galeria/galeria/jquery.fancybox.css?v=2.1.5 HTTP/1.1" 304 -
186.85.90.90 - - [10/Dec/2015:02:16:08 -0500] "POST /forms/lservlet;jsessionid=ac16012b30d7848d652c5e10464b90ebf347cb1a44d6.e3iSbxaKaheRe38KbN0Rb34Mc3j0n6jAmljGr5XDqQLvpAe HTTP/1.1" 200 2
181.142.146.101 - - [10/Dec/2015:02:16:27 -0500] "GET /BLA/boletinlegal/consulta_actos.php?tipo=resoluciones&no=1212&usuario=&sector=SILVICULTURA&fecha=2012&resuelve= HTTP/1.1" 200 1062
181.142.146.101 - - [10/Dec/2015:02:16:27 -0500] "GET /BLA/boletinlegal/images/pdf.gif HTTP/1.1" 200 567
181.142.146.101 - - [10/Dec/2015:02:16:29 -0500] "GET /BLA/resoluciones/RESOLUCIONES%202012/1212.pdf HTTP/1.1" 200 772715
181.142.146.101 - - [10/Dec/2015:02:16:29 -0500] "GET /BLA/resoluciones/RESOLUCIONES%202012/1212.pdf HTTP/1.1" 206 32768
181.142.146.101 - - [10/Dec/2015:02:16:29 -0500] "GET /BLA/resoluciones/RESOLUCIONES%202012/1212.pdf HTTP/1.1" 206 739947
66.249.74.20 - - [10/Dec/2015:02:16:52 -0500] "GET /BLA/resoluciones/AUTOS%202014/1108.pdf HTTP/1.1" 200 382234
127.0.0.1 - - [10/Dec/2015:02:17:20 -0500] "POST /plugins/update-check/1.1/ HTTP/1.0" 404 1021
127.0.0.1 - - [10/Dec/2015:02:17:20 -0500] "POST /themes/update-check/1.1/ HTTP/1.0" 404 1021
127.0.0.1 - - [10/Dec/2015:02:17:20 -0500] "POST /core/version-check/1.7/?version=4.2.2&php=5.5.15&locale=es_ES&mysql=5.6.20&local_package=&blogs=1&users=81&multisite_enabled=0 HTTP/1.0" 404 1021
127.0.0.1 - - [10/Dec/2015:02:17:20 -0500] "POST /themes/update-check/1.1/ HTTP/1.0" 404 1021
127.0.0.1 - - [10/Dec/2015:02:17:20 -0500] "POST /plugins/update-check/1.1/ HTTP/1.0" 404 1021
201.234.75.11 - - [10/Dec/2015:02:17:28 -0500] "GET /galeria/nivo-slider/demo/images/banner-conejera1.jpg HTTP/1.1" 304 -
188.165.15.95 - - [10/Dec/2015:02:17:33 -0500] "GET /BLA/resoluciones/index.php?dir=RESOLUCIONES%202006/RES%202006%20801-850/&sort=size&order=asc HTTP/1.1" 200 12230
181.142.146.101 - - [10/Dec/2015:02:17:52 -0500] "GET /BLA/resoluciones/RESOLUCIONES%202012/1212.pdf HTTP/1.1" 206 772715
186.85.90.90 - - [10/Dec/2015:02:18:08 -0500] "POST /forms/lservlet;jsessionid=ac16012b30d7848d652c5e10464b90ebf347cb1a44d6.e3iSbxaKaheRe38KbN0Rb34Mc3j0n6jAmljGr5XDqQLvpAe HTTP/1.1" 200 2
69.162.124.233 - - [10/Dec/2015:02:18:19 -0500] "HEAD / HTTP/1.1" 200 -
66.249.74.20 - - [10/Dec/2015:02:19:22 -0500] "GET /BLA/resoluciones/AUTOS%202007/2878.pdf HTTP/1.1" 200 79432
181.142.146.101 - - [10/Dec/2015:02:20:06 -0500] "GET /forms/frmservlet?config=sia HTTP/1.1" 200 4028
186.85.90.90 - - [10/Dec/2015:02:20:08 -0500] "POST /forms/lservlet;jsessionid=ac16012b30d7848d652c5e10464b90ebf347cb1a44d6.e3iSbxaKaheRe38KbN0Rb34Mc3j0n6jAmljGr5XDqQLvpAe HTTP/1.1" 200 2
181.142.146.101 - - [10/Dec/2015:02:20:14 -0500] "GET /forms/java/frmall_jinit.jar HTTP/1.1" 304 -
181.142.146.101 - - [10/Dec/2015:02:20:14 -0500] "GET /forms/java/icons.jar HTTP/1.1" 304 -
181.142.146.101 - - [10/Dec/2015:02:20:14 -0500] "GET /forms/java/java/awt/KeyboardFocusManager.class HTTP/1.1" 404 352
181.142.146.101 - - [10/Dec/2015:02:20:14 -0500] "GET /forms/java/java/awt/KeyboardFocusManager.class HTTP/1.1" 404 352
181.142.146.101 - - [10/Dec/2015:02:20:19 -0500] "GET /forms/java/java/awt/event/MouseWheelListener.class HTTP/1.1" 404 356
181.142.146.101 - - [10/Dec/2015:02:20:19 -0500] "GET /forms/java/java/awt/event/MouseWheelListener.class HTTP/1.1" 404 356
181.142.146.101 - - [10/Dec/2015:02:20:22 -0500] "GET /forms/java/oracle/forms/registry/Registry.dat HTTP/1.1" 200 4213
181.142.146.101 - - [10/Dec/2015:02:20:22 -0500] "GET /forms/java/oracle/forms/registry/default.dat HTTP/1.1" 404 350
181.142.146.101 - - [10/Dec/2015:02:20:22 -0500] "GET /forms/frmservlet?config=sia&acceptLanguage=es-ES&ifcmd=startsession HTTP/1.1" 200 119
181.142.146.101 - - [10/Dec/2015:02:20:22 -0500] "GET /forms/lservlet;jsessionid=ac16012b30d7d7015606dac3460ca8e7c2d43621f2a8.e3iSbxaKaheRe38KbN0Rb34Mc3j0n6jAmljGr5XDqQLvpAe?ifcmd=getinfo&ifhost=nury-PC&ifip=192.168.1.53 HTTP/1.1" 200 8
181.142.146.101 - - [10/Dec/2015:02:20:22 -0500] "POST /forms/lservlet;jsessionid=ac16012b30d7d7015606dac3460ca8e7c2d43621f2a8.e3iSbxaKaheRe38KbN0Rb34Mc3j0n6jAmljGr5XDqQLvpAe HTTP/1.1" 200 8
181.142.146.101 - - [10/Dec/2015:02:20:23 -0500] "POST /forms/lservlet;jsessionid=ac16012b30d7d7015606dac3460ca8e7c2d43621f2a8.e3iSbxaKaheRe38KbN0Rb34Mc3j0n6jAmljGr5XDqQLvpAe HTTP/1.1" 200 64000
181.142.146.101 - - [10/Dec/2015:02:20:24 -0500] "POST /forms/lservlet;jsessionid=ac16012b30d7d7015606dac3460ca8e7c2d43621f2a8.e3iSbxaKaheRe38KbN0Rb34Mc3j0n6jAmljGr5XDqQLvpAe HTTP/1.1" 200 64000
181.142.146.101 - - [10/Dec/2015:02:20:24 -0500] "POST /forms/lservlet;jsessionid=ac16012b30d7d7015606dac3460ca8e7c2d43621f2a8.e3iSbxaKaheRe38KbN0Rb34Mc3j0n6jAmljGr5XDqQLvpAe HTTP/1.1" 200 63623
181.142.146.101 - - [10/Dec/2015:02:20:25 -0500] "HEAD /imagenes/dama_logo.gif HTTP/1.1" 200 -
181.142.146.101 - - [10/Dec/2015:02:20:25 -0500] "GET /imagenes/dama_logo.gif HTTP/1.1" 200 21482
181.142.146.101 - - [10/Dec/2015:02:20:25 -0500] "POST /forms/lservlet;jsessionid=ac16012b30d7d7015606dac3460ca8e7c2d43621f2a8.e3iSbxaKaheRe38KbN0Rb34Mc3j0n6jAmljGr5XDqQLvpAe HTTP/1.1" 200 2
181.142.146.101 - - [10/Dec/2015:02:20:41 -0500] "POST /forms/lservlet;jsessionid=ac16012b30d7d7015606dac3460ca8e7c2d43621f2a8.e3iSbxaKaheRe38KbN0Rb34Mc3j0n6jAmljGr5XDqQLvpAe HTTP/1.1" 200 7996
181.142.146.101 - - [10/Dec/2015:02:20:42 -0500] "POST /forms/lservlet;jsessionid=ac16012b30d7d7015606dac3460ca8e7c2d43621f2a8.e3iSbxaKaheRe38KbN0Rb34Mc3j0n6jAmljGr5XDqQLvpAe HTTP/1.1" 200 64
181.142.146.101 - - [10/Dec/2015:02:20:42 -0500] "POST /forms/lservlet;jsessionid=ac16012b30d7d7015606dac3460ca8e7c2d43621f2a8.e3iSbxaKaheRe38KbN0Rb34Mc3j0n6jAmljGr5XDqQLvpAe HTTP/1.1" 200 2
181.142.146.101 - - [10/Dec/2015:02:20:42 -0500] "POST /forms/lservlet;jsessionid=ac16012b30d7d7015606dac3460ca8e7c2d43621f2a8.e3iSbxaKaheRe38KbN0Rb34Mc3j0n6jAmljGr5XDqQLvpAe HTTP/1.1" 200 2
181.142.146.101 - - [10/Dec/2015:02:20:42 -0500] "POST /forms/lservlet;jsessionid=ac16012b30d7d7015606dac3460ca8e7c2d43621f2a8.e3iSbxaKaheRe38KbN0Rb34Mc3j0n6jAmljGr5XDqQLvpAe HTTP/1.1" 200 2
181.142.146.101 - - [10/Dec/2015:02:20:50 -0500] "POST /forms/lservlet;jsessionid=ac16012b30d7d7015606dac3460ca8e7c2d43621f2a8.e3iSbxaKaheRe38KbN0Rb34Mc3j0n6jAmljGr5XDqQLvpAe HTTP/1.1" 200 34716
181.142.146.101 - - [10/Dec/2015:02:20:51 -0500] "GET /imagenes/listval.gif HTTP/1.1" 200 905
181.142.146.101 - - [10/Dec/2015:02:20:51 -0500] "GET /imagenes/tree1.gif HTTP/1.1" 200 1161
181.142.146.101 - - [10/Dec/2015:02:20:51 -0500] "GET /imagenes/CAMERA3.gif HTTP/1.1" 200 4150
181.142.146.101 - - [10/Dec/2015:02:20:51 -0500] "GET /imagenes/SLIDE1.gif HTTP/1.1" 200 1111
181.142.146.101 - - [10/Dec/2015:02:20:52 -0500] "GET /imagenes/flexcomb.gif HTTP/1.1" 200 1169
181.142.146.101 - - [10/Dec/2015:02:20:52 -0500] "GET /imagenes/GO.gif HTTP/1.1" 200 904
181.142.146.101 - - [10/Dec/2015:02:20:52 -0500] "GET /imagenes/HRTOOLS.gif HTTP/1.1" 200 2238
181.142.146.101 - - [10/Dec/2015:02:20:52 -0500] "GET /imagenes/rt_rec1.gif HTTP/1.1" 200 867
181.142.146.101 - - [10/Dec/2015:02:20:52 -0500] "GET /imagenes/apply.gif HTTP/1.1" 200 903
181.142.146.101 - - [10/Dec/2015:02:20:53 -0500] "GET /imagenes/exit.gif HTTP/1.1" 200 916
181.142.146.101 - - [10/Dec/2015:02:20:53 -0500] "GET /imagenes/LISTVAL.gif HTTP/1.1" 200 905
181.142.146.101 - - [10/Dec/2015:02:20:53 -0500] "GET /imagenes/edit.gif HTTP/1.1" 200 919
181.142.146.101 - - [10/Dec/2015:02:20:53 -0500] "GET /imagenes/rt_rec4.gif HTTP/1.1" 200 865
181.142.146.101 - - [10/Dec/2015:02:20:53 -0500] "GET /imagenes/rt_rec3.gif HTTP/1.1" 200 844
181.142.146.101 - - [10/Dec/2015:02:20:53 -0500] "GET /imagenes/rt_rec2.gif HTTP/1.1" 200 847
181.142.146.101 - - [10/Dec/2015:02:20:54 -0500] "GET /imagenes/rt_rdel.gif HTTP/1.1" 200 899
181.142.146.101 - - [10/Dec/2015:02:20:54 -0500] "GET /imagenes/rt_radd.gif HTTP/1.1" 200 907
181.142.146.101 - - [10/Dec/2015:02:20:54 -0500] "GET /imagenes/rt_quer3.gif HTTP/1.1" 200 939
181.142.146.101 - - [10/Dec/2015:02:20:54 -0500] "GET /imagenes/rt_quer2.gif HTTP/1.1" 200 936
181.142.146.101 - - [10/Dec/2015:02:20:54 -0500] "GET /imagenes/rt_quer1.gif HTTP/1.1" 200 930
181.142.146.101 - - [10/Dec/2015:02:20:54 -0500] "GET /imagenes/rt_save.gif HTTP/1.1" 200 903
181.142.146.101 - - [10/Dec/2015:02:20:54 -0500] "GET /imagenes/rt_pset.gif HTTP/1.1" 200 914
181.142.146.101 - - [10/Dec/2015:02:20:54 -0500] "GET /imagenes/QUEJA.gif HTTP/1.1" 200 1091
181.142.146.101 - - [10/Dec/2015:02:20:54 -0500] "GET /imagenes/ARBOL.gif HTTP/1.1" 200 1026
181.142.146.101 - - [10/Dec/2015:02:20:54 -0500] "GET /imagenes/Clipboard.gif HTTP/1.1" 200 1466
181.142.146.101 - - [10/Dec/2015:02:20:54 -0500] "GET /imagenes/DINERO.gif HTTP/1.1" 200 1766
181.142.146.101 - - [10/Dec/2015:02:20:54 -0500] "GET /imagenes/URGENTE.gif HTTP/1.1" 200 964
181.142.146.101 - - [10/Dec/2015:02:20:54 -0500] "GET /imagenes/TREE4.gif HTTP/1.1" 200 4150
181.142.146.101 - - [10/Dec/2015:02:20:54 -0500] "POST /forms/lservlet;jsessionid=ac16012b30d7d7015606dac3460ca8e7c2d43621f2a8.e3iSbxaKaheRe38KbN0Rb34Mc3j0n6jAmljGr5XDqQLvpAe HTTP/1.1" 200 7
181.142.146.101 - - [10/Dec/2015:02:20:55 -0500] "POST /forms/lservlet;jsessionid=ac16012b30d7d7015606dac3460ca8e7c2d43621f2a8.e3iSbxaKaheRe38KbN0Rb34Mc3j0n6jAmljGr5XDqQLvpAe HTTP/1.1" 200 34
181.142.146.101 - - [10/Dec/2015:02:20:55 -0500] "POST /forms/lservlet;jsessionid=ac16012b30d7d7015606dac3460ca8e7c2d43621f2a8.e3iSbxaKaheRe38KbN0Rb34Mc3j0n6jAmljGr5XDqQLvpAe HTTP/1.1" 200 2
181.142.146.101 - - [10/Dec/2015:02:20:56 -0500] "POST /forms/lservlet;jsessionid=ac16012b30d7d7015606dac3460ca8e7c2d43621f2a8.e3iSbxaKaheRe38KbN0Rb34Mc3j0n6jAmljGr5XDqQLvpAe HTTP/1.1" 200 2
181.142.146.101 - - [10/Dec/2015:02:20:57 -0500] "POST /forms/lservlet;jsessionid=ac16012b30d7d7015606dac3460ca8e7c2d43621f2a8.e3iSbxaKaheRe38KbN0Rb34Mc3j0n6jAmljGr5XDqQLvpAe HTTP/1.1" 200 699
181.142.146.101 - - [10/Dec/2015:02:20:57 -0500] "GET /imagenes/Srch_frw.gif HTTP/1.1" 200 925
181.142.146.101 - - [10/Dec/2015:02:20:57 -0500] "POST /forms/lservlet;jsessionid=ac16012b30d7d7015606dac3460ca8e7c2d43621f2a8.e3iSbxaKaheRe38KbN0Rb34Mc3j0n6jAmljGr5XDqQLvpAe HTTP/1.1" 200 10
181.142.146.101 - - [10/Dec/2015:02:21:07 -0500] "POST /forms/lservlet;jsessionid=ac16012b30d7d7015606dac3460ca8e7c2d43621f2a8.e3iSbxaKaheRe38KbN0Rb34Mc3j0n6jAmljGr5XDqQLvpAe HTTP/1.1" 200 24
181.142.146.101 - - [10/Dec/2015:02:21:08 -0500] "POST /forms/lservlet;jsessionid=ac16012b30d7d7015606dac3460ca8e7c2d43621f2a8.e3iSbxaKaheRe38KbN0Rb34Mc3j0n6jAmljGr5XDqQLvpAe HTTP/1.1" 200 14
181.142.146.101 - - [10/Dec/2015:02:21:09 -0500] "POST /forms/lservlet;jsessionid=ac16012b30d7d7015606dac3460ca8e7c2d43621f2a8.e3iSbxaKaheRe38KbN0Rb34Mc3j0n6jAmljGr5XDqQLvpAe HTTP/1.1" 200 4991
181.142.146.101 - - [10/Dec/2015:02:21:09 -0500] "POST /forms/lservlet;jsessionid=ac16012b30d7d7015606dac3460ca8e7c2d43621f2a8.e3iSbxaKaheRe38KbN0Rb34Mc3j0n6jAmljGr5XDqQLvpAe HTTP/1.1" 200 2
181.142.146.101 - - [10/Dec/2015:02:21:11 -0500] "POST /forms/lservlet;jsessionid=ac16012b30d7d7015606dac3460ca8e7c2d43621f2a8.e3iSbxaKaheRe38KbN0Rb34Mc3j0n6jAmljGr5XDqQLvpAe HTTP/1.1" 200 2
181.142.146.101 - - [10/Dec/2015:02:21:11 -0500] "POST /forms/lservlet;jsessionid=ac16012b30d7d7015606dac3460ca8e7c2d43621f2a8.e3iSbxaKaheRe38KbN0Rb34Mc3j0n6jAmljGr5XDqQLvpAe HTTP/1.1" 200 14
181.142.146.101 - - [10/Dec/2015:02:21:12 -0500] "POST /forms/lservlet;jsessionid=ac16012b30d7d7015606dac3460ca8e7c2d43621f2a8.e3iSbxaKaheRe38KbN0Rb34Mc3j0n6jAmljGr5XDqQLvpAe HTTP/1.1" 200 14
181.142.146.101 - - [10/Dec/2015:02:21:13 -0500] "POST /forms/lservlet;jsessionid=ac16012b30d7d7015606dac3460ca8e7c2d43621f2a8.e3iSbxaKaheRe38KbN0Rb34Mc3j0n6jAmljGr5XDqQLvpAe HTTP/1.1" 200 14
181.142.146.101 - - [10/Dec/2015:02:21:15 -0500] "POST /forms/lservlet;jsessionid=ac16012b30d7d7015606dac3460ca8e7c2d43621f2a8.e3iSbxaKaheRe38KbN0Rb34Mc3j0n6jAmljGr5XDqQLvpAe HTTP/1.1" 200 78
181.142.146.101 - - [10/Dec/2015:02:21:15 -0500] "POST /forms/lservlet;jsessionid=ac16012b30d7d7015606dac3460ca8e7c2d43621f2a8.e3iSbxaKaheRe38KbN0Rb34Mc3j0n6jAmljGr5XDqQLvpAe HTTP/1.1" 200 2
181.142.146.101 - - [10/Dec/2015:02:21:22 -0500] "POST /forms/lservlet;jsessionid=ac16012b30d7d7015606dac3460ca8e7c2d43621f2a8.e3iSbxaKaheRe38KbN0Rb34Mc3j0n6jAmljGr5XDqQLvpAe HTTP/1.1" 200 125
181.142.146.101 - - [10/Dec/2015:02:21:24 -0500] "POST /forms/lservlet;jsessionid=ac16012b30d7d7015606dac3460ca8e7c2d43621f2a8.e3iSbxaKaheRe38KbN0Rb34Mc3j0n6jAmljGr5XDqQLvpAe HTTP/1.1" 200 7
181.142.146.101 - - [10/Dec/2015:02:21:24 -0500] "POST /forms/lservlet;jsessionid=ac16012b30d7d7015606dac3460ca8e7c2d43621f2a8.e3iSbxaKaheRe38KbN0Rb34Mc3j0n6jAmljGr5XDqQLvpAe HTTP/1.1" 200 30235
181.142.146.101 - - [10/Dec/2015:02:21:25 -0500] "GET /imagenes/rt_print.gif HTTP/1.1" 200 916
181.142.146.101 - - [10/Dec/2015:02:21:25 -0500] "POST /forms/lservlet;jsessionid=ac16012b30d7d7015606dac3460ca8e7c2d43621f2a8.e3iSbxaKaheRe38KbN0Rb34Mc3j0n6jAmljGr5XDqQLvpAe HTTP/1.1" 200 7
181.142.146.101 - - [10/Dec/2015:02:21:25 -0500] "POST /forms/lservlet;jsessionid=ac16012b30d7d7015606dac3460ca8e7c2d43621f2a8.e3iSbxaKaheRe38KbN0Rb34Mc3j0n6jAmljGr5XDqQLvpAe HTTP/1.1" 200 27
181.142.146.101 - - [10/Dec/2015:02:21:26 -0500] "POST /forms/lservlet;jsessionid=ac16012b30d7d7015606dac3460ca8e7c2d43621f2a8.e3iSbxaKaheRe38KbN0Rb34Mc3j0n6jAmljGr5XDqQLvpAe HTTP/1.1" 200 2
181.142.146.101 - - [10/Dec/2015:02:21:26 -0500] "POST /forms/lservlet;jsessionid=ac16012b30d7d7015606dac3460ca8e7c2d43621f2a8.e3iSbxaKaheRe38KbN0Rb34Mc3j0n6jAmljGr5XDqQLvpAe HTTP/1.1" 200 7
181.142.146.101 - - [10/Dec/2015:02:21:27 -0500] "GET /imagenes/open.gif HTTP/1.1" 200 919
181.142.146.101 - - [10/Dec/2015:02:21:28 -0500] "POST /forms/lservlet;jsessionid=ac16012b30d7d7015606dac3460ca8e7c2d43621f2a8.e3iSbxaKaheRe38KbN0Rb34Mc3j0n6jAmljGr5XDqQLvpAe HTTP/1.1" 200 176
181.142.146.101 - - [10/Dec/2015:02:21:30 -0500] "POST /forms/lservlet;jsessionid=ac16012b30d7d7015606dac3460ca8e7c2d43621f2a8.e3iSbxaKaheRe38KbN0Rb34Mc3j0n6jAmljGr5XDqQLvpAe HTTP/1.1" 200 2
181.142.146.101 - - [10/Dec/2015:02:21:31 -0500] "POST /forms/lservlet;jsessionid=ac16012b30d7d7015606dac3460ca8e7c2d43621f2a8.e3iSbxaKaheRe38KbN0Rb34Mc3j0n6jAmljGr5XDqQLvpAe HTTP/1.1" 200 108
181.142.146.101 - - [10/Dec/2015:02:21:38 -0500] "POST /forms/lservlet;jsessionid=ac16012b30d7d7015606dac3460ca8e7c2d43621f2a8.e3iSbxaKaheRe38KbN0Rb34Mc3j0n6jAmljGr5XDqQLvpAe HTTP/1.1" 200 62
181.142.146.101 - - [10/Dec/2015:02:21:39 -0500] "POST /forms/lservlet;jsessionid=ac16012b30d7d7015606dac3460ca8e7c2d43621f2a8.e3iSbxaKaheRe38KbN0Rb34Mc3j0n6jAmljGr5XDqQLvpAe HTTP/1.1" 200 2
181.142.146.101 - - [10/Dec/2015:02:21:40 -0500] "POST /forms/lservlet;jsessionid=ac16012b30d7d7015606dac3460ca8e7c2d43621f2a8.e3iSbxaKaheRe38KbN0Rb34Mc3j0n6jAmljGr5XDqQLvpAe HTTP/1.1" 200 1497
181.142.146.101 - - [10/Dec/2015:02:21:40 -0500] "POST /forms/lservlet;jsessionid=ac16012b30d7d7015606dac3460ca8e7c2d43621f2a8.e3iSbxaKaheRe38KbN0Rb34Mc3j0n6jAmljGr5XDqQLvpAe HTTP/1.1" 200 2
181.142.146.101 - - [10/Dec/2015:02:21:40 -0500] "POST /forms/lservlet;jsessionid=ac16012b30d7d7015606dac3460ca8e7c2d43621f2a8.e3iSbxaKaheRe38KbN0Rb34Mc3j0n6jAmljGr5XDqQLvpAe HTTP/1.1" 200 2
181.142.146.101 - - [10/Dec/2015:02:21:42 -0500] "POST /forms/lservlet;jsessionid=ac16012b30d7d7015606dac3460ca8e7c2d43621f2a8.e3iSbxaKaheRe38KbN0Rb34Mc3j0n6jAmljGr5XDqQLvpAe HTTP/1.1" 200 40
181.142.146.101 - - [10/Dec/2015:02:21:43 -0500] "POST /forms/lservlet;jsessionid=ac16012b30d7d7015606dac3460ca8e7c2d43621f2a8.e3iSbxaKaheRe38KbN0Rb34Mc3j0n6jAmljGr5XDqQLvpAe HTTP/1.1" 200 2
181.142.146.101 - - [10/Dec/2015:02:21:44 -0500] "POST /forms/lservlet;jsessionid=ac16012b30d7d7015606dac3460ca8e7c2d43621f2a8.e3iSbxaKaheRe38KbN0Rb34Mc3j0n6jAmljGr5XDqQLvpAe HTTP/1.1" 200 1991
181.142.146.101 - - [10/Dec/2015:02:21:44 -0500] "POST /forms/lservlet;jsessionid=ac16012b30d7d7015606dac3460ca8e7c2d43621f2a8.e3iSbxaKaheRe38KbN0Rb34Mc3j0n6jAmljGr5XDqQLvpAe HTTP/1.1" 200 45
181.142.146.101 - - [10/Dec/2015:02:21:46 -0500] "POST /forms/lservlet;jsessionid=ac16012b30d7d7015606dac3460ca8e7c2d43621f2a8.e3iSbxaKaheRe38KbN0Rb34Mc3j0n6jAmljGr5XDqQLvpAe HTTP/1.1" 200 86
181.142.146.101 - - [10/Dec/2015:02:21:46 -0500] "POST /forms/lservlet;jsessionid=ac16012b30d7d7015606dac3460ca8e7c2d43621f2a8.e3iSbxaKaheRe38KbN0Rb34Mc3j0n6jAmljGr5XDqQLvpAe HTTP/1.1" 200 -
66.249.74.20 - - [10/Dec/2015:02:21:52 -0500] "GET /BLA/resoluciones/RESOLUCIONES%202009/1134.pdf HTTP/1.1" 200 2413169
151.80.31.149 - - [10/Dec/2015:02:22:05 -0500] "GET /SIG/index.php?dir=&sort=name&order=desc HTTP/1.1" 200 4513
186.85.90.90 - - [10/Dec/2015:02:22:08 -0500] "POST /forms/lservlet;jsessionid=ac16012b30d7848d652c5e10464b90ebf347cb1a44d6.e3iSbxaKaheRe38KbN0Rb34Mc3j0n6jAmljGr5XDqQLvpAe HTTP/1.1" 200 2
69.162.124.233 - - [10/Dec/2015:02:23:19 -0500] "HEAD / HTTP/1.1" 200 -
100.43.91.6 - - [10/Dec/2015:02:23:40 -0500] "GET /robots.txt HTTP/1.1" 404 1019
186.85.90.90 - - [10/Dec/2015:02:24:08 -0500] "POST /forms/lservlet;jsessionid=ac16012b30d7848d652c5e10464b90ebf347cb1a44d6.e3iSbxaKaheRe38KbN0Rb34Mc3j0n6jAmljGr5XDqQLvpAe HTTP/1.1" 200 2
66.249.74.14 - - [10/Dec/2015:02:24:22 -0500] "GET /BLA/resoluciones/RESOLUCIONES%202010/2793.pdf HTTP/1.1" 200 120984
188.165.15.95 - - [10/Dec/2015:02:24:56 -0500] "GET /BLA/resoluciones/RESOLUCIONES%202005/RES%202005%2051-100/00000082.tif HTTP/1.1" 200 136822
66.249.74.20 - - [10/Dec/2015:02:25:20 -0500] "GET /BLA/resoluciones/RESOLUCIONES%202002/RES%202002%20951-1000/00000986.tif HTTP/1.1" 200 106940
186.85.90.90 - - [10/Dec/2015:02:26:09 -0500] "POST /forms/lservlet;jsessionid=ac16012b30d7848d652c5e10464b90ebf347cb1a44d6.e3iSbxaKaheRe38KbN0Rb34Mc3j0n6jAmljGr5XDqQLvpAe HTTP/1.1" 200 2
66.249.74.14 - - [10/Dec/2015:02:26:52 -0500] "GET /BLA/resoluciones/AUTOS%202010/0104.pdf HTTP/1.1" 304 -
186.85.90.90 - - [10/Dec/2015:02:28:09 -0500] "POST /forms/lservlet;jsessionid=ac16012b30d7848d652c5e10464b90ebf347cb1a44d6.e3iSbxaKaheRe38KbN0Rb34Mc3j0n6jAmljGr5XDqQLvpAe HTTP/1.1" 200 2
69.162.124.233 - - [10/Dec/2015:02:28:19 -0500] "HEAD / HTTP/1.1" 200 -
100.43.85.18 - - [10/Dec/2015:02:29:08 -0500] "GET /galeria/mapa2/aulaSantaM.jpg HTTP/1.1" 200 69216
104.197.223.109 - - [10/Dec/2015:02:29:09 -0500] "GET /galeria/galeria/jquery.fancybox.css?v=2.1.5 HTTP/1.1" 200 4895
104.197.223.109 - - [10/Dec/2015:02:29:09 -0500] "GET /BLA/boletinlegal/js/jquery.scrollShow.js HTTP/1.1" 200 4586
104.197.223.109 - - [10/Dec/2015:02:29:09 -0500] "GET /galeria/galeria/jquery.fancybox.js?v=2.1.5 HTTP/1.1" 200 48706
163.44.148.252 - - [10/Dec/2015:02:29:26 -0500] "GET /wp-login.php HTTP/1.1" 404 1018
195.154.172.59 - - [10/Dec/2015:02:29:44 -0500] "GET /galeria/galeria/jquery.fancybox.css?v=2.1.5 HTTP/1.1" 200 4895
186.85.90.90 - - [10/Dec/2015:02:30:09 -0500] "POST /forms/lservlet;jsessionid=ac16012b30d7848d652c5e10464b90ebf347cb1a44d6.e3iSbxaKaheRe38KbN0Rb34Mc3j0n6jAmljGr5XDqQLvpAe HTTP/1.1" 200 2
181.142.146.101 - - [10/Dec/2015:02:30:18 -0500] "GET /BLA/boletinlegal/consulta_actos.php?tipo=resoluciones&no=1808&usuario=&sector=SILVICULTURA&fecha=2012&resuelve= HTTP/1.1" 200 1055
181.142.146.101 - - [10/Dec/2015:02:30:19 -0500] "GET /BLA/resoluciones/RESOLUCIONES%202012/1808.pdf HTTP/1.1" 200 1297301
181.142.146.101 - - [10/Dec/2015:02:30:19 -0500] "GET /BLA/resoluciones/RESOLUCIONES%202012/1808.pdf HTTP/1.1" 206 32768
181.142.146.101 - - [10/Dec/2015:02:30:19 -0500] "GET /BLA/resoluciones/RESOLUCIONES%202012/1808.pdf HTTP/1.1" 206 1264533
207.46.13.49 - - [10/Dec/2015:02:30:35 -0500] "GET /robots.txt HTTP/1.1" 404 1019
207.46.13.49 - - [10/Dec/2015:02:30:40 -0500] "GET /dama/libreria/php/decide.php?patron=03.150311 HTTP/1.1" 404 1019
131.253.24.156 - - [10/Dec/2015:02:31:03 -0500] "GET /galeria/galeria/jquery.fancybox.js?v=2.1.5 HTTP/1.1" 200 48706
131.253.26.245 - - [10/Dec/2015:02:31:03 -0500] "GET /BLA/boletinlegal/js/jquery.scrollShow.js HTTP/1.1" 200 4586
131.253.26.245 - - [10/Dec/2015:02:31:03 -0500] "GET /galeria/galeria/jquery.fancybox.css?v=2.1.5 HTTP/1.1" 200 4895
181.142.146.101 - - [10/Dec/2015:02:31:11 -0500] "GET /BLA/resoluciones/RESOLUCIONES%202012/1808.pdf HTTP/1.1" 206 1297301
66.249.74.14 - - [10/Dec/2015:02:31:52 -0500] "GET /BLA/resoluciones/RESOLUCIONES%202013/2438.pdf HTTP/1.1" 200 1312153
186.85.90.90 - - [10/Dec/2015:02:32:09 -0500] "POST /forms/lservlet;jsessionid=ac16012b30d7848d652c5e10464b90ebf347cb1a44d6.e3iSbxaKaheRe38KbN0Rb34Mc3j0n6jAmljGr5XDqQLvpAe HTTP/1.1" 200 2
131.253.24.133 - - [10/Dec/2015:02:32:47 -0500] "GET /BLA/boletinlegal/js/jquery.scrollShow.js HTTP/1.1" 200 4586
65.55.212.78 - - [10/Dec/2015:02:32:47 -0500] "GET /galeria/galeria/jquery.fancybox.js?v=2.1.5 HTTP/1.1" 200 48706
131.253.24.133 - - [10/Dec/2015:02:32:47 -0500] "GET /galeria/galeria/jquery.fancybox.css?v=2.1.5 HTTP/1.1" 200 4895
69.162.124.233 - - [10/Dec/2015:02:33:19 -0500] "HEAD / HTTP/1.1" 200 -
157.55.39.242 - - [10/Dec/2015:02:33:42 -0500] "GET /robots.txt HTTP/1.1" 404 1019
157.55.39.242 - - [10/Dec/2015:02:33:48 -0500] "GET /portalsiaccapacitaciones/Soportes%20Capacitaciones%202013/0032.%20PRESENTACI%C3%93N%20FUENTES%20FIJAS%20-%2015%20de%20Agosto.pdf HTTP/1.1" 404 1019
186.85.90.90 - - [10/Dec/2015:02:34:09 -0500] "POST /forms/lservlet;jsessionid=ac16012b30d7848d652c5e10464b90ebf347cb1a44d6.e3iSbxaKaheRe38KbN0Rb34Mc3j0n6jAmljGr5XDqQLvpAe HTTP/1.1" 200 2
66.249.74.14 - - [10/Dec/2015:02:34:22 -0500] "GET /BLA/resoluciones/RESOLUCIONES%202013/2300.pdf HTTP/1.1" 200 577988
188.165.15.95 - - [10/Dec/2015:02:34:50 -0500] "GET /BLA/resoluciones/AUTOS%202006/AUTOS%202006%202401%20-%202500/00002402.tif HTTP/1.1" 200 76682
66.249.74.17 - - [10/Dec/2015:02:35:24 -0500] "GET /BLA/resoluciones/RESOLUCIONES%202006/RES%202006%20401-450/00000450.tif HTTP/1.1" 200 125668
186.85.90.90 - - [10/Dec/2015:02:36:10 -0500] "POST /forms/lservlet;jsessionid=ac16012b30d7848d652c5e10464b90ebf347cb1a44d6.e3iSbxaKaheRe38KbN0Rb34Mc3j0n6jAmljGr5XDqQLvpAe HTTP/1.1" 200 2
66.249.74.14 - - [10/Dec/2015:02:36:52 -0500] "GET /BLA/resoluciones/RESOLUCIONES%202007/RES%202007%203901%20AL%204000/RESOLUCION%203911%20%20DE%202007.pdf HTTP/1.1" 200 94639
188.165.15.95 - - [10/Dec/2015:02:37:04 -0500] "GET /BLA/resoluciones/RESOLUCIONES%202004/RES%202004%201101-1150/00001149.tif HTTP/1.1" 200 190526
181.142.146.101 - - [10/Dec/2015:02:37:25 -0500] "GET /BLA/boletinlegal/consulta_actos.php?tipo=resoluciones&no=1809&usuario=&sector=SILVICULTURA&fecha=2012&resuelve= HTTP/1.1" 200 1055
181.142.146.101 - - [10/Dec/2015:02:37:29 -0500] "GET /BLA/boletinlegal/consulta_actos.php?tipo=resoluciones&no=1809&usuario=&sector=SILVICULTURA&fecha=2012&resuelve= HTTP/1.1" 200 1055
