201.245.192.253 - - [17/Dec/2015:08:45:07 -0500] "GET /galeria/nivo-slider/demo/images/PREDAcamp.jpg HTTP/1.1" 200 295358
201.245.192.253 - - [17/Dec/2015:08:45:07 -0500] "GET /galeria/nivo-slider/demo/images/banner-llantas2.jpg HTTP/1.1" 200 204644
201.245.192.253 - - [17/Dec/2015:08:45:07 -0500] "GET /galeria/nivo-slider/demo/images/9Signos.jpg HTTP/1.1" 200 81776
201.245.192.253 - - [17/Dec/2015:08:45:07 -0500] "GET /galeria/nivo-slider/demo/images/Ruta-vertimientos-01.jpg HTTP/1.1" 200 130151
201.245.192.253 - - [17/Dec/2015:08:45:08 -0500] "GET /galeria/nivo-slider/demo/images/bolsas-06.jpg HTTP/1.1" 200 90982
201.245.192.253 - - [17/Dec/2015:08:45:08 -0500] "GET /galeria/nivo-slider/demo/images/Conoce-los-humedales.jpg HTTP/1.1" 200 294036
201.245.192.253 - - [17/Dec/2015:08:45:08 -0500] "GET /galeria/nivo-slider/demo/images/ecolecta-Dic2014.png HTTP/1.1" 200 288593
136.243.5.215 - - [17/Dec/2015:08:45:09 -0500] "GET /StormSDA/userFiles%20-%20Copy%2019-07-2012/user_files/86/?C=S;O=A HTTP/1.0" 200 877
136.243.5.215 - - [17/Dec/2015:08:45:10 -0500] "GET /StormSDA/userFiles%20-%20Copy%2019-07-2012/user_files/86/?C=S;O=D HTTP/1.0" 200 877
207.46.13.145 - - [17/Dec/2015:08:45:11 -0500] "GET /BLA/resoluciones/RESOLUCIONES%202009/9801.pdf HTTP/1.1" 200 639785
136.243.5.215 - - [17/Dec/2015:08:45:12 -0500] "GET /StormSDA/userFiles%20-%20Copy%2019-07-2012/user_files/87/?C=D;O=A HTTP/1.0" 200 877
136.243.5.215 - - [17/Dec/2015:08:45:14 -0500] "GET /StormSDA/userFiles%20-%20Copy%2019-07-2012/user_files/87/?C=D;O=D HTTP/1.0" 200 877
136.243.5.215 - - [17/Dec/2015:08:45:15 -0500] "GET /StormSDA/userFiles%20-%20Copy%2019-07-2012/user_files/87/?C=M;O=A HTTP/1.0" 200 877
157.55.39.98 - - [17/Dec/2015:08:45:17 -0500] "GET /BLA/resoluciones/AUTOS%202008/1066.pdf HTTP/1.1" 200 163476
136.243.5.215 - - [17/Dec/2015:08:45:17 -0500] "GET /StormSDA/userFiles%20-%20Copy%2019-07-2012/user_files/87/?C=M;O=D HTTP/1.0" 200 877
136.243.5.215 - - [17/Dec/2015:08:45:19 -0500] "GET /StormSDA/userFiles%20-%20Copy%2019-07-2012/user_files/87/?C=N;O=A HTTP/1.0" 200 877
201.245.192.253 - - [17/Dec/2015:08:45:20 -0500] "GET /galeria/nivo-slider/themes/default/arrows.png HTTP/1.1" 200 824
201.245.192.253 - - [17/Dec/2015:08:45:20 -0500] "GET /galeria/nivo-slider/themes/default/bullets.png HTTP/1.1" 200 1281
136.243.5.215 - - [17/Dec/2015:08:45:20 -0500] "GET /StormSDA/userFiles%20-%20Copy%2019-07-2012/user_files/87/?C=N;O=D HTTP/1.0" 200 877
136.243.5.215 - - [17/Dec/2015:08:45:22 -0500] "GET /StormSDA/userFiles%20-%20Copy%2019-07-2012/user_files/87/?C=S;O=A HTTP/1.0" 200 877
136.243.5.215 - - [17/Dec/2015:08:45:24 -0500] "GET /StormSDA/userFiles%20-%20Copy%2019-07-2012/user_files/87/?C=S;O=D HTTP/1.0" 200 877
201.245.192.253 - - [17/Dec/2015:08:45:25 -0500] "GET /BLA/boletinlegal/js/jquery.scrollShow.js HTTP/1.1" 304 -
201.245.192.253 - - [17/Dec/2015:08:45:25 -0500] "GET /galeria/galeria/jquery.fancybox.js?v=2.1.5 HTTP/1.1" 304 -
201.245.192.253 - - [17/Dec/2015:08:45:25 -0500] "GET /galeria/galeria/jquery.fancybox.css?v=2.1.5 HTTP/1.1" 304 -
136.243.5.215 - - [17/Dec/2015:08:45:25 -0500] "GET /StormSDA/userFiles%20-%20Copy%2019-07-2012/user_files/88/?C=D;O=A HTTP/1.0" 200 877
207.46.13.145 - - [17/Dec/2015:08:45:27 -0500] "GET /BLA/resoluciones/AUTOS%202013/3587.pdf HTTP/1.1" 200 1197192
136.243.5.215 - - [17/Dec/2015:08:45:27 -0500] "GET /StormSDA/userFiles%20-%20Copy%2019-07-2012/user_files/88/?C=M;O=A HTTP/1.0" 200 877
207.46.13.145 - - [17/Dec/2015:08:45:27 -0500] "GET /BLA/resoluciones/AUTOS%202008/1373.pdf HTTP/1.1" 200 71637
136.243.5.215 - - [17/Dec/2015:08:45:29 -0500] "GET /StormSDA/userFiles%20-%20Copy%2019-07-2012/user_files/88/?C=N;O=D HTTP/1.0" 200 877
136.243.5.215 - - [17/Dec/2015:08:45:31 -0500] "GET /StormSDA/userFiles%20-%20Copy%2019-07-2012/user_files/88/?C=S;O=A HTTP/1.0" 200 877
157.55.39.98 - - [17/Dec/2015:08:45:32 -0500] "GET /BLA/resoluciones/RESOLUCIONES%202010/6799.pdf HTTP/1.1" 200 288236
157.55.39.98 - - [17/Dec/2015:08:45:32 -0500] "GET /BLA/resoluciones/RESOLUCIONES%202008/1401.pdf HTTP/1.1" 200 178765
136.243.5.215 - - [17/Dec/2015:08:45:33 -0500] "GET /StormSDA/userFiles%20-%20Copy%2019-07-2012/user_files/89/?C=D;O=A HTTP/1.0" 200 877
157.55.39.98 - - [17/Dec/2015:08:45:33 -0500] "GET /BLA/resoluciones/AUTOS%202007/2215.pdf HTTP/1.1" 200 85140
157.55.39.98 - - [17/Dec/2015:08:45:34 -0500] "GET /BLA/resoluciones/RESOLUCIONES%202011/0503.pdf HTTP/1.1" 200 795552
136.243.5.215 - - [17/Dec/2015:08:45:34 -0500] "GET /StormSDA/userFiles%20-%20Copy%2019-07-2012/user_files/89/?C=M;O=A HTTP/1.0" 200 877
136.243.5.215 - - [17/Dec/2015:08:45:36 -0500] "GET /StormSDA/userFiles%20-%20Copy%2019-07-2012/user_files/89/?C=N;O=D HTTP/1.0" 200 877
136.243.5.215 - - [17/Dec/2015:08:45:38 -0500] "GET /StormSDA/userFiles%20-%20Copy%2019-07-2012/user_files/89/?C=S;O=A HTTP/1.0" 200 877
136.243.5.215 - - [17/Dec/2015:08:45:40 -0500] "GET /StormSDA/userFiles%20-%20Copy%2019-07-2012/user_files/90/?C=D;O=A HTTP/1.0" 200 877
136.243.5.215 - - [17/Dec/2015:08:45:42 -0500] "GET /StormSDA/userFiles%20-%20Copy%2019-07-2012/user_files/90/?C=M;O=A HTTP/1.0" 200 877
136.243.5.215 - - [17/Dec/2015:08:45:43 -0500] "GET /StormSDA/userFiles%20-%20Copy%2019-07-2012/user_files/90/?C=N;O=D HTTP/1.0" 200 877
186.80.84.43 - - [17/Dec/2015:08:45:43 -0500] "GET /BLA/boletinlegal/js/jquery.scrollShow.js HTTP/1.1" 200 4586
186.80.84.43 - - [17/Dec/2015:08:45:43 -0500] "GET /galeria/galeria/jquery.fancybox.css?v=2.1.5 HTTP/1.1" 200 4895
186.80.84.43 - - [17/Dec/2015:08:45:43 -0500] "GET /galeria/galeria/jquery.fancybox.js?v=2.1.5 HTTP/1.1" 200 48706
136.243.5.215 - - [17/Dec/2015:08:45:44 -0500] "GET /robots.txt HTTP/1.0" 404 1019
136.243.5.215 - - [17/Dec/2015:08:45:46 -0500] "GET /StormSDA/userFiles%20-%20Copy%2019-07-2012/user_files/90/?C=S;O=A HTTP/1.0" 200 877
186.80.84.43 - - [17/Dec/2015:08:45:47 -0500] "GET /galeria/galeria/jquery.fancybox.css?v=2.1.5 HTTP/1.1" 200 4895
186.80.84.43 - - [17/Dec/2015:08:45:47 -0500] "GET /galeria/galeria/jquery.fancybox.js?v=2.1.5 HTTP/1.1" 200 48706
186.80.84.43 - - [17/Dec/2015:08:45:47 -0500] "GET /BLA/boletinlegal/js/jquery.scrollShow.js HTTP/1.1" 200 4586
190.69.221.20 - - [17/Dec/2015:08:45:47 -0500] "GET /BLA/boletinlegal/js/jquery.scrollShow.js HTTP/1.1" 200 4586
190.69.221.20 - - [17/Dec/2015:08:45:47 -0500] "GET /galeria/galeria/jquery.fancybox.js?v=2.1.5 HTTP/1.1" 200 48706
190.69.221.20 - - [17/Dec/2015:08:45:47 -0500] "GET /galeria/galeria/jquery.fancybox.css?v=2.1.5 HTTP/1.1" 200 4895
136.243.5.215 - - [17/Dec/2015:08:45:48 -0500] "GET /StormSDA/userFiles%20-%20Copy%2019-07-2012/user_files/91/?C=D;O=A HTTP/1.0" 200 877
136.243.5.215 - - [17/Dec/2015:08:45:49 -0500] "GET /StormSDA/userFiles%20-%20Copy%2019-07-2012/user_files/91/?C=M;O=A HTTP/1.0" 200 877
136.243.5.215 - - [17/Dec/2015:08:45:51 -0500] "GET /StormSDA/userFiles%20-%20Copy%2019-07-2012/user_files/91/?C=N;O=D HTTP/1.0" 200 877
136.243.5.215 - - [17/Dec/2015:08:45:53 -0500] "GET /StormSDA/userFiles%20-%20Copy%2019-07-2012/user_files/91/?C=S;O=A HTTP/1.0" 200 877
190.69.221.20 - - [17/Dec/2015:08:45:54 -0500] "GET /BLA/boletinlegal/js/jquery.scrollShow.js HTTP/1.1" 304 -
190.69.221.20 - - [17/Dec/2015:08:45:54 -0500] "GET /galeria/galeria/jquery.fancybox.js?v=2.1.5 HTTP/1.1" 304 -
190.69.221.20 - - [17/Dec/2015:08:45:54 -0500] "GET /galeria/galeria/jquery.fancybox.css?v=2.1.5 HTTP/1.1" 304 -
136.243.5.215 - - [17/Dec/2015:08:45:54 -0500] "GET /StormSDA/userFiles%20-%20Copy%2019-07-2012/user_files/92/?C=D;O=A HTTP/1.0" 200 877
136.243.5.215 - - [17/Dec/2015:08:45:56 -0500] "GET /StormSDA/userFiles%20-%20Copy%2019-07-2012/user_files/92/?C=M;O=A HTTP/1.0" 200 877
136.243.5.215 - - [17/Dec/2015:08:45:58 -0500] "GET /StormSDA/userFiles%20-%20Copy%2019-07-2012/user_files/92/?C=N;O=D HTTP/1.0" 200 877
136.243.5.215 - - [17/Dec/2015:08:46:00 -0500] "GET /StormSDA/userFiles%20-%20Copy%2019-07-2012/user_files/92/?C=S;O=A HTTP/1.0" 200 877
136.243.5.215 - - [17/Dec/2015:08:46:01 -0500] "GET /StormSDA/userFiles%20-%20Copy%2019-07-2012/user_files/93/?C=D;O=A HTTP/1.0" 200 877
157.55.39.98 - - [17/Dec/2015:08:46:02 -0500] "GET /BLA/resoluciones/RESOLUCIONES%202009/8598.pdf HTTP/1.1" 200 515555
136.243.5.215 - - [17/Dec/2015:08:46:03 -0500] "GET /StormSDA/userFiles%20-%20Copy%2019-07-2012/user_files/93/?C=M;O=A HTTP/1.0" 200 877
136.243.5.215 - - [17/Dec/2015:08:46:05 -0500] "GET /StormSDA/userFiles%20-%20Copy%2019-07-2012/user_files/93/?C=N;O=D HTTP/1.0" 200 877
181.112.83.20 - - [17/Dec/2015:08:46:06 -0500] "GET /BLA/boletinlegal/js/jquery.scrollShow.js HTTP/1.1" 200 4586
181.112.83.20 - - [17/Dec/2015:08:46:06 -0500] "GET /galeria/galeria/jquery.fancybox.js?v=2.1.5 HTTP/1.1" 200 48706
136.243.5.215 - - [17/Dec/2015:08:46:07 -0500] "GET /StormSDA/userFiles%20-%20Copy%2019-07-2012/user_files/93/?C=S;O=A HTTP/1.0" 200 877
136.243.5.215 - - [17/Dec/2015:08:46:08 -0500] "GET /StormSDA/userFiles%20-%20Copy%2019-07-2012/user_files/94/?C=D;O=A HTTP/1.0" 200 877
136.243.5.215 - - [17/Dec/2015:08:46:10 -0500] "GET /StormSDA/userFiles%20-%20Copy%2019-07-2012/user_files/94/?C=M;O=A HTTP/1.0" 200 877
136.243.5.215 - - [17/Dec/2015:08:46:12 -0500] "GET /StormSDA/userFiles%20-%20Copy%2019-07-2012/user_files/94/?C=N;O=D HTTP/1.0" 200 877
136.243.5.215 - - [17/Dec/2015:08:46:13 -0500] "GET /StormSDA/userFiles%20-%20Copy%2019-07-2012/user_files/94/?C=S;O=A HTTP/1.0" 200 877
136.243.5.215 - - [17/Dec/2015:08:46:15 -0500] "GET /StormSDA/userFiles%20-%20Copy%2019-07-2012/user_files/95/?C=D;O=A HTTP/1.0" 200 877
136.243.5.215 - - [17/Dec/2015:08:46:17 -0500] "GET /StormSDA/userFiles%20-%20Copy%2019-07-2012/user_files/95/?C=M;O=A HTTP/1.0" 200 877
207.46.13.145 - - [17/Dec/2015:08:46:18 -0500] "GET /BLA/resoluciones/RESOLUCIONES%202012/1370.pdf HTTP/1.1" 200 962967
136.243.5.215 - - [17/Dec/2015:08:46:19 -0500] "GET /StormSDA/userFiles%20-%20Copy%2019-07-2012/user_files/95/?C=N;O=D HTTP/1.0" 200 877
136.243.5.215 - - [17/Dec/2015:08:46:20 -0500] "GET /robots.txt HTTP/1.0" 404 1019
136.243.5.215 - - [17/Dec/2015:08:46:21 -0500] "GET /StormSDA/userFiles%20-%20Copy%2019-07-2012/user_files/95/?C=S;O=A HTTP/1.0" 200 877
136.243.5.215 - - [17/Dec/2015:08:46:23 -0500] "GET /StormSDA/userFiles%20-%20Copy%2019-07-2012/user_files/96/?C=D;O=A HTTP/1.0" 200 877
136.243.5.215 - - [17/Dec/2015:08:46:25 -0500] "GET /StormSDA/userFiles%20-%20Copy%2019-07-2012/user_files/96/?C=M;O=A HTTP/1.0" 200 877
136.243.5.215 - - [17/Dec/2015:08:46:26 -0500] "GET /StormSDA/userFiles%20-%20Copy%2019-07-2012/user_files/96/?C=N;O=D HTTP/1.0" 200 877
136.243.5.215 - - [17/Dec/2015:08:46:28 -0500] "GET /StormSDA/userFiles%20-%20Copy%2019-07-2012/user_files/96/?C=S;O=A HTTP/1.0" 200 877
136.243.5.215 - - [17/Dec/2015:08:46:30 -0500] "GET /StormSDA/userFiles%20-%20Copy%2019-07-2012/user_files/97/?C=D;O=A HTTP/1.0" 200 877
181.112.83.20 - - [17/Dec/2015:08:46:30 -0500] "GET /BLA/boletinlegal/js/jquery.scrollShow.js HTTP/1.1" 304 -
181.112.83.20 - - [17/Dec/2015:08:46:30 -0500] "GET /galeria/galeria/jquery.fancybox.js?v=2.1.5 HTTP/1.1" 304 -
136.243.5.215 - - [17/Dec/2015:08:46:32 -0500] "GET /StormSDA/userFiles%20-%20Copy%2019-07-2012/user_files/97/?C=M;O=A HTTP/1.0" 200 877
136.243.5.215 - - [17/Dec/2015:08:46:32 -0500] "GET /robots.txt HTTP/1.0" 404 1019
136.243.5.215 - - [17/Dec/2015:08:46:34 -0500] "GET /StormSDA/userFiles%20-%20Copy%2019-07-2012/user_files/97/?C=N;O=D HTTP/1.0" 200 877
136.243.5.215 - - [17/Dec/2015:08:46:36 -0500] "GET /StormSDA/userFiles%20-%20Copy%2019-07-2012/user_files/97/?C=S;O=A HTTP/1.0" 200 877
190.25.157.12 - - [17/Dec/2015:08:46:36 -0500] "POST /forms/lservlet;jsessionid=ac16012b30d770bb84cf4b1f4ca394a0e8330d7c064a.e3iSbxaKaheRe38KbN0Rb34Mc3j0n6jAmljGr5XDqQLvpAe HTTP/1.1" 200 2
190.157.100.49 - - [17/Dec/2015:08:46:37 -0500] "GET /Report2/ HTTP/1.1" 404 1120
190.157.100.49 - - [17/Dec/2015:08:46:37 -0500] "GET /favicon.ico HTTP/1.1" 200 7782
136.243.5.215 - - [17/Dec/2015:08:46:37 -0500] "GET /StormSDA/userFiles%20-%20Copy%2019-07-2012/user_files/98/?C=D;O=A HTTP/1.0" 200 877
136.243.5.215 - - [17/Dec/2015:08:46:39 -0500] "GET /StormSDA/userFiles%20-%20Copy%2019-07-2012/user_files/98/?C=M;O=A HTTP/1.0" 200 877
136.243.5.215 - - [17/Dec/2015:08:46:41 -0500] "GET /StormSDA/userFiles%20-%20Copy%2019-07-2012/user_files/98/?C=N;O=D HTTP/1.0" 200 877
157.55.39.98 - - [17/Dec/2015:08:46:42 -0500] "GET /BLA/resoluciones/RESOLUCIONES%202010/0555.pdf HTTP/1.1" 200 97575
136.243.5.215 - - [17/Dec/2015:08:46:42 -0500] "GET /StormSDA/userFiles%20-%20Copy%2019-07-2012/user_files/98/?C=S;O=A HTTP/1.0" 200 877
157.55.39.98 - - [17/Dec/2015:08:46:43 -0500] "GET /BLA/resoluciones/RESOLUCIONES%202011/0557.pdf HTTP/1.1" 200 67811
136.243.5.215 - - [17/Dec/2015:08:46:44 -0500] "GET /StormSDA/userFiles%20-%20Copy%2019-07-2012/user_files/?C=D;O=D HTTP/1.0" 200 5684
136.243.5.215 - - [17/Dec/2015:08:46:46 -0500] "GET /StormSDA/userFiles%20-%20Copy%2019-07-2012/user_files/?C=M;O=D HTTP/1.0" 200 5684
207.46.13.145 - - [17/Dec/2015:08:46:48 -0500] "GET /BLA/resoluciones/AUTOS%202010/0619.pdf HTTP/1.1" 200 162620
136.243.5.215 - - [17/Dec/2015:08:46:48 -0500] "GET /StormSDA/userFiles%20-%20Copy%2019-07-2012/user_files/?C=N;O=A HTTP/1.0" 200 5684
190.66.18.194 - - [17/Dec/2015:08:46:48 -0500] "GET /BLA/boletinlegal/js/jquery.scrollShow.js HTTP/1.1" 200 4586
190.66.18.194 - - [17/Dec/2015:08:46:48 -0500] "GET /galeria/galeria/jquery.fancybox.css?v=2.1.5 HTTP/1.1" 200 4895
190.66.18.194 - - [17/Dec/2015:08:46:49 -0500] "GET /galeria/galeria/jquery.fancybox.js?v=2.1.5 HTTP/1.1" 200 48706
66.249.66.121 - - [17/Dec/2015:08:46:50 -0500] "GET /BLA/resoluciones/RESOLUCIONES%202005/RES%202005%201101-1150/00001143.tif HTTP/1.1" 200 147996
136.243.5.215 - - [17/Dec/2015:08:46:50 -0500] "GET /StormSDA/userFiles%20-%20Copy%2019-07-2012/user_files/?C=S;O=D HTTP/1.0" 200 5684
136.243.5.215 - - [17/Dec/2015:08:46:52 -0500] "GET /StormSDA/userFiles%20-%20Copy%2019-07-2012/user_files/formatos/1.xml HTTP/1.0" 200 3276
136.243.5.215 - - [17/Dec/2015:08:46:54 -0500] "GET /StormSDA/userFiles%20-%20Copy%2019-07-2012/user_files/formatos/2.xml HTTP/1.0" 200 1629
136.243.5.215 - - [17/Dec/2015:08:46:56 -0500] "GET /StormSDA/userFiles%20-%20Copy%2019-07-2012/user_files/formatos/?C=D;O=A HTTP/1.0" 200 1518
136.243.5.215 - - [17/Dec/2015:08:46:57 -0500] "GET /StormSDA/userFiles%20-%20Copy%2019-07-2012/user_files/formatos/?C=M;O=A HTTP/1.0" 200 1518
136.243.5.215 - - [17/Dec/2015:08:46:59 -0500] "GET /StormSDA/userFiles%20-%20Copy%2019-07-2012/user_files/formatos/?C=N;O=D HTTP/1.0" 200 1518
136.243.5.215 - - [17/Dec/2015:08:47:01 -0500] "GET /StormSDA/userFiles%20-%20Copy%2019-07-2012/user_files/formatos/?C=S;O=A HTTP/1.0" 200 1518
136.243.5.215 - - [17/Dec/2015:08:47:03 -0500] "GET /StormSDA/userFiles%20-%20Copy%2019-07-2012/user_files/formulas/?C=D;O=A HTTP/1.0" 200 1504
136.243.5.215 - - [17/Dec/2015:08:47:03 -0500] "GET /robots.txt HTTP/1.0" 404 1019
136.243.5.215 - - [17/Dec/2015:08:47:05 -0500] "GET /StormSDA/userFiles%20-%20Copy%2019-07-2012/user_files/formulas/?C=M;O=A HTTP/1.0" 200 1504
136.243.5.215 - - [17/Dec/2015:08:47:07 -0500] "GET /StormSDA/userFiles%20-%20Copy%2019-07-2012/user_files/formulas/?C=N;O=D HTTP/1.0" 200 1504
181.136.73.222 - - [17/Dec/2015:08:47:08 -0500] "GET /BLA/boletinlegal/js/jquery.scrollShow.js HTTP/1.1" 200 4586
181.136.73.222 - - [17/Dec/2015:08:47:08 -0500] "GET /galeria/galeria/jquery.fancybox.js?v=2.1.5 HTTP/1.1" 200 48706
181.136.73.222 - - [17/Dec/2015:08:47:08 -0500] "GET /galeria/galeria/jquery.fancybox.css?v=2.1.5 HTTP/1.1" 200 4895
136.243.5.215 - - [17/Dec/2015:08:47:08 -0500] "GET /StormSDA/userFiles%20-%20Copy%2019-07-2012/user_files/formulas/?C=S;O=A HTTP/1.0" 200 1504
136.243.5.215 - - [17/Dec/2015:08:47:10 -0500] "GET /StormSDA/userFiles%20-%20Copy%2019-07-2012/user_files/listas/0.xml HTTP/1.0" 200 90
136.243.5.215 - - [17/Dec/2015:08:47:12 -0500] "GET /StormSDA/userFiles%20-%20Copy%2019-07-2012/user_files/listas/1.xml HTTP/1.0" 200 190
136.243.5.215 - - [17/Dec/2015:08:47:13 -0500] "GET /StormSDA/userFiles%20-%20Copy%2019-07-2012/user_files/listas/?C=D;O=A HTTP/1.0" 200 1303
136.243.5.215 - - [17/Dec/2015:08:47:15 -0500] "GET /StormSDA/userFiles%20-%20Copy%2019-07-2012/user_files/listas/?C=M;O=A HTTP/1.0" 200 1303
136.243.5.215 - - [17/Dec/2015:08:47:17 -0500] "GET /StormSDA/userFiles%20-%20Copy%2019-07-2012/user_files/listas/?C=N;O=D HTTP/1.0" 200 1303
157.55.39.98 - - [17/Dec/2015:08:47:17 -0500] "GET /BLA/resoluciones/AUTOS%202013/0447.pdf HTTP/1.1" 200 2224061
136.243.5.215 - - [17/Dec/2015:08:47:18 -0500] "GET /StormSDA/userFiles%20-%20Copy%2019-07-2012/user_files/listas/?C=S;O=A HTTP/1.0" 200 1303
136.243.5.215 - - [17/Dec/2015:08:47:20 -0500] "GET /StormSDA/userFiles/?C=D;O=A HTTP/1.0" 200 6087
207.46.13.145 - - [17/Dec/2015:08:47:21 -0500] "GET /BLA/resoluciones/RESOLUCIONES%202010/0931.pdf HTTP/1.1" 200 104044
136.243.5.215 - - [17/Dec/2015:08:47:22 -0500] "GET /StormSDA/userFiles/?C=D;O=D HTTP/1.0" 200 6087
136.243.5.215 - - [17/Dec/2015:08:47:24 -0500] "GET /StormSDA/userFiles/?C=M;O=A HTTP/1.0" 200 6087
136.243.5.215 - - [17/Dec/2015:08:47:26 -0500] "GET /StormSDA/userFiles/?C=M;O=D HTTP/1.0" 200 6087
157.55.39.98 - - [17/Dec/2015:08:47:27 -0500] "GET /BLA/resoluciones/AUTOS%202008/2394.pdf HTTP/1.1" 200 97060
157.55.39.98 - - [17/Dec/2015:08:47:27 -0500] "GET /BLA/resoluciones/RESOLUCIONES%202008/5164.pdf HTTP/1.1" 200 348765
136.243.5.215 - - [17/Dec/2015:08:47:27 -0500] "GET /StormSDA/userFiles/?C=N;O=A HTTP/1.0" 200 6087
136.243.5.215 - - [17/Dec/2015:08:47:29 -0500] "GET /StormSDA/userFiles/?C=N;O=D HTTP/1.0" 200 6087
207.46.13.145 - - [17/Dec/2015:08:47:31 -0500] "GET /BLA/resoluciones/AUTOS%202014/1582.pdf HTTP/1.1" 200 788122
136.243.5.215 - - [17/Dec/2015:08:47:31 -0500] "GET /StormSDA/userFiles/?C=S;O=A HTTP/1.0" 200 6087
136.243.5.215 - - [17/Dec/2015:08:47:33 -0500] "GET /StormSDA/userFiles/?C=S;O=D HTTP/1.0" 200 6087
136.243.5.215 - - [17/Dec/2015:08:47:35 -0500] "GET /StormSDA/userFiles/UpdateReg.xml HTTP/1.0" 200 1238
190.255.40.77 - - [17/Dec/2015:08:47:35 -0500] "GET /galeria/galeria/jquery.fancybox.css?v=2.1.5 HTTP/1.1" 200 4895
190.255.40.77 - - [17/Dec/2015:08:47:35 -0500] "GET /BLA/boletinlegal/js/jquery.scrollShow.js HTTP/1.1" 200 4586
190.255.40.77 - - [17/Dec/2015:08:47:35 -0500] "GET /galeria/galeria/jquery.fancybox.js?v=2.1.5 HTTP/1.1" 200 48706
136.243.5.215 - - [17/Dec/2015:08:47:37 -0500] "GET /StormSDA/userFiles/backup%2027-09-2012/?C=D;O=D HTTP/1.0" 200 5696
207.46.13.145 - - [17/Dec/2015:08:47:38 -0500] "GET /BLA/resoluciones/RESOLUCIONES%202011/1295.pdf HTTP/1.1" 200 272282
136.243.5.215 - - [17/Dec/2015:08:47:39 -0500] "GET /StormSDA/userFiles/backup%2027-09-2012/?C=M;O=D HTTP/1.0" 200 5696
136.243.5.215 - - [17/Dec/2015:08:47:41 -0500] "GET /StormSDA/userFiles/backup%2027-09-2012/?C=N;O=A HTTP/1.0" 200 5696
136.243.5.215 - - [17/Dec/2015:08:47:43 -0500] "GET /StormSDA/userFiles/backup%2027-09-2012/?C=S;O=D HTTP/1.0" 200 5696
136.243.5.215 - - [17/Dec/2015:08:47:44 -0500] "GET /StormSDA/userFiles/update.txt HTTP/1.0" 200 33
136.243.5.215 - - [17/Dec/2015:08:47:46 -0500] "GET /StormSDA/userFiles/user_files/1/?C=D;O=A HTTP/1.0" 200 1691
66.249.66.117 - - [17/Dec/2015:08:47:46 -0500] "GET /BLA/resoluciones/RESOLUCIONES%202008/3853.pdf HTTP/1.1" 200 430129
201.245.192.253 - - [17/Dec/2015:08:47:47 -0500] "GET /galeria/galeria/jquery.fancybox.css?v=2.1.5 HTTP/1.1" 304 -
201.245.192.253 - - [17/Dec/2015:08:47:47 -0500] "GET /galeria/carrusel/Carrusel/jquery.thumbnailScroller.css HTTP/1.1" 304 -
201.245.192.253 - - [17/Dec/2015:08:47:47 -0500] "GET /BLA/boletinlegal/js/jquery.scrollShow.js HTTP/1.1" 304 -
201.245.192.253 - - [17/Dec/2015:08:47:47 -0500] "GET /galeria/galeria/jquery.fancybox.js?v=2.1.5 HTTP/1.1" 304 -
201.245.192.253 - - [17/Dec/2015:08:47:47 -0500] "GET /galeria/carrusel/Carrusel/jquery-ui-1.8.13.custom.min.js HTTP/1.1" 304 -
201.245.192.253 - - [17/Dec/2015:08:47:47 -0500] "GET /galeria/carrusel/Carrusel/jquery.thumbnailScroller.js HTTP/1.1" 304 -
207.46.13.145 - - [17/Dec/2015:08:47:48 -0500] "GET /BLA/resoluciones/AUTOS%202008/0919.pdf HTTP/1.1" 200 78401
136.243.5.215 - - [17/Dec/2015:08:47:48 -0500] "GET /StormSDA/userFiles/user_files/1/?C=M;O=A HTTP/1.0" 200 1691
201.245.192.253 - - [17/Dec/2015:08:47:48 -0500] "GET /galeria/nivo-slider/demo/demo.html HTTP/1.1" 200 4226
201.245.192.253 - - [17/Dec/2015:08:47:49 -0500] "GET /galeria/nivo-slider/themes/default/default.css HTTP/1.1" 200 1569
201.245.192.253 - - [17/Dec/2015:08:47:49 -0500] "GET /galeria/nivo-slider/themes/orman/orman.css HTTP/1.1" 304 -
201.245.192.253 - - [17/Dec/2015:08:47:49 -0500] "GET /galeria/nivo-slider/themes/pascal/pascal.css HTTP/1.1" 304 -
201.245.192.253 - - [17/Dec/2015:08:47:49 -0500] "GET /galeria/nivo-slider/nivo-slider.css HTTP/1.1" 304 -
201.245.192.253 - - [17/Dec/2015:08:47:49 -0500] "GET /galeria/nivo-slider/demo/images/Programacion-navidena.jpg HTTP/1.1" 200 316038
201.245.192.253 - - [17/Dec/2015:08:47:49 -0500] "GET /galeria/nivo-slider/demo/style.css HTTP/1.1" 304 -
201.245.192.253 - - [17/Dec/2015:08:47:49 -0500] "GET /galeria/nivo-slider/jquery.nivo.slider.pack.js HTTP/1.1" 304 -
201.245.192.253 - - [17/Dec/2015:08:47:49 -0500] "GET /galeria/nivo-slider/demo/images/2Banner-encuestaSDA.jpg HTTP/1.1" 200 208228
201.245.192.253 - - [17/Dec/2015:08:47:49 -0500] "GET /galeria/nivo-slider/demo/images/ABC-Plan-de-contigencia.jpg HTTP/1.1" 200 401853
201.245.192.253 - - [17/Dec/2015:08:47:49 -0500] "GET /galeria/nivo-slider/demo/scripts/jquery-1.7.1.min.js HTTP/1.1" 304 -
201.245.192.253 - - [17/Dec/2015:08:47:49 -0500] "GET /galeria/nivo-slider/demo/images/banner-llantas2015.jpg HTTP/1.1" 200 185615
201.245.192.253 - - [17/Dec/2015:08:47:49 -0500] "GET /galeria/nivo-slider/demo/images/caminata-ecologica.jpg HTTP/1.1" 200 161069
201.245.192.253 - - [17/Dec/2015:08:47:49 -0500] "GET /galeria/nivo-slider/demo/images/4Simple_Slider.png HTTP/1.1" 304 -
201.245.192.253 - - [17/Dec/2015:08:47:49 -0500] "GET /galeria/nivo-slider/themes/default/loading.gif HTTP/1.1" 304 -
136.243.5.215 - - [17/Dec/2015:08:47:49 -0500] "GET /StormSDA/userFiles/user_files/1/?C=N;O=D HTTP/1.0" 200 1691
201.245.192.253 - - [17/Dec/2015:08:47:49 -0500] "GET /galeria/nivo-slider/demo/images/Banner-ahorro-de-agua.jpg HTTP/1.1" 200 149141
201.245.192.253 - - [17/Dec/2015:08:47:50 -0500] "GET /galeria/nivo-slider/demo/images/Cmapana-onestidad.jpg HTTP/1.1" 200 141638
201.245.192.253 - - [17/Dec/2015:08:47:50 -0500] "GET /galeria/nivo-slider/demo/images/PREDAcamp.jpg HTTP/1.1" 304 -
201.245.192.253 - - [17/Dec/2015:08:47:50 -0500] "GET /galeria/nivo-slider/demo/images/banner-llantas2.jpg HTTP/1.1" 304 -
201.245.192.253 - - [17/Dec/2015:08:47:50 -0500] "GET /galeria/nivo-slider/demo/images/9Signos.jpg HTTP/1.1" 304 -
201.245.192.253 - - [17/Dec/2015:08:47:50 -0500] "GET /galeria/nivo-slider/demo/images/Ruta-vertimientos-01.jpg HTTP/1.1" 304 -
201.245.192.253 - - [17/Dec/2015:08:47:50 -0500] "GET /galeria/nivo-slider/demo/images/bolsas-06.jpg HTTP/1.1" 304 -
201.245.192.253 - - [17/Dec/2015:08:47:50 -0500] "GET /galeria/nivo-slider/demo/images/Conoce-los-humedales.jpg HTTP/1.1" 304 -
201.245.192.253 - - [17/Dec/2015:08:47:50 -0500] "GET /galeria/nivo-slider/demo/images/ecolecta-Dic2014.png HTTP/1.1" 304 -
201.245.192.253 - - [17/Dec/2015:08:47:51 -0500] "GET /galeria/nivo-slider/themes/default/arrows.png HTTP/1.1" 304 -
201.245.192.253 - - [17/Dec/2015:08:47:51 -0500] "GET /galeria/nivo-slider/themes/default/bullets.png HTTP/1.1" 304 -
136.243.5.215 - - [17/Dec/2015:08:47:51 -0500] "GET /StormSDA/userFiles/user_files/1/?C=S;O=A HTTP/1.0" 200 1691
207.46.13.145 - - [17/Dec/2015:08:47:53 -0500] "GET /BLA/resoluciones/RESOLUCIONES%202010/3073.pdf HTTP/1.1" 200 434127
136.243.5.215 - - [17/Dec/2015:08:47:53 -0500] "GET /StormSDA/userFiles/user_files/1/asocia.xml HTTP/1.0" 200 315
186.119.247.73 - - [17/Dec/2015:08:47:53 -0500] "GET /BLA/resoluciones/RESOLUCIONES%202012/1230.pdf HTTP/1.1" 200 533724
186.119.247.73 - - [17/Dec/2015:08:47:53 -0500] "GET /BLA/resoluciones/RESOLUCIONES%202012/1230.pdf HTTP/1.1" 206 32768
186.119.247.73 - - [17/Dec/2015:08:47:54 -0500] "GET /BLA/resoluciones/RESOLUCIONES%202012/1230.pdf HTTP/1.1" 206 500956
136.243.5.215 - - [17/Dec/2015:08:47:55 -0500] "GET /StormSDA/userFiles/user_files/1/asociaFormula.xml HTTP/1.0" 200 55
186.119.247.73 - - [17/Dec/2015:08:47:56 -0500] "GET /favicon.ico HTTP/1.1" 200 7782
136.243.5.215 - - [17/Dec/2015:08:47:56 -0500] "GET /StormSDA/userFiles/user_files/1/desasocia.xml HTTP/1.0" 200 58
157.55.39.98 - - [17/Dec/2015:08:47:57 -0500] "GET /transparencia/financiera/Presupuesto/? HTTP/1.1" 200 3830
136.243.5.215 - - [17/Dec/2015:08:47:58 -0500] "GET /StormSDA/userFiles/user_files/1/desasociaFormula.xml HTTP/1.0" 200 58
136.243.5.215 - - [17/Dec/2015:08:47:59 -0500] "GET /StormSDA/userFiles/user_files/85/?C=D;O=A HTTP/1.0" 200 817
136.243.5.215 - - [17/Dec/2015:08:48:01 -0500] "GET /StormSDA/userFiles/user_files/85/?C=M;O=A HTTP/1.0" 200 817
136.243.5.215 - - [17/Dec/2015:08:48:03 -0500] "GET /StormSDA/userFiles/user_files/85/?C=N;O=D HTTP/1.0" 200 817
136.243.5.215 - - [17/Dec/2015:08:48:05 -0500] "GET /StormSDA/userFiles/user_files/85/?C=S;O=A HTTP/1.0" 200 817
136.243.5.215 - - [17/Dec/2015:08:48:06 -0500] "GET /StormSDA/userFiles/user_files/86/?C=D;O=A HTTP/1.0" 200 817
200.119.90.246 - - [17/Dec/2015:08:48:07 -0500] "GET /galeria/galeria/jquery.fancybox.css?v=2.1.5 HTTP/1.0" 200 4895
200.119.90.246 - - [17/Dec/2015:08:48:07 -0500] "GET /BLA/boletinlegal/js/jquery.scrollShow.js HTTP/1.0" 200 4586
200.119.90.246 - - [17/Dec/2015:08:48:07 -0500] "GET /galeria/galeria/jquery.fancybox.js?v=2.1.5 HTTP/1.0" 200 48706
207.46.13.145 - - [17/Dec/2015:08:48:08 -0500] "GET /BLA/resoluciones/AUTOS%202011/3389.pdf HTTP/1.1" 200 406379
136.243.5.215 - - [17/Dec/2015:08:48:08 -0500] "GET /StormSDA/userFiles/user_files/86/?C=M;O=A HTTP/1.0" 200 817
136.243.5.215 - - [17/Dec/2015:08:48:10 -0500] "GET /StormSDA/userFiles/user_files/86/?C=N;O=D HTTP/1.0" 200 817
136.243.5.215 - - [17/Dec/2015:08:48:11 -0500] "GET /StormSDA/userFiles/user_files/86/?C=S;O=A HTTP/1.0" 200 817
136.243.5.215 - - [17/Dec/2015:08:48:13 -0500] "GET /StormSDA/userFiles/user_files/87/?C=D;O=A HTTP/1.0" 200 817
201.245.192.253 - - [17/Dec/2015:08:48:14 -0500] "GET /galeria/galeria/jquery.fancybox.js?v=2.1.5 HTTP/1.1" 304 -
201.245.192.253 - - [17/Dec/2015:08:48:14 -0500] "GET /galeria/galeria/jquery.fancybox.css?v=2.1.5 HTTP/1.1" 304 -
136.243.5.215 - - [17/Dec/2015:08:48:15 -0500] "GET /StormSDA/userFiles/user_files/87/?C=M;O=A HTTP/1.0" 200 817
200.119.90.246 - - [17/Dec/2015:08:48:15 -0500] "GET /BLA/boletinlegal/js/jquery.scrollShow.js HTTP/1.0" 304 -
200.119.90.246 - - [17/Dec/2015:08:48:15 -0500] "GET /galeria/galeria/jquery.fancybox.js?v=2.1.5 HTTP/1.0" 304 -
200.119.90.246 - - [17/Dec/2015:08:48:15 -0500] "GET /galeria/galeria/jquery.fancybox.css?v=2.1.5 HTTP/1.0" 304 -
201.245.192.253 - - [17/Dec/2015:08:48:16 -0500] "GET /galeria/galeria/jquery.fancybox.js?v=2.1.5 HTTP/1.1" 304 -
201.245.192.253 - - [17/Dec/2015:08:48:16 -0500] "GET /galeria/galeria/jquery.fancybox.css?v=2.1.5 HTTP/1.1" 304 -
201.245.192.253 - - [17/Dec/2015:08:48:16 -0500] "GET /galeria/carrusel/Carrusel/jquery.thumbnailScroller.css HTTP/1.1" 304 -
201.245.192.253 - - [17/Dec/2015:08:48:16 -0500] "GET /galeria/carrusel/Carrusel/jquery-ui-1.8.13.custom.min.js HTTP/1.1" 304 -
136.243.5.215 - - [17/Dec/2015:08:48:16 -0500] "GET /StormSDA/userFiles/user_files/87/?C=N;O=D HTTP/1.0" 200 817
201.245.192.253 - - [17/Dec/2015:08:48:16 -0500] "GET /galeria/carrusel/Carrusel/jquery.thumbnailScroller.js HTTP/1.1" 304 -
201.245.192.253 - - [17/Dec/2015:08:48:17 -0500] "GET /galeria/nivo-slider/demo/demo.html HTTP/1.1" 200 4226
201.245.192.253 - - [17/Dec/2015:08:48:17 -0500] "GET /galeria/nivo-slider/demo/images/Programacion-navidena.jpg HTTP/1.1" 200 316038
201.245.192.253 - - [17/Dec/2015:08:48:17 -0500] "GET /galeria/nivo-slider/demo/images/2Banner-encuestaSDA.jpg HTTP/1.1" 200 208228
201.245.192.253 - - [17/Dec/2015:08:48:17 -0500] "GET /galeria/nivo-slider/demo/images/banner-llantas2015.jpg HTTP/1.1" 200 185615
201.245.192.253 - - [17/Dec/2015:08:48:17 -0500] "GET /galeria/nivo-slider/demo/images/caminata-ecologica.jpg HTTP/1.1" 200 161069
201.245.192.253 - - [17/Dec/2015:08:48:17 -0500] "GET /galeria/nivo-slider/demo/images/ABC-Plan-de-contigencia.jpg HTTP/1.1" 200 401853
201.245.192.253 - - [17/Dec/2015:08:48:18 -0500] "GET /galeria/galeria/jquery.fancybox.js?v=2.1.5 HTTP/1.1" 304 -
201.245.192.253 - - [17/Dec/2015:08:48:18 -0500] "GET /galeria/galeria/jquery.fancybox.css?v=2.1.5 HTTP/1.1" 304 -
136.243.5.215 - - [17/Dec/2015:08:48:18 -0500] "GET /StormSDA/userFiles/user_files/87/?C=S;O=A HTTP/1.0" 200 817
201.245.192.253 - - [17/Dec/2015:08:48:19 -0500] "GET /galeria/nivo-slider/themes/default/default.css HTTP/1.1" 304 -
201.245.192.253 - - [17/Dec/2015:08:48:19 -0500] "GET /galeria/nivo-slider/demo/style.css HTTP/1.1" 304 -
201.245.192.253 - - [17/Dec/2015:08:48:19 -0500] "GET /galeria/nivo-slider/demo/images/Banner-ahorro-de-agua.jpg HTTP/1.1" 304 -
201.245.192.253 - - [17/Dec/2015:08:48:19 -0500] "GET /galeria/nivo-slider/demo/images/PREDAcamp.jpg HTTP/1.1" 304 -
201.245.192.253 - - [17/Dec/2015:08:48:19 -0500] "GET /galeria/nivo-slider/demo/images/banner-llantas2.jpg HTTP/1.1" 304 -
201.245.192.253 - - [17/Dec/2015:08:48:19 -0500] "GET /galeria/nivo-slider/demo/images/9Signos.jpg HTTP/1.1" 304 -
201.245.192.253 - - [17/Dec/2015:08:48:19 -0500] "GET /galeria/nivo-slider/demo/images/Cmapana-onestidad.jpg HTTP/1.1" 304 -
201.245.192.253 - - [17/Dec/2015:08:48:19 -0500] "GET /galeria/nivo-slider/demo/images/Ruta-vertimientos-01.jpg HTTP/1.1" 304 -
201.245.192.253 - - [17/Dec/2015:08:48:19 -0500] "GET /galeria/nivo-slider/demo/images/Conoce-los-humedales.jpg HTTP/1.1" 304 -
201.245.192.253 - - [17/Dec/2015:08:48:19 -0500] "GET /galeria/nivo-slider/demo/images/ecolecta-Dic2014.png HTTP/1.1" 304 -
201.245.192.253 - - [17/Dec/2015:08:48:19 -0500] "GET /galeria/nivo-slider/demo/images/bolsas-06.jpg HTTP/1.1" 304 -
136.243.5.215 - - [17/Dec/2015:08:48:20 -0500] "GET /StormSDA/userFiles/user_files/88/?C=D;O=A HTTP/1.0" 200 817
136.243.5.215 - - [17/Dec/2015:08:48:21 -0500] "GET /StormSDA/userFiles/user_files/88/?C=M;O=A HTTP/1.0" 200 817
201.245.192.253 - - [17/Dec/2015:08:48:22 -0500] "GET /galeria/galeria/jquery.fancybox.js?v=2.1.5 HTTP/1.1" 304 -
201.245.192.253 - - [17/Dec/2015:08:48:22 -0500] "GET /galeria/galeria/jquery.fancybox.css?v=2.1.5 HTTP/1.1" 304 -
136.243.5.215 - - [17/Dec/2015:08:48:23 -0500] "GET /StormSDA/userFiles/user_files/88/?C=N;O=D HTTP/1.0" 200 817
181.136.73.222 - - [17/Dec/2015:08:48:24 -0500] "GET /galeria/galeria/jquery.fancybox.js?v=2.1.5 HTTP/1.1" 304 -
181.136.73.222 - - [17/Dec/2015:08:48:24 -0500] "GET /BLA/boletinlegal/js/jquery.scrollShow.js HTTP/1.1" 304 -
181.136.73.222 - - [17/Dec/2015:08:48:24 -0500] "GET /galeria/galeria/jquery.fancybox.css?v=2.1.5 HTTP/1.1" 304 -
136.243.5.215 - - [17/Dec/2015:08:48:25 -0500] "GET /StormSDA/userFiles/user_files/88/?C=S;O=A HTTP/1.0" 200 817
136.243.5.215 - - [17/Dec/2015:08:48:26 -0500] "GET /StormSDA/userFiles/user_files/89/?C=D;O=A HTTP/1.0" 200 817
157.55.39.98 - - [17/Dec/2015:08:48:27 -0500] "GET /BLA/resoluciones/Autos%202008/1530.pdf HTTP/1.1" 200 196141
186.154.36.65 - - [17/Dec/2015:08:48:27 -0500] "GET /galeria/galeria/jquery.fancybox.css?v=2.1.5 HTTP/1.1" 200 4895
186.154.36.65 - - [17/Dec/2015:08:48:27 -0500] "GET /galeria/carrusel/Carrusel/jquery.thumbnailScroller.css HTTP/1.1" 200 2066
186.154.36.65 - - [17/Dec/2015:08:48:27 -0500] "GET /BLA/boletinlegal/js/jquery.scrollShow.js HTTP/1.1" 200 4586
186.154.36.65 - - [17/Dec/2015:08:48:27 -0500] "GET /galeria/galeria/jquery.fancybox.js?v=2.1.5 HTTP/1.1" 200 48706
186.154.36.65 - - [17/Dec/2015:08:48:27 -0500] "GET /galeria/carrusel/Carrusel/jquery-ui-1.8.13.custom.min.js HTTP/1.1" 200 10800
186.154.36.65 - - [17/Dec/2015:08:48:28 -0500] "GET /galeria/carrusel/Carrusel/jquery.thumbnailScroller.js HTTP/1.1" 200 8157
136.243.5.215 - - [17/Dec/2015:08:48:28 -0500] "GET /StormSDA/userFiles/user_files/89/?C=M;O=A HTTP/1.0" 200 817
186.154.36.65 - - [17/Dec/2015:08:48:29 -0500] "GET /galeria/nivo-slider/demo/demo.html HTTP/1.1" 200 4226
186.154.36.65 - - [17/Dec/2015:08:48:29 -0500] "GET /galeria/nivo-slider/themes/default/default.css HTTP/1.1" 200 1569
186.154.36.65 - - [17/Dec/2015:08:48:29 -0500] "GET /galeria/nivo-slider/themes/pascal/pascal.css HTTP/1.1" 200 2258
186.154.36.65 - - [17/Dec/2015:08:48:29 -0500] "GET /galeria/nivo-slider/themes/orman/orman.css HTTP/1.1" 200 2152
186.154.36.65 - - [17/Dec/2015:08:48:29 -0500] "GET /galeria/nivo-slider/nivo-slider.css HTTP/1.1" 200 1507
186.154.36.65 - - [17/Dec/2015:08:48:29 -0500] "GET /galeria/nivo-slider/demo/style.css HTTP/1.1" 200 2222
186.154.36.65 - - [17/Dec/2015:08:48:29 -0500] "GET /galeria/nivo-slider/demo/scripts/jquery-1.7.1.min.js HTTP/1.1" 200 93868
186.154.36.65 - - [17/Dec/2015:08:48:29 -0500] "GET /galeria/nivo-slider/jquery.nivo.slider.pack.js HTTP/1.1" 200 11561
186.154.36.65 - - [17/Dec/2015:08:48:29 -0500] "GET /galeria/nivo-slider/demo/images/4Simple_Slider.png HTTP/1.1" 200 11722
186.154.36.65 - - [17/Dec/2015:08:48:29 -0500] "GET /galeria/nivo-slider/themes/default/loading.gif HTTP/1.1" 200 1737
136.243.5.215 - - [17/Dec/2015:08:48:30 -0500] "GET /StormSDA/userFiles/user_files/89/?C=N;O=D HTTP/1.0" 200 817
186.154.36.65 - - [17/Dec/2015:08:48:30 -0500] "GET /galeria/nivo-slider/demo/images/Programacion-navidena.jpg HTTP/1.1" 200 316038
186.154.36.65 - - [17/Dec/2015:08:48:30 -0500] "GET /galeria/nivo-slider/demo/images/2Banner-encuestaSDA.jpg HTTP/1.1" 200 208228
186.154.36.65 - - [17/Dec/2015:08:48:31 -0500] "GET /galeria/nivo-slider/demo/images/ABC-Plan-de-contigencia.jpg HTTP/1.1" 200 401853
186.154.36.65 - - [17/Dec/2015:08:48:31 -0500] "GET /galeria/nivo-slider/demo/images/banner-llantas2015.jpg HTTP/1.1" 200 185615
136.243.5.215 - - [17/Dec/2015:08:48:32 -0500] "GET /StormSDA/userFiles/user_files/89/?C=S;O=A HTTP/1.0" 200 817
186.154.36.65 - - [17/Dec/2015:08:48:33 -0500] "GET /galeria/nivo-slider/demo/images/caminata-ecologica.jpg HTTP/1.1" 200 161069
136.243.5.215 - - [17/Dec/2015:08:48:33 -0500] "GET /StormSDA/userFiles/user_files/90/?C=D;O=A HTTP/1.0" 200 817
136.243.5.215 - - [17/Dec/2015:08:48:35 -0500] "GET /StormSDA/userFiles/user_files/90/?C=M;O=A HTTP/1.0" 200 817
190.25.157.12 - - [17/Dec/2015:08:48:36 -0500] "POST /forms/lservlet;jsessionid=ac16012b30d770bb84cf4b1f4ca394a0e8330d7c064a.e3iSbxaKaheRe38KbN0Rb34Mc3j0n6jAmljGr5XDqQLvpAe HTTP/1.1" 200 2
136.243.5.215 - - [17/Dec/2015:08:48:37 -0500] "GET /StormSDA/userFiles/user_files/90/?C=N;O=D HTTP/1.0" 200 817
186.154.36.65 - - [17/Dec/2015:08:48:38 -0500] "GET /galeria/nivo-slider/demo/images/Banner-ahorro-de-agua.jpg HTTP/1.1" 200 149141
186.154.36.65 - - [17/Dec/2015:08:48:38 -0500] "GET /galeria/nivo-slider/demo/images/Cmapana-onestidad.jpg HTTP/1.1" 200 141638
136.243.5.215 - - [17/Dec/2015:08:48:38 -0500] "GET /StormSDA/userFiles/user_files/90/?C=S;O=A HTTP/1.0" 200 817
186.154.36.65 - - [17/Dec/2015:08:48:39 -0500] "GET /galeria/nivo-slider/demo/images/PREDAcamp.jpg HTTP/1.1" 200 295358
186.154.36.65 - - [17/Dec/2015:08:48:39 -0500] "GET /galeria/nivo-slider/demo/images/banner-llantas2.jpg HTTP/1.1" 200 204644
136.243.5.215 - - [17/Dec/2015:08:48:40 -0500] "GET /StormSDA/userFiles/user_files/91/?C=D;O=A HTTP/1.0" 200 817
136.243.5.215 - - [17/Dec/2015:08:48:42 -0500] "GET /StormSDA/userFiles/user_files/91/?C=M;O=A HTTP/1.0" 200 817
186.154.36.65 - - [17/Dec/2015:08:48:43 -0500] "GET /BLA/boletinlegal/js/jquery.scrollShow.js HTTP/1.1" 304 -
186.154.36.65 - - [17/Dec/2015:08:48:43 -0500] "GET /galeria/galeria/jquery.fancybox.js?v=2.1.5 HTTP/1.1" 304 -
186.154.36.65 - - [17/Dec/2015:08:48:43 -0500] "GET /galeria/galeria/jquery.fancybox.css?v=2.1.5 HTTP/1.1" 304 -
136.243.5.215 - - [17/Dec/2015:08:48:44 -0500] "GET /StormSDA/userFiles/user_files/91/?C=N;O=D HTTP/1.0" 200 817
136.243.5.215 - - [17/Dec/2015:08:48:45 -0500] "GET /StormSDA/userFiles/user_files/91/?C=S;O=A HTTP/1.0" 200 817
136.243.5.215 - - [17/Dec/2015:08:48:47 -0500] "GET /StormSDA/userFiles/user_files/92/?C=D;O=A HTTP/1.0" 200 817
136.243.5.215 - - [17/Dec/2015:08:48:49 -0500] "GET /StormSDA/userFiles/user_files/92/?C=M;O=A HTTP/1.0" 200 817
190.29.136.155 - - [17/Dec/2015:08:48:50 -0500] "GET /BLA/boletinlegal/js/jquery.scrollShow.js HTTP/1.1" 200 4586
190.29.136.155 - - [17/Dec/2015:08:48:50 -0500] "GET /galeria/galeria/jquery.fancybox.js?v=2.1.5 HTTP/1.1" 200 48706
190.29.136.155 - - [17/Dec/2015:08:48:50 -0500] "GET /galeria/galeria/jquery.fancybox.css?v=2.1.5 HTTP/1.1" 200 4895
190.29.136.155 - - [17/Dec/2015:08:48:50 -0500] "GET /galeria/carrusel/Carrusel/jquery.thumbnailScroller.css HTTP/1.1" 200 2066
190.29.136.155 - - [17/Dec/2015:08:48:50 -0500] "GET /galeria/carrusel/Carrusel/jquery-ui-1.8.13.custom.min.js HTTP/1.1" 200 10800
190.29.136.155 - - [17/Dec/2015:08:48:50 -0500] "GET /galeria/carrusel/Carrusel/jquery.thumbnailScroller.js HTTP/1.1" 200 8157
136.243.5.215 - - [17/Dec/2015:08:48:51 -0500] "GET /StormSDA/userFiles/user_files/92/?C=N;O=D HTTP/1.0" 200 817
136.243.5.215 - - [17/Dec/2015:08:48:52 -0500] "GET /StormSDA/userFiles/user_files/92/?C=S;O=A HTTP/1.0" 200 817
136.243.5.215 - - [17/Dec/2015:08:48:54 -0500] "GET /StormSDA/userFiles/user_files/93/?C=D;O=A HTTP/1.0" 200 817
136.243.5.215 - - [17/Dec/2015:08:48:56 -0500] "GET /StormSDA/userFiles/user_files/93/?C=M;O=A HTTP/1.0" 200 817
190.29.136.155 - - [17/Dec/2015:08:48:56 -0500] "GET /galeria/nivo-slider/demo/demo.html HTTP/1.1" 200 4226
190.29.136.155 - - [17/Dec/2015:08:48:57 -0500] "GET /galeria/nivo-slider/themes/default/default.css HTTP/1.1" 200 1569
190.29.136.155 - - [17/Dec/2015:08:48:57 -0500] "GET /galeria/nivo-slider/themes/pascal/pascal.css HTTP/1.1" 200 2258
190.29.136.155 - - [17/Dec/2015:08:48:57 -0500] "GET /galeria/nivo-slider/themes/orman/orman.css HTTP/1.1" 200 2152
190.29.136.155 - - [17/Dec/2015:08:48:57 -0500] "GET /galeria/nivo-slider/nivo-slider.css HTTP/1.1" 200 1507
190.29.136.155 - - [17/Dec/2015:08:48:57 -0500] "GET /galeria/nivo-slider/demo/style.css HTTP/1.1" 200 2222
190.29.136.155 - - [17/Dec/2015:08:48:57 -0500] "GET /galeria/nivo-slider/demo/images/Programacion-navidena.jpg HTTP/1.1" 200 316038
190.29.136.155 - - [17/Dec/2015:08:48:57 -0500] "GET /galeria/nivo-slider/demo/images/2Banner-encuestaSDA.jpg HTTP/1.1" 200 208228
190.29.136.155 - - [17/Dec/2015:08:48:57 -0500] "GET /galeria/nivo-slider/demo/images/ABC-Plan-de-contigencia.jpg HTTP/1.1" 200 401853
190.29.136.155 - - [17/Dec/2015:08:48:57 -0500] "GET /galeria/nivo-slider/demo/images/banner-llantas2015.jpg HTTP/1.1" 200 185615
190.29.136.155 - - [17/Dec/2015:08:48:57 -0500] "GET /galeria/nivo-slider/demo/images/caminata-ecologica.jpg HTTP/1.1" 200 161069
136.243.5.215 - - [17/Dec/2015:08:48:57 -0500] "GET /StormSDA/userFiles/user_files/93/?C=N;O=D HTTP/1.0" 200 817
190.29.136.155 - - [17/Dec/2015:08:48:58 -0500] "GET /galeria/nivo-slider/demo/images/Banner-ahorro-de-agua.jpg HTTP/1.1" 200 149141
190.29.136.155 - - [17/Dec/2015:08:48:59 -0500] "GET /galeria/nivo-slider/demo/images/Cmapana-onestidad.jpg HTTP/1.1" 200 141638
136.243.5.215 - - [17/Dec/2015:08:48:59 -0500] "GET /StormSDA/userFiles/user_files/93/?C=S;O=A HTTP/1.0" 200 817
136.243.5.215 - - [17/Dec/2015:08:49:01 -0500] "GET /StormSDA/userFiles/user_files/94/?C=D;O=A HTTP/1.0" 200 817
190.29.136.155 - - [17/Dec/2015:08:49:01 -0500] "GET /galeria/nivo-slider/demo/images/PREDAcamp.jpg HTTP/1.1" 200 295358
190.29.136.155 - - [17/Dec/2015:08:49:01 -0500] "GET /galeria/nivo-slider/demo/images/banner-llantas2.jpg HTTP/1.1" 200 204644
69.162.124.233 - - [17/Dec/2015:08:49:02 -0500] "HEAD / HTTP/1.1" 200 -
190.29.136.155 - - [17/Dec/2015:08:49:02 -0500] "GET /galeria/nivo-slider/demo/images/9Signos.jpg HTTP/1.1" 200 81776
190.29.136.155 - - [17/Dec/2015:08:49:02 -0500] "GET /galeria/nivo-slider/demo/images/Ruta-vertimientos-01.jpg HTTP/1.1" 200 130151
190.29.136.155 - - [17/Dec/2015:08:49:02 -0500] "GET /galeria/nivo-slider/demo/images/bolsas-06.jpg HTTP/1.1" 200 90982
136.243.5.215 - - [17/Dec/2015:08:49:03 -0500] "GET /StormSDA/userFiles/user_files/94/?C=M;O=A HTTP/1.0" 200 817
190.29.136.155 - - [17/Dec/2015:08:49:03 -0500] "GET /galeria/nivo-slider/demo/images/Conoce-los-humedales.jpg HTTP/1.1" 200 294036
190.29.136.155 - - [17/Dec/2015:08:49:03 -0500] "GET /galeria/nivo-slider/demo/images/ecolecta-Dic2014.png HTTP/1.1" 200 288593
190.29.136.155 - - [17/Dec/2015:08:49:04 -0500] "GET /galeria/nivo-slider/demo/scripts/jquery-1.7.1.min.js HTTP/1.1" 200 93868
136.243.5.215 - - [17/Dec/2015:08:49:04 -0500] "GET /StormSDA/userFiles/user_files/94/?C=N;O=D HTTP/1.0" 200 817
190.29.136.155 - - [17/Dec/2015:08:49:04 -0500] "GET /galeria/nivo-slider/jquery.nivo.slider.pack.js HTTP/1.1" 200 11561
136.243.5.215 - - [17/Dec/2015:08:49:06 -0500] "GET /StormSDA/userFiles/user_files/94/?C=S;O=A HTTP/1.0" 200 817
190.29.136.155 - - [17/Dec/2015:08:49:06 -0500] "GET /galeria/nivo-slider/demo/images/4Simple_Slider.png HTTP/1.1" 200 11722
190.29.136.155 - - [17/Dec/2015:08:49:06 -0500] "GET /galeria/nivo-slider/themes/default/loading.gif HTTP/1.1" 200 1737
157.55.39.98 - - [17/Dec/2015:08:49:07 -0500] "GET /BLA/resoluciones/RESOLUCIONES%202011/1734.pdf HTTP/1.1" 200 556492
190.29.136.155 - - [17/Dec/2015:08:49:07 -0500] "GET /galeria/nivo-slider/themes/default/arrows.png HTTP/1.1" 200 824
190.29.136.155 - - [17/Dec/2015:08:49:07 -0500] "GET /galeria/nivo-slider/themes/default/bullets.png HTTP/1.1" 200 1281
136.243.5.215 - - [17/Dec/2015:08:49:08 -0500] "GET /StormSDA/userFiles/user_files/95/?C=D;O=A HTTP/1.0" 200 817
157.55.39.98 - - [17/Dec/2015:08:49:08 -0500] "GET /BLA/resoluciones/AUTOS%202008/2261.pdf HTTP/1.1" 200 183577
157.55.39.98 - - [17/Dec/2015:08:49:08 -0500] "GET /BLA/resoluciones/AUTOS%202014/3405.pdf HTTP/1.1" 200 554822
136.243.5.215 - - [17/Dec/2015:08:49:09 -0500] "GET /StormSDA/userFiles/user_files/95/?C=M;O=A HTTP/1.0" 200 817
136.243.5.215 - - [17/Dec/2015:08:49:11 -0500] "GET /StormSDA/userFiles/user_files/95/?C=N;O=D HTTP/1.0" 200 817
190.255.40.77 - - [17/Dec/2015:08:49:11 -0500] "GET /galeria/galeria/jquery.fancybox.css?v=2.1.5 HTTP/1.1" 304 -
190.255.40.77 - - [17/Dec/2015:08:49:11 -0500] "GET /BLA/boletinlegal/js/jquery.scrollShow.js HTTP/1.1" 304 -
190.255.40.77 - - [17/Dec/2015:08:49:11 -0500] "GET /galeria/galeria/jquery.fancybox.js?v=2.1.5 HTTP/1.1" 304 -
136.243.5.215 - - [17/Dec/2015:08:49:13 -0500] "GET /StormSDA/userFiles/user_files/95/?C=S;O=A HTTP/1.0" 200 817
136.243.5.215 - - [17/Dec/2015:08:49:14 -0500] "GET /StormSDA/userFiles/user_files/96/?C=D;O=A HTTP/1.0" 200 817
201.245.192.253 - - [17/Dec/2015:08:49:15 -0500] "GET /galeria/galeria/jquery.fancybox.css?v=2.1.5 HTTP/1.1" 304 -
201.245.192.253 - - [17/Dec/2015:08:49:15 -0500] "GET /galeria/galeria/jquery.fancybox.js?v=2.1.5 HTTP/1.1" 304 -
136.243.5.215 - - [17/Dec/2015:08:49:16 -0500] "GET /StormSDA/userFiles/user_files/96/?C=M;O=A HTTP/1.0" 200 817
136.243.5.215 - - [17/Dec/2015:08:49:18 -0500] "GET /StormSDA/userFiles/user_files/96/?C=N;O=D HTTP/1.0" 200 817
136.243.5.215 - - [17/Dec/2015:08:49:20 -0500] "GET /StormSDA/userFiles/user_files/96/?C=S;O=A HTTP/1.0" 200 817
201.245.192.253 - - [17/Dec/2015:08:49:20 -0500] "GET /galeria/galeria/jquery.fancybox.js?v=2.1.5 HTTP/1.1" 304 -
201.245.192.253 - - [17/Dec/2015:08:49:20 -0500] "GET /galeria/galeria/jquery.fancybox.css?v=2.1.5 HTTP/1.1" 304 -
201.245.192.253 - - [17/Dec/2015:08:49:20 -0500] "GET /autoliquidacion/ HTTP/1.1" 200 6375
201.245.192.253 - - [17/Dec/2015:08:49:20 -0500] "GET /autoliquidacion/dlf/styles.css HTTP/1.1" 200 3045
201.245.192.253 - - [17/Dec/2015:08:49:20 -0500] "GET /autoliquidacion/dlf/bg.gif HTTP/1.1" 200 54
201.245.192.253 - - [17/Dec/2015:08:49:20 -0500] "GET /autoliquidacion/dlf/folder.png HTTP/1.1" 200 410
136.243.5.215 - - [17/Dec/2015:08:49:21 -0500] "GET /StormSDA/userFiles/user_files/97/?C=D;O=A HTTP/1.0" 200 817
136.243.5.215 - - [17/Dec/2015:08:49:23 -0500] "GET /StormSDA/userFiles/user_files/97/?C=M;O=A HTTP/1.0" 200 817
201.245.192.253 - - [17/Dec/2015:08:49:24 -0500] "GET /autoliquidacion/index.php?dir=Solicitud+de+Clasificaci%F3n+de+Impacto+Ambiental%2F HTTP/1.1" 200 2872
201.245.192.253 - - [17/Dec/2015:08:49:25 -0500] "GET /autoliquidacion/dlf/xls.gif HTTP/1.1" 200 636
201.245.192.253 - - [17/Dec/2015:08:49:25 -0500] "GET /autoliquidacion/dlf/html.gif HTTP/1.1" 200 632
136.243.5.215 - - [17/Dec/2015:08:49:25 -0500] "GET /StormSDA/userFiles/user_files/97/?C=N;O=D HTTP/1.0" 200 817
201.245.192.253 - - [17/Dec/2015:08:49:25 -0500] "GET /autoliquidacion/dlf/pdf.gif HTTP/1.1" 200 272
201.245.192.253 - - [17/Dec/2015:08:49:25 -0500] "GET /autoliquidacion/dlf/dirup.png HTTP/1.1" 200 644
180.76.15.5 - - [17/Dec/2015:08:49:26 -0500] "GET / HTTP/1.1" 302 302
136.243.5.215 - - [17/Dec/2015:08:49:26 -0500] "GET /StormSDA/userFiles/user_files/97/?C=S;O=A HTTP/1.0" 200 817
201.245.192.253 - - [17/Dec/2015:08:49:27 -0500] "GET /autoliquidacion/Solicitud%20de%20Clasificaci%C3%B3n%20de%20Impacto%20Ambiental/copia%20de%20anexo%202%20formato%20solicitud%20clasificacif3n%20de%20impacto%20ambiental00.xls HTTP/1.1" 200 103424
157.55.39.98 - - [17/Dec/2015:08:49:27 -0500] "GET /BLA/resoluciones/RESOLUCIONES%202008/2856.pdf HTTP/1.1" 200 226736
157.55.39.98 - - [17/Dec/2015:08:49:28 -0500] "GET /BLA/resoluciones/RESOLUCIONES%202008/2001.pdf HTTP/1.1" 200 232893
136.243.5.215 - - [17/Dec/2015:08:49:28 -0500] "GET /StormSDA/userFiles/user_files/98/?C=D;O=A HTTP/1.0" 200 817
136.243.5.215 - - [17/Dec/2015:08:49:30 -0500] "GET /StormSDA/userFiles/user_files/98/?C=M;O=A HTTP/1.0" 200 817
136.243.5.215 - - [17/Dec/2015:08:49:32 -0500] "GET /StormSDA/userFiles/user_files/98/?C=N;O=D HTTP/1.0" 200 817
207.46.13.145 - - [17/Dec/2015:08:49:32 -0500] "GET /BLA/resoluciones/RESOLUCIONES%202010/7083.pdf HTTP/1.1" 200 66023
207.46.13.145 - - [17/Dec/2015:08:49:33 -0500] "GET /BLA/resoluciones/RESOLUCIONES%202011/1041.pdf HTTP/1.1" 200 70069
207.46.13.145 - - [17/Dec/2015:08:49:33 -0500] "GET /BLA/resoluciones/AUTOS%202014/3264.pdf HTTP/1.1" 200 420102
136.243.5.215 - - [17/Dec/2015:08:49:33 -0500] "GET /StormSDA/userFiles/user_files/98/?C=S;O=A HTTP/1.0" 200 817
181.143.147.173 - - [17/Dec/2015:08:49:35 -0500] "GET /galeria/nivo-slider/demo/demo.html HTTP/1.1" 200 4226
136.243.5.215 - - [17/Dec/2015:08:49:35 -0500] "GET /StormSDA/userFiles/user_files/?C=D;O=D HTTP/1.0" 200 8988
181.143.147.173 - - [17/Dec/2015:08:49:36 -0500] "GET /galeria/nivo-slider/demo/images/Programacion-navidena.jpg HTTP/1.1" 304 -
181.143.147.173 - - [17/Dec/2015:08:49:36 -0500] "GET /galeria/nivo-slider/demo/images/banner-llantas2015.jpg HTTP/1.1" 304 -
136.243.5.215 - - [17/Dec/2015:08:49:37 -0500] "GET /StormSDA/userFiles/user_files/?C=M;O=D HTTP/1.0" 200 8988
136.243.5.215 - - [17/Dec/2015:08:49:40 -0500] "GET /StormSDA/userFiles/user_files/?C=N;O=A HTTP/1.0" 200 8988
136.243.5.215 - - [17/Dec/2015:08:49:42 -0500] "GET /StormSDA/userFiles/user_files/?C=S;O=D HTTP/1.0" 200 8988
157.55.39.98 - - [17/Dec/2015:08:49:42 -0500] "GET /BLA/resoluciones/AUTOS%202011/0885.pdf HTTP/1.1" 200 98269
157.55.39.98 - - [17/Dec/2015:08:49:43 -0500] "GET /BLA/resoluciones/RESOLUCIONES%202009/8514.pdf HTTP/1.1" 200 347388
157.55.39.98 - - [17/Dec/2015:08:49:43 -0500] "GET /BLA/resoluciones/AUTOS%202007/1994.pdf HTTP/1.1" 200 207951
201.245.192.253 - - [17/Dec/2015:08:49:43 -0500] "GET /galeria/galeria/jquery.fancybox.js?v=2.1.5 HTTP/1.1" 304 -
201.245.192.253 - - [17/Dec/2015:08:49:44 -0500] "GET /galeria/galeria/jquery.fancybox.css?v=2.1.5 HTTP/1.1" 304 -
136.243.5.215 - - [17/Dec/2015:08:49:44 -0500] "GET /StormSDA/userFiles/user_files/formatos/1.xml HTTP/1.0" 200 3276
136.243.5.215 - - [17/Dec/2015:08:49:46 -0500] "GET /StormSDA/userFiles/user_files/formatos/2.xml HTTP/1.0" 200 1629
136.243.5.215 - - [17/Dec/2015:08:49:48 -0500] "GET /StormSDA/userFiles/user_files/formatos/?C=D;O=A HTTP/1.0" 200 1458
136.243.5.215 - - [17/Dec/2015:08:49:50 -0500] "GET /StormSDA/userFiles/user_files/formatos/?C=M;O=A HTTP/1.0" 200 1458
136.243.5.215 - - [17/Dec/2015:08:49:52 -0500] "GET /StormSDA/userFiles/user_files/formatos/?C=N;O=D HTTP/1.0" 200 1458
136.243.5.215 - - [17/Dec/2015:08:49:54 -0500] "GET /StormSDA/userFiles/user_files/formatos/?C=S;O=A HTTP/1.0" 200 1458
136.243.5.215 - - [17/Dec/2015:08:49:55 -0500] "GET /StormSDA/userFiles/user_files/formulas/?C=D;O=A HTTP/1.0" 200 1444
136.243.5.215 - - [17/Dec/2015:08:49:57 -0500] "GET /StormSDA/userFiles/user_files/formulas/?C=M;O=A HTTP/1.0" 200 1444
136.243.5.215 - - [17/Dec/2015:08:49:59 -0500] "GET /StormSDA/userFiles/user_files/formulas/?C=N;O=D HTTP/1.0" 200 1444
136.243.5.215 - - [17/Dec/2015:08:50:01 -0500] "GET /StormSDA/userFiles/user_files/formulas/?C=S;O=A HTTP/1.0" 200 1444
157.55.39.98 - - [17/Dec/2015:08:50:02 -0500] "GET /BLA/resoluciones/RESOLUCIONES%202010/0106.pdf HTTP/1.1" 200 503833
136.243.5.215 - - [17/Dec/2015:08:50:03 -0500] "GET /StormSDA/userFiles/user_files/listas/0.xml HTTP/1.0" 200 90
157.55.39.98 - - [17/Dec/2015:08:50:03 -0500] "GET /BLA/resoluciones/RESOLUCIONES%202010/6917.pdf HTTP/1.1" 200 1960546
136.243.5.215 - - [17/Dec/2015:08:50:04 -0500] "GET /StormSDA/userFiles/user_files/listas/1.xml HTTP/1.0" 200 190
136.243.5.215 - - [17/Dec/2015:08:50:06 -0500] "GET /StormSDA/userFiles/user_files/listas/?C=D;O=A HTTP/1.0" 200 1243
190.158.49.203 - - [17/Dec/2015:08:50:06 -0500] "GET /BLA/boletinlegal/js/jquery.scrollShow.js HTTP/1.1" 200 4586
190.158.49.203 - - [17/Dec/2015:08:50:06 -0500] "GET /galeria/galeria/jquery.fancybox.css?v=2.1.5 HTTP/1.1" 200 4895
190.158.49.203 - - [17/Dec/2015:08:50:06 -0500] "GET /galeria/galeria/jquery.fancybox.js?v=2.1.5 HTTP/1.1" 200 48706
136.243.5.215 - - [17/Dec/2015:08:50:08 -0500] "GET /StormSDA/userFiles/user_files/listas/?C=M;O=A HTTP/1.0" 200 1243
