136.243.5.215 - - [17/Dec/2015:08:41:36 -0500] "GET /SIG/index.php?dir=Comunicaciones/&sort=name&order=asc HTTP/1.0" 200 2915
190.27.99.93 - - [17/Dec/2015:08:41:37 -0500] "GET /galeria/galeria/jquery.fancybox.js?v=2.1.5 HTTP/1.1" 200 48706
190.27.99.93 - - [17/Dec/2015:08:41:37 -0500] "GET /BLA/boletinlegal/js/jquery.scrollShow.js HTTP/1.1" 200 4586
190.27.99.93 - - [17/Dec/2015:08:41:37 -0500] "GET /galeria/galeria/jquery.fancybox.css?v=2.1.5 HTTP/1.1" 200 4895
207.46.13.145 - - [17/Dec/2015:08:41:37 -0500] "GET /BLA/resoluciones/RESOLUCIONES%202008/2747.pdf HTTP/1.1" 200 196547
186.115.217.243 - - [17/Dec/2015:08:41:38 -0500] "GET /BLA/boletinlegal/js/jquery.scrollShow.js HTTP/1.1" 200 4586
207.46.13.145 - - [17/Dec/2015:08:41:38 -0500] "GET /BLA/resoluciones/RESOLUCIONES%202010/7806.pdf HTTP/1.1" 200 726492
186.115.217.243 - - [17/Dec/2015:08:41:38 -0500] "GET /galeria/galeria/jquery.fancybox.js?v=2.1.5 HTTP/1.1" 200 48706
186.115.217.243 - - [17/Dec/2015:08:41:38 -0500] "GET /galeria/carrusel/Carrusel/jquery-ui-1.8.13.custom.min.js HTTP/1.1" 200 10800
186.115.217.243 - - [17/Dec/2015:08:41:38 -0500] "GET /galeria/carrusel/Carrusel/jquery.thumbnailScroller.js HTTP/1.1" 200 8157
136.243.5.215 - - [17/Dec/2015:08:41:38 -0500] "GET /SIG/index.php?dir=Comunicaciones/&sort=size&order=desc HTTP/1.0" 200 2914
136.243.5.215 - - [17/Dec/2015:08:41:40 -0500] "GET /SIG/index.php?dir=Control%20Disciplinario/ HTTP/1.0" 200 2704
190.27.99.93 - - [17/Dec/2015:08:41:40 -0500] "GET /BLA/boletinlegal/js/jquery.scrollShow.js HTTP/1.1" 200 4586
62.210.143.245 - - [17/Dec/2015:08:41:40 -0500] "GET /robots.txt HTTP/1.0" 301 330
186.115.217.243 - - [17/Dec/2015:08:41:41 -0500] "GET /galeria/galeria/jquery.fancybox.css?v=2.1.5 HTTP/1.1" 200 4895
186.115.217.243 - - [17/Dec/2015:08:41:41 -0500] "GET /galeria/carrusel/Carrusel/jquery.thumbnailScroller.css HTTP/1.1" 200 2066
190.27.99.93 - - [17/Dec/2015:08:41:41 -0500] "GET /galeria/galeria/jquery.fancybox.js?v=2.1.5 HTTP/1.1" 200 48706
190.27.99.93 - - [17/Dec/2015:08:41:41 -0500] "GET /galeria/galeria/jquery.fancybox.css?v=2.1.5 HTTP/1.1" 200 4895
157.55.39.98 - - [17/Dec/2015:08:41:41 -0500] "GET /BLA/resoluciones/RESOLUCIONES%202009/3592.pdf HTTP/1.1" 200 102272
136.243.5.215 - - [17/Dec/2015:08:41:42 -0500] "GET /SIG/index.php?dir=Control%20Disciplinario/&sort=date&order=desc HTTP/1.0" 200 2703
157.55.39.98 - - [17/Dec/2015:08:41:42 -0500] "GET /BLA/resoluciones/RESOLUCIONES%202010/5400.pdf HTTP/1.1" 200 276244
136.243.5.215 - - [17/Dec/2015:08:41:43 -0500] "GET /SIG/index.php?dir=Control%20Disciplinario/&sort=name&order=asc HTTP/1.0" 200 2704
136.243.5.215 - - [17/Dec/2015:08:41:45 -0500] "GET /SIG/index.php?dir=Control%20Disciplinario/&sort=size&order=desc HTTP/1.0" 200 2703
186.115.217.243 - - [17/Dec/2015:08:41:46 -0500] "GET /galeria/nivo-slider/demo/demo.html HTTP/1.1" 200 4226
186.115.217.243 - - [17/Dec/2015:08:41:46 -0500] "GET /galeria/nivo-slider/themes/default/default.css HTTP/1.1" 200 1569
207.46.13.145 - - [17/Dec/2015:08:41:46 -0500] "GET /BLA/resoluciones/AUTOS%202014/0353.pdf HTTP/1.1" 200 528903
186.115.217.243 - - [17/Dec/2015:08:41:46 -0500] "GET /galeria/nivo-slider/demo/style.css HTTP/1.1" 200 2222
186.115.217.243 - - [17/Dec/2015:08:41:46 -0500] "GET /galeria/nivo-slider/nivo-slider.css HTTP/1.1" 200 1507
186.115.217.243 - - [17/Dec/2015:08:41:46 -0500] "GET /galeria/nivo-slider/themes/pascal/pascal.css HTTP/1.1" 200 2258
186.115.217.243 - - [17/Dec/2015:08:41:46 -0500] "GET /galeria/nivo-slider/jquery.nivo.slider.pack.js HTTP/1.1" 200 11561
136.243.5.215 - - [17/Dec/2015:08:41:47 -0500] "GET /SIG/index.php?dir=Direccionamiento%20Estrategico/&sort=date&order=desc HTTP/1.0" 200 3945
62.210.143.245 - - [17/Dec/2015:08:41:47 -0500] "GET / HTTP/1.0" 301 320
186.115.217.243 - - [17/Dec/2015:08:41:48 -0500] "GET /galeria/nivo-slider/themes/orman/orman.css HTTP/1.1" 200 2152
186.115.217.243 - - [17/Dec/2015:08:41:49 -0500] "GET /galeria/nivo-slider/demo/scripts/jquery-1.7.1.min.js HTTP/1.1" 200 93868
136.243.5.215 - - [17/Dec/2015:08:41:49 -0500] "GET /SIG/index.php?dir=Direccionamiento%20Estrategico/&sort=name&order=asc HTTP/1.0" 200 3946
186.115.217.243 - - [17/Dec/2015:08:41:49 -0500] "GET /galeria/nivo-slider/demo/images/2Banner-encuestaSDA.jpg HTTP/1.1" 200 208228
186.115.217.243 - - [17/Dec/2015:08:41:49 -0500] "GET /galeria/nivo-slider/demo/images/Programacion-navidena.jpg HTTP/1.1" 200 316038
186.115.217.243 - - [17/Dec/2015:08:41:49 -0500] "GET /galeria/nivo-slider/demo/images/banner-llantas2015.jpg HTTP/1.1" 200 185615
186.115.217.243 - - [17/Dec/2015:08:41:49 -0500] "GET /galeria/nivo-slider/demo/images/ABC-Plan-de-contigencia.jpg HTTP/1.1" 200 401853
186.115.217.243 - - [17/Dec/2015:08:41:49 -0500] "GET /galeria/nivo-slider/demo/images/caminata-ecologica.jpg HTTP/1.1" 200 161069
186.115.217.243 - - [17/Dec/2015:08:41:50 -0500] "GET /galeria/nivo-slider/demo/images/Banner-ahorro-de-agua.jpg HTTP/1.1" 200 149141
136.243.5.215 - - [17/Dec/2015:08:41:51 -0500] "GET /SIG/index.php?dir=Direccionamiento%20Estrategico/&sort=size&order=desc HTTP/1.0" 200 3945
186.115.217.243 - - [17/Dec/2015:08:41:51 -0500] "GET /galeria/nivo-slider/demo/images/Cmapana-onestidad.jpg HTTP/1.1" 200 141638
186.115.217.243 - - [17/Dec/2015:08:41:51 -0500] "GET /galeria/nivo-slider/demo/images/PREDAcamp.jpg HTTP/1.1" 200 295358
186.113.10.143 - - [17/Dec/2015:08:41:51 -0500] "GET /BLA/boletinlegal/js/jquery.scrollShow.js HTTP/1.1" 304 -
186.115.217.243 - - [17/Dec/2015:08:41:52 -0500] "GET /galeria/nivo-slider/demo/images/Ruta-vertimientos-01.jpg HTTP/1.1" 200 130151
66.249.66.119 - - [17/Dec/2015:08:41:52 -0500] "GET /BLA/resoluciones/RESOLUCIONES%202011/5040.pdf HTTP/1.1" 200 253801
186.115.217.243 - - [17/Dec/2015:08:41:53 -0500] "GET /galeria/nivo-slider/demo/images/bolsas-06.jpg HTTP/1.1" 200 90982
136.243.5.215 - - [17/Dec/2015:08:41:52 -0500] "GET /SIG/index.php?dir=ECS/&sort=date&order=desc HTTP/1.0" 200 16569
186.115.217.243 - - [17/Dec/2015:08:41:53 -0500] "GET /galeria/nivo-slider/demo/images/Conoce-los-humedales.jpg HTTP/1.1" 200 294036
186.115.217.243 - - [17/Dec/2015:08:41:53 -0500] "GET /galeria/nivo-slider/demo/images/ecolecta-Dic2014.png HTTP/1.1" 200 288593
186.115.217.243 - - [17/Dec/2015:08:41:54 -0500] "GET /galeria/nivo-slider/demo/images/9Signos.jpg HTTP/1.1" 200 81776
186.115.217.243 - - [17/Dec/2015:08:41:54 -0500] "GET /galeria/nivo-slider/demo/images/banner-llantas2.jpg HTTP/1.1" 200 204644
186.113.137.102 - - [17/Dec/2015:08:41:54 -0500] "GET /BLA/resoluciones/RESOLUCIONES%202010/4741.pdf HTTP/1.1" 200 464645
186.115.217.243 - - [17/Dec/2015:08:41:54 -0500] "GET /galeria/nivo-slider/demo/images/4Simple_Slider.png HTTP/1.1" 200 11722
186.115.217.243 - - [17/Dec/2015:08:41:55 -0500] "GET /galeria/nivo-slider/themes/default/loading.gif HTTP/1.1" 200 1737
186.113.10.143 - - [17/Dec/2015:08:41:55 -0500] "GET /galeria/galeria/jquery.fancybox.js?v=2.1.5 HTTP/1.1" 304 -
136.243.5.215 - - [17/Dec/2015:08:41:54 -0500] "GET /SIG/index.php?dir=ECS/&sort=name&order=asc HTTP/1.0" 200 16570
186.113.10.143 - - [17/Dec/2015:08:41:55 -0500] "GET /galeria/galeria/jquery.fancybox.css?v=2.1.5 HTTP/1.1" 304 -
62.210.143.245 - - [17/Dec/2015:08:41:55 -0500] "GET /robots.txt HTTP/1.0" 301 334
186.113.137.102 - - [17/Dec/2015:08:41:55 -0500] "GET /BLA/resoluciones/RESOLUCIONES%202010/4741.pdf HTTP/1.1" 200 464645
186.115.217.243 - - [17/Dec/2015:08:41:57 -0500] "GET /galeria/nivo-slider/themes/default/arrows.png HTTP/1.1" 200 824
136.243.5.215 - - [17/Dec/2015:08:41:57 -0500] "GET /SIG/index.php?dir=ECS/&sort=size&order=desc HTTP/1.0" 200 16569
62.210.143.245 - - [17/Dec/2015:08:41:58 -0500] "GET / HTTP/1.0" 301 324
186.115.217.243 - - [17/Dec/2015:08:41:58 -0500] "GET /galeria/nivo-slider/themes/default/bullets.png HTTP/1.1" 200 1281
201.244.125.26 - - [17/Dec/2015:08:41:58 -0500] "GET /galeria/galeria/jquery.fancybox.css?v=2.1.5 HTTP/1.1" 200 4895
201.244.125.26 - - [17/Dec/2015:08:41:58 -0500] "GET /galeria/galeria/jquery.fancybox.js?v=2.1.5 HTTP/1.1" 200 48706
201.244.125.26 - - [17/Dec/2015:08:41:58 -0500] "GET /BLA/boletinlegal/js/jquery.scrollShow.js HTTP/1.1" 200 4586
136.243.5.215 - - [17/Dec/2015:08:41:59 -0500] "GET /SIG/index.php?dir=Gestion%20Documental/&sort=date&order=desc HTTP/1.0" 200 5566
136.243.5.215 - - [17/Dec/2015:08:42:01 -0500] "GET /SIG/index.php?dir=Gestion%20Documental/&sort=name&order=asc HTTP/1.0" 200 5567
136.243.5.215 - - [17/Dec/2015:08:42:02 -0500] "GET /SIG/index.php?dir=Gestion%20Documental/&sort=size&order=desc HTTP/1.0" 200 5566
201.244.125.26 - - [17/Dec/2015:08:42:03 -0500] "GET /galeria/galeria/jquery.fancybox.js?v=2.1.5 HTTP/1.1" 304 -
201.244.125.26 - - [17/Dec/2015:08:42:03 -0500] "GET /BLA/boletinlegal/js/jquery.scrollShow.js HTTP/1.1" 304 -
201.244.125.26 - - [17/Dec/2015:08:42:03 -0500] "GET /galeria/galeria/jquery.fancybox.css?v=2.1.5 HTTP/1.1" 304 -
136.243.5.215 - - [17/Dec/2015:08:42:04 -0500] "GET /SIG/index.php?dir=Gestion%20Recursos%20Financieros/ HTTP/1.0" 200 8843
136.243.5.215 - - [17/Dec/2015:08:42:07 -0500] "GET /SIG/index.php?dir=Gestion%20Recursos%20Financieros/&sort=date&order=desc HTTP/1.0" 200 8842
136.243.5.215 - - [17/Dec/2015:08:42:09 -0500] "GET /SIG/index.php?dir=Gestion%20Recursos%20Financieros/&sort=name&order=asc HTTP/1.0" 200 8843
136.243.5.215 - - [17/Dec/2015:08:42:11 -0500] "GET /SIG/index.php?dir=Gestion%20Recursos%20Financieros/&sort=size&order=desc HTTP/1.0" 200 8842
136.243.5.215 - - [17/Dec/2015:08:42:13 -0500] "GET /StormSDA/forms/1.js HTTP/1.0" 200 875
136.243.5.215 - - [17/Dec/2015:08:42:14 -0500] "GET /StormSDA/forms/10.js HTTP/1.0" 200 30365
136.243.5.215 - - [17/Dec/2015:08:42:16 -0500] "GET /StormSDA/forms/2.js HTTP/1.0" 200 19726
190.25.227.228 - - [17/Dec/2015:08:42:18 -0500] "GET /huelladecarbono/index.html HTTP/1.1" 200 5211
190.25.227.228 - - [17/Dec/2015:08:42:18 -0500] "GET /huelladecarbono/estilos.css HTTP/1.1" 200 4034
190.25.227.228 - - [17/Dec/2015:08:42:18 -0500] "GET /huelladecarbono/Imagenes/btn_gris.png HTTP/1.1" 200 3006
190.25.227.228 - - [17/Dec/2015:08:42:18 -0500] "GET /huelladecarbono/Imagenes/btn_gris3.png HTTP/1.1" 200 4357
190.25.227.228 - - [17/Dec/2015:08:42:18 -0500] "GET /huelladecarbono/Imagenes/btn_gris2.png HTTP/1.1" 200 4298
190.25.227.228 - - [17/Dec/2015:08:42:18 -0500] "GET /huelladecarbono/Imagenes/btn_gris4.png HTTP/1.1" 200 2999
190.25.227.228 - - [17/Dec/2015:08:42:18 -0500] "GET /huelladecarbono/Imagenes/btn_gris5.png HTTP/1.1" 200 4459
190.25.227.228 - - [17/Dec/2015:08:42:18 -0500] "GET /huelladecarbono/Imagenes/fondo_header.jpg HTTP/1.1" 200 28877
190.25.227.228 - - [17/Dec/2015:08:42:18 -0500] "GET /huelladecarbono/Imagenes/campana_title.jpg HTTP/1.1" 200 5453
136.243.5.215 - - [17/Dec/2015:08:42:19 -0500] "GET /StormSDA/forms/3.js HTTP/1.0" 200 6381
190.25.227.228 - - [17/Dec/2015:08:42:20 -0500] "GET /huelladecarbono/Imagenes/btn_verde.png HTTP/1.1" 200 3266
190.25.227.228 - - [17/Dec/2015:08:42:20 -0500] "GET /huelladecarbono/Imagenes/btn_verde3.png HTTP/1.1" 200 4302
190.25.227.228 - - [17/Dec/2015:08:42:20 -0500] "GET /huelladecarbono/Imagenes/btn_verde5.png HTTP/1.1" 200 4384
190.25.227.228 - - [17/Dec/2015:08:42:20 -0500] "GET /huelladecarbono/Imagenes/btn_verde2.png HTTP/1.1" 200 4064
190.25.227.228 - - [17/Dec/2015:08:42:20 -0500] "GET /huelladecarbono/Imagenes/btn_verde4.png HTTP/1.1" 200 3343
190.25.227.228 - - [17/Dec/2015:08:42:20 -0500] "GET /BLA/boletinlegal/js/jquery.scrollShow.js HTTP/1.1" 304 -
190.25.227.228 - - [17/Dec/2015:08:42:20 -0500] "GET /galeria/galeria/jquery.fancybox.js?v=2.1.5 HTTP/1.1" 304 -
190.25.227.228 - - [17/Dec/2015:08:42:20 -0500] "GET /galeria/galeria/jquery.fancybox.css?v=2.1.5 HTTP/1.1" 304 -
136.243.5.215 - - [17/Dec/2015:08:42:20 -0500] "GET /StormSDA/forms/4.js HTTP/1.0" 200 1679
181.48.233.154 - - [17/Dec/2015:08:42:21 -0500] "GET /BLA/boletinlegal/js/jquery.scrollShow.js HTTP/1.1" 200 4586
181.48.233.154 - - [17/Dec/2015:08:42:21 -0500] "GET /galeria/galeria/jquery.fancybox.css?v=2.1.5 HTTP/1.1" 200 4895
181.48.233.154 - - [17/Dec/2015:08:42:21 -0500] "GET /galeria/galeria/jquery.fancybox.js?v=2.1.5 HTTP/1.1" 200 48706
190.25.227.228 - - [17/Dec/2015:08:42:22 -0500] "GET /huelladecarbono/index.html HTTP/1.1" 304 -
190.25.227.228 - - [17/Dec/2015:08:42:22 -0500] "GET /huelladecarbono/estilos.css HTTP/1.1" 304 -
190.25.227.228 - - [17/Dec/2015:08:42:22 -0500] "GET /huelladecarbono/Imagenes/btn_gris.png HTTP/1.1" 304 -
190.25.227.228 - - [17/Dec/2015:08:42:22 -0500] "GET /huelladecarbono/Imagenes/btn_gris2.png HTTP/1.1" 304 -
190.25.227.228 - - [17/Dec/2015:08:42:22 -0500] "GET /huelladecarbono/Imagenes/btn_gris3.png HTTP/1.1" 304 -
190.25.227.228 - - [17/Dec/2015:08:42:22 -0500] "GET /huelladecarbono/Imagenes/btn_gris4.png HTTP/1.1" 304 -
190.25.227.228 - - [17/Dec/2015:08:42:22 -0500] "GET /huelladecarbono/Imagenes/btn_gris5.png HTTP/1.1" 304 -
136.243.5.215 - - [17/Dec/2015:08:42:22 -0500] "GET /StormSDA/forms/5.js HTTP/1.0" 200 72417
190.25.227.228 - - [17/Dec/2015:08:42:23 -0500] "GET /huelladecarbono/Imagenes/btn_verde2.png HTTP/1.1" 304 -
190.25.227.228 - - [17/Dec/2015:08:42:24 -0500] "GET /huelladecarbono/Imagenes/btn_verde3.png HTTP/1.1" 304 -
190.25.227.228 - - [17/Dec/2015:08:42:24 -0500] "GET /huelladecarbono/Imagenes/btn_verde.png HTTP/1.1" 304 -
190.25.227.228 - - [17/Dec/2015:08:42:24 -0500] "GET /huelladecarbono/Imagenes/btn_verde3.png HTTP/1.1" 200 4302
190.25.227.228 - - [17/Dec/2015:08:42:24 -0500] "GET /huelladecarbono/Imagenes/btn_verde5.png HTTP/1.1" 304 -
190.25.227.228 - - [17/Dec/2015:08:42:24 -0500] "GET /huelladecarbono/Imagenes/btn_verde4.png HTTP/1.1" 304 -
190.25.227.228 - - [17/Dec/2015:08:42:24 -0500] "GET /huelladecarbono/Imagenes/btn_verde2.png HTTP/1.1" 200 4064
181.48.233.154 - - [17/Dec/2015:08:42:24 -0500] "GET /galeria/galeria/jquery.fancybox.js?v=2.1.5 HTTP/1.1" 304 -
181.48.233.154 - - [17/Dec/2015:08:42:24 -0500] "GET /BLA/boletinlegal/js/jquery.scrollShow.js HTTP/1.1" 304 -
181.48.233.154 - - [17/Dec/2015:08:42:24 -0500] "GET /galeria/galeria/jquery.fancybox.css?v=2.1.5 HTTP/1.1" 304 -
136.243.5.215 - - [17/Dec/2015:08:42:25 -0500] "GET /StormSDA/forms/6.js HTTP/1.0" 200 6407
186.115.217.243 - - [17/Dec/2015:08:42:26 -0500] "GET /galeria/galeria/jquery.fancybox.js?v=2.1.5 HTTP/1.1" 304 -
186.115.217.243 - - [17/Dec/2015:08:42:26 -0500] "GET /galeria/galeria/jquery.fancybox.css?v=2.1.5 HTTP/1.1" 304 -
136.243.5.215 - - [17/Dec/2015:08:42:27 -0500] "GET /StormSDA/forms/7.js HTTP/1.0" 200 875
136.243.5.215 - - [17/Dec/2015:08:42:29 -0500] "GET /StormSDA/forms/8.js HTTP/1.0" 200 875
136.243.5.215 - - [17/Dec/2015:08:42:30 -0500] "GET /StormSDA/forms/99.js HTTP/1.0" 200 875
207.46.13.145 - - [17/Dec/2015:08:42:31 -0500] "GET /BLA/resoluciones/AUTOS%202007/2499.pdf HTTP/1.1" 200 92205
136.243.5.215 - - [17/Dec/2015:08:42:32 -0500] "GET /StormSDA/forms/?C=D;O=A HTTP/1.0" 200 3475
136.243.5.215 - - [17/Dec/2015:08:42:34 -0500] "GET /StormSDA/forms/?C=D;O=D HTTP/1.0" 200 3475
190.25.227.228 - - [17/Dec/2015:08:42:34 -0500] "GET /huelladecarbono/huella_carbono.html HTTP/1.1" 200 5190
190.25.227.228 - - [17/Dec/2015:08:42:34 -0500] "GET /huelladecarbono/Imagenes/HUELLA_TITLE.jpg HTTP/1.1" 200 8599
190.25.227.228 - - [17/Dec/2015:08:42:34 -0500] "GET /huelladecarbono/Imagenes/hand.png HTTP/1.1" 200 1578
136.243.5.215 - - [17/Dec/2015:08:42:36 -0500] "GET /StormSDA/forms/?C=M;O=A HTTP/1.0" 200 3475
190.25.157.12 - - [17/Dec/2015:08:42:36 -0500] "POST /forms/lservlet;jsessionid=ac16012b30d770bb84cf4b1f4ca394a0e8330d7c064a.e3iSbxaKaheRe38KbN0Rb34Mc3j0n6jAmljGr5XDqQLvpAe HTTP/1.1" 200 2
136.243.5.215 - - [17/Dec/2015:08:42:38 -0500] "GET /StormSDA/forms/?C=M;O=D HTTP/1.0" 200 3475
186.115.217.243 - - [17/Dec/2015:08:42:39 -0500] "GET /galeria/galeria/jquery.fancybox.js?v=2.1.5 HTTP/1.1" 304 -
136.243.5.215 - - [17/Dec/2015:08:42:40 -0500] "GET /StormSDA/forms/?C=N;O=A HTTP/1.0" 200 3475
136.243.5.215 - - [17/Dec/2015:08:42:42 -0500] "GET /StormSDA/forms/?C=N;O=D HTTP/1.0" 200 3475
186.115.217.243 - - [17/Dec/2015:08:42:42 -0500] "GET /galeria/galeria/jquery.fancybox.css?v=2.1.5 HTTP/1.1" 304 -
136.243.5.215 - - [17/Dec/2015:08:42:44 -0500] "GET /StormSDA/forms/?C=S;O=A HTTP/1.0" 200 3475
136.243.5.215 - - [17/Dec/2015:08:42:45 -0500] "GET /StormSDA/forms/?C=S;O=D HTTP/1.0" 200 3475
157.55.39.98 - - [17/Dec/2015:08:42:47 -0500] "GET /BLA/resoluciones/AUTOS%202010/6882.pdf HTTP/1.1" 200 297663
136.243.5.215 - - [17/Dec/2015:08:42:47 -0500] "GET /StormSDA/lib/?C=D;O=A HTTP/1.0" 200 6379
136.243.5.215 - - [17/Dec/2015:08:42:49 -0500] "GET /StormSDA/lib/?C=D;O=D HTTP/1.0" 200 6379
136.243.5.215 - - [17/Dec/2015:08:42:51 -0500] "GET /StormSDA/lib/?C=M;O=A HTTP/1.0" 200 6379
136.243.5.215 - - [17/Dec/2015:08:42:53 -0500] "GET /StormSDA/lib/?C=M;O=D HTTP/1.0" 200 6379
181.48.233.154 - - [17/Dec/2015:08:42:53 -0500] "GET /galeria/carrusel/Carrusel/jquery.thumbnailScroller.css HTTP/1.1" 200 2066
181.48.233.154 - - [17/Dec/2015:08:42:53 -0500] "GET /galeria/carrusel/Carrusel/jquery-ui-1.8.13.custom.min.js HTTP/1.1" 200 10800
181.48.233.154 - - [17/Dec/2015:08:42:53 -0500] "GET /galeria/carrusel/Carrusel/jquery.thumbnailScroller.js HTTP/1.1" 200 8157
181.48.233.154 - - [17/Dec/2015:08:42:54 -0500] "GET /galeria/nivo-slider/demo/demo.html HTTP/1.1" 200 4226
181.48.233.154 - - [17/Dec/2015:08:42:55 -0500] "GET /galeria/nivo-slider/themes/pascal/pascal.css HTTP/1.1" 200 2258
181.48.233.154 - - [17/Dec/2015:08:42:55 -0500] "GET /galeria/nivo-slider/themes/default/default.css HTTP/1.1" 200 1569
181.48.233.154 - - [17/Dec/2015:08:42:55 -0500] "GET /galeria/nivo-slider/themes/orman/orman.css HTTP/1.1" 200 2152
181.48.233.154 - - [17/Dec/2015:08:42:55 -0500] "GET /galeria/nivo-slider/nivo-slider.css HTTP/1.1" 200 1507
181.48.233.154 - - [17/Dec/2015:08:42:55 -0500] "GET /galeria/nivo-slider/demo/style.css HTTP/1.1" 200 2222
181.48.233.154 - - [17/Dec/2015:08:42:55 -0500] "GET /galeria/nivo-slider/demo/scripts/jquery-1.7.1.min.js HTTP/1.1" 200 93868
181.48.233.154 - - [17/Dec/2015:08:42:55 -0500] "GET /galeria/nivo-slider/jquery.nivo.slider.pack.js HTTP/1.1" 200 11561
181.48.233.154 - - [17/Dec/2015:08:42:55 -0500] "GET /galeria/nivo-slider/demo/images/Programacion-navidena.jpg HTTP/1.1" 200 316038
181.48.233.154 - - [17/Dec/2015:08:42:55 -0500] "GET /galeria/nivo-slider/demo/images/2Banner-encuestaSDA.jpg HTTP/1.1" 200 208228
181.48.233.154 - - [17/Dec/2015:08:42:55 -0500] "GET /galeria/nivo-slider/demo/images/ABC-Plan-de-contigencia.jpg HTTP/1.1" 200 401853
181.48.233.154 - - [17/Dec/2015:08:42:55 -0500] "GET /galeria/nivo-slider/demo/images/banner-llantas2015.jpg HTTP/1.1" 200 185615
136.243.5.215 - - [17/Dec/2015:08:42:55 -0500] "GET /StormSDA/lib/?C=N;O=A HTTP/1.0" 200 6379
181.48.233.154 - - [17/Dec/2015:08:42:56 -0500] "GET /galeria/nivo-slider/demo/images/4Simple_Slider.png HTTP/1.1" 200 11722
207.46.13.145 - - [17/Dec/2015:08:42:56 -0500] "GET /BLA/resoluciones/RESOLUCIONES%202009/4308.pdf HTTP/1.1" 200 48808
181.48.233.154 - - [17/Dec/2015:08:42:56 -0500] "GET /galeria/nivo-slider/themes/default/loading.gif HTTP/1.1" 200 1737
207.46.13.145 - - [17/Dec/2015:08:42:57 -0500] "GET /BLA/resoluciones/RESOLUCIONES%202008/0684.pdf HTTP/1.1" 200 132280
136.243.5.215 - - [17/Dec/2015:08:42:57 -0500] "GET /StormSDA/lib/?C=N;O=D HTTP/1.0" 200 6379
181.48.233.154 - - [17/Dec/2015:08:42:58 -0500] "GET /galeria/nivo-slider/demo/images/caminata-ecologica.jpg HTTP/1.1" 200 161069
181.48.233.154 - - [17/Dec/2015:08:42:58 -0500] "GET /galeria/nivo-slider/demo/images/Banner-ahorro-de-agua.jpg HTTP/1.1" 200 149141
181.48.233.154 - - [17/Dec/2015:08:42:58 -0500] "GET /galeria/nivo-slider/demo/images/Cmapana-onestidad.jpg HTTP/1.1" 200 141638
181.48.233.154 - - [17/Dec/2015:08:42:59 -0500] "GET /galeria/nivo-slider/demo/images/PREDAcamp.jpg HTTP/1.1" 200 295358
136.243.5.215 - - [17/Dec/2015:08:42:59 -0500] "GET /StormSDA/lib/?C=S;O=A HTTP/1.0" 200 6379
181.48.233.154 - - [17/Dec/2015:08:43:00 -0500] "GET /galeria/nivo-slider/demo/images/banner-llantas2.jpg HTTP/1.1" 200 204644
181.48.233.154 - - [17/Dec/2015:08:43:00 -0500] "GET /galeria/nivo-slider/demo/images/9Signos.jpg HTTP/1.1" 200 81776
181.48.233.154 - - [17/Dec/2015:08:43:00 -0500] "GET /galeria/nivo-slider/demo/images/Ruta-vertimientos-01.jpg HTTP/1.1" 200 130151
181.48.233.154 - - [17/Dec/2015:08:43:00 -0500] "GET /galeria/nivo-slider/demo/images/bolsas-06.jpg HTTP/1.1" 200 90982
181.48.233.154 - - [17/Dec/2015:08:43:00 -0500] "GET /galeria/nivo-slider/demo/images/Conoce-los-humedales.jpg HTTP/1.1" 200 294036
136.243.5.215 - - [17/Dec/2015:08:43:01 -0500] "GET /StormSDA/lib/?C=S;O=D HTTP/1.0" 200 6379
181.48.233.154 - - [17/Dec/2015:08:43:01 -0500] "GET /galeria/nivo-slider/demo/images/ecolecta-Dic2014.png HTTP/1.1" 200 288593
136.243.5.215 - - [17/Dec/2015:08:43:03 -0500] "GET /StormSDA/lib/myKeystore HTTP/1.0" 200 1254
181.48.233.154 - - [17/Dec/2015:08:43:03 -0500] "GET /galeria/nivo-slider/themes/default/arrows.png HTTP/1.1" 200 824
181.48.233.154 - - [17/Dec/2015:08:43:03 -0500] "GET /galeria/nivo-slider/themes/default/bullets.png HTTP/1.1" 200 1281
136.243.5.215 - - [17/Dec/2015:08:43:04 -0500] "GET /StormSDA/lib/win32/?C=D;O=D HTTP/1.0" 200 1203
136.243.5.215 - - [17/Dec/2015:08:43:06 -0500] "GET /StormSDA/lib/win32/?C=M;O=D HTTP/1.0" 200 1203
136.243.5.215 - - [17/Dec/2015:08:43:08 -0500] "GET /StormSDA/lib/win32/?C=N;O=A HTTP/1.0" 200 1203
136.243.5.215 - - [17/Dec/2015:08:43:10 -0500] "GET /StormSDA/lib/win32/?C=S;O=D HTTP/1.0" 200 1203
190.158.255.170 - - [17/Dec/2015:08:43:10 -0500] "GET /BLA/boletinlegal/js/jquery.scrollShow.js HTTP/1.1" 200 4586
190.158.255.170 - - [17/Dec/2015:08:43:10 -0500] "GET /galeria/galeria/jquery.fancybox.css?v=2.1.5 HTTP/1.1" 200 4895
190.158.255.170 - - [17/Dec/2015:08:43:10 -0500] "GET /galeria/galeria/jquery.fancybox.js?v=2.1.5 HTTP/1.1" 200 48706
136.243.5.215 - - [17/Dec/2015:08:43:11 -0500] "GET /StormSDA/nsjars/?C=D;O=A HTTP/1.0" 200 5602
157.55.39.98 - - [17/Dec/2015:08:43:12 -0500] "GET /BLA/resoluciones/AUTOS%202014/4191.pdf HTTP/1.1" 200 525902
136.243.5.215 - - [17/Dec/2015:08:43:13 -0500] "GET /StormSDA/nsjars/?C=D;O=D HTTP/1.0" 200 5602
200.93.135.141 - - [17/Dec/2015:08:43:14 -0500] "GET /galeria/galeria/jquery.fancybox.js?v=2.1.5 HTTP/1.1" 200 48706
200.93.135.141 - - [17/Dec/2015:08:43:14 -0500] "GET /BLA/boletinlegal/js/jquery.scrollShow.js HTTP/1.1" 200 4586
200.93.135.141 - - [17/Dec/2015:08:43:14 -0500] "GET /galeria/galeria/jquery.fancybox.css?v=2.1.5 HTTP/1.1" 200 4895
201.245.68.250 - - [17/Dec/2015:08:43:15 -0500] "GET /galeria/carrusel/Carrusel/jquery.thumbnailScroller.js HTTP/1.1" 200 8157
136.243.5.215 - - [17/Dec/2015:08:43:15 -0500] "GET /StormSDA/nsjars/?C=M;O=A HTTP/1.0" 200 5602
201.245.68.250 - - [17/Dec/2015:08:43:15 -0500] "GET /galeria/carrusel/Carrusel/jquery.thumbnailScroller.css HTTP/1.1" 200 2066
201.245.68.250 - - [17/Dec/2015:08:43:15 -0500] "GET /galeria/carrusel/Carrusel/jquery-ui-1.8.13.custom.min.js HTTP/1.1" 200 10800
190.158.255.170 - - [17/Dec/2015:08:43:17 -0500] "GET /BLA/boletinlegal/js/jquery.scrollShow.js HTTP/1.1" 304 -
190.158.255.170 - - [17/Dec/2015:08:43:17 -0500] "GET /galeria/galeria/jquery.fancybox.js?v=2.1.5 HTTP/1.1" 304 -
190.158.255.170 - - [17/Dec/2015:08:43:17 -0500] "GET /galeria/galeria/jquery.fancybox.css?v=2.1.5 HTTP/1.1" 304 -
201.245.68.250 - - [17/Dec/2015:08:43:17 -0500] "GET /galeria/nivo-slider/demo/demo.html HTTP/1.1" 200 4226
136.243.5.215 - - [17/Dec/2015:08:43:17 -0500] "GET /StormSDA/nsjars/?C=M;O=D HTTP/1.0" 200 5602
136.243.5.215 - - [17/Dec/2015:08:43:19 -0500] "GET /StormSDA/nsjars/?C=N;O=A HTTP/1.0" 200 5602
136.243.5.215 - - [17/Dec/2015:08:43:21 -0500] "GET /StormSDA/nsjars/?C=N;O=D HTTP/1.0" 200 5602
136.243.5.215 - - [17/Dec/2015:08:43:23 -0500] "GET /StormSDA/nsjars/?C=S;O=A HTTP/1.0" 200 5602
136.243.5.215 - - [17/Dec/2015:08:43:25 -0500] "GET /StormSDA/nsjars/?C=S;O=D HTTP/1.0" 200 5602
207.46.13.145 - - [17/Dec/2015:08:43:26 -0500] "GET /BLA/resoluciones/RESOLUCIONES%202009/3175.pdf HTTP/1.1" 200 244557
136.243.5.215 - - [17/Dec/2015:08:43:27 -0500] "GET /StormSDA/storm/?C=D;O=A HTTP/1.0" 200 5557
136.243.5.215 - - [17/Dec/2015:08:43:29 -0500] "GET /StormSDA/storm/?C=D;O=D HTTP/1.0" 200 5557
190.25.227.228 - - [17/Dec/2015:08:43:31 -0500] "GET /huelladecarbono/descargas.html HTTP/1.1" 200 5786
136.243.5.215 - - [17/Dec/2015:08:43:31 -0500] "GET /StormSDA/storm/?C=M;O=A HTTP/1.0" 200 5557
190.25.227.228 - - [17/Dec/2015:08:43:31 -0500] "GET /huelladecarbono/Imagenes/DESCARGA_TITLE.jpg HTTP/1.1" 200 5283
190.25.227.228 - - [17/Dec/2015:08:43:31 -0500] "GET /huelladecarbono/Imagenes/hand2.png HTTP/1.1" 200 1415
136.243.5.215 - - [17/Dec/2015:08:43:33 -0500] "GET /StormSDA/storm/?C=M;O=D HTTP/1.0" 200 5557
136.243.5.215 - - [17/Dec/2015:08:43:34 -0500] "GET /StormSDA/storm/?C=N;O=A HTTP/1.0" 200 5557
136.243.5.215 - - [17/Dec/2015:08:43:36 -0500] "GET /StormSDA/storm/?C=N;O=D HTTP/1.0" 200 5557
157.55.39.98 - - [17/Dec/2015:08:43:37 -0500] "GET /BLA/resoluciones/Autos%202008/0817.pdf HTTP/1.1" 200 184865
136.243.5.215 - - [17/Dec/2015:08:43:38 -0500] "GET /StormSDA/storm/?C=S;O=A HTTP/1.0" 200 5557
136.243.5.215 - - [17/Dec/2015:08:43:40 -0500] "GET /StormSDA/storm/?C=S;O=D HTTP/1.0" 200 5557
181.48.104.130 - - [17/Dec/2015:08:43:41 -0500] "GET /galeria/galeria/jquery.fancybox.css?v=2.1.5 HTTP/1.1" 200 4895
181.48.104.130 - - [17/Dec/2015:08:43:41 -0500] "GET /BLA/boletinlegal/js/jquery.scrollShow.js HTTP/1.1" 200 4586
181.48.104.130 - - [17/Dec/2015:08:43:41 -0500] "GET /galeria/galeria/jquery.fancybox.js?v=2.1.5 HTTP/1.1" 200 48706
190.25.227.228 - - [17/Dec/2015:08:43:41 -0500] "GET /huelladecarbono/soluciones.html HTTP/1.1" 200 6658
190.25.227.228 - - [17/Dec/2015:08:43:41 -0500] "GET /huelladecarbono/Scripts/swfobject_modified.js HTTP/1.1" 200 22365
136.243.5.215 - - [17/Dec/2015:08:43:41 -0500] "GET /robots.txt HTTP/1.0" 404 1019
190.25.227.228 - - [17/Dec/2015:08:43:41 -0500] "GET /huelladecarbono/Imagenes/SOLUCION_TITLE.jpg HTTP/1.1" 200 5274
190.25.227.228 - - [17/Dec/2015:08:43:41 -0500] "GET /huelladecarbono/soluciones2.swf HTTP/1.1" 200 44100
136.243.5.215 - - [17/Dec/2015:08:43:43 -0500] "GET /StormSDA/storm/vssver2.scc HTTP/1.0" 200 491
186.115.217.243 - - [17/Dec/2015:08:43:44 -0500] "GET /galeria/carrusel/Carrusel/jquery-ui-1.8.13.custom.min.js HTTP/1.1" 200 10800
186.115.217.243 - - [17/Dec/2015:08:43:44 -0500] "GET /galeria/galeria/jquery.fancybox.css?v=2.1.5 HTTP/1.1" 200 4895
186.115.217.243 - - [17/Dec/2015:08:43:44 -0500] "GET /galeria/galeria/jquery.fancybox.js?v=2.1.5 HTTP/1.1" 200 48706
186.115.217.243 - - [17/Dec/2015:08:43:44 -0500] "GET /BLA/boletinlegal/js/jquery.scrollShow.js HTTP/1.1" 200 4586
186.115.217.243 - - [17/Dec/2015:08:43:44 -0500] "GET /galeria/carrusel/Carrusel/jquery.thumbnailScroller.js HTTP/1.1" 200 8157
136.243.5.215 - - [17/Dec/2015:08:43:45 -0500] "GET /StormSDA/stormWeb/img/?C=D;O=A HTTP/1.0" 200 2925
181.48.104.130 - - [17/Dec/2015:08:43:46 -0500] "GET /BLA/boletinlegal/js/jquery.scrollShow.js HTTP/1.1" 304 -
181.48.104.130 - - [17/Dec/2015:08:43:46 -0500] "GET /galeria/galeria/jquery.fancybox.js?v=2.1.5 HTTP/1.1" 304 -
181.48.104.130 - - [17/Dec/2015:08:43:46 -0500] "GET /galeria/galeria/jquery.fancybox.css?v=2.1.5 HTTP/1.1" 304 -
136.243.5.215 - - [17/Dec/2015:08:43:47 -0500] "GET /StormSDA/stormWeb/img/?C=M;O=A HTTP/1.0" 200 2925
157.55.39.98 - - [17/Dec/2015:08:43:47 -0500] "GET /BLA/resoluciones/RESOLUCIONES%202008/5572.pdf HTTP/1.1" 200 261368
186.115.217.243 - - [17/Dec/2015:08:43:47 -0500] "GET /galeria/carrusel/Carrusel/jquery.thumbnailScroller.css HTTP/1.1" 200 2066
157.55.39.98 - - [17/Dec/2015:08:43:47 -0500] "GET /BLA/resoluciones/AUTOS%202008/0560.pdf HTTP/1.1" 200 109495
157.55.39.98 - - [17/Dec/2015:08:43:48 -0500] "GET /BLA/resoluciones/AUTOS%202011/0318.pdf HTTP/1.1" 200 163694
136.243.5.215 - - [17/Dec/2015:08:43:48 -0500] "GET /StormSDA/stormWeb/img/?C=N;O=A HTTP/1.0" 200 2925
136.243.5.215 - - [17/Dec/2015:08:43:51 -0500] "GET /StormSDA/stormWeb/img/?C=N;O=D HTTP/1.0" 200 2925
207.46.13.145 - - [17/Dec/2015:08:43:51 -0500] "GET /BLA/resoluciones/AUTOS%202011/7383.pdf HTTP/1.1" 200 142755
136.243.5.215 - - [17/Dec/2015:08:43:52 -0500] "GET /StormSDA/stormWeb/img/?C=S;O=A HTTP/1.0" 200 2925
136.243.5.215 - - [17/Dec/2015:08:43:54 -0500] "GET /StormSDA/stormWeb/presentacion.html HTTP/1.0" 200 4730
136.243.5.215 - - [17/Dec/2015:08:43:56 -0500] "GET /StormSDA/storm_silv/?C=D;O=A HTTP/1.0" 200 5788
200.93.135.250 - - [17/Dec/2015:08:43:56 -0500] "GET /galeria/carrusel/Carrusel/jquery.thumbnailScroller.js HTTP/1.1" 200 8157
200.93.135.250 - - [17/Dec/2015:08:43:56 -0500] "GET /galeria/galeria/jquery.fancybox.js?v=2.1.5 HTTP/1.1" 200 48706
200.93.135.250 - - [17/Dec/2015:08:43:56 -0500] "GET /galeria/carrusel/Carrusel/jquery-ui-1.8.13.custom.min.js HTTP/1.1" 200 10800
200.93.135.250 - - [17/Dec/2015:08:43:56 -0500] "GET /galeria/carrusel/Carrusel/jquery.thumbnailScroller.css HTTP/1.1" 200 2066
200.93.135.250 - - [17/Dec/2015:08:43:56 -0500] "GET /BLA/boletinlegal/js/jquery.scrollShow.js HTTP/1.1" 200 4586
200.93.135.250 - - [17/Dec/2015:08:43:56 -0500] "GET /galeria/galeria/jquery.fancybox.css?v=2.1.5 HTTP/1.1" 200 4895
157.55.39.98 - - [17/Dec/2015:08:43:57 -0500] "GET /BLA/resoluciones/RESOLUCIONES%202010/6584.pdf HTTP/1.1" 200 358618
200.93.135.250 - - [17/Dec/2015:08:43:57 -0500] "GET /galeria/nivo-slider/demo/demo.html HTTP/1.1" 200 4226
200.93.135.250 - - [17/Dec/2015:08:43:58 -0500] "GET /galeria/nivo-slider/themes/default/default.css HTTP/1.1" 200 1569
200.93.135.250 - - [17/Dec/2015:08:43:58 -0500] "GET /galeria/nivo-slider/themes/orman/orman.css HTTP/1.1" 200 2152
200.93.135.250 - - [17/Dec/2015:08:43:58 -0500] "GET /galeria/nivo-slider/themes/pascal/pascal.css HTTP/1.1" 200 2258
200.93.135.250 - - [17/Dec/2015:08:43:58 -0500] "GET /galeria/nivo-slider/nivo-slider.css HTTP/1.1" 200 1507
200.93.135.250 - - [17/Dec/2015:08:43:58 -0500] "GET /galeria/nivo-slider/demo/style.css HTTP/1.1" 200 2222
200.93.135.250 - - [17/Dec/2015:08:43:58 -0500] "GET /galeria/nivo-slider/demo/images/Programacion-navidena.jpg HTTP/1.1" 200 316038
200.93.135.250 - - [17/Dec/2015:08:43:58 -0500] "GET /galeria/nivo-slider/demo/scripts/jquery-1.7.1.min.js HTTP/1.1" 200 93868
200.93.135.250 - - [17/Dec/2015:08:43:58 -0500] "GET /galeria/nivo-slider/jquery.nivo.slider.pack.js HTTP/1.1" 200 11561
200.93.135.250 - - [17/Dec/2015:08:43:58 -0500] "GET /galeria/nivo-slider/demo/images/2Banner-encuestaSDA.jpg HTTP/1.1" 200 208228
200.93.135.250 - - [17/Dec/2015:08:43:58 -0500] "GET /galeria/nivo-slider/demo/images/ABC-Plan-de-contigencia.jpg HTTP/1.1" 200 401853
200.93.135.250 - - [17/Dec/2015:08:43:58 -0500] "GET /galeria/nivo-slider/demo/images/banner-llantas2015.jpg HTTP/1.1" 200 185615
200.93.135.250 - - [17/Dec/2015:08:43:58 -0500] "GET /galeria/nivo-slider/demo/images/caminata-ecologica.jpg HTTP/1.1" 200 161069
136.243.5.215 - - [17/Dec/2015:08:43:58 -0500] "GET /StormSDA/storm_silv/?C=D;O=D HTTP/1.0" 200 5788
200.93.135.250 - - [17/Dec/2015:08:43:58 -0500] "GET /galeria/nivo-slider/demo/images/Banner-ahorro-de-agua.jpg HTTP/1.1" 200 149141
200.93.135.250 - - [17/Dec/2015:08:43:58 -0500] "GET /galeria/nivo-slider/demo/images/Cmapana-onestidad.jpg HTTP/1.1" 200 141638
200.93.135.250 - - [17/Dec/2015:08:43:59 -0500] "GET /galeria/nivo-slider/demo/images/PREDAcamp.jpg HTTP/1.1" 200 295358
200.93.135.250 - - [17/Dec/2015:08:43:59 -0500] "GET /galeria/nivo-slider/demo/images/banner-llantas2.jpg HTTP/1.1" 200 204644
200.93.135.250 - - [17/Dec/2015:08:43:59 -0500] "GET /galeria/nivo-slider/demo/images/4Simple_Slider.png HTTP/1.1" 200 11722
200.93.135.250 - - [17/Dec/2015:08:43:59 -0500] "GET /galeria/nivo-slider/themes/default/loading.gif HTTP/1.1" 200 1737
200.93.135.250 - - [17/Dec/2015:08:43:59 -0500] "GET /galeria/nivo-slider/demo/images/9Signos.jpg HTTP/1.1" 200 81776
200.93.135.250 - - [17/Dec/2015:08:43:59 -0500] "GET /galeria/nivo-slider/demo/images/Ruta-vertimientos-01.jpg HTTP/1.1" 200 130151
200.93.135.250 - - [17/Dec/2015:08:43:59 -0500] "GET /galeria/nivo-slider/demo/images/bolsas-06.jpg HTTP/1.1" 200 90982
200.93.135.250 - - [17/Dec/2015:08:44:00 -0500] "GET /galeria/nivo-slider/demo/images/Conoce-los-humedales.jpg HTTP/1.1" 200 294036
200.93.135.250 - - [17/Dec/2015:08:44:00 -0500] "GET /galeria/nivo-slider/demo/images/ecolecta-Dic2014.png HTTP/1.1" 200 288593
136.243.5.215 - - [17/Dec/2015:08:44:01 -0500] "GET /StormSDA/storm_silv/?C=M;O=A HTTP/1.0" 200 5788
200.93.135.250 - - [17/Dec/2015:08:44:01 -0500] "GET /galeria/nivo-slider/themes/default/arrows.png HTTP/1.1" 200 824
200.93.135.250 - - [17/Dec/2015:08:44:01 -0500] "GET /galeria/nivo-slider/themes/default/bullets.png HTTP/1.1" 200 1281
69.162.124.233 - - [17/Dec/2015:08:44:02 -0500] "HEAD / HTTP/1.1" 200 -
136.243.5.215 - - [17/Dec/2015:08:44:02 -0500] "GET /StormSDA/storm_silv/?C=M;O=D HTTP/1.0" 200 5788
190.85.117.194 - - [17/Dec/2015:08:44:03 -0500] "GET /ecodirectorio/? HTTP/1.1" 200 4751
190.85.117.194 - - [17/Dec/2015:08:44:03 -0500] "GET /ecodirectorio/files/js/swfaddress.js HTTP/1.1" 200 15916
190.85.117.194 - - [17/Dec/2015:08:44:03 -0500] "GET /ecodirectorio/files/js/swfobject.js HTTP/1.1" 200 10220
136.243.5.215 - - [17/Dec/2015:08:44:04 -0500] "GET /StormSDA/storm_silv/?C=N;O=A HTTP/1.0" 200 5788
136.243.5.215 - - [17/Dec/2015:08:44:06 -0500] "GET /StormSDA/storm_silv/?C=N;O=D HTTP/1.0" 200 5788
181.48.233.154 - - [17/Dec/2015:08:44:07 -0500] "GET /galeria/galeria/jquery.fancybox.css?v=2.1.5 HTTP/1.1" 304 -
181.48.233.154 - - [17/Dec/2015:08:44:07 -0500] "GET /BLA/boletinlegal/js/jquery.scrollShow.js HTTP/1.1" 304 -
181.48.233.154 - - [17/Dec/2015:08:44:07 -0500] "GET /galeria/galeria/jquery.fancybox.js?v=2.1.5 HTTP/1.1" 304 -
136.243.5.215 - - [17/Dec/2015:08:44:08 -0500] "GET /StormSDA/storm_silv/?C=S;O=A HTTP/1.0" 200 5788
136.243.5.215 - - [17/Dec/2015:08:44:10 -0500] "GET /StormSDA/storm_silv/?C=S;O=D HTTP/1.0" 200 5788
186.115.217.243 - - [17/Dec/2015:08:44:12 -0500] "GET /galeria/nivo-slider/demo/demo.html HTTP/1.1" 200 4226
136.243.5.215 - - [17/Dec/2015:08:44:13 -0500] "GET /StormSDA/userFiles%20-%20Copy%2019-07-2012/?C=D;O=A HTTP/1.0" 200 5900
186.115.217.243 - - [17/Dec/2015:08:44:13 -0500] "GET /galeria/nivo-slider/themes/default/default.css HTTP/1.1" 200 1569
186.115.217.243 - - [17/Dec/2015:08:44:13 -0500] "GET /galeria/nivo-slider/nivo-slider.css HTTP/1.1" 200 1507
186.115.217.243 - - [17/Dec/2015:08:44:13 -0500] "GET /galeria/nivo-slider/demo/scripts/jquery-1.7.1.min.js HTTP/1.1" 200 93868
186.115.217.243 - - [17/Dec/2015:08:44:13 -0500] "GET /galeria/nivo-slider/demo/style.css HTTP/1.1" 200 2222
186.115.217.243 - - [17/Dec/2015:08:44:13 -0500] "GET /galeria/nivo-slider/jquery.nivo.slider.pack.js HTTP/1.1" 200 11561
136.243.5.215 - - [17/Dec/2015:08:44:15 -0500] "GET /StormSDA/userFiles%20-%20Copy%2019-07-2012/?C=D;O=D HTTP/1.0" 200 5900
186.115.217.243 - - [17/Dec/2015:08:44:16 -0500] "GET /galeria/nivo-slider/themes/orman/orman.css HTTP/1.1" 200 2152
136.243.5.215 - - [17/Dec/2015:08:44:17 -0500] "GET /StormSDA/userFiles%20-%20Copy%2019-07-2012/?C=M;O=A HTTP/1.0" 200 5900
136.243.5.215 - - [17/Dec/2015:08:44:18 -0500] "GET /StormSDA/userFiles%20-%20Copy%2019-07-2012/?C=M;O=D HTTP/1.0" 200 5900
136.243.5.215 - - [17/Dec/2015:08:44:20 -0500] "GET /StormSDA/userFiles%20-%20Copy%2019-07-2012/?C=N;O=A HTTP/1.0" 200 5900
186.115.217.243 - - [17/Dec/2015:08:44:21 -0500] "GET /galeria/nivo-slider/themes/pascal/pascal.css HTTP/1.1" 200 2258
186.115.217.243 - - [17/Dec/2015:08:44:22 -0500] "GET /galeria/nivo-slider/demo/images/2Banner-encuestaSDA.jpg HTTP/1.1" 200 208228
186.115.217.243 - - [17/Dec/2015:08:44:22 -0500] "GET /galeria/nivo-slider/demo/images/ABC-Plan-de-contigencia.jpg HTTP/1.1" 200 401853
186.115.217.243 - - [17/Dec/2015:08:44:22 -0500] "GET /galeria/nivo-slider/demo/images/banner-llantas2015.jpg HTTP/1.1" 200 185615
186.115.217.243 - - [17/Dec/2015:08:44:22 -0500] "GET /galeria/nivo-slider/demo/images/Programacion-navidena.jpg HTTP/1.1" 200 316038
157.55.39.98 - - [17/Dec/2015:08:44:22 -0500] "GET /BLA/resoluciones/RESOLUCIONES%202011/0059.pdf HTTP/1.1" 200 325464
186.115.217.243 - - [17/Dec/2015:08:44:22 -0500] "GET /galeria/nivo-slider/demo/images/Banner-ahorro-de-agua.jpg HTTP/1.1" 200 149141
136.243.5.215 - - [17/Dec/2015:08:44:22 -0500] "GET /StormSDA/userFiles%20-%20Copy%2019-07-2012/?C=N;O=D HTTP/1.0" 200 5900
186.115.217.243 - - [17/Dec/2015:08:44:24 -0500] "GET /galeria/nivo-slider/demo/images/caminata-ecologica.jpg HTTP/1.1" 200 161069
186.115.217.243 - - [17/Dec/2015:08:44:24 -0500] "GET /galeria/nivo-slider/demo/images/Cmapana-onestidad.jpg HTTP/1.1" 200 141638
136.243.5.215 - - [17/Dec/2015:08:44:24 -0500] "GET /StormSDA/userFiles%20-%20Copy%2019-07-2012/?C=S;O=A HTTP/1.0" 200 5900
186.115.217.243 - - [17/Dec/2015:08:44:25 -0500] "GET /galeria/nivo-slider/demo/images/PREDAcamp.jpg HTTP/1.1" 200 295358
186.115.217.243 - - [17/Dec/2015:08:44:25 -0500] "GET /galeria/nivo-slider/demo/images/banner-llantas2.jpg HTTP/1.1" 200 204644
136.243.5.215 - - [17/Dec/2015:08:44:26 -0500] "GET /StormSDA/userFiles%20-%20Copy%2019-07-2012/?C=S;O=D HTTP/1.0" 200 5900
186.115.217.243 - - [17/Dec/2015:08:44:26 -0500] "GET /galeria/nivo-slider/demo/images/Ruta-vertimientos-01.jpg HTTP/1.1" 200 130151
186.115.217.243 - - [17/Dec/2015:08:44:27 -0500] "GET /galeria/nivo-slider/demo/images/bolsas-06.jpg HTTP/1.1" 200 90982
186.115.217.243 - - [17/Dec/2015:08:44:28 -0500] "GET /galeria/nivo-slider/demo/images/Conoce-los-humedales.jpg HTTP/1.1" 200 294036
136.243.5.215 - - [17/Dec/2015:08:44:28 -0500] "GET /StormSDA/userFiles%20-%20Copy%2019-07-2012/UpdateReg.xml HTTP/1.0" 200 1238
186.115.217.243 - - [17/Dec/2015:08:44:28 -0500] "GET /galeria/nivo-slider/demo/images/ecolecta-Dic2014.png HTTP/1.1" 200 288593
186.115.217.243 - - [17/Dec/2015:08:44:29 -0500] "GET /galeria/nivo-slider/themes/default/loading.gif HTTP/1.1" 200 1737
136.243.5.215 - - [17/Dec/2015:08:44:30 -0500] "GET /StormSDA/userFiles%20-%20Copy%2019-07-2012/update.txt HTTP/1.0" 200 33
186.115.217.243 - - [17/Dec/2015:08:44:30 -0500] "GET /galeria/nivo-slider/demo/images/4Simple_Slider.png HTTP/1.1" 200 11722
136.243.5.215 - - [17/Dec/2015:08:44:31 -0500] "GET /StormSDA/userFiles%20-%20Copy%2019-07-2012/user_files/1/?C=D;O=A HTTP/1.0" 200 1751
186.115.217.243 - - [17/Dec/2015:08:44:33 -0500] "GET /galeria/nivo-slider/demo/images/9Signos.jpg HTTP/1.1" 200 81776
201.245.176.154 - - [17/Dec/2015:08:44:33 -0500] "GET /formularios/formulario-tics.php? HTTP/1.1" 200 3888
136.243.5.215 - - [17/Dec/2015:08:44:33 -0500] "GET /StormSDA/userFiles%20-%20Copy%2019-07-2012/user_files/1/?C=M;O=A HTTP/1.0" 200 1751
186.115.217.243 - - [17/Dec/2015:08:44:35 -0500] "GET /galeria/nivo-slider/themes/default/arrows.png HTTP/1.1" 200 824
136.243.5.215 - - [17/Dec/2015:08:44:35 -0500] "GET /StormSDA/userFiles%20-%20Copy%2019-07-2012/user_files/1/?C=N;O=D HTTP/1.0" 200 1751
186.115.217.243 - - [17/Dec/2015:08:44:36 -0500] "GET /galeria/nivo-slider/themes/default/bullets.png HTTP/1.1" 200 1281
190.25.157.12 - - [17/Dec/2015:08:44:36 -0500] "POST /forms/lservlet;jsessionid=ac16012b30d770bb84cf4b1f4ca394a0e8330d7c064a.e3iSbxaKaheRe38KbN0Rb34Mc3j0n6jAmljGr5XDqQLvpAe HTTP/1.1" 200 2
136.243.5.215 - - [17/Dec/2015:08:44:36 -0500] "GET /StormSDA/userFiles%20-%20Copy%2019-07-2012/user_files/1/?C=S;O=A HTTP/1.0" 200 1751
200.69.101.27 - - [17/Dec/2015:08:44:38 -0500] "GET /galeria/galeria/jquery.fancybox.css?v=2.1.5 HTTP/1.1" 200 4895
200.69.101.27 - - [17/Dec/2015:08:44:38 -0500] "GET /galeria/carrusel/Carrusel/jquery.thumbnailScroller.css HTTP/1.1" 200 2066
200.69.101.27 - - [17/Dec/2015:08:44:38 -0500] "GET /BLA/boletinlegal/js/jquery.scrollShow.js HTTP/1.1" 200 4586
200.69.101.27 - - [17/Dec/2015:08:44:38 -0500] "GET /galeria/galeria/jquery.fancybox.js?v=2.1.5 HTTP/1.1" 200 48706
200.69.101.27 - - [17/Dec/2015:08:44:38 -0500] "GET /galeria/carrusel/Carrusel/jquery-ui-1.8.13.custom.min.js HTTP/1.1" 200 10800
200.69.101.27 - - [17/Dec/2015:08:44:38 -0500] "GET /galeria/carrusel/Carrusel/jquery.thumbnailScroller.js HTTP/1.1" 200 8157
136.243.5.215 - - [17/Dec/2015:08:44:38 -0500] "GET /StormSDA/userFiles%20-%20Copy%2019-07-2012/user_files/1/asocia.xml HTTP/1.0" 200 315
200.69.101.27 - - [17/Dec/2015:08:44:38 -0500] "GET /galeria/nivo-slider/demo/demo.html HTTP/1.1" 200 4226
200.69.101.27 - - [17/Dec/2015:08:44:38 -0500] "GET /galeria/nivo-slider/themes/default/default.css HTTP/1.1" 200 1569
200.69.101.27 - - [17/Dec/2015:08:44:38 -0500] "GET /galeria/nivo-slider/themes/pascal/pascal.css HTTP/1.1" 200 2258
200.69.101.27 - - [17/Dec/2015:08:44:38 -0500] "GET /galeria/nivo-slider/themes/orman/orman.css HTTP/1.1" 200 2152
200.69.101.27 - - [17/Dec/2015:08:44:38 -0500] "GET /galeria/nivo-slider/demo/style.css HTTP/1.1" 200 2222
200.69.101.27 - - [17/Dec/2015:08:44:38 -0500] "GET /galeria/nivo-slider/demo/scripts/jquery-1.7.1.min.js HTTP/1.1" 200 93868
200.69.101.27 - - [17/Dec/2015:08:44:38 -0500] "GET /galeria/nivo-slider/nivo-slider.css HTTP/1.1" 200 1507
200.69.101.27 - - [17/Dec/2015:08:44:38 -0500] "GET /galeria/nivo-slider/jquery.nivo.slider.pack.js HTTP/1.1" 200 11561
200.69.101.27 - - [17/Dec/2015:08:44:38 -0500] "GET /galeria/nivo-slider/demo/images/4Simple_Slider.png HTTP/1.1" 200 11722
200.69.101.27 - - [17/Dec/2015:08:44:39 -0500] "GET /galeria/nivo-slider/themes/default/loading.gif HTTP/1.1" 200 1737
200.69.101.27 - - [17/Dec/2015:08:44:39 -0500] "GET /galeria/nivo-slider/demo/images/Programacion-navidena.jpg HTTP/1.1" 200 316038
200.69.101.27 - - [17/Dec/2015:08:44:39 -0500] "GET /galeria/nivo-slider/demo/images/2Banner-encuestaSDA.jpg HTTP/1.1" 200 208228
200.69.101.27 - - [17/Dec/2015:08:44:39 -0500] "GET /galeria/nivo-slider/demo/images/ABC-Plan-de-contigencia.jpg HTTP/1.1" 200 401853
200.69.101.27 - - [17/Dec/2015:08:44:39 -0500] "GET /galeria/nivo-slider/demo/images/banner-llantas2015.jpg HTTP/1.1" 200 185615
200.69.101.27 - - [17/Dec/2015:08:44:39 -0500] "GET /galeria/nivo-slider/demo/images/caminata-ecologica.jpg HTTP/1.1" 200 161069
200.69.101.27 - - [17/Dec/2015:08:44:39 -0500] "GET /galeria/nivo-slider/demo/images/Banner-ahorro-de-agua.jpg HTTP/1.1" 200 149141
200.69.101.27 - - [17/Dec/2015:08:44:40 -0500] "GET /galeria/nivo-slider/demo/images/Cmapana-onestidad.jpg HTTP/1.1" 200 141638
136.243.5.215 - - [17/Dec/2015:08:44:40 -0500] "GET /StormSDA/userFiles%20-%20Copy%2019-07-2012/user_files/1/asociaFormula.xml HTTP/1.0" 200 55
200.69.101.27 - - [17/Dec/2015:08:44:40 -0500] "GET /galeria/nivo-slider/demo/images/PREDAcamp.jpg HTTP/1.1" 200 295358
200.69.101.27 - - [17/Dec/2015:08:44:40 -0500] "GET /galeria/nivo-slider/demo/images/banner-llantas2.jpg HTTP/1.1" 200 204644
200.69.101.27 - - [17/Dec/2015:08:44:41 -0500] "GET /galeria/nivo-slider/demo/images/9Signos.jpg HTTP/1.1" 200 81776
200.69.101.27 - - [17/Dec/2015:08:44:41 -0500] "GET /galeria/nivo-slider/demo/images/Ruta-vertimientos-01.jpg HTTP/1.1" 200 130151
200.69.101.27 - - [17/Dec/2015:08:44:41 -0500] "GET /galeria/nivo-slider/demo/images/bolsas-06.jpg HTTP/1.1" 200 90982
200.69.101.27 - - [17/Dec/2015:08:44:41 -0500] "GET /galeria/nivo-slider/demo/images/Conoce-los-humedales.jpg HTTP/1.1" 200 294036
200.69.101.27 - - [17/Dec/2015:08:44:41 -0500] "GET /galeria/nivo-slider/demo/images/ecolecta-Dic2014.png HTTP/1.1" 200 288593
136.243.5.215 - - [17/Dec/2015:08:44:42 -0500] "GET /StormSDA/userFiles%20-%20Copy%2019-07-2012/user_files/1/desasocia.xml HTTP/1.0" 200 58
200.69.101.27 - - [17/Dec/2015:08:44:43 -0500] "GET /galeria/nivo-slider/themes/default/arrows.png HTTP/1.1" 200 824
200.69.101.27 - - [17/Dec/2015:08:44:43 -0500] "GET /galeria/nivo-slider/themes/default/bullets.png HTTP/1.1" 200 1281
136.243.5.215 - - [17/Dec/2015:08:44:43 -0500] "GET /StormSDA/userFiles%20-%20Copy%2019-07-2012/user_files/1/desasociaFormula.xml HTTP/1.0" 200 58
201.245.192.253 - - [17/Dec/2015:08:44:43 -0500] "OPTIONS /autoliquidacion/Grupo%20Forestal%20-%20Silvicultura/ HTTP/1.1" 200 -
201.245.192.253 - - [17/Dec/2015:08:44:44 -0500] "OPTIONS /autoliquidacion/Grupo%20Forestal%20-%20Silvicultura/ HTTP/1.1" 200 -
201.245.192.253 - - [17/Dec/2015:08:44:44 -0500] "HEAD /autoliquidacion/Grupo%20Forestal%20-%20Silvicultura/ HTTP/1.1" 200 -
201.245.192.253 - - [17/Dec/2015:08:44:44 -0500] "OPTIONS /autoliquidacion/Grupo%20Forestal%20-%20Silvicultura/ HTTP/1.1" 200 -
201.245.192.253 - - [17/Dec/2015:08:44:44 -0500] "HEAD /autoliquidacion/Grupo%20Forestal%20-%20Silvicultura HTTP/1.1" 301 -
201.245.192.253 - - [17/Dec/2015:08:44:44 -0500] "HEAD /autoliquidacion/Grupo%20Forestal%20-%20Silvicultura/ HTTP/1.1" 200 -
201.245.192.253 - - [17/Dec/2015:08:44:44 -0500] "OPTIONS /autoliquidacion/Grupo%20Forestal%20-%20Silvicultura/ HTTP/1.1" 200 -
201.245.192.253 - - [17/Dec/2015:08:44:44 -0500] "HEAD /autoliquidacion/Grupo%20Forestal%20-%20Silvicultura HTTP/1.1" 301 -
201.245.192.253 - - [17/Dec/2015:08:44:44 -0500] "HEAD /autoliquidacion/Grupo%20Forestal%20-%20Silvicultura/ HTTP/1.1" 200 -
136.243.5.215 - - [17/Dec/2015:08:44:45 -0500] "GET /StormSDA/userFiles%20-%20Copy%2019-07-2012/user_files/85/?C=D;O=A HTTP/1.0" 200 877
136.243.5.215 - - [17/Dec/2015:08:44:47 -0500] "GET /StormSDA/userFiles%20-%20Copy%2019-07-2012/user_files/85/?C=D;O=D HTTP/1.0" 200 877
136.243.5.215 - - [17/Dec/2015:08:44:48 -0500] "GET /StormSDA/userFiles%20-%20Copy%2019-07-2012/user_files/85/?C=M;O=A HTTP/1.0" 200 877
136.243.5.215 - - [17/Dec/2015:08:44:50 -0500] "GET /StormSDA/userFiles%20-%20Copy%2019-07-2012/user_files/85/?C=M;O=D HTTP/1.0" 200 877
136.243.5.215 - - [17/Dec/2015:08:44:52 -0500] "GET /StormSDA/userFiles%20-%20Copy%2019-07-2012/user_files/85/?C=N;O=A HTTP/1.0" 200 877
136.243.5.215 - - [17/Dec/2015:08:44:53 -0500] "GET /StormSDA/userFiles%20-%20Copy%2019-07-2012/user_files/85/?C=N;O=D HTTP/1.0" 200 877
136.243.5.215 - - [17/Dec/2015:08:44:55 -0500] "GET /StormSDA/userFiles%20-%20Copy%2019-07-2012/user_files/85/?C=S;O=A HTTP/1.0" 200 877
136.243.5.215 - - [17/Dec/2015:08:44:57 -0500] "GET /StormSDA/userFiles%20-%20Copy%2019-07-2012/user_files/85/?C=S;O=D HTTP/1.0" 200 877
136.243.5.215 - - [17/Dec/2015:08:44:58 -0500] "GET /StormSDA/userFiles%20-%20Copy%2019-07-2012/user_files/86/?C=D;O=A HTTP/1.0" 200 877
136.243.5.215 - - [17/Dec/2015:08:45:00 -0500] "GET /StormSDA/userFiles%20-%20Copy%2019-07-2012/user_files/86/?C=D;O=D HTTP/1.0" 200 877
66.249.66.44 - - [17/Dec/2015:08:45:02 -0500] "GET /dama/libreria/php/decide.php?patron=03.1305020113&numm=49 HTTP/1.1" 404 1019
136.243.5.215 - - [17/Dec/2015:08:45:02 -0500] "GET /StormSDA/userFiles%20-%20Copy%2019-07-2012/user_files/86/?C=M;O=A HTTP/1.0" 200 877
136.243.5.215 - - [17/Dec/2015:08:45:03 -0500] "GET /StormSDA/userFiles%20-%20Copy%2019-07-2012/user_files/86/?C=M;O=D HTTP/1.0" 200 877
136.243.5.215 - - [17/Dec/2015:08:45:05 -0500] "GET /StormSDA/userFiles%20-%20Copy%2019-07-2012/user_files/86/?C=N;O=A HTTP/1.0" 200 877
201.245.192.253 - - [17/Dec/2015:08:45:06 -0500] "GET /BLA/boletinlegal/js/jquery.scrollShow.js HTTP/1.1" 200 4586
201.245.192.253 - - [17/Dec/2015:08:45:06 -0500] "GET /galeria/galeria/jquery.fancybox.js?v=2.1.5 HTTP/1.1" 200 48706
201.245.192.253 - - [17/Dec/2015:08:45:06 -0500] "GET /galeria/galeria/jquery.fancybox.css?v=2.1.5 HTTP/1.1" 200 4895
201.245.192.253 - - [17/Dec/2015:08:45:06 -0500] "GET /galeria/carrusel/Carrusel/jquery.thumbnailScroller.css HTTP/1.1" 200 2066
201.245.192.253 - - [17/Dec/2015:08:45:06 -0500] "GET /galeria/carrusel/Carrusel/jquery-ui-1.8.13.custom.min.js HTTP/1.1" 200 10800
201.245.192.253 - - [17/Dec/2015:08:45:06 -0500] "GET /galeria/carrusel/Carrusel/jquery.thumbnailScroller.js HTTP/1.1" 200 8157
201.245.192.253 - - [17/Dec/2015:08:45:06 -0500] "GET /galeria/nivo-slider/demo/demo.html HTTP/1.1" 200 4226
201.245.192.253 - - [17/Dec/2015:08:45:06 -0500] "GET /galeria/nivo-slider/themes/default/default.css HTTP/1.1" 200 1569
201.245.192.253 - - [17/Dec/2015:08:45:06 -0500] "GET /galeria/nivo-slider/themes/pascal/pascal.css HTTP/1.1" 200 2258
201.245.192.253 - - [17/Dec/2015:08:45:06 -0500] "GET /galeria/nivo-slider/themes/orman/orman.css HTTP/1.1" 200 2152
201.245.192.253 - - [17/Dec/2015:08:45:06 -0500] "GET /galeria/nivo-slider/nivo-slider.css HTTP/1.1" 200 1507
201.245.192.253 - - [17/Dec/2015:08:45:06 -0500] "GET /galeria/nivo-slider/demo/style.css HTTP/1.1" 200 2222
201.245.192.253 - - [17/Dec/2015:08:45:06 -0500] "GET /galeria/nivo-slider/demo/images/Programacion-navidena.jpg HTTP/1.1" 200 316038
201.245.192.253 - - [17/Dec/2015:08:45:06 -0500] "GET /galeria/nivo-slider/jquery.nivo.slider.pack.js HTTP/1.1" 200 11561
201.245.192.253 - - [17/Dec/2015:08:45:06 -0500] "GET /galeria/nivo-slider/demo/scripts/jquery-1.7.1.min.js HTTP/1.1" 200 93868
201.245.192.253 - - [17/Dec/2015:08:45:06 -0500] "GET /galeria/nivo-slider/demo/images/2Banner-encuestaSDA.jpg HTTP/1.1" 200 208228
201.245.192.253 - - [17/Dec/2015:08:45:06 -0500] "GET /galeria/nivo-slider/demo/images/ABC-Plan-de-contigencia.jpg HTTP/1.1" 200 401853
201.245.192.253 - - [17/Dec/2015:08:45:06 -0500] "GET /galeria/nivo-slider/demo/images/banner-llantas2015.jpg HTTP/1.1" 200 185615
136.243.5.215 - - [17/Dec/2015:08:45:07 -0500] "GET /StormSDA/userFiles%20-%20Copy%2019-07-2012/user_files/86/?C=N;O=D HTTP/1.0" 200 877
201.245.192.253 - - [17/Dec/2015:08:45:07 -0500] "GET /galeria/nivo-slider/themes/default/loading.gif HTTP/1.1" 200 1737
201.245.192.253 - - [17/Dec/2015:08:45:07 -0500] "GET /galeria/nivo-slider/demo/images/4Simple_Slider.png HTTP/1.1" 200 11722
201.245.192.253 - - [17/Dec/2015:08:45:07 -0500] "GET /galeria/nivo-slider/demo/images/caminata-ecologica.jpg HTTP/1.1" 200 161069
201.245.192.253 - - [17/Dec/2015:08:45:07 -0500] "GET /galeria/nivo-slider/demo/images/Banner-ahorro-de-agua.jpg HTTP/1.1" 200 149141
201.245.192.253 - - [17/Dec/2015:08:45:07 -0500] "GET /galeria/nivo-slider/demo/images/Cmapana-onestidad.jpg HTTP/1.1" 200 141638
