66.249.64.106 - - [19/Dec/2015:14:32:55 -0500] "GET /BLA/resoluciones/RESOLUCIONES%202007/RES%202007%201201%20AL%201300/RESOLUCION%201206%20DE%202007.pdf HTTP/1.1" 200 141288
69.162.124.233 - - [19/Dec/2015:14:32:59 -0500] "HEAD / HTTP/1.1" 200 -
66.249.64.106 - - [19/Dec/2015:14:33:07 -0500] "GET /BLA/resoluciones/RESOLUCIONES%202012/1799.pdf HTTP/1.1" 200 890178
190.25.157.12 - - [19/Dec/2015:14:33:15 -0500] "POST /forms/lservlet;jsessionid=ac16012b30d7fcfb694b74754b67ba13d8349b7969d1.e3iSbxaKaheRe38KbN0Rb34Mc3j0n6jAmljGr5XDqQLvpAe HTTP/1.1" 200 2
200.118.192.151 - - [19/Dec/2015:14:33:40 -0500] "GET /BLA/boletinlegal/conceptos.php HTTP/1.1" 200 6122
200.118.192.151 - - [19/Dec/2015:14:33:44 -0500] "GET /BLA/boletinlegal/consulta_conceptos.php?no=&solicitante=&radicado_entrada=&fecha_concepto=2015&objeto= HTTP/1.1" 200 84184
200.118.192.151 - - [19/Dec/2015:14:33:34 -0500] "GET /BLA/boletinlegal/index.php? HTTP/1.1" 200 20427
200.118.192.151 - - [19/Dec/2015:14:33:55 -0500] "GET /BLA/boletinlegal/conceptos/2015/187.pdf HTTP/1.1" 404 1306
181.61.8.248 - - [19/Dec/2015:14:33:59 -0500] "POST /forms/lservlet;jsessionid=ac16012b30d7de18c878eaac480581caac0f5612543e.e3iSbxaKaheRe38KbN0Rb34Mc3j0n6jAmljGr5XDqQLvpAe HTTP/1.1" 200 2
200.118.192.151 - - [19/Dec/2015:14:34:05 -0500] "GET /BLA/boletinlegal/conceptos/2015/185.pdf HTTP/1.1" 200 416706
181.128.199.37 - - [19/Dec/2015:14:34:15 -0500] "GET /BLA/boletinlegal/js/jquery.scrollShow.js HTTP/1.1" 200 4586
181.128.199.37 - - [19/Dec/2015:14:34:15 -0500] "GET /galeria/galeria/jquery.fancybox.js?v=2.1.5 HTTP/1.1" 200 48706
181.128.199.37 - - [19/Dec/2015:14:34:15 -0500] "GET /galeria/galeria/jquery.fancybox.css?v=2.1.5 HTTP/1.1" 200 4895
181.128.199.37 - - [19/Dec/2015:14:34:15 -0500] "GET /galeria/carrusel/Carrusel/jquery.thumbnailScroller.css HTTP/1.1" 200 2066
181.128.199.37 - - [19/Dec/2015:14:34:15 -0500] "GET /galeria/carrusel/Carrusel/jquery-ui-1.8.13.custom.min.js HTTP/1.1" 200 10800
181.128.199.37 - - [19/Dec/2015:14:34:16 -0500] "GET /galeria/carrusel/Carrusel/jquery.thumbnailScroller.js HTTP/1.1" 200 8157
181.128.199.37 - - [19/Dec/2015:14:34:20 -0500] "GET /galeria/nivo-slider/demo/demo.html HTTP/1.1" 200 4456
181.128.199.37 - - [19/Dec/2015:14:34:21 -0500] "GET /galeria/nivo-slider/themes/default/default.css HTTP/1.1" 200 1569
181.128.199.37 - - [19/Dec/2015:14:34:21 -0500] "GET /galeria/nivo-slider/themes/pascal/pascal.css HTTP/1.1" 200 2258
181.128.199.37 - - [19/Dec/2015:14:34:21 -0500] "GET /galeria/nivo-slider/themes/orman/orman.css HTTP/1.1" 200 2152
181.128.199.37 - - [19/Dec/2015:14:34:21 -0500] "GET /galeria/nivo-slider/nivo-slider.css HTTP/1.1" 200 1507
181.128.199.37 - - [19/Dec/2015:14:34:21 -0500] "GET /galeria/nivo-slider/demo/style.css HTTP/1.1" 200 2222
181.128.199.37 - - [19/Dec/2015:14:34:21 -0500] "GET /galeria/nivo-slider/demo/images/ambientales.jpg HTTP/1.1" 200 397233
181.128.199.37 - - [19/Dec/2015:14:34:21 -0500] "GET /galeria/nivo-slider/demo/images/Programacion-navidena.jpg HTTP/1.1" 200 316038
181.128.199.37 - - [19/Dec/2015:14:34:21 -0500] "GET /galeria/nivo-slider/demo/images/2Banner-encuestaSDA.jpg HTTP/1.1" 200 208228
181.128.199.37 - - [19/Dec/2015:14:34:22 -0500] "GET /galeria/nivo-slider/demo/images/ABC-Plan-de-contigencia.jpg HTTP/1.1" 200 401853
181.128.199.37 - - [19/Dec/2015:14:34:22 -0500] "GET /galeria/nivo-slider/demo/images/banner-llantas2015.jpg HTTP/1.1" 200 185615
181.128.199.37 - - [19/Dec/2015:14:34:22 -0500] "GET /galeria/nivo-slider/demo/images/caminata-ecologica.jpg HTTP/1.1" 200 161069
181.128.199.37 - - [19/Dec/2015:14:34:23 -0500] "GET /galeria/nivo-slider/demo/images/Banner-ahorro-de-agua.jpg HTTP/1.1" 200 149141
181.128.199.37 - - [19/Dec/2015:14:34:23 -0500] "GET /galeria/nivo-slider/demo/images/Cmapana-onestidad.jpg HTTP/1.1" 200 141638
181.128.199.37 - - [19/Dec/2015:14:34:24 -0500] "GET /galeria/nivo-slider/demo/images/PREDAcamp.jpg HTTP/1.1" 200 295358
181.128.199.37 - - [19/Dec/2015:14:34:24 -0500] "GET /galeria/nivo-slider/demo/images/banner-llantas2.jpg HTTP/1.1" 200 204644
181.128.199.37 - - [19/Dec/2015:14:34:24 -0500] "GET /galeria/nivo-slider/demo/images/9Signos.jpg HTTP/1.1" 200 81776
181.128.199.37 - - [19/Dec/2015:14:34:25 -0500] "GET /galeria/nivo-slider/demo/images/Ruta-vertimientos-01.jpg HTTP/1.1" 200 130151
181.128.199.37 - - [19/Dec/2015:14:34:25 -0500] "GET /galeria/nivo-slider/demo/images/bolsas-06.jpg HTTP/1.1" 200 90982
181.128.199.37 - - [19/Dec/2015:14:34:25 -0500] "GET /galeria/nivo-slider/demo/images/Conoce-los-humedales.jpg HTTP/1.1" 200 294036
181.128.199.37 - - [19/Dec/2015:14:34:25 -0500] "GET /galeria/nivo-slider/demo/images/ecolecta-Dic2014.png HTTP/1.1" 200 288593
181.128.199.37 - - [19/Dec/2015:14:34:26 -0500] "GET /galeria/nivo-slider/demo/scripts/jquery-1.7.1.min.js HTTP/1.1" 200 93868
186.113.10.143 - - [19/Dec/2015:14:34:26 -0500] "GET /galeria/nivo-slider/demo/images/caminata-ecologica.jpg HTTP/1.1" 304 -
181.128.199.37 - - [19/Dec/2015:14:34:26 -0500] "GET /galeria/nivo-slider/jquery.nivo.slider.pack.js HTTP/1.1" 200 11561
181.128.199.37 - - [19/Dec/2015:14:34:27 -0500] "GET /galeria/nivo-slider/demo/images/4Simple_Slider.png HTTP/1.1" 200 11722
181.128.199.37 - - [19/Dec/2015:14:34:27 -0500] "GET /galeria/nivo-slider/themes/default/loading.gif HTTP/1.1" 200 1737
181.128.199.37 - - [19/Dec/2015:14:34:27 -0500] "GET /galeria/nivo-slider/themes/default/arrows.png HTTP/1.1" 200 824
181.128.199.37 - - [19/Dec/2015:14:34:27 -0500] "GET /galeria/nivo-slider/themes/default/bullets.png HTTP/1.1" 200 1281
186.71.48.154 - - [19/Dec/2015:14:34:29 -0500] "GET /galeria/galeria/jquery.fancybox.css?v=2.1.5 HTTP/1.1" 200 4895
186.71.48.154 - - [19/Dec/2015:14:34:29 -0500] "GET /BLA/boletinlegal/js/jquery.scrollShow.js HTTP/1.1" 200 4586
186.71.48.154 - - [19/Dec/2015:14:34:29 -0500] "GET /galeria/galeria/jquery.fancybox.js?v=2.1.5 HTTP/1.1" 200 48706
186.71.48.154 - - [19/Dec/2015:14:34:31 -0500] "GET /autoliquidacion HTTP/1.1" 301 310
186.71.48.154 - - [19/Dec/2015:14:34:32 -0500] "GET /autoliquidacion/ HTTP/1.1" 200 6375
186.71.48.154 - - [19/Dec/2015:14:34:32 -0500] "GET /autoliquidacion/dlf/styles.css HTTP/1.1" 200 3045
186.71.48.154 - - [19/Dec/2015:14:34:32 -0500] "GET /autoliquidacion/dlf/folder.png HTTP/1.1" 200 410
186.71.48.154 - - [19/Dec/2015:14:34:33 -0500] "GET /autoliquidacion/dlf/bg.gif HTTP/1.1" 200 54
186.71.48.154 - - [19/Dec/2015:14:34:36 -0500] "GET /BLA/boletinlegal/js/jquery.scrollShow.js HTTP/1.1" 304 -
186.71.48.154 - - [19/Dec/2015:14:34:36 -0500] "GET /galeria/galeria/jquery.fancybox.js?v=2.1.5 HTTP/1.1" 304 -
186.71.48.154 - - [19/Dec/2015:14:34:36 -0500] "GET /galeria/galeria/jquery.fancybox.css?v=2.1.5 HTTP/1.1" 304 -
186.71.48.154 - - [19/Dec/2015:14:34:37 -0500] "GET /autoliquidacion HTTP/1.1" 301 310
186.71.48.154 - - [19/Dec/2015:14:34:37 -0500] "GET /autoliquidacion/ HTTP/1.1" 200 6375
186.71.48.154 - - [19/Dec/2015:14:34:38 -0500] "GET /autoliquidacion/dlf/styles.css HTTP/1.1" 304 -
186.71.48.154 - - [19/Dec/2015:14:34:38 -0500] "GET /autoliquidacion/dlf/folder.png HTTP/1.1" 304 -
186.71.48.154 - - [19/Dec/2015:14:34:46 -0500] "GET /autoliquidacion/index.php?dir=Plan+de+manejo+ambiental+para+sitios+de+aprovechamiento+y+o+disposicion+final+de+escombros%2F HTTP/1.1" 200 2472
186.71.48.154 - - [19/Dec/2015:14:34:46 -0500] "GET /autoliquidacion/dlf/dirup.png HTTP/1.1" 200 644
186.71.48.154 - - [19/Dec/2015:14:34:46 -0500] "GET /autoliquidacion/dlf/html.gif HTTP/1.1" 200 632
186.71.48.154 - - [19/Dec/2015:14:34:48 -0500] "GET /autoliquidacion/Plan%20de%20manejo%20ambiental%20para%20sitios%20de%20aprovechamiento%20y%20o%20disposicion%20final%20de%20escombros/Aplicativo.html HTTP/1.1" 200 359
186.71.48.154 - - [19/Dec/2015:14:35:05 -0500] "GET /autoliquidacion/index.php?dir= HTTP/1.1" 200 6375
200.118.192.151 - - [19/Dec/2015:14:35:13 -0500] "GET /BLA/boletinlegal/conceptos/2015/184.pdf HTTP/1.1" 200 560975
190.25.157.12 - - [19/Dec/2015:14:35:15 -0500] "POST /forms/lservlet;jsessionid=ac16012b30d7fcfb694b74754b67ba13d8349b7969d1.e3iSbxaKaheRe38KbN0Rb34Mc3j0n6jAmljGr5XDqQLvpAe HTTP/1.1" 200 2
186.71.48.154 - - [19/Dec/2015:14:35:24 -0500] "GET /autoliquidacion/index.php?dir=TR%C1MITES+ACEITES-RESIDUOS-ESTACIONES%2F HTTP/1.1" 200 2822
186.71.48.154 - - [19/Dec/2015:14:35:28 -0500] "GET /autoliquidacion/index.php?dir=TR%C1MITES+ACEITES-RESIDUOS-ESTACIONES%2FREG.+GENERADOR%2F HTTP/1.1" 200 3498
186.71.48.154 - - [19/Dec/2015:14:35:29 -0500] "GET /autoliquidacion/dlf/xls.gif HTTP/1.1" 200 636
186.71.48.154 - - [19/Dec/2015:14:35:29 -0500] "GET /autoliquidacion/dlf/doc.gif HTTP/1.1" 200 1079
186.71.48.154 - - [19/Dec/2015:14:35:29 -0500] "GET /autoliquidacion/TR%C3%81MITES%20ACEITES-RESIDUOS-ESTACIONES/REG.%20GENERADOR/126PM04-PR75-F-A3-V2.0%20oficio%20Solicitud%20inscripci%C3%B3n.doc HTTP/1.1" 200 213504
186.71.48.154 - - [19/Dec/2015:14:35:37 -0500] "GET /autoliquidacion/TR%C3%81MITES%20ACEITES-RESIDUOS-ESTACIONES/REG.%20GENERADOR/anexo%205.%20SOLICITUD%20DE%20MODIFICACIONES%20DEL%20REGISTRO.xls HTTP/1.1" 200 783360
186.71.48.154 - - [19/Dec/2015:14:35:38 -0500] "GET /autoliquidacion/TR%C3%81MITES%20ACEITES-RESIDUOS-ESTACIONES/REG.%20GENERADOR/anexo%205.%20SOLICITUD%20DE%20MODIFICACIONES%20DEL%20REGISTRO.xls HTTP/1.1" 206 1
186.71.48.154 - - [19/Dec/2015:14:35:39 -0500] "GET /autoliquidacion/TR%C3%81MITES%20ACEITES-RESIDUOS-ESTACIONES/REG.%20GENERADOR/126PM04-PR75-F-A2-V%201-LISTA%20CHEQUEO%20REG.GENERADOR.xls HTTP/1.1" 200 194560
157.55.39.149 - - [19/Dec/2015:14:35:48 -0500] "GET /galeria/galeria/jquery.fancybox.js?v=2.1.5 HTTP/1.1" 200 48706
157.55.39.149 - - [19/Dec/2015:14:35:48 -0500] "GET /galeria/galeria/jquery.fancybox.js?v=2.1.5 HTTP/1.1" 200 48706
181.61.8.248 - - [19/Dec/2015:14:35:59 -0500] "POST /forms/lservlet;jsessionid=ac16012b30d7de18c878eaac480581caac0f5612543e.e3iSbxaKaheRe38KbN0Rb34Mc3j0n6jAmljGr5XDqQLvpAe HTTP/1.1" 200 2
186.71.48.154 - - [19/Dec/2015:14:35:59 -0500] "GET /autoliquidacion/TR%C3%81MITES%20ACEITES-RESIDUOS-ESTACIONES/REG.%20GENERADOR/126PM04-PR75-F-A2-V%201-LISTA%20CHEQUEO%20REG.GENERADOR.xls HTTP/1.1" 200 194560
200.118.192.151 - - [19/Dec/2015:14:36:00 -0500] "GET /BLA/boletinlegal/conceptos/2015/182.pdf HTTP/1.1" 200 664795
190.158.133.243 - - [19/Dec/2015:14:36:11 -0500] "GET /BLA/boletinlegal/js/jquery.scrollShow.js HTTP/1.1" 200 4586
190.158.133.243 - - [19/Dec/2015:14:36:11 -0500] "GET /galeria/galeria/jquery.fancybox.js?v=2.1.5 HTTP/1.1" 200 48706
190.158.133.243 - - [19/Dec/2015:14:36:11 -0500] "GET /galeria/galeria/jquery.fancybox.css?v=2.1.5 HTTP/1.1" 200 4895
66.249.64.96 - - [19/Dec/2015:14:36:11 -0500] "GET /BLA/resoluciones/RESOLUCIONES%202012/1754.pdf HTTP/1.1" 200 1799345
190.158.133.243 - - [19/Dec/2015:14:36:20 -0500] "GET /BLA/boletinlegal/js/jquery.scrollShow.js HTTP/1.1" 304 -
190.158.133.243 - - [19/Dec/2015:14:36:20 -0500] "GET /galeria/galeria/jquery.fancybox.js?v=2.1.5 HTTP/1.1" 304 -
190.158.133.243 - - [19/Dec/2015:14:36:20 -0500] "GET /galeria/galeria/jquery.fancybox.css?v=2.1.5 HTTP/1.1" 304 -
190.158.47.10 - - [19/Dec/2015:14:36:25 -0500] "GET /galeria/galeria/jquery.fancybox.css?v=2.1.5 HTTP/1.1" 200 4895
190.158.47.10 - - [19/Dec/2015:14:36:25 -0500] "GET /galeria/galeria/jquery.fancybox.js?v=2.1.5 HTTP/1.1" 200 48706
190.158.47.10 - - [19/Dec/2015:14:36:25 -0500] "GET /BLA/boletinlegal/js/jquery.scrollShow.js HTTP/1.1" 200 4586
190.158.47.10 - - [19/Dec/2015:14:36:32 -0500] "GET /BLA/boletinlegal/js/jquery.scrollShow.js HTTP/1.1" 304 -
190.158.47.10 - - [19/Dec/2015:14:36:32 -0500] "GET /galeria/galeria/jquery.fancybox.js?v=2.1.5 HTTP/1.1" 304 -
190.158.47.10 - - [19/Dec/2015:14:36:32 -0500] "GET /galeria/galeria/jquery.fancybox.css?v=2.1.5 HTTP/1.1" 304 -
186.71.48.154 - - [19/Dec/2015:14:36:40 -0500] "GET /autoliquidacion/TR%C3%81MITES%20ACEITES-RESIDUOS-ESTACIONES/REG.%20GENERADOR/126PM04-PR75-F-A2-V%201-LISTA%20CHEQUEO%20REG.GENERADOR.xls HTTP/1.1" 206 1
186.71.48.154 - - [19/Dec/2015:14:36:40 -0500] "GET /autoliquidacion/TR%C3%81MITES%20ACEITES-RESIDUOS-ESTACIONES/REG.%20GENERADOR/anexo%205.%20SOLICITUD%20DE%20MODIFICACIONES%20DEL%20REGISTRO.xls HTTP/1.1" 206 782181
186.71.48.154 - - [19/Dec/2015:14:36:40 -0500] "GET /autoliquidacion/TR%C3%81MITES%20ACEITES-RESIDUOS-ESTACIONES/REG.%20GENERADOR/126PM04-PR75-F-A2-V%201-LISTA%20CHEQUEO%20REG.GENERADOR.xls HTTP/1.1" 206 193381
66.249.64.248 - - [19/Dec/2015:14:36:42 -0500] "GET /robots.txt HTTP/1.1" 404 1019
66.249.64.248 - - [19/Dec/2015:14:36:42 -0500] "GET /galeria/nivo-slider/demo/images/Modelia2.jpg HTTP/1.1" 200 81933
181.128.199.37 - - [19/Dec/2015:14:36:45 -0500] "GET /galeria/galeria/jquery.fancybox.css?v=2.1.5 HTTP/1.1" 304 -
181.128.199.37 - - [19/Dec/2015:14:36:45 -0500] "GET /BLA/boletinlegal/js/jquery.scrollShow.js HTTP/1.1" 304 -
181.128.199.37 - - [19/Dec/2015:14:36:45 -0500] "GET /galeria/galeria/jquery.fancybox.js?v=2.1.5 HTTP/1.1" 304 -
127.0.0.1 - - [19/Dec/2015:14:36:53 -0500] "POST /plugins/update-check/1.1/ HTTP/1.0" 404 1021
127.0.0.1 - - [19/Dec/2015:14:36:53 -0500] "POST /themes/update-check/1.1/ HTTP/1.0" 404 1021
127.0.0.1 - - [19/Dec/2015:14:36:53 -0500] "POST /core/version-check/1.7/?version=4.2.2&php=5.5.15&locale=es_ES&mysql=5.6.20&local_package=&blogs=1&users=86&multisite_enabled=0 HTTP/1.0" 404 1021
127.0.0.1 - - [19/Dec/2015:14:36:53 -0500] "POST /themes/update-check/1.1/ HTTP/1.0" 404 1021
127.0.0.1 - - [19/Dec/2015:14:36:54 -0500] "POST /plugins/update-check/1.1/ HTTP/1.0" 404 1021
186.71.48.154 - - [19/Dec/2015:14:37:09 -0500] "GET /autoliquidacion/index.php?dir=Solicitudes+relacionadas+con+ocupaci%F3n+de+cauce%2F HTTP/1.1" 200 2697
186.71.48.154 - - [19/Dec/2015:14:37:09 -0500] "GET /autoliquidacion/dlf/pdf.gif HTTP/1.1" 200 272
190.25.157.12 - - [19/Dec/2015:14:37:15 -0500] "POST /forms/lservlet;jsessionid=ac16012b30d7fcfb694b74754b67ba13d8349b7969d1.e3iSbxaKaheRe38KbN0Rb34Mc3j0n6jAmljGr5XDqQLvpAe HTTP/1.1" 200 2
186.71.48.154 - - [19/Dec/2015:14:37:17 -0500] "GET /autoliquidacion/index.php?dir=Solicitud+de+Licencia+Ambiental%2F HTTP/1.1" 200 2615
66.249.64.96 - - [19/Dec/2015:14:37:21 -0500] "GET /BLA/resoluciones/AUTOS%202011/1403.pdf HTTP/1.1" 200 98075
66.249.88.233 - - [19/Dec/2015:14:37:22 -0500] "GET /galeria/galeria/jquery.fancybox.css?v=2.1.5 HTTP/1.1" 200 4895
66.249.88.228 - - [19/Dec/2015:14:37:22 -0500] "GET /BLA/boletinlegal/js/jquery.scrollShow.js HTTP/1.1" 200 4586
66.249.88.228 - - [19/Dec/2015:14:37:22 -0500] "GET /galeria/galeria/jquery.fancybox.js?v=2.1.5 HTTP/1.1" 200 48706
66.249.88.223 - - [19/Dec/2015:14:37:29 -0500] "GET /galeria/galeria/jquery.fancybox.css?v=2.1.5 HTTP/1.1" 304 -
66.249.88.223 - - [19/Dec/2015:14:37:29 -0500] "GET /galeria/galeria/jquery.fancybox.js?v=2.1.5 HTTP/1.1" 304 -
66.249.88.223 - - [19/Dec/2015:14:37:29 -0500] "GET /BLA/boletinlegal/js/jquery.scrollShow.js HTTP/1.1" 304 -
66.249.88.228 - - [19/Dec/2015:14:37:31 -0500] "GET /BLA/boletinlegal/js/jquery.scrollShow.js HTTP/1.1" 304 -
66.249.88.233 - - [19/Dec/2015:14:37:31 -0500] "GET /galeria/galeria/jquery.fancybox.js?v=2.1.5 HTTP/1.1" 304 -
66.249.88.233 - - [19/Dec/2015:14:37:32 -0500] "GET /galeria/galeria/jquery.fancybox.css?v=2.1.5 HTTP/1.1" 304 -
190.158.47.10 - - [19/Dec/2015:14:37:41 -0500] "GET /silvicultura/1.pdf HTTP/1.1" 404 1330
190.158.47.10 - - [19/Dec/2015:14:37:41 -0500] "GET /favicon.ico HTTP/1.1" 200 7782
69.162.124.233 - - [19/Dec/2015:14:37:59 -0500] "HEAD / HTTP/1.1" 200 -
181.61.8.248 - - [19/Dec/2015:14:37:59 -0500] "POST /forms/lservlet;jsessionid=ac16012b30d7de18c878eaac480581caac0f5612543e.e3iSbxaKaheRe38KbN0Rb34Mc3j0n6jAmljGr5XDqQLvpAe HTTP/1.1" 200 2
200.118.192.151 - - [19/Dec/2015:14:38:02 -0500] "GET /BLA/boletinlegal/consulta_conceptos.php?no=&solicitante=&radicado_entrada=&fecha_concepto=2010&objeto= HTTP/1.1" 200 68470
68.180.230.190 - - [19/Dec/2015:14:39:01 -0500] "GET /BLA/resoluciones/index.php?dir=RESOLUCIONES+2005%2FRES+2005+951-1000%2F HTTP/1.1" 200 12304
190.25.157.12 - - [19/Dec/2015:14:39:15 -0500] "POST /forms/lservlet;jsessionid=ac16012b30d7fcfb694b74754b67ba13d8349b7969d1.e3iSbxaKaheRe38KbN0Rb34Mc3j0n6jAmljGr5XDqQLvpAe HTTP/1.1" 200 2
190.84.79.233 - - [19/Dec/2015:14:39:22 -0500] "GET /galeria/galeria/jquery.fancybox.js?v=2.1.5 HTTP/1.1" 200 48706
190.84.79.233 - - [19/Dec/2015:14:39:22 -0500] "GET /BLA/boletinlegal/js/jquery.scrollShow.js HTTP/1.1" 200 4586
190.84.79.233 - - [19/Dec/2015:14:39:22 -0500] "GET /galeria/galeria/jquery.fancybox.css?v=2.1.5 HTTP/1.1" 200 4895
66.249.64.101 - - [19/Dec/2015:14:39:31 -0500] "GET /BLA/resoluciones/AUTOS%202007/0680.pdf HTTP/1.1" 200 164188
68.180.230.190 - - [19/Dec/2015:14:39:37 -0500] "GET /BLA/resoluciones/AUTOS%202004/0990.pdf HTTP/1.1" 200 78792
181.61.8.248 - - [19/Dec/2015:14:39:59 -0500] "POST /forms/lservlet;jsessionid=ac16012b30d7de18c878eaac480581caac0f5612543e.e3iSbxaKaheRe38KbN0Rb34Mc3j0n6jAmljGr5XDqQLvpAe HTTP/1.1" 200 2
181.26.133.75 - - [19/Dec/2015:14:41:03 -0500] "GET /galeria/galeria/jquery.fancybox.css?v=2.1.5 HTTP/1.1" 200 4895
181.26.133.75 - - [19/Dec/2015:14:41:03 -0500] "GET /BLA/boletinlegal/js/jquery.scrollShow.js HTTP/1.1" 200 4586
181.26.133.75 - - [19/Dec/2015:14:41:03 -0500] "GET /galeria/galeria/jquery.fancybox.js?v=2.1.5 HTTP/1.1" 200 48706
181.26.133.75 - - [19/Dec/2015:14:41:14 -0500] "GET /galeria/galeria/jquery.fancybox.js?v=2.1.5 HTTP/1.1" 304 -
181.26.133.75 - - [19/Dec/2015:14:41:14 -0500] "GET /galeria/galeria/jquery.fancybox.css?v=2.1.5 HTTP/1.1" 304 -
181.26.133.75 - - [19/Dec/2015:14:41:14 -0500] "GET /BLA/boletinlegal/js/jquery.scrollShow.js HTTP/1.1" 304 -
190.25.157.12 - - [19/Dec/2015:14:41:15 -0500] "POST /forms/lservlet;jsessionid=ac16012b30d7fcfb694b74754b67ba13d8349b7969d1.e3iSbxaKaheRe38KbN0Rb34Mc3j0n6jAmljGr5XDqQLvpAe HTTP/1.1" 200 2
190.255.40.77 - - [19/Dec/2015:14:41:20 -0500] "GET /galeria/galeria/jquery.fancybox.js?v=2.1.5 HTTP/1.1" 304 -
190.255.40.77 - - [19/Dec/2015:14:41:20 -0500] "GET /galeria/galeria/jquery.fancybox.css?v=2.1.5 HTTP/1.1" 304 -
66.249.64.96 - - [19/Dec/2015:14:41:36 -0500] "GET /BLA/resoluciones/AUTOS%202013/1046.pdf HTTP/1.1" 200 245205
190.255.40.77 - - [19/Dec/2015:14:41:47 -0500] "GET /galeria/galeria/jquery.fancybox.css?v=2.1.5 HTTP/1.1" 304 -
190.255.40.77 - - [19/Dec/2015:14:41:47 -0500] "GET /galeria/galeria/jquery.fancybox.js?v=2.1.5 HTTP/1.1" 304 -
181.61.8.248 - - [19/Dec/2015:14:41:59 -0500] "POST /forms/lservlet;jsessionid=ac16012b30d7de18c878eaac480581caac0f5612543e.e3iSbxaKaheRe38KbN0Rb34Mc3j0n6jAmljGr5XDqQLvpAe HTTP/1.1" 200 2
190.255.40.77 - - [19/Dec/2015:14:42:11 -0500] "GET /galeria/galeria/jquery.fancybox.js?v=2.1.5 HTTP/1.1" 304 -
190.255.40.77 - - [19/Dec/2015:14:42:11 -0500] "GET /galeria/galeria/jquery.fancybox.css?v=2.1.5 HTTP/1.1" 304 -
66.249.64.29 - - [19/Dec/2015:14:42:15 -0500] "GET / HTTP/1.1" 301 324
66.249.64.96 - - [19/Dec/2015:14:42:49 -0500] "GET /BLA/resoluciones/AUTOS%202009/3425.pdf HTTP/1.1" 200 96491
190.255.40.77 - - [19/Dec/2015:14:42:52 -0500] "GET /galeria/galeria/jquery.fancybox.js?v=2.1.5 HTTP/1.1" 304 -
190.255.40.77 - - [19/Dec/2015:14:42:52 -0500] "GET /galeria/galeria/jquery.fancybox.css?v=2.1.5 HTTP/1.1" 304 -
69.162.124.233 - - [19/Dec/2015:14:42:59 -0500] "HEAD / HTTP/1.1" 200 -
190.25.157.12 - - [19/Dec/2015:14:43:15 -0500] "POST /forms/lservlet;jsessionid=ac16012b30d7fcfb694b74754b67ba13d8349b7969d1.e3iSbxaKaheRe38KbN0Rb34Mc3j0n6jAmljGr5XDqQLvpAe HTTP/1.1" 200 2
62.57.82.245 - - [19/Dec/2015:14:43:19 -0500] "GET /galeria/galeria/jquery.fancybox.css?v=2.1.5 HTTP/1.1" 200 4895
62.57.82.245 - - [19/Dec/2015:14:43:19 -0500] "GET /BLA/boletinlegal/js/jquery.scrollShow.js HTTP/1.1" 200 4586
62.57.82.245 - - [19/Dec/2015:14:43:19 -0500] "GET /galeria/galeria/jquery.fancybox.js?v=2.1.5 HTTP/1.1" 200 48706
62.57.82.245 - - [19/Dec/2015:14:43:28 -0500] "GET /BLA/boletinlegal/js/jquery.scrollShow.js HTTP/1.1" 304 -
62.57.82.245 - - [19/Dec/2015:14:43:28 -0500] "GET /galeria/galeria/jquery.fancybox.css?v=2.1.5 HTTP/1.1" 304 -
62.57.82.245 - - [19/Dec/2015:14:43:28 -0500] "GET /galeria/galeria/jquery.fancybox.js?v=2.1.5 HTTP/1.1" 304 -
181.61.8.248 - - [19/Dec/2015:14:43:59 -0500] "POST /forms/lservlet;jsessionid=ac16012b30d7de18c878eaac480581caac0f5612543e.e3iSbxaKaheRe38KbN0Rb34Mc3j0n6jAmljGr5XDqQLvpAe HTTP/1.1" 200 2
190.25.157.12 - - [19/Dec/2015:14:45:15 -0500] "POST /forms/lservlet;jsessionid=ac16012b30d7fcfb694b74754b67ba13d8349b7969d1.e3iSbxaKaheRe38KbN0Rb34Mc3j0n6jAmljGr5XDqQLvpAe HTTP/1.1" 200 2
161.10.180.71 - - [19/Dec/2015:14:45:42 -0500] "GET /galeria/galeria/jquery.fancybox.css?v=2.1.5 HTTP/1.1" 200 4895
161.10.180.71 - - [19/Dec/2015:14:45:42 -0500] "GET /galeria/galeria/jquery.fancybox.js?v=2.1.5 HTTP/1.1" 200 48706
161.10.180.71 - - [19/Dec/2015:14:45:42 -0500] "GET /BLA/boletinlegal/js/jquery.scrollShow.js HTTP/1.1" 200 4586
66.249.64.106 - - [19/Dec/2015:14:45:50 -0500] "GET /BLA/resoluciones/AUTOS%202011/2313.pdf HTTP/1.1" 200 120804
181.61.8.248 - - [19/Dec/2015:14:45:59 -0500] "POST /forms/lservlet;jsessionid=ac16012b30d7de18c878eaac480581caac0f5612543e.e3iSbxaKaheRe38KbN0Rb34Mc3j0n6jAmljGr5XDqQLvpAe HTTP/1.1" 200 2
66.249.64.96 - - [19/Dec/2015:14:46:04 -0500] "GET /BLA/resoluciones/RESOLUCIONES%202008/5692.pdf HTTP/1.1" 200 157858
190.25.157.12 - - [19/Dec/2015:14:47:15 -0500] "POST /forms/lservlet;jsessionid=ac16012b30d7fcfb694b74754b67ba13d8349b7969d1.e3iSbxaKaheRe38KbN0Rb34Mc3j0n6jAmljGr5XDqQLvpAe HTTP/1.1" 200 2
190.248.154.34 - - [19/Dec/2015:14:47:57 -0500] "GET /galeria/galeria/fotos/juan-amarillo4G.jpg HTTP/1.1" 200 202445
69.162.124.233 - - [19/Dec/2015:14:47:59 -0500] "HEAD / HTTP/1.1" 200 -
181.61.8.248 - - [19/Dec/2015:14:47:59 -0500] "POST /forms/lservlet;jsessionid=ac16012b30d7de18c878eaac480581caac0f5612543e.e3iSbxaKaheRe38KbN0Rb34Mc3j0n6jAmljGr5XDqQLvpAe HTTP/1.1" 200 2
190.66.102.132 - - [19/Dec/2015:14:49:01 -0500] "GET /BLA/boletinlegal/js/jquery.scrollShow.js HTTP/1.1" 304 -
190.66.102.132 - - [19/Dec/2015:14:49:01 -0500] "GET /galeria/galeria/jquery.fancybox.js?v=2.1.5 HTTP/1.1" 304 -
190.66.102.132 - - [19/Dec/2015:14:49:01 -0500] "GET /galeria/galeria/jquery.fancybox.css?v=2.1.5 HTTP/1.1" 304 -
190.25.157.12 - - [19/Dec/2015:14:49:15 -0500] "POST /forms/lservlet;jsessionid=ac16012b30d7fcfb694b74754b67ba13d8349b7969d1.e3iSbxaKaheRe38KbN0Rb34Mc3j0n6jAmljGr5XDqQLvpAe HTTP/1.1" 200 2
66.249.64.96 - - [19/Dec/2015:14:49:24 -0500] "GET /BLA/resoluciones/RESOLUCIONES%202007/RES%202007%202101%20AL%202200/RESOLUCION%202111%20DE%202007.pdf HTTP/1.1" 200 663144
181.61.8.248 - - [19/Dec/2015:14:49:59 -0500] "POST /forms/lservlet;jsessionid=ac16012b30d7de18c878eaac480581caac0f5612543e.e3iSbxaKaheRe38KbN0Rb34Mc3j0n6jAmljGr5XDqQLvpAe HTTP/1.1" 200 2
66.249.64.96 - - [19/Dec/2015:14:50:15 -0500] "GET /BLA/resoluciones/RESOLUCIONES%202009/8266.pdf HTTP/1.1" 200 320236
54.153.32.246 - - [19/Dec/2015:14:50:24 -0500] "GET / HTTP/1.1" 200 10190
190.25.157.12 - - [19/Dec/2015:14:51:15 -0500] "POST /forms/lservlet;jsessionid=ac16012b30d7fcfb694b74754b67ba13d8349b7969d1.e3iSbxaKaheRe38KbN0Rb34Mc3j0n6jAmljGr5XDqQLvpAe HTTP/1.1" 200 2
181.61.8.248 - - [19/Dec/2015:14:51:59 -0500] "POST /forms/lservlet;jsessionid=ac16012b30d7de18c878eaac480581caac0f5612543e.e3iSbxaKaheRe38KbN0Rb34Mc3j0n6jAmljGr5XDqQLvpAe HTTP/1.1" 200 2
66.249.64.106 - - [19/Dec/2015:14:52:42 -0500] "GET /BLA/resoluciones/AUTOS%202007/0902.pdf HTTP/1.1" 200 213378
201.233.107.73 - - [19/Dec/2015:14:52:48 -0500] "GET /BLA/resoluciones/RESOLUCIONES%202014/0724.pdf HTTP/1.1" 200 564043
201.233.107.73 - - [19/Dec/2015:14:52:50 -0500] "GET /BLA/resoluciones/RESOLUCIONES%202014/0724.pdf HTTP/1.1" 200 564043
69.162.124.233 - - [19/Dec/2015:14:52:59 -0500] "HEAD / HTTP/1.1" 200 -
190.25.157.12 - - [19/Dec/2015:14:53:15 -0500] "POST /forms/lservlet;jsessionid=ac16012b30d7fcfb694b74754b67ba13d8349b7969d1.e3iSbxaKaheRe38KbN0Rb34Mc3j0n6jAmljGr5XDqQLvpAe HTTP/1.1" 200 2
181.61.8.248 - - [19/Dec/2015:14:53:59 -0500] "POST /forms/lservlet;jsessionid=ac16012b30d7de18c878eaac480581caac0f5612543e.e3iSbxaKaheRe38KbN0Rb34Mc3j0n6jAmljGr5XDqQLvpAe HTTP/1.1" 200 2
66.249.64.101 - - [19/Dec/2015:14:54:18 -0500] "GET /BLA/resoluciones/Notificaciones/AUTOS%202013/2739.doc HTTP/1.1" 304 -
190.25.157.12 - - [19/Dec/2015:14:55:15 -0500] "POST /forms/lservlet;jsessionid=ac16012b30d7fcfb694b74754b67ba13d8349b7969d1.e3iSbxaKaheRe38KbN0Rb34Mc3j0n6jAmljGr5XDqQLvpAe HTTP/1.1" 200 2
66.249.64.106 - - [19/Dec/2015:14:55:57 -0500] "GET /BLA/resoluciones/RESOLUCIONES%202010/1270.pdf HTTP/1.1" 200 106280
181.61.8.248 - - [19/Dec/2015:14:55:59 -0500] "POST /forms/lservlet;jsessionid=ac16012b30d7de18c878eaac480581caac0f5612543e.e3iSbxaKaheRe38KbN0Rb34Mc3j0n6jAmljGr5XDqQLvpAe HTTP/1.1" 200 2
195.154.194.111 - - [19/Dec/2015:14:56:01 -0500] "GET /wp-login.php HTTP/1.1" 404 1018
68.180.230.190 - - [19/Dec/2015:14:56:16 -0500] "GET /BLA/resoluciones/index.php?dir=RESOLUCIONES+2005%2FRES+2005+3051-3100%2F HTTP/1.1" 200 12360
201.233.107.73 - - [19/Dec/2015:14:56:28 -0500] "GET /BLA/resoluciones/RESOLUCIONES%202014/0724.pdf HTTP/1.1" 200 564043
190.25.157.12 - - [19/Dec/2015:14:57:15 -0500] "POST /forms/lservlet;jsessionid=ac16012b30d7fcfb694b74754b67ba13d8349b7969d1.e3iSbxaKaheRe38KbN0Rb34Mc3j0n6jAmljGr5XDqQLvpAe HTTP/1.1" 200 2
69.162.124.233 - - [19/Dec/2015:14:57:59 -0500] "HEAD / HTTP/1.1" 200 -
181.61.8.248 - - [19/Dec/2015:14:57:59 -0500] "POST /forms/lservlet;jsessionid=ac16012b30d7de18c878eaac480581caac0f5612543e.e3iSbxaKaheRe38KbN0Rb34Mc3j0n6jAmljGr5XDqQLvpAe HTTP/1.1" 200 2
157.55.39.96 - - [19/Dec/2015:14:58:18 -0500] "GET /robots.txt HTTP/1.1" 404 1018
181.55.4.60 - - [19/Dec/2015:14:58:23 -0500] "GET /BLA/boletinlegal/js/jquery.scrollShow.js HTTP/1.1" 200 4586
181.55.4.60 - - [19/Dec/2015:14:58:23 -0500] "GET /galeria/galeria/jquery.fancybox.css?v=2.1.5 HTTP/1.1" 200 4895
181.55.4.60 - - [19/Dec/2015:14:58:23 -0500] "GET /galeria/galeria/jquery.fancybox.js?v=2.1.5 HTTP/1.1" 200 48706
66.249.64.106 - - [19/Dec/2015:14:58:32 -0500] "GET /BLA/resoluciones/AUTOS%202012/1645.pdf HTTP/1.1" 200 329490
181.55.4.60 - - [19/Dec/2015:14:58:36 -0500] "GET /BLA/boletinlegal/js/jquery.scrollShow.js HTTP/1.1" 304 -
181.55.4.60 - - [19/Dec/2015:14:58:36 -0500] "GET /galeria/galeria/jquery.fancybox.css?v=2.1.5 HTTP/1.1" 304 -
181.55.4.60 - - [19/Dec/2015:14:58:36 -0500] "GET /galeria/galeria/jquery.fancybox.js?v=2.1.5 HTTP/1.1" 304 -
190.25.157.12 - - [19/Dec/2015:14:59:16 -0500] "POST /forms/lservlet;jsessionid=ac16012b30d7fcfb694b74754b67ba13d8349b7969d1.e3iSbxaKaheRe38KbN0Rb34Mc3j0n6jAmljGr5XDqQLvpAe HTTP/1.1" 200 2
181.61.46.47 - - [19/Dec/2015:14:59:40 -0500] "GET /forms/frmservlet?config=sia HTTP/1.1" 200 4028
181.61.46.47 - - [19/Dec/2015:14:59:40 -0500] "GET /forms/java/oracle/forms/registry/Registry.dat HTTP/1.1" 200 4213
181.61.46.47 - - [19/Dec/2015:14:59:40 -0500] "GET /forms/java/oracle/forms/registry/default.dat HTTP/1.1" 404 350
181.61.46.47 - - [19/Dec/2015:14:59:40 -0500] "GET /forms/frmservlet?config=sia&acceptLanguage=es-ES&ifcmd=startsession HTTP/1.1" 200 119
181.61.46.47 - - [19/Dec/2015:14:59:40 -0500] "GET /forms/lservlet;jsessionid=ac16012b30d7a4f44410fe5a4b5b92f3ef15ff9e3cf6.e3iSbxaKaheRe38KbN0Rb34Mc3j0n6jAmljGr5XDqQLvpAe?ifcmd=getinfo&ifhost=TATIANA&ifip=192.168.0.15 HTTP/1.1" 200 8
181.61.46.47 - - [19/Dec/2015:14:59:40 -0500] "POST /forms/lservlet;jsessionid=ac16012b30d7a4f44410fe5a4b5b92f3ef15ff9e3cf6.e3iSbxaKaheRe38KbN0Rb34Mc3j0n6jAmljGr5XDqQLvpAe HTTP/1.1" 200 8
181.61.46.47 - - [19/Dec/2015:14:59:41 -0500] "POST /forms/lservlet;jsessionid=ac16012b30d7a4f44410fe5a4b5b92f3ef15ff9e3cf6.e3iSbxaKaheRe38KbN0Rb34Mc3j0n6jAmljGr5XDqQLvpAe HTTP/1.1" 200 64000
181.61.46.47 - - [19/Dec/2015:14:59:42 -0500] "HEAD /imagenes/dama_logo.gif HTTP/1.1" 200 -
181.61.46.47 - - [19/Dec/2015:14:59:42 -0500] "POST /forms/lservlet;jsessionid=ac16012b30d7a4f44410fe5a4b5b92f3ef15ff9e3cf6.e3iSbxaKaheRe38KbN0Rb34Mc3j0n6jAmljGr5XDqQLvpAe HTTP/1.1" 200 64000
181.61.46.47 - - [19/Dec/2015:14:59:42 -0500] "POST /forms/lservlet;jsessionid=ac16012b30d7a4f44410fe5a4b5b92f3ef15ff9e3cf6.e3iSbxaKaheRe38KbN0Rb34Mc3j0n6jAmljGr5XDqQLvpAe HTTP/1.1" 200 63623
181.61.46.47 - - [19/Dec/2015:14:59:43 -0500] "POST /forms/lservlet;jsessionid=ac16012b30d7a4f44410fe5a4b5b92f3ef15ff9e3cf6.e3iSbxaKaheRe38KbN0Rb34Mc3j0n6jAmljGr5XDqQLvpAe HTTP/1.1" 200 2
181.61.46.47 - - [19/Dec/2015:14:59:53 -0500] "POST /forms/lservlet;jsessionid=ac16012b30d7a4f44410fe5a4b5b92f3ef15ff9e3cf6.e3iSbxaKaheRe38KbN0Rb34Mc3j0n6jAmljGr5XDqQLvpAe HTTP/1.1" 200 7996
181.61.46.47 - - [19/Dec/2015:14:59:53 -0500] "POST /forms/lservlet;jsessionid=ac16012b30d7a4f44410fe5a4b5b92f3ef15ff9e3cf6.e3iSbxaKaheRe38KbN0Rb34Mc3j0n6jAmljGr5XDqQLvpAe HTTP/1.1" 200 64
181.61.46.47 - - [19/Dec/2015:14:59:53 -0500] "POST /forms/lservlet;jsessionid=ac16012b30d7a4f44410fe5a4b5b92f3ef15ff9e3cf6.e3iSbxaKaheRe38KbN0Rb34Mc3j0n6jAmljGr5XDqQLvpAe HTTP/1.1" 200 2
181.61.46.47 - - [19/Dec/2015:14:59:53 -0500] "POST /forms/lservlet;jsessionid=ac16012b30d7a4f44410fe5a4b5b92f3ef15ff9e3cf6.e3iSbxaKaheRe38KbN0Rb34Mc3j0n6jAmljGr5XDqQLvpAe HTTP/1.1" 200 2
181.61.46.47 - - [19/Dec/2015:14:59:53 -0500] "POST /forms/lservlet;jsessionid=ac16012b30d7a4f44410fe5a4b5b92f3ef15ff9e3cf6.e3iSbxaKaheRe38KbN0Rb34Mc3j0n6jAmljGr5XDqQLvpAe HTTP/1.1" 200 2
181.61.46.47 - - [19/Dec/2015:14:59:58 -0500] "POST /forms/lservlet;jsessionid=ac16012b30d7a4f44410fe5a4b5b92f3ef15ff9e3cf6.e3iSbxaKaheRe38KbN0Rb34Mc3j0n6jAmljGr5XDqQLvpAe HTTP/1.1" 200 34716
181.61.46.47 - - [19/Dec/2015:14:59:58 -0500] "GET /imagenes/listval.gif HTTP/1.1" 200 905
181.61.46.47 - - [19/Dec/2015:14:59:58 -0500] "GET /imagenes/tree1.gif HTTP/1.1" 200 1161
181.61.46.47 - - [19/Dec/2015:14:59:58 -0500] "GET /imagenes/listval.gif HTTP/1.1" 200 905
181.61.46.47 - - [19/Dec/2015:14:59:58 -0500] "GET /imagenes/CAMERA3.gif HTTP/1.1" 200 4150
181.61.46.47 - - [19/Dec/2015:14:59:58 -0500] "GET /imagenes/SLIDE1.gif HTTP/1.1" 200 1111
181.61.46.47 - - [19/Dec/2015:14:59:58 -0500] "GET /imagenes/flexcomb.gif HTTP/1.1" 200 1169
181.61.46.47 - - [19/Dec/2015:14:59:58 -0500] "GET /imagenes/GO.gif HTTP/1.1" 200 904
181.61.46.47 - - [19/Dec/2015:14:59:58 -0500] "GET /imagenes/HRTOOLS.gif HTTP/1.1" 200 2238
181.61.46.47 - - [19/Dec/2015:14:59:58 -0500] "GET /imagenes/rt_rec1.gif HTTP/1.1" 200 867
181.61.46.47 - - [19/Dec/2015:14:59:58 -0500] "GET /imagenes/apply.gif HTTP/1.1" 200 903
181.61.46.47 - - [19/Dec/2015:14:59:58 -0500] "GET /imagenes/exit.gif HTTP/1.1" 200 916
181.61.46.47 - - [19/Dec/2015:14:59:58 -0500] "GET /imagenes/LISTVAL.gif HTTP/1.1" 200 905
181.61.46.47 - - [19/Dec/2015:14:59:58 -0500] "GET /imagenes/edit.gif HTTP/1.1" 200 919
181.61.46.47 - - [19/Dec/2015:14:59:58 -0500] "GET /imagenes/rt_rec4.gif HTTP/1.1" 200 865
181.61.46.47 - - [19/Dec/2015:14:59:59 -0500] "GET /imagenes/rt_rec3.gif HTTP/1.1" 200 844
181.61.46.47 - - [19/Dec/2015:14:59:59 -0500] "GET /imagenes/rt_rec2.gif HTTP/1.1" 200 847
181.61.46.47 - - [19/Dec/2015:14:59:59 -0500] "GET /imagenes/rt_rdel.gif HTTP/1.1" 200 899
181.61.46.47 - - [19/Dec/2015:14:59:59 -0500] "GET /imagenes/rt_radd.gif HTTP/1.1" 200 907
181.61.46.47 - - [19/Dec/2015:14:59:59 -0500] "GET /imagenes/rt_quer3.gif HTTP/1.1" 200 939
181.61.46.47 - - [19/Dec/2015:14:59:59 -0500] "GET /imagenes/rt_quer2.gif HTTP/1.1" 200 936
181.61.46.47 - - [19/Dec/2015:14:59:59 -0500] "GET /imagenes/rt_quer1.gif HTTP/1.1" 200 930
181.61.46.47 - - [19/Dec/2015:14:59:59 -0500] "GET /imagenes/rt_save.gif HTTP/1.1" 200 903
181.61.46.47 - - [19/Dec/2015:14:59:59 -0500] "GET /imagenes/rt_pset.gif HTTP/1.1" 200 914
181.61.46.47 - - [19/Dec/2015:14:59:59 -0500] "GET /imagenes/QUEJA.gif HTTP/1.1" 200 1091
181.61.46.47 - - [19/Dec/2015:14:59:59 -0500] "GET /imagenes/ARBOL.gif HTTP/1.1" 200 1026
181.61.46.47 - - [19/Dec/2015:14:59:59 -0500] "GET /imagenes/Clipboard.gif HTTP/1.1" 200 1466
181.61.46.47 - - [19/Dec/2015:14:59:59 -0500] "GET /imagenes/DINERO.gif HTTP/1.1" 200 1766
181.61.46.47 - - [19/Dec/2015:14:59:59 -0500] "GET /imagenes/URGENTE.gif HTTP/1.1" 200 964
181.61.46.47 - - [19/Dec/2015:14:59:59 -0500] "GET /imagenes/TREE4.gif HTTP/1.1" 200 4150
181.61.46.47 - - [19/Dec/2015:14:59:59 -0500] "POST /forms/lservlet;jsessionid=ac16012b30d7a4f44410fe5a4b5b92f3ef15ff9e3cf6.e3iSbxaKaheRe38KbN0Rb34Mc3j0n6jAmljGr5XDqQLvpAe HTTP/1.1" 200 7
181.61.46.47 - - [19/Dec/2015:14:59:59 -0500] "POST /forms/lservlet;jsessionid=ac16012b30d7a4f44410fe5a4b5b92f3ef15ff9e3cf6.e3iSbxaKaheRe38KbN0Rb34Mc3j0n6jAmljGr5XDqQLvpAe HTTP/1.1" 200 34
181.61.46.47 - - [19/Dec/2015:14:59:59 -0500] "POST /forms/lservlet;jsessionid=ac16012b30d7a4f44410fe5a4b5b92f3ef15ff9e3cf6.e3iSbxaKaheRe38KbN0Rb34Mc3j0n6jAmljGr5XDqQLvpAe HTTP/1.1" 200 2
181.61.8.248 - - [19/Dec/2015:14:59:59 -0500] "POST /forms/lservlet;jsessionid=ac16012b30d7de18c878eaac480581caac0f5612543e.e3iSbxaKaheRe38KbN0Rb34Mc3j0n6jAmljGr5XDqQLvpAe HTTP/1.1" 200 2
181.61.46.47 - - [19/Dec/2015:15:00:01 -0500] "POST /forms/lservlet;jsessionid=ac16012b30d7a4f44410fe5a4b5b92f3ef15ff9e3cf6.e3iSbxaKaheRe38KbN0Rb34Mc3j0n6jAmljGr5XDqQLvpAe HTTP/1.1" 200 647
181.61.46.47 - - [19/Dec/2015:15:00:02 -0500] "POST /forms/lservlet;jsessionid=ac16012b30d7a4f44410fe5a4b5b92f3ef15ff9e3cf6.e3iSbxaKaheRe38KbN0Rb34Mc3j0n6jAmljGr5XDqQLvpAe HTTP/1.1" 200 8
181.61.46.47 - - [19/Dec/2015:15:00:02 -0500] "POST /forms/lservlet;jsessionid=ac16012b30d7a4f44410fe5a4b5b92f3ef15ff9e3cf6.e3iSbxaKaheRe38KbN0Rb34Mc3j0n6jAmljGr5XDqQLvpAe HTTP/1.1" 200 8
181.61.46.47 - - [19/Dec/2015:15:00:02 -0500] "POST /forms/lservlet;jsessionid=ac16012b30d7a4f44410fe5a4b5b92f3ef15ff9e3cf6.e3iSbxaKaheRe38KbN0Rb34Mc3j0n6jAmljGr5XDqQLvpAe HTTP/1.1" 200 2
181.61.46.47 - - [19/Dec/2015:15:00:07 -0500] "POST /forms/lservlet;jsessionid=ac16012b30d7a4f44410fe5a4b5b92f3ef15ff9e3cf6.e3iSbxaKaheRe38KbN0Rb34Mc3j0n6jAmljGr5XDqQLvpAe HTTP/1.1" 200 40
181.61.46.47 - - [19/Dec/2015:15:00:07 -0500] "POST /forms/lservlet;jsessionid=ac16012b30d7a4f44410fe5a4b5b92f3ef15ff9e3cf6.e3iSbxaKaheRe38KbN0Rb34Mc3j0n6jAmljGr5XDqQLvpAe HTTP/1.1" 200 8
181.61.46.47 - - [19/Dec/2015:15:00:07 -0500] "POST /forms/lservlet;jsessionid=ac16012b30d7a4f44410fe5a4b5b92f3ef15ff9e3cf6.e3iSbxaKaheRe38KbN0Rb34Mc3j0n6jAmljGr5XDqQLvpAe HTTP/1.1" 200 2
181.61.46.47 - - [19/Dec/2015:15:00:55 -0500] "POST /forms/lservlet;jsessionid=ac16012b30d7a4f44410fe5a4b5b92f3ef15ff9e3cf6.e3iSbxaKaheRe38KbN0Rb34Mc3j0n6jAmljGr5XDqQLvpAe HTTP/1.1" 200 38
181.61.46.47 - - [19/Dec/2015:15:01:02 -0500] "POST /forms/lservlet;jsessionid=ac16012b30d7a4f44410fe5a4b5b92f3ef15ff9e3cf6.e3iSbxaKaheRe38KbN0Rb34Mc3j0n6jAmljGr5XDqQLvpAe HTTP/1.1" 200 24
181.61.46.47 - - [19/Dec/2015:15:01:02 -0500] "POST /forms/lservlet;jsessionid=ac16012b30d7a4f44410fe5a4b5b92f3ef15ff9e3cf6.e3iSbxaKaheRe38KbN0Rb34Mc3j0n6jAmljGr5XDqQLvpAe HTTP/1.1" 200 14
181.61.46.47 - - [19/Dec/2015:15:01:03 -0500] "POST /forms/lservlet;jsessionid=ac16012b30d7a4f44410fe5a4b5b92f3ef15ff9e3cf6.e3iSbxaKaheRe38KbN0Rb34Mc3j0n6jAmljGr5XDqQLvpAe HTTP/1.1" 200 14
181.61.46.47 - - [19/Dec/2015:15:01:04 -0500] "POST /forms/lservlet;jsessionid=ac16012b30d7a4f44410fe5a4b5b92f3ef15ff9e3cf6.e3iSbxaKaheRe38KbN0Rb34Mc3j0n6jAmljGr5XDqQLvpAe HTTP/1.1" 200 4111
181.61.46.47 - - [19/Dec/2015:15:01:04 -0500] "POST /forms/lservlet;jsessionid=ac16012b30d7a4f44410fe5a4b5b92f3ef15ff9e3cf6.e3iSbxaKaheRe38KbN0Rb34Mc3j0n6jAmljGr5XDqQLvpAe HTTP/1.1" 200 20
181.61.46.47 - - [19/Dec/2015:15:01:07 -0500] "POST /forms/lservlet;jsessionid=ac16012b30d7a4f44410fe5a4b5b92f3ef15ff9e3cf6.e3iSbxaKaheRe38KbN0Rb34Mc3j0n6jAmljGr5XDqQLvpAe HTTP/1.1" 200 2
181.61.46.47 - - [19/Dec/2015:15:01:07 -0500] "POST /forms/lservlet;jsessionid=ac16012b30d7a4f44410fe5a4b5b92f3ef15ff9e3cf6.e3iSbxaKaheRe38KbN0Rb34Mc3j0n6jAmljGr5XDqQLvpAe HTTP/1.1" 200 2165
181.61.46.47 - - [19/Dec/2015:15:01:07 -0500] "POST /forms/lservlet;jsessionid=ac16012b30d7a4f44410fe5a4b5b92f3ef15ff9e3cf6.e3iSbxaKaheRe38KbN0Rb34Mc3j0n6jAmljGr5XDqQLvpAe HTTP/1.1" 200 10
181.61.46.47 - - [19/Dec/2015:15:01:08 -0500] "POST /forms/lservlet;jsessionid=ac16012b30d7a4f44410fe5a4b5b92f3ef15ff9e3cf6.e3iSbxaKaheRe38KbN0Rb34Mc3j0n6jAmljGr5XDqQLvpAe HTTP/1.1" 200 2
181.61.46.47 - - [19/Dec/2015:15:01:09 -0500] "POST /forms/lservlet;jsessionid=ac16012b30d7a4f44410fe5a4b5b92f3ef15ff9e3cf6.e3iSbxaKaheRe38KbN0Rb34Mc3j0n6jAmljGr5XDqQLvpAe HTTP/1.1" 200 2967
181.61.46.47 - - [19/Dec/2015:15:01:09 -0500] "POST /forms/lservlet;jsessionid=ac16012b30d7a4f44410fe5a4b5b92f3ef15ff9e3cf6.e3iSbxaKaheRe38KbN0Rb34Mc3j0n6jAmljGr5XDqQLvpAe HTTP/1.1" 200 2
190.25.157.12 - - [19/Dec/2015:15:01:16 -0500] "POST /forms/lservlet;jsessionid=ac16012b30d7fcfb694b74754b67ba13d8349b7969d1.e3iSbxaKaheRe38KbN0Rb34Mc3j0n6jAmljGr5XDqQLvpAe HTTP/1.1" 200 2
181.61.46.47 - - [19/Dec/2015:15:01:41 -0500] "POST /forms/lservlet;jsessionid=ac16012b30d7a4f44410fe5a4b5b92f3ef15ff9e3cf6.e3iSbxaKaheRe38KbN0Rb34Mc3j0n6jAmljGr5XDqQLvpAe HTTP/1.1" 200 2
190.255.142.47 - - [19/Dec/2015:15:01:44 -0500] "GET /BLA/resoluciones/AUTOS%202011/3603.pdf HTTP/1.1" 200 427933
190.255.142.47 - - [19/Dec/2015:15:01:45 -0500] "GET /favicon.ico HTTP/1.1" 200 7782
181.61.8.248 - - [19/Dec/2015:15:01:59 -0500] "POST /forms/lservlet;jsessionid=ac16012b30d7de18c878eaac480581caac0f5612543e.e3iSbxaKaheRe38KbN0Rb34Mc3j0n6jAmljGr5XDqQLvpAe HTTP/1.1" 200 2
186.155.164.195 - - [19/Dec/2015:15:02:01 -0500] "GET /BLA/boletinlegal/js/jquery.scrollShow.js HTTP/1.1" 200 4586
186.155.164.195 - - [19/Dec/2015:15:02:02 -0500] "GET /galeria/galeria/jquery.fancybox.js?v=2.1.5 HTTP/1.1" 200 48706
186.155.164.195 - - [19/Dec/2015:15:02:02 -0500] "GET /galeria/galeria/jquery.fancybox.css?v=2.1.5 HTTP/1.1" 200 4895
186.155.164.195 - - [19/Dec/2015:15:02:03 -0500] "GET /galeria/carrusel/Carrusel/jquery.thumbnailScroller.css HTTP/1.1" 200 2066
186.155.164.195 - - [19/Dec/2015:15:02:03 -0500] "GET /galeria/carrusel/Carrusel/jquery-ui-1.8.13.custom.min.js HTTP/1.1" 200 10800
186.155.164.195 - - [19/Dec/2015:15:02:03 -0500] "GET /galeria/carrusel/Carrusel/jquery.thumbnailScroller.js HTTP/1.1" 200 8157
186.155.164.195 - - [19/Dec/2015:15:02:14 -0500] "GET /galeria/nivo-slider/demo/demo.html HTTP/1.1" 200 4456
186.155.164.195 - - [19/Dec/2015:15:02:14 -0500] "GET /galeria/nivo-slider/themes/default/default.css HTTP/1.1" 200 1569
186.155.164.195 - - [19/Dec/2015:15:02:14 -0500] "GET /galeria/nivo-slider/themes/pascal/pascal.css HTTP/1.1" 200 2258
186.155.164.195 - - [19/Dec/2015:15:02:14 -0500] "GET /galeria/nivo-slider/themes/orman/orman.css HTTP/1.1" 200 2152
186.155.164.195 - - [19/Dec/2015:15:02:14 -0500] "GET /galeria/nivo-slider/demo/style.css HTTP/1.1" 200 2222
186.155.164.195 - - [19/Dec/2015:15:02:14 -0500] "GET /galeria/nivo-slider/nivo-slider.css HTTP/1.1" 200 1507
186.155.164.195 - - [19/Dec/2015:15:02:14 -0500] "GET /galeria/nivo-slider/demo/images/ambientales.jpg HTTP/1.1" 200 397233
186.155.164.195 - - [19/Dec/2015:15:02:14 -0500] "GET /galeria/nivo-slider/demo/images/Programacion-navidena.jpg HTTP/1.1" 200 316038
186.155.164.195 - - [19/Dec/2015:15:02:14 -0500] "GET /galeria/nivo-slider/demo/images/2Banner-encuestaSDA.jpg HTTP/1.1" 200 208228
186.155.164.195 - - [19/Dec/2015:15:02:14 -0500] "GET /galeria/nivo-slider/demo/images/ABC-Plan-de-contigencia.jpg HTTP/1.1" 200 401853
186.155.164.195 - - [19/Dec/2015:15:02:15 -0500] "GET /galeria/nivo-slider/demo/images/banner-llantas2015.jpg HTTP/1.1" 200 185615
186.155.164.195 - - [19/Dec/2015:15:02:15 -0500] "GET /galeria/nivo-slider/demo/images/caminata-ecologica.jpg HTTP/1.1" 200 161069
186.155.164.195 - - [19/Dec/2015:15:02:20 -0500] "GET /galeria/nivo-slider/demo/images/4Simple_Slider.png HTTP/1.1" 200 11722
186.155.164.195 - - [19/Dec/2015:15:02:20 -0500] "GET /galeria/nivo-slider/themes/default/loading.gif HTTP/1.1" 200 1737
186.155.164.195 - - [19/Dec/2015:15:02:20 -0500] "GET /galeria/nivo-slider/demo/images/Banner-ahorro-de-agua.jpg HTTP/1.1" 200 149141
186.155.164.195 - - [19/Dec/2015:15:02:20 -0500] "GET /galeria/nivo-slider/demo/images/Cmapana-onestidad.jpg HTTP/1.1" 200 141638
186.155.164.195 - - [19/Dec/2015:15:02:20 -0500] "GET /galeria/nivo-slider/demo/images/PREDAcamp.jpg HTTP/1.1" 200 295358
186.155.164.195 - - [19/Dec/2015:15:02:21 -0500] "GET /galeria/nivo-slider/demo/images/banner-llantas2.jpg HTTP/1.1" 200 204644
186.155.164.195 - - [19/Dec/2015:15:02:21 -0500] "GET /galeria/nivo-slider/demo/images/9Signos.jpg HTTP/1.1" 200 81776
186.155.164.195 - - [19/Dec/2015:15:02:22 -0500] "GET /galeria/nivo-slider/demo/images/Ruta-vertimientos-01.jpg HTTP/1.1" 200 130151
186.155.164.195 - - [19/Dec/2015:15:02:22 -0500] "GET /galeria/nivo-slider/demo/images/bolsas-06.jpg HTTP/1.1" 200 90982
186.155.164.195 - - [19/Dec/2015:15:02:23 -0500] "GET /galeria/nivo-slider/demo/images/Conoce-los-humedales.jpg HTTP/1.1" 200 294036
186.155.164.195 - - [19/Dec/2015:15:02:23 -0500] "GET /galeria/nivo-slider/demo/images/ecolecta-Dic2014.png HTTP/1.1" 200 288593
186.155.164.195 - - [19/Dec/2015:15:02:33 -0500] "GET /galeria/nivo-slider/demo/scripts/jquery-1.7.1.min.js HTTP/1.1" 200 93868
186.155.164.195 - - [19/Dec/2015:15:02:33 -0500] "GET /galeria/nivo-slider/jquery.nivo.slider.pack.js HTTP/1.1" 200 11561
66.249.64.106 - - [19/Dec/2015:15:02:35 -0500] "GET /BLA/resoluciones/RESOLUCIONES%202007/RES%202007%201201%20AL%201300/RESOLUCION%201231%20DE%202007.pdf HTTP/1.1" 200 175928
186.155.164.195 - - [19/Dec/2015:15:02:36 -0500] "GET /galeria/nivo-slider/themes/default/arrows.png HTTP/1.1" 200 824
186.155.164.195 - - [19/Dec/2015:15:02:36 -0500] "GET /galeria/nivo-slider/themes/default/bullets.png HTTP/1.1" 200 1281
66.249.64.101 - - [19/Dec/2015:15:02:46 -0500] "GET /BLA/resoluciones/RESOLUCIONES%202010/3361.pdf HTTP/1.1" 200 521713
69.162.124.233 - - [19/Dec/2015:15:02:59 -0500] "HEAD / HTTP/1.1" 200 -
190.25.157.12 - - [19/Dec/2015:15:03:16 -0500] "POST /forms/lservlet;jsessionid=ac16012b30d7fcfb694b74754b67ba13d8349b7969d1.e3iSbxaKaheRe38KbN0Rb34Mc3j0n6jAmljGr5XDqQLvpAe HTTP/1.1" 200 2
181.61.46.47 - - [19/Dec/2015:15:03:41 -0500] "POST /forms/lservlet;jsessionid=ac16012b30d7a4f44410fe5a4b5b92f3ef15ff9e3cf6.e3iSbxaKaheRe38KbN0Rb34Mc3j0n6jAmljGr5XDqQLvpAe HTTP/1.1" 200 2
66.249.64.243 - - [19/Dec/2015:15:03:50 -0500] "GET /BLA/boletinlegal/Circulares/2011/Circular%20No.%203%20del%2016%20de%20Junio%20de%202011.pdf HTTP/1.1" 200 346378
181.61.8.248 - - [19/Dec/2015:15:03:59 -0500] "POST /forms/lservlet;jsessionid=ac16012b30d7de18c878eaac480581caac0f5612543e.e3iSbxaKaheRe38KbN0Rb34Mc3j0n6jAmljGr5XDqQLvpAe HTTP/1.1" 200 2
186.155.164.195 - - [19/Dec/2015:15:04:05 -0500] "GET /galeria/galeria/jquery.fancybox.css?v=2.1.5 HTTP/1.1" 304 -
186.155.164.195 - - [19/Dec/2015:15:04:05 -0500] "GET /BLA/boletinlegal/js/jquery.scrollShow.js HTTP/1.1" 304 -
186.155.164.195 - - [19/Dec/2015:15:04:05 -0500] "GET /galeria/galeria/jquery.fancybox.js?v=2.1.5 HTTP/1.1" 304 -
190.24.57.91 - - [19/Dec/2015:15:05:13 -0500] "GET /galeria/galeria/jquery.fancybox.css?v=2.1.5 HTTP/1.1" 200 4895
190.24.57.91 - - [19/Dec/2015:15:05:13 -0500] "GET /BLA/boletinlegal/js/jquery.scrollShow.js HTTP/1.1" 200 4586
190.24.57.91 - - [19/Dec/2015:15:05:13 -0500] "GET /galeria/galeria/jquery.fancybox.js?v=2.1.5 HTTP/1.1" 200 48706
190.25.157.12 - - [19/Dec/2015:15:05:16 -0500] "POST /forms/lservlet;jsessionid=ac16012b30d7fcfb694b74754b67ba13d8349b7969d1.e3iSbxaKaheRe38KbN0Rb34Mc3j0n6jAmljGr5XDqQLvpAe HTTP/1.1" 200 2
190.24.57.91 - - [19/Dec/2015:15:05:20 -0500] "GET /BLA/boletinlegal/js/jquery.scrollShow.js HTTP/1.1" 304 -
190.24.57.91 - - [19/Dec/2015:15:05:20 -0500] "GET /galeria/galeria/jquery.fancybox.js?v=2.1.5 HTTP/1.1" 304 -
190.24.57.91 - - [19/Dec/2015:15:05:20 -0500] "GET /galeria/galeria/jquery.fancybox.css?v=2.1.5 HTTP/1.1" 304 -
66.249.64.243 - - [19/Dec/2015:15:05:30 -0500] "GET /galeria/nivo-slider/demo/images/llantero.jpg HTTP/1.1" 200 58970
181.61.46.47 - - [19/Dec/2015:15:05:41 -0500] "POST /forms/lservlet;jsessionid=ac16012b30d7a4f44410fe5a4b5b92f3ef15ff9e3cf6.e3iSbxaKaheRe38KbN0Rb34Mc3j0n6jAmljGr5XDqQLvpAe HTTP/1.1" 200 2
190.24.57.91 - - [19/Dec/2015:15:05:45 -0500] "GET /galeria/galeria/jquery.fancybox.css?v=2.1.5 HTTP/1.1" 304 -
190.24.57.91 - - [19/Dec/2015:15:05:45 -0500] "GET /galeria/galeria/jquery.fancybox.js?v=2.1.5 HTTP/1.1" 304 -
190.24.57.91 - - [19/Dec/2015:15:05:45 -0500] "GET /BLA/boletinlegal/js/jquery.scrollShow.js HTTP/1.1" 304 -
66.249.64.96 - - [19/Dec/2015:15:05:50 -0500] "GET /BLA/resoluciones/AUTOS%202014/2121.pdf HTTP/1.1" 200 646698
181.61.8.248 - - [19/Dec/2015:15:05:59 -0500] "POST /forms/lservlet;jsessionid=ac16012b30d7de18c878eaac480581caac0f5612543e.e3iSbxaKaheRe38KbN0Rb34Mc3j0n6jAmljGr5XDqQLvpAe HTTP/1.1" 200 2
190.24.57.91 - - [19/Dec/2015:15:06:27 -0500] "GET /galeria/carrusel/Carrusel/jquery.thumbnailScroller.css HTTP/1.1" 200 2066
190.24.57.91 - - [19/Dec/2015:15:06:27 -0500] "GET /galeria/carrusel/Carrusel/jquery-ui-1.8.13.custom.min.js HTTP/1.1" 200 10800
190.24.57.91 - - [19/Dec/2015:15:06:27 -0500] "GET /galeria/carrusel/Carrusel/jquery.thumbnailScroller.js HTTP/1.1" 200 8157
190.24.57.91 - - [19/Dec/2015:15:06:27 -0500] "GET /galeria/nivo-slider/demo/demo.html HTTP/1.1" 200 4456
190.24.57.91 - - [19/Dec/2015:15:06:27 -0500] "GET /galeria/nivo-slider/themes/pascal/pascal.css HTTP/1.1" 200 2258
190.24.57.91 - - [19/Dec/2015:15:06:27 -0500] "GET /galeria/nivo-slider/themes/orman/orman.css HTTP/1.1" 200 2152
190.24.57.91 - - [19/Dec/2015:15:06:27 -0500] "GET /galeria/nivo-slider/nivo-slider.css HTTP/1.1" 200 1507
190.24.57.91 - - [19/Dec/2015:15:06:27 -0500] "GET /galeria/nivo-slider/demo/style.css HTTP/1.1" 200 2222
190.24.57.91 - - [19/Dec/2015:15:06:27 -0500] "GET /galeria/nivo-slider/demo/scripts/jquery-1.7.1.min.js HTTP/1.1" 200 93868
190.24.57.91 - - [19/Dec/2015:15:06:27 -0500] "GET /galeria/nivo-slider/jquery.nivo.slider.pack.js HTTP/1.1" 200 11561
190.24.57.91 - - [19/Dec/2015:15:06:29 -0500] "GET /galeria/nivo-slider/themes/default/default.css HTTP/1.1" 200 1569
190.24.57.91 - - [19/Dec/2015:15:06:29 -0500] "GET /galeria/nivo-slider/demo/images/4Simple_Slider.png HTTP/1.1" 200 11722
190.24.57.91 - - [19/Dec/2015:15:06:29 -0500] "GET /galeria/nivo-slider/themes/default/loading.gif HTTP/1.1" 200 1737
190.24.57.91 - - [19/Dec/2015:15:06:31 -0500] "GET /galeria/nivo-slider/demo/images/ambientales.jpg HTTP/1.1" 200 397233
190.24.57.91 - - [19/Dec/2015:15:06:31 -0500] "GET /galeria/nivo-slider/demo/images/Programacion-navidena.jpg HTTP/1.1" 200 316038
190.24.57.91 - - [19/Dec/2015:15:06:32 -0500] "GET /galeria/nivo-slider/demo/images/2Banner-encuestaSDA.jpg HTTP/1.1" 200 208228
190.24.57.91 - - [19/Dec/2015:15:06:32 -0500] "GET /galeria/nivo-slider/demo/images/ABC-Plan-de-contigencia.jpg HTTP/1.1" 200 401853
190.24.57.91 - - [19/Dec/2015:15:06:34 -0500] "GET /galeria/nivo-slider/demo/images/banner-llantas2015.jpg HTTP/1.1" 200 185615
190.24.57.91 - - [19/Dec/2015:15:06:34 -0500] "GET /galeria/nivo-slider/demo/images/caminata-ecologica.jpg HTTP/1.1" 200 161069
190.24.57.91 - - [19/Dec/2015:15:06:34 -0500] "GET /galeria/nivo-slider/demo/images/Banner-ahorro-de-agua.jpg HTTP/1.1" 200 149141
190.24.57.91 - - [19/Dec/2015:15:06:41 -0500] "GET /galeria/nivo-slider/demo/images/ambientales.jpg HTTP/1.1" 206 1
190.24.57.91 - - [19/Dec/2015:15:06:41 -0500] "GET /galeria/nivo-slider/demo/images/banner-llantas2015.jpg HTTP/1.1" 200 185615
190.24.57.91 - - [19/Dec/2015:15:06:41 -0500] "GET /galeria/nivo-slider/demo/images/caminata-ecologica.jpg HTTP/1.1" 200 161069
190.24.57.91 - - [19/Dec/2015:15:06:41 -0500] "GET /galeria/nivo-slider/demo/images/Banner-ahorro-de-agua.jpg HTTP/1.1" 200 149141
190.24.57.91 - - [19/Dec/2015:15:06:41 -0500] "GET /galeria/nivo-slider/demo/images/Cmapana-onestidad.jpg HTTP/1.1" 200 141638
190.24.57.91 - - [19/Dec/2015:15:06:41 -0500] "GET /galeria/nivo-slider/demo/images/PREDAcamp.jpg HTTP/1.1" 200 295358
190.24.57.91 - - [19/Dec/2015:15:06:41 -0500] "GET /galeria/nivo-slider/demo/images/ambientales.jpg HTTP/1.1" 206 137100
190.24.57.91 - - [19/Dec/2015:15:06:42 -0500] "GET /galeria/nivo-slider/demo/images/banner-llantas2.jpg HTTP/1.1" 200 204644
190.24.57.91 - - [19/Dec/2015:15:06:42 -0500] "GET /galeria/nivo-slider/demo/images/9Signos.jpg HTTP/1.1" 200 81776
190.24.57.91 - - [19/Dec/2015:15:06:43 -0500] "GET /galeria/nivo-slider/demo/images/Ruta-vertimientos-01.jpg HTTP/1.1" 200 130151
190.24.57.91 - - [19/Dec/2015:15:06:43 -0500] "GET /galeria/nivo-slider/demo/images/bolsas-06.jpg HTTP/1.1" 200 90982
190.24.57.91 - - [19/Dec/2015:15:06:43 -0500] "GET /galeria/nivo-slider/demo/images/Conoce-los-humedales.jpg HTTP/1.1" 200 294036
190.24.57.91 - - [19/Dec/2015:15:06:44 -0500] "GET /galeria/nivo-slider/demo/images/ecolecta-Dic2014.png HTTP/1.1" 200 288593
66.249.64.101 - - [19/Dec/2015:15:07:00 -0500] "GET /BLA/resoluciones/AUTOS%202010/2512.pdf HTTP/1.1" 200 176575
190.25.157.12 - - [19/Dec/2015:15:07:16 -0500] "POST /forms/lservlet;jsessionid=ac16012b30d7fcfb694b74754b67ba13d8349b7969d1.e3iSbxaKaheRe38KbN0Rb34Mc3j0n6jAmljGr5XDqQLvpAe HTTP/1.1" 200 2
181.61.46.47 - - [19/Dec/2015:15:07:41 -0500] "POST /forms/lservlet;jsessionid=ac16012b30d7a4f44410fe5a4b5b92f3ef15ff9e3cf6.e3iSbxaKaheRe38KbN0Rb34Mc3j0n6jAmljGr5XDqQLvpAe HTTP/1.1" 200 2
190.24.57.91 - - [19/Dec/2015:15:07:52 -0500] "GET /galeria/nivo-slider/themes/default/arrows.png HTTP/1.1" 200 824
190.24.57.91 - - [19/Dec/2015:15:07:52 -0500] "GET /galeria/nivo-slider/themes/default/bullets.png HTTP/1.1" 200 1281
69.162.124.233 - - [19/Dec/2015:15:07:59 -0500] "HEAD / HTTP/1.1" 200 -
181.61.8.248 - - [19/Dec/2015:15:07:59 -0500] "POST /forms/lservlet;jsessionid=ac16012b30d7de18c878eaac480581caac0f5612543e.e3iSbxaKaheRe38KbN0Rb34Mc3j0n6jAmljGr5XDqQLvpAe HTTP/1.1" 200 2
181.49.72.81 - - [19/Dec/2015:15:08:06 -0500] "GET /galeria/galeria/jquery.fancybox.js?v=2.1.5 HTTP/1.1" 200 48706
181.49.72.81 - - [19/Dec/2015:15:08:06 -0500] "GET /BLA/boletinlegal/js/jquery.scrollShow.js HTTP/1.1" 200 4586
181.49.72.81 - - [19/Dec/2015:15:08:06 -0500] "GET /galeria/galeria/jquery.fancybox.css?v=2.1.5 HTTP/1.1" 200 4895
190.24.57.91 - - [19/Dec/2015:15:08:08 -0500] "GET /videos/galeria-cronicas/1V3wnplaylist.htm? HTTP/1.1" 200 4013
