201.245.192.253 - - [19/Dec/2015:06:16:11 -0500] "GET /galeria/nivo-slider/themes/default/arrows.png HTTP/1.1" 200 824
201.234.75.11 - - [19/Dec/2015:06:16:22 -0500] "GET /galeria/nivo-slider/demo/images/Banner-cursos.jpg HTTP/1.1" 304 -
190.25.157.12 - - [19/Dec/2015:06:17:02 -0500] "POST /forms/lservlet;jsessionid=ac16012b30d7fcfb694b74754b67ba13d8349b7969d1.e3iSbxaKaheRe38KbN0Rb34Mc3j0n6jAmljGr5XDqQLvpAe HTTP/1.1" 200 2
66.249.64.101 - - [19/Dec/2015:06:17:45 -0500] "GET /BLA/resoluciones/AUTOS%202011/3712.pdf HTTP/1.1" 200 210105
69.162.124.233 - - [19/Dec/2015:06:18:00 -0500] "HEAD / HTTP/1.1" 200 -
66.249.64.106 - - [19/Dec/2015:06:18:18 -0500] "GET /BLA/resoluciones/Autos%202008/1235.pdf HTTP/1.1" 200 79539
66.249.64.101 - - [19/Dec/2015:06:18:43 -0500] "GET /BLA/resoluciones/RESOLUCIONES%202007/RES%202007%20101%20AL%20200/RESOLUCION%200103%20DE%202007.pdf HTTP/1.1" 200 287435
190.27.58.162 - - [19/Dec/2015:06:18:57 -0500] "GET /galeria/galeria/jquery.fancybox.css?v=2.1.5 HTTP/1.1" 200 4895
190.27.58.162 - - [19/Dec/2015:06:18:57 -0500] "GET /BLA/boletinlegal/js/jquery.scrollShow.js HTTP/1.1" 200 4586
190.27.58.162 - - [19/Dec/2015:06:18:57 -0500] "GET /galeria/galeria/jquery.fancybox.js?v=2.1.5 HTTP/1.1" 200 48706
190.25.157.12 - - [19/Dec/2015:06:19:02 -0500] "POST /forms/lservlet;jsessionid=ac16012b30d7fcfb694b74754b67ba13d8349b7969d1.e3iSbxaKaheRe38KbN0Rb34Mc3j0n6jAmljGr5XDqQLvpAe HTTP/1.1" 200 2
190.27.58.162 - - [19/Dec/2015:06:19:05 -0500] "GET /BLA/boletinlegal/js/jquery.scrollShow.js HTTP/1.1" 304 -
190.27.58.162 - - [19/Dec/2015:06:19:05 -0500] "GET /galeria/galeria/jquery.fancybox.js?v=2.1.5 HTTP/1.1" 304 -
190.27.58.162 - - [19/Dec/2015:06:19:05 -0500] "GET /galeria/galeria/jquery.fancybox.css?v=2.1.5 HTTP/1.1" 304 -
190.25.157.12 - - [19/Dec/2015:06:21:02 -0500] "POST /forms/lservlet;jsessionid=ac16012b30d7fcfb694b74754b67ba13d8349b7969d1.e3iSbxaKaheRe38KbN0Rb34Mc3j0n6jAmljGr5XDqQLvpAe HTTP/1.1" 200 2
66.249.64.96 - - [19/Dec/2015:06:21:48 -0500] "GET /BLA/resoluciones/AUTOS%202008/1338.pdf HTTP/1.1" 200 147010
190.242.75.200 - - [19/Dec/2015:06:22:19 -0500] "GET /galeria/galeria/jquery.fancybox.css?v=2.1.5 HTTP/1.1" 200 4895
190.242.75.200 - - [19/Dec/2015:06:22:19 -0500] "GET /galeria/carrusel/Carrusel/jquery.thumbnailScroller.css HTTP/1.1" 200 2066
190.242.75.200 - - [19/Dec/2015:06:22:19 -0500] "GET /BLA/boletinlegal/js/jquery.scrollShow.js HTTP/1.1" 200 4586
190.242.75.200 - - [19/Dec/2015:06:22:19 -0500] "GET /galeria/galeria/jquery.fancybox.js?v=2.1.5 HTTP/1.1" 200 48706
190.242.75.200 - - [19/Dec/2015:06:22:19 -0500] "GET /galeria/carrusel/Carrusel/jquery-ui-1.8.13.custom.min.js HTTP/1.1" 200 10800
190.242.75.200 - - [19/Dec/2015:06:22:19 -0500] "GET /galeria/carrusel/Carrusel/jquery.thumbnailScroller.js HTTP/1.1" 200 8157
190.242.75.200 - - [19/Dec/2015:06:22:23 -0500] "GET /galeria/nivo-slider/demo/demo.html HTTP/1.1" 200 4456
190.242.75.200 - - [19/Dec/2015:06:22:25 -0500] "GET /galeria/nivo-slider/themes/pascal/pascal.css HTTP/1.1" 200 2258
190.242.75.200 - - [19/Dec/2015:06:22:25 -0500] "GET /galeria/nivo-slider/themes/default/default.css HTTP/1.1" 200 1569
190.242.75.200 - - [19/Dec/2015:06:22:25 -0500] "GET /galeria/nivo-slider/themes/orman/orman.css HTTP/1.1" 200 2152
190.242.75.200 - - [19/Dec/2015:06:22:25 -0500] "GET /galeria/nivo-slider/nivo-slider.css HTTP/1.1" 200 1507
190.242.75.200 - - [19/Dec/2015:06:22:25 -0500] "GET /galeria/nivo-slider/demo/style.css HTTP/1.1" 200 2222
190.242.75.200 - - [19/Dec/2015:06:22:25 -0500] "GET /galeria/nivo-slider/demo/scripts/jquery-1.7.1.min.js HTTP/1.1" 200 93868
190.242.75.200 - - [19/Dec/2015:06:22:25 -0500] "GET /galeria/nivo-slider/jquery.nivo.slider.pack.js HTTP/1.1" 200 11561
190.242.75.200 - - [19/Dec/2015:06:22:25 -0500] "GET /galeria/nivo-slider/demo/images/4Simple_Slider.png HTTP/1.1" 200 11722
190.242.75.200 - - [19/Dec/2015:06:22:25 -0500] "GET /galeria/nivo-slider/themes/default/loading.gif HTTP/1.1" 200 1737
190.242.75.200 - - [19/Dec/2015:06:22:28 -0500] "GET /galeria/nivo-slider/demo/images/ambientales.jpg HTTP/1.1" 200 397233
190.242.75.200 - - [19/Dec/2015:06:22:29 -0500] "GET /galeria/nivo-slider/demo/images/Programacion-navidena.jpg HTTP/1.1" 200 316038
190.242.75.200 - - [19/Dec/2015:06:22:29 -0500] "GET /galeria/nivo-slider/demo/images/2Banner-encuestaSDA.jpg HTTP/1.1" 200 208228
190.242.75.200 - - [19/Dec/2015:06:22:30 -0500] "GET /galeria/nivo-slider/demo/images/ABC-Plan-de-contigencia.jpg HTTP/1.1" 200 401853
190.242.75.200 - - [19/Dec/2015:06:22:47 -0500] "GET /galeria/nivo-slider/demo/images/banner-llantas2015.jpg HTTP/1.1" 200 185615
190.242.75.200 - - [19/Dec/2015:06:22:48 -0500] "GET /galeria/nivo-slider/demo/images/caminata-ecologica.jpg HTTP/1.1" 200 161069
190.242.75.200 - - [19/Dec/2015:06:22:56 -0500] "GET /galeria/nivo-slider/demo/images/Banner-ahorro-de-agua.jpg HTTP/1.1" 200 149141
69.162.124.233 - - [19/Dec/2015:06:23:00 -0500] "HEAD / HTTP/1.1" 200 -
190.25.157.12 - - [19/Dec/2015:06:23:02 -0500] "POST /forms/lservlet;jsessionid=ac16012b30d7fcfb694b74754b67ba13d8349b7969d1.e3iSbxaKaheRe38KbN0Rb34Mc3j0n6jAmljGr5XDqQLvpAe HTTP/1.1" 200 2
190.25.157.12 - - [19/Dec/2015:06:25:02 -0500] "POST /forms/lservlet;jsessionid=ac16012b30d7fcfb694b74754b67ba13d8349b7969d1.e3iSbxaKaheRe38KbN0Rb34Mc3j0n6jAmljGr5XDqQLvpAe HTTP/1.1" 200 2
190.156.212.73 - - [19/Dec/2015:06:25:21 -0500] "GET /galeria/carrusel/Carrusel/jquery.thumbnailScroller.css HTTP/1.1" 200 2066
190.156.212.73 - - [19/Dec/2015:06:25:21 -0500] "GET /BLA/boletinlegal/js/jquery.scrollShow.js HTTP/1.1" 200 4586
190.156.212.73 - - [19/Dec/2015:06:25:21 -0500] "GET /galeria/galeria/jquery.fancybox.js?v=2.1.5 HTTP/1.1" 200 48706
190.156.212.73 - - [19/Dec/2015:06:25:21 -0500] "GET /galeria/galeria/jquery.fancybox.css?v=2.1.5 HTTP/1.1" 200 4895
190.156.212.73 - - [19/Dec/2015:06:25:21 -0500] "GET /galeria/carrusel/Carrusel/jquery-ui-1.8.13.custom.min.js HTTP/1.1" 200 10800
190.156.212.73 - - [19/Dec/2015:06:25:21 -0500] "GET /galeria/carrusel/Carrusel/jquery.thumbnailScroller.js HTTP/1.1" 200 8157
190.156.212.73 - - [19/Dec/2015:06:25:23 -0500] "GET /galeria/nivo-slider/demo/demo.html HTTP/1.1" 200 4456
190.156.212.73 - - [19/Dec/2015:06:25:24 -0500] "GET /galeria/nivo-slider/themes/default/default.css HTTP/1.1" 200 1569
190.156.212.73 - - [19/Dec/2015:06:25:24 -0500] "GET /galeria/nivo-slider/nivo-slider.css HTTP/1.1" 200 1507
190.156.212.73 - - [19/Dec/2015:06:25:24 -0500] "GET /galeria/nivo-slider/themes/pascal/pascal.css HTTP/1.1" 200 2258
190.156.212.73 - - [19/Dec/2015:06:25:24 -0500] "GET /galeria/nivo-slider/themes/orman/orman.css HTTP/1.1" 200 2152
190.156.212.73 - - [19/Dec/2015:06:25:24 -0500] "GET /galeria/nivo-slider/demo/style.css HTTP/1.1" 200 2222
190.156.212.73 - - [19/Dec/2015:06:25:24 -0500] "GET /galeria/nivo-slider/demo/scripts/jquery-1.7.1.min.js HTTP/1.1" 200 93868
190.156.212.73 - - [19/Dec/2015:06:25:25 -0500] "GET /galeria/nivo-slider/jquery.nivo.slider.pack.js HTTP/1.1" 200 11561
190.156.212.73 - - [19/Dec/2015:06:25:25 -0500] "GET /galeria/nivo-slider/demo/images/ambientales.jpg HTTP/1.1" 200 397233
190.156.212.73 - - [19/Dec/2015:06:25:25 -0500] "GET /galeria/nivo-slider/themes/default/loading.gif HTTP/1.1" 200 1737
190.156.212.73 - - [19/Dec/2015:06:25:25 -0500] "GET /galeria/nivo-slider/demo/images/4Simple_Slider.png HTTP/1.1" 200 11722
190.156.212.73 - - [19/Dec/2015:06:25:26 -0500] "GET /galeria/nivo-slider/demo/images/Programacion-navidena.jpg HTTP/1.1" 200 316038
190.156.212.73 - - [19/Dec/2015:06:25:26 -0500] "GET /galeria/nivo-slider/demo/images/2Banner-encuestaSDA.jpg HTTP/1.1" 200 208228
190.156.212.73 - - [19/Dec/2015:06:25:28 -0500] "GET /galeria/nivo-slider/demo/images/ABC-Plan-de-contigencia.jpg HTTP/1.1" 200 401853
190.156.212.73 - - [19/Dec/2015:06:25:29 -0500] "GET /galeria/nivo-slider/demo/images/banner-llantas2015.jpg HTTP/1.1" 200 185615
190.156.212.73 - - [19/Dec/2015:06:25:32 -0500] "GET /galeria/nivo-slider/demo/images/caminata-ecologica.jpg HTTP/1.1" 200 161069
190.156.212.73 - - [19/Dec/2015:06:25:32 -0500] "GET /galeria/nivo-slider/demo/images/Banner-ahorro-de-agua.jpg HTTP/1.1" 200 149141
190.156.212.73 - - [19/Dec/2015:06:25:33 -0500] "GET /galeria/nivo-slider/demo/images/Cmapana-onestidad.jpg HTTP/1.1" 200 141638
190.156.212.73 - - [19/Dec/2015:06:25:36 -0500] "GET /galeria/nivo-slider/demo/images/PREDAcamp.jpg HTTP/1.1" 200 295358
190.156.212.73 - - [19/Dec/2015:06:25:36 -0500] "GET /galeria/nivo-slider/demo/images/banner-llantas2.jpg HTTP/1.1" 200 204644
190.156.212.73 - - [19/Dec/2015:06:25:36 -0500] "GET /galeria/nivo-slider/demo/images/9Signos.jpg HTTP/1.1" 200 81776
190.156.212.73 - - [19/Dec/2015:06:25:37 -0500] "GET /galeria/nivo-slider/demo/images/Ruta-vertimientos-01.jpg HTTP/1.1" 200 130151
190.156.212.73 - - [19/Dec/2015:06:25:37 -0500] "GET /galeria/nivo-slider/demo/images/bolsas-06.jpg HTTP/1.1" 200 90982
190.156.212.73 - - [19/Dec/2015:06:25:38 -0500] "GET /galeria/nivo-slider/demo/images/Conoce-los-humedales.jpg HTTP/1.1" 200 294036
190.156.212.73 - - [19/Dec/2015:06:25:38 -0500] "GET /galeria/nivo-slider/demo/images/ecolecta-Dic2014.png HTTP/1.1" 200 288593
190.156.212.73 - - [19/Dec/2015:06:25:42 -0500] "GET /galeria/nivo-slider/themes/default/arrows.png HTTP/1.1" 200 824
190.156.212.73 - - [19/Dec/2015:06:25:42 -0500] "GET /galeria/nivo-slider/themes/default/bullets.png HTTP/1.1" 200 1281
66.249.64.101 - - [19/Dec/2015:06:25:51 -0500] "GET /BLA/resoluciones/RESOLUCIONES%202013/1416.pdf HTTP/1.1" 200 420217
66.249.64.96 - - [19/Dec/2015:06:26:38 -0500] "GET /BLA/resoluciones/RESOLUCIONES%202007/RES%202007%204201%20AL%204300/RESOLUCION%204267%20DE%202007.pdf HTTP/1.1" 200 392557
190.25.157.12 - - [19/Dec/2015:06:27:02 -0500] "POST /forms/lservlet;jsessionid=ac16012b30d7fcfb694b74754b67ba13d8349b7969d1.e3iSbxaKaheRe38KbN0Rb34Mc3j0n6jAmljGr5XDqQLvpAe HTTP/1.1" 200 2
69.162.124.233 - - [19/Dec/2015:06:28:00 -0500] "HEAD / HTTP/1.1" 200 -
190.25.157.12 - - [19/Dec/2015:06:29:02 -0500] "POST /forms/lservlet;jsessionid=ac16012b30d7fcfb694b74754b67ba13d8349b7969d1.e3iSbxaKaheRe38KbN0Rb34Mc3j0n6jAmljGr5XDqQLvpAe HTTP/1.1" 200 2
66.249.64.96 - - [19/Dec/2015:06:29:53 -0500] "GET /BLA/resoluciones/RESOLUCIONES%202013/1088.pdf HTTP/1.1" 200 736114
66.249.64.101 - - [19/Dec/2015:06:29:55 -0500] "GET /BLA/resoluciones/RESOLUCIONES%202007/RES%202007%20901%20AL%201000/RESOLUCION%200922%20DE%202007.pdf HTTP/1.1" 200 274997
66.249.64.238 - - [19/Dec/2015:06:30:00 -0500] "GET /galeria/nivo-slider/demo/images/suba7jpg.jpg HTTP/1.1" 200 278315
190.157.120.139 - - [19/Dec/2015:06:30:43 -0500] "GET /BLA/boletinlegal/js/jquery.scrollShow.js HTTP/1.1" 200 4586
190.157.120.139 - - [19/Dec/2015:06:30:43 -0500] "GET /galeria/galeria/jquery.fancybox.css?v=2.1.5 HTTP/1.1" 200 4895
190.157.120.139 - - [19/Dec/2015:06:30:43 -0500] "GET /galeria/galeria/jquery.fancybox.js?v=2.1.5 HTTP/1.1" 200 48706
190.25.157.12 - - [19/Dec/2015:06:31:02 -0500] "POST /forms/lservlet;jsessionid=ac16012b30d7fcfb694b74754b67ba13d8349b7969d1.e3iSbxaKaheRe38KbN0Rb34Mc3j0n6jAmljGr5XDqQLvpAe HTTP/1.1" 200 2
201.228.76.176 - - [19/Dec/2015:06:32:51 -0500] "GET /desprendiblespago/controlador HTTP/1.1" 200 2321
201.228.76.176 - - [19/Dec/2015:06:32:51 -0500] "GET /desprendiblespago/css/estilos.css HTTP/1.1" 200 3850
201.228.76.176 - - [19/Dec/2015:06:32:51 -0500] "GET /desprendiblespago/scripts/validarIngreso.js HTTP/1.1" 200 851
201.228.76.176 - - [19/Dec/2015:06:32:51 -0500] "GET /desprendiblespago/images/cabezoteHojaVida.jpg HTTP/1.1" 200 8386
201.228.76.176 - - [19/Dec/2015:06:32:51 -0500] "GET /desprendiblespago/images/logo_bogota_p.jpg HTTP/1.1" 200 48017
201.228.76.176 - - [19/Dec/2015:06:32:51 -0500] "GET /favicon.ico HTTP/1.1" 200 7782
69.162.124.233 - - [19/Dec/2015:06:33:00 -0500] "HEAD / HTTP/1.1" 200 -
157.55.39.14 - - [19/Dec/2015:06:33:01 -0500] "GET /robots.txt HTTP/1.1" 404 1019
190.25.157.12 - - [19/Dec/2015:06:33:02 -0500] "POST /forms/lservlet;jsessionid=ac16012b30d7fcfb694b74754b67ba13d8349b7969d1.e3iSbxaKaheRe38KbN0Rb34Mc3j0n6jAmljGr5XDqQLvpAe HTTP/1.1" 200 2
157.55.39.14 - - [19/Dec/2015:06:33:05 -0500] "GET /dama/libreria/php/decide.php?patron=03.1305020113&numm=12 HTTP/1.1" 404 1019
201.228.76.176 - - [19/Dec/2015:06:33:11 -0500] "POST /desprendiblespago/controlador HTTP/1.1" 200 5345
201.228.76.176 - - [19/Dec/2015:06:33:16 -0500] "POST /desprendiblespago/controlador HTTP/1.1" 200 6627
201.228.76.176 - - [19/Dec/2015:06:33:19 -0500] "POST /desprendiblespago/controlador HTTP/1.1" 200 10958
66.249.64.106 - - [19/Dec/2015:06:33:56 -0500] "GET /BLA/resoluciones/RESOLUCIONES%202011/4599.pdf HTTP/1.1" 200 692902
66.31.48.153 - - [19/Dec/2015:06:34:17 -0500] "GET /BLA/resoluciones/RESOLUCIONES%202008/3164.pdf HTTP/1.1" 200 166001
66.31.48.153 - - [19/Dec/2015:06:34:18 -0500] "GET /favicon.ico HTTP/1.1" 200 7782
201.228.76.176 - - [19/Dec/2015:06:35:01 -0500] "GET /desprendiblespago/controlador HTTP/1.1" 200 2321
190.25.157.12 - - [19/Dec/2015:06:35:02 -0500] "POST /forms/lservlet;jsessionid=ac16012b30d7fcfb694b74754b67ba13d8349b7969d1.e3iSbxaKaheRe38KbN0Rb34Mc3j0n6jAmljGr5XDqQLvpAe HTTP/1.1" 200 2
191.95.251.191 - - [19/Dec/2015:06:35:03 -0500] "GET /galeria/galeria/jquery.fancybox.css?v=2.1.5 HTTP/1.1" 200 4895
191.95.251.191 - - [19/Dec/2015:06:35:03 -0500] "GET /BLA/boletinlegal/js/jquery.scrollShow.js HTTP/1.1" 200 4586
191.95.251.191 - - [19/Dec/2015:06:35:03 -0500] "GET /galeria/galeria/jquery.fancybox.js?v=2.1.5 HTTP/1.1" 200 48706
191.95.251.191 - - [19/Dec/2015:06:35:25 -0500] "GET /BLA/boletinlegal/js/jquery.scrollShow.js HTTP/1.1" 304 -
191.95.251.191 - - [19/Dec/2015:06:35:25 -0500] "GET /galeria/galeria/jquery.fancybox.js?v=2.1.5 HTTP/1.1" 304 -
191.95.251.191 - - [19/Dec/2015:06:35:28 -0500] "GET /galeria/galeria/jquery.fancybox.css?v=2.1.5 HTTP/1.1" 304 -
191.95.251.191 - - [19/Dec/2015:06:35:30 -0500] "GET /BLA/boletinlegal/js/jquery.scrollShow.js HTTP/1.1" 304 -
191.95.251.191 - - [19/Dec/2015:06:35:30 -0500] "GET /galeria/galeria/jquery.fancybox.js?v=2.1.5 HTTP/1.1" 304 -
191.95.251.191 - - [19/Dec/2015:06:35:30 -0500] "GET /galeria/galeria/jquery.fancybox.css?v=2.1.5 HTTP/1.1" 304 -
190.25.157.12 - - [19/Dec/2015:06:37:02 -0500] "POST /forms/lservlet;jsessionid=ac16012b30d7fcfb694b74754b67ba13d8349b7969d1.e3iSbxaKaheRe38KbN0Rb34Mc3j0n6jAmljGr5XDqQLvpAe HTTP/1.1" 200 2
66.249.64.96 - - [19/Dec/2015:06:37:14 -0500] "GET /BLA/resoluciones/AUTOS%202011/1544.pdf HTTP/1.1" 200 154349
66.249.64.101 - - [19/Dec/2015:06:37:59 -0500] "GET /BLA/resoluciones/AUTOS%202009/1330.pdf HTTP/1.1" 200 98531
69.162.124.233 - - [19/Dec/2015:06:38:00 -0500] "HEAD / HTTP/1.1" 200 -
186.85.80.112 - - [19/Dec/2015:06:38:42 -0500] "GET /BLA/resoluciones/RESOLUCIONES%202007/RES%202007%20701%20AL%20800/RESOLUCION%200705%20DE%202007.pdf HTTP/1.1" 200 1060513
190.25.157.12 - - [19/Dec/2015:06:39:02 -0500] "POST /forms/lservlet;jsessionid=ac16012b30d7fcfb694b74754b67ba13d8349b7969d1.e3iSbxaKaheRe38KbN0Rb34Mc3j0n6jAmljGr5XDqQLvpAe HTTP/1.1" 200 2
66.249.64.96 - - [19/Dec/2015:06:39:09 -0500] "GET /BLA/resoluciones/AUTOS%202014/1137.pdf HTTP/1.1" 200 281674
68.180.230.190 - - [19/Dec/2015:06:39:37 -0500] "GET /BLA/resoluciones/index.php?dir=RESOLUCIONES+2005%2FRES+2005+2501-2550%2F HTTP/1.1" 200 12365
190.25.157.12 - - [19/Dec/2015:06:41:02 -0500] "POST /forms/lservlet;jsessionid=ac16012b30d7fcfb694b74754b67ba13d8349b7969d1.e3iSbxaKaheRe38KbN0Rb34Mc3j0n6jAmljGr5XDqQLvpAe HTTP/1.1" 200 2
68.180.230.190 - - [19/Dec/2015:06:41:53 -0500] "GET /BLA/resoluciones/index.php?dir=RESOLUCIONES+2005%2FRES+2005+1751-1800%2F HTTP/1.1" 200 12368
66.249.64.96 - - [19/Dec/2015:06:42:01 -0500] "GET /BLA/resoluciones/RESOLUCIONES%202009/4805.pdf HTTP/1.1" 200 182821
69.162.124.233 - - [19/Dec/2015:06:43:00 -0500] "HEAD / HTTP/1.1" 200 -
190.25.157.12 - - [19/Dec/2015:06:43:02 -0500] "POST /forms/lservlet;jsessionid=ac16012b30d7fcfb694b74754b67ba13d8349b7969d1.e3iSbxaKaheRe38KbN0Rb34Mc3j0n6jAmljGr5XDqQLvpAe HTTP/1.1" 200 2
66.249.64.101 - - [19/Dec/2015:06:44:08 -0500] "GET /BLA/resoluciones/Autos%202008/3041.pdf HTTP/1.1" 200 65245
190.25.157.12 - - [19/Dec/2015:06:45:02 -0500] "POST /forms/lservlet;jsessionid=ac16012b30d7fcfb694b74754b67ba13d8349b7969d1.e3iSbxaKaheRe38KbN0Rb34Mc3j0n6jAmljGr5XDqQLvpAe HTTP/1.1" 200 2
66.249.64.101 - - [19/Dec/2015:06:45:28 -0500] "GET /BLA/resoluciones/AUTOS%202008/0182.pdf HTTP/1.1" 200 181482
186.87.24.21 - - [19/Dec/2015:06:45:53 -0500] "GET /galeria/galeria/jquery.fancybox.js?v=2.1.5 HTTP/1.1" 200 48706
186.87.24.21 - - [19/Dec/2015:06:45:53 -0500] "GET /BLA/boletinlegal/js/jquery.scrollShow.js HTTP/1.1" 200 4586
186.87.24.21 - - [19/Dec/2015:06:45:54 -0500] "GET /galeria/galeria/jquery.fancybox.css?v=2.1.5 HTTP/1.1" 200 4895
186.87.24.21 - - [19/Dec/2015:06:45:54 -0500] "GET /galeria/carrusel/Carrusel/jquery.thumbnailScroller.css HTTP/1.1" 200 2066
186.87.24.21 - - [19/Dec/2015:06:45:54 -0500] "GET /galeria/carrusel/Carrusel/jquery-ui-1.8.13.custom.min.js HTTP/1.1" 200 10800
186.87.24.21 - - [19/Dec/2015:06:45:54 -0500] "GET /galeria/carrusel/Carrusel/jquery.thumbnailScroller.js HTTP/1.1" 200 8157
186.87.24.21 - - [19/Dec/2015:06:45:58 -0500] "GET /galeria/nivo-slider/demo/demo.html HTTP/1.1" 200 4456
186.87.24.21 - - [19/Dec/2015:06:46:02 -0500] "GET /galeria/nivo-slider/themes/pascal/pascal.css HTTP/1.1" 200 2258
186.87.24.21 - - [19/Dec/2015:06:46:02 -0500] "GET /galeria/nivo-slider/themes/default/default.css HTTP/1.1" 200 1569
186.87.24.21 - - [19/Dec/2015:06:46:02 -0500] "GET /galeria/nivo-slider/themes/orman/orman.css HTTP/1.1" 200 2152
186.87.24.21 - - [19/Dec/2015:06:46:02 -0500] "GET /galeria/nivo-slider/nivo-slider.css HTTP/1.1" 200 1507
186.87.24.21 - - [19/Dec/2015:06:46:02 -0500] "GET /galeria/nivo-slider/demo/style.css HTTP/1.1" 200 2222
186.87.24.21 - - [19/Dec/2015:06:46:02 -0500] "GET /galeria/nivo-slider/jquery.nivo.slider.pack.js HTTP/1.1" 200 11561
186.87.24.21 - - [19/Dec/2015:06:46:02 -0500] "GET /galeria/nivo-slider/demo/scripts/jquery-1.7.1.min.js HTTP/1.1" 200 93868
186.87.24.21 - - [19/Dec/2015:06:46:02 -0500] "GET /galeria/nivo-slider/demo/images/Programacion-navidena.jpg HTTP/1.1" 200 316038
186.87.24.21 - - [19/Dec/2015:06:46:02 -0500] "GET /galeria/nivo-slider/demo/images/ambientales.jpg HTTP/1.1" 200 397233
186.87.24.21 - - [19/Dec/2015:06:46:02 -0500] "GET /galeria/nivo-slider/demo/images/2Banner-encuestaSDA.jpg HTTP/1.1" 200 208228
186.87.24.21 - - [19/Dec/2015:06:46:02 -0500] "GET /galeria/nivo-slider/demo/images/ABC-Plan-de-contigencia.jpg HTTP/1.1" 200 401853
186.87.24.21 - - [19/Dec/2015:06:46:03 -0500] "GET /galeria/nivo-slider/demo/images/banner-llantas2015.jpg HTTP/1.1" 200 185615
186.87.24.21 - - [19/Dec/2015:06:46:04 -0500] "GET /galeria/nivo-slider/demo/images/4Simple_Slider.png HTTP/1.1" 200 11722
186.87.24.21 - - [19/Dec/2015:06:46:04 -0500] "GET /galeria/nivo-slider/themes/default/loading.gif HTTP/1.1" 200 1737
186.87.24.21 - - [19/Dec/2015:06:46:04 -0500] "GET /galeria/nivo-slider/demo/images/caminata-ecologica.jpg HTTP/1.1" 200 161069
66.249.64.101 - - [19/Dec/2015:06:46:04 -0500] "GET /BLA/resoluciones/RESOLUCIONES%202011/1152.pdf HTTP/1.1" 200 489027
186.87.24.21 - - [19/Dec/2015:06:46:04 -0500] "GET /galeria/nivo-slider/demo/images/Banner-ahorro-de-agua.jpg HTTP/1.1" 200 149141
186.87.24.21 - - [19/Dec/2015:06:46:04 -0500] "GET /galeria/nivo-slider/demo/images/Cmapana-onestidad.jpg HTTP/1.1" 200 141638
186.87.24.21 - - [19/Dec/2015:06:46:05 -0500] "GET /galeria/nivo-slider/demo/images/PREDAcamp.jpg HTTP/1.1" 200 295358
186.87.24.21 - - [19/Dec/2015:06:46:06 -0500] "GET /galeria/nivo-slider/demo/images/banner-llantas2.jpg HTTP/1.1" 200 204644
186.87.24.21 - - [19/Dec/2015:06:46:06 -0500] "GET /galeria/nivo-slider/demo/images/9Signos.jpg HTTP/1.1" 200 81776
186.87.24.21 - - [19/Dec/2015:06:46:06 -0500] "GET /galeria/nivo-slider/demo/images/Ruta-vertimientos-01.jpg HTTP/1.1" 200 130151
186.87.24.21 - - [19/Dec/2015:06:46:06 -0500] "GET /galeria/nivo-slider/demo/images/bolsas-06.jpg HTTP/1.1" 200 90982
186.87.24.21 - - [19/Dec/2015:06:46:06 -0500] "GET /galeria/nivo-slider/demo/images/Conoce-los-humedales.jpg HTTP/1.1" 200 294036
186.87.24.21 - - [19/Dec/2015:06:46:07 -0500] "GET /galeria/nivo-slider/demo/images/ecolecta-Dic2014.png HTTP/1.1" 200 288593
186.87.24.21 - - [19/Dec/2015:06:46:09 -0500] "GET /galeria/nivo-slider/themes/default/arrows.png HTTP/1.1" 200 824
186.87.24.21 - - [19/Dec/2015:06:46:09 -0500] "GET /galeria/nivo-slider/themes/default/bullets.png HTTP/1.1" 200 1281
66.249.64.96 - - [19/Dec/2015:06:46:23 -0500] "GET /BLA/resoluciones/AUTOS%202010/1458.pdf HTTP/1.1" 200 221035
181.54.126.243 - - [19/Dec/2015:06:46:39 -0500] "GET /galeria/nivo-slider/demo/demo.html HTTP/1.1" 304 -
181.54.126.243 - - [19/Dec/2015:06:46:42 -0500] "GET /galeria/nivo-slider/demo/images/ambientales.jpg HTTP/1.1" 304 -
181.54.126.243 - - [19/Dec/2015:06:46:42 -0500] "GET /galeria/nivo-slider/demo/images/Programacion-navidena.jpg HTTP/1.1" 304 -
181.54.126.243 - - [19/Dec/2015:06:46:42 -0500] "GET /galeria/nivo-slider/demo/images/ABC-Plan-de-contigencia.jpg HTTP/1.1" 304 -
181.54.126.243 - - [19/Dec/2015:06:46:42 -0500] "GET /galeria/nivo-slider/demo/images/banner-llantas2015.jpg HTTP/1.1" 304 -
66.249.64.101 - - [19/Dec/2015:06:47:00 -0500] "GET /BLA/resoluciones/AUTOS%202010/0428.pdf HTTP/1.1" 200 293411
190.25.157.12 - - [19/Dec/2015:06:47:02 -0500] "POST /forms/lservlet;jsessionid=ac16012b30d7fcfb694b74754b67ba13d8349b7969d1.e3iSbxaKaheRe38KbN0Rb34Mc3j0n6jAmljGr5XDqQLvpAe HTTP/1.1" 200 2
201.234.75.11 - - [19/Dec/2015:06:47:11 -0500] "GET /StormSDA/stormWeb/presentacion.html HTTP/1.1" 304 -
186.87.24.21 - - [19/Dec/2015:06:47:20 -0500] "GET /galeria/galeria/jquery.fancybox.css?v=2.1.5 HTTP/1.1" 304 -
186.87.24.21 - - [19/Dec/2015:06:47:20 -0500] "GET /BLA/boletinlegal/js/jquery.scrollShow.js HTTP/1.1" 304 -
186.87.24.21 - - [19/Dec/2015:06:47:20 -0500] "GET /galeria/galeria/jquery.fancybox.js?v=2.1.5 HTTP/1.1" 304 -
66.249.64.106 - - [19/Dec/2015:06:47:43 -0500] "GET /BLA/resoluciones/Autos%202008/2908.pdf HTTP/1.1" 200 158441
69.162.124.233 - - [19/Dec/2015:06:48:00 -0500] "HEAD / HTTP/1.1" 200 -
180.76.15.135 - - [19/Dec/2015:06:48:43 -0500] "GET /BLA/resoluciones/RESOLUCIONES%202009/4714.pdf HTTP/1.1" 200 423686
190.25.157.12 - - [19/Dec/2015:06:49:03 -0500] "POST /forms/lservlet;jsessionid=ac16012b30d7fcfb694b74754b67ba13d8349b7969d1.e3iSbxaKaheRe38KbN0Rb34Mc3j0n6jAmljGr5XDqQLvpAe HTTP/1.1" 200 2
66.249.64.101 - - [19/Dec/2015:06:50:07 -0500] "GET /BLA/resoluciones/AUTOS%202011/2200.pdf HTTP/1.1" 200 155378
190.25.157.12 - - [19/Dec/2015:06:51:03 -0500] "POST /forms/lservlet;jsessionid=ac16012b30d7fcfb694b74754b67ba13d8349b7969d1.e3iSbxaKaheRe38KbN0Rb34Mc3j0n6jAmljGr5XDqQLvpAe HTTP/1.1" 200 2
190.85.214.61 - - [19/Dec/2015:06:52:30 -0500] "GET /galeria/carrusel/Carrusel/jquery.thumbnailScroller.css HTTP/1.1" 200 2066
190.85.214.61 - - [19/Dec/2015:06:52:30 -0500] "GET /galeria/nivo-slider/demo/demo.html HTTP/1.1" 200 4456
190.85.214.61 - - [19/Dec/2015:06:52:35 -0500] "GET /galeria/nivo-slider/themes/orman/orman.css HTTP/1.1" 200 2152
190.85.214.61 - - [19/Dec/2015:06:52:35 -0500] "GET /galeria/nivo-slider/nivo-slider.css HTTP/1.1" 200 1507
190.85.214.61 - - [19/Dec/2015:06:52:35 -0500] "GET /galeria/nivo-slider/demo/style.css HTTP/1.1" 200 2222
190.85.214.61 - - [19/Dec/2015:06:52:35 -0500] "GET /galeria/nivo-slider/themes/pascal/pascal.css HTTP/1.1" 200 2258
190.85.214.61 - - [19/Dec/2015:06:52:35 -0500] "GET /galeria/nivo-slider/themes/default/default.css HTTP/1.1" 200 1569
190.85.214.61 - - [19/Dec/2015:06:52:35 -0500] "GET /galeria/nivo-slider/demo/scripts/jquery-1.7.1.min.js HTTP/1.1" 200 93868
190.85.214.61 - - [19/Dec/2015:06:52:35 -0500] "GET /galeria/nivo-slider/jquery.nivo.slider.pack.js HTTP/1.1" 200 11561
190.85.214.61 - - [19/Dec/2015:06:52:35 -0500] "GET /galeria/nivo-slider/demo/images/Programacion-navidena.jpg HTTP/1.1" 200 316038
190.85.214.61 - - [19/Dec/2015:06:52:35 -0500] "GET /galeria/nivo-slider/demo/images/ambientales.jpg HTTP/1.1" 200 397233
190.85.214.61 - - [19/Dec/2015:06:52:35 -0500] "GET /galeria/nivo-slider/demo/images/ABC-Plan-de-contigencia.jpg HTTP/1.1" 200 401853
190.85.214.61 - - [19/Dec/2015:06:52:36 -0500] "GET /galeria/nivo-slider/demo/images/2Banner-encuestaSDA.jpg HTTP/1.1" 200 208228
190.85.214.61 - - [19/Dec/2015:06:52:36 -0500] "GET /galeria/nivo-slider/demo/images/banner-llantas2015.jpg HTTP/1.1" 200 185615
190.85.214.61 - - [19/Dec/2015:06:52:36 -0500] "GET /galeria/nivo-slider/demo/images/caminata-ecologica.jpg HTTP/1.1" 200 161069
190.85.214.61 - - [19/Dec/2015:06:52:36 -0500] "GET /galeria/nivo-slider/demo/images/Banner-ahorro-de-agua.jpg HTTP/1.1" 200 149141
190.85.214.61 - - [19/Dec/2015:06:52:36 -0500] "GET /galeria/nivo-slider/demo/images/Cmapana-onestidad.jpg HTTP/1.1" 200 141638
190.85.214.61 - - [19/Dec/2015:06:52:37 -0500] "GET /galeria/nivo-slider/demo/images/PREDAcamp.jpg HTTP/1.1" 200 295358
190.85.214.61 - - [19/Dec/2015:06:52:37 -0500] "GET /galeria/nivo-slider/demo/images/4Simple_Slider.png HTTP/1.1" 200 11722
190.85.214.61 - - [19/Dec/2015:06:52:37 -0500] "GET /galeria/nivo-slider/demo/images/9Signos.jpg HTTP/1.1" 200 81776
190.85.214.61 - - [19/Dec/2015:06:52:37 -0500] "GET /galeria/nivo-slider/themes/default/loading.gif HTTP/1.1" 200 1737
190.85.214.61 - - [19/Dec/2015:06:52:37 -0500] "GET /galeria/nivo-slider/demo/images/banner-llantas2.jpg HTTP/1.1" 200 204644
190.85.214.61 - - [19/Dec/2015:06:52:37 -0500] "GET /galeria/nivo-slider/demo/images/Ruta-vertimientos-01.jpg HTTP/1.1" 200 130151
190.85.214.61 - - [19/Dec/2015:06:52:37 -0500] "GET /galeria/nivo-slider/demo/images/bolsas-06.jpg HTTP/1.1" 200 90982
190.85.214.61 - - [19/Dec/2015:06:52:38 -0500] "GET /galeria/nivo-slider/demo/images/Conoce-los-humedales.jpg HTTP/1.1" 200 294036
190.85.214.61 - - [19/Dec/2015:06:52:38 -0500] "GET /galeria/nivo-slider/demo/images/ecolecta-Dic2014.png HTTP/1.1" 200 288593
190.85.214.61 - - [19/Dec/2015:06:52:39 -0500] "GET /galeria/nivo-slider/themes/default/bullets.png HTTP/1.1" 200 1281
190.85.214.61 - - [19/Dec/2015:06:52:39 -0500] "GET /galeria/nivo-slider/themes/default/arrows.png HTTP/1.1" 200 824
66.249.64.96 - - [19/Dec/2015:06:52:48 -0500] "GET /BLA/resoluciones/Autos%202008/3065.pdf HTTP/1.1" 200 60774
66.249.64.96 - - [19/Dec/2015:06:52:52 -0500] "GET /BLA/resoluciones/RESOLUCIONES%202007/RES%202007%202101%20AL%202200/RESOLUCION%202103%20DE%202007.pdf HTTP/1.1" 200 393182
69.162.124.233 - - [19/Dec/2015:06:53:00 -0500] "HEAD / HTTP/1.1" 200 -
190.25.157.12 - - [19/Dec/2015:06:53:03 -0500] "POST /forms/lservlet;jsessionid=ac16012b30d7fcfb694b74754b67ba13d8349b7969d1.e3iSbxaKaheRe38KbN0Rb34Mc3j0n6jAmljGr5XDqQLvpAe HTTP/1.1" 200 2
66.249.64.106 - - [19/Dec/2015:06:54:10 -0500] "GET /BLA/resoluciones/RESOLUCIONES%202009/2627.pdf HTTP/1.1" 304 -
190.25.157.12 - - [19/Dec/2015:06:55:03 -0500] "POST /forms/lservlet;jsessionid=ac16012b30d7fcfb694b74754b67ba13d8349b7969d1.e3iSbxaKaheRe38KbN0Rb34Mc3j0n6jAmljGr5XDqQLvpAe HTTP/1.1" 200 2
186.84.195.144 - - [19/Dec/2015:06:55:07 -0500] "GET /galeria/nivo-slider/demo/demo.html HTTP/1.1" 304 -
66.249.64.106 - - [19/Dec/2015:06:55:20 -0500] "GET /BLA/resoluciones/Autos%202008/3311.pdf HTTP/1.1" 200 62687
66.249.64.101 - - [19/Dec/2015:06:55:27 -0500] "GET /BLA/resoluciones/RESOLUCIONES%202007/RES%202007%20401%20AL%20500/RESOLUCION%200440%20DE%202007.pdf HTTP/1.1" 200 446226
66.249.64.96 - - [19/Dec/2015:06:55:43 -0500] "GET /BLA/resoluciones/RESOLUCIONES%202007/RES%202007%201801%20AL%201900/RESOLUCION%201892%20DE%202007.pdf HTTP/1.1" 200 808143
66.249.64.96 - - [19/Dec/2015:06:55:51 -0500] "GET /BLA/resoluciones/AUTOS%202011/2562.pdf HTTP/1.1" 200 235146
207.46.13.20 - - [19/Dec/2015:06:56:11 -0500] "GET /robots.txt HTTP/1.1" 404 1019
207.46.13.20 - - [19/Dec/2015:06:56:19 -0500] "GET /ecodirectorio/? HTTP/1.1" 200 4751
66.249.64.96 - - [19/Dec/2015:06:56:23 -0500] "GET /BLA/resoluciones/AUTOS%202011/1951.pdf HTTP/1.1" 200 163987
201.234.75.11 - - [19/Dec/2015:06:56:36 -0500] "GET /galeria/nivo-slider/demo/images/coplima.jpg HTTP/1.1" 304 -
190.25.157.12 - - [19/Dec/2015:06:57:03 -0500] "POST /forms/lservlet;jsessionid=ac16012b30d7fcfb694b74754b67ba13d8349b7969d1.e3iSbxaKaheRe38KbN0Rb34Mc3j0n6jAmljGr5XDqQLvpAe HTTP/1.1" 200 2
69.162.124.233 - - [19/Dec/2015:06:58:00 -0500] "HEAD / HTTP/1.1" 200 -
66.249.64.96 - - [19/Dec/2015:06:58:12 -0500] "GET /BLA/resoluciones/AUTOS%202009/1910.pdf HTTP/1.1" 200 104672
66.249.64.243 - - [19/Dec/2015:06:58:49 -0500] "GET /galeria/nivo-slider/demo/images/tortuga1.jpg HTTP/1.1" 200 697854
190.25.157.12 - - [19/Dec/2015:06:59:03 -0500] "POST /forms/lservlet;jsessionid=ac16012b30d7fcfb694b74754b67ba13d8349b7969d1.e3iSbxaKaheRe38KbN0Rb34Mc3j0n6jAmljGr5XDqQLvpAe HTTP/1.1" 200 2
179.18.55.64 - - [19/Dec/2015:06:59:58 -0500] "GET /galeria/galeria/jquery.fancybox.css?v=2.1.5 HTTP/1.1" 200 4895
179.18.55.64 - - [19/Dec/2015:06:59:58 -0500] "GET /BLA/boletinlegal/js/jquery.scrollShow.js HTTP/1.1" 200 4586
179.18.55.64 - - [19/Dec/2015:06:59:58 -0500] "GET /galeria/galeria/jquery.fancybox.js?v=2.1.5 HTTP/1.1" 200 48706
179.18.55.64 - - [19/Dec/2015:07:00:03 -0500] "GET /BLA/boletinlegal/js/jquery.scrollShow.js HTTP/1.1" 304 -
179.18.55.64 - - [19/Dec/2015:07:00:03 -0500] "GET /galeria/galeria/jquery.fancybox.js?v=2.1.5 HTTP/1.1" 304 -
179.18.55.64 - - [19/Dec/2015:07:00:03 -0500] "GET /galeria/galeria/jquery.fancybox.css?v=2.1.5 HTTP/1.1" 304 -
190.25.157.12 - - [19/Dec/2015:07:01:03 -0500] "POST /forms/lservlet;jsessionid=ac16012b30d7fcfb694b74754b67ba13d8349b7969d1.e3iSbxaKaheRe38KbN0Rb34Mc3j0n6jAmljGr5XDqQLvpAe HTTP/1.1" 200 2
66.249.64.106 - - [19/Dec/2015:07:01:10 -0500] "GET /BLA/resoluciones/RESOLUCIONES%202012/1725.pdf HTTP/1.1" 200 1164703
152.61.192.232 - - [19/Dec/2015:07:01:32 -0500] "HEAD / HTTP/1.1" 200 -
186.113.10.143 - - [19/Dec/2015:07:01:48 -0500] "GET /galeria/nivo-slider/demo/images/Banner-rendicion-de-cuenta-vivo.jpg HTTP/1.1" 304 -
152.61.192.232 - - [19/Dec/2015:07:01:32 -0500] "GET /arcgis/services/Calidad_del_Agua_WQI/MapServer/WMSServer?request=GetCapabilities&service=WMS HTTP/1.1" 503 1020
152.61.192.232 - - [19/Dec/2015:07:01:53 -0500] "GET /arcgis/services/Calidad_del_Agua_WQI/MapServer/WMSServer?SERVICE=WMS&REQUEST=GetCapabilities HTTP/1.1" 503 1020
152.61.192.232 - - [19/Dec/2015:07:01:54 -0500] "GET /arcgis/services/Calidad_del_Agua_WQI/MapServer/WMSServer?SERVICE=WMS&REQUEST=GetCapabilities HTTP/1.1" 503 1020
152.61.192.232 - - [19/Dec/2015:07:01:54 -0500] "GET /arcgis/services/Calidad_del_Agua_WQI/MapServer/WMSServer?SERVICE=WMS&REQUEST=GetCapabilities HTTP/1.1" 503 1020
152.61.192.232 - - [19/Dec/2015:07:01:54 -0500] "GET /arcgis/services/Calidad_del_Agua_WQI/MapServer/WMSServer?WMTVER=1.0.0&REQUEST=capabilities HTTP/1.1" 503 1020
152.61.192.232 - - [19/Dec/2015:07:01:54 -0500] "GET /arcgis/services/Calidad_del_Agua_WQI/MapServer/WMSServer?SERVICE=WMS&REQUEST=GetCapabilities HTTP/1.1" 503 1020
66.249.64.96 - - [19/Dec/2015:07:02:14 -0500] "GET /BLA/resoluciones/RESOLUCIONES%202007/RES%202007%20301%20AL%20400/RESOLUCION%200374%20DE%202007.pdf HTTP/1.1" 200 391014
66.249.64.101 - - [19/Dec/2015:07:02:15 -0500] "GET /BLA/resoluciones/RESOLUCIONES%202014/1609.pdf HTTP/1.1" 200 218658
66.249.64.96 - - [19/Dec/2015:07:02:25 -0500] "GET /BLA/resoluciones/RESOLUCIONES%202007/RES%202007%201901%20AL%202000/RESOLUCION%201930%20DE%202007.pdf HTTP/1.1" 200 369708
191.102.66.107 - - [19/Dec/2015:07:02:35 -0500] "GET /BLA/boletinlegal/js/jquery.scrollShow.js HTTP/1.1" 200 4586
191.102.66.107 - - [19/Dec/2015:07:02:35 -0500] "GET /galeria/galeria/jquery.fancybox.js?v=2.1.5 HTTP/1.1" 200 48706
191.102.66.107 - - [19/Dec/2015:07:02:35 -0500] "GET /galeria/galeria/jquery.fancybox.css?v=2.1.5 HTTP/1.1" 200 4895
69.162.124.233 - - [19/Dec/2015:07:03:00 -0500] "HEAD / HTTP/1.1" 200 -
190.25.157.12 - - [19/Dec/2015:07:03:03 -0500] "POST /forms/lservlet;jsessionid=ac16012b30d7fcfb694b74754b67ba13d8349b7969d1.e3iSbxaKaheRe38KbN0Rb34Mc3j0n6jAmljGr5XDqQLvpAe HTTP/1.1" 200 2
66.249.64.106 - - [19/Dec/2015:07:04:11 -0500] "GET /BLA/resoluciones/AUTOS%202011/2997.pdf HTTP/1.1" 200 198653
36.250.185.158 - - [19/Dec/2015:07:04:56 -0500] "GET /bla/ HTTP/1.1" 200 538
190.25.157.12 - - [19/Dec/2015:07:05:03 -0500] "POST /forms/lservlet;jsessionid=ac16012b30d7fcfb694b74754b67ba13d8349b7969d1.e3iSbxaKaheRe38KbN0Rb34Mc3j0n6jAmljGr5XDqQLvpAe HTTP/1.1" 200 2
190.60.94.206 - - [19/Dec/2015:07:05:12 -0500] "GET /galeria/galeria/jquery.fancybox.css?v=2.1.5 HTTP/1.1" 200 4895
190.60.94.206 - - [19/Dec/2015:07:05:12 -0500] "GET /galeria/carrusel/Carrusel/jquery-ui-1.8.13.custom.min.js HTTP/1.1" 200 10800
190.60.94.206 - - [19/Dec/2015:07:05:12 -0500] "GET /galeria/galeria/jquery.fancybox.js?v=2.1.5 HTTP/1.1" 200 48706
190.60.94.206 - - [19/Dec/2015:07:05:12 -0500] "GET /BLA/boletinlegal/js/jquery.scrollShow.js HTTP/1.1" 200 4586
190.60.94.206 - - [19/Dec/2015:07:05:12 -0500] "GET /galeria/carrusel/Carrusel/jquery.thumbnailScroller.css HTTP/1.1" 200 2066
190.60.94.206 - - [19/Dec/2015:07:05:12 -0500] "GET /galeria/carrusel/Carrusel/jquery.thumbnailScroller.js HTTP/1.1" 200 8157
190.60.94.206 - - [19/Dec/2015:07:05:17 -0500] "GET /galeria/nivo-slider/demo/demo.html HTTP/1.1" 200 4456
190.60.94.206 - - [19/Dec/2015:07:05:18 -0500] "GET /galeria/nivo-slider/themes/default/default.css HTTP/1.1" 200 1569
190.60.94.206 - - [19/Dec/2015:07:05:18 -0500] "GET /galeria/nivo-slider/themes/pascal/pascal.css HTTP/1.1" 200 2258
190.60.94.206 - - [19/Dec/2015:07:05:18 -0500] "GET /galeria/nivo-slider/nivo-slider.css HTTP/1.1" 200 1507
190.60.94.206 - - [19/Dec/2015:07:05:18 -0500] "GET /galeria/nivo-slider/demo/style.css HTTP/1.1" 200 2222
190.60.94.206 - - [19/Dec/2015:07:05:18 -0500] "GET /galeria/nivo-slider/themes/orman/orman.css HTTP/1.1" 200 2152
190.60.94.206 - - [19/Dec/2015:07:05:18 -0500] "GET /galeria/nivo-slider/demo/images/ambientales.jpg HTTP/1.1" 200 397233
190.60.94.206 - - [19/Dec/2015:07:05:18 -0500] "GET /galeria/nivo-slider/jquery.nivo.slider.pack.js HTTP/1.1" 200 11561
190.60.94.206 - - [19/Dec/2015:07:05:18 -0500] "GET /galeria/nivo-slider/demo/scripts/jquery-1.7.1.min.js HTTP/1.1" 200 93868
190.60.94.206 - - [19/Dec/2015:07:05:18 -0500] "GET /galeria/nivo-slider/demo/images/Programacion-navidena.jpg HTTP/1.1" 200 316038
190.60.94.206 - - [19/Dec/2015:07:05:19 -0500] "GET /galeria/nivo-slider/demo/images/4Simple_Slider.png HTTP/1.1" 200 11722
190.60.94.206 - - [19/Dec/2015:07:05:19 -0500] "GET /galeria/nivo-slider/themes/default/loading.gif HTTP/1.1" 200 1737
190.60.94.206 - - [19/Dec/2015:07:05:19 -0500] "GET /galeria/nivo-slider/demo/images/2Banner-encuestaSDA.jpg HTTP/1.1" 200 208228
190.60.94.206 - - [19/Dec/2015:07:05:19 -0500] "GET /galeria/nivo-slider/demo/images/ABC-Plan-de-contigencia.jpg HTTP/1.1" 200 401853
190.60.94.206 - - [19/Dec/2015:07:05:19 -0500] "GET /galeria/nivo-slider/demo/images/banner-llantas2015.jpg HTTP/1.1" 200 185615
190.60.94.206 - - [19/Dec/2015:07:05:20 -0500] "GET /galeria/nivo-slider/demo/images/caminata-ecologica.jpg HTTP/1.1" 200 161069
190.60.94.206 - - [19/Dec/2015:07:05:20 -0500] "GET /galeria/nivo-slider/demo/images/Banner-ahorro-de-agua.jpg HTTP/1.1" 200 149141
190.60.94.206 - - [19/Dec/2015:07:05:20 -0500] "GET /galeria/nivo-slider/demo/images/Cmapana-onestidad.jpg HTTP/1.1" 200 141638
190.60.94.206 - - [19/Dec/2015:07:05:20 -0500] "GET /galeria/nivo-slider/demo/images/PREDAcamp.jpg HTTP/1.1" 200 295358
190.60.94.206 - - [19/Dec/2015:07:05:20 -0500] "GET /galeria/nivo-slider/demo/images/banner-llantas2.jpg HTTP/1.1" 200 204644
190.60.94.206 - - [19/Dec/2015:07:05:20 -0500] "GET /galeria/nivo-slider/demo/images/9Signos.jpg HTTP/1.1" 200 81776
190.60.94.206 - - [19/Dec/2015:07:05:21 -0500] "GET /galeria/nivo-slider/demo/images/Ruta-vertimientos-01.jpg HTTP/1.1" 200 130151
190.60.94.206 - - [19/Dec/2015:07:05:21 -0500] "GET /galeria/nivo-slider/demo/images/bolsas-06.jpg HTTP/1.1" 200 90982
190.60.94.206 - - [19/Dec/2015:07:05:21 -0500] "GET /galeria/nivo-slider/demo/images/Conoce-los-humedales.jpg HTTP/1.1" 200 294036
190.60.94.206 - - [19/Dec/2015:07:05:21 -0500] "GET /galeria/nivo-slider/demo/images/ecolecta-Dic2014.png HTTP/1.1" 200 288593
190.60.94.206 - - [19/Dec/2015:07:05:22 -0500] "GET /galeria/nivo-slider/themes/default/arrows.png HTTP/1.1" 200 824
190.60.94.206 - - [19/Dec/2015:07:05:22 -0500] "GET /galeria/nivo-slider/themes/default/bullets.png HTTP/1.1" 200 1281
190.158.45.70 - - [19/Dec/2015:07:05:49 -0500] "GET /galeria/nivo-slider/demo/demo.html HTTP/1.1" 304 -
190.158.45.70 - - [19/Dec/2015:07:05:52 -0500] "GET /galeria/nivo-slider/demo/images/ambientales.jpg HTTP/1.1" 304 -
190.158.45.70 - - [19/Dec/2015:07:05:53 -0500] "GET /galeria/nivo-slider/demo/images/PREDAcamp.jpg HTTP/1.1" 206 1
190.158.45.70 - - [19/Dec/2015:07:05:53 -0500] "GET /galeria/nivo-slider/demo/images/banner-llantas2.jpg HTTP/1.1" 206 1
190.158.45.70 - - [19/Dec/2015:07:05:53 -0500] "GET /galeria/nivo-slider/demo/images/Ruta-vertimientos-01.jpg HTTP/1.1" 206 1
190.158.45.70 - - [19/Dec/2015:07:05:53 -0500] "GET /galeria/nivo-slider/demo/images/Conoce-los-humedales.jpg HTTP/1.1" 206 1
190.158.45.70 - - [19/Dec/2015:07:05:53 -0500] "GET /galeria/nivo-slider/demo/images/ecolecta-Dic2014.png HTTP/1.1" 200 288593
190.158.45.70 - - [19/Dec/2015:07:05:53 -0500] "GET /galeria/nivo-slider/demo/images/banner-llantas2.jpg HTTP/1.1" 206 12191
190.158.45.70 - - [19/Dec/2015:07:05:53 -0500] "GET /galeria/nivo-slider/demo/images/PREDAcamp.jpg HTTP/1.1" 206 98525
190.158.45.70 - - [19/Dec/2015:07:05:53 -0500] "GET /galeria/nivo-slider/demo/images/Ruta-vertimientos-01.jpg HTTP/1.1" 206 66178
190.158.45.70 - - [19/Dec/2015:07:05:53 -0500] "GET /galeria/nivo-slider/demo/images/Conoce-los-humedales.jpg HTTP/1.1" 206 234443
66.249.64.106 - - [19/Dec/2015:07:06:18 -0500] "GET /BLA/resoluciones/RESOLUCIONES%202009/5599.pdf HTTP/1.1" 200 671725
190.25.157.12 - - [19/Dec/2015:07:07:03 -0500] "POST /forms/lservlet;jsessionid=ac16012b30d7fcfb694b74754b67ba13d8349b7969d1.e3iSbxaKaheRe38KbN0Rb34Mc3j0n6jAmljGr5XDqQLvpAe HTTP/1.1" 200 2
69.162.124.233 - - [19/Dec/2015:07:08:00 -0500] "HEAD / HTTP/1.1" 200 -
66.249.64.106 - - [19/Dec/2015:07:08:37 -0500] "GET /BLA/resoluciones/AUTOS%202007/1056.pdf HTTP/1.1" 200 127096
190.25.157.12 - - [19/Dec/2015:07:09:03 -0500] "POST /forms/lservlet;jsessionid=ac16012b30d7fcfb694b74754b67ba13d8349b7969d1.e3iSbxaKaheRe38KbN0Rb34Mc3j0n6jAmljGr5XDqQLvpAe HTTP/1.1" 200 2
66.249.64.106 - - [19/Dec/2015:07:10:20 -0500] "GET /BLA/resoluciones/RESOLUCIONES%202011/0122.pdf HTTP/1.1" 200 271319
77.75.76.167 - - [19/Dec/2015:07:10:45 -0500] "GET /robots.txt HTTP/1.1" 301 334
77.75.76.167 - - [19/Dec/2015:07:10:47 -0500] "GET / HTTP/1.1" 301 324
190.25.157.12 - - [19/Dec/2015:07:11:03 -0500] "POST /forms/lservlet;jsessionid=ac16012b30d7fcfb694b74754b67ba13d8349b7969d1.e3iSbxaKaheRe38KbN0Rb34Mc3j0n6jAmljGr5XDqQLvpAe HTTP/1.1" 200 2
66.249.64.96 - - [19/Dec/2015:07:11:30 -0500] "GET /BLA/resoluciones/RESOLUCIONES%202010/5188.pdf HTTP/1.1" 200 747625
69.162.124.233 - - [19/Dec/2015:07:13:00 -0500] "HEAD / HTTP/1.1" 200 -
190.25.157.12 - - [19/Dec/2015:07:13:03 -0500] "POST /forms/lservlet;jsessionid=ac16012b30d7fcfb694b74754b67ba13d8349b7969d1.e3iSbxaKaheRe38KbN0Rb34Mc3j0n6jAmljGr5XDqQLvpAe HTTP/1.1" 200 2
66.249.64.106 - - [19/Dec/2015:07:13:47 -0500] "GET /BLA/resoluciones/AUTOS%202007/0643.pdf HTTP/1.1" 200 139275
66.249.64.96 - - [19/Dec/2015:07:14:08 -0500] "GET /BLA/resoluciones/Autos%202008/1310.pdf HTTP/1.1" 200 225852
66.249.64.106 - - [19/Dec/2015:07:14:23 -0500] "GET /BLA/resoluciones/AUTOS%202011/5512.pdf HTTP/1.1" 200 378510
190.25.157.12 - - [19/Dec/2015:07:15:03 -0500] "POST /forms/lservlet;jsessionid=ac16012b30d7fcfb694b74754b67ba13d8349b7969d1.e3iSbxaKaheRe38KbN0Rb34Mc3j0n6jAmljGr5XDqQLvpAe HTTP/1.1" 200 2
186.155.16.197 - - [19/Dec/2015:07:16:16 -0500] "GET /galeria/galeria/jquery.fancybox.css?v=2.1.5 HTTP/1.1" 200 4895
186.155.16.197 - - [19/Dec/2015:07:16:16 -0500] "GET /BLA/boletinlegal/js/jquery.scrollShow.js HTTP/1.1" 200 4586
186.155.16.197 - - [19/Dec/2015:07:16:16 -0500] "GET /galeria/galeria/jquery.fancybox.js?v=2.1.5 HTTP/1.1" 200 48706
181.251.136.222 - - [19/Dec/2015:07:16:25 -0500] "GET /BLA/boletinlegal/js/jquery.scrollShow.js HTTP/1.1" 200 4586
186.155.16.197 - - [19/Dec/2015:07:16:25 -0500] "GET /BLA/boletinlegal/js/jquery.scrollShow.js HTTP/1.1" 304 -
186.155.16.197 - - [19/Dec/2015:07:16:25 -0500] "GET /galeria/galeria/jquery.fancybox.css?v=2.1.5 HTTP/1.1" 304 -
186.155.16.197 - - [19/Dec/2015:07:16:25 -0500] "GET /galeria/galeria/jquery.fancybox.js?v=2.1.5 HTTP/1.1" 304 -
181.251.136.222 - - [19/Dec/2015:07:16:26 -0500] "GET /galeria/galeria/jquery.fancybox.js?v=2.1.5 HTTP/1.1" 200 48706
181.251.136.222 - - [19/Dec/2015:07:16:26 -0500] "GET /galeria/galeria/jquery.fancybox.css?v=2.1.5 HTTP/1.1" 200 4895
181.251.136.222 - - [19/Dec/2015:07:16:35 -0500] "GET /BLA/boletinlegal/js/jquery.scrollShow.js HTTP/1.1" 304 -
181.251.136.222 - - [19/Dec/2015:07:16:35 -0500] "GET /galeria/galeria/jquery.fancybox.js?v=2.1.5 HTTP/1.1" 304 -
181.251.136.222 - - [19/Dec/2015:07:16:35 -0500] "GET /galeria/galeria/jquery.fancybox.css?v=2.1.5 HTTP/1.1" 304 -
66.249.64.106 - - [19/Dec/2015:07:16:58 -0500] "GET /BLA/resoluciones/RESOLUCIONES%202007/RES%202007%203101%20AL%203200/RESOLUCION%203181%20DE%202007.pdf HTTP/1.1" 200 1054732
207.46.13.188 - - [19/Dec/2015:07:17:01 -0500] "GET /robots.txt HTTP/1.1" 404 1019
190.25.157.12 - - [19/Dec/2015:07:17:03 -0500] "POST /forms/lservlet;jsessionid=ac16012b30d7fcfb694b74754b67ba13d8349b7969d1.e3iSbxaKaheRe38KbN0Rb34Mc3j0n6jAmljGr5XDqQLvpAe HTTP/1.1" 200 2
207.46.13.188 - - [19/Dec/2015:07:17:07 -0500] "GET /SIG/Gesti%C3%B3n%20Jur%C3%ADdica/126PA05-PR12.pdf HTTP/1.1" 200 77765
180.76.15.9 - - [19/Dec/2015:07:17:26 -0500] "GET / HTTP/1.1" 200 10190
180.76.15.138 - - [19/Dec/2015:07:17:43 -0500] "GET / HTTP/1.1" 200 10190
186.155.16.197 - - [19/Dec/2015:07:17:59 -0500] "GET /galeria/galeria/jquery.fancybox.css?v=2.1.5 HTTP/1.1" 304 -
186.155.16.197 - - [19/Dec/2015:07:17:59 -0500] "GET /BLA/boletinlegal/js/jquery.scrollShow.js HTTP/1.1" 304 -
186.155.16.197 - - [19/Dec/2015:07:17:59 -0500] "GET /galeria/galeria/jquery.fancybox.js?v=2.1.5 HTTP/1.1" 304 -
69.162.124.233 - - [19/Dec/2015:07:18:00 -0500] "HEAD / HTTP/1.1" 200 -
66.249.64.106 - - [19/Dec/2015:07:18:26 -0500] "GET /BLA/resoluciones/AUTOS%202013/1852.pdf HTTP/1.1" 200 313098
190.25.157.12 - - [19/Dec/2015:07:19:03 -0500] "POST /forms/lservlet;jsessionid=ac16012b30d7fcfb694b74754b67ba13d8349b7969d1.e3iSbxaKaheRe38KbN0Rb34Mc3j0n6jAmljGr5XDqQLvpAe HTTP/1.1" 200 2
66.249.64.106 - - [19/Dec/2015:07:19:35 -0500] "GET /BLA/resoluciones/AUTOS%202011/0665.pdf HTTP/1.1" 200 158951
190.25.157.12 - - [19/Dec/2015:07:21:03 -0500] "POST /forms/lservlet;jsessionid=ac16012b30d7fcfb694b74754b67ba13d8349b7969d1.e3iSbxaKaheRe38KbN0Rb34Mc3j0n6jAmljGr5XDqQLvpAe HTTP/1.1" 200 2
181.251.136.222 - - [19/Dec/2015:07:21:23 -0500] "GET /BLA/boletinlegal/js/jquery.scrollShow.js HTTP/1.1" 304 -
181.251.136.222 - - [19/Dec/2015:07:21:23 -0500] "GET /galeria/galeria/jquery.fancybox.js?v=2.1.5 HTTP/1.1" 304 -
181.251.136.222 - - [19/Dec/2015:07:21:24 -0500] "GET /galeria/galeria/jquery.fancybox.css?v=2.1.5 HTTP/1.1" 304 -
66.249.64.106 - - [19/Dec/2015:07:21:32 -0500] "GET /BLA/resoluciones/Autos%202008/0901.pdf HTTP/1.1" 200 229194
181.251.136.222 - - [19/Dec/2015:07:22:00 -0500] "GET /galeria/nivo-slider/demo/demo.html HTTP/1.1" 200 4456
181.251.136.222 - - [19/Dec/2015:07:22:00 -0500] "GET /galeria/carrusel/Carrusel/jquery.thumbnailScroller.css HTTP/1.1" 200 2066
181.251.136.222 - - [19/Dec/2015:07:22:00 -0500] "GET /galeria/carrusel/Carrusel/jquery-ui-1.8.13.custom.min.js HTTP/1.1" 200 10800
181.251.136.222 - - [19/Dec/2015:07:22:00 -0500] "GET /galeria/carrusel/Carrusel/jquery.thumbnailScroller.js HTTP/1.1" 200 8157
181.251.136.222 - - [19/Dec/2015:07:22:00 -0500] "GET /galeria/nivo-slider/themes/default/default.css HTTP/1.1" 200 1569
181.251.136.222 - - [19/Dec/2015:07:22:00 -0500] "GET /galeria/nivo-slider/themes/pascal/pascal.css HTTP/1.1" 200 2258
181.251.136.222 - - [19/Dec/2015:07:22:00 -0500] "GET /galeria/nivo-slider/themes/orman/orman.css HTTP/1.1" 200 2152
181.251.136.222 - - [19/Dec/2015:07:22:01 -0500] "GET /galeria/nivo-slider/nivo-slider.css HTTP/1.1" 200 1507
181.251.136.222 - - [19/Dec/2015:07:22:01 -0500] "GET /galeria/nivo-slider/demo/style.css HTTP/1.1" 200 2222
181.251.136.222 - - [19/Dec/2015:07:22:01 -0500] "GET /galeria/nivo-slider/demo/scripts/jquery-1.7.1.min.js HTTP/1.1" 200 93868
181.251.136.222 - - [19/Dec/2015:07:22:01 -0500] "GET /galeria/nivo-slider/jquery.nivo.slider.pack.js HTTP/1.1" 200 11561
181.251.136.222 - - [19/Dec/2015:07:22:01 -0500] "GET /galeria/nivo-slider/demo/images/Programacion-navidena.jpg HTTP/1.1" 200 316038
181.251.136.222 - - [19/Dec/2015:07:22:01 -0500] "GET /galeria/nivo-slider/demo/images/ambientales.jpg HTTP/1.1" 200 397233
181.251.136.222 - - [19/Dec/2015:07:22:01 -0500] "GET /galeria/nivo-slider/demo/images/2Banner-encuestaSDA.jpg HTTP/1.1" 200 208228
181.251.136.222 - - [19/Dec/2015:07:22:01 -0500] "GET /galeria/nivo-slider/demo/images/ABC-Plan-de-contigencia.jpg HTTP/1.1" 200 401853
181.251.136.222 - - [19/Dec/2015:07:22:01 -0500] "GET /galeria/nivo-slider/demo/images/banner-llantas2015.jpg HTTP/1.1" 200 185615
181.251.136.222 - - [19/Dec/2015:07:22:02 -0500] "GET /galeria/nivo-slider/demo/images/caminata-ecologica.jpg HTTP/1.1" 200 161069
181.251.136.222 - - [19/Dec/2015:07:22:02 -0500] "GET /galeria/nivo-slider/demo/images/Banner-ahorro-de-agua.jpg HTTP/1.1" 200 149141
181.251.136.222 - - [19/Dec/2015:07:22:02 -0500] "GET /galeria/nivo-slider/demo/images/Cmapana-onestidad.jpg HTTP/1.1" 200 141638
181.251.136.222 - - [19/Dec/2015:07:22:02 -0500] "GET /galeria/nivo-slider/demo/images/PREDAcamp.jpg HTTP/1.1" 200 295358
181.251.136.222 - - [19/Dec/2015:07:22:02 -0500] "GET /galeria/nivo-slider/demo/images/banner-llantas2.jpg HTTP/1.1" 200 204644
181.251.136.222 - - [19/Dec/2015:07:22:02 -0500] "GET /galeria/nivo-slider/demo/images/9Signos.jpg HTTP/1.1" 200 81776
181.251.136.222 - - [19/Dec/2015:07:22:03 -0500] "GET /galeria/nivo-slider/demo/images/Ruta-vertimientos-01.jpg HTTP/1.1" 200 130151
181.251.136.222 - - [19/Dec/2015:07:22:03 -0500] "GET /galeria/nivo-slider/demo/images/bolsas-06.jpg HTTP/1.1" 200 90982
181.251.136.222 - - [19/Dec/2015:07:22:03 -0500] "GET /galeria/nivo-slider/demo/images/Conoce-los-humedales.jpg HTTP/1.1" 200 294036
181.251.136.222 - - [19/Dec/2015:07:22:03 -0500] "GET /galeria/nivo-slider/demo/images/ecolecta-Dic2014.png HTTP/1.1" 200 288593
181.251.136.222 - - [19/Dec/2015:07:22:08 -0500] "GET /galeria/nivo-slider/demo/images/4Simple_Slider.png HTTP/1.1" 200 11722
181.251.136.222 - - [19/Dec/2015:07:22:08 -0500] "GET /galeria/nivo-slider/themes/default/loading.gif HTTP/1.1" 200 1737
181.251.136.222 - - [19/Dec/2015:07:22:10 -0500] "GET /galeria/nivo-slider/themes/default/arrows.png HTTP/1.1" 200 824
181.251.136.222 - - [19/Dec/2015:07:22:10 -0500] "GET /galeria/nivo-slider/themes/default/bullets.png HTTP/1.1" 200 1281
66.249.64.106 - - [19/Dec/2015:07:22:28 -0500] "GET /BLA/resoluciones/AUTOS%202013/0843.pdf HTTP/1.1" 200 228738
66.249.64.106 - - [19/Dec/2015:07:22:43 -0500] "GET /BLA/resoluciones/Autos%202008/3293.pdf HTTP/1.1" 200 58734
69.162.124.233 - - [19/Dec/2015:07:23:00 -0500] "HEAD / HTTP/1.1" 200 -
190.25.157.12 - - [19/Dec/2015:07:23:03 -0500] "POST /forms/lservlet;jsessionid=ac16012b30d7fcfb694b74754b67ba13d8349b7969d1.e3iSbxaKaheRe38KbN0Rb34Mc3j0n6jAmljGr5XDqQLvpAe HTTP/1.1" 200 2
181.54.72.8 - - [19/Dec/2015:07:24:57 -0500] "GET /galeria/nivo-slider/demo/demo.html HTTP/1.1" 304 -
181.54.72.8 - - [19/Dec/2015:07:24:58 -0500] "GET /galeria/nivo-slider/demo/images/ambientales.jpg HTTP/1.1" 304 -
181.54.72.8 - - [19/Dec/2015:07:24:58 -0500] "GET /galeria/nivo-slider/demo/images/Programacion-navidena.jpg HTTP/1.1" 304 -
181.54.72.8 - - [19/Dec/2015:07:24:58 -0500] "GET /galeria/nivo-slider/demo/images/banner-llantas2015.jpg HTTP/1.1" 304 -
181.54.72.8 - - [19/Dec/2015:07:24:58 -0500] "GET /galeria/nivo-slider/demo/images/ABC-Plan-de-contigencia.jpg HTTP/1.1" 304 -
190.25.157.12 - - [19/Dec/2015:07:25:03 -0500] "POST /forms/lservlet;jsessionid=ac16012b30d7fcfb694b74754b67ba13d8349b7969d1.e3iSbxaKaheRe38KbN0Rb34Mc3j0n6jAmljGr5XDqQLvpAe HTTP/1.1" 200 2
181.135.143.214 - - [19/Dec/2015:07:25:08 -0500] "GET /galeria/carrusel/Carrusel/jquery-ui-1.8.13.custom.min.js HTTP/1.1" 200 10800
181.135.143.214 - - [19/Dec/2015:07:25:08 -0500] "GET /galeria/carrusel/Carrusel/jquery.thumbnailScroller.css HTTP/1.1" 200 2066
181.135.143.214 - - [19/Dec/2015:07:25:08 -0500] "GET /galeria/carrusel/Carrusel/jquery.thumbnailScroller.js HTTP/1.1" 200 8157
181.135.143.214 - - [19/Dec/2015:07:25:08 -0500] "GET /galeria/nivo-slider/demo/demo.html HTTP/1.1" 200 4456
181.135.143.214 - - [19/Dec/2015:07:25:08 -0500] "GET /galeria/nivo-slider/themes/default/default.css HTTP/1.1" 200 1569
181.135.143.214 - - [19/Dec/2015:07:25:08 -0500] "GET /galeria/nivo-slider/themes/pascal/pascal.css HTTP/1.1" 200 2258
181.135.143.214 - - [19/Dec/2015:07:25:08 -0500] "GET /galeria/nivo-slider/themes/orman/orman.css HTTP/1.1" 200 2152
181.135.143.214 - - [19/Dec/2015:07:25:08 -0500] "GET /galeria/nivo-slider/demo/style.css HTTP/1.1" 200 2222
181.135.143.214 - - [19/Dec/2015:07:25:08 -0500] "GET /galeria/nivo-slider/nivo-slider.css HTTP/1.1" 200 1507
181.135.143.214 - - [19/Dec/2015:07:25:08 -0500] "GET /galeria/nivo-slider/demo/scripts/jquery-1.7.1.min.js HTTP/1.1" 200 93868
181.135.143.214 - - [19/Dec/2015:07:25:08 -0500] "GET /galeria/nivo-slider/jquery.nivo.slider.pack.js HTTP/1.1" 200 11561
181.135.143.214 - - [19/Dec/2015:07:25:08 -0500] "GET /galeria/nivo-slider/demo/images/ambientales.jpg HTTP/1.1" 200 397233
