200.118.11.205 - - [19/Dec/2015:13:39:40 -0500] "POST /forms/lservlet;jsessionid=ac16012b30d7ebe3406eab514234a55a8dfc25228a44.e3iSbxaKaheRe38KbN0Rb34Mc3j0n6jAmljGr5XDqQLvpAe HTTP/1.1" 200 13
200.118.11.205 - - [19/Dec/2015:13:39:41 -0500] "POST /forms/lservlet;jsessionid=ac16012b30d7ebe3406eab514234a55a8dfc25228a44.e3iSbxaKaheRe38KbN0Rb34Mc3j0n6jAmljGr5XDqQLvpAe HTTP/1.1" 200 13
200.118.11.205 - - [19/Dec/2015:13:39:42 -0500] "POST /forms/lservlet;jsessionid=ac16012b30d7ebe3406eab514234a55a8dfc25228a44.e3iSbxaKaheRe38KbN0Rb34Mc3j0n6jAmljGr5XDqQLvpAe HTTP/1.1" 200 13
200.118.11.205 - - [19/Dec/2015:13:39:44 -0500] "POST /forms/lservlet;jsessionid=ac16012b30d7ebe3406eab514234a55a8dfc25228a44.e3iSbxaKaheRe38KbN0Rb34Mc3j0n6jAmljGr5XDqQLvpAe HTTP/1.1" 200 13
200.118.11.205 - - [19/Dec/2015:13:39:45 -0500] "POST /forms/lservlet;jsessionid=ac16012b30d7ebe3406eab514234a55a8dfc25228a44.e3iSbxaKaheRe38KbN0Rb34Mc3j0n6jAmljGr5XDqQLvpAe HTTP/1.1" 200 13
200.118.11.205 - - [19/Dec/2015:13:39:46 -0500] "POST /forms/lservlet;jsessionid=ac16012b30d7ebe3406eab514234a55a8dfc25228a44.e3iSbxaKaheRe38KbN0Rb34Mc3j0n6jAmljGr5XDqQLvpAe HTTP/1.1" 200 13
181.61.8.248 - - [19/Dec/2015:13:39:56 -0500] "POST /forms/lservlet;jsessionid=ac16012b30d7de18c878eaac480581caac0f5612543e.e3iSbxaKaheRe38KbN0Rb34Mc3j0n6jAmljGr5XDqQLvpAe HTTP/1.1" 200 2
66.249.64.96 - - [19/Dec/2015:13:40:12 -0500] "GET /BLA/resoluciones/RESOLUCIONES%202008/3797.pdf HTTP/1.1" 200 591050
65.55.210.119 - - [19/Dec/2015:13:40:13 -0500] "GET /galeria/galeria/jquery.fancybox.css?v=2.1.5 HTTP/1.1" 200 4895
201.245.192.253 - - [19/Dec/2015:13:40:57 -0500] "GET /videos/ArchivoSDA.flv HTTP/1.1" 200 31205279
190.25.157.12 - - [19/Dec/2015:13:41:15 -0500] "POST /forms/lservlet;jsessionid=ac16012b30d7fcfb694b74754b67ba13d8349b7969d1.e3iSbxaKaheRe38KbN0Rb34Mc3j0n6jAmljGr5XDqQLvpAe HTTP/1.1" 200 2
186.113.10.143 - - [19/Dec/2015:13:41:43 -0500] "GET /galeria/nivo-slider/demo/images/Banner-rendicion-de-cuenta-vivo.jpg HTTP/1.1" 304 -
181.61.8.248 - - [19/Dec/2015:13:41:56 -0500] "POST /forms/lservlet;jsessionid=ac16012b30d7de18c878eaac480581caac0f5612543e.e3iSbxaKaheRe38KbN0Rb34Mc3j0n6jAmljGr5XDqQLvpAe HTTP/1.1" 200 2
190.24.208.169 - - [19/Dec/2015:13:42:40 -0500] "GET /galeria/galeria/jquery.fancybox.css?v=2.1.5 HTTP/1.1" 304 -
190.24.208.169 - - [19/Dec/2015:13:42:40 -0500] "GET /BLA/boletinlegal/js/jquery.scrollShow.js HTTP/1.1" 304 -
190.24.208.169 - - [19/Dec/2015:13:42:41 -0500] "GET /galeria/galeria/jquery.fancybox.js?v=2.1.5 HTTP/1.1" 304 -
66.249.64.101 - - [19/Dec/2015:13:42:41 -0500] "GET /BLA/resoluciones/RESOLUCIONES%202009/3233.pdf HTTP/1.1" 200 380007
69.162.124.233 - - [19/Dec/2015:13:42:59 -0500] "HEAD / HTTP/1.1" 200 -
181.52.124.120 - - [19/Dec/2015:13:43:14 -0500] "GET /galeria/galeria/jquery.fancybox.css?v=2.1.5 HTTP/1.1" 206 1
181.52.124.120 - - [19/Dec/2015:13:43:14 -0500] "GET /BLA/boletinlegal/js/jquery.scrollShow.js HTTP/1.1" 304 -
181.52.124.120 - - [19/Dec/2015:13:43:14 -0500] "GET /galeria/galeria/jquery.fancybox.js?v=2.1.5 HTTP/1.1" 304 -
181.52.124.120 - - [19/Dec/2015:13:43:14 -0500] "GET /galeria/galeria/jquery.fancybox.css?v=2.1.5 HTTP/1.1" 206 777
190.25.157.12 - - [19/Dec/2015:13:43:15 -0500] "POST /forms/lservlet;jsessionid=ac16012b30d7fcfb694b74754b67ba13d8349b7969d1.e3iSbxaKaheRe38KbN0Rb34Mc3j0n6jAmljGr5XDqQLvpAe HTTP/1.1" 200 2
200.74.149.170 - - [19/Dec/2015:13:43:26 -0500] "GET /transparencia/directorioservidores/julio2015.xlsx HTTP/1.1" 200 34261
66.249.64.96 - - [19/Dec/2015:13:43:30 -0500] "GET /BLA/resoluciones/RESOLUCIONES%202009/8359.pdf HTTP/1.1" 200 497993
190.158.5.92 - - [19/Dec/2015:13:43:43 -0500] "GET /BLA/resoluciones/AUTOS%202013/1279.pdf HTTP/1.1" 200 400697
190.158.5.92 - - [19/Dec/2015:13:43:44 -0500] "GET /favicon.ico HTTP/1.1" 200 7782
152.61.193.99 - - [19/Dec/2015:13:43:56 -0500] "HEAD / HTTP/1.1" 200 -
181.61.8.248 - - [19/Dec/2015:13:43:56 -0500] "POST /forms/lservlet;jsessionid=ac16012b30d7de18c878eaac480581caac0f5612543e.e3iSbxaKaheRe38KbN0Rb34Mc3j0n6jAmljGr5XDqQLvpAe HTTP/1.1" 200 2
152.61.193.99 - - [19/Dec/2015:13:43:56 -0500] "GET /arcgis/services/Calidad_del_Agua_WQI/MapServer/WMSServer?SERVICE=WMS&REQUEST=GetCapabilities HTTP/1.1" 503 1020
152.61.193.99 - - [19/Dec/2015:13:44:17 -0500] "GET /arcgis/services/Calidad_del_Agua_WQI/MapServer/WMSServer?SERVICE=WMS&REQUEST=GetCapabilities HTTP/1.1" 503 1020
152.61.193.99 - - [19/Dec/2015:13:44:17 -0500] "GET /arcgis/services/Calidad_del_Agua_WQI/MapServer/WMSServer?SERVICE=WMS&REQUEST=GetCapabilities HTTP/1.1" 503 1020
152.61.193.99 - - [19/Dec/2015:13:44:17 -0500] "GET /arcgis/services/Calidad_del_Agua_WQI/MapServer/WMSServer?WMTVER=1.0.0&REQUEST=capabilities HTTP/1.1" 503 1020
152.61.193.99 - - [19/Dec/2015:13:44:18 -0500] "GET /arcgis/services/Calidad_del_Agua_WQI/MapServer/WMSServer?SERVICE=WMS&REQUEST=GetCapabilities HTTP/1.1" 503 1020
190.25.157.12 - - [19/Dec/2015:13:45:15 -0500] "POST /forms/lservlet;jsessionid=ac16012b30d7fcfb694b74754b67ba13d8349b7969d1.e3iSbxaKaheRe38KbN0Rb34Mc3j0n6jAmljGr5XDqQLvpAe HTTP/1.1" 200 2
157.55.39.96 - - [19/Dec/2015:13:45:38 -0500] "GET /robots.txt HTTP/1.1" 404 1018
181.61.8.248 - - [19/Dec/2015:13:45:56 -0500] "POST /forms/lservlet;jsessionid=ac16012b30d7de18c878eaac480581caac0f5612543e.e3iSbxaKaheRe38KbN0Rb34Mc3j0n6jAmljGr5XDqQLvpAe HTTP/1.1" 200 2
190.85.214.61 - - [19/Dec/2015:13:46:30 -0500] "GET /autoliquidacion/ HTTP/1.1" 200 6375
66.249.64.106 - - [19/Dec/2015:13:46:44 -0500] "GET /BLA/resoluciones/AUTOS%202013/2890.pdf HTTP/1.1" 200 810701
66.249.64.101 - - [19/Dec/2015:13:46:46 -0500] "GET /BLA/resoluciones/RESOLUCIONES%202013/0399.pdf HTTP/1.1" 200 778375
186.31.52.122 - - [19/Dec/2015:13:47:14 -0500] "GET /BLA/boletinlegal/js/jquery.scrollShow.js HTTP/1.1" 200 4586
186.31.52.122 - - [19/Dec/2015:13:47:14 -0500] "GET /galeria/galeria/jquery.fancybox.css?v=2.1.5 HTTP/1.1" 200 4895
186.31.52.122 - - [19/Dec/2015:13:47:14 -0500] "GET /galeria/galeria/jquery.fancybox.js?v=2.1.5 HTTP/1.1" 200 48706
190.25.157.12 - - [19/Dec/2015:13:47:15 -0500] "POST /forms/lservlet;jsessionid=ac16012b30d7fcfb694b74754b67ba13d8349b7969d1.e3iSbxaKaheRe38KbN0Rb34Mc3j0n6jAmljGr5XDqQLvpAe HTTP/1.1" 200 2
186.31.52.122 - - [19/Dec/2015:13:47:20 -0500] "GET /BLA/boletinlegal/js/jquery.scrollShow.js HTTP/1.1" 200 4586
186.31.52.122 - - [19/Dec/2015:13:47:20 -0500] "GET /galeria/galeria/jquery.fancybox.js?v=2.1.5 HTTP/1.1" 200 48706
186.31.52.122 - - [19/Dec/2015:13:47:20 -0500] "GET /galeria/galeria/jquery.fancybox.css?v=2.1.5 HTTP/1.1" 200 4895
190.85.214.61 - - [19/Dec/2015:13:47:35 -0500] "GET /autoliquidacion/index.php?dir=Solicitud+de+Clasificaci%F3n+de+Impacto+Ambiental%2F HTTP/1.1" 200 2872
190.85.214.61 - - [19/Dec/2015:13:47:35 -0500] "GET /favicon.ico HTTP/1.1" 200 7782
66.249.64.243 - - [19/Dec/2015:13:47:48 -0500] "GET /BLA/boletinlegal/Circulares/2011/Circular%20No.%204%20del%2014%20de%20Julio%20de%202011.pdf HTTP/1.1" 200 399895
181.61.8.248 - - [19/Dec/2015:13:47:56 -0500] "POST /forms/lservlet;jsessionid=ac16012b30d7de18c878eaac480581caac0f5612543e.e3iSbxaKaheRe38KbN0Rb34Mc3j0n6jAmljGr5XDqQLvpAe HTTP/1.1" 200 2
69.162.124.233 - - [19/Dec/2015:13:47:59 -0500] "HEAD / HTTP/1.1" 200 -
190.25.157.12 - - [19/Dec/2015:13:49:15 -0500] "POST /forms/lservlet;jsessionid=ac16012b30d7fcfb694b74754b67ba13d8349b7969d1.e3iSbxaKaheRe38KbN0Rb34Mc3j0n6jAmljGr5XDqQLvpAe HTTP/1.1" 200 2
181.61.8.248 - - [19/Dec/2015:13:49:56 -0500] "POST /forms/lservlet;jsessionid=ac16012b30d7de18c878eaac480581caac0f5612543e.e3iSbxaKaheRe38KbN0Rb34Mc3j0n6jAmljGr5XDqQLvpAe HTTP/1.1" 200 2
68.180.230.190 - - [19/Dec/2015:13:50:01 -0500] "GET /robots.txt HTTP/1.1" 404 1018
68.180.230.190 - - [19/Dec/2015:13:50:01 -0500] "GET /BLA/resoluciones/AUTOS%202004/0969.pdf HTTP/1.1" 200 47291
190.85.214.61 - - [19/Dec/2015:13:50:16 -0500] "GET /Residuos/textiles/textiles.html HTTP/1.1" 404 1324
66.249.64.106 - - [19/Dec/2015:13:50:46 -0500] "GET /BLA/resoluciones/AUTOS%202014/3528.pdf HTTP/1.1" 200 236025
152.200.122.30 - - [19/Dec/2015:13:50:57 -0500] "GET /BLA/resoluciones/RESOLUCIONES%202007/RES%202007%201726%20AL%201800/RESOLUCION%201729%20DE%202007.pdf HTTP/1.1" 200 419911
152.200.122.30 - - [19/Dec/2015:13:50:57 -0500] "GET /favicon.ico HTTP/1.1" 200 7782
152.200.122.30 - - [19/Dec/2015:13:51:02 -0500] "GET /BLA/resoluciones/RESOLUCIONES%202007/RES%202007%201726%20AL%201800/RESOLUCION%201729%20DE%202007.pdf HTTP/1.1" 206 32768
152.200.122.30 - - [19/Dec/2015:13:51:04 -0500] "GET /BLA/resoluciones/RESOLUCIONES%202007/RES%202007%201726%20AL%201800/RESOLUCION%201729%20DE%202007.pdf HTTP/1.1" 206 387143
190.25.157.12 - - [19/Dec/2015:13:51:15 -0500] "POST /forms/lservlet;jsessionid=ac16012b30d7fcfb694b74754b67ba13d8349b7969d1.e3iSbxaKaheRe38KbN0Rb34Mc3j0n6jAmljGr5XDqQLvpAe HTTP/1.1" 200 2
181.61.8.248 - - [19/Dec/2015:13:51:56 -0500] "POST /forms/lservlet;jsessionid=ac16012b30d7de18c878eaac480581caac0f5612543e.e3iSbxaKaheRe38KbN0Rb34Mc3j0n6jAmljGr5XDqQLvpAe HTTP/1.1" 200 2
69.162.124.233 - - [19/Dec/2015:13:52:59 -0500] "HEAD / HTTP/1.1" 200 -
45.45.122.128 - - [19/Dec/2015:13:53:00 -0500] "GET /webdav/x32.php?host=24.200.163.125&time=400&port=80 HTTP/1.1" 404 1018
201.244.210.81 - - [19/Dec/2015:13:53:03 -0500] "GET /galeria/galeria/jquery.fancybox.css?v=2.1.5 HTTP/1.1" 200 4895
201.244.210.81 - - [19/Dec/2015:13:53:03 -0500] "GET /BLA/boletinlegal/js/jquery.scrollShow.js HTTP/1.1" 200 4586
201.244.210.81 - - [19/Dec/2015:13:53:03 -0500] "GET /galeria/galeria/jquery.fancybox.js?v=2.1.5 HTTP/1.1" 200 48706
201.244.210.81 - - [19/Dec/2015:13:53:10 -0500] "GET /BLA/boletinlegal/js/jquery.scrollShow.js HTTP/1.1" 304 -
201.244.210.81 - - [19/Dec/2015:13:53:10 -0500] "GET /galeria/galeria/jquery.fancybox.js?v=2.1.5 HTTP/1.1" 304 -
201.244.210.81 - - [19/Dec/2015:13:53:10 -0500] "GET /galeria/galeria/jquery.fancybox.css?v=2.1.5 HTTP/1.1" 304 -
186.145.225.100 - - [19/Dec/2015:13:53:13 -0500] "GET /BLA/resoluciones/RESOLUCIONES%202010/5703.pdf HTTP/1.1" 200 79374
186.145.225.100 - - [19/Dec/2015:13:53:13 -0500] "GET /favicon.ico HTTP/1.1" 200 7782
190.25.157.12 - - [19/Dec/2015:13:53:15 -0500] "POST /forms/lservlet;jsessionid=ac16012b30d7fcfb694b74754b67ba13d8349b7969d1.e3iSbxaKaheRe38KbN0Rb34Mc3j0n6jAmljGr5XDqQLvpAe HTTP/1.1" 200 2
66.249.64.101 - - [19/Dec/2015:13:53:23 -0500] "GET /BLA/resoluciones/AUTOS%202014/1705.pdf HTTP/1.1" 200 1083247
186.145.225.100 - - [19/Dec/2015:13:53:40 -0500] "HEAD /BLA/resoluciones/RESOLUCIONES%202010/5703.pdf HTTP/1.1" 200 -
186.145.225.100 - - [19/Dec/2015:13:53:40 -0500] "GET /BLA/resoluciones/RESOLUCIONES%202010/5703.pdf HTTP/1.1" 200 79374
181.51.118.177 - - [19/Dec/2015:13:53:41 -0500] "GET /galeria/galeria/jquery.fancybox.js?v=2.1.5 HTTP/1.1" 200 48706
181.51.118.177 - - [19/Dec/2015:13:53:41 -0500] "GET /BLA/boletinlegal/js/jquery.scrollShow.js HTTP/1.1" 200 4586
181.51.118.177 - - [19/Dec/2015:13:53:41 -0500] "GET /galeria/galeria/jquery.fancybox.css?v=2.1.5 HTTP/1.1" 200 4895
181.51.118.177 - - [19/Dec/2015:13:53:46 -0500] "GET /BLA/boletinlegal/js/jquery.scrollShow.js HTTP/1.1" 304 -
181.51.118.177 - - [19/Dec/2015:13:53:46 -0500] "GET /galeria/galeria/jquery.fancybox.js?v=2.1.5 HTTP/1.1" 304 -
181.51.118.177 - - [19/Dec/2015:13:53:46 -0500] "GET /galeria/galeria/jquery.fancybox.css?v=2.1.5 HTTP/1.1" 304 -
181.61.8.248 - - [19/Dec/2015:13:53:56 -0500] "POST /forms/lservlet;jsessionid=ac16012b30d7de18c878eaac480581caac0f5612543e.e3iSbxaKaheRe38KbN0Rb34Mc3j0n6jAmljGr5XDqQLvpAe HTTP/1.1" 200 2
186.31.7.149 - - [19/Dec/2015:13:54:45 -0500] "GET /BLA/boletinlegal/js/jquery.scrollShow.js HTTP/1.1" 200 4586
186.31.7.149 - - [19/Dec/2015:13:54:45 -0500] "GET /galeria/galeria/jquery.fancybox.css?v=2.1.5 HTTP/1.1" 200 4895
186.31.7.149 - - [19/Dec/2015:13:54:45 -0500] "GET /galeria/galeria/jquery.fancybox.js?v=2.1.5 HTTP/1.1" 200 48706
66.249.64.106 - - [19/Dec/2015:13:55:00 -0500] "GET /BLA/resoluciones/RESOLUCIONES%202010/2040.pdf HTTP/1.1" 200 191509
186.31.7.149 - - [19/Dec/2015:13:55:09 -0500] "GET /BLA/boletinlegal/js/jquery.scrollShow.js HTTP/1.1" 200 4586
186.31.7.149 - - [19/Dec/2015:13:55:10 -0500] "GET /galeria/galeria/jquery.fancybox.js?v=2.1.5 HTTP/1.1" 200 48706
186.31.7.149 - - [19/Dec/2015:13:55:11 -0500] "GET /galeria/galeria/jquery.fancybox.css?v=2.1.5 HTTP/1.1" 200 4895
190.25.157.12 - - [19/Dec/2015:13:55:15 -0500] "POST /forms/lservlet;jsessionid=ac16012b30d7fcfb694b74754b67ba13d8349b7969d1.e3iSbxaKaheRe38KbN0Rb34Mc3j0n6jAmljGr5XDqQLvpAe HTTP/1.1" 200 2
66.249.64.106 - - [19/Dec/2015:13:55:15 -0500] "GET /Residuos/cosmeticos/cosmeticos.html HTTP/1.1" 304 -
190.24.178.104 - - [19/Dec/2015:13:55:48 -0500] "GET /galeria/galeria/jquery.fancybox.css?v=2.1.5 HTTP/1.1" 200 4895
190.24.178.104 - - [19/Dec/2015:13:55:48 -0500] "GET /BLA/boletinlegal/js/jquery.scrollShow.js HTTP/1.1" 200 4586
190.24.178.104 - - [19/Dec/2015:13:55:48 -0500] "GET /galeria/galeria/jquery.fancybox.js?v=2.1.5 HTTP/1.1" 200 48706
190.24.178.104 - - [19/Dec/2015:13:55:53 -0500] "GET /BLA/boletinlegal/js/jquery.scrollShow.js HTTP/1.1" 304 -
190.24.178.104 - - [19/Dec/2015:13:55:53 -0500] "GET /galeria/galeria/jquery.fancybox.css?v=2.1.5 HTTP/1.1" 304 -
190.24.178.104 - - [19/Dec/2015:13:55:53 -0500] "GET /galeria/galeria/jquery.fancybox.js?v=2.1.5 HTTP/1.1" 304 -
181.61.8.248 - - [19/Dec/2015:13:55:56 -0500] "POST /forms/lservlet;jsessionid=ac16012b30d7de18c878eaac480581caac0f5612543e.e3iSbxaKaheRe38KbN0Rb34Mc3j0n6jAmljGr5XDqQLvpAe HTTP/1.1" 200 2
66.249.64.106 - - [19/Dec/2015:13:56:39 -0500] "GET /BLA/resoluciones/RESOLUCIONES%202007/RES%202007%202601%20AL%202700/RESOLUCION%202647%20DE%202007.pdf HTTP/1.1" 200 920056
190.25.157.12 - - [19/Dec/2015:13:57:15 -0500] "POST /forms/lservlet;jsessionid=ac16012b30d7fcfb694b74754b67ba13d8349b7969d1.e3iSbxaKaheRe38KbN0Rb34Mc3j0n6jAmljGr5XDqQLvpAe HTTP/1.1" 200 2
181.61.8.248 - - [19/Dec/2015:13:57:58 -0500] "POST /forms/lservlet;jsessionid=ac16012b30d7de18c878eaac480581caac0f5612543e.e3iSbxaKaheRe38KbN0Rb34Mc3j0n6jAmljGr5XDqQLvpAe HTTP/1.1" 200 2
69.162.124.233 - - [19/Dec/2015:13:57:59 -0500] "HEAD / HTTP/1.1" 200 -
181.61.8.248 - - [19/Dec/2015:13:58:10 -0500] "POST /forms/lservlet;jsessionid=ac16012b30d7de18c878eaac480581caac0f5612543e.e3iSbxaKaheRe38KbN0Rb34Mc3j0n6jAmljGr5XDqQLvpAe HTTP/1.1" 200 30
181.61.8.248 - - [19/Dec/2015:13:58:20 -0500] "POST /forms/lservlet;jsessionid=ac16012b30d7de18c878eaac480581caac0f5612543e.e3iSbxaKaheRe38KbN0Rb34Mc3j0n6jAmljGr5XDqQLvpAe HTTP/1.1" 200 24
181.61.8.248 - - [19/Dec/2015:13:58:20 -0500] "POST /forms/lservlet;jsessionid=ac16012b30d7de18c878eaac480581caac0f5612543e.e3iSbxaKaheRe38KbN0Rb34Mc3j0n6jAmljGr5XDqQLvpAe HTTP/1.1" 200 14
181.61.8.248 - - [19/Dec/2015:13:58:21 -0500] "POST /forms/lservlet;jsessionid=ac16012b30d7de18c878eaac480581caac0f5612543e.e3iSbxaKaheRe38KbN0Rb34Mc3j0n6jAmljGr5XDqQLvpAe HTTP/1.1" 200 14
181.61.8.248 - - [19/Dec/2015:13:58:23 -0500] "POST /forms/lservlet;jsessionid=ac16012b30d7de18c878eaac480581caac0f5612543e.e3iSbxaKaheRe38KbN0Rb34Mc3j0n6jAmljGr5XDqQLvpAe HTTP/1.1" 200 4490
181.61.8.248 - - [19/Dec/2015:13:58:23 -0500] "POST /forms/lservlet;jsessionid=ac16012b30d7de18c878eaac480581caac0f5612543e.e3iSbxaKaheRe38KbN0Rb34Mc3j0n6jAmljGr5XDqQLvpAe HTTP/1.1" 200 20
186.0.66.83 - - [19/Dec/2015:13:58:30 -0500] "GET /BLA/resoluciones/RESOLUCIONES%202007/RES%202007%201201%20AL%201300/RESOLUCION%201261%20%20DE%202007.pdf HTTP/1.1" 200 840832
186.0.66.83 - - [19/Dec/2015:13:58:31 -0500] "GET /favicon.ico HTTP/1.1" 200 7782
181.61.8.248 - - [19/Dec/2015:13:58:32 -0500] "POST /forms/lservlet;jsessionid=ac16012b30d7de18c878eaac480581caac0f5612543e.e3iSbxaKaheRe38KbN0Rb34Mc3j0n6jAmljGr5XDqQLvpAe HTTP/1.1" 200 2
186.0.66.83 - - [19/Dec/2015:13:58:32 -0500] "GET /BLA/resoluciones/RESOLUCIONES%202007/RES%202007%201201%20AL%201300/RESOLUCION%201261%20%20DE%202007.pdf HTTP/1.1" 206 32768
186.0.66.83 - - [19/Dec/2015:13:58:32 -0500] "GET /BLA/resoluciones/RESOLUCIONES%202007/RES%202007%201201%20AL%201300/RESOLUCION%201261%20%20DE%202007.pdf HTTP/1.1" 206 808064
181.61.8.248 - - [19/Dec/2015:13:58:32 -0500] "POST /forms/lservlet;jsessionid=ac16012b30d7de18c878eaac480581caac0f5612543e.e3iSbxaKaheRe38KbN0Rb34Mc3j0n6jAmljGr5XDqQLvpAe HTTP/1.1" 200 2802
181.61.8.248 - - [19/Dec/2015:13:58:33 -0500] "POST /forms/lservlet;jsessionid=ac16012b30d7de18c878eaac480581caac0f5612543e.e3iSbxaKaheRe38KbN0Rb34Mc3j0n6jAmljGr5XDqQLvpAe HTTP/1.1" 200 2
181.61.8.248 - - [19/Dec/2015:13:58:38 -0500] "POST /forms/lservlet;jsessionid=ac16012b30d7de18c878eaac480581caac0f5612543e.e3iSbxaKaheRe38KbN0Rb34Mc3j0n6jAmljGr5XDqQLvpAe HTTP/1.1" 200 2
181.61.8.248 - - [19/Dec/2015:13:58:39 -0500] "POST /forms/lservlet;jsessionid=ac16012b30d7de18c878eaac480581caac0f5612543e.e3iSbxaKaheRe38KbN0Rb34Mc3j0n6jAmljGr5XDqQLvpAe HTTP/1.1" 200 2326
181.61.8.248 - - [19/Dec/2015:13:58:39 -0500] "POST /forms/lservlet;jsessionid=ac16012b30d7de18c878eaac480581caac0f5612543e.e3iSbxaKaheRe38KbN0Rb34Mc3j0n6jAmljGr5XDqQLvpAe HTTP/1.1" 200 2
181.61.8.248 - - [19/Dec/2015:13:58:40 -0500] "POST /forms/lservlet;jsessionid=ac16012b30d7de18c878eaac480581caac0f5612543e.e3iSbxaKaheRe38KbN0Rb34Mc3j0n6jAmljGr5XDqQLvpAe HTTP/1.1" 200 2
181.61.8.248 - - [19/Dec/2015:13:58:41 -0500] "POST /forms/lservlet;jsessionid=ac16012b30d7de18c878eaac480581caac0f5612543e.e3iSbxaKaheRe38KbN0Rb34Mc3j0n6jAmljGr5XDqQLvpAe HTTP/1.1" 200 2250
181.61.8.248 - - [19/Dec/2015:13:58:41 -0500] "POST /forms/lservlet;jsessionid=ac16012b30d7de18c878eaac480581caac0f5612543e.e3iSbxaKaheRe38KbN0Rb34Mc3j0n6jAmljGr5XDqQLvpAe HTTP/1.1" 200 2
181.61.8.248 - - [19/Dec/2015:13:58:43 -0500] "POST /forms/lservlet;jsessionid=ac16012b30d7de18c878eaac480581caac0f5612543e.e3iSbxaKaheRe38KbN0Rb34Mc3j0n6jAmljGr5XDqQLvpAe HTTP/1.1" 200 2
181.61.8.248 - - [19/Dec/2015:13:58:43 -0500] "POST /forms/lservlet;jsessionid=ac16012b30d7de18c878eaac480581caac0f5612543e.e3iSbxaKaheRe38KbN0Rb34Mc3j0n6jAmljGr5XDqQLvpAe HTTP/1.1" 200 2220
181.61.8.248 - - [19/Dec/2015:13:58:43 -0500] "POST /forms/lservlet;jsessionid=ac16012b30d7de18c878eaac480581caac0f5612543e.e3iSbxaKaheRe38KbN0Rb34Mc3j0n6jAmljGr5XDqQLvpAe HTTP/1.1" 200 2
190.131.194.135 - - [19/Dec/2015:13:58:44 -0500] "GET /galeria/nivo-slider/demo/images/ABC-Plan-de-contigencia.jpg HTTP/1.1" 304 -
181.61.8.248 - - [19/Dec/2015:13:58:48 -0500] "POST /forms/lservlet;jsessionid=ac16012b30d7de18c878eaac480581caac0f5612543e.e3iSbxaKaheRe38KbN0Rb34Mc3j0n6jAmljGr5XDqQLvpAe HTTP/1.1" 200 2
181.61.8.248 - - [19/Dec/2015:13:58:48 -0500] "POST /forms/lservlet;jsessionid=ac16012b30d7de18c878eaac480581caac0f5612543e.e3iSbxaKaheRe38KbN0Rb34Mc3j0n6jAmljGr5XDqQLvpAe HTTP/1.1" 200 2250
181.61.8.248 - - [19/Dec/2015:13:58:48 -0500] "POST /forms/lservlet;jsessionid=ac16012b30d7de18c878eaac480581caac0f5612543e.e3iSbxaKaheRe38KbN0Rb34Mc3j0n6jAmljGr5XDqQLvpAe HTTP/1.1" 200 2
181.61.8.248 - - [19/Dec/2015:13:58:55 -0500] "POST /forms/lservlet;jsessionid=ac16012b30d7de18c878eaac480581caac0f5612543e.e3iSbxaKaheRe38KbN0Rb34Mc3j0n6jAmljGr5XDqQLvpAe HTTP/1.1" 200 2
181.61.8.248 - - [19/Dec/2015:13:58:55 -0500] "POST /forms/lservlet;jsessionid=ac16012b30d7de18c878eaac480581caac0f5612543e.e3iSbxaKaheRe38KbN0Rb34Mc3j0n6jAmljGr5XDqQLvpAe HTTP/1.1" 200 2274
181.61.8.248 - - [19/Dec/2015:13:58:56 -0500] "POST /forms/lservlet;jsessionid=ac16012b30d7de18c878eaac480581caac0f5612543e.e3iSbxaKaheRe38KbN0Rb34Mc3j0n6jAmljGr5XDqQLvpAe HTTP/1.1" 200 10
181.61.8.248 - - [19/Dec/2015:13:58:57 -0500] "POST /forms/lservlet;jsessionid=ac16012b30d7de18c878eaac480581caac0f5612543e.e3iSbxaKaheRe38KbN0Rb34Mc3j0n6jAmljGr5XDqQLvpAe HTTP/1.1" 200 2
181.61.8.248 - - [19/Dec/2015:13:58:57 -0500] "POST /forms/lservlet;jsessionid=ac16012b30d7de18c878eaac480581caac0f5612543e.e3iSbxaKaheRe38KbN0Rb34Mc3j0n6jAmljGr5XDqQLvpAe HTTP/1.1" 200 3780
181.61.8.248 - - [19/Dec/2015:13:58:57 -0500] "POST /forms/lservlet;jsessionid=ac16012b30d7de18c878eaac480581caac0f5612543e.e3iSbxaKaheRe38KbN0Rb34Mc3j0n6jAmljGr5XDqQLvpAe HTTP/1.1" 200 2
181.61.8.248 - - [19/Dec/2015:13:59:07 -0500] "POST /forms/lservlet;jsessionid=ac16012b30d7de18c878eaac480581caac0f5612543e.e3iSbxaKaheRe38KbN0Rb34Mc3j0n6jAmljGr5XDqQLvpAe HTTP/1.1" 200 2
181.61.8.248 - - [19/Dec/2015:13:59:07 -0500] "POST /forms/lservlet;jsessionid=ac16012b30d7de18c878eaac480581caac0f5612543e.e3iSbxaKaheRe38KbN0Rb34Mc3j0n6jAmljGr5XDqQLvpAe HTTP/1.1" 200 14
181.61.8.248 - - [19/Dec/2015:13:59:08 -0500] "POST /forms/lservlet;jsessionid=ac16012b30d7de18c878eaac480581caac0f5612543e.e3iSbxaKaheRe38KbN0Rb34Mc3j0n6jAmljGr5XDqQLvpAe HTTP/1.1" 200 14
181.61.8.248 - - [19/Dec/2015:13:59:09 -0500] "POST /forms/lservlet;jsessionid=ac16012b30d7de18c878eaac480581caac0f5612543e.e3iSbxaKaheRe38KbN0Rb34Mc3j0n6jAmljGr5XDqQLvpAe HTTP/1.1" 200 14
181.61.8.248 - - [19/Dec/2015:13:59:11 -0500] "POST /forms/lservlet;jsessionid=ac16012b30d7de18c878eaac480581caac0f5612543e.e3iSbxaKaheRe38KbN0Rb34Mc3j0n6jAmljGr5XDqQLvpAe HTTP/1.1" 200 14
192.185.12.252 - - [19/Dec/2015:13:59:12 -0500] "GET /BLA/resoluciones/RESOLUCIONES%202007/RES%202007%201201%20AL%201300/RESOLUCION%201261%20%20DE%202007.pdf HTTP/1.0" 200 840832
181.61.8.248 - - [19/Dec/2015:13:59:13 -0500] "POST /forms/lservlet;jsessionid=ac16012b30d7de18c878eaac480581caac0f5612543e.e3iSbxaKaheRe38KbN0Rb34Mc3j0n6jAmljGr5XDqQLvpAe HTTP/1.1" 200 131
181.61.8.248 - - [19/Dec/2015:13:59:13 -0500] "POST /forms/lservlet;jsessionid=ac16012b30d7de18c878eaac480581caac0f5612543e.e3iSbxaKaheRe38KbN0Rb34Mc3j0n6jAmljGr5XDqQLvpAe HTTP/1.1" 200 2
66.249.64.96 - - [19/Dec/2015:13:59:14 -0500] "GET /BLA/resoluciones/RESOLUCIONES%202009/4646.pdf HTTP/1.1" 200 684812
190.25.157.12 - - [19/Dec/2015:13:59:15 -0500] "POST /forms/lservlet;jsessionid=ac16012b30d7fcfb694b74754b67ba13d8349b7969d1.e3iSbxaKaheRe38KbN0Rb34Mc3j0n6jAmljGr5XDqQLvpAe HTTP/1.1" 200 2
181.61.8.248 - - [19/Dec/2015:13:59:16 -0500] "POST /forms/lservlet;jsessionid=ac16012b30d7de18c878eaac480581caac0f5612543e.e3iSbxaKaheRe38KbN0Rb34Mc3j0n6jAmljGr5XDqQLvpAe HTTP/1.1" 200 2
181.61.8.248 - - [19/Dec/2015:13:59:16 -0500] "POST /forms/lservlet;jsessionid=ac16012b30d7de18c878eaac480581caac0f5612543e.e3iSbxaKaheRe38KbN0Rb34Mc3j0n6jAmljGr5XDqQLvpAe HTTP/1.1" 200 2662
181.61.8.248 - - [19/Dec/2015:13:59:17 -0500] "POST /forms/lservlet;jsessionid=ac16012b30d7de18c878eaac480581caac0f5612543e.e3iSbxaKaheRe38KbN0Rb34Mc3j0n6jAmljGr5XDqQLvpAe HTTP/1.1" 200 2
181.61.8.248 - - [19/Dec/2015:13:59:19 -0500] "POST /forms/lservlet;jsessionid=ac16012b30d7de18c878eaac480581caac0f5612543e.e3iSbxaKaheRe38KbN0Rb34Mc3j0n6jAmljGr5XDqQLvpAe HTTP/1.1" 200 2
181.61.8.248 - - [19/Dec/2015:13:59:19 -0500] "POST /forms/lservlet;jsessionid=ac16012b30d7de18c878eaac480581caac0f5612543e.e3iSbxaKaheRe38KbN0Rb34Mc3j0n6jAmljGr5XDqQLvpAe HTTP/1.1" 200 14
181.61.8.248 - - [19/Dec/2015:13:59:20 -0500] "POST /forms/lservlet;jsessionid=ac16012b30d7de18c878eaac480581caac0f5612543e.e3iSbxaKaheRe38KbN0Rb34Mc3j0n6jAmljGr5XDqQLvpAe HTTP/1.1" 200 112
181.61.8.248 - - [19/Dec/2015:13:59:20 -0500] "POST /forms/lservlet;jsessionid=ac16012b30d7de18c878eaac480581caac0f5612543e.e3iSbxaKaheRe38KbN0Rb34Mc3j0n6jAmljGr5XDqQLvpAe HTTP/1.1" 200 2
181.61.8.248 - - [19/Dec/2015:13:59:13 -0500] "GET /reports/rwservlet/getjobid367602?server=rep_srvapsda HTTP/1.1" 200 2432026
181.61.8.248 - - [19/Dec/2015:13:59:21 -0500] "GET /reports/rwservlet/getjobid367603?server=rep_srvapsda HTTP/1.1" 200 994617
181.61.8.248 - - [19/Dec/2015:13:59:58 -0500] "POST /forms/lservlet;jsessionid=ac16012b30d7de18c878eaac480581caac0f5612543e.e3iSbxaKaheRe38KbN0Rb34Mc3j0n6jAmljGr5XDqQLvpAe HTTP/1.1" 200 2
66.249.64.106 - - [19/Dec/2015:13:59:58 -0500] "GET /BLA/resoluciones/RESOLUCIONES%202014/0915.pdf HTTP/1.1" 200 615303
190.25.157.12 - - [19/Dec/2015:14:01:15 -0500] "POST /forms/lservlet;jsessionid=ac16012b30d7fcfb694b74754b67ba13d8349b7969d1.e3iSbxaKaheRe38KbN0Rb34Mc3j0n6jAmljGr5XDqQLvpAe HTTP/1.1" 200 2
190.25.145.60 - - [19/Dec/2015:14:01:20 -0500] "GET /galeria/galeria/jquery.fancybox.css?v=2.1.5 HTTP/1.1" 200 4895
190.25.145.60 - - [19/Dec/2015:14:01:20 -0500] "GET /galeria/galeria/jquery.fancybox.js?v=2.1.5 HTTP/1.1" 200 48706
190.25.145.60 - - [19/Dec/2015:14:01:20 -0500] "GET /BLA/boletinlegal/js/jquery.scrollShow.js HTTP/1.1" 200 4586
190.25.145.60 - - [19/Dec/2015:14:01:39 -0500] "GET /galeria/galeria/jquery.fancybox.css?v=2.1.5 HTTP/1.1" 304 -
190.25.145.60 - - [19/Dec/2015:14:01:40 -0500] "GET /galeria/galeria/jquery.fancybox.js?v=2.1.5 HTTP/1.1" 304 -
190.25.145.60 - - [19/Dec/2015:14:01:40 -0500] "GET /BLA/boletinlegal/js/jquery.scrollShow.js HTTP/1.1" 304 -
181.61.8.248 - - [19/Dec/2015:14:01:58 -0500] "POST /forms/lservlet;jsessionid=ac16012b30d7de18c878eaac480581caac0f5612543e.e3iSbxaKaheRe38KbN0Rb34Mc3j0n6jAmljGr5XDqQLvpAe HTTP/1.1" 200 2
69.162.124.233 - - [19/Dec/2015:14:02:59 -0500] "HEAD / HTTP/1.1" 200 -
190.25.157.12 - - [19/Dec/2015:14:03:15 -0500] "POST /forms/lservlet;jsessionid=ac16012b30d7fcfb694b74754b67ba13d8349b7969d1.e3iSbxaKaheRe38KbN0Rb34Mc3j0n6jAmljGr5XDqQLvpAe HTTP/1.1" 200 2
66.249.64.101 - - [19/Dec/2015:14:03:16 -0500] "GET /BLA/resoluciones/RESOLUCIONES%202007/RES%202007%201001%20AL%201100/RESOLUCION%201059%20DE%202007.pdf HTTP/1.1" 200 314074
66.249.64.101 - - [19/Dec/2015:14:03:29 -0500] "GET /BLA/resoluciones/AUTOS%202010/2385.pdf HTTP/1.1" 200 317494
181.61.8.248 - - [19/Dec/2015:14:03:58 -0500] "POST /forms/lservlet;jsessionid=ac16012b30d7de18c878eaac480581caac0f5612543e.e3iSbxaKaheRe38KbN0Rb34Mc3j0n6jAmljGr5XDqQLvpAe HTTP/1.1" 200 2
190.25.157.12 - - [19/Dec/2015:14:05:15 -0500] "POST /forms/lservlet;jsessionid=ac16012b30d7fcfb694b74754b67ba13d8349b7969d1.e3iSbxaKaheRe38KbN0Rb34Mc3j0n6jAmljGr5XDqQLvpAe HTTP/1.1" 200 2
181.61.8.248 - - [19/Dec/2015:14:05:58 -0500] "POST /forms/lservlet;jsessionid=ac16012b30d7de18c878eaac480581caac0f5612543e.e3iSbxaKaheRe38KbN0Rb34Mc3j0n6jAmljGr5XDqQLvpAe HTTP/1.1" 200 2
66.249.64.96 - - [19/Dec/2015:14:06:32 -0500] "GET /BLA/resoluciones/RESOLUCIONES%202014/2386.pdf HTTP/1.1" 200 348866
190.26.185.245 - - [19/Dec/2015:14:06:35 -0500] "GET /BLA/boletinlegal/js/jquery.scrollShow.js HTTP/1.1" 200 4586
190.26.185.245 - - [19/Dec/2015:14:06:35 -0500] "GET /galeria/galeria/jquery.fancybox.js?v=2.1.5 HTTP/1.1" 200 48706
190.26.185.245 - - [19/Dec/2015:14:06:35 -0500] "GET /galeria/galeria/jquery.fancybox.css?v=2.1.5 HTTP/1.1" 200 4895
190.26.185.245 - - [19/Dec/2015:14:06:41 -0500] "GET /BLA/boletinlegal/js/jquery.scrollShow.js HTTP/1.1" 304 -
190.26.185.245 - - [19/Dec/2015:14:06:41 -0500] "GET /galeria/galeria/jquery.fancybox.js?v=2.1.5 HTTP/1.1" 304 -
190.26.185.245 - - [19/Dec/2015:14:06:41 -0500] "GET /galeria/galeria/jquery.fancybox.css?v=2.1.5 HTTP/1.1" 304 -
190.25.157.12 - - [19/Dec/2015:14:07:15 -0500] "POST /forms/lservlet;jsessionid=ac16012b30d7fcfb694b74754b67ba13d8349b7969d1.e3iSbxaKaheRe38KbN0Rb34Mc3j0n6jAmljGr5XDqQLvpAe HTTP/1.1" 200 2
66.249.64.101 - - [19/Dec/2015:14:07:43 -0500] "GET /BLA/resoluciones/AUTOS%202011/3060.pdf HTTP/1.1" 200 97859
66.249.64.238 - - [19/Dec/2015:14:07:54 -0500] "GET /galeria/nivo-slider/demo/images/Lorito03.jpg HTTP/1.1" 200 702785
181.61.8.248 - - [19/Dec/2015:14:07:58 -0500] "POST /forms/lservlet;jsessionid=ac16012b30d7de18c878eaac480581caac0f5612543e.e3iSbxaKaheRe38KbN0Rb34Mc3j0n6jAmljGr5XDqQLvpAe HTTP/1.1" 200 2
69.162.124.233 - - [19/Dec/2015:14:07:59 -0500] "HEAD / HTTP/1.1" 200 -
190.25.157.12 - - [19/Dec/2015:14:09:15 -0500] "POST /forms/lservlet;jsessionid=ac16012b30d7fcfb694b74754b67ba13d8349b7969d1.e3iSbxaKaheRe38KbN0Rb34Mc3j0n6jAmljGr5XDqQLvpAe HTTP/1.1" 200 2
66.249.64.101 - - [19/Dec/2015:14:09:51 -0500] "GET /BLA/resoluciones/AUTOS%202013/1388.pdf HTTP/1.1" 200 420477
181.61.8.248 - - [19/Dec/2015:14:09:58 -0500] "POST /forms/lservlet;jsessionid=ac16012b30d7de18c878eaac480581caac0f5612543e.e3iSbxaKaheRe38KbN0Rb34Mc3j0n6jAmljGr5XDqQLvpAe HTTP/1.1" 200 2
190.25.157.12 - - [19/Dec/2015:14:11:15 -0500] "POST /forms/lservlet;jsessionid=ac16012b30d7fcfb694b74754b67ba13d8349b7969d1.e3iSbxaKaheRe38KbN0Rb34Mc3j0n6jAmljGr5XDqQLvpAe HTTP/1.1" 200 2
66.249.64.96 - - [19/Dec/2015:14:11:57 -0500] "GET /BLA/resoluciones/AUTOS%202012/0447.pdf HTTP/1.1" 200 378863
181.61.8.248 - - [19/Dec/2015:14:11:58 -0500] "POST /forms/lservlet;jsessionid=ac16012b30d7de18c878eaac480581caac0f5612543e.e3iSbxaKaheRe38KbN0Rb34Mc3j0n6jAmljGr5XDqQLvpAe HTTP/1.1" 200 2
181.142.202.116 - - [19/Dec/2015:14:12:04 -0500] "GET /galeria/galeria/jquery.fancybox.css?v=2.1.5 HTTP/1.1" 200 4895
181.142.202.116 - - [19/Dec/2015:14:12:04 -0500] "GET /BLA/boletinlegal/js/jquery.scrollShow.js HTTP/1.1" 200 4586
181.142.202.116 - - [19/Dec/2015:14:12:04 -0500] "GET /galeria/galeria/jquery.fancybox.js?v=2.1.5 HTTP/1.1" 200 48706
181.142.202.116 - - [19/Dec/2015:14:12:07 -0500] "GET /galeria/galeria/jquery.fancybox.js?v=2.1.5 HTTP/1.1" 304 -
181.142.202.116 - - [19/Dec/2015:14:12:07 -0500] "GET /BLA/boletinlegal/js/jquery.scrollShow.js HTTP/1.1" 304 -
181.142.202.116 - - [19/Dec/2015:14:12:07 -0500] "GET /galeria/galeria/jquery.fancybox.css?v=2.1.5 HTTP/1.1" 304 -
69.162.124.233 - - [19/Dec/2015:14:12:59 -0500] "HEAD / HTTP/1.1" 200 -
66.249.64.106 - - [19/Dec/2015:14:13:09 -0500] "GET /BLA/resoluciones/RESOLUCIONES%202012/0131.pdf HTTP/1.1" 200 676919
190.25.157.12 - - [19/Dec/2015:14:13:15 -0500] "POST /forms/lservlet;jsessionid=ac16012b30d7fcfb694b74754b67ba13d8349b7969d1.e3iSbxaKaheRe38KbN0Rb34Mc3j0n6jAmljGr5XDqQLvpAe HTTP/1.1" 200 2
181.60.181.231 - - [19/Dec/2015:14:13:35 -0500] "GET /BLA/boletinlegal/js/jquery.scrollShow.js HTTP/1.1" 200 4586
181.60.181.231 - - [19/Dec/2015:14:13:35 -0500] "GET /galeria/galeria/jquery.fancybox.css?v=2.1.5 HTTP/1.1" 200 4895
181.60.181.231 - - [19/Dec/2015:14:13:35 -0500] "GET /galeria/galeria/jquery.fancybox.js?v=2.1.5 HTTP/1.1" 200 48706
181.60.181.231 - - [19/Dec/2015:14:13:40 -0500] "GET /BLA/boletinlegal/js/jquery.scrollShow.js HTTP/1.1" 304 -
181.60.181.231 - - [19/Dec/2015:14:13:40 -0500] "GET /galeria/galeria/jquery.fancybox.js?v=2.1.5 HTTP/1.1" 304 -
181.60.181.231 - - [19/Dec/2015:14:13:40 -0500] "GET /galeria/galeria/jquery.fancybox.css?v=2.1.5 HTTP/1.1" 304 -
186.46.203.218 - - [19/Dec/2015:14:13:51 -0500] "GET /galeria/galeria/jquery.fancybox.css?v=2.1.5 HTTP/1.1" 200 4895
186.46.203.218 - - [19/Dec/2015:14:13:51 -0500] "GET /BLA/boletinlegal/js/jquery.scrollShow.js HTTP/1.1" 200 4586
186.46.203.218 - - [19/Dec/2015:14:13:51 -0500] "GET /galeria/galeria/jquery.fancybox.js?v=2.1.5 HTTP/1.1" 200 48706
181.61.8.248 - - [19/Dec/2015:14:13:58 -0500] "POST /forms/lservlet;jsessionid=ac16012b30d7de18c878eaac480581caac0f5612543e.e3iSbxaKaheRe38KbN0Rb34Mc3j0n6jAmljGr5XDqQLvpAe HTTP/1.1" 200 2
190.157.171.56 - - [19/Dec/2015:14:14:11 -0500] "GET /BLA/boletinlegal/js/jquery.scrollShow.js HTTP/1.1" 200 4586
190.157.171.56 - - [19/Dec/2015:14:14:11 -0500] "GET /galeria/galeria/jquery.fancybox.css?v=2.1.5 HTTP/1.1" 200 4895
190.157.171.56 - - [19/Dec/2015:14:14:11 -0500] "GET /galeria/galeria/jquery.fancybox.js?v=2.1.5 HTTP/1.1" 200 48706
190.66.66.116 - - [19/Dec/2015:14:14:15 -0500] "GET /galeria/galeria/fotos/mirador4G.jpg HTTP/1.1" 200 159827
186.46.203.218 - - [19/Dec/2015:14:14:16 -0500] "GET /galeria/galeria/jquery.fancybox.css?v=2.1.5 HTTP/1.1" 304 -
186.46.203.218 - - [19/Dec/2015:14:14:17 -0500] "GET /galeria/galeria/jquery.fancybox.js?v=2.1.5 HTTP/1.1" 304 -
190.157.171.56 - - [19/Dec/2015:14:14:17 -0500] "GET /BLA/boletinlegal/js/jquery.scrollShow.js HTTP/1.1" 200 4586
190.157.171.56 - - [19/Dec/2015:14:14:17 -0500] "GET /galeria/galeria/jquery.fancybox.js?v=2.1.5 HTTP/1.1" 200 48706
190.157.171.56 - - [19/Dec/2015:14:14:17 -0500] "GET /galeria/galeria/jquery.fancybox.css?v=2.1.5 HTTP/1.1" 200 4895
186.46.203.218 - - [19/Dec/2015:14:14:17 -0500] "GET /BLA/boletinlegal/js/jquery.scrollShow.js HTTP/1.1" 304 -
190.25.157.12 - - [19/Dec/2015:14:15:15 -0500] "POST /forms/lservlet;jsessionid=ac16012b30d7fcfb694b74754b67ba13d8349b7969d1.e3iSbxaKaheRe38KbN0Rb34Mc3j0n6jAmljGr5XDqQLvpAe HTTP/1.1" 200 2
190.27.165.238 - - [19/Dec/2015:14:15:50 -0500] "GET /BLA/boletinlegal/js/jquery.scrollShow.js HTTP/1.1" 304 -
190.27.165.238 - - [19/Dec/2015:14:15:50 -0500] "GET /galeria/galeria/jquery.fancybox.js?v=2.1.5 HTTP/1.1" 304 -
190.27.165.238 - - [19/Dec/2015:14:15:50 -0500] "GET /galeria/galeria/jquery.fancybox.css?v=2.1.5 HTTP/1.1" 304 -
181.61.8.248 - - [19/Dec/2015:14:15:58 -0500] "POST /forms/lservlet;jsessionid=ac16012b30d7de18c878eaac480581caac0f5612543e.e3iSbxaKaheRe38KbN0Rb34Mc3j0n6jAmljGr5XDqQLvpAe HTTP/1.1" 200 2
66.249.64.96 - - [19/Dec/2015:14:16:11 -0500] "GET /BLA/resoluciones/RESOLUCIONES%202007/RES%202007%202101%20AL%202200/RESOLUCION%202176%20DE%202007.pdf HTTP/1.1" 200 565903
186.86.183.189 - - [19/Dec/2015:14:16:18 -0500] "GET /BLA/boletinlegal/js/jquery.scrollShow.js HTTP/1.1" 200 4586
186.86.183.189 - - [19/Dec/2015:14:16:18 -0500] "GET /galeria/galeria/jquery.fancybox.js?v=2.1.5 HTTP/1.1" 200 48706
186.86.183.189 - - [19/Dec/2015:14:16:18 -0500] "GET /galeria/galeria/jquery.fancybox.css?v=2.1.5 HTTP/1.1" 200 4895
186.86.183.189 - - [19/Dec/2015:14:16:25 -0500] "GET /BLA/boletinlegal/js/jquery.scrollShow.js HTTP/1.1" 304 -
186.86.183.189 - - [19/Dec/2015:14:16:25 -0500] "GET /galeria/galeria/jquery.fancybox.css?v=2.1.5 HTTP/1.1" 304 -
186.86.183.189 - - [19/Dec/2015:14:16:25 -0500] "GET /galeria/galeria/jquery.fancybox.js?v=2.1.5 HTTP/1.1" 304 -
66.249.64.106 - - [19/Dec/2015:14:16:25 -0500] "GET /BLA/resoluciones/AUTOS%202012/1495.pdf HTTP/1.1" 200 412742
64.233.172.243 - - [19/Dec/2015:14:16:27 -0500] "GET /BLA/boletinlegal/js/jquery.scrollShow.js HTTP/1.1" 200 4586
64.233.172.243 - - [19/Dec/2015:14:16:27 -0500] "GET /galeria/galeria/jquery.fancybox.js?v=2.1.5 HTTP/1.1" 200 48706
64.233.172.227 - - [19/Dec/2015:14:16:27 -0500] "GET /galeria/galeria/jquery.fancybox.css?v=2.1.5 HTTP/1.1" 200 4895
64.233.172.243 - - [19/Dec/2015:14:16:32 -0500] "GET /galeria/galeria/jquery.fancybox.css?v=2.1.5 HTTP/1.1" 304 -
64.233.172.227 - - [19/Dec/2015:14:16:32 -0500] "GET /galeria/galeria/jquery.fancybox.js?v=2.1.5 HTTP/1.1" 304 -
64.233.172.235 - - [19/Dec/2015:14:16:32 -0500] "GET /BLA/boletinlegal/js/jquery.scrollShow.js HTTP/1.1" 304 -
190.25.157.12 - - [19/Dec/2015:14:17:15 -0500] "POST /forms/lservlet;jsessionid=ac16012b30d7fcfb694b74754b67ba13d8349b7969d1.e3iSbxaKaheRe38KbN0Rb34Mc3j0n6jAmljGr5XDqQLvpAe HTTP/1.1" 200 2
181.142.202.116 - - [19/Dec/2015:14:17:53 -0500] "GET /galeria/carrusel/Carrusel/jquery.thumbnailScroller.css HTTP/1.1" 200 2066
181.142.202.116 - - [19/Dec/2015:14:17:54 -0500] "GET /galeria/carrusel/Carrusel/jquery-ui-1.8.13.custom.min.js HTTP/1.1" 200 10800
181.142.202.116 - - [19/Dec/2015:14:17:54 -0500] "GET /galeria/carrusel/Carrusel/jquery.thumbnailScroller.js HTTP/1.1" 200 8157
181.142.202.116 - - [19/Dec/2015:14:17:57 -0500] "GET /galeria/nivo-slider/demo/demo.html HTTP/1.1" 200 4456
181.142.202.116 - - [19/Dec/2015:14:17:58 -0500] "GET /galeria/nivo-slider/themes/default/default.css HTTP/1.1" 200 1569
181.142.202.116 - - [19/Dec/2015:14:17:58 -0500] "GET /galeria/nivo-slider/themes/pascal/pascal.css HTTP/1.1" 200 2258
181.142.202.116 - - [19/Dec/2015:14:17:58 -0500] "GET /galeria/nivo-slider/themes/orman/orman.css HTTP/1.1" 200 2152
181.142.202.116 - - [19/Dec/2015:14:17:58 -0500] "GET /galeria/nivo-slider/demo/style.css HTTP/1.1" 200 2222
181.142.202.116 - - [19/Dec/2015:14:17:58 -0500] "GET /galeria/nivo-slider/nivo-slider.css HTTP/1.1" 200 1507
181.142.202.116 - - [19/Dec/2015:14:17:58 -0500] "GET /galeria/nivo-slider/demo/images/ambientales.jpg HTTP/1.1" 200 397233
181.142.202.116 - - [19/Dec/2015:14:17:58 -0500] "GET /galeria/nivo-slider/demo/images/Programacion-navidena.jpg HTTP/1.1" 200 316038
181.142.202.116 - - [19/Dec/2015:14:17:58 -0500] "GET /galeria/nivo-slider/demo/images/2Banner-encuestaSDA.jpg HTTP/1.1" 200 208228
181.142.202.116 - - [19/Dec/2015:14:17:58 -0500] "GET /galeria/nivo-slider/demo/images/ABC-Plan-de-contigencia.jpg HTTP/1.1" 200 401853
181.142.202.116 - - [19/Dec/2015:14:17:58 -0500] "GET /galeria/nivo-slider/demo/images/banner-llantas2015.jpg HTTP/1.1" 200 185615
181.142.202.116 - - [19/Dec/2015:14:17:58 -0500] "GET /galeria/nivo-slider/demo/images/caminata-ecologica.jpg HTTP/1.1" 200 161069
181.61.8.248 - - [19/Dec/2015:14:17:58 -0500] "POST /forms/lservlet;jsessionid=ac16012b30d7de18c878eaac480581caac0f5612543e.e3iSbxaKaheRe38KbN0Rb34Mc3j0n6jAmljGr5XDqQLvpAe HTTP/1.1" 200 2
69.162.124.233 - - [19/Dec/2015:14:17:59 -0500] "HEAD / HTTP/1.1" 200 -
181.142.202.116 - - [19/Dec/2015:14:17:59 -0500] "GET /galeria/nivo-slider/demo/images/Banner-ahorro-de-agua.jpg HTTP/1.1" 200 149141
181.142.202.116 - - [19/Dec/2015:14:17:59 -0500] "GET /galeria/nivo-slider/demo/images/Cmapana-onestidad.jpg HTTP/1.1" 200 141638
181.142.202.116 - - [19/Dec/2015:14:17:59 -0500] "GET /galeria/nivo-slider/demo/images/PREDAcamp.jpg HTTP/1.1" 200 295358
181.142.202.116 - - [19/Dec/2015:14:17:59 -0500] "GET /galeria/nivo-slider/demo/images/banner-llantas2.jpg HTTP/1.1" 200 204644
181.142.202.116 - - [19/Dec/2015:14:18:00 -0500] "GET /galeria/nivo-slider/demo/images/9Signos.jpg HTTP/1.1" 200 81776
181.142.202.116 - - [19/Dec/2015:14:18:00 -0500] "GET /galeria/nivo-slider/demo/images/Ruta-vertimientos-01.jpg HTTP/1.1" 200 130151
181.142.202.116 - - [19/Dec/2015:14:18:00 -0500] "GET /galeria/nivo-slider/demo/images/bolsas-06.jpg HTTP/1.1" 200 90982
181.142.202.116 - - [19/Dec/2015:14:18:01 -0500] "GET /galeria/nivo-slider/demo/images/Conoce-los-humedales.jpg HTTP/1.1" 200 294036
181.142.202.116 - - [19/Dec/2015:14:18:01 -0500] "GET /galeria/nivo-slider/demo/images/ecolecta-Dic2014.png HTTP/1.1" 200 288593
181.142.202.116 - - [19/Dec/2015:14:18:01 -0500] "GET /galeria/nivo-slider/demo/scripts/jquery-1.7.1.min.js HTTP/1.1" 200 93868
181.142.202.116 - - [19/Dec/2015:14:18:02 -0500] "GET /galeria/nivo-slider/jquery.nivo.slider.pack.js HTTP/1.1" 200 11561
181.142.202.116 - - [19/Dec/2015:14:18:07 -0500] "GET /galeria/nivo-slider/demo/images/ecolecta-Dic2014.png HTTP/1.1" 206 1
181.142.202.116 - - [19/Dec/2015:14:18:07 -0500] "GET /galeria/nivo-slider/demo/images/Conoce-los-humedales.jpg HTTP/1.1" 206 1
181.142.202.116 - - [19/Dec/2015:14:18:07 -0500] "GET /galeria/nivo-slider/demo/images/ABC-Plan-de-contigencia.jpg HTTP/1.1" 206 1
181.142.202.116 - - [19/Dec/2015:14:18:07 -0500] "GET /galeria/nivo-slider/demo/images/ecolecta-Dic2014.png HTTP/1.1" 206 24599
181.142.202.116 - - [19/Dec/2015:14:18:07 -0500] "GET /galeria/nivo-slider/demo/images/Conoce-los-humedales.jpg HTTP/1.1" 206 32963
181.142.202.116 - - [19/Dec/2015:14:18:07 -0500] "GET /galeria/nivo-slider/demo/images/ABC-Plan-de-contigencia.jpg HTTP/1.1" 206 57560
181.142.202.116 - - [19/Dec/2015:14:18:07 -0500] "GET /galeria/nivo-slider/demo/images/4Simple_Slider.png HTTP/1.1" 200 11722
181.142.202.116 - - [19/Dec/2015:14:18:07 -0500] "GET /galeria/nivo-slider/themes/default/loading.gif HTTP/1.1" 200 1737
181.142.202.116 - - [19/Dec/2015:14:18:07 -0500] "GET /galeria/nivo-slider/themes/default/arrows.png HTTP/1.1" 200 824
181.142.202.116 - - [19/Dec/2015:14:18:07 -0500] "GET /galeria/nivo-slider/themes/default/bullets.png HTTP/1.1" 200 1281
190.25.157.12 - - [19/Dec/2015:14:19:15 -0500] "POST /forms/lservlet;jsessionid=ac16012b30d7fcfb694b74754b67ba13d8349b7969d1.e3iSbxaKaheRe38KbN0Rb34Mc3j0n6jAmljGr5XDqQLvpAe HTTP/1.1" 200 2
190.158.212.254 - - [19/Dec/2015:14:19:42 -0500] "GET /galeria/carrusel/Carrusel/jquery.thumbnailScroller.js HTTP/1.1" 200 8157
190.158.212.254 - - [19/Dec/2015:14:19:42 -0500] "GET /galeria/carrusel/Carrusel/jquery-ui-1.8.13.custom.min.js HTTP/1.1" 200 10800
190.158.212.254 - - [19/Dec/2015:14:19:42 -0500] "GET /galeria/galeria/jquery.fancybox.css?v=2.1.5 HTTP/1.1" 200 4895
190.158.212.254 - - [19/Dec/2015:14:19:42 -0500] "GET /galeria/carrusel/Carrusel/jquery.thumbnailScroller.css HTTP/1.1" 200 2066
190.158.212.254 - - [19/Dec/2015:14:19:42 -0500] "GET /BLA/boletinlegal/js/jquery.scrollShow.js HTTP/1.1" 200 4586
190.158.212.254 - - [19/Dec/2015:14:19:42 -0500] "GET /galeria/galeria/jquery.fancybox.js?v=2.1.5 HTTP/1.1" 200 48706
190.158.212.254 - - [19/Dec/2015:14:19:42 -0500] "GET /galeria/nivo-slider/demo/demo.html HTTP/1.1" 200 4456
190.158.212.254 - - [19/Dec/2015:14:19:43 -0500] "GET /galeria/nivo-slider/themes/pascal/pascal.css HTTP/1.1" 200 2258
190.158.212.254 - - [19/Dec/2015:14:19:43 -0500] "GET /galeria/nivo-slider/themes/default/default.css HTTP/1.1" 200 1569
190.158.212.254 - - [19/Dec/2015:14:19:43 -0500] "GET /galeria/nivo-slider/nivo-slider.css HTTP/1.1" 200 1507
190.158.212.254 - - [19/Dec/2015:14:19:43 -0500] "GET /galeria/nivo-slider/themes/orman/orman.css HTTP/1.1" 200 2152
190.158.212.254 - - [19/Dec/2015:14:19:43 -0500] "GET /galeria/nivo-slider/demo/style.css HTTP/1.1" 200 2222
190.158.212.254 - - [19/Dec/2015:14:19:43 -0500] "GET /galeria/nivo-slider/demo/scripts/jquery-1.7.1.min.js HTTP/1.1" 200 93868
190.158.212.254 - - [19/Dec/2015:14:19:43 -0500] "GET /galeria/nivo-slider/jquery.nivo.slider.pack.js HTTP/1.1" 200 11561
190.158.212.254 - - [19/Dec/2015:14:19:43 -0500] "GET /galeria/nivo-slider/demo/images/ambientales.jpg HTTP/1.1" 200 397233
190.158.212.254 - - [19/Dec/2015:14:19:43 -0500] "GET /galeria/nivo-slider/demo/images/Programacion-navidena.jpg HTTP/1.1" 200 316038
190.158.212.254 - - [19/Dec/2015:14:19:43 -0500] "GET /galeria/nivo-slider/demo/images/2Banner-encuestaSDA.jpg HTTP/1.1" 200 208228
190.158.212.254 - - [19/Dec/2015:14:19:43 -0500] "GET /galeria/nivo-slider/demo/images/ABC-Plan-de-contigencia.jpg HTTP/1.1" 200 401853
190.158.212.254 - - [19/Dec/2015:14:19:44 -0500] "GET /galeria/nivo-slider/demo/images/4Simple_Slider.png HTTP/1.1" 200 11722
190.158.212.254 - - [19/Dec/2015:14:19:44 -0500] "GET /galeria/nivo-slider/themes/default/loading.gif HTTP/1.1" 200 1737
66.249.64.106 - - [19/Dec/2015:14:19:45 -0500] "GET /BLA/resoluciones/AUTOS%202013/1355.pdf HTTP/1.1" 200 162195
190.158.212.254 - - [19/Dec/2015:14:19:45 -0500] "GET /galeria/nivo-slider/demo/images/banner-llantas2015.jpg HTTP/1.1" 200 185615
190.158.212.254 - - [19/Dec/2015:14:19:45 -0500] "GET /galeria/nivo-slider/demo/images/caminata-ecologica.jpg HTTP/1.1" 200 161069
190.158.212.254 - - [19/Dec/2015:14:19:47 -0500] "GET /galeria/nivo-slider/demo/images/Banner-ahorro-de-agua.jpg HTTP/1.1" 200 149141
190.158.212.254 - - [19/Dec/2015:14:19:47 -0500] "GET /galeria/nivo-slider/demo/images/Cmapana-onestidad.jpg HTTP/1.1" 200 141638
190.158.212.254 - - [19/Dec/2015:14:19:47 -0500] "GET /galeria/nivo-slider/demo/images/PREDAcamp.jpg HTTP/1.1" 200 295358
190.158.212.254 - - [19/Dec/2015:14:19:49 -0500] "GET /galeria/nivo-slider/demo/images/banner-llantas2.jpg HTTP/1.1" 200 204644
190.158.212.254 - - [19/Dec/2015:14:19:49 -0500] "GET /galeria/nivo-slider/demo/images/9Signos.jpg HTTP/1.1" 200 81776
190.158.212.254 - - [19/Dec/2015:14:19:49 -0500] "GET /galeria/nivo-slider/demo/images/Ruta-vertimientos-01.jpg HTTP/1.1" 200 130151
190.158.212.254 - - [19/Dec/2015:14:19:49 -0500] "GET /galeria/nivo-slider/demo/images/bolsas-06.jpg HTTP/1.1" 200 90982
190.158.212.254 - - [19/Dec/2015:14:19:50 -0500] "GET /galeria/nivo-slider/demo/images/Conoce-los-humedales.jpg HTTP/1.1" 200 294036
190.158.212.254 - - [19/Dec/2015:14:19:51 -0500] "GET /galeria/nivo-slider/demo/images/ecolecta-Dic2014.png HTTP/1.1" 200 288593
190.158.212.254 - - [19/Dec/2015:14:19:54 -0500] "GET /galeria/nivo-slider/themes/default/arrows.png HTTP/1.1" 200 824
190.158.212.254 - - [19/Dec/2015:14:19:54 -0500] "GET /galeria/nivo-slider/themes/default/bullets.png HTTP/1.1" 200 1281
181.61.8.248 - - [19/Dec/2015:14:19:58 -0500] "POST /forms/lservlet;jsessionid=ac16012b30d7de18c878eaac480581caac0f5612543e.e3iSbxaKaheRe38KbN0Rb34Mc3j0n6jAmljGr5XDqQLvpAe HTTP/1.1" 200 2
66.249.64.106 - - [19/Dec/2015:14:20:25 -0500] "GET /BLA/resoluciones/AUTOS%202012/1752.pdf HTTP/1.1" 304 -
180.76.15.17 - - [19/Dec/2015:14:20:34 -0500] "GET / HTTP/1.1" 301 324
180.76.15.11 - - [19/Dec/2015:14:20:36 -0500] "GET / HTTP/1.1" 301 324
190.25.157.12 - - [19/Dec/2015:14:21:15 -0500] "POST /forms/lservlet;jsessionid=ac16012b30d7fcfb694b74754b67ba13d8349b7969d1.e3iSbxaKaheRe38KbN0Rb34Mc3j0n6jAmljGr5XDqQLvpAe HTTP/1.1" 200 2
181.61.8.248 - - [19/Dec/2015:14:21:58 -0500] "POST /forms/lservlet;jsessionid=ac16012b30d7de18c878eaac480581caac0f5612543e.e3iSbxaKaheRe38KbN0Rb34Mc3j0n6jAmljGr5XDqQLvpAe HTTP/1.1" 200 2
69.162.124.233 - - [19/Dec/2015:14:22:59 -0500] "HEAD / HTTP/1.1" 200 -
66.249.64.106 - - [19/Dec/2015:14:23:02 -0500] "GET /BLA/resoluciones/AUTOS%202014/3699.pdf HTTP/1.1" 200 2775940
190.25.157.12 - - [19/Dec/2015:14:23:15 -0500] "POST /forms/lservlet;jsessionid=ac16012b30d7fcfb694b74754b67ba13d8349b7969d1.e3iSbxaKaheRe38KbN0Rb34Mc3j0n6jAmljGr5XDqQLvpAe HTTP/1.1" 200 2
181.61.8.248 - - [19/Dec/2015:14:23:58 -0500] "POST /forms/lservlet;jsessionid=ac16012b30d7de18c878eaac480581caac0f5612543e.e3iSbxaKaheRe38KbN0Rb34Mc3j0n6jAmljGr5XDqQLvpAe HTTP/1.1" 200 2
66.249.64.243 - - [19/Dec/2015:14:24:39 -0500] "GET / HTTP/1.1" 200 10190
190.25.157.12 - - [19/Dec/2015:14:25:15 -0500] "POST /forms/lservlet;jsessionid=ac16012b30d7fcfb694b74754b67ba13d8349b7969d1.e3iSbxaKaheRe38KbN0Rb34Mc3j0n6jAmljGr5XDqQLvpAe HTTP/1.1" 200 2
181.61.8.248 - - [19/Dec/2015:14:25:58 -0500] "POST /forms/lservlet;jsessionid=ac16012b30d7de18c878eaac480581caac0f5612543e.e3iSbxaKaheRe38KbN0Rb34Mc3j0n6jAmljGr5XDqQLvpAe HTTP/1.1" 200 2
66.249.64.106 - - [19/Dec/2015:14:26:18 -0500] "GET /BLA/resoluciones/RESOLUCIONES%202012/1555.pdf HTTP/1.1" 200 3303513
199.30.25.67 - - [19/Dec/2015:14:26:40 -0500] "GET /autoliquidacion HTTP/1.1" 301 310
199.30.25.67 - - [19/Dec/2015:14:26:40 -0500] "GET /autoliquidacion/ HTTP/1.1" 200 6375
199.30.25.67 - - [19/Dec/2015:14:26:40 -0500] "GET /autoliquidacion/dlf/styles.css HTTP/1.1" 200 3045
190.25.157.12 - - [19/Dec/2015:14:27:15 -0500] "POST /forms/lservlet;jsessionid=ac16012b30d7fcfb694b74754b67ba13d8349b7969d1.e3iSbxaKaheRe38KbN0Rb34Mc3j0n6jAmljGr5XDqQLvpAe HTTP/1.1" 200 2
181.61.8.248 - - [19/Dec/2015:14:27:58 -0500] "POST /forms/lservlet;jsessionid=ac16012b30d7de18c878eaac480581caac0f5612543e.e3iSbxaKaheRe38KbN0Rb34Mc3j0n6jAmljGr5XDqQLvpAe HTTP/1.1" 200 2
69.162.124.233 - - [19/Dec/2015:14:27:59 -0500] "HEAD / HTTP/1.1" 200 -
190.25.157.12 - - [19/Dec/2015:14:29:15 -0500] "POST /forms/lservlet;jsessionid=ac16012b30d7fcfb694b74754b67ba13d8349b7969d1.e3iSbxaKaheRe38KbN0Rb34Mc3j0n6jAmljGr5XDqQLvpAe HTTP/1.1" 200 2
66.249.64.96 - - [19/Dec/2015:14:29:38 -0500] "GET /BLA/resoluciones/RESOLUCIONES%202007/RES%202007%201501%20AL%201600/RESOLUCION%201594%20DE%202007.pdf HTTP/1.1" 200 956898
181.146.37.70 - - [19/Dec/2015:14:29:47 -0500] "GET /BLA/resoluciones/AUTOS%202007/0256.pdf HTTP/1.1" 200 66165
181.61.8.248 - - [19/Dec/2015:14:29:58 -0500] "POST /forms/lservlet;jsessionid=ac16012b30d7de18c878eaac480581caac0f5612543e.e3iSbxaKaheRe38KbN0Rb34Mc3j0n6jAmljGr5XDqQLvpAe HTTP/1.1" 200 2
179.32.102.244 - - [19/Dec/2015:14:30:14 -0500] "GET /galeria/galeria/jquery.fancybox.css?v=2.1.5 HTTP/1.1" 200 4895
179.32.102.244 - - [19/Dec/2015:14:30:14 -0500] "GET /galeria/carrusel/Carrusel/jquery.thumbnailScroller.css HTTP/1.1" 200 2066
179.32.102.244 - - [19/Dec/2015:14:30:14 -0500] "GET /BLA/boletinlegal/js/jquery.scrollShow.js HTTP/1.1" 200 4586
179.32.102.244 - - [19/Dec/2015:14:30:14 -0500] "GET /galeria/galeria/jquery.fancybox.js?v=2.1.5 HTTP/1.1" 200 48706
179.32.102.244 - - [19/Dec/2015:14:30:14 -0500] "GET /galeria/carrusel/Carrusel/jquery-ui-1.8.13.custom.min.js HTTP/1.1" 200 10800
179.32.102.244 - - [19/Dec/2015:14:30:14 -0500] "GET /galeria/carrusel/Carrusel/jquery.thumbnailScroller.js HTTP/1.1" 200 8157
179.32.102.244 - - [19/Dec/2015:14:30:26 -0500] "GET /galeria/nivo-slider/demo/demo.html HTTP/1.1" 200 4456
179.32.102.244 - - [19/Dec/2015:14:30:27 -0500] "GET /galeria/nivo-slider/themes/default/default.css HTTP/1.1" 200 1569
179.32.102.244 - - [19/Dec/2015:14:30:27 -0500] "GET /galeria/nivo-slider/themes/pascal/pascal.css HTTP/1.1" 200 2258
179.32.102.244 - - [19/Dec/2015:14:30:27 -0500] "GET /galeria/nivo-slider/themes/orman/orman.css HTTP/1.1" 200 2152
179.32.102.244 - - [19/Dec/2015:14:30:27 -0500] "GET /galeria/nivo-slider/nivo-slider.css HTTP/1.1" 200 1507
179.32.102.244 - - [19/Dec/2015:14:30:27 -0500] "GET /galeria/nivo-slider/demo/style.css HTTP/1.1" 200 2222
179.32.102.244 - - [19/Dec/2015:14:30:27 -0500] "GET /galeria/nivo-slider/demo/scripts/jquery-1.7.1.min.js HTTP/1.1" 200 93868
179.32.102.244 - - [19/Dec/2015:14:30:27 -0500] "GET /galeria/nivo-slider/jquery.nivo.slider.pack.js HTTP/1.1" 200 11561
179.32.102.244 - - [19/Dec/2015:14:30:31 -0500] "GET /galeria/nivo-slider/demo/images/4Simple_Slider.png HTTP/1.1" 200 11722
179.32.102.244 - - [19/Dec/2015:14:30:31 -0500] "GET /galeria/nivo-slider/themes/default/loading.gif HTTP/1.1" 200 1737
179.32.102.244 - - [19/Dec/2015:14:30:35 -0500] "GET /galeria/nivo-slider/demo/images/ambientales.jpg HTTP/1.1" 200 397233
179.32.102.244 - - [19/Dec/2015:14:30:35 -0500] "GET /galeria/nivo-slider/demo/images/Programacion-navidena.jpg HTTP/1.1" 200 316038
179.32.102.244 - - [19/Dec/2015:14:30:36 -0500] "GET /galeria/nivo-slider/demo/images/2Banner-encuestaSDA.jpg HTTP/1.1" 200 208228
179.32.102.244 - - [19/Dec/2015:14:30:36 -0500] "GET /galeria/nivo-slider/demo/images/ABC-Plan-de-contigencia.jpg HTTP/1.1" 200 401853
179.32.102.244 - - [19/Dec/2015:14:30:37 -0500] "GET /galeria/nivo-slider/demo/images/banner-llantas2015.jpg HTTP/1.1" 200 185615
190.25.157.12 - - [19/Dec/2015:14:31:15 -0500] "POST /forms/lservlet;jsessionid=ac16012b30d7fcfb694b74754b67ba13d8349b7969d1.e3iSbxaKaheRe38KbN0Rb34Mc3j0n6jAmljGr5XDqQLvpAe HTTP/1.1" 200 2
66.249.64.96 - - [19/Dec/2015:14:31:42 -0500] "GET /BLA/resoluciones/RESOLUCIONES%202009/8562.pdf HTTP/1.1" 304 -
181.61.8.248 - - [19/Dec/2015:14:31:59 -0500] "POST /forms/lservlet;jsessionid=ac16012b30d7de18c878eaac480581caac0f5612543e.e3iSbxaKaheRe38KbN0Rb34Mc3j0n6jAmljGr5XDqQLvpAe HTTP/1.1" 200 2
157.55.39.149 - - [19/Dec/2015:14:32:27 -0500] "GET /robots.txt HTTP/1.1" 404 1018
