190.24.57.91 - - [19/Dec/2015:15:08:08 -0500] "GET /videos/galeria-cronicas/skin/blue.monday/jplayer.blue.monday.css HTTP/1.1" 200 12518
190.24.57.91 - - [19/Dec/2015:15:08:08 -0500] "GET /videos/galeria-cronicas/js/jquery.jplayer.min.js HTTP/1.1" 200 43668
190.24.57.91 - - [19/Dec/2015:15:08:08 -0500] "GET /videos/galeria-cronicas/js/jplayer.playlist.min.js HTTP/1.1" 200 8608
190.24.57.91 - - [19/Dec/2015:15:08:09 -0500] "GET /videos/galeria-cronicas/skin/blue.monday/jplayer.blue.monday.video.play.png HTTP/1.1" 200 14424
190.24.57.91 - - [19/Dec/2015:15:08:09 -0500] "GET /videos/galeria-cronicas/skin/blue.monday/jplayer.blue.monday.jpg HTTP/1.1" 200 23189
190.24.57.91 - - [19/Dec/2015:15:08:09 -0500] "GET /videos/galeria-cronicas/1videos/parche.mp4video.mp4 HTTP/1.1" 206 2821840
190.24.57.91 - - [19/Dec/2015:15:08:09 -0500] "GET /videos/galeria-cronicas/skin/blue.monday/jplayer.blue.monday.seeking.gif HTTP/1.1" 200 3284
190.24.57.91 - - [19/Dec/2015:15:08:09 -0500] "GET /videos/galeria-cronicas/1videos/parche.mp4video.mp4 HTTP/1.1" 206 31459
190.24.57.91 - - [19/Dec/2015:15:08:09 -0500] "GET /videos/galeria-cronicas/1videos/parche.mp4video.mp4 HTTP/1.1" 206 2745921
190.24.57.91 - - [19/Dec/2015:15:08:12 -0500] "GET /videos/galeria-cronicas/3wnplaylist.htm? HTTP/1.1" 200 4170
190.24.57.91 - - [19/Dec/2015:15:08:12 -0500] "GET /videos/galeria-cronicas/1videos/Concurso.mp4video.mp4 HTTP/1.1" 206 5030397
190.24.57.91 - - [19/Dec/2015:15:08:12 -0500] "GET /videos/galeria-cronicas/1videos/Concurso.mp4video.mp4 HTTP/1.1" 206 65796
181.49.72.81 - - [19/Dec/2015:15:08:13 -0500] "GET /BLA/boletinlegal/js/jquery.scrollShow.js HTTP/1.1" 304 -
181.49.72.81 - - [19/Dec/2015:15:08:13 -0500] "GET /galeria/galeria/jquery.fancybox.css?v=2.1.5 HTTP/1.1" 304 -
181.49.72.81 - - [19/Dec/2015:15:08:13 -0500] "GET /galeria/galeria/jquery.fancybox.js?v=2.1.5 HTTP/1.1" 304 -
190.24.57.91 - - [19/Dec/2015:15:08:13 -0500] "GET /videos/galeria-cronicas/1videos/Concurso.mp4video.mp4 HTTP/1.1" 206 4925097
190.24.57.91 - - [19/Dec/2015:15:08:15 -0500] "GET /videos/galeria-cronicas/1videos/Concurso.mp4video.mp4 HTTP/1.1" 206 4921326
190.24.57.91 - - [19/Dec/2015:15:08:24 -0500] "GET /videos/galeria-cronicas/1videos/NinosAm.mp4video.mp4 HTTP/1.1" 206 11774563
190.24.57.91 - - [19/Dec/2015:15:08:25 -0500] "GET /videos/galeria-cronicas/1videos/NinosAm.mp4video.mp4 HTTP/1.1" 206 45074
190.24.57.91 - - [19/Dec/2015:15:08:26 -0500] "GET /videos/galeria-cronicas/1videos/NinosAm.mp4video.mp4 HTTP/1.1" 206 11695244
190.156.12.251 - - [19/Dec/2015:15:08:36 -0500] "GET /galeria/galeria/jquery.fancybox.css?v=2.1.5 HTTP/1.1" 200 4895
190.156.12.251 - - [19/Dec/2015:15:08:36 -0500] "GET /galeria/carrusel/Carrusel/jquery.thumbnailScroller.css HTTP/1.1" 200 2066
190.156.12.251 - - [19/Dec/2015:15:08:36 -0500] "GET /BLA/boletinlegal/js/jquery.scrollShow.js HTTP/1.1" 200 4586
190.156.12.251 - - [19/Dec/2015:15:08:36 -0500] "GET /galeria/carrusel/Carrusel/jquery.thumbnailScroller.js HTTP/1.1" 200 8157
190.156.12.251 - - [19/Dec/2015:15:08:36 -0500] "GET /galeria/carrusel/Carrusel/jquery-ui-1.8.13.custom.min.js HTTP/1.1" 200 10800
190.156.12.251 - - [19/Dec/2015:15:08:36 -0500] "GET /galeria/galeria/jquery.fancybox.js?v=2.1.5 HTTP/1.1" 200 48706
190.156.12.251 - - [19/Dec/2015:15:08:37 -0500] "GET /galeria/nivo-slider/demo/demo.html HTTP/1.1" 200 4456
190.156.12.251 - - [19/Dec/2015:15:08:37 -0500] "GET /galeria/nivo-slider/nivo-slider.css HTTP/1.1" 200 1507
190.156.12.251 - - [19/Dec/2015:15:08:37 -0500] "GET /galeria/nivo-slider/themes/orman/orman.css HTTP/1.1" 200 2152
190.156.12.251 - - [19/Dec/2015:15:08:37 -0500] "GET /galeria/nivo-slider/themes/default/default.css HTTP/1.1" 200 1569
190.156.12.251 - - [19/Dec/2015:15:08:37 -0500] "GET /galeria/nivo-slider/themes/pascal/pascal.css HTTP/1.1" 200 2258
190.156.12.251 - - [19/Dec/2015:15:08:37 -0500] "GET /galeria/nivo-slider/demo/style.css HTTP/1.1" 200 2222
190.156.12.251 - - [19/Dec/2015:15:08:37 -0500] "GET /galeria/nivo-slider/demo/scripts/jquery-1.7.1.min.js HTTP/1.1" 200 93868
190.156.12.251 - - [19/Dec/2015:15:08:37 -0500] "GET /galeria/nivo-slider/jquery.nivo.slider.pack.js HTTP/1.1" 200 11561
190.156.12.251 - - [19/Dec/2015:15:08:38 -0500] "GET /galeria/nivo-slider/demo/images/4Simple_Slider.png HTTP/1.1" 200 11722
190.156.12.251 - - [19/Dec/2015:15:08:38 -0500] "GET /galeria/nivo-slider/themes/default/loading.gif HTTP/1.1" 200 1737
190.156.12.251 - - [19/Dec/2015:15:08:39 -0500] "GET /galeria/nivo-slider/demo/images/ambientales.jpg HTTP/1.1" 200 397233
190.156.12.251 - - [19/Dec/2015:15:08:39 -0500] "GET /galeria/nivo-slider/demo/images/Programacion-navidena.jpg HTTP/1.1" 200 316038
190.156.12.251 - - [19/Dec/2015:15:08:39 -0500] "GET /galeria/nivo-slider/demo/images/2Banner-encuestaSDA.jpg HTTP/1.1" 200 208228
190.156.12.251 - - [19/Dec/2015:15:08:40 -0500] "GET /galeria/nivo-slider/demo/images/ABC-Plan-de-contigencia.jpg HTTP/1.1" 200 401853
190.156.12.251 - - [19/Dec/2015:15:08:41 -0500] "GET /galeria/nivo-slider/demo/images/banner-llantas2015.jpg HTTP/1.1" 200 185615
190.156.12.251 - - [19/Dec/2015:15:08:41 -0500] "GET /galeria/nivo-slider/demo/images/caminata-ecologica.jpg HTTP/1.1" 200 161069
190.156.12.251 - - [19/Dec/2015:15:08:42 -0500] "GET /galeria/nivo-slider/demo/images/Banner-ahorro-de-agua.jpg HTTP/1.1" 200 149141
190.156.12.251 - - [19/Dec/2015:15:08:42 -0500] "GET /galeria/nivo-slider/demo/images/Cmapana-onestidad.jpg HTTP/1.1" 200 141638
190.156.12.251 - - [19/Dec/2015:15:08:42 -0500] "GET /galeria/nivo-slider/demo/images/PREDAcamp.jpg HTTP/1.1" 200 295358
190.156.12.251 - - [19/Dec/2015:15:08:43 -0500] "GET /galeria/nivo-slider/demo/images/banner-llantas2.jpg HTTP/1.1" 200 204644
190.156.12.251 - - [19/Dec/2015:15:08:43 -0500] "GET /galeria/nivo-slider/demo/images/9Signos.jpg HTTP/1.1" 200 81776
190.156.12.251 - - [19/Dec/2015:15:08:44 -0500] "GET /galeria/nivo-slider/demo/images/Ruta-vertimientos-01.jpg HTTP/1.1" 200 130151
190.156.12.251 - - [19/Dec/2015:15:08:44 -0500] "GET /galeria/nivo-slider/demo/images/bolsas-06.jpg HTTP/1.1" 200 90982
190.156.12.251 - - [19/Dec/2015:15:08:45 -0500] "GET /galeria/nivo-slider/demo/images/Conoce-los-humedales.jpg HTTP/1.1" 200 294036
190.156.12.251 - - [19/Dec/2015:15:08:45 -0500] "GET /galeria/nivo-slider/demo/images/ecolecta-Dic2014.png HTTP/1.1" 200 288593
190.156.12.251 - - [19/Dec/2015:15:08:49 -0500] "GET /galeria/nivo-slider/themes/default/arrows.png HTTP/1.1" 200 824
190.156.12.251 - - [19/Dec/2015:15:08:49 -0500] "GET /galeria/nivo-slider/themes/default/bullets.png HTTP/1.1" 200 1281
190.24.57.91 - - [19/Dec/2015:15:08:55 -0500] "GET /videos/galeria-cronicas/1videos/parche.mp4video.mp4 HTTP/1.1" 206 19
190.24.57.91 - - [19/Dec/2015:15:08:55 -0500] "GET /videos/galeria-cronicas/1videos/parche.mp4video.mp4 HTTP/1.1" 206 720
190.24.57.91 - - [19/Dec/2015:15:08:55 -0500] "GET /videos/galeria-cronicas/1videos/parche.mp4video.mp4 HTTP/1.1" 206 1252446
190.24.57.91 - - [19/Dec/2015:15:08:59 -0500] "GET /videos/galeria-cronicas/1videos/parche.mp4video.mp4 HTTP/1.1" 206 720
66.249.64.101 - - [19/Dec/2015:15:09:10 -0500] "GET /autoliquidacion/Grupo%20Forestal%20-%20Industria%20de%20la%20Madera/Solicitud%20Certificaci%C3%B3n.pdf HTTP/1.1" 200 117262
190.25.157.12 - - [19/Dec/2015:15:09:16 -0500] "POST /forms/lservlet;jsessionid=ac16012b30d7fcfb694b74754b67ba13d8349b7969d1.e3iSbxaKaheRe38KbN0Rb34Mc3j0n6jAmljGr5XDqQLvpAe HTTP/1.1" 200 2
190.156.12.251 - - [19/Dec/2015:15:09:35 -0500] "GET /galeria/galeria/jquery.fancybox.css?v=2.1.5 HTTP/1.1" 304 -
190.156.12.251 - - [19/Dec/2015:15:09:35 -0500] "GET /BLA/boletinlegal/js/jquery.scrollShow.js HTTP/1.1" 304 -
190.156.12.251 - - [19/Dec/2015:15:09:35 -0500] "GET /galeria/galeria/jquery.fancybox.js?v=2.1.5 HTTP/1.1" 304 -
181.61.46.47 - - [19/Dec/2015:15:09:41 -0500] "POST /forms/lservlet;jsessionid=ac16012b30d7a4f44410fe5a4b5b92f3ef15ff9e3cf6.e3iSbxaKaheRe38KbN0Rb34Mc3j0n6jAmljGr5XDqQLvpAe HTTP/1.1" 200 2
181.61.8.248 - - [19/Dec/2015:15:09:59 -0500] "POST /forms/lservlet;jsessionid=ac16012b30d7de18c878eaac480581caac0f5612543e.e3iSbxaKaheRe38KbN0Rb34Mc3j0n6jAmljGr5XDqQLvpAe HTTP/1.1" 200 2
201.245.179.194 - - [19/Dec/2015:15:10:57 -0500] "GET /BLA/boletinlegal/js/jquery.scrollShow.js HTTP/1.1" 200 4586
201.245.179.194 - - [19/Dec/2015:15:10:57 -0500] "GET /galeria/galeria/jquery.fancybox.css?v=2.1.5 HTTP/1.1" 200 4895
201.245.179.194 - - [19/Dec/2015:15:10:57 -0500] "GET /galeria/galeria/jquery.fancybox.js?v=2.1.5 HTTP/1.1" 200 48706
201.245.179.194 - - [19/Dec/2015:15:10:57 -0500] "GET /galeria/carrusel/Carrusel/jquery.thumbnailScroller.css HTTP/1.1" 200 2066
201.245.179.194 - - [19/Dec/2015:15:10:57 -0500] "GET /galeria/carrusel/Carrusel/jquery-ui-1.8.13.custom.min.js HTTP/1.1" 200 10800
201.245.179.194 - - [19/Dec/2015:15:10:57 -0500] "GET /galeria/carrusel/Carrusel/jquery.thumbnailScroller.js HTTP/1.1" 200 8157
201.245.179.194 - - [19/Dec/2015:15:10:59 -0500] "GET /galeria/nivo-slider/demo/demo.html HTTP/1.1" 200 4456
201.245.179.194 - - [19/Dec/2015:15:11:01 -0500] "GET /galeria/nivo-slider/themes/pascal/pascal.css HTTP/1.1" 200 2258
201.245.179.194 - - [19/Dec/2015:15:11:01 -0500] "GET /galeria/nivo-slider/nivo-slider.css HTTP/1.1" 200 1507
201.245.179.194 - - [19/Dec/2015:15:11:01 -0500] "GET /galeria/nivo-slider/demo/style.css HTTP/1.1" 200 2222
201.245.179.194 - - [19/Dec/2015:15:11:01 -0500] "GET /galeria/nivo-slider/themes/default/default.css HTTP/1.1" 200 1569
201.245.179.194 - - [19/Dec/2015:15:11:01 -0500] "GET /galeria/nivo-slider/themes/orman/orman.css HTTP/1.1" 200 2152
201.245.179.194 - - [19/Dec/2015:15:11:01 -0500] "GET /galeria/nivo-slider/demo/images/ambientales.jpg HTTP/1.1" 200 397233
201.245.179.194 - - [19/Dec/2015:15:11:01 -0500] "GET /galeria/nivo-slider/demo/scripts/jquery-1.7.1.min.js HTTP/1.1" 200 93868
201.245.179.194 - - [19/Dec/2015:15:11:01 -0500] "GET /galeria/nivo-slider/jquery.nivo.slider.pack.js HTTP/1.1" 200 11561
201.245.179.194 - - [19/Dec/2015:15:11:01 -0500] "GET /galeria/nivo-slider/demo/images/2Banner-encuestaSDA.jpg HTTP/1.1" 200 208228
201.245.179.194 - - [19/Dec/2015:15:11:01 -0500] "GET /galeria/nivo-slider/demo/images/Programacion-navidena.jpg HTTP/1.1" 200 316038
201.245.179.194 - - [19/Dec/2015:15:11:01 -0500] "GET /galeria/nivo-slider/demo/images/ABC-Plan-de-contigencia.jpg HTTP/1.1" 200 401853
201.245.179.194 - - [19/Dec/2015:15:11:01 -0500] "GET /galeria/nivo-slider/demo/images/banner-llantas2015.jpg HTTP/1.1" 200 185615
201.245.179.194 - - [19/Dec/2015:15:11:01 -0500] "GET /galeria/nivo-slider/demo/images/Cmapana-onestidad.jpg HTTP/1.1" 200 141638
201.245.179.194 - - [19/Dec/2015:15:11:01 -0500] "GET /galeria/nivo-slider/demo/images/PREDAcamp.jpg HTTP/1.1" 200 295358
201.245.179.194 - - [19/Dec/2015:15:11:01 -0500] "GET /galeria/nivo-slider/demo/images/banner-llantas2.jpg HTTP/1.1" 200 204644
201.245.179.194 - - [19/Dec/2015:15:11:01 -0500] "GET /galeria/nivo-slider/demo/images/9Signos.jpg HTTP/1.1" 200 81776
201.245.179.194 - - [19/Dec/2015:15:11:01 -0500] "GET /galeria/nivo-slider/demo/images/4Simple_Slider.png HTTP/1.1" 200 11722
201.245.179.194 - - [19/Dec/2015:15:11:01 -0500] "GET /galeria/nivo-slider/themes/default/loading.gif HTTP/1.1" 200 1737
201.245.179.194 - - [19/Dec/2015:15:11:01 -0500] "GET /galeria/nivo-slider/demo/images/Ruta-vertimientos-01.jpg HTTP/1.1" 200 130151
201.245.179.194 - - [19/Dec/2015:15:11:02 -0500] "GET /galeria/nivo-slider/demo/images/bolsas-06.jpg HTTP/1.1" 200 90982
201.245.179.194 - - [19/Dec/2015:15:11:03 -0500] "GET /galeria/nivo-slider/demo/images/Conoce-los-humedales.jpg HTTP/1.1" 200 294036
201.245.179.194 - - [19/Dec/2015:15:11:03 -0500] "GET /galeria/nivo-slider/demo/images/ecolecta-Dic2014.png HTTP/1.1" 200 288593
201.245.179.194 - - [19/Dec/2015:15:11:04 -0500] "GET /galeria/nivo-slider/demo/images/caminata-ecologica.jpg HTTP/1.1" 200 161069
201.245.179.194 - - [19/Dec/2015:15:11:04 -0500] "GET /galeria/nivo-slider/demo/images/Banner-ahorro-de-agua.jpg HTTP/1.1" 200 149141
201.245.179.194 - - [19/Dec/2015:15:11:05 -0500] "GET /galeria/nivo-slider/themes/default/arrows.png HTTP/1.1" 200 824
201.245.179.194 - - [19/Dec/2015:15:11:05 -0500] "GET /galeria/nivo-slider/themes/default/bullets.png HTTP/1.1" 200 1281
66.249.64.96 - - [19/Dec/2015:15:11:14 -0500] "GET /BLA/resoluciones/RESOLUCIONES%202011/5552.pdf HTTP/1.1" 200 469526
190.25.157.12 - - [19/Dec/2015:15:11:16 -0500] "POST /forms/lservlet;jsessionid=ac16012b30d7fcfb694b74754b67ba13d8349b7969d1.e3iSbxaKaheRe38KbN0Rb34Mc3j0n6jAmljGr5XDqQLvpAe HTTP/1.1" 200 2
181.61.46.47 - - [19/Dec/2015:15:11:41 -0500] "POST /forms/lservlet;jsessionid=ac16012b30d7a4f44410fe5a4b5b92f3ef15ff9e3cf6.e3iSbxaKaheRe38KbN0Rb34Mc3j0n6jAmljGr5XDqQLvpAe HTTP/1.1" 200 2
66.249.64.101 - - [19/Dec/2015:15:12:28 -0500] "GET /BLA/resoluciones/AUTOS%202014/1547.pdf HTTP/1.1" 304 -
157.55.39.89 - - [19/Dec/2015:15:12:31 -0500] "GET /robots.txt HTTP/1.1" 404 1019
157.55.39.89 - - [19/Dec/2015:15:12:56 -0500] "GET /POT-2013/index.php?dir=memoria+justificativa%2F HTTP/1.1" 200 2484
69.162.124.233 - - [19/Dec/2015:15:12:59 -0500] "HEAD / HTTP/1.1" 200 -
190.25.157.12 - - [19/Dec/2015:15:13:16 -0500] "POST /forms/lservlet;jsessionid=ac16012b30d7fcfb694b74754b67ba13d8349b7969d1.e3iSbxaKaheRe38KbN0Rb34Mc3j0n6jAmljGr5XDqQLvpAe HTTP/1.1" 200 2
181.61.46.47 - - [19/Dec/2015:15:13:41 -0500] "POST /forms/lservlet;jsessionid=ac16012b30d7a4f44410fe5a4b5b92f3ef15ff9e3cf6.e3iSbxaKaheRe38KbN0Rb34Mc3j0n6jAmljGr5XDqQLvpAe HTTP/1.1" 200 2
180.76.15.31 - - [19/Dec/2015:15:14:35 -0500] "GET / HTTP/1.1" 200 10190
180.76.15.10 - - [19/Dec/2015:15:14:42 -0500] "GET / HTTP/1.1" 200 10190
190.25.157.12 - - [19/Dec/2015:15:15:16 -0500] "POST /forms/lservlet;jsessionid=ac16012b30d7fcfb694b74754b67ba13d8349b7969d1.e3iSbxaKaheRe38KbN0Rb34Mc3j0n6jAmljGr5XDqQLvpAe HTTP/1.1" 200 2
66.249.64.101 - - [19/Dec/2015:15:15:28 -0500] "GET /BLA/resoluciones/RESOLUCIONES%202007/RES%202007%202401%20AL%202500/RESOLUCION%202419%20DE%202007.pdf HTTP/1.1" 200 397855
181.61.46.47 - - [19/Dec/2015:15:15:41 -0500] "POST /forms/lservlet;jsessionid=ac16012b30d7a4f44410fe5a4b5b92f3ef15ff9e3cf6.e3iSbxaKaheRe38KbN0Rb34Mc3j0n6jAmljGr5XDqQLvpAe HTTP/1.1" 200 2
66.249.64.101 - - [19/Dec/2015:15:15:45 -0500] "GET /BLA/resoluciones/RESOLUCIONES%202013/0807.pdf HTTP/1.1" 200 3064716
181.137.222.25 - - [19/Dec/2015:15:16:17 -0500] "GET /BLA/resoluciones/AUTOS%202011/1612.pdf HTTP/1.1" 200 113880
191.95.251.187 - - [19/Dec/2015:15:16:35 -0500] "GET /galeria/nivo-slider/demo/images/ecolecta-Dic2014.png HTTP/1.1" 200 288593
191.95.251.187 - - [19/Dec/2015:15:16:35 -0500] "GET /galeria/nivo-slider/demo/images/ambientales.jpg HTTP/1.1" 200 397233
191.95.251.187 - - [19/Dec/2015:15:16:45 -0500] "GET /galeria/nivo-slider/demo/images/Programacion-navidena.jpg HTTP/1.1" 200 316038
191.95.251.187 - - [19/Dec/2015:15:16:56 -0500] "GET /galeria/nivo-slider/demo/images/2Banner-encuestaSDA.jpg HTTP/1.1" 200 208228
190.25.157.12 - - [19/Dec/2015:15:17:16 -0500] "POST /forms/lservlet;jsessionid=ac16012b30d7fcfb694b74754b67ba13d8349b7969d1.e3iSbxaKaheRe38KbN0Rb34Mc3j0n6jAmljGr5XDqQLvpAe HTTP/1.1" 200 2
181.61.46.47 - - [19/Dec/2015:15:17:42 -0500] "POST /forms/lservlet;jsessionid=ac16012b30d7a4f44410fe5a4b5b92f3ef15ff9e3cf6.e3iSbxaKaheRe38KbN0Rb34Mc3j0n6jAmljGr5XDqQLvpAe HTTP/1.1" 200 2
69.162.124.233 - - [19/Dec/2015:15:17:59 -0500] "HEAD / HTTP/1.1" 200 -
66.249.64.96 - - [19/Dec/2015:15:19:03 -0500] "GET /BLA/resoluciones/RESOLUCIONES%202007/RES%202007%203301%20AL%203400/RESOLUCION%203329%20DE%202007.pdf HTTP/1.1" 200 230664
190.25.157.12 - - [19/Dec/2015:15:19:16 -0500] "POST /forms/lservlet;jsessionid=ac16012b30d7fcfb694b74754b67ba13d8349b7969d1.e3iSbxaKaheRe38KbN0Rb34Mc3j0n6jAmljGr5XDqQLvpAe HTTP/1.1" 200 2
181.61.46.47 - - [19/Dec/2015:15:19:42 -0500] "POST /forms/lservlet;jsessionid=ac16012b30d7a4f44410fe5a4b5b92f3ef15ff9e3cf6.e3iSbxaKaheRe38KbN0Rb34Mc3j0n6jAmljGr5XDqQLvpAe HTTP/1.1" 200 2
66.249.64.96 - - [19/Dec/2015:15:19:43 -0500] "GET /BLA/resoluciones/AUTOS%202007/0618.pdf HTTP/1.1" 200 123244
181.55.4.60 - - [19/Dec/2015:15:19:51 -0500] "GET /galeria/carrusel/Carrusel/jquery.thumbnailScroller.css HTTP/1.1" 200 2066
181.55.4.60 - - [19/Dec/2015:15:19:51 -0500] "GET /galeria/carrusel/Carrusel/jquery-ui-1.8.13.custom.min.js HTTP/1.1" 200 10800
181.55.4.60 - - [19/Dec/2015:15:19:51 -0500] "GET /galeria/carrusel/Carrusel/jquery.thumbnailScroller.js HTTP/1.1" 200 8157
181.55.4.60 - - [19/Dec/2015:15:19:53 -0500] "GET /galeria/nivo-slider/demo/demo.html HTTP/1.1" 200 4456
181.55.4.60 - - [19/Dec/2015:15:19:54 -0500] "GET /galeria/nivo-slider/themes/default/default.css HTTP/1.1" 200 1569
181.55.4.60 - - [19/Dec/2015:15:19:54 -0500] "GET /galeria/nivo-slider/themes/orman/orman.css HTTP/1.1" 200 2152
181.55.4.60 - - [19/Dec/2015:15:19:54 -0500] "GET /galeria/nivo-slider/themes/pascal/pascal.css HTTP/1.1" 200 2258
181.55.4.60 - - [19/Dec/2015:15:19:54 -0500] "GET /galeria/nivo-slider/nivo-slider.css HTTP/1.1" 200 1507
181.55.4.60 - - [19/Dec/2015:15:19:54 -0500] "GET /galeria/nivo-slider/demo/scripts/jquery-1.7.1.min.js HTTP/1.1" 200 93868
181.55.4.60 - - [19/Dec/2015:15:19:54 -0500] "GET /galeria/nivo-slider/demo/style.css HTTP/1.1" 200 2222
181.55.4.60 - - [19/Dec/2015:15:19:55 -0500] "GET /galeria/nivo-slider/jquery.nivo.slider.pack.js HTTP/1.1" 200 11561
181.55.4.60 - - [19/Dec/2015:15:19:55 -0500] "GET /galeria/nivo-slider/demo/images/ambientales.jpg HTTP/1.1" 200 397233
181.55.4.60 - - [19/Dec/2015:15:19:55 -0500] "GET /galeria/nivo-slider/demo/images/Programacion-navidena.jpg HTTP/1.1" 200 316038
181.55.4.60 - - [19/Dec/2015:15:19:55 -0500] "GET /galeria/nivo-slider/demo/images/2Banner-encuestaSDA.jpg HTTP/1.1" 200 208228
181.55.4.60 - - [19/Dec/2015:15:19:55 -0500] "GET /galeria/nivo-slider/demo/images/ABC-Plan-de-contigencia.jpg HTTP/1.1" 200 401853
181.55.4.60 - - [19/Dec/2015:15:19:57 -0500] "GET /galeria/nivo-slider/demo/images/4Simple_Slider.png HTTP/1.1" 200 11722
181.55.4.60 - - [19/Dec/2015:15:19:57 -0500] "GET /galeria/nivo-slider/themes/default/loading.gif HTTP/1.1" 200 1737
181.55.4.60 - - [19/Dec/2015:15:19:57 -0500] "GET /galeria/nivo-slider/demo/images/banner-llantas2015.jpg HTTP/1.1" 200 185615
181.55.4.60 - - [19/Dec/2015:15:19:57 -0500] "GET /galeria/nivo-slider/demo/images/caminata-ecologica.jpg HTTP/1.1" 200 161069
181.55.4.60 - - [19/Dec/2015:15:19:58 -0500] "GET /galeria/nivo-slider/demo/images/Banner-ahorro-de-agua.jpg HTTP/1.1" 200 149141
181.55.4.60 - - [19/Dec/2015:15:19:58 -0500] "GET /galeria/nivo-slider/demo/images/Cmapana-onestidad.jpg HTTP/1.1" 200 141638
181.55.4.60 - - [19/Dec/2015:15:19:59 -0500] "GET /galeria/nivo-slider/demo/images/PREDAcamp.jpg HTTP/1.1" 200 295358
181.55.4.60 - - [19/Dec/2015:15:19:59 -0500] "GET /galeria/nivo-slider/demo/images/banner-llantas2.jpg HTTP/1.1" 200 204644
181.55.4.60 - - [19/Dec/2015:15:20:00 -0500] "GET /galeria/nivo-slider/demo/images/Ruta-vertimientos-01.jpg HTTP/1.1" 200 130151
181.55.4.60 - - [19/Dec/2015:15:20:00 -0500] "GET /galeria/nivo-slider/demo/images/9Signos.jpg HTTP/1.1" 200 81776
181.55.4.60 - - [19/Dec/2015:15:20:00 -0500] "GET /galeria/nivo-slider/demo/images/bolsas-06.jpg HTTP/1.1" 200 90982
181.55.4.60 - - [19/Dec/2015:15:20:00 -0500] "GET /galeria/nivo-slider/demo/images/Conoce-los-humedales.jpg HTTP/1.1" 200 294036
181.55.4.60 - - [19/Dec/2015:15:20:00 -0500] "GET /galeria/nivo-slider/demo/images/ecolecta-Dic2014.png HTTP/1.1" 200 288593
181.55.4.60 - - [19/Dec/2015:15:20:03 -0500] "GET /galeria/nivo-slider/themes/default/arrows.png HTTP/1.1" 200 824
181.55.4.60 - - [19/Dec/2015:15:20:03 -0500] "GET /galeria/nivo-slider/themes/default/bullets.png HTTP/1.1" 200 1281
190.60.94.206 - - [19/Dec/2015:15:20:31 -0500] "GET /galeria/galeria/jquery.fancybox.js?v=2.1.5 HTTP/1.0" 200 48706
190.60.94.206 - - [19/Dec/2015:15:20:31 -0500] "GET /BLA/boletinlegal/js/jquery.scrollShow.js HTTP/1.0" 200 4586
190.60.94.206 - - [19/Dec/2015:15:20:31 -0500] "GET /galeria/galeria/jquery.fancybox.css?v=2.1.5 HTTP/1.0" 200 4895
190.60.94.206 - - [19/Dec/2015:15:20:38 -0500] "GET /BLA/boletinlegal/js/jquery.scrollShow.js HTTP/1.0" 304 -
190.60.94.206 - - [19/Dec/2015:15:20:38 -0500] "GET /galeria/galeria/jquery.fancybox.css?v=2.1.5 HTTP/1.0" 304 -
190.60.94.206 - - [19/Dec/2015:15:20:38 -0500] "GET /galeria/galeria/jquery.fancybox.js?v=2.1.5 HTTP/1.0" 304 -
190.25.157.12 - - [19/Dec/2015:15:21:16 -0500] "POST /forms/lservlet;jsessionid=ac16012b30d7fcfb694b74754b67ba13d8349b7969d1.e3iSbxaKaheRe38KbN0Rb34Mc3j0n6jAmljGr5XDqQLvpAe HTTP/1.1" 200 2
181.61.46.47 - - [19/Dec/2015:15:21:42 -0500] "POST /forms/lservlet;jsessionid=ac16012b30d7a4f44410fe5a4b5b92f3ef15ff9e3cf6.e3iSbxaKaheRe38KbN0Rb34Mc3j0n6jAmljGr5XDqQLvpAe HTTP/1.1" 200 2
66.249.64.101 - - [19/Dec/2015:15:22:21 -0500] "GET /BLA/resoluciones/RESOLUCIONES%202007/RES%202007%202401%20AL%202500/RESOLUCION%202460%20DE%202007.pdf HTTP/1.1" 200 494781
190.250.13.36 - - [19/Dec/2015:15:22:45 -0500] "GET /galeria/galeria/jquery.fancybox.css?v=2.1.5 HTTP/1.1" 200 4895
190.250.13.36 - - [19/Dec/2015:15:22:45 -0500] "GET /BLA/boletinlegal/js/jquery.scrollShow.js HTTP/1.1" 200 4586
190.250.13.36 - - [19/Dec/2015:15:22:45 -0500] "GET /galeria/galeria/jquery.fancybox.js?v=2.1.5 HTTP/1.1" 200 48706
190.250.13.36 - - [19/Dec/2015:15:22:52 -0500] "GET /BLA/boletinlegal/js/jquery.scrollShow.js HTTP/1.1" 304 -
190.250.13.36 - - [19/Dec/2015:15:22:52 -0500] "GET /galeria/galeria/jquery.fancybox.js?v=2.1.5 HTTP/1.1" 304 -
190.250.13.36 - - [19/Dec/2015:15:22:52 -0500] "GET /galeria/galeria/jquery.fancybox.css?v=2.1.5 HTTP/1.1" 304 -
69.162.124.233 - - [19/Dec/2015:15:22:59 -0500] "HEAD / HTTP/1.1" 200 -
190.25.157.12 - - [19/Dec/2015:15:23:16 -0500] "POST /forms/lservlet;jsessionid=ac16012b30d7fcfb694b74754b67ba13d8349b7969d1.e3iSbxaKaheRe38KbN0Rb34Mc3j0n6jAmljGr5XDqQLvpAe HTTP/1.1" 200 2
181.61.46.47 - - [19/Dec/2015:15:23:42 -0500] "POST /forms/lservlet;jsessionid=ac16012b30d7a4f44410fe5a4b5b92f3ef15ff9e3cf6.e3iSbxaKaheRe38KbN0Rb34Mc3j0n6jAmljGr5XDqQLvpAe HTTP/1.1" 200 2
186.95.75.8 - - [19/Dec/2015:15:23:43 -0500] "GET /BLA/resoluciones/AUTOS%202011/1989.pdf HTTP/1.1" 200 122472
66.249.64.96 - - [19/Dec/2015:15:23:57 -0500] "GET /BLA/resoluciones/AUTOS%202014/6262.pdf HTTP/1.1" 200 472920
157.55.39.14 - - [19/Dec/2015:15:24:08 -0500] "GET /robots.txt HTTP/1.1" 404 1019
157.55.39.14 - - [19/Dec/2015:15:24:16 -0500] "GET /SIG/Gesti%C3%B3n%20Talento%20Humano/126PA01-PR30.pdf HTTP/1.1" 200 46548
190.25.157.12 - - [19/Dec/2015:15:25:16 -0500] "POST /forms/lservlet;jsessionid=ac16012b30d7fcfb694b74754b67ba13d8349b7969d1.e3iSbxaKaheRe38KbN0Rb34Mc3j0n6jAmljGr5XDqQLvpAe HTTP/1.1" 200 2
66.249.64.96 - - [19/Dec/2015:15:25:39 -0500] "GET /BLA/resoluciones/RESOLUCIONES%202013/1450.pdf HTTP/1.1" 200 3807279
181.61.46.47 - - [19/Dec/2015:15:25:42 -0500] "POST /forms/lservlet;jsessionid=ac16012b30d7a4f44410fe5a4b5b92f3ef15ff9e3cf6.e3iSbxaKaheRe38KbN0Rb34Mc3j0n6jAmljGr5XDqQLvpAe HTTP/1.1" 200 2
190.25.157.12 - - [19/Dec/2015:15:27:16 -0500] "POST /forms/lservlet;jsessionid=ac16012b30d7fcfb694b74754b67ba13d8349b7969d1.e3iSbxaKaheRe38KbN0Rb34Mc3j0n6jAmljGr5XDqQLvpAe HTTP/1.1" 200 2
181.61.46.47 - - [19/Dec/2015:15:27:42 -0500] "POST /forms/lservlet;jsessionid=ac16012b30d7a4f44410fe5a4b5b92f3ef15ff9e3cf6.e3iSbxaKaheRe38KbN0Rb34Mc3j0n6jAmljGr5XDqQLvpAe HTTP/1.1" 200 2
186.83.161.168 - - [19/Dec/2015:15:27:48 -0500] "GET /BLA/boletinlegal/js/jquery.scrollShow.js HTTP/1.1" 200 4586
186.83.161.168 - - [19/Dec/2015:15:27:48 -0500] "GET /galeria/carrusel/Carrusel/jquery-ui-1.8.13.custom.min.js HTTP/1.1" 200 10800
186.83.161.168 - - [19/Dec/2015:15:27:48 -0500] "GET /galeria/galeria/jquery.fancybox.css?v=2.1.5 HTTP/1.1" 200 4895
186.83.161.168 - - [19/Dec/2015:15:27:48 -0500] "GET /galeria/carrusel/Carrusel/jquery.thumbnailScroller.css HTTP/1.1" 200 2066
186.83.161.168 - - [19/Dec/2015:15:27:48 -0500] "GET /galeria/galeria/jquery.fancybox.js?v=2.1.5 HTTP/1.1" 200 48706
186.83.161.168 - - [19/Dec/2015:15:27:48 -0500] "GET /galeria/carrusel/Carrusel/jquery.thumbnailScroller.js HTTP/1.1" 200 8157
186.83.161.168 - - [19/Dec/2015:15:27:50 -0500] "GET /galeria/nivo-slider/demo/demo.html HTTP/1.1" 200 4456
186.83.161.168 - - [19/Dec/2015:15:27:50 -0500] "GET /galeria/nivo-slider/themes/default/default.css HTTP/1.1" 200 1569
186.83.161.168 - - [19/Dec/2015:15:27:50 -0500] "GET /galeria/nivo-slider/themes/pascal/pascal.css HTTP/1.1" 200 2258
186.83.161.168 - - [19/Dec/2015:15:27:50 -0500] "GET /galeria/nivo-slider/themes/orman/orman.css HTTP/1.1" 200 2152
186.83.161.168 - - [19/Dec/2015:15:27:50 -0500] "GET /galeria/nivo-slider/demo/style.css HTTP/1.1" 200 2222
186.83.161.168 - - [19/Dec/2015:15:27:50 -0500] "GET /galeria/nivo-slider/nivo-slider.css HTTP/1.1" 200 1507
186.83.161.168 - - [19/Dec/2015:15:27:50 -0500] "GET /galeria/nivo-slider/demo/images/2Banner-encuestaSDA.jpg HTTP/1.1" 200 208228
186.83.161.168 - - [19/Dec/2015:15:27:50 -0500] "GET /galeria/nivo-slider/demo/images/ambientales.jpg HTTP/1.1" 200 397233
186.83.161.168 - - [19/Dec/2015:15:27:50 -0500] "GET /galeria/nivo-slider/demo/images/Programacion-navidena.jpg HTTP/1.1" 200 316038
186.83.161.168 - - [19/Dec/2015:15:27:50 -0500] "GET /galeria/nivo-slider/demo/images/banner-llantas2015.jpg HTTP/1.1" 200 185615
186.83.161.168 - - [19/Dec/2015:15:27:50 -0500] "GET /galeria/nivo-slider/demo/images/caminata-ecologica.jpg HTTP/1.1" 200 161069
186.83.161.168 - - [19/Dec/2015:15:27:50 -0500] "GET /galeria/nivo-slider/demo/images/Banner-ahorro-de-agua.jpg HTTP/1.1" 200 149141
186.83.161.168 - - [19/Dec/2015:15:27:50 -0500] "GET /galeria/nivo-slider/demo/images/ABC-Plan-de-contigencia.jpg HTTP/1.1" 200 401853
186.83.161.168 - - [19/Dec/2015:15:27:50 -0500] "GET /galeria/nivo-slider/demo/images/9Signos.jpg HTTP/1.1" 200 81776
186.83.161.168 - - [19/Dec/2015:15:27:52 -0500] "GET /galeria/nivo-slider/themes/default/loading.gif HTTP/1.1" 200 1737
186.83.161.168 - - [19/Dec/2015:15:27:50 -0500] "GET /galeria/nivo-slider/demo/images/Ruta-vertimientos-01.jpg HTTP/1.1" 200 130151
186.83.161.168 - - [19/Dec/2015:15:27:50 -0500] "GET /galeria/nivo-slider/demo/images/bolsas-06.jpg HTTP/1.1" 200 90982
186.83.161.168 - - [19/Dec/2015:15:27:50 -0500] "GET /galeria/nivo-slider/demo/images/banner-llantas2.jpg HTTP/1.1" 200 204644
186.83.161.168 - - [19/Dec/2015:15:27:54 -0500] "GET /galeria/nivo-slider/demo/images/4Simple_Slider.png HTTP/1.1" 200 11722
186.83.161.168 - - [19/Dec/2015:15:27:50 -0500] "GET /galeria/nivo-slider/demo/images/Cmapana-onestidad.jpg HTTP/1.1" 200 141638
186.83.161.168 - - [19/Dec/2015:15:27:54 -0500] "GET /galeria/nivo-slider/demo/images/Conoce-los-humedales.jpg HTTP/1.1" 200 294036
186.83.161.168 - - [19/Dec/2015:15:27:50 -0500] "GET /galeria/nivo-slider/demo/images/PREDAcamp.jpg HTTP/1.1" 200 295358
186.83.161.168 - - [19/Dec/2015:15:27:55 -0500] "GET /galeria/nivo-slider/demo/images/ecolecta-Dic2014.png HTTP/1.1" 200 288593
69.162.124.233 - - [19/Dec/2015:15:27:59 -0500] "HEAD / HTTP/1.1" 200 -
66.249.64.96 - - [19/Dec/2015:15:28:11 -0500] "GET /BLA/resoluciones/RESOLUCIONES%202009/9842.pdf HTTP/1.1" 200 336004
66.249.64.106 - - [19/Dec/2015:15:28:54 -0500] "GET /BLA/resoluciones/RESOLUCIONES%202010/4474.pdf HTTP/1.1" 200 394010
186.145.136.14 - - [19/Dec/2015:15:29:10 -0500] "GET /galeria/galeria/jquery.fancybox.css?v=2.1.5 HTTP/1.1" 200 4895
186.145.136.14 - - [19/Dec/2015:15:29:10 -0500] "GET /BLA/boletinlegal/js/jquery.scrollShow.js HTTP/1.1" 200 4586
186.145.136.14 - - [19/Dec/2015:15:29:10 -0500] "GET /galeria/galeria/jquery.fancybox.js?v=2.1.5 HTTP/1.1" 200 48706
186.145.136.14 - - [19/Dec/2015:15:29:14 -0500] "GET /BLA/boletinlegal/js/jquery.scrollShow.js HTTP/1.1" 304 -
186.145.136.14 - - [19/Dec/2015:15:29:14 -0500] "GET /galeria/galeria/jquery.fancybox.js?v=2.1.5 HTTP/1.1" 304 -
186.145.136.14 - - [19/Dec/2015:15:29:14 -0500] "GET /galeria/galeria/jquery.fancybox.css?v=2.1.5 HTTP/1.1" 304 -
190.25.157.12 - - [19/Dec/2015:15:29:16 -0500] "POST /forms/lservlet;jsessionid=ac16012b30d7fcfb694b74754b67ba13d8349b7969d1.e3iSbxaKaheRe38KbN0Rb34Mc3j0n6jAmljGr5XDqQLvpAe HTTP/1.1" 200 2
190.24.56.201 - - [19/Dec/2015:15:29:28 -0500] "GET /BLA/resoluciones/RESOLUCIONES%202012/1806.pdf HTTP/1.1" 200 7117858
190.24.56.201 - - [19/Dec/2015:15:29:31 -0500] "GET /BLA/resoluciones/RESOLUCIONES%202012/1806.pdf HTTP/1.1" 200 7117858
181.61.46.47 - - [19/Dec/2015:15:29:42 -0500] "POST /forms/lservlet;jsessionid=ac16012b30d7a4f44410fe5a4b5b92f3ef15ff9e3cf6.e3iSbxaKaheRe38KbN0Rb34Mc3j0n6jAmljGr5XDqQLvpAe HTTP/1.1" 200 2
186.146.144.31 - - [19/Dec/2015:15:29:42 -0500] "GET /BLA/boletinlegal/js/jquery.scrollShow.js HTTP/1.1" 200 4586
186.146.144.31 - - [19/Dec/2015:15:29:42 -0500] "GET /galeria/galeria/jquery.fancybox.css?v=2.1.5 HTTP/1.1" 200 4895
186.146.144.31 - - [19/Dec/2015:15:29:43 -0500] "GET /galeria/galeria/jquery.fancybox.js?v=2.1.5 HTTP/1.1" 200 48706
144.76.175.75 - - [19/Dec/2015:15:29:59 -0500] "GET /BLA/boletinlegal/js/jquery.scrollShow.js HTTP/1.1" 200 4586
144.76.175.75 - - [19/Dec/2015:15:29:59 -0500] "GET /galeria/galeria/jquery.fancybox.css?v=2.1.5 HTTP/1.1" 200 4895
144.76.175.75 - - [19/Dec/2015:15:29:59 -0500] "GET /galeria/galeria/jquery.fancybox.js?v=2.1.5 HTTP/1.1" 200 48706
144.76.175.75 - - [19/Dec/2015:15:29:59 -0500] "GET /galeria/carrusel/Carrusel/jquery.thumbnailScroller.js HTTP/1.1" 200 8157
144.76.175.75 - - [19/Dec/2015:15:29:59 -0500] "GET /galeria/carrusel/Carrusel/jquery-ui-1.8.13.custom.min.js HTTP/1.1" 200 10800
144.76.175.75 - - [19/Dec/2015:15:29:59 -0500] "GET /galeria/carrusel/Carrusel/jquery.thumbnailScroller.css HTTP/1.1" 200 2066
144.76.175.75 - - [19/Dec/2015:15:30:02 -0500] "GET /galeria/nivo-slider/demo/demo.html HTTP/1.1" 200 4456
144.76.175.75 - - [19/Dec/2015:15:30:02 -0500] "GET /galeria/nivo-slider/demo/style.css HTTP/1.1" 200 2222
144.76.175.75 - - [19/Dec/2015:15:30:02 -0500] "GET /galeria/nivo-slider/nivo-slider.css HTTP/1.1" 200 1507
144.76.175.75 - - [19/Dec/2015:15:30:02 -0500] "GET /galeria/nivo-slider/themes/default/default.css HTTP/1.1" 200 1569
144.76.175.75 - - [19/Dec/2015:15:30:02 -0500] "GET /galeria/nivo-slider/themes/pascal/pascal.css HTTP/1.1" 200 2258
144.76.175.75 - - [19/Dec/2015:15:30:02 -0500] "GET /galeria/nivo-slider/themes/orman/orman.css HTTP/1.1" 200 2152
144.76.175.75 - - [19/Dec/2015:15:30:02 -0500] "GET /galeria/nivo-slider/demo/images/ambientales.jpg HTTP/1.1" 200 397233
144.76.175.75 - - [19/Dec/2015:15:30:03 -0500] "GET /galeria/nivo-slider/demo/images/ABC-Plan-de-contigencia.jpg HTTP/1.1" 200 401853
144.76.175.75 - - [19/Dec/2015:15:30:03 -0500] "GET /galeria/nivo-slider/demo/images/2Banner-encuestaSDA.jpg HTTP/1.1" 200 208228
144.76.175.75 - - [19/Dec/2015:15:30:03 -0500] "GET /galeria/nivo-slider/demo/images/caminata-ecologica.jpg HTTP/1.1" 200 161069
144.76.175.75 - - [19/Dec/2015:15:30:03 -0500] "GET /galeria/nivo-slider/demo/images/Programacion-navidena.jpg HTTP/1.1" 200 316038
144.76.175.75 - - [19/Dec/2015:15:30:03 -0500] "GET /galeria/nivo-slider/demo/images/banner-llantas2015.jpg HTTP/1.1" 200 185615
144.76.175.75 - - [19/Dec/2015:15:30:04 -0500] "GET /galeria/nivo-slider/demo/images/Banner-ahorro-de-agua.jpg HTTP/1.1" 200 149141
144.76.175.75 - - [19/Dec/2015:15:30:04 -0500] "GET /galeria/nivo-slider/demo/images/Cmapana-onestidad.jpg HTTP/1.1" 200 141638
144.76.175.75 - - [19/Dec/2015:15:30:04 -0500] "GET /galeria/nivo-slider/demo/scripts/jquery-1.7.1.min.js HTTP/1.1" 200 93868
144.76.175.75 - - [19/Dec/2015:15:30:05 -0500] "GET /galeria/nivo-slider/jquery.nivo.slider.pack.js HTTP/1.1" 200 11561
144.76.175.75 - - [19/Dec/2015:15:30:05 -0500] "GET /galeria/nivo-slider/demo/images/PREDAcamp.jpg HTTP/1.1" 200 295358
144.76.175.75 - - [19/Dec/2015:15:30:05 -0500] "GET /galeria/nivo-slider/demo/images/banner-llantas2.jpg HTTP/1.1" 200 204644
144.76.175.75 - - [19/Dec/2015:15:30:05 -0500] "GET /galeria/nivo-slider/demo/images/9Signos.jpg HTTP/1.1" 200 81776
144.76.175.75 - - [19/Dec/2015:15:30:05 -0500] "GET /galeria/nivo-slider/demo/images/Ruta-vertimientos-01.jpg HTTP/1.1" 200 130151
144.76.175.75 - - [19/Dec/2015:15:30:05 -0500] "GET /galeria/nivo-slider/demo/images/bolsas-06.jpg HTTP/1.1" 200 90982
144.76.175.75 - - [19/Dec/2015:15:30:06 -0500] "GET /galeria/nivo-slider/demo/images/Conoce-los-humedales.jpg HTTP/1.1" 200 294036
144.76.175.75 - - [19/Dec/2015:15:30:06 -0500] "GET /galeria/nivo-slider/demo/images/ecolecta-Dic2014.png HTTP/1.1" 200 288593
144.76.175.75 - - [19/Dec/2015:15:30:06 -0500] "GET /galeria/nivo-slider/demo/images/4Simple_Slider.png HTTP/1.1" 200 11722
144.76.175.75 - - [19/Dec/2015:15:30:06 -0500] "GET /galeria/nivo-slider/themes/default/loading.gif HTTP/1.1" 200 1737
144.76.175.75 - - [19/Dec/2015:15:30:08 -0500] "GET /galeria/nivo-slider/themes/default/arrows.png HTTP/1.1" 200 824
144.76.175.75 - - [19/Dec/2015:15:30:08 -0500] "GET /galeria/nivo-slider/themes/default/bullets.png HTTP/1.1" 200 1281
186.146.144.31 - - [19/Dec/2015:15:30:57 -0500] "GET /BLA/boletinlegal/js/jquery.scrollShow.js HTTP/1.1" 304 -
186.146.144.31 - - [19/Dec/2015:15:30:57 -0500] "GET /galeria/galeria/jquery.fancybox.js?v=2.1.5 HTTP/1.1" 304 -
186.146.144.31 - - [19/Dec/2015:15:30:57 -0500] "GET /galeria/galeria/jquery.fancybox.css?v=2.1.5 HTTP/1.1" 304 -
190.25.157.12 - - [19/Dec/2015:15:31:16 -0500] "POST /forms/lservlet;jsessionid=ac16012b30d7fcfb694b74754b67ba13d8349b7969d1.e3iSbxaKaheRe38KbN0Rb34Mc3j0n6jAmljGr5XDqQLvpAe HTTP/1.1" 200 2
181.61.46.47 - - [19/Dec/2015:15:31:42 -0500] "POST /forms/lservlet;jsessionid=ac16012b30d7a4f44410fe5a4b5b92f3ef15ff9e3cf6.e3iSbxaKaheRe38KbN0Rb34Mc3j0n6jAmljGr5XDqQLvpAe HTTP/1.1" 200 2
186.84.133.81 - - [19/Dec/2015:15:32:10 -0500] "GET /BLA/resoluciones/AUTOS%202012/2170.pdf HTTP/1.1" 200 2516294
186.84.133.81 - - [19/Dec/2015:15:32:10 -0500] "GET /favicon.ico HTTP/1.1" 200 7782
186.84.133.81 - - [19/Dec/2015:15:32:14 -0500] "GET /BLA/resoluciones/AUTOS%202012/2170.pdf HTTP/1.1" 206 32768
186.84.133.81 - - [19/Dec/2015:15:32:14 -0500] "GET /BLA/resoluciones/AUTOS%202012/2170.pdf HTTP/1.1" 206 2483526
66.249.64.96 - - [19/Dec/2015:15:32:14 -0500] "GET /BLA/resoluciones/RESOLUCIONES%202008/0809.pdf HTTP/1.1" 200 190837
66.249.64.96 - - [19/Dec/2015:15:32:25 -0500] "GET /BLA/resoluciones/RESOLUCIONES%202010/3525.pdf HTTP/1.1" 200 356383
69.162.124.233 - - [19/Dec/2015:15:32:59 -0500] "HEAD / HTTP/1.1" 200 -
190.25.157.12 - - [19/Dec/2015:15:33:16 -0500] "POST /forms/lservlet;jsessionid=ac16012b30d7fcfb694b74754b67ba13d8349b7969d1.e3iSbxaKaheRe38KbN0Rb34Mc3j0n6jAmljGr5XDqQLvpAe HTTP/1.1" 200 2
181.61.46.47 - - [19/Dec/2015:15:33:42 -0500] "POST /forms/lservlet;jsessionid=ac16012b30d7a4f44410fe5a4b5b92f3ef15ff9e3cf6.e3iSbxaKaheRe38KbN0Rb34Mc3j0n6jAmljGr5XDqQLvpAe HTTP/1.1" 200 2
157.55.12.92 - - [19/Dec/2015:15:34:00 -0500] "GET /galeria/galeria/jquery.fancybox.css?v=2.1.5 HTTP/1.1" 200 4895
157.55.12.92 - - [19/Dec/2015:15:34:07 -0500] "GET /videos/CRRFFS.mp4 HTTP/1.1" 200 286784363
190.25.157.12 - - [19/Dec/2015:15:35:16 -0500] "POST /forms/lservlet;jsessionid=ac16012b30d7fcfb694b74754b67ba13d8349b7969d1.e3iSbxaKaheRe38KbN0Rb34Mc3j0n6jAmljGr5XDqQLvpAe HTTP/1.1" 200 2
66.249.64.96 - - [19/Dec/2015:15:35:32 -0500] "GET /BLA/resoluciones/RESOLUCIONES%202013/2440.pdf HTTP/1.1" 200 3231389
181.61.46.47 - - [19/Dec/2015:15:35:43 -0500] "POST /forms/lservlet;jsessionid=ac16012b30d7a4f44410fe5a4b5b92f3ef15ff9e3cf6.e3iSbxaKaheRe38KbN0Rb34Mc3j0n6jAmljGr5XDqQLvpAe HTTP/1.1" 200 2
66.249.64.106 - - [19/Dec/2015:15:36:39 -0500] "GET /BLA/resoluciones/RESOLUCIONES%202008/3141.pdf HTTP/1.1" 200 230586
66.249.64.248 - - [19/Dec/2015:15:36:52 -0500] "GET /galeria/nivo-slider/demo/images/pevsuba1.jpg HTTP/1.1" 200 93232
157.55.12.92 - - [19/Dec/2015:15:36:55 -0500] "GET /videos/CRRFFS.mp4 HTTP/1.1" 200 286784363
190.25.157.12 - - [19/Dec/2015:15:37:16 -0500] "POST /forms/lservlet;jsessionid=ac16012b30d7fcfb694b74754b67ba13d8349b7969d1.e3iSbxaKaheRe38KbN0Rb34Mc3j0n6jAmljGr5XDqQLvpAe HTTP/1.1" 200 2
190.250.13.36 - - [19/Dec/2015:15:37:37 -0500] "GET /galeria/galeria/jquery.fancybox.css?v=2.1.5 HTTP/1.1" 304 -
190.250.13.36 - - [19/Dec/2015:15:37:37 -0500] "GET /BLA/boletinlegal/js/jquery.scrollShow.js HTTP/1.1" 304 -
190.250.13.36 - - [19/Dec/2015:15:37:37 -0500] "GET /galeria/galeria/jquery.fancybox.js?v=2.1.5 HTTP/1.1" 304 -
181.61.46.47 - - [19/Dec/2015:15:37:44 -0500] "POST /forms/lservlet;jsessionid=ac16012b30d7a4f44410fe5a4b5b92f3ef15ff9e3cf6.e3iSbxaKaheRe38KbN0Rb34Mc3j0n6jAmljGr5XDqQLvpAe HTTP/1.1" 200 2
190.24.56.201 - - [19/Dec/2015:15:37:49 -0500] "GET /BLA/resoluciones/RESOLUCIONES%202012/1885.pdf HTTP/1.1" 200 6137694
190.24.56.201 - - [19/Dec/2015:15:37:54 -0500] "GET /BLA/resoluciones/RESOLUCIONES%202012/1885.pdf HTTP/1.1" 200 6137694
69.162.124.233 - - [19/Dec/2015:15:37:59 -0500] "HEAD / HTTP/1.1" 200 -
181.50.59.42 - - [19/Dec/2015:15:38:26 -0500] "GET /BLA/boletinlegal/js/jquery.scrollShow.js HTTP/1.1" 200 4586
181.50.59.42 - - [19/Dec/2015:15:38:26 -0500] "GET /galeria/galeria/jquery.fancybox.js?v=2.1.5 HTTP/1.1" 200 48706
181.50.59.42 - - [19/Dec/2015:15:38:26 -0500] "GET /galeria/galeria/jquery.fancybox.css?v=2.1.5 HTTP/1.1" 200 4895
167.62.156.140 - - [19/Dec/2015:15:38:30 -0500] "GET /galeria/galeria/jquery.fancybox.js?v=2.1.5 HTTP/1.1" 200 48706
167.62.156.140 - - [19/Dec/2015:15:38:30 -0500] "GET /BLA/boletinlegal/js/jquery.scrollShow.js HTTP/1.1" 200 4586
167.62.156.140 - - [19/Dec/2015:15:38:30 -0500] "GET /galeria/galeria/jquery.fancybox.css?v=2.1.5 HTTP/1.1" 200 4895
167.62.156.140 - - [19/Dec/2015:15:38:30 -0500] "GET /galeria/carrusel/Carrusel/jquery.thumbnailScroller.css HTTP/1.1" 200 2066
167.62.156.140 - - [19/Dec/2015:15:38:31 -0500] "GET /galeria/carrusel/Carrusel/jquery-ui-1.8.13.custom.min.js HTTP/1.1" 200 10800
167.62.156.140 - - [19/Dec/2015:15:38:31 -0500] "GET /galeria/carrusel/Carrusel/jquery.thumbnailScroller.js HTTP/1.1" 200 8157
181.50.59.42 - - [19/Dec/2015:15:38:31 -0500] "GET /BLA/boletinlegal/js/jquery.scrollShow.js HTTP/1.1" 304 -
181.50.59.42 - - [19/Dec/2015:15:38:31 -0500] "GET /galeria/galeria/jquery.fancybox.js?v=2.1.5 HTTP/1.1" 304 -
181.50.59.42 - - [19/Dec/2015:15:38:31 -0500] "GET /galeria/galeria/jquery.fancybox.css?v=2.1.5 HTTP/1.1" 304 -
181.50.59.42 - - [19/Dec/2015:15:38:31 -0500] "GET /BLA/boletinlegal/js/jquery.scrollShow.js HTTP/1.1" 304 -
181.50.59.42 - - [19/Dec/2015:15:38:32 -0500] "GET /galeria/galeria/jquery.fancybox.js?v=2.1.5 HTTP/1.1" 304 -
181.50.59.42 - - [19/Dec/2015:15:38:32 -0500] "GET /galeria/galeria/jquery.fancybox.css?v=2.1.5 HTTP/1.1" 304 -
66.249.64.106 - - [19/Dec/2015:15:38:47 -0500] "GET /BLA/resoluciones/RESOLUCIONES%202008/4487.pdf HTTP/1.1" 200 339988
186.145.139.161 - - [19/Dec/2015:15:38:49 -0500] "GET /galeria/galeria/jquery.fancybox.js?v=2.1.5 HTTP/1.1" 200 48706
167.62.156.140 - - [19/Dec/2015:15:38:49 -0500] "GET /galeria/nivo-slider/demo/demo.html HTTP/1.1" 200 4456
186.145.139.161 - - [19/Dec/2015:15:38:53 -0500] "GET /autoliquidacion/ HTTP/1.1" 200 6375
167.62.156.140 - - [19/Dec/2015:15:38:53 -0500] "GET /galeria/nivo-slider/themes/default/default.css HTTP/1.1" 200 1569
167.62.156.140 - - [19/Dec/2015:15:38:53 -0500] "GET /galeria/nivo-slider/themes/pascal/pascal.css HTTP/1.1" 200 2258
167.62.156.140 - - [19/Dec/2015:15:38:53 -0500] "GET /galeria/nivo-slider/themes/orman/orman.css HTTP/1.1" 200 2152
167.62.156.140 - - [19/Dec/2015:15:38:53 -0500] "GET /galeria/nivo-slider/demo/images/ambientales.jpg HTTP/1.1" 200 397233
167.62.156.140 - - [19/Dec/2015:15:38:53 -0500] "GET /galeria/nivo-slider/demo/style.css HTTP/1.1" 200 2222
167.62.156.140 - - [19/Dec/2015:15:38:53 -0500] "GET /galeria/nivo-slider/nivo-slider.css HTTP/1.1" 200 1507
167.62.156.140 - - [19/Dec/2015:15:38:53 -0500] "GET /galeria/nivo-slider/demo/images/Programacion-navidena.jpg HTTP/1.1" 200 316038
167.62.156.140 - - [19/Dec/2015:15:38:54 -0500] "GET /galeria/nivo-slider/demo/images/2Banner-encuestaSDA.jpg HTTP/1.1" 200 208228
167.62.156.140 - - [19/Dec/2015:15:38:54 -0500] "GET /galeria/nivo-slider/demo/images/ABC-Plan-de-contigencia.jpg HTTP/1.1" 200 401853
167.62.156.140 - - [19/Dec/2015:15:38:54 -0500] "GET /galeria/nivo-slider/demo/images/banner-llantas2015.jpg HTTP/1.1" 200 185615
167.62.156.140 - - [19/Dec/2015:15:38:54 -0500] "GET /galeria/nivo-slider/demo/images/caminata-ecologica.jpg HTTP/1.1" 200 161069
167.62.156.140 - - [19/Dec/2015:15:38:55 -0500] "GET /galeria/nivo-slider/demo/images/Banner-ahorro-de-agua.jpg HTTP/1.1" 200 149141
167.62.156.140 - - [19/Dec/2015:15:38:56 -0500] "GET /galeria/nivo-slider/demo/images/Cmapana-onestidad.jpg HTTP/1.1" 200 141638
167.62.156.140 - - [19/Dec/2015:15:38:56 -0500] "GET /galeria/nivo-slider/demo/images/PREDAcamp.jpg HTTP/1.1" 200 295358
167.62.156.140 - - [19/Dec/2015:15:38:56 -0500] "GET /galeria/nivo-slider/demo/images/banner-llantas2.jpg HTTP/1.1" 200 204644
167.62.156.140 - - [19/Dec/2015:15:38:56 -0500] "GET /galeria/nivo-slider/demo/images/9Signos.jpg HTTP/1.1" 200 81776
167.62.156.140 - - [19/Dec/2015:15:38:56 -0500] "GET /galeria/nivo-slider/demo/images/Ruta-vertimientos-01.jpg HTTP/1.1" 200 130151
167.62.156.140 - - [19/Dec/2015:15:38:56 -0500] "GET /galeria/nivo-slider/demo/images/bolsas-06.jpg HTTP/1.1" 200 90982
167.62.156.140 - - [19/Dec/2015:15:38:57 -0500] "GET /galeria/nivo-slider/demo/images/Conoce-los-humedales.jpg HTTP/1.1" 200 294036
167.62.156.140 - - [19/Dec/2015:15:38:57 -0500] "GET /galeria/nivo-slider/demo/images/ecolecta-Dic2014.png HTTP/1.1" 200 288593
167.62.156.140 - - [19/Dec/2015:15:38:57 -0500] "GET /galeria/nivo-slider/demo/scripts/jquery-1.7.1.min.js HTTP/1.1" 200 93868
167.62.156.140 - - [19/Dec/2015:15:38:57 -0500] "GET /galeria/nivo-slider/jquery.nivo.slider.pack.js HTTP/1.1" 200 11561
190.25.157.12 - - [19/Dec/2015:15:39:16 -0500] "POST /forms/lservlet;jsessionid=ac16012b30d7fcfb694b74754b67ba13d8349b7969d1.e3iSbxaKaheRe38KbN0Rb34Mc3j0n6jAmljGr5XDqQLvpAe HTTP/1.1" 200 2
181.61.46.47 - - [19/Dec/2015:15:39:44 -0500] "POST /forms/lservlet;jsessionid=ac16012b30d7a4f44410fe5a4b5b92f3ef15ff9e3cf6.e3iSbxaKaheRe38KbN0Rb34Mc3j0n6jAmljGr5XDqQLvpAe HTTP/1.1" 200 2
66.249.64.101 - - [19/Dec/2015:15:41:01 -0500] "GET /BLA/resoluciones/RESOLUCIONES%202007/RES%202007%202901%20AL%203000/RESOLUCION%202941%20DE%202007.pdf HTTP/1.1" 200 455414
66.249.64.243 - - [19/Dec/2015:15:40:11 -0500] "GET /BLA/boletinlegal/index.php HTTP/1.1" 200 51063
181.142.149.152 - - [19/Dec/2015:15:41:12 -0500] "GET /galeria/galeria/jquery.fancybox.js?v=2.1.5 HTTP/1.1" 200 48706
181.142.149.152 - - [19/Dec/2015:15:41:12 -0500] "GET /BLA/boletinlegal/js/jquery.scrollShow.js HTTP/1.1" 200 4586
181.142.149.152 - - [19/Dec/2015:15:41:12 -0500] "GET /galeria/galeria/jquery.fancybox.css?v=2.1.5 HTTP/1.1" 200 4895
190.25.157.12 - - [19/Dec/2015:15:41:16 -0500] "POST /forms/lservlet;jsessionid=ac16012b30d7fcfb694b74754b67ba13d8349b7969d1.e3iSbxaKaheRe38KbN0Rb34Mc3j0n6jAmljGr5XDqQLvpAe HTTP/1.1" 200 2
181.142.149.152 - - [19/Dec/2015:15:41:29 -0500] "GET /BLA/boletinlegal/images/pdf.gif HTTP/1.1" 200 567
181.142.149.152 - - [19/Dec/2015:15:41:30 -0500] "GET /BLA/boletinlegal/images/video.png HTTP/1.1" 200 57565
181.61.46.47 - - [19/Dec/2015:15:41:44 -0500] "POST /forms/lservlet;jsessionid=ac16012b30d7a4f44410fe5a4b5b92f3ef15ff9e3cf6.e3iSbxaKaheRe38KbN0Rb34Mc3j0n6jAmljGr5XDqQLvpAe HTTP/1.1" 200 2
181.142.131.183 - - [19/Dec/2015:15:41:45 -0500] "GET /videos/ArchivoSDA.flv HTTP/1.1" 200 31205279
181.142.149.152 - - [19/Dec/2015:15:41:50 -0500] "GET /galeria/galeria/jquery.fancybox.css?v=2.1.5 HTTP/1.1" 200 4895
181.142.149.152 - - [19/Dec/2015:15:41:50 -0500] "GET /BLA/boletinlegal/js/jquery.scrollShow.js HTTP/1.1" 200 4586
181.142.149.152 - - [19/Dec/2015:15:41:50 -0500] "GET /galeria/galeria/jquery.fancybox.js?v=2.1.5 HTTP/1.1" 200 48706
181.142.149.152 - - [19/Dec/2015:15:41:53 -0500] "GET /BLA/boletinlegal/images/pdf.gif HTTP/1.1" 200 567
181.142.149.152 - - [19/Dec/2015:15:41:53 -0500] "GET /BLA/boletinlegal/images/video.png HTTP/1.1" 200 57565
66.249.64.106 - - [19/Dec/2015:15:42:07 -0500] "GET /BLA/resoluciones/RESOLUCIONES%202013/0932.pdf HTTP/1.1" 200 5902392
200.125.245.21 - - [19/Dec/2015:15:42:16 -0500] "GET /galeria/galeria/jquery.fancybox.css?v=2.1.5 HTTP/1.1" 200 4895
200.125.245.21 - - [19/Dec/2015:15:42:16 -0500] "GET /BLA/boletinlegal/js/jquery.scrollShow.js HTTP/1.1" 200 4586
200.125.245.21 - - [19/Dec/2015:15:42:16 -0500] "GET /galeria/galeria/jquery.fancybox.js?v=2.1.5 HTTP/1.1" 200 48706
181.142.131.183 - - [19/Dec/2015:15:42:18 -0500] "GET /galeria/nivo-slider/demo/demo.html HTTP/1.1" 304 -
181.142.131.183 - - [19/Dec/2015:15:42:19 -0500] "GET /galeria/nivo-slider/themes/default/default.css HTTP/1.1" 304 -
181.142.131.183 - - [19/Dec/2015:15:42:19 -0500] "GET /galeria/nivo-slider/demo/images/ambientales.jpg HTTP/1.1" 304 -
181.142.131.183 - - [19/Dec/2015:15:42:19 -0500] "GET /galeria/nivo-slider/demo/images/banner-llantas2015.jpg HTTP/1.1" 304 -
69.162.124.233 - - [19/Dec/2015:15:42:58 -0500] "HEAD / HTTP/1.1" 200 -
190.25.157.12 - - [19/Dec/2015:15:43:16 -0500] "POST /forms/lservlet;jsessionid=ac16012b30d7fcfb694b74754b67ba13d8349b7969d1.e3iSbxaKaheRe38KbN0Rb34Mc3j0n6jAmljGr5XDqQLvpAe HTTP/1.1" 200 2
181.61.46.47 - - [19/Dec/2015:15:43:44 -0500] "POST /forms/lservlet;jsessionid=ac16012b30d7a4f44410fe5a4b5b92f3ef15ff9e3cf6.e3iSbxaKaheRe38KbN0Rb34Mc3j0n6jAmljGr5XDqQLvpAe HTTP/1.1" 200 2
177.252.142.223 - - [19/Dec/2015:15:44:00 -0500] "GET /galeria/galeria/jquery.fancybox.css?v=2.1.5 HTTP/1.1" 200 4895
177.252.142.223 - - [19/Dec/2015:15:44:00 -0500] "GET /BLA/boletinlegal/js/jquery.scrollShow.js HTTP/1.1" 200 4586
177.252.142.223 - - [19/Dec/2015:15:44:00 -0500] "GET /galeria/carrusel/Carrusel/jquery.thumbnailScroller.css HTTP/1.1" 200 2066
177.252.142.223 - - [19/Dec/2015:15:44:00 -0500] "GET /galeria/galeria/jquery.fancybox.js?v=2.1.5 HTTP/1.1" 200 48706
177.252.142.223 - - [19/Dec/2015:15:44:00 -0500] "GET /galeria/carrusel/Carrusel/jquery-ui-1.8.13.custom.min.js HTTP/1.1" 200 10800
177.252.142.223 - - [19/Dec/2015:15:44:00 -0500] "GET /galeria/carrusel/Carrusel/jquery.thumbnailScroller.js HTTP/1.1" 200 8157
177.252.142.223 - - [19/Dec/2015:15:44:02 -0500] "GET /galeria/nivo-slider/demo/demo.html HTTP/1.1" 200 4456
177.252.142.223 - - [19/Dec/2015:15:44:04 -0500] "GET /galeria/nivo-slider/themes/default/default.css HTTP/1.1" 200 1569
177.252.142.223 - - [19/Dec/2015:15:44:04 -0500] "GET /galeria/nivo-slider/themes/pascal/pascal.css HTTP/1.1" 200 2258
177.252.142.223 - - [19/Dec/2015:15:44:04 -0500] "GET /galeria/nivo-slider/nivo-slider.css HTTP/1.1" 200 1507
177.252.142.223 - - [19/Dec/2015:15:44:04 -0500] "GET /galeria/nivo-slider/demo/style.css HTTP/1.1" 200 2222
177.252.142.223 - - [19/Dec/2015:15:44:04 -0500] "GET /galeria/nivo-slider/themes/orman/orman.css HTTP/1.1" 200 2152
177.252.142.223 - - [19/Dec/2015:15:44:04 -0500] "GET /galeria/nivo-slider/jquery.nivo.slider.pack.js HTTP/1.1" 200 11561
177.252.142.223 - - [19/Dec/2015:15:44:04 -0500] "GET /galeria/nivo-slider/demo/images/ambientales.jpg HTTP/1.1" 200 397233
177.252.142.223 - - [19/Dec/2015:15:44:04 -0500] "GET /galeria/nivo-slider/demo/scripts/jquery-1.7.1.min.js HTTP/1.1" 200 93868
177.252.142.223 - - [19/Dec/2015:15:44:04 -0500] "GET /galeria/nivo-slider/demo/images/Programacion-navidena.jpg HTTP/1.1" 200 316038
177.252.142.223 - - [19/Dec/2015:15:44:04 -0500] "GET /galeria/nivo-slider/demo/images/2Banner-encuestaSDA.jpg HTTP/1.1" 200 208228
177.252.142.223 - - [19/Dec/2015:15:44:04 -0500] "GET /galeria/nivo-slider/demo/images/ABC-Plan-de-contigencia.jpg HTTP/1.1" 200 401853
177.252.142.223 - - [19/Dec/2015:15:44:04 -0500] "GET /galeria/nivo-slider/demo/images/banner-llantas2015.jpg HTTP/1.1" 200 185615
177.252.142.223 - - [19/Dec/2015:15:44:04 -0500] "GET /galeria/nivo-slider/demo/images/caminata-ecologica.jpg HTTP/1.1" 200 161069
177.252.142.223 - - [19/Dec/2015:15:44:05 -0500] "GET /galeria/nivo-slider/demo/images/Banner-ahorro-de-agua.jpg HTTP/1.1" 200 149141
177.252.142.223 - - [19/Dec/2015:15:44:05 -0500] "GET /galeria/nivo-slider/demo/images/4Simple_Slider.png HTTP/1.1" 200 11722
177.252.142.223 - - [19/Dec/2015:15:44:05 -0500] "GET /galeria/nivo-slider/themes/default/loading.gif HTTP/1.1" 200 1737
177.252.142.223 - - [19/Dec/2015:15:44:05 -0500] "GET /galeria/nivo-slider/demo/images/Cmapana-onestidad.jpg HTTP/1.1" 200 141638
177.252.142.223 - - [19/Dec/2015:15:44:05 -0500] "GET /galeria/nivo-slider/demo/images/PREDAcamp.jpg HTTP/1.1" 200 295358
177.252.142.223 - - [19/Dec/2015:15:44:05 -0500] "GET /galeria/nivo-slider/demo/images/banner-llantas2.jpg HTTP/1.1" 200 204644
177.252.142.223 - - [19/Dec/2015:15:44:06 -0500] "GET /galeria/nivo-slider/demo/images/9Signos.jpg HTTP/1.1" 200 81776
177.252.142.223 - - [19/Dec/2015:15:44:06 -0500] "GET /galeria/nivo-slider/demo/images/Ruta-vertimientos-01.jpg HTTP/1.1" 200 130151
177.252.142.223 - - [19/Dec/2015:15:44:06 -0500] "GET /galeria/nivo-slider/demo/images/bolsas-06.jpg HTTP/1.1" 200 90982
177.252.142.223 - - [19/Dec/2015:15:44:06 -0500] "GET /galeria/nivo-slider/demo/images/Conoce-los-humedales.jpg HTTP/1.1" 200 294036
177.252.142.223 - - [19/Dec/2015:15:44:07 -0500] "GET /galeria/nivo-slider/demo/images/ecolecta-Dic2014.png HTTP/1.1" 200 288593
177.252.142.223 - - [19/Dec/2015:15:44:09 -0500] "GET /galeria/nivo-slider/themes/default/arrows.png HTTP/1.1" 200 824
177.252.142.223 - - [19/Dec/2015:15:44:10 -0500] "GET /galeria/nivo-slider/themes/default/bullets.png HTTP/1.1" 200 1281
190.156.49.193 - - [19/Dec/2015:15:44:22 -0500] "GET /galeria/nivo-slider/demo/demo.html HTTP/1.1" 200 4456
190.156.49.193 - - [19/Dec/2015:15:44:25 -0500] "GET /galeria/nivo-slider/themes/default/default.css HTTP/1.1" 304 -
190.156.49.193 - - [19/Dec/2015:15:44:26 -0500] "GET /galeria/nivo-slider/demo/images/ambientales.jpg HTTP/1.1" 200 397233
190.156.49.193 - - [19/Dec/2015:15:44:26 -0500] "GET /galeria/nivo-slider/demo/images/Programacion-navidena.jpg HTTP/1.1" 304 -
