181.61.54.58 - - [20/Dec/2015:18:31:37 -0500] "GET /BLA/boletinlegal/js/jquery.scrollShow.js HTTP/1.1" 200 4586
181.61.54.58 - - [20/Dec/2015:18:31:37 -0500] "GET /galeria/galeria/jquery.fancybox.css?v=2.1.5 HTTP/1.1" 200 4895
181.129.88.210 - - [20/Dec/2015:18:31:39 -0500] "POST /forms/lservlet;jsessionid=ac16012b30d726745fa422d64092929ced9d64d5dd7c.e3iSbxaKaheRe38KbN0Rb34Mc3j0n6jAmljGr5XDqQLvpAe HTTP/1.1" 200 2179
181.129.88.210 - - [20/Dec/2015:18:31:40 -0500] "POST /forms/lservlet;jsessionid=ac16012b30d726745fa422d64092929ced9d64d5dd7c.e3iSbxaKaheRe38KbN0Rb34Mc3j0n6jAmljGr5XDqQLvpAe HTTP/1.1" 200 3026
66.249.64.101 - - [20/Dec/2015:18:31:44 -0500] "GET /BLA/resoluciones/AUTOS%202014/5575.pdf HTTP/1.1" 200 442097
181.129.88.210 - - [20/Dec/2015:18:31:46 -0500] "POST /forms/lservlet;jsessionid=ac16012b30d726745fa422d64092929ced9d64d5dd7c.e3iSbxaKaheRe38KbN0Rb34Mc3j0n6jAmljGr5XDqQLvpAe HTTP/1.1" 200 2
181.129.88.210 - - [20/Dec/2015:18:31:46 -0500] "POST /forms/lservlet;jsessionid=ac16012b30d726745fa422d64092929ced9d64d5dd7c.e3iSbxaKaheRe38KbN0Rb34Mc3j0n6jAmljGr5XDqQLvpAe HTTP/1.1" 200 131
181.129.88.210 - - [20/Dec/2015:18:31:47 -0500] "POST /forms/lservlet;jsessionid=ac16012b30d726745fa422d64092929ced9d64d5dd7c.e3iSbxaKaheRe38KbN0Rb34Mc3j0n6jAmljGr5XDqQLvpAe HTTP/1.1" 200 2
181.129.88.210 - - [20/Dec/2015:18:31:48 -0500] "GET /reports/rwservlet/getjobid367632?server=rep_srvapsda HTTP/1.1" 200 64085
190.25.157.12 - - [20/Dec/2015:18:31:53 -0500] "POST /forms/lservlet;jsessionid=ac16012b30d7fcfb694b74754b67ba13d8349b7969d1.e3iSbxaKaheRe38KbN0Rb34Mc3j0n6jAmljGr5XDqQLvpAe HTTP/1.1" 200 2
66.249.64.106 - - [20/Dec/2015:18:32:01 -0500] "GET /BLA/resoluciones/RESOLUCIONES%202011/1476.pdf HTTP/1.1" 200 71353
181.129.88.210 - - [20/Dec/2015:18:32:14 -0500] "POST /forms/lservlet;jsessionid=ac16012b30d726745fa422d64092929ced9d64d5dd7c.e3iSbxaKaheRe38KbN0Rb34Mc3j0n6jAmljGr5XDqQLvpAe HTTP/1.1" 200 2
181.129.88.210 - - [20/Dec/2015:18:32:14 -0500] "POST /forms/lservlet;jsessionid=ac16012b30d726745fa422d64092929ced9d64d5dd7c.e3iSbxaKaheRe38KbN0Rb34Mc3j0n6jAmljGr5XDqQLvpAe HTTP/1.1" 200 2452
181.129.88.210 - - [20/Dec/2015:18:32:15 -0500] "POST /forms/lservlet;jsessionid=ac16012b30d726745fa422d64092929ced9d64d5dd7c.e3iSbxaKaheRe38KbN0Rb34Mc3j0n6jAmljGr5XDqQLvpAe HTTP/1.1" 200 10
181.129.88.210 - - [20/Dec/2015:18:32:18 -0500] "POST /forms/lservlet;jsessionid=ac16012b30d726745fa422d64092929ced9d64d5dd7c.e3iSbxaKaheRe38KbN0Rb34Mc3j0n6jAmljGr5XDqQLvpAe HTTP/1.1" 200 24
181.129.88.210 - - [20/Dec/2015:18:32:18 -0500] "POST /forms/lservlet;jsessionid=ac16012b30d726745fa422d64092929ced9d64d5dd7c.e3iSbxaKaheRe38KbN0Rb34Mc3j0n6jAmljGr5XDqQLvpAe HTTP/1.1" 200 4977
181.129.88.210 - - [20/Dec/2015:18:32:19 -0500] "POST /forms/lservlet;jsessionid=ac16012b30d726745fa422d64092929ced9d64d5dd7c.e3iSbxaKaheRe38KbN0Rb34Mc3j0n6jAmljGr5XDqQLvpAe HTTP/1.1" 200 2
181.129.88.210 - - [20/Dec/2015:18:32:22 -0500] "POST /forms/lservlet;jsessionid=ac16012b30d726745fa422d64092929ced9d64d5dd7c.e3iSbxaKaheRe38KbN0Rb34Mc3j0n6jAmljGr5XDqQLvpAe HTTP/1.1" 200 2
191.95.253.205 - - [20/Dec/2015:18:32:23 -0500] "GET /galeria/galeria/jquery.fancybox.css?v=2.1.5 HTTP/1.1" 200 4895
191.95.253.205 - - [20/Dec/2015:18:32:23 -0500] "GET /BLA/boletinlegal/js/jquery.scrollShow.js HTTP/1.1" 200 4586
191.95.253.205 - - [20/Dec/2015:18:32:23 -0500] "GET /galeria/galeria/jquery.fancybox.js?v=2.1.5 HTTP/1.1" 200 48706
181.129.88.210 - - [20/Dec/2015:18:32:22 -0500] "POST /forms/lservlet;jsessionid=ac16012b30d726745fa422d64092929ced9d64d5dd7c.e3iSbxaKaheRe38KbN0Rb34Mc3j0n6jAmljGr5XDqQLvpAe HTTP/1.1" 200 14
181.129.88.210 - - [20/Dec/2015:18:32:23 -0500] "POST /forms/lservlet;jsessionid=ac16012b30d726745fa422d64092929ced9d64d5dd7c.e3iSbxaKaheRe38KbN0Rb34Mc3j0n6jAmljGr5XDqQLvpAe HTTP/1.1" 200 112
181.129.88.210 - - [20/Dec/2015:18:32:24 -0500] "POST /forms/lservlet;jsessionid=ac16012b30d726745fa422d64092929ced9d64d5dd7c.e3iSbxaKaheRe38KbN0Rb34Mc3j0n6jAmljGr5XDqQLvpAe HTTP/1.1" 200 2
181.129.88.210 - - [20/Dec/2015:18:32:25 -0500] "GET /reports/rwservlet/getjobid367633?server=rep_srvapsda HTTP/1.1" 200 92413
191.95.253.205 - - [20/Dec/2015:18:32:31 -0500] "GET /BLA/boletinlegal/js/jquery.scrollShow.js HTTP/1.1" 304 -
191.95.253.205 - - [20/Dec/2015:18:32:31 -0500] "GET /galeria/galeria/jquery.fancybox.js?v=2.1.5 HTTP/1.1" 304 -
191.95.253.205 - - [20/Dec/2015:18:32:31 -0500] "GET /galeria/galeria/jquery.fancybox.css?v=2.1.5 HTTP/1.1" 304 -
181.49.73.100 - - [20/Dec/2015:18:32:35 -0500] "POST /forms/lservlet;jsessionid=ac16012b30d7d3a8d685a36444cb84ddec552985a8ba.e3iSbxaKaheRe38KbN0Rb34Mc3j0n6jAmljGr5XDqQLvpAe HTTP/1.1" 200 2
200.118.11.205 - - [20/Dec/2015:18:32:38 -0500] "POST /forms/lservlet;jsessionid=ac16012b30d7abe2c40442bf4578a251a9cdb76748d5.e3iSbxaKaheRe38KbN0Rb34Mc3j0n6jAmljGr5XDqQLvpAe HTTP/1.1" 200 2
181.49.73.100 - - [20/Dec/2015:18:32:38 -0500] "POST /forms/lservlet;jsessionid=ac16012b30d7d3a8d685a36444cb84ddec552985a8ba.e3iSbxaKaheRe38KbN0Rb34Mc3j0n6jAmljGr5XDqQLvpAe HTTP/1.1" 200 7996
181.49.73.100 - - [20/Dec/2015:18:32:39 -0500] "POST /forms/lservlet;jsessionid=ac16012b30d7d3a8d685a36444cb84ddec552985a8ba.e3iSbxaKaheRe38KbN0Rb34Mc3j0n6jAmljGr5XDqQLvpAe HTTP/1.1" 200 64
181.49.73.100 - - [20/Dec/2015:18:32:39 -0500] "POST /forms/lservlet;jsessionid=ac16012b30d7d3a8d685a36444cb84ddec552985a8ba.e3iSbxaKaheRe38KbN0Rb34Mc3j0n6jAmljGr5XDqQLvpAe HTTP/1.1" 200 2
181.49.73.100 - - [20/Dec/2015:18:32:39 -0500] "POST /forms/lservlet;jsessionid=ac16012b30d7d3a8d685a36444cb84ddec552985a8ba.e3iSbxaKaheRe38KbN0Rb34Mc3j0n6jAmljGr5XDqQLvpAe HTTP/1.1" 200 2
181.49.73.100 - - [20/Dec/2015:18:32:39 -0500] "POST /forms/lservlet;jsessionid=ac16012b30d7d3a8d685a36444cb84ddec552985a8ba.e3iSbxaKaheRe38KbN0Rb34Mc3j0n6jAmljGr5XDqQLvpAe HTTP/1.1" 200 2
181.49.73.100 - - [20/Dec/2015:18:32:42 -0500] "POST /forms/lservlet;jsessionid=ac16012b30d7d3a8d685a36444cb84ddec552985a8ba.e3iSbxaKaheRe38KbN0Rb34Mc3j0n6jAmljGr5XDqQLvpAe HTTP/1.1" 200 34774
181.49.73.100 - - [20/Dec/2015:18:32:43 -0500] "GET /imagenes/listval.gif HTTP/1.1" 200 905
181.49.73.100 - - [20/Dec/2015:18:32:43 -0500] "GET /imagenes/tree1.gif HTTP/1.1" 200 1161
181.49.73.100 - - [20/Dec/2015:18:32:43 -0500] "GET /imagenes/listval.gif HTTP/1.1" 200 905
181.49.73.100 - - [20/Dec/2015:18:32:43 -0500] "GET /imagenes/CAMERA3.gif HTTP/1.1" 200 4150
181.49.73.100 - - [20/Dec/2015:18:32:43 -0500] "GET /imagenes/SLIDE1.gif HTTP/1.1" 200 1111
181.49.73.100 - - [20/Dec/2015:18:32:43 -0500] "GET /imagenes/flexcomb.gif HTTP/1.1" 200 1169
181.49.73.100 - - [20/Dec/2015:18:32:43 -0500] "GET /imagenes/GO.gif HTTP/1.1" 200 904
181.49.73.100 - - [20/Dec/2015:18:32:43 -0500] "GET /imagenes/HRTOOLS.gif HTTP/1.1" 200 2238
181.49.73.100 - - [20/Dec/2015:18:32:43 -0500] "GET /imagenes/rt_rec1.gif HTTP/1.1" 200 867
181.49.73.100 - - [20/Dec/2015:18:32:43 -0500] "GET /imagenes/apply.gif HTTP/1.1" 200 903
181.49.73.100 - - [20/Dec/2015:18:32:43 -0500] "GET /imagenes/exit.gif HTTP/1.1" 200 916
181.49.73.100 - - [20/Dec/2015:18:32:43 -0500] "GET /imagenes/LISTVAL.gif HTTP/1.1" 200 905
181.49.73.100 - - [20/Dec/2015:18:32:43 -0500] "GET /imagenes/edit.gif HTTP/1.1" 200 919
181.49.73.100 - - [20/Dec/2015:18:32:43 -0500] "GET /imagenes/rt_rec4.gif HTTP/1.1" 200 865
181.49.73.100 - - [20/Dec/2015:18:32:43 -0500] "GET /imagenes/rt_rec3.gif HTTP/1.1" 200 844
181.49.73.100 - - [20/Dec/2015:18:32:43 -0500] "GET /imagenes/rt_rec2.gif HTTP/1.1" 200 847
181.49.73.100 - - [20/Dec/2015:18:32:43 -0500] "GET /imagenes/rt_rdel.gif HTTP/1.1" 200 899
181.49.73.100 - - [20/Dec/2015:18:32:43 -0500] "GET /imagenes/rt_radd.gif HTTP/1.1" 200 907
181.49.73.100 - - [20/Dec/2015:18:32:43 -0500] "GET /imagenes/rt_quer3.gif HTTP/1.1" 200 939
181.49.73.100 - - [20/Dec/2015:18:32:43 -0500] "GET /imagenes/rt_quer2.gif HTTP/1.1" 200 936
181.49.73.100 - - [20/Dec/2015:18:32:43 -0500] "GET /imagenes/rt_quer1.gif HTTP/1.1" 200 930
181.49.73.100 - - [20/Dec/2015:18:32:44 -0500] "GET /imagenes/rt_save.gif HTTP/1.1" 200 903
181.49.73.100 - - [20/Dec/2015:18:32:44 -0500] "GET /imagenes/rt_pset.gif HTTP/1.1" 200 914
181.49.73.100 - - [20/Dec/2015:18:32:44 -0500] "GET /imagenes/QUEJA.gif HTTP/1.1" 200 1091
181.49.73.100 - - [20/Dec/2015:18:32:44 -0500] "GET /imagenes/ARBOL.gif HTTP/1.1" 200 1026
181.49.73.100 - - [20/Dec/2015:18:32:44 -0500] "GET /imagenes/Clipboard.gif HTTP/1.1" 200 1466
181.49.73.100 - - [20/Dec/2015:18:32:44 -0500] "GET /imagenes/DINERO.gif HTTP/1.1" 200 1766
181.49.73.100 - - [20/Dec/2015:18:32:44 -0500] "GET /imagenes/URGENTE.gif HTTP/1.1" 200 964
181.49.73.100 - - [20/Dec/2015:18:32:44 -0500] "GET /imagenes/TREE4.gif HTTP/1.1" 200 4150
181.49.73.100 - - [20/Dec/2015:18:32:44 -0500] "POST /forms/lservlet;jsessionid=ac16012b30d7d3a8d685a36444cb84ddec552985a8ba.e3iSbxaKaheRe38KbN0Rb34Mc3j0n6jAmljGr5XDqQLvpAe HTTP/1.1" 200 7
181.49.73.100 - - [20/Dec/2015:18:32:44 -0500] "POST /forms/lservlet;jsessionid=ac16012b30d7d3a8d685a36444cb84ddec552985a8ba.e3iSbxaKaheRe38KbN0Rb34Mc3j0n6jAmljGr5XDqQLvpAe HTTP/1.1" 200 34
181.49.73.100 - - [20/Dec/2015:18:32:44 -0500] "POST /forms/lservlet;jsessionid=ac16012b30d7d3a8d685a36444cb84ddec552985a8ba.e3iSbxaKaheRe38KbN0Rb34Mc3j0n6jAmljGr5XDqQLvpAe HTTP/1.1" 200 2
181.49.73.100 - - [20/Dec/2015:18:32:46 -0500] "POST /forms/lservlet;jsessionid=ac16012b30d7d3a8d685a36444cb84ddec552985a8ba.e3iSbxaKaheRe38KbN0Rb34Mc3j0n6jAmljGr5XDqQLvpAe HTTP/1.1" 200 647
181.49.73.100 - - [20/Dec/2015:18:32:56 -0500] "POST /forms/lservlet;jsessionid=ac16012b30d7d3a8d685a36444cb84ddec552985a8ba.e3iSbxaKaheRe38KbN0Rb34Mc3j0n6jAmljGr5XDqQLvpAe HTTP/1.1" 200 24
190.26.210.162 - - [20/Dec/2015:18:32:56 -0500] "GET /BLA/boletinlegal/js/jquery.scrollTo-min.js HTTP/1.1" 200 1150
190.26.210.162 - - [20/Dec/2015:18:32:56 -0500] "GET /BLA/boletinlegal/js/jquery.scrollShow.js HTTP/1.1" 200 4586
190.26.210.162 - - [20/Dec/2015:18:32:56 -0500] "GET /galeria/galeria/jquery.fancybox.js?v=2.1.5 HTTP/1.1" 200 48706
190.26.210.162 - - [20/Dec/2015:18:32:56 -0500] "GET /galeria/galeria/jquery.fancybox.css?v=2.1.5 HTTP/1.1" 200 4895
181.49.73.100 - - [20/Dec/2015:18:32:56 -0500] "POST /forms/lservlet;jsessionid=ac16012b30d7d3a8d685a36444cb84ddec552985a8ba.e3iSbxaKaheRe38KbN0Rb34Mc3j0n6jAmljGr5XDqQLvpAe HTTP/1.1" 200 4045
181.49.73.100 - - [20/Dec/2015:18:32:57 -0500] "POST /forms/lservlet;jsessionid=ac16012b30d7d3a8d685a36444cb84ddec552985a8ba.e3iSbxaKaheRe38KbN0Rb34Mc3j0n6jAmljGr5XDqQLvpAe HTTP/1.1" 200 2
181.49.73.100 - - [20/Dec/2015:18:33:01 -0500] "POST /forms/lservlet;jsessionid=ac16012b30d7d3a8d685a36444cb84ddec552985a8ba.e3iSbxaKaheRe38KbN0Rb34Mc3j0n6jAmljGr5XDqQLvpAe HTTP/1.1" 200 2
181.49.73.100 - - [20/Dec/2015:18:33:01 -0500] "POST /forms/lservlet;jsessionid=ac16012b30d7d3a8d685a36444cb84ddec552985a8ba.e3iSbxaKaheRe38KbN0Rb34Mc3j0n6jAmljGr5XDqQLvpAe HTTP/1.1" 200 131
181.49.73.100 - - [20/Dec/2015:18:33:02 -0500] "POST /forms/lservlet;jsessionid=ac16012b30d7d3a8d685a36444cb84ddec552985a8ba.e3iSbxaKaheRe38KbN0Rb34Mc3j0n6jAmljGr5XDqQLvpAe HTTP/1.1" 200 2
181.49.73.100 - - [20/Dec/2015:18:33:03 -0500] "GET /reports/rwservlet/getjobid367634?server=rep_srvapsda HTTP/1.1" 200 345963
190.157.188.55 - - [20/Dec/2015:18:33:07 -0500] "GET /ecodirectorio/files/res/pages/page_0033.swf HTTP/1.1" 200 180068
190.157.188.55 - - [20/Dec/2015:18:33:07 -0500] "GET /ecodirectorio/files/res/pages/page_0034.swf HTTP/1.1" 200 205261
66.249.64.106 - - [20/Dec/2015:18:33:08 -0500] "GET /BLA/resoluciones/AUTOS%202011/0009.pdf HTTP/1.1" 200 202441
190.26.210.162 - - [20/Dec/2015:18:33:18 -0500] "GET /galeria/nivo-slider/demo/demo.html HTTP/1.1" 200 4456
190.26.210.162 - - [20/Dec/2015:18:33:18 -0500] "GET /galeria/carrusel/Carrusel/jquery.thumbnailScroller.css HTTP/1.1" 200 2066
190.26.210.162 - - [20/Dec/2015:18:33:18 -0500] "GET /galeria/carrusel/Carrusel/jquery-ui- HTTP/1.1" 404 1018
191.95.253.205 - - [20/Dec/2015:18:33:18 -0500] "GET /galeria/galeria/jquery.fancybox.css?v=2.1.5 HTTP/1.1" 304 -
191.95.253.205 - - [20/Dec/2015:18:33:18 -0500] "GET /BLA/boletinlegal/js/jquery.scrollShow.js HTTP/1.1" 304 -
191.95.253.205 - - [20/Dec/2015:18:33:18 -0500] "GET /galeria/galeria/jquery.fancybox.js?v=2.1.5 HTTP/1.1" 304 -
190.26.210.162 - - [20/Dec/2015:18:33:21 -0500] "GET /galeria/carrusel/Carrusel/jquery.thumbnailScroller.js HTTP/1.1" 200 8157
190.26.210.162 - - [20/Dec/2015:18:33:30 -0500] "GET /galeria/nivo-slider/demo/ HTTP/1.1" 200 2278
190.157.188.55 - - [20/Dec/2015:18:33:32 -0500] "GET /ecodirectorio/files/res/pages/page_0035.swf HTTP/1.1" 200 354129
190.157.188.55 - - [20/Dec/2015:18:33:32 -0500] "GET /ecodirectorio/files/res/pages/page_0036.swf HTTP/1.1" 200 378780
181.129.88.210 - - [20/Dec/2015:18:33:35 -0500] "POST /forms/lservlet;jsessionid=ac16012b30d726745fa422d64092929ced9d64d5dd7c.e3iSbxaKaheRe38KbN0Rb34Mc3j0n6jAmljGr5XDqQLvpAe HTTP/1.1" 200 2
190.25.157.12 - - [20/Dec/2015:18:33:53 -0500] "POST /forms/lservlet;jsessionid=ac16012b30d7fcfb694b74754b67ba13d8349b7969d1.e3iSbxaKaheRe38KbN0Rb34Mc3j0n6jAmljGr5XDqQLvpAe HTTP/1.1" 200 2
190.26.210.162 - - [20/Dec/2015:18:33:18 -0500] "GET /BLA/boletinlegal/index.php? HTTP/1.1" 200 51063
66.249.64.96 - - [20/Dec/2015:18:34:32 -0500] "GET /BLA/resoluciones/RESOLUCIONES%202011/1442.pdf HTTP/1.1" 200 73915
181.49.73.100 - - [20/Dec/2015:18:34:35 -0500] "POST /forms/lservlet;jsessionid=ac16012b30d7d3a8d685a36444cb84ddec552985a8ba.e3iSbxaKaheRe38KbN0Rb34Mc3j0n6jAmljGr5XDqQLvpAe HTTP/1.1" 200 2
200.118.11.205 - - [20/Dec/2015:18:34:39 -0500] "POST /forms/lservlet;jsessionid=ac16012b30d7abe2c40442bf4578a251a9cdb76748d5.e3iSbxaKaheRe38KbN0Rb34Mc3j0n6jAmljGr5XDqQLvpAe HTTP/1.1" 200 2
152.200.172.85 - - [20/Dec/2015:18:34:41 -0500] "GET /BLA/resoluciones/AUTOS%202009/0526.pdf HTTP/1.1" 200 319778
152.200.172.85 - - [20/Dec/2015:18:34:41 -0500] "GET /favicon.ico HTTP/1.1" 200 7782
190.157.188.55 - - [20/Dec/2015:18:34:51 -0500] "GET /ecodirectorio/files/res/pages/page_0037.swf HTTP/1.1" 200 214291
190.157.188.55 - - [20/Dec/2015:18:34:51 -0500] "GET /ecodirectorio/files/res/pages/page_0038.swf HTTP/1.1" 200 217674
69.162.124.233 - - [20/Dec/2015:18:35:30 -0500] "HEAD / HTTP/1.1" 200 -
181.129.88.210 - - [20/Dec/2015:18:35:36 -0500] "POST /forms/lservlet;jsessionid=ac16012b30d726745fa422d64092929ced9d64d5dd7c.e3iSbxaKaheRe38KbN0Rb34Mc3j0n6jAmljGr5XDqQLvpAe HTTP/1.1" 200 2
190.157.188.55 - - [20/Dec/2015:18:35:50 -0500] "GET /ecodirectorio/files/res/pages/page_0040.swf HTTP/1.1" 200 245334
190.157.188.55 - - [20/Dec/2015:18:35:50 -0500] "GET /ecodirectorio/files/res/pages/page_0039.swf HTTP/1.1" 200 229756
190.25.157.12 - - [20/Dec/2015:18:35:53 -0500] "POST /forms/lservlet;jsessionid=ac16012b30d7fcfb694b74754b67ba13d8349b7969d1.e3iSbxaKaheRe38KbN0Rb34Mc3j0n6jAmljGr5XDqQLvpAe HTTP/1.1" 200 2
66.249.64.106 - - [20/Dec/2015:18:35:56 -0500] "GET /BLA/resoluciones/AUTOS%202008/1939.pdf HTTP/1.1" 200 153309
186.87.22.140 - - [20/Dec/2015:18:36:00 -0500] "GET /BLA/resoluciones/RESOLUCIONES%202013/0763.pdf HTTP/1.1" 200 1854679
186.87.184.164 - - [20/Dec/2015:18:36:27 -0500] "GET /BLA/resoluciones/RESOLUCIONES%202007/RES%202007%202901%20AL%203000/RESOLUCION%202906%20DE%202007.pdf HTTP/1.1" 200 591615
186.87.184.164 - - [20/Dec/2015:18:36:29 -0500] "GET /favicon.ico HTTP/1.1" 200 7782
181.49.73.100 - - [20/Dec/2015:18:36:35 -0500] "POST /forms/lservlet;jsessionid=ac16012b30d7d3a8d685a36444cb84ddec552985a8ba.e3iSbxaKaheRe38KbN0Rb34Mc3j0n6jAmljGr5XDqQLvpAe HTTP/1.1" 200 2
200.118.11.205 - - [20/Dec/2015:18:36:40 -0500] "POST /forms/lservlet;jsessionid=ac16012b30d7abe2c40442bf4578a251a9cdb76748d5.e3iSbxaKaheRe38KbN0Rb34Mc3j0n6jAmljGr5XDqQLvpAe HTTP/1.1" 200 2
190.157.188.55 - - [20/Dec/2015:18:36:51 -0500] "GET /ecodirectorio/files/res/pages/page_0042.swf HTTP/1.1" 200 249673
190.157.188.55 - - [20/Dec/2015:18:36:51 -0500] "GET /ecodirectorio/files/res/pages/page_0041.swf HTTP/1.1" 200 149324
66.249.64.101 - - [20/Dec/2015:18:37:20 -0500] "GET /BLA/resoluciones/RESOLUCIONES%202008/1159.pdf HTTP/1.1" 200 816328
181.129.88.210 - - [20/Dec/2015:18:37:36 -0500] "POST /forms/lservlet;jsessionid=ac16012b30d726745fa422d64092929ced9d64d5dd7c.e3iSbxaKaheRe38KbN0Rb34Mc3j0n6jAmljGr5XDqQLvpAe HTTP/1.1" 200 2
190.25.157.12 - - [20/Dec/2015:18:37:53 -0500] "POST /forms/lservlet;jsessionid=ac16012b30d7fcfb694b74754b67ba13d8349b7969d1.e3iSbxaKaheRe38KbN0Rb34Mc3j0n6jAmljGr5XDqQLvpAe HTTP/1.1" 200 2
66.249.64.106 - - [20/Dec/2015:18:37:53 -0500] "GET /BLA/resoluciones/RESOLUCIONES%202008/0246.pdf HTTP/1.1" 200 760495
200.118.22.79 - - [20/Dec/2015:18:37:56 -0500] "GET /galeria/galeria/jquery.fancybox.js?v=2.1.5 HTTP/1.1" 200 48706
200.118.22.79 - - [20/Dec/2015:18:37:56 -0500] "GET /galeria/galeria/jquery.fancybox.css?v=2.1.5 HTTP/1.1" 200 4895
200.118.22.79 - - [20/Dec/2015:18:37:56 -0500] "GET /BLA/boletinlegal/js/jquery.scrollShow.js HTTP/1.1" 200 4586
200.118.22.79 - - [20/Dec/2015:18:38:08 -0500] "GET /BLA/boletinlegal/js/jquery.scrollShow.js HTTP/1.1" 200 4586
200.118.22.79 - - [20/Dec/2015:18:38:08 -0500] "GET /galeria/galeria/jquery.fancybox.js?v=2.1.5 HTTP/1.1" 200 48706
200.118.22.79 - - [20/Dec/2015:18:38:08 -0500] "GET /galeria/galeria/jquery.fancybox.css?v=2.1.5 HTTP/1.1" 200 4895
201.234.75.11 - - [20/Dec/2015:18:38:10 -0500] "GET /galeria/nivo-slider/demo/images/jardinvertiSDA2.jpg HTTP/1.1" 304 -
181.49.73.100 - - [20/Dec/2015:18:38:36 -0500] "POST /forms/lservlet;jsessionid=ac16012b30d7d3a8d685a36444cb84ddec552985a8ba.e3iSbxaKaheRe38KbN0Rb34Mc3j0n6jAmljGr5XDqQLvpAe HTTP/1.1" 200 2
66.249.64.101 - - [20/Dec/2015:18:38:44 -0500] "GET /BLA/resoluciones/AUTOS%202007/1488.pdf HTTP/1.1" 200 31264
181.129.88.210 - - [20/Dec/2015:18:39:36 -0500] "POST /forms/lservlet;jsessionid=ac16012b30d726745fa422d64092929ced9d64d5dd7c.e3iSbxaKaheRe38KbN0Rb34Mc3j0n6jAmljGr5XDqQLvpAe HTTP/1.1" 200 2
191.151.170.43 - - [20/Dec/2015:18:39:37 -0500] "GET /galeria/galeria/jquery.fancybox.css?v=2.1.5 HTTP/1.1" 304 -
191.151.170.43 - - [20/Dec/2015:18:39:37 -0500] "GET /BLA/boletinlegal/js/jquery.scrollShow.js HTTP/1.1" 304 -
191.151.170.43 - - [20/Dec/2015:18:39:37 -0500] "GET /galeria/galeria/jquery.fancybox.js?v=2.1.5 HTTP/1.1" 304 -
190.25.157.12 - - [20/Dec/2015:18:39:53 -0500] "POST /forms/lservlet;jsessionid=ac16012b30d7fcfb694b74754b67ba13d8349b7969d1.e3iSbxaKaheRe38KbN0Rb34Mc3j0n6jAmljGr5XDqQLvpAe HTTP/1.1" 200 2
66.249.64.106 - - [20/Dec/2015:18:40:09 -0500] "GET /BLA/resoluciones/AUTOS%202007/1499.pdf HTTP/1.1" 200 262604
190.199.133.239 - - [20/Dec/2015:18:40:23 -0500] "GET /BLA/boletinlegal/js/jquery.scrollShow.js HTTP/1.1" 200 4586
190.199.133.239 - - [20/Dec/2015:18:40:23 -0500] "GET /galeria/galeria/jquery.fancybox.js?v=2.1.5 HTTP/1.1" 200 48706
190.199.133.239 - - [20/Dec/2015:18:40:23 -0500] "GET /galeria/galeria/jquery.fancybox.css?v=2.1.5 HTTP/1.1" 200 4895
201.244.242.97 - - [20/Dec/2015:18:40:29 -0500] "GET /galeria/galeria/jquery.fancybox.css?v=2.1.5 HTTP/1.1" 200 4895
201.244.242.97 - - [20/Dec/2015:18:40:29 -0500] "GET /galeria/carrusel/Carrusel/jquery.thumbnailScroller.css HTTP/1.1" 200 2066
201.244.242.97 - - [20/Dec/2015:18:40:29 -0500] "GET /BLA/boletinlegal/js/jquery.scrollShow.js HTTP/1.1" 200 4586
201.244.242.97 - - [20/Dec/2015:18:40:29 -0500] "GET /galeria/galeria/jquery.fancybox.js?v=2.1.5 HTTP/1.1" 200 48706
201.244.242.97 - - [20/Dec/2015:18:40:29 -0500] "GET /galeria/carrusel/Carrusel/jquery-ui-1.8.13.custom.min.js HTTP/1.1" 200 10800
201.244.242.97 - - [20/Dec/2015:18:40:29 -0500] "GET /galeria/carrusel/Carrusel/jquery.thumbnailScroller.js HTTP/1.1" 200 8157
69.162.124.233 - - [20/Dec/2015:18:40:30 -0500] "HEAD / HTTP/1.1" 200 -
201.244.242.97 - - [20/Dec/2015:18:40:30 -0500] "GET /galeria/nivo-slider/demo/demo.html HTTP/1.1" 200 4456
201.244.242.97 - - [20/Dec/2015:18:40:30 -0500] "GET /galeria/nivo-slider/themes/default/default.css HTTP/1.1" 200 1569
201.244.242.97 - - [20/Dec/2015:18:40:30 -0500] "GET /galeria/nivo-slider/nivo-slider.css HTTP/1.1" 200 1507
201.244.242.97 - - [20/Dec/2015:18:40:30 -0500] "GET /galeria/nivo-slider/themes/orman/orman.css HTTP/1.1" 200 2152
201.244.242.97 - - [20/Dec/2015:18:40:30 -0500] "GET /galeria/nivo-slider/demo/style.css HTTP/1.1" 200 2222
201.244.242.97 - - [20/Dec/2015:18:40:30 -0500] "GET /galeria/nivo-slider/demo/scripts/jquery-1.7.1.min.js HTTP/1.1" 200 93868
201.244.242.97 - - [20/Dec/2015:18:40:30 -0500] "GET /galeria/nivo-slider/themes/pascal/pascal.css HTTP/1.1" 200 2258
201.244.242.97 - - [20/Dec/2015:18:40:31 -0500] "GET /galeria/nivo-slider/jquery.nivo.slider.pack.js HTTP/1.1" 200 11561
201.244.242.97 - - [20/Dec/2015:18:40:31 -0500] "GET /galeria/nivo-slider/demo/images/4Simple_Slider.png HTTP/1.1" 200 11722
201.244.242.97 - - [20/Dec/2015:18:40:31 -0500] "GET /galeria/nivo-slider/themes/default/loading.gif HTTP/1.1" 200 1737
201.244.242.97 - - [20/Dec/2015:18:40:32 -0500] "GET /galeria/nivo-slider/demo/images/ambientales.jpg HTTP/1.1" 200 397233
201.244.242.97 - - [20/Dec/2015:18:40:32 -0500] "GET /galeria/nivo-slider/demo/images/Programacion-navidena.jpg HTTP/1.1" 200 316038
201.244.242.97 - - [20/Dec/2015:18:40:33 -0500] "GET /galeria/nivo-slider/demo/images/2Banner-encuestaSDA.jpg HTTP/1.1" 200 208228
201.244.242.97 - - [20/Dec/2015:18:40:34 -0500] "GET /galeria/nivo-slider/demo/images/ABC-Plan-de-contigencia.jpg HTTP/1.1" 200 401853
181.49.73.100 - - [20/Dec/2015:18:40:36 -0500] "POST /forms/lservlet;jsessionid=ac16012b30d7d3a8d685a36444cb84ddec552985a8ba.e3iSbxaKaheRe38KbN0Rb34Mc3j0n6jAmljGr5XDqQLvpAe HTTP/1.1" 200 2
201.244.242.97 - - [20/Dec/2015:18:40:36 -0500] "GET /galeria/nivo-slider/demo/images/banner-llantas2015.jpg HTTP/1.1" 200 185615
201.244.242.97 - - [20/Dec/2015:18:40:36 -0500] "GET /galeria/nivo-slider/demo/images/caminata-ecologica.jpg HTTP/1.1" 200 161069
201.244.242.97 - - [20/Dec/2015:18:40:39 -0500] "GET /galeria/nivo-slider/demo/images/Banner-ahorro-de-agua.jpg HTTP/1.1" 200 149141
201.244.242.97 - - [20/Dec/2015:18:40:39 -0500] "GET /galeria/nivo-slider/demo/images/Cmapana-onestidad.jpg HTTP/1.1" 200 141638
201.244.242.97 - - [20/Dec/2015:18:40:41 -0500] "GET /galeria/nivo-slider/demo/images/PREDAcamp.jpg HTTP/1.1" 200 295358
201.244.242.97 - - [20/Dec/2015:18:40:41 -0500] "GET /galeria/nivo-slider/demo/images/banner-llantas2.jpg HTTP/1.1" 200 204644
201.244.242.97 - - [20/Dec/2015:18:40:41 -0500] "GET /galeria/nivo-slider/demo/images/9Signos.jpg HTTP/1.1" 200 81776
201.244.242.97 - - [20/Dec/2015:18:40:41 -0500] "GET /galeria/nivo-slider/demo/images/Ruta-vertimientos-01.jpg HTTP/1.1" 200 130151
201.244.242.97 - - [20/Dec/2015:18:40:41 -0500] "GET /galeria/nivo-slider/demo/images/bolsas-06.jpg HTTP/1.1" 200 90982
201.244.242.97 - - [20/Dec/2015:18:40:41 -0500] "GET /galeria/nivo-slider/demo/images/Conoce-los-humedales.jpg HTTP/1.1" 200 294036
201.244.242.97 - - [20/Dec/2015:18:40:42 -0500] "GET /galeria/nivo-slider/demo/images/ecolecta-Dic2014.png HTTP/1.1" 200 288593
201.244.242.97 - - [20/Dec/2015:18:40:46 -0500] "GET /galeria/nivo-slider/themes/default/arrows.png HTTP/1.1" 200 824
201.244.242.97 - - [20/Dec/2015:18:40:46 -0500] "GET /galeria/nivo-slider/themes/default/bullets.png HTTP/1.1" 200 1281
190.199.133.239 - - [20/Dec/2015:18:40:51 -0500] "GET /galeria/galeria/jquery.fancybox.js?v=2.1.5 HTTP/1.1" 200 48706
190.199.133.239 - - [20/Dec/2015:18:40:51 -0500] "GET /galeria/galeria/jquery.fancybox.css?v=2.1.5 HTTP/1.1" 200 4895
190.199.133.239 - - [20/Dec/2015:18:40:51 -0500] "GET /BLA/boletinlegal/js/jquery.scrollShow.js HTTP/1.1" 200 4586
190.157.188.55 - - [20/Dec/2015:18:41:19 -0500] "GET /ecodirectorio/files/res/pages/page_0043.swf HTTP/1.1" 200 110478
190.157.188.55 - - [20/Dec/2015:18:41:19 -0500] "GET /ecodirectorio/files/res/pages/page_0044.swf HTTP/1.1" 200 256165
66.249.64.106 - - [20/Dec/2015:18:41:33 -0500] "GET /BLA/resoluciones/RESOLUCIONES%202007/RES%202007%20501%20AL%20600/RESOLUCION%200574%20DE%202007.pdf HTTP/1.1" 200 510389
181.129.88.210 - - [20/Dec/2015:18:41:36 -0500] "POST /forms/lservlet;jsessionid=ac16012b30d726745fa422d64092929ced9d64d5dd7c.e3iSbxaKaheRe38KbN0Rb34Mc3j0n6jAmljGr5XDqQLvpAe HTTP/1.1" 200 2
190.157.188.55 - - [20/Dec/2015:18:41:44 -0500] "GET /ecodirectorio/files/res/pages/page_0045.swf HTTP/1.1" 200 198845
190.157.188.55 - - [20/Dec/2015:18:41:44 -0500] "GET /ecodirectorio/files/res/pages/page_0046.swf HTTP/1.1" 200 222209
190.25.157.12 - - [20/Dec/2015:18:41:53 -0500] "POST /forms/lservlet;jsessionid=ac16012b30d7fcfb694b74754b67ba13d8349b7969d1.e3iSbxaKaheRe38KbN0Rb34Mc3j0n6jAmljGr5XDqQLvpAe HTTP/1.1" 200 2
201.244.242.97 - - [20/Dec/2015:18:42:09 -0500] "GET /galeria/galeria/jquery.fancybox.css?v=2.1.5 HTTP/1.1" 304 -
201.244.242.97 - - [20/Dec/2015:18:42:09 -0500] "GET /BLA/boletinlegal/js/jquery.scrollShow.js HTTP/1.1" 304 -
201.244.242.97 - - [20/Dec/2015:18:42:09 -0500] "GET /galeria/galeria/jquery.fancybox.js?v=2.1.5 HTTP/1.1" 304 -
181.49.73.100 - - [20/Dec/2015:18:42:39 -0500] "POST /forms/lservlet;jsessionid=ac16012b30d7d3a8d685a36444cb84ddec552985a8ba.e3iSbxaKaheRe38KbN0Rb34Mc3j0n6jAmljGr5XDqQLvpAe HTTP/1.1" 200 2
66.249.64.106 - - [20/Dec/2015:18:42:57 -0500] "GET /BLA/resoluciones/RESOLUCIONES%202009/2062.pdf HTTP/1.1" 200 773110
190.157.188.55 - - [20/Dec/2015:18:43:00 -0500] "GET /ecodirectorio/files/res/pages/page_0047.swf HTTP/1.1" 200 231022
190.157.188.55 - - [20/Dec/2015:18:43:00 -0500] "GET /ecodirectorio/files/res/pages/page_0048.swf HTTP/1.1" 200 249894
181.129.88.210 - - [20/Dec/2015:18:43:36 -0500] "POST /forms/lservlet;jsessionid=ac16012b30d726745fa422d64092929ced9d64d5dd7c.e3iSbxaKaheRe38KbN0Rb34Mc3j0n6jAmljGr5XDqQLvpAe HTTP/1.1" 200 2
66.249.64.101 - - [20/Dec/2015:18:43:37 -0500] "GET /BLA/resoluciones/RESOLUCIONES%202013/1430.pdf HTTP/1.1" 200 565827
190.25.157.12 - - [20/Dec/2015:18:43:53 -0500] "POST /forms/lservlet;jsessionid=ac16012b30d7fcfb694b74754b67ba13d8349b7969d1.e3iSbxaKaheRe38KbN0Rb34Mc3j0n6jAmljGr5XDqQLvpAe HTTP/1.1" 200 2
190.157.188.55 - - [20/Dec/2015:18:44:00 -0500] "GET /ecodirectorio/files/res/pages/page_0049.swf HTTP/1.1" 200 249542
190.157.188.55 - - [20/Dec/2015:18:44:00 -0500] "GET /ecodirectorio/files/res/pages/page_0050.swf HTTP/1.1" 200 245434
190.157.188.55 - - [20/Dec/2015:18:44:02 -0500] "GET /ecodirectorio/files/res/pages/page_0051.swf HTTP/1.1" 200 240027
190.157.188.55 - - [20/Dec/2015:18:44:02 -0500] "GET /ecodirectorio/files/res/pages/page_0052.swf HTTP/1.1" 200 275579
66.249.64.96 - - [20/Dec/2015:18:44:21 -0500] "GET /BLA/resoluciones/AUTOS%202014/6149.pdf HTTP/1.1" 200 145736
181.49.73.100 - - [20/Dec/2015:18:44:39 -0500] "POST /forms/lservlet;jsessionid=ac16012b30d7d3a8d685a36444cb84ddec552985a8ba.e3iSbxaKaheRe38KbN0Rb34Mc3j0n6jAmljGr5XDqQLvpAe HTTP/1.1" 200 2
51.254.121.185 - - [20/Dec/2015:18:44:52 -0500] "GET /robots.txt HTTP/1.0" 404 1015
51.254.121.185 - - [20/Dec/2015:18:44:55 -0500] "GET /Anexos%20estudio%20Organizacional%20SDA/ANEXO%20No.%201-%20NORMAS%20LEGALES%20DE%20ESTRUCTURA%20Y%20PLANTA/Acuerdo%209%20de%201990%20Concejo%20de%20Bogot%C3%A1..htm HTTP/1.0" 200 34207
51.254.121.185 - - [20/Dec/2015:18:45:01 -0500] "GET /Autoliquidacion/Grupo%20Forestal%20-%20Silvicultura/Solicitud%20y%20lista%20de%20chequeo%20Evaluaci%C3%B3n%20Silvicultural.xlsx HTTP/1.0" 200 100649
51.254.121.185 - - [20/Dec/2015:18:45:02 -0500] "GET /robots.txt HTTP/1.0" 404 1019
51.254.121.185 - - [20/Dec/2015:18:45:06 -0500] "GET /Anexos%20estudio%20Organizacional%20SDA/ANEXO%20No.%201-%20NORMAS%20LEGALES%20DE%20ESTRUCTURA%20Y%20PLANTA/Acuerdo%209%20de%201990%20Concejo%20de%20Bogot%C3%A1..htm HTTP/1.0" 200 34207
51.254.121.185 - - [20/Dec/2015:18:45:09 -0500] "GET /Autoliquidacion/Grupo%20Forestal%20-%20Silvicultura/Solicitud%20y%20lista%20de%20chequeo%20Evaluaci%C3%B3n%20Silvicultural.xlsx HTTP/1.0" 200 100649
51.254.121.185 - - [20/Dec/2015:18:45:12 -0500] "GET /Ifweb/3.html HTTP/1.0" 404 1019
51.254.121.185 - - [20/Dec/2015:18:45:14 -0500] "GET /Ifweb/4.html HTTP/1.0" 404 1019
190.157.188.55 - - [20/Dec/2015:18:45:25 -0500] "GET /ecodirectorio/files/res/pages/page_0054.swf HTTP/1.1" 200 243964
190.157.188.55 - - [20/Dec/2015:18:45:25 -0500] "GET /ecodirectorio/files/res/pages/page_0053.swf HTTP/1.1" 200 248052
69.162.124.233 - - [20/Dec/2015:18:45:30 -0500] "HEAD / HTTP/1.1" 200 -
181.129.88.210 - - [20/Dec/2015:18:45:36 -0500] "POST /forms/lservlet;jsessionid=ac16012b30d726745fa422d64092929ced9d64d5dd7c.e3iSbxaKaheRe38KbN0Rb34Mc3j0n6jAmljGr5XDqQLvpAe HTTP/1.1" 200 2
190.25.157.12 - - [20/Dec/2015:18:45:53 -0500] "POST /forms/lservlet;jsessionid=ac16012b30d7fcfb694b74754b67ba13d8349b7969d1.e3iSbxaKaheRe38KbN0Rb34Mc3j0n6jAmljGr5XDqQLvpAe HTTP/1.1" 200 2
190.157.188.55 - - [20/Dec/2015:18:46:31 -0500] "GET /ecodirectorio/files/res/pages/page_0055.swf HTTP/1.1" 200 187398
190.157.188.55 - - [20/Dec/2015:18:46:31 -0500] "GET /ecodirectorio/files/res/pages/page_0056.swf HTTP/1.1" 200 203868
181.49.73.100 - - [20/Dec/2015:18:46:39 -0500] "POST /forms/lservlet;jsessionid=ac16012b30d7d3a8d685a36444cb84ddec552985a8ba.e3iSbxaKaheRe38KbN0Rb34Mc3j0n6jAmljGr5XDqQLvpAe HTTP/1.1" 200 2
66.249.64.96 - - [20/Dec/2015:18:47:09 -0500] "GET /BLA/resoluciones/AUTOS%202010/6886.pdf HTTP/1.1" 200 227653
181.129.88.210 - - [20/Dec/2015:18:47:36 -0500] "POST /forms/lservlet;jsessionid=ac16012b30d726745fa422d64092929ced9d64d5dd7c.e3iSbxaKaheRe38KbN0Rb34Mc3j0n6jAmljGr5XDqQLvpAe HTTP/1.1" 200 2
190.157.188.55 - - [20/Dec/2015:18:47:37 -0500] "GET /ecodirectorio/files/res/pages/page_0057.swf HTTP/1.1" 200 424353
190.157.188.55 - - [20/Dec/2015:18:47:37 -0500] "GET /ecodirectorio/files/res/pages/page_0058.swf HTTP/1.1" 200 353386
181.129.88.210 - - [20/Dec/2015:18:47:50 -0500] "POST /forms/lservlet;jsessionid=ac16012b30d726745fa422d64092929ced9d64d5dd7c.e3iSbxaKaheRe38KbN0Rb34Mc3j0n6jAmljGr5XDqQLvpAe HTTP/1.1" 200 2
181.129.88.210 - - [20/Dec/2015:18:47:51 -0500] "POST /forms/lservlet;jsessionid=ac16012b30d726745fa422d64092929ced9d64d5dd7c.e3iSbxaKaheRe38KbN0Rb34Mc3j0n6jAmljGr5XDqQLvpAe HTTP/1.1" 200 116
181.129.88.210 - - [20/Dec/2015:18:47:52 -0500] "POST /forms/lservlet;jsessionid=ac16012b30d726745fa422d64092929ced9d64d5dd7c.e3iSbxaKaheRe38KbN0Rb34Mc3j0n6jAmljGr5XDqQLvpAe HTTP/1.1" 200 2
190.25.157.12 - - [20/Dec/2015:18:47:53 -0500] "POST /forms/lservlet;jsessionid=ac16012b30d7fcfb694b74754b67ba13d8349b7969d1.e3iSbxaKaheRe38KbN0Rb34Mc3j0n6jAmljGr5XDqQLvpAe HTTP/1.1" 200 2
190.26.210.162 - - [20/Dec/2015:18:48:04 -0500] "GET /galeria/juegos/ear/EARI.swf HTTP/1.1" 200 526915
181.129.88.210 - - [20/Dec/2015:18:48:04 -0500] "GET /reports/rwservlet/getjobid367635?server=rep_srvapsda HTTP/1.1" 200 92413
190.26.210.162 - - [20/Dec/2015:18:48:23 -0500] "GET /videos/galeria-cronicas/1V3wnplaylist.htm? HTTP/1.1" 200 4013
190.26.210.162 - - [20/Dec/2015:18:48:23 -0500] "GET /videos/galeria-cronicas/ HTTP/1.1" 200 3979
66.249.64.96 - - [20/Dec/2015:18:48:33 -0500] "GET /BLA/resoluciones/AUTOS%202008/0800.pdf HTTP/1.1" 200 77637
190.157.188.55 - - [20/Dec/2015:18:48:37 -0500] "GET /ecodirectorio/files/res/pages/page_0059.swf HTTP/1.1" 200 415222
190.157.188.55 - - [20/Dec/2015:18:48:37 -0500] "GET /ecodirectorio/files/res/pages/page_0060.swf HTTP/1.1" 200 397653
181.49.73.100 - - [20/Dec/2015:18:48:39 -0500] "POST /forms/lservlet;jsessionid=ac16012b30d7d3a8d685a36444cb84ddec552985a8ba.e3iSbxaKaheRe38KbN0Rb34Mc3j0n6jAmljGr5XDqQLvpAe HTTP/1.1" 200 2
152.201.64.123 - - [20/Dec/2015:18:48:41 -0500] "GET /galeria/galeria/jquery.fancybox.css?v=2.1.5 HTTP/1.1" 200 4895
152.201.64.123 - - [20/Dec/2015:18:48:41 -0500] "GET /galeria/galeria/jquery.fancybox.js?v=2.1.5 HTTP/1.1" 200 48706
152.201.64.123 - - [20/Dec/2015:18:48:41 -0500] "GET /BLA/boletinlegal/js/jquery.scrollShow.js HTTP/1.1" 200 4586
181.252.75.126 - - [20/Dec/2015:18:49:10 -0500] "GET /BLA/boletinlegal/js/jquery.scrollShow.js HTTP/1.1" 200 4586
181.252.75.126 - - [20/Dec/2015:18:49:10 -0500] "GET /galeria/galeria/jquery.fancybox.css?v=2.1.5 HTTP/1.1" 200 4895
181.252.75.126 - - [20/Dec/2015:18:49:10 -0500] "GET /galeria/galeria/jquery.fancybox.js?v=2.1.5 HTTP/1.1" 200 48706
181.252.75.126 - - [20/Dec/2015:18:49:22 -0500] "GET /BLA/boletinlegal/js/jquery.scrollShow.js HTTP/1.1" 304 -
181.252.75.126 - - [20/Dec/2015:18:49:22 -0500] "GET /galeria/galeria/jquery.fancybox.js?v=2.1.5 HTTP/1.1" 304 -
181.252.75.126 - - [20/Dec/2015:18:49:22 -0500] "GET /galeria/galeria/jquery.fancybox.css?v=2.1.5 HTTP/1.1" 304 -
66.249.64.101 - - [20/Dec/2015:18:49:24 -0500] "GET /BLA/resoluciones/AUTOS%202008/1594.pdf HTTP/1.1" 200 140230
190.157.188.55 - - [20/Dec/2015:18:49:31 -0500] "GET /ecodirectorio/files/res/pages/page_0062.swf HTTP/1.1" 200 174464
190.157.188.55 - - [20/Dec/2015:18:49:32 -0500] "GET /ecodirectorio/files/res/pages/page_0061.swf HTTP/1.1" 200 175969
178.62.28.116 - - [20/Dec/2015:18:49:35 -0500] "GET /galeria/galeria/jquery.fancybox.css?v=2.1.5 HTTP/1.1" 200 4895
178.62.28.116 - - [20/Dec/2015:18:49:35 -0500] "GET /BLA/boletinlegal/js/jquery.scrollShow.js HTTP/1.1" 200 4586
178.62.28.116 - - [20/Dec/2015:18:49:35 -0500] "GET /galeria/galeria/jquery.fancybox.js?v=2.1.5 HTTP/1.1" 200 48706
181.129.88.210 - - [20/Dec/2015:18:49:36 -0500] "POST /forms/lservlet;jsessionid=ac16012b30d726745fa422d64092929ced9d64d5dd7c.e3iSbxaKaheRe38KbN0Rb34Mc3j0n6jAmljGr5XDqQLvpAe HTTP/1.1" 200 2
178.62.28.116 - - [20/Dec/2015:18:49:41 -0500] "GET /galeria/galeria/jquery.fancybox.js?v=2.1.5 HTTP/1.1" 304 -
178.62.28.116 - - [20/Dec/2015:18:49:41 -0500] "GET /galeria/galeria/jquery.fancybox.css?v=2.1.5 HTTP/1.1" 304 -
178.62.28.116 - - [20/Dec/2015:18:49:41 -0500] "GET /BLA/boletinlegal/js/jquery.scrollShow.js HTTP/1.1" 304 -
190.25.157.12 - - [20/Dec/2015:18:49:53 -0500] "POST /forms/lservlet;jsessionid=ac16012b30d7fcfb694b74754b67ba13d8349b7969d1.e3iSbxaKaheRe38KbN0Rb34Mc3j0n6jAmljGr5XDqQLvpAe HTTP/1.1" 200 2
66.249.64.96 - - [20/Dec/2015:18:49:57 -0500] "GET /BLA/resoluciones/AUTOS%202014/1350.pdf HTTP/1.1" 200 677937
181.252.75.126 - - [20/Dec/2015:18:50:21 -0500] "GET /autoliquidacion HTTP/1.1" 301 310
181.252.75.126 - - [20/Dec/2015:18:50:21 -0500] "GET /autoliquidacion/ HTTP/1.1" 200 6375
181.252.75.126 - - [20/Dec/2015:18:50:21 -0500] "GET /autoliquidacion/dlf/styles.css HTTP/1.1" 200 3045
181.252.75.126 - - [20/Dec/2015:18:50:21 -0500] "GET /autoliquidacion/dlf/folder.png HTTP/1.1" 200 410
181.252.75.126 - - [20/Dec/2015:18:50:22 -0500] "GET /autoliquidacion/dlf/bg.gif HTTP/1.1" 200 54
69.162.124.233 - - [20/Dec/2015:18:50:30 -0500] "HEAD / HTTP/1.1" 200 -
181.49.73.100 - - [20/Dec/2015:18:50:39 -0500] "POST /forms/lservlet;jsessionid=ac16012b30d7d3a8d685a36444cb84ddec552985a8ba.e3iSbxaKaheRe38KbN0Rb34Mc3j0n6jAmljGr5XDqQLvpAe HTTP/1.1" 200 2
66.249.64.248 - - [20/Dec/2015:18:50:45 -0500] "GET /BLA/boletinlegal/Circulares/2011/Circular%20No.%206%20del%2029%20de%20Julio%20de%202011.pdf HTTP/1.1" 200 262144
190.157.188.55 - - [20/Dec/2015:18:51:05 -0500] "GET /ecodirectorio/files/res/pages/page_0063.swf HTTP/1.1" 200 190612
190.157.188.55 - - [20/Dec/2015:18:51:05 -0500] "GET /ecodirectorio/files/res/pages/page_0064.swf HTTP/1.1" 200 137549
181.129.88.210 - - [20/Dec/2015:18:51:12 -0500] "POST /forms/lservlet;jsessionid=ac16012b30d726745fa422d64092929ced9d64d5dd7c.e3iSbxaKaheRe38KbN0Rb34Mc3j0n6jAmljGr5XDqQLvpAe HTTP/1.1" 200 95
181.129.88.210 - - [20/Dec/2015:18:51:13 -0500] "POST /forms/lservlet;jsessionid=ac16012b30d726745fa422d64092929ced9d64d5dd7c.e3iSbxaKaheRe38KbN0Rb34Mc3j0n6jAmljGr5XDqQLvpAe HTTP/1.1" 200 -
190.157.188.55 - - [20/Dec/2015:18:51:16 -0500] "GET /ecodirectorio/files/res/pages/page_0065.swf HTTP/1.1" 200 182071
190.157.188.55 - - [20/Dec/2015:18:51:16 -0500] "GET /ecodirectorio/files/res/pages/page_0066.swf HTTP/1.1" 200 152244
66.249.64.106 - - [20/Dec/2015:18:51:21 -0500] "GET /BLA/resoluciones/RESOLUCIONES%202009/5483.pdf HTTP/1.1" 200 522347
190.157.188.55 - - [20/Dec/2015:18:51:21 -0500] "GET /ecodirectorio/files/res/pages/page_0067.swf HTTP/1.1" 200 136469
190.157.188.55 - - [20/Dec/2015:18:51:21 -0500] "GET /ecodirectorio/files/res/pages/page_0068.swf HTTP/1.1" 200 133523
190.25.157.12 - - [20/Dec/2015:18:51:53 -0500] "POST /forms/lservlet;jsessionid=ac16012b30d7fcfb694b74754b67ba13d8349b7969d1.e3iSbxaKaheRe38KbN0Rb34Mc3j0n6jAmljGr5XDqQLvpAe HTTP/1.1" 200 2
181.129.88.210 - - [20/Dec/2015:18:52:15 -0500] "GET /forms/frmservlet?config=sia HTTP/1.1" 200 4028
190.157.188.55 - - [20/Dec/2015:18:52:23 -0500] "GET /ecodirectorio/files/res/pages/page_0070.swf HTTP/1.1" 200 136808
190.157.188.55 - - [20/Dec/2015:18:52:23 -0500] "GET /ecodirectorio/files/res/pages/page_0069.swf HTTP/1.1" 200 102639
181.49.73.100 - - [20/Dec/2015:18:52:39 -0500] "POST /forms/lservlet;jsessionid=ac16012b30d7d3a8d685a36444cb84ddec552985a8ba.e3iSbxaKaheRe38KbN0Rb34Mc3j0n6jAmljGr5XDqQLvpAe HTTP/1.1" 200 2
66.249.64.101 - - [20/Dec/2015:18:52:45 -0500] "GET /BLA/resoluciones/AUTOS%202008/0330.pdf HTTP/1.1" 200 97747
181.129.88.210 - - [20/Dec/2015:18:52:46 -0500] "GET /forms/java/frmall_jinit.jar HTTP/1.1" 304 -
181.129.88.210 - - [20/Dec/2015:18:52:47 -0500] "GET /forms/java/icons.jar HTTP/1.1" 304 -
181.129.88.210 - - [20/Dec/2015:18:52:48 -0500] "GET /forms/java/java/awt/KeyboardFocusManager.class HTTP/1.1" 404 352
181.129.88.210 - - [20/Dec/2015:18:52:48 -0500] "GET /forms/java/java/awt/KeyboardFocusManager.class HTTP/1.1" 404 352
181.129.88.210 - - [20/Dec/2015:18:52:50 -0500] "GET /forms/java/java/awt/event/MouseWheelListener.class HTTP/1.1" 404 356
181.129.88.210 - - [20/Dec/2015:18:52:50 -0500] "GET /forms/java/java/awt/event/MouseWheelListener.class HTTP/1.1" 404 356
181.129.88.210 - - [20/Dec/2015:18:52:52 -0500] "GET /forms/java/oracle/forms/registry/Registry.dat HTTP/1.1" 200 4213
181.129.88.210 - - [20/Dec/2015:18:52:52 -0500] "GET /forms/java/oracle/forms/registry/default.dat HTTP/1.1" 404 350
181.129.88.210 - - [20/Dec/2015:18:52:53 -0500] "GET /forms/frmservlet?config=sia&acceptLanguage=es-CO&ifcmd=startsession HTTP/1.1" 200 119
181.129.88.210 - - [20/Dec/2015:18:52:53 -0500] "GET /forms/lservlet;jsessionid=ac16012b30d7e768522c79bb4cb18bbaed9c8c3a90f5.e3iSbxaKaheRe38KbN0Rb34Mc3j0n6jAmljGr5XDqQLvpAe?ifcmd=getinfo&ifhost=YesicaVillarrag&ifip=192.168.1.70 HTTP/1.1" 200 8
181.129.88.210 - - [20/Dec/2015:18:52:53 -0500] "POST /forms/lservlet;jsessionid=ac16012b30d7e768522c79bb4cb18bbaed9c8c3a90f5.e3iSbxaKaheRe38KbN0Rb34Mc3j0n6jAmljGr5XDqQLvpAe HTTP/1.1" 200 8
181.129.88.210 - - [20/Dec/2015:18:52:53 -0500] "GET /forms/java/oracle/forms/engine/RunformBundle_es_MX.class HTTP/1.1" 404 362
181.129.88.210 - - [20/Dec/2015:18:52:53 -0500] "GET /forms/java/oracle/forms/engine/RunformBundle_es_MX.class HTTP/1.1" 404 362
181.129.88.210 - - [20/Dec/2015:18:52:54 -0500] "GET /forms/java/oracle/forms/engine/RunformBundle_es_MX.properties HTTP/1.1" 404 367
181.129.88.210 - - [20/Dec/2015:18:52:54 -0500] "POST /forms/lservlet;jsessionid=ac16012b30d7e768522c79bb4cb18bbaed9c8c3a90f5.e3iSbxaKaheRe38KbN0Rb34Mc3j0n6jAmljGr5XDqQLvpAe HTTP/1.1" 200 64000
181.129.88.210 - - [20/Dec/2015:18:52:55 -0500] "POST /forms/lservlet;jsessionid=ac16012b30d7e768522c79bb4cb18bbaed9c8c3a90f5.e3iSbxaKaheRe38KbN0Rb34Mc3j0n6jAmljGr5XDqQLvpAe HTTP/1.1" 200 64000
181.129.88.210 - - [20/Dec/2015:18:52:56 -0500] "POST /forms/lservlet;jsessionid=ac16012b30d7e768522c79bb4cb18bbaed9c8c3a90f5.e3iSbxaKaheRe38KbN0Rb34Mc3j0n6jAmljGr5XDqQLvpAe HTTP/1.1" 200 63623
181.129.88.210 - - [20/Dec/2015:18:52:58 -0500] "HEAD /imagenes/dama_logo.gif HTTP/1.1" 200 -
181.129.88.210 - - [20/Dec/2015:18:52:58 -0500] "GET /imagenes/dama_logo.gif HTTP/1.1" 200 21482
181.129.88.210 - - [20/Dec/2015:18:53:00 -0500] "POST /forms/lservlet;jsessionid=ac16012b30d7e768522c79bb4cb18bbaed9c8c3a90f5.e3iSbxaKaheRe38KbN0Rb34Mc3j0n6jAmljGr5XDqQLvpAe HTTP/1.1" 200 2
181.129.88.210 - - [20/Dec/2015:18:53:00 -0500] "POST /forms/lservlet;jsessionid=ac16012b30d7e768522c79bb4cb18bbaed9c8c3a90f5.e3iSbxaKaheRe38KbN0Rb34Mc3j0n6jAmljGr5XDqQLvpAe HTTP/1.1" 200 2
181.49.73.100 - - [20/Dec/2015:18:53:01 -0500] "POST /forms/lservlet;jsessionid=ac16012b30d7d3a8d685a36444cb84ddec552985a8ba.e3iSbxaKaheRe38KbN0Rb34Mc3j0n6jAmljGr5XDqQLvpAe HTTP/1.1" 200 98
181.49.73.100 - - [20/Dec/2015:18:53:02 -0500] "POST /forms/lservlet;jsessionid=ac16012b30d7d3a8d685a36444cb84ddec552985a8ba.e3iSbxaKaheRe38KbN0Rb34Mc3j0n6jAmljGr5XDqQLvpAe HTTP/1.1" 200 2
181.49.73.100 - - [20/Dec/2015:18:53:02 -0500] "POST /forms/lservlet;jsessionid=ac16012b30d7d3a8d685a36444cb84ddec552985a8ba.e3iSbxaKaheRe38KbN0Rb34Mc3j0n6jAmljGr5XDqQLvpAe HTTP/1.1" 200 2030
181.49.73.100 - - [20/Dec/2015:18:53:03 -0500] "POST /forms/lservlet;jsessionid=ac16012b30d7d3a8d685a36444cb84ddec552985a8ba.e3iSbxaKaheRe38KbN0Rb34Mc3j0n6jAmljGr5XDqQLvpAe HTTP/1.1" 200 78
181.49.73.100 - - [20/Dec/2015:18:53:03 -0500] "POST /forms/lservlet;jsessionid=ac16012b30d7d3a8d685a36444cb84ddec552985a8ba.e3iSbxaKaheRe38KbN0Rb34Mc3j0n6jAmljGr5XDqQLvpAe HTTP/1.1" 200 86
181.49.73.100 - - [20/Dec/2015:18:53:03 -0500] "POST /forms/lservlet;jsessionid=ac16012b30d7d3a8d685a36444cb84ddec552985a8ba.e3iSbxaKaheRe38KbN0Rb34Mc3j0n6jAmljGr5XDqQLvpAe HTTP/1.1" 200 -
181.129.88.210 - - [20/Dec/2015:18:53:09 -0500] "POST /forms/lservlet;jsessionid=ac16012b30d7e768522c79bb4cb18bbaed9c8c3a90f5.e3iSbxaKaheRe38KbN0Rb34Mc3j0n6jAmljGr5XDqQLvpAe HTTP/1.1" 200 7996
181.129.88.210 - - [20/Dec/2015:18:53:11 -0500] "POST /forms/lservlet;jsessionid=ac16012b30d7e768522c79bb4cb18bbaed9c8c3a90f5.e3iSbxaKaheRe38KbN0Rb34Mc3j0n6jAmljGr5XDqQLvpAe HTTP/1.1" 200 64
181.129.88.210 - - [20/Dec/2015:18:53:11 -0500] "POST /forms/lservlet;jsessionid=ac16012b30d7e768522c79bb4cb18bbaed9c8c3a90f5.e3iSbxaKaheRe38KbN0Rb34Mc3j0n6jAmljGr5XDqQLvpAe HTTP/1.1" 200 2
181.129.88.210 - - [20/Dec/2015:18:53:11 -0500] "POST /forms/lservlet;jsessionid=ac16012b30d7e768522c79bb4cb18bbaed9c8c3a90f5.e3iSbxaKaheRe38KbN0Rb34Mc3j0n6jAmljGr5XDqQLvpAe HTTP/1.1" 200 2
181.129.88.210 - - [20/Dec/2015:18:53:11 -0500] "POST /forms/lservlet;jsessionid=ac16012b30d7e768522c79bb4cb18bbaed9c8c3a90f5.e3iSbxaKaheRe38KbN0Rb34Mc3j0n6jAmljGr5XDqQLvpAe HTTP/1.1" 200 2
181.129.88.210 - - [20/Dec/2015:18:53:16 -0500] "POST /forms/lservlet;jsessionid=ac16012b30d7e768522c79bb4cb18bbaed9c8c3a90f5.e3iSbxaKaheRe38KbN0Rb34Mc3j0n6jAmljGr5XDqQLvpAe HTTP/1.1" 200 34716
181.129.88.210 - - [20/Dec/2015:18:53:20 -0500] "GET /imagenes/listval.gif HTTP/1.1" 200 905
181.129.88.210 - - [20/Dec/2015:18:53:20 -0500] "GET /imagenes/tree1.gif HTTP/1.1" 200 1161
181.129.88.210 - - [20/Dec/2015:18:53:20 -0500] "GET /imagenes/listval.gif HTTP/1.1" 200 905
181.129.88.210 - - [20/Dec/2015:18:53:20 -0500] "GET /imagenes/CAMERA3.gif HTTP/1.1" 200 4150
181.129.88.210 - - [20/Dec/2015:18:53:20 -0500] "GET /imagenes/SLIDE1.gif HTTP/1.1" 200 1111
181.129.88.210 - - [20/Dec/2015:18:53:20 -0500] "GET /imagenes/flexcomb.gif HTTP/1.1" 200 1169
181.129.88.210 - - [20/Dec/2015:18:53:20 -0500] "GET /imagenes/GO.gif HTTP/1.1" 200 904
181.129.88.210 - - [20/Dec/2015:18:53:20 -0500] "GET /imagenes/HRTOOLS.gif HTTP/1.1" 200 2238
181.129.88.210 - - [20/Dec/2015:18:53:20 -0500] "GET /imagenes/rt_rec1.gif HTTP/1.1" 200 867
181.129.88.210 - - [20/Dec/2015:18:53:21 -0500] "GET /imagenes/apply.gif HTTP/1.1" 200 903
181.129.88.210 - - [20/Dec/2015:18:53:21 -0500] "GET /imagenes/exit.gif HTTP/1.1" 200 916
181.129.88.210 - - [20/Dec/2015:18:53:21 -0500] "GET /imagenes/LISTVAL.gif HTTP/1.1" 200 905
181.129.88.210 - - [20/Dec/2015:18:53:21 -0500] "GET /imagenes/edit.gif HTTP/1.1" 200 919
181.129.88.210 - - [20/Dec/2015:18:53:21 -0500] "GET /imagenes/rt_rec4.gif HTTP/1.1" 200 865
181.129.88.210 - - [20/Dec/2015:18:53:21 -0500] "GET /imagenes/rt_rec3.gif HTTP/1.1" 200 844
181.129.88.210 - - [20/Dec/2015:18:53:21 -0500] "GET /imagenes/rt_rec2.gif HTTP/1.1" 200 847
181.129.88.210 - - [20/Dec/2015:18:53:21 -0500] "GET /imagenes/rt_rdel.gif HTTP/1.1" 200 899
181.129.88.210 - - [20/Dec/2015:18:53:21 -0500] "GET /imagenes/rt_radd.gif HTTP/1.1" 200 907
181.129.88.210 - - [20/Dec/2015:18:53:21 -0500] "GET /imagenes/rt_quer3.gif HTTP/1.1" 200 939
181.129.88.210 - - [20/Dec/2015:18:53:21 -0500] "GET /imagenes/rt_quer2.gif HTTP/1.1" 200 936
181.129.88.210 - - [20/Dec/2015:18:53:21 -0500] "GET /imagenes/rt_quer1.gif HTTP/1.1" 200 930
181.129.88.210 - - [20/Dec/2015:18:53:21 -0500] "GET /imagenes/rt_save.gif HTTP/1.1" 200 903
181.129.88.210 - - [20/Dec/2015:18:53:21 -0500] "GET /imagenes/rt_pset.gif HTTP/1.1" 200 914
181.129.88.210 - - [20/Dec/2015:18:53:21 -0500] "GET /imagenes/QUEJA.gif HTTP/1.1" 200 1091
181.129.88.210 - - [20/Dec/2015:18:53:21 -0500] "GET /imagenes/ARBOL.gif HTTP/1.1" 200 1026
181.129.88.210 - - [20/Dec/2015:18:53:22 -0500] "GET /imagenes/Clipboard.gif HTTP/1.1" 200 1466
181.129.88.210 - - [20/Dec/2015:18:53:22 -0500] "GET /imagenes/DINERO.gif HTTP/1.1" 200 1766
181.129.88.210 - - [20/Dec/2015:18:53:22 -0500] "GET /imagenes/URGENTE.gif HTTP/1.1" 200 964
181.129.88.210 - - [20/Dec/2015:18:53:22 -0500] "GET /imagenes/TREE4.gif HTTP/1.1" 200 4150
181.129.88.210 - - [20/Dec/2015:18:53:22 -0500] "POST /forms/lservlet;jsessionid=ac16012b30d7e768522c79bb4cb18bbaed9c8c3a90f5.e3iSbxaKaheRe38KbN0Rb34Mc3j0n6jAmljGr5XDqQLvpAe HTTP/1.1" 200 7
181.129.88.210 - - [20/Dec/2015:18:53:22 -0500] "POST /forms/lservlet;jsessionid=ac16012b30d7e768522c79bb4cb18bbaed9c8c3a90f5.e3iSbxaKaheRe38KbN0Rb34Mc3j0n6jAmljGr5XDqQLvpAe HTTP/1.1" 200 34
181.129.88.210 - - [20/Dec/2015:18:53:22 -0500] "POST /forms/lservlet;jsessionid=ac16012b30d7e768522c79bb4cb18bbaed9c8c3a90f5.e3iSbxaKaheRe38KbN0Rb34Mc3j0n6jAmljGr5XDqQLvpAe HTTP/1.1" 200 2
190.157.188.55 - - [20/Dec/2015:18:53:27 -0500] "GET /ecodirectorio/files/res/pages/page_0071.swf HTTP/1.1" 200 150395
190.157.188.55 - - [20/Dec/2015:18:53:27 -0500] "GET /ecodirectorio/files/res/pages/page_0072.swf HTTP/1.1" 200 123560
181.129.88.210 - - [20/Dec/2015:18:53:27 -0500] "POST /forms/lservlet;jsessionid=ac16012b30d7e768522c79bb4cb18bbaed9c8c3a90f5.e3iSbxaKaheRe38KbN0Rb34Mc3j0n6jAmljGr5XDqQLvpAe HTTP/1.1" 200 2
181.129.88.210 - - [20/Dec/2015:18:53:27 -0500] "POST /forms/lservlet;jsessionid=ac16012b30d7e768522c79bb4cb18bbaed9c8c3a90f5.e3iSbxaKaheRe38KbN0Rb34Mc3j0n6jAmljGr5XDqQLvpAe HTTP/1.1" 200 699
181.129.88.210 - - [20/Dec/2015:18:53:28 -0500] "GET /imagenes/Srch_frw.gif HTTP/1.1" 200 925
181.129.88.210 - - [20/Dec/2015:18:53:28 -0500] "POST /forms/lservlet;jsessionid=ac16012b30d7e768522c79bb4cb18bbaed9c8c3a90f5.e3iSbxaKaheRe38KbN0Rb34Mc3j0n6jAmljGr5XDqQLvpAe HTTP/1.1" 200 10
190.157.188.55 - - [20/Dec/2015:18:53:31 -0500] "GET /ecodirectorio/files/res/pages/page_0073.swf HTTP/1.1" 200 121536
190.157.188.55 - - [20/Dec/2015:18:53:31 -0500] "GET /ecodirectorio/files/res/pages/page_0074.swf HTTP/1.1" 200 170918
190.157.188.55 - - [20/Dec/2015:18:53:33 -0500] "GET /ecodirectorio/files/res/pages/page_0076.swf HTTP/1.1" 200 152745
190.157.188.55 - - [20/Dec/2015:18:53:33 -0500] "GET /ecodirectorio/files/res/pages/page_0075.swf HTTP/1.1" 200 114665
66.249.64.243 - - [20/Dec/2015:18:53:37 -0500] "GET /galeria/nivo-slider/demo/images/Conejera1.jpg HTTP/1.1" 200 66367
181.129.88.210 - - [20/Dec/2015:18:53:38 -0500] "POST /forms/lservlet;jsessionid=ac16012b30d7e768522c79bb4cb18bbaed9c8c3a90f5.e3iSbxaKaheRe38KbN0Rb34Mc3j0n6jAmljGr5XDqQLvpAe HTTP/1.1" 200 24
181.129.88.210 - - [20/Dec/2015:18:53:38 -0500] "POST /forms/lservlet;jsessionid=ac16012b30d7e768522c79bb4cb18bbaed9c8c3a90f5.e3iSbxaKaheRe38KbN0Rb34Mc3j0n6jAmljGr5XDqQLvpAe HTTP/1.1" 200 5400
181.129.88.210 - - [20/Dec/2015:18:53:39 -0500] "POST /forms/lservlet;jsessionid=ac16012b30d7e768522c79bb4cb18bbaed9c8c3a90f5.e3iSbxaKaheRe38KbN0Rb34Mc3j0n6jAmljGr5XDqQLvpAe HTTP/1.1" 200 2
181.129.88.210 - - [20/Dec/2015:18:53:41 -0500] "POST /forms/lservlet;jsessionid=ac16012b30d7e768522c79bb4cb18bbaed9c8c3a90f5.e3iSbxaKaheRe38KbN0Rb34Mc3j0n6jAmljGr5XDqQLvpAe HTTP/1.1" 200 2
181.129.88.210 - - [20/Dec/2015:18:53:41 -0500] "POST /forms/lservlet;jsessionid=ac16012b30d7e768522c79bb4cb18bbaed9c8c3a90f5.e3iSbxaKaheRe38KbN0Rb34Mc3j0n6jAmljGr5XDqQLvpAe HTTP/1.1" 200 14
181.129.88.210 - - [20/Dec/2015:18:53:42 -0500] "POST /forms/lservlet;jsessionid=ac16012b30d7e768522c79bb4cb18bbaed9c8c3a90f5.e3iSbxaKaheRe38KbN0Rb34Mc3j0n6jAmljGr5XDqQLvpAe HTTP/1.1" 200 131
181.129.88.210 - - [20/Dec/2015:18:53:42 -0500] "POST /forms/lservlet;jsessionid=ac16012b30d7e768522c79bb4cb18bbaed9c8c3a90f5.e3iSbxaKaheRe38KbN0Rb34Mc3j0n6jAmljGr5XDqQLvpAe HTTP/1.1" 200 2
181.129.88.210 - - [20/Dec/2015:18:53:44 -0500] "GET /reports/rwservlet/getjobid367636?server=rep_srvapsda HTTP/1.1" 200 92413
190.157.188.55 - - [20/Dec/2015:18:53:48 -0500] "GET /ecodirectorio/files/res/pages/page_0078.swf HTTP/1.1" 200 173548
190.157.188.55 - - [20/Dec/2015:18:53:48 -0500] "GET /ecodirectorio/files/res/pages/page_0077.swf HTTP/1.1" 200 174815
190.25.157.12 - - [20/Dec/2015:18:53:53 -0500] "POST /forms/lservlet;jsessionid=ac16012b30d7fcfb694b74754b67ba13d8349b7969d1.e3iSbxaKaheRe38KbN0Rb34Mc3j0n6jAmljGr5XDqQLvpAe HTTP/1.1" 200 2
190.157.188.55 - - [20/Dec/2015:18:53:57 -0500] "GET /ecodirectorio/files/res/pages/page_0080.swf HTTP/1.1" 200 104522
190.157.188.55 - - [20/Dec/2015:18:53:57 -0500] "GET /ecodirectorio/files/res/pages/page_0079.swf HTTP/1.1" 200 179580
190.157.188.55 - - [20/Dec/2015:18:54:01 -0500] "GET /ecodirectorio/files/res/pages/page_0081.swf HTTP/1.1" 200 139672
190.157.188.55 - - [20/Dec/2015:18:54:01 -0500] "GET /ecodirectorio/files/res/pages/page_0082.swf HTTP/1.1" 200 130438
190.157.188.55 - - [20/Dec/2015:18:54:04 -0500] "GET /ecodirectorio/files/res/pages/page_0084.swf HTTP/1.1" 200 180691
190.157.188.55 - - [20/Dec/2015:18:54:04 -0500] "GET /ecodirectorio/files/res/pages/page_0083.swf HTTP/1.1" 200 197283
190.157.188.55 - - [20/Dec/2015:18:54:06 -0500] "GET /ecodirectorio/files/res/pages/page_0086.swf HTTP/1.1" 200 234275
190.157.188.55 - - [20/Dec/2015:18:54:06 -0500] "GET /ecodirectorio/files/res/pages/page_0085.swf HTTP/1.1" 200 184664
66.249.64.96 - - [20/Dec/2015:18:54:09 -0500] "GET /BLA/resoluciones/RESOLUCIONES%202011/4701.pdf HTTP/1.1" 200 684860
190.157.188.55 - - [20/Dec/2015:18:54:09 -0500] "GET /ecodirectorio/files/res/pages/page_0088.swf HTTP/1.1" 200 251591
