66.249.64.96 - - [20/Dec/2015:22:36:39 -0500] "GET /BLA/resoluciones/AUTOS%202014/5543.pdf HTTP/1.1" 200 1344779
66.249.64.101 - - [20/Dec/2015:22:37:25 -0500] "GET /BLA/resoluciones/RESOLUCIONES%202009/8492.pdf HTTP/1.1" 200 427389
181.49.73.100 - - [20/Dec/2015:22:37:49 -0500] "POST /forms/lservlet;jsessionid=ac16012b30d7d38f577c4b444f6484d3f9d0f79a7914.e3iSbxaKaheRe38KbN0Rb34Mc3j0n6jAmljGr5XDqQLvpAe HTTP/1.1" 200 2
190.25.157.12 - - [20/Dec/2015:22:37:56 -0500] "POST /forms/lservlet;jsessionid=ac16012b30d7fcfb694b74754b67ba13d8349b7969d1.e3iSbxaKaheRe38KbN0Rb34Mc3j0n6jAmljGr5XDqQLvpAe HTTP/1.1" 200 2
66.249.64.248 - - [20/Dec/2015:22:38:05 -0500] "GET /BLA/boletinlegal/Circulares/2012/Circular%20No.%205%20del%2027%20de%20Abril%20de%202012.pdf HTTP/1.1" 200 216613
66.249.64.96 - - [20/Dec/2015:22:38:11 -0500] "GET /BLA/resoluciones/RESOLUCIONES%202010/6014.pdf HTTP/1.1" 200 2529224
66.249.64.96 - - [20/Dec/2015:22:39:42 -0500] "GET /BLA/boletinlegal/Directivas/2012/Directiva%20No.%201%20del%2030%20de%20octubre%20de%202012.pdf HTTP/1.1" 200 1522771
190.68.196.143 - - [20/Dec/2015:22:39:43 -0500] "GET /BLA/boletinlegal/js/jquery.scrollShow.js HTTP/1.1" 200 4586
190.68.196.143 - - [20/Dec/2015:22:39:43 -0500] "GET /galeria/galeria/jquery.fancybox.js?v=2.1.5 HTTP/1.1" 200 48706
190.68.196.143 - - [20/Dec/2015:22:39:43 -0500] "GET /galeria/galeria/jquery.fancybox.css?v=2.1.5 HTTP/1.1" 200 4895
181.49.73.100 - - [20/Dec/2015:22:39:49 -0500] "POST /forms/lservlet;jsessionid=ac16012b30d7d38f577c4b444f6484d3f9d0f79a7914.e3iSbxaKaheRe38KbN0Rb34Mc3j0n6jAmljGr5XDqQLvpAe HTTP/1.1" 200 2
190.25.157.12 - - [20/Dec/2015:22:39:56 -0500] "POST /forms/lservlet;jsessionid=ac16012b30d7fcfb694b74754b67ba13d8349b7969d1.e3iSbxaKaheRe38KbN0Rb34Mc3j0n6jAmljGr5XDqQLvpAe HTTP/1.1" 200 2
66.249.64.106 - - [20/Dec/2015:22:40:28 -0500] "GET /BLA/resoluciones/AUTOS%202012/1199.pdf HTTP/1.1" 200 177664
69.162.124.233 - - [20/Dec/2015:22:40:29 -0500] "HEAD / HTTP/1.1" 200 -
190.68.196.143 - - [20/Dec/2015:22:40:30 -0500] "GET /BLA/boletinlegal/js/jquery.scrollShow.js HTTP/1.1" 200 4586
190.68.196.143 - - [20/Dec/2015:22:40:30 -0500] "GET /galeria/galeria/jquery.fancybox.js?v=2.1.5 HTTP/1.1" 200 48706
190.68.196.143 - - [20/Dec/2015:22:40:30 -0500] "GET /galeria/galeria/jquery.fancybox.css?v=2.1.5 HTTP/1.1" 200 4895
66.249.64.96 - - [20/Dec/2015:22:41:14 -0500] "GET /BLA/resoluciones/AUTOS%202014/7358.pdf HTTP/1.1" 200 730180
89.46.72.65 - - [20/Dec/2015:22:41:46 -0500] "-" 408 -
181.49.73.100 - - [20/Dec/2015:22:41:49 -0500] "POST /forms/lservlet;jsessionid=ac16012b30d7d38f577c4b444f6484d3f9d0f79a7914.e3iSbxaKaheRe38KbN0Rb34Mc3j0n6jAmljGr5XDqQLvpAe HTTP/1.1" 200 2
89.46.72.65 - - [20/Dec/2015:22:41:54 -0500] "-" 408 -
190.25.157.12 - - [20/Dec/2015:22:41:56 -0500] "POST /forms/lservlet;jsessionid=ac16012b30d7fcfb694b74754b67ba13d8349b7969d1.e3iSbxaKaheRe38KbN0Rb34Mc3j0n6jAmljGr5XDqQLvpAe HTTP/1.1" 200 2
66.249.64.96 - - [20/Dec/2015:22:42:00 -0500] "GET /BLA/resoluciones/AUTOS%202014/1402.pdf HTTP/1.1" 200 613291
89.46.72.65 - - [20/Dec/2015:22:42:10 -0500] "-" 408 -
89.46.72.65 - - [20/Dec/2015:22:42:19 -0500] "-" 408 -
66.249.64.96 - - [20/Dec/2015:22:42:46 -0500] "GET /BLA/resoluciones/RESOLUCIONES%202009/4292.pdf HTTP/1.1" 200 521675
66.249.88.223 - - [20/Dec/2015:22:43:16 -0500] "GET /galeria/galeria/fotos/Entrenube2P.jpg HTTP/1.1" 200 8416
66.249.88.228 - - [20/Dec/2015:22:43:16 -0500] "GET /galeria/galeria/fotos/Entrenube1P.jpg HTTP/1.1" 200 6959
66.249.88.233 - - [20/Dec/2015:22:43:16 -0500] "GET /galeria/galeria/fotos/Entrenube3P.jpg HTTP/1.1" 200 8487
66.249.88.233 - - [20/Dec/2015:22:43:16 -0500] "GET /galeria/galeria/fotos/Entrenube4P.jpg HTTP/1.1" 200 10881
104.148.13.207 - - [20/Dec/2015:22:43:28 -0500] "GET / HTTP/1.1" 200 10190
66.249.64.101 - - [20/Dec/2015:22:43:32 -0500] "GET /BLA/resoluciones/RESOLUCIONES%202007/RES%202007%20101%20AL%20200/RESOLUCION%200114%20%20DE%202007.pdf HTTP/1.1" 200 348863
186.113.66.133 - - [20/Dec/2015:22:43:33 -0500] "GET /galeria/galeria/jquery.fancybox.css?v=2.1.5 HTTP/1.1" 304 -
186.113.66.133 - - [20/Dec/2015:22:43:33 -0500] "GET /BLA/boletinlegal/js/jquery.scrollShow.js HTTP/1.1" 304 -
186.113.66.133 - - [20/Dec/2015:22:43:33 -0500] "GET /galeria/galeria/jquery.fancybox.js?v=2.1.5 HTTP/1.1" 304 -
66.249.64.243 - - [20/Dec/2015:22:43:38 -0500] "GET /galeria/nivo-slider/demo/images/Marsella04.jpg HTTP/1.1" 200 141948
181.49.73.100 - - [20/Dec/2015:22:43:49 -0500] "POST /forms/lservlet;jsessionid=ac16012b30d7d38f577c4b444f6484d3f9d0f79a7914.e3iSbxaKaheRe38KbN0Rb34Mc3j0n6jAmljGr5XDqQLvpAe HTTP/1.1" 200 2
190.25.157.12 - - [20/Dec/2015:22:43:56 -0500] "POST /forms/lservlet;jsessionid=ac16012b30d7fcfb694b74754b67ba13d8349b7969d1.e3iSbxaKaheRe38KbN0Rb34Mc3j0n6jAmljGr5XDqQLvpAe HTTP/1.1" 200 2
66.249.64.96 - - [20/Dec/2015:22:45:03 -0500] "GET /BLA/resoluciones/RESOLUCIONES%202012/1055.pdf HTTP/1.1" 304 -
190.68.196.143 - - [20/Dec/2015:22:45:06 -0500] "GET /BLA/boletinlegal/js/jquery.scrollShow.js HTTP/1.1" 200 4586
190.68.196.143 - - [20/Dec/2015:22:45:06 -0500] "GET /galeria/galeria/jquery.fancybox.js?v=2.1.5 HTTP/1.1" 200 48706
190.68.196.143 - - [20/Dec/2015:22:45:06 -0500] "GET /galeria/galeria/jquery.fancybox.css?v=2.1.5 HTTP/1.1" 200 4895
69.162.124.233 - - [20/Dec/2015:22:45:29 -0500] "HEAD / HTTP/1.1" 200 -
181.49.73.100 - - [20/Dec/2015:22:45:35 -0500] "POST /forms/lservlet;jsessionid=ac16012b30d7d38f577c4b444f6484d3f9d0f79a7914.e3iSbxaKaheRe38KbN0Rb34Mc3j0n6jAmljGr5XDqQLvpAe HTTP/1.1" 200 19
181.49.73.100 - - [20/Dec/2015:22:45:35 -0500] "POST /forms/lservlet;jsessionid=ac16012b30d7d38f577c4b444f6484d3f9d0f79a7914.e3iSbxaKaheRe38KbN0Rb34Mc3j0n6jAmljGr5XDqQLvpAe HTTP/1.1" 200 2
181.49.73.100 - - [20/Dec/2015:22:45:36 -0500] "POST /forms/lservlet;jsessionid=ac16012b30d7d38f577c4b444f6484d3f9d0f79a7914.e3iSbxaKaheRe38KbN0Rb34Mc3j0n6jAmljGr5XDqQLvpAe HTTP/1.1" 200 -
66.249.64.101 - - [20/Dec/2015:22:45:41 -0500] "GET /BLA/resoluciones/AUTOS%202014/0837.pdf HTTP/1.1" 200 291670
66.249.64.96 - - [20/Dec/2015:22:45:49 -0500] "GET /BLA/resoluciones/AUTOS%202013/2779.pdf HTTP/1.1" 200 383051
100.43.91.6 - - [20/Dec/2015:22:45:54 -0500] "GET /galeria/mapa/Guaymaral12.jpg HTTP/1.1" 200 53686
190.25.157.12 - - [20/Dec/2015:22:45:56 -0500] "POST /forms/lservlet;jsessionid=ac16012b30d7fcfb694b74754b67ba13d8349b7969d1.e3iSbxaKaheRe38KbN0Rb34Mc3j0n6jAmljGr5XDqQLvpAe HTTP/1.1" 200 2
190.68.196.143 - - [20/Dec/2015:22:46:11 -0500] "GET /BLA/boletinlegal/js/jquery.scrollShow.js HTTP/1.1" 200 4586
190.68.196.143 - - [20/Dec/2015:22:46:11 -0500] "GET /galeria/galeria/jquery.fancybox.js?v=2.1.5 HTTP/1.1" 200 48706
190.68.196.143 - - [20/Dec/2015:22:46:11 -0500] "GET /galeria/galeria/jquery.fancybox.css?v=2.1.5 HTTP/1.1" 200 4895
66.249.64.96 - - [20/Dec/2015:22:46:35 -0500] "GET /BLA/resoluciones/AUTOS%202014/4536.pdf HTTP/1.1" 200 423547
66.249.64.96 - - [20/Dec/2015:22:47:21 -0500] "GET /BLA/resoluciones/RESOLUCIONES%202008/2926.pdf HTTP/1.1" 304 -
181.55.237.106 - - [20/Dec/2015:22:47:38 -0500] "GET /BLA/resoluciones/RESOLUCIONES%202010/0238.pdf HTTP/1.1" 200 504743
181.55.237.106 - - [20/Dec/2015:22:47:39 -0500] "GET /favicon.ico HTTP/1.1" 200 7782
190.25.157.12 - - [20/Dec/2015:22:47:56 -0500] "POST /forms/lservlet;jsessionid=ac16012b30d7fcfb694b74754b67ba13d8349b7969d1.e3iSbxaKaheRe38KbN0Rb34Mc3j0n6jAmljGr5XDqQLvpAe HTTP/1.1" 200 2
66.249.64.96 - - [20/Dec/2015:22:48:07 -0500] "GET /BLA/resoluciones/RESOLUCIONES%202010/1695.pdf HTTP/1.1" 200 326326
66.249.64.96 - - [20/Dec/2015:22:48:53 -0500] "GET /BLA/resoluciones/RESOLUCIONES%202010/2607.pdf HTTP/1.1" 200 234723
66.249.64.96 - - [20/Dec/2015:22:49:39 -0500] "GET /BLA/resoluciones/AUTOS%202011/2560.pdf HTTP/1.1" 200 144031
190.25.157.12 - - [20/Dec/2015:22:49:56 -0500] "POST /forms/lservlet;jsessionid=ac16012b30d7fcfb694b74754b67ba13d8349b7969d1.e3iSbxaKaheRe38KbN0Rb34Mc3j0n6jAmljGr5XDqQLvpAe HTTP/1.1" 200 2
66.249.64.106 - - [20/Dec/2015:22:50:24 -0500] "GET /BLA/resoluciones/RESOLUCIONES%202011/4770.pdf HTTP/1.1" 200 1099821
69.162.124.233 - - [20/Dec/2015:22:50:29 -0500] "HEAD / HTTP/1.1" 200 -
66.249.64.96 - - [20/Dec/2015:22:51:10 -0500] "GET /BLA/boletinlegal/Directivas/2011/Directiva%20No.%2011%20del%2027%20de%20Diciembre%20de%202011.pdf HTTP/1.1" 200 303527
190.67.159.100 - - [20/Dec/2015:22:51:51 -0500] "GET /BLA/resoluciones/AUTOS%202014/3207.pdf HTTP/1.1" 200 420882
190.67.159.100 - - [20/Dec/2015:22:51:52 -0500] "GET /favicon.ico HTTP/1.1" 200 7782
66.249.64.101 - - [20/Dec/2015:22:51:56 -0500] "GET /BLA/resoluciones/RESOLUCIONES%202010/5591.pdf HTTP/1.1" 200 355509
190.25.157.12 - - [20/Dec/2015:22:51:56 -0500] "POST /forms/lservlet;jsessionid=ac16012b30d7fcfb694b74754b67ba13d8349b7969d1.e3iSbxaKaheRe38KbN0Rb34Mc3j0n6jAmljGr5XDqQLvpAe HTTP/1.1" 200 2
66.249.64.101 - - [20/Dec/2015:22:52:42 -0500] "GET /BLA/resoluciones/RESOLUCIONES%202008/2796.pdf HTTP/1.1" 200 190427
66.249.64.101 - - [20/Dec/2015:22:53:28 -0500] "GET /BLA/resoluciones/AUTOS%202007/2103.pdf HTTP/1.1" 200 133848
190.25.157.12 - - [20/Dec/2015:22:53:56 -0500] "POST /forms/lservlet;jsessionid=ac16012b30d7fcfb694b74754b67ba13d8349b7969d1.e3iSbxaKaheRe38KbN0Rb34Mc3j0n6jAmljGr5XDqQLvpAe HTTP/1.1" 200 2
104.197.236.52 - - [20/Dec/2015:22:54:05 -0500] "GET /galeria/galeria/jquery.fancybox.css?v=2.1.5 HTTP/1.1" 200 4895
104.197.236.52 - - [20/Dec/2015:22:54:05 -0500] "GET /BLA/boletinlegal/js/jquery.scrollShow.js HTTP/1.1" 200 4586
104.197.236.52 - - [20/Dec/2015:22:54:05 -0500] "GET /galeria/carrusel/Carrusel/jquery.thumbnailScroller.css HTTP/1.1" 200 2066
104.197.236.52 - - [20/Dec/2015:22:54:05 -0500] "GET /galeria/galeria/jquery.fancybox.js?v=2.1.5 HTTP/1.1" 200 48706
104.197.236.52 - - [20/Dec/2015:22:54:05 -0500] "GET /galeria/carrusel/Carrusel/jquery-ui-1.8.13.custom.min.js HTTP/1.1" 200 10800
104.197.236.52 - - [20/Dec/2015:22:54:05 -0500] "GET /galeria/carrusel/Carrusel/jquery.thumbnailScroller.js HTTP/1.1" 200 8157
66.249.64.96 - - [20/Dec/2015:22:54:14 -0500] "GET /BLA/resoluciones/AUTOS%202014/6014.pdf HTTP/1.1" 200 390107
66.249.64.106 - - [20/Dec/2015:22:55:00 -0500] "GET /BLA/resoluciones/RESOLUCIONES%202007/RES%202007%203501%20AL%203600/RESOLUCION%203586%20DE%202007.pdf HTTP/1.1" 200 288264
186.84.153.158 - - [20/Dec/2015:22:55:02 -0500] "GET /forest/ HTTP/1.1" 404 1120
186.84.153.158 - - [20/Dec/2015:22:55:03 -0500] "GET /favicon.ico HTTP/1.1" 200 7782
186.84.153.158 - - [20/Dec/2015:22:55:04 -0500] "GET /forest/ HTTP/1.1" 404 1120
186.84.153.158 - - [20/Dec/2015:22:55:06 -0500] "GET /forest/ HTTP/1.1" 404 1120
69.162.124.233 - - [20/Dec/2015:22:55:29 -0500] "HEAD / HTTP/1.1" 200 -
66.249.64.106 - - [20/Dec/2015:22:55:45 -0500] "GET /BLA/resoluciones/RESOLUCIONES%202011/6017.pdf HTTP/1.1" 200 495448
186.84.153.158 - - [20/Dec/2015:22:55:55 -0500] "GET /isolucionsda/ HTTP/1.1" 302 140
190.25.157.12 - - [20/Dec/2015:22:55:57 -0500] "POST /forms/lservlet;jsessionid=ac16012b30d7fcfb694b74754b67ba13d8349b7969d1.e3iSbxaKaheRe38KbN0Rb34Mc3j0n6jAmljGr5XDqQLvpAe HTTP/1.1" 200 2
186.84.153.158 - - [20/Dec/2015:22:55:56 -0500] "GET /isolucionsda/ControlDeInicio.asp HTTP/1.1" 200 739
186.84.153.158 - - [20/Dec/2015:22:55:58 -0500] "GET /isolucionsda/IdentificaUsuario.asp?Pagina1=FrameSetGeneral.asp& HTTP/1.1" 200 5090
186.84.153.158 - - [20/Dec/2015:22:55:58 -0500] "GET /isolucionsda/g/Img_LogoIsoCabezote.jpg HTTP/1.1" 200 7960
186.84.153.158 - - [20/Dec/2015:22:55:58 -0500] "GET /isolucionsda/StyleSheet/StyleSheet.css HTTP/1.1" 200 22894
186.84.153.158 - - [20/Dec/2015:22:55:59 -0500] "GET /isolucionsda/g/Img_DivBarraSup.jpg HTTP/1.1" 200 323
186.84.153.158 - - [20/Dec/2015:22:55:59 -0500] "GET /isolucionsda/g/shim.gif HTTP/1.1" 200 43
186.84.153.158 - - [20/Dec/2015:22:55:59 -0500] "GET /isolucionsda/g/Bgr_BarraSuperior.jpg HTTP/1.1" 200 419
66.249.66.117 - - [20/Dec/2015:22:56:31 -0500] "GET /BLA/resoluciones/AUTOS%202008/2696.pdf HTTP/1.1" 200 130306
66.249.64.96 - - [20/Dec/2015:22:57:17 -0500] "GET /BLA/resoluciones/RESOLUCIONES%202009/3931.pdf HTTP/1.1" 200 1027331
190.25.157.12 - - [20/Dec/2015:22:57:57 -0500] "POST /forms/lservlet;jsessionid=ac16012b30d7fcfb694b74754b67ba13d8349b7969d1.e3iSbxaKaheRe38KbN0Rb34Mc3j0n6jAmljGr5XDqQLvpAe HTTP/1.1" 200 2
66.249.64.101 - - [20/Dec/2015:22:58:03 -0500] "GET /BLA/resoluciones/RESOLUCIONES%202009/3942.pdf HTTP/1.1" 304 -
66.249.64.106 - - [20/Dec/2015:22:58:39 -0500] "GET /BLA/resoluciones/RESOLUCIONES%202008/0720.pdf HTTP/1.1" 200 159564
66.249.64.96 - - [20/Dec/2015:22:58:49 -0500] "GET /BLA/resoluciones/RESOLUCIONES%202009/5624.pdf HTTP/1.1" 304 -
157.55.39.174 - - [20/Dec/2015:22:59:07 -0500] "GET /robots.txt HTTP/1.1" 404 1018
66.249.64.101 - - [20/Dec/2015:22:59:35 -0500] "GET /BLA/resoluciones/RESOLUCIONES%202009/4039.pdf HTTP/1.1" 200 297844
190.25.157.12 - - [20/Dec/2015:22:59:57 -0500] "POST /forms/lservlet;jsessionid=ac16012b30d7fcfb694b74754b67ba13d8349b7969d1.e3iSbxaKaheRe38KbN0Rb34Mc3j0n6jAmljGr5XDqQLvpAe HTTP/1.1" 200 2
66.249.64.106 - - [20/Dec/2015:23:00:21 -0500] "GET /BLA/resoluciones/RESOLUCIONES%202009/3842.pdf HTTP/1.1" 200 784236
180.76.15.19 - - [20/Dec/2015:23:00:22 -0500] "GET /SIG/index.php?dir=ECS/&sort=date&order=asc HTTP/1.1" 200 16570
200.118.178.57 - - [20/Dec/2015:23:00:24 -0500] "GET /galeria/galeria/jquery.fancybox.css?v=2.1.5 HTTP/1.1" 200 4895
200.118.178.57 - - [20/Dec/2015:23:00:24 -0500] "GET /BLA/boletinlegal/js/jquery.scrollShow.js HTTP/1.1" 200 4586
200.118.178.57 - - [20/Dec/2015:23:00:24 -0500] "GET /galeria/galeria/jquery.fancybox.js?v=2.1.5 HTTP/1.1" 200 48706
186.84.153.158 - - [20/Dec/2015:23:00:26 -0500] "GET /BLA/boletinlegal/js/jquery.scrollShow.js HTTP/1.1" 200 4586
186.84.153.158 - - [20/Dec/2015:23:00:26 -0500] "GET /galeria/galeria/jquery.fancybox.js?v=2.1.5 HTTP/1.1" 200 48706
186.84.153.158 - - [20/Dec/2015:23:00:26 -0500] "GET /galeria/galeria/jquery.fancybox.css?v=2.1.5 HTTP/1.1" 200 4895
186.84.153.158 - - [20/Dec/2015:23:00:26 -0500] "GET /galeria/carrusel/Carrusel/jquery.thumbnailScroller.css HTTP/1.1" 200 2066
186.84.153.158 - - [20/Dec/2015:23:00:26 -0500] "GET /galeria/carrusel/Carrusel/jquery-ui-1.8.13.custom.min.js HTTP/1.1" 200 10800
186.84.153.158 - - [20/Dec/2015:23:00:26 -0500] "GET /galeria/carrusel/Carrusel/jquery.thumbnailScroller.js HTTP/1.1" 200 8157
186.84.153.158 - - [20/Dec/2015:23:00:29 -0500] "GET /galeria/nivo-slider/demo/demo.html HTTP/1.1" 200 4456
69.162.124.233 - - [20/Dec/2015:23:00:29 -0500] "HEAD / HTTP/1.1" 200 -
186.84.153.158 - - [20/Dec/2015:23:00:29 -0500] "GET /galeria/nivo-slider/themes/default/default.css HTTP/1.1" 200 1569
186.84.153.158 - - [20/Dec/2015:23:00:29 -0500] "GET /galeria/nivo-slider/themes/pascal/pascal.css HTTP/1.1" 200 2258
186.84.153.158 - - [20/Dec/2015:23:00:29 -0500] "GET /galeria/nivo-slider/themes/orman/orman.css HTTP/1.1" 200 2152
186.84.153.158 - - [20/Dec/2015:23:00:29 -0500] "GET /galeria/nivo-slider/nivo-slider.css HTTP/1.1" 200 1507
186.84.153.158 - - [20/Dec/2015:23:00:29 -0500] "GET /galeria/nivo-slider/demo/style.css HTTP/1.1" 200 2222
186.84.153.158 - - [20/Dec/2015:23:00:29 -0500] "GET /galeria/nivo-slider/demo/scripts/jquery-1.7.1.min.js HTTP/1.1" 200 93868
186.84.153.158 - - [20/Dec/2015:23:00:30 -0500] "GET /galeria/nivo-slider/jquery.nivo.slider.pack.js HTTP/1.1" 200 11561
186.84.153.158 - - [20/Dec/2015:23:00:30 -0500] "GET /galeria/nivo-slider/demo/images/ambientales.jpg HTTP/1.1" 200 397233
186.84.153.158 - - [20/Dec/2015:23:00:30 -0500] "GET /galeria/nivo-slider/demo/images/2Banner-encuestaSDA.jpg HTTP/1.1" 200 208228
186.84.153.158 - - [20/Dec/2015:23:00:30 -0500] "GET /galeria/nivo-slider/demo/images/Programacion-navidena.jpg HTTP/1.1" 200 316038
186.84.153.158 - - [20/Dec/2015:23:00:30 -0500] "GET /galeria/nivo-slider/demo/images/ABC-Plan-de-contigencia.jpg HTTP/1.1" 200 401853
186.84.153.158 - - [20/Dec/2015:23:00:30 -0500] "GET /galeria/nivo-slider/demo/images/banner-llantas2015.jpg HTTP/1.1" 200 185615
186.84.153.158 - - [20/Dec/2015:23:00:39 -0500] "GET /galeria/nivo-slider/demo/images/caminata-ecologica.jpg HTTP/1.1" 200 161069
186.84.153.158 - - [20/Dec/2015:23:00:43 -0500] "GET /galeria/nivo-slider/demo/images/Banner-ahorro-de-agua.jpg HTTP/1.1" 200 149141
186.84.153.158 - - [20/Dec/2015:23:00:43 -0500] "GET /galeria/nivo-slider/demo/images/Cmapana-onestidad.jpg HTTP/1.1" 200 141638
200.118.178.57 - - [20/Dec/2015:23:00:45 -0500] "GET /BLA/boletinlegal/js/jquery.scrollShow.js HTTP/1.1" 304 -
200.118.178.57 - - [20/Dec/2015:23:00:45 -0500] "GET /galeria/galeria/jquery.fancybox.css?v=2.1.5 HTTP/1.1" 304 -
200.118.178.57 - - [20/Dec/2015:23:00:45 -0500] "GET /galeria/galeria/jquery.fancybox.js?v=2.1.5 HTTP/1.1" 304 -
186.84.153.158 - - [20/Dec/2015:23:00:48 -0500] "GET /galeria/nivo-slider/demo/images/PREDAcamp.jpg HTTP/1.1" 200 295358
186.84.153.158 - - [20/Dec/2015:23:00:48 -0500] "GET /galeria/nivo-slider/demo/images/banner-llantas2.jpg HTTP/1.1" 200 204644
186.84.153.158 - - [20/Dec/2015:23:00:55 -0500] "GET /galeria/nivo-slider/demo/images/9Signos.jpg HTTP/1.1" 200 81776
186.84.153.158 - - [20/Dec/2015:23:00:58 -0500] "GET /galeria/nivo-slider/demo/images/Ruta-vertimientos-01.jpg HTTP/1.1" 200 130151
186.84.153.158 - - [20/Dec/2015:23:01:00 -0500] "GET /galeria/nivo-slider/themes/default/loading.gif HTTP/1.1" 200 1737
186.84.153.158 - - [20/Dec/2015:23:01:00 -0500] "GET /galeria/nivo-slider/demo/images/4Simple_Slider.png HTTP/1.1" 200 11722
66.249.64.96 - - [20/Dec/2015:23:01:06 -0500] "GET /BLA/resoluciones/RESOLUCIONES%202010/5353.pdf HTTP/1.1" 304 -
186.113.10.143 - - [20/Dec/2015:23:01:17 -0500] "GET /galeria/nivo-slider/demo/images/Banner-rendicion-de-cuenta-vivo.jpg HTTP/1.1" 304 -
66.249.88.223 - - [20/Dec/2015:23:01:20 -0500] "GET /BLA/boletinlegal/js/jquery.scrollShow.js HTTP/1.1" 200 4586
66.249.88.223 - - [20/Dec/2015:23:01:20 -0500] "GET /galeria/galeria/jquery.fancybox.js?v=2.1.5 HTTP/1.1" 200 48706
66.249.88.228 - - [20/Dec/2015:23:01:20 -0500] "GET /galeria/galeria/jquery.fancybox.css?v=2.1.5 HTTP/1.1" 200 4895
186.84.153.158 - - [20/Dec/2015:23:01:28 -0500] "GET /isolucionsda/ HTTP/1.1" 302 140
186.84.153.158 - - [20/Dec/2015:23:01:28 -0500] "GET /isolucionsda/ControlDeInicio.asp HTTP/1.1" 200 739
186.84.153.158 - - [20/Dec/2015:23:01:28 -0500] "GET /favicon.ico HTTP/1.1" 200 7782
66.249.64.101 - - [20/Dec/2015:23:01:52 -0500] "GET /BLA/resoluciones/RESOLUCIONES%202007/RES%202007%203901%20AL%204000/RESOLUCION%203937%20DE%202007.pdf HTTP/1.1" 200 588158
190.25.157.12 - - [20/Dec/2015:23:01:57 -0500] "POST /forms/lservlet;jsessionid=ac16012b30d7fcfb694b74754b67ba13d8349b7969d1.e3iSbxaKaheRe38KbN0Rb34Mc3j0n6jAmljGr5XDqQLvpAe HTTP/1.1" 200 2
66.249.64.106 - - [20/Dec/2015:23:02:38 -0500] "GET /BLA/resoluciones/RESOLUCIONES%202013/1791.pdf HTTP/1.1" 200 509860
207.46.13.28 - - [20/Dec/2015:23:02:45 -0500] "GET /robots.txt HTTP/1.1" 404 1018
66.249.64.101 - - [20/Dec/2015:23:03:24 -0500] "GET /BLA/resoluciones/RESOLUCIONES%202009/6087.pdf HTTP/1.1" 200 544859
207.46.13.28 - - [20/Dec/2015:23:03:35 -0500] "GET /galeria/juegos/ear/ HTTP/1.1" 200 1093
190.25.157.12 - - [20/Dec/2015:23:03:57 -0500] "POST /forms/lservlet;jsessionid=ac16012b30d7fcfb694b74754b67ba13d8349b7969d1.e3iSbxaKaheRe38KbN0Rb34Mc3j0n6jAmljGr5XDqQLvpAe HTTP/1.1" 200 2
66.249.64.96 - - [20/Dec/2015:23:04:10 -0500] "GET /BLA/resoluciones/AUTOS%202010/5385.pdf HTTP/1.1" 200 1953352
191.149.232.35 - - [20/Dec/2015:23:04:20 -0500] "GET /BLA/resoluciones/RESOLUCIONES%202011/1269.pdf HTTP/1.1" 200 313445
66.249.64.101 - - [20/Dec/2015:23:04:56 -0500] "GET /BLA/resoluciones/RESOLUCIONES%202010/6170.pdf HTTP/1.1" 200 640622
181.128.230.177 - - [20/Dec/2015:23:05:29 -0500] "GET /galeria/galeria/jquery.fancybox.css?v=2.1.5 HTTP/1.1" 304 -
181.128.230.177 - - [20/Dec/2015:23:05:29 -0500] "GET /BLA/boletinlegal/js/jquery.scrollShow.js HTTP/1.1" 304 -
69.162.124.233 - - [20/Dec/2015:23:05:29 -0500] "HEAD / HTTP/1.1" 200 -
181.128.230.177 - - [20/Dec/2015:23:05:29 -0500] "GET /galeria/galeria/jquery.fancybox.js?v=2.1.5 HTTP/1.1" 304 -
66.249.64.106 - - [20/Dec/2015:23:05:42 -0500] "GET /BLA/resoluciones/RESOLUCIONES%202008/2631.pdf HTTP/1.1" 200 202285
190.25.157.12 - - [20/Dec/2015:23:05:57 -0500] "POST /forms/lservlet;jsessionid=ac16012b30d7fcfb694b74754b67ba13d8349b7969d1.e3iSbxaKaheRe38KbN0Rb34Mc3j0n6jAmljGr5XDqQLvpAe HTTP/1.1" 200 2
66.249.64.106 - - [20/Dec/2015:23:06:27 -0500] "GET /BLA/resoluciones/RESOLUCIONES%202010/0943.pdf HTTP/1.1" 200 96763
66.249.64.96 - - [20/Dec/2015:23:07:13 -0500] "GET /BLA/resoluciones/RESOLUCIONES%202011/2020.pdf HTTP/1.1" 200 348113
190.25.157.12 - - [20/Dec/2015:23:07:57 -0500] "POST /forms/lservlet;jsessionid=ac16012b30d7fcfb694b74754b67ba13d8349b7969d1.e3iSbxaKaheRe38KbN0Rb34Mc3j0n6jAmljGr5XDqQLvpAe HTTP/1.1" 200 2
66.249.64.96 - - [20/Dec/2015:23:07:59 -0500] "GET /BLA/resoluciones/RESOLUCIONES%202007/RES%202007%20501%20AL%20600/RESOLUCION%200522%20DE%202007.pdf HTTP/1.1" 200 230284
66.249.64.106 - - [20/Dec/2015:23:08:45 -0500] "GET /BLA/resoluciones/RESOLUCIONES%202007/RES%202007%204001%20AL%204100/RESOLUCION%204068%20DE%202007.pdf HTTP/1.1" 200 257470
66.249.64.106 - - [20/Dec/2015:23:09:31 -0500] "GET /BLA/resoluciones/AUTOS%202009/1883.pdf HTTP/1.1" 200 130385
190.25.157.12 - - [20/Dec/2015:23:09:57 -0500] "POST /forms/lservlet;jsessionid=ac16012b30d7fcfb694b74754b67ba13d8349b7969d1.e3iSbxaKaheRe38KbN0Rb34Mc3j0n6jAmljGr5XDqQLvpAe HTTP/1.1" 200 2
190.252.32.36 - - [20/Dec/2015:23:10:01 -0500] "GET /BLA/boletinlegal/js/jquery.scrollShow.js HTTP/1.1" 200 4586
190.252.32.36 - - [20/Dec/2015:23:10:01 -0500] "GET /galeria/galeria/jquery.fancybox.js?v=2.1.5 HTTP/1.1" 200 48706
190.252.32.36 - - [20/Dec/2015:23:10:01 -0500] "GET /galeria/galeria/jquery.fancybox.css?v=2.1.5 HTTP/1.1" 200 4895
190.252.32.36 - - [20/Dec/2015:23:10:08 -0500] "GET /BLA/boletinlegal/js/jquery.scrollShow.js HTTP/1.1" 200 4586
190.252.32.36 - - [20/Dec/2015:23:10:08 -0500] "GET /galeria/galeria/jquery.fancybox.js?v=2.1.5 HTTP/1.1" 200 48706
190.252.32.36 - - [20/Dec/2015:23:10:08 -0500] "GET /galeria/galeria/jquery.fancybox.css?v=2.1.5 HTTP/1.1" 200 4895
66.249.64.96 - - [20/Dec/2015:23:10:17 -0500] "GET /BLA/resoluciones/index.php?dir=RESOLUCIONES%202007/RES%202007%203101%20AL%203200/&sort=size&order=desc HTTP/1.1" 200 26879
69.162.124.233 - - [20/Dec/2015:23:10:29 -0500] "HEAD / HTTP/1.1" 200 -
66.249.64.101 - - [20/Dec/2015:23:11:03 -0500] "GET /BLA/resoluciones/RESOLUCIONES%202014/0935.pdf HTTP/1.1" 200 624990
66.249.64.101 - - [20/Dec/2015:23:11:38 -0500] "GET /BLA/resoluciones/AUTOS%202011/0766.pdf HTTP/1.1" 200 105994
66.249.64.106 - - [20/Dec/2015:23:11:48 -0500] "GET /BLA/resoluciones/AUTOS%202013/0575.pdf HTTP/1.1" 200 212532
190.25.157.12 - - [20/Dec/2015:23:11:57 -0500] "POST /forms/lservlet;jsessionid=ac16012b30d7fcfb694b74754b67ba13d8349b7969d1.e3iSbxaKaheRe38KbN0Rb34Mc3j0n6jAmljGr5XDqQLvpAe HTTP/1.1" 200 2
66.249.64.248 - - [20/Dec/2015:23:12:06 -0500] "GET /galeria/nivo-slider/demo/images/rio-maclau.jpg HTTP/1.1" 200 63586
66.249.64.96 - - [20/Dec/2015:23:12:34 -0500] "GET /BLA/resoluciones/RESOLUCIONES%202011/4371.pdf HTTP/1.1" 200 423349
66.249.64.96 - - [20/Dec/2015:23:13:20 -0500] "GET /BLA/resoluciones/RESOLUCIONES%202010/3621.pdf HTTP/1.1" 200 477794
190.25.157.12 - - [20/Dec/2015:23:13:57 -0500] "POST /forms/lservlet;jsessionid=ac16012b30d7fcfb694b74754b67ba13d8349b7969d1.e3iSbxaKaheRe38KbN0Rb34Mc3j0n6jAmljGr5XDqQLvpAe HTTP/1.1" 200 2
66.249.64.96 - - [20/Dec/2015:23:14:06 -0500] "GET /BLA/resoluciones/AUTOS%202009/1986.pdf HTTP/1.1" 304 -
180.76.15.23 - - [20/Dec/2015:23:14:46 -0500] "GET / HTTP/1.1" 200 10190
66.249.64.101 - - [20/Dec/2015:23:14:52 -0500] "GET /BLA/resoluciones/RESOLUCIONES%202010/4552.pdf HTTP/1.1" 200 699680
180.76.15.21 - - [20/Dec/2015:23:14:57 -0500] "GET / HTTP/1.1" 200 10190
207.46.13.156 - - [20/Dec/2015:23:14:59 -0500] "GET /robots.txt HTTP/1.1" 404 1019
69.162.124.233 - - [20/Dec/2015:23:15:29 -0500] "HEAD / HTTP/1.1" 200 -
66.249.64.106 - - [20/Dec/2015:23:15:38 -0500] "GET /BLA/resoluciones/RESOLUCIONES%202009/2661.pdf HTTP/1.1" 304 -
190.25.157.12 - - [20/Dec/2015:23:15:57 -0500] "POST /forms/lservlet;jsessionid=ac16012b30d7fcfb694b74754b67ba13d8349b7969d1.e3iSbxaKaheRe38KbN0Rb34Mc3j0n6jAmljGr5XDqQLvpAe HTTP/1.1" 200 2
207.46.13.156 - - [20/Dec/2015:23:15:58 -0500] "GET /BLA/boletinlegal/Circulares/2013/Circular%20No.%201%20del%2014%20de%20enero%20de%202013.pdf HTTP/1.1" 200 1298384
190.26.41.25 - - [20/Dec/2015:23:16:14 -0500] "GET /galeria/galeria/jquery.fancybox.css?v=2.1.5 HTTP/1.1" 200 4895
190.26.41.25 - - [20/Dec/2015:23:16:14 -0500] "GET /galeria/carrusel/Carrusel/jquery.thumbnailScroller.css HTTP/1.1" 200 2066
190.26.41.25 - - [20/Dec/2015:23:16:14 -0500] "GET /BLA/boletinlegal/js/jquery.scrollShow.js HTTP/1.1" 200 4586
190.26.41.25 - - [20/Dec/2015:23:16:15 -0500] "GET /galeria/galeria/jquery.fancybox.js?v=2.1.5 HTTP/1.1" 200 48706
190.26.41.25 - - [20/Dec/2015:23:16:15 -0500] "GET /galeria/carrusel/Carrusel/jquery-ui-1.8.13.custom.min.js HTTP/1.1" 200 10800
190.26.41.25 - - [20/Dec/2015:23:16:15 -0500] "GET /galeria/carrusel/Carrusel/jquery.thumbnailScroller.js HTTP/1.1" 200 8157
190.26.41.25 - - [20/Dec/2015:23:16:16 -0500] "GET /galeria/nivo-slider/demo/demo.html HTTP/1.1" 200 4456
190.26.41.25 - - [20/Dec/2015:23:16:16 -0500] "GET /galeria/nivo-slider/themes/default/default.css HTTP/1.1" 200 1569
190.26.41.25 - - [20/Dec/2015:23:16:16 -0500] "GET /galeria/nivo-slider/themes/pascal/pascal.css HTTP/1.1" 200 2258
190.26.41.25 - - [20/Dec/2015:23:16:16 -0500] "GET /galeria/nivo-slider/themes/orman/orman.css HTTP/1.1" 200 2152
190.26.41.25 - - [20/Dec/2015:23:16:16 -0500] "GET /galeria/nivo-slider/nivo-slider.css HTTP/1.1" 200 1507
190.26.41.25 - - [20/Dec/2015:23:16:16 -0500] "GET /galeria/nivo-slider/demo/style.css HTTP/1.1" 200 2222
190.26.41.25 - - [20/Dec/2015:23:16:16 -0500] "GET /galeria/nivo-slider/demo/scripts/jquery-1.7.1.min.js HTTP/1.1" 200 93868
190.26.41.25 - - [20/Dec/2015:23:16:16 -0500] "GET /galeria/nivo-slider/jquery.nivo.slider.pack.js HTTP/1.1" 200 11561
190.26.41.25 - - [20/Dec/2015:23:16:16 -0500] "GET /galeria/nivo-slider/demo/images/ambientales.jpg HTTP/1.1" 200 397233
190.26.41.25 - - [20/Dec/2015:23:16:16 -0500] "GET /galeria/nivo-slider/demo/images/Programacion-navidena.jpg HTTP/1.1" 200 316038
190.26.41.25 - - [20/Dec/2015:23:16:16 -0500] "GET /galeria/nivo-slider/demo/images/2Banner-encuestaSDA.jpg HTTP/1.1" 200 208228
190.26.41.25 - - [20/Dec/2015:23:16:17 -0500] "GET /galeria/nivo-slider/demo/images/ABC-Plan-de-contigencia.jpg HTTP/1.1" 200 401853
190.26.41.25 - - [20/Dec/2015:23:16:18 -0500] "GET /galeria/nivo-slider/demo/images/banner-llantas2015.jpg HTTP/1.1" 200 185615
190.26.41.25 - - [20/Dec/2015:23:16:18 -0500] "GET /galeria/nivo-slider/demo/images/4Simple_Slider.png HTTP/1.1" 200 11722
190.26.41.25 - - [20/Dec/2015:23:16:18 -0500] "GET /galeria/nivo-slider/themes/default/loading.gif HTTP/1.1" 200 1737
190.26.41.25 - - [20/Dec/2015:23:16:20 -0500] "GET /galeria/nivo-slider/demo/images/caminata-ecologica.jpg HTTP/1.1" 200 161069
190.26.41.25 - - [20/Dec/2015:23:16:20 -0500] "GET /galeria/nivo-slider/demo/images/Banner-ahorro-de-agua.jpg HTTP/1.1" 200 149141
190.26.41.25 - - [20/Dec/2015:23:16:20 -0500] "GET /galeria/nivo-slider/demo/images/Cmapana-onestidad.jpg HTTP/1.1" 200 141638
190.26.41.25 - - [20/Dec/2015:23:16:21 -0500] "GET /galeria/nivo-slider/demo/images/PREDAcamp.jpg HTTP/1.1" 200 295358
190.26.41.25 - - [20/Dec/2015:23:16:21 -0500] "GET /galeria/nivo-slider/demo/images/banner-llantas2.jpg HTTP/1.1" 200 204644
190.26.41.25 - - [20/Dec/2015:23:16:23 -0500] "GET /galeria/nivo-slider/demo/images/9Signos.jpg HTTP/1.1" 200 81776
190.26.41.25 - - [20/Dec/2015:23:16:23 -0500] "GET /galeria/nivo-slider/demo/images/Ruta-vertimientos-01.jpg HTTP/1.1" 200 130151
190.26.41.25 - - [20/Dec/2015:23:16:23 -0500] "GET /galeria/nivo-slider/demo/images/bolsas-06.jpg HTTP/1.1" 200 90982
66.249.64.106 - - [20/Dec/2015:23:16:24 -0500] "GET /BLA/resoluciones/RESOLUCIONES%202007/RES%202007%20201%20AL%20300/RESOLUCION%200241%20DE%202007.pdf HTTP/1.1" 200 297415
190.26.41.25 - - [20/Dec/2015:23:16:24 -0500] "GET /galeria/nivo-slider/demo/images/Conoce-los-humedales.jpg HTTP/1.1" 200 294036
190.26.41.25 - - [20/Dec/2015:23:16:24 -0500] "GET /galeria/nivo-slider/demo/images/ecolecta-Dic2014.png HTTP/1.1" 200 288593
190.26.41.25 - - [20/Dec/2015:23:16:27 -0500] "GET /galeria/nivo-slider/themes/default/bullets.png HTTP/1.1" 200 1281
190.26.41.25 - - [20/Dec/2015:23:16:27 -0500] "GET /galeria/nivo-slider/themes/default/arrows.png HTTP/1.1" 200 824
66.249.64.96 - - [20/Dec/2015:23:17:09 -0500] "GET /BLA/resoluciones/RESOLUCIONES%202010/1768.pdf HTTP/1.1" 304 -
66.249.64.96 - - [20/Dec/2015:23:17:55 -0500] "GET /BLA/resoluciones/RESOLUCIONES%202010/5270.pdf HTTP/1.1" 304 -
190.25.157.12 - - [20/Dec/2015:23:17:57 -0500] "POST /forms/lservlet;jsessionid=ac16012b30d7fcfb694b74754b67ba13d8349b7969d1.e3iSbxaKaheRe38KbN0Rb34Mc3j0n6jAmljGr5XDqQLvpAe HTTP/1.1" 200 2
201.234.75.11 - - [20/Dec/2015:23:18:27 -0500] "GET /StormSDA/stormWeb/presentacion.html HTTP/1.1" 304 -
66.249.64.96 - - [20/Dec/2015:23:18:41 -0500] "GET /BLA/resoluciones/AUTOS%202013/2689.pdf HTTP/1.1" 200 3765604
66.249.64.106 - - [20/Dec/2015:23:19:27 -0500] "GET /BLA/resoluciones/AUTOS%202012/0822.pdf HTTP/1.1" 200 368836
181.128.246.120 - - [20/Dec/2015:23:19:32 -0500] "GET /forms/frmservlet?config=sia HTTP/1.1" 200 4028
190.25.157.12 - - [20/Dec/2015:23:19:57 -0500] "POST /forms/lservlet;jsessionid=ac16012b30d7fcfb694b74754b67ba13d8349b7969d1.e3iSbxaKaheRe38KbN0Rb34Mc3j0n6jAmljGr5XDqQLvpAe HTTP/1.1" 200 2
66.249.64.96 - - [20/Dec/2015:23:20:13 -0500] "GET /BLA/resoluciones/RESOLUCIONES%202007/RES%202007%202301%20AL%202400/RESOLUCION%202386%20DE%202007.pdf HTTP/1.1" 200 764532
181.128.246.120 - - [20/Dec/2015:23:20:26 -0500] "GET /forms/java/frmall_jinit.jar HTTP/1.1" 304 -
69.162.124.233 - - [20/Dec/2015:23:20:29 -0500] "HEAD / HTTP/1.1" 200 -
181.128.246.120 - - [20/Dec/2015:23:20:29 -0500] "GET /forms/java/icons.jar HTTP/1.1" 304 -
181.128.246.120 - - [20/Dec/2015:23:20:29 -0500] "GET /forms/java/java/awt/KeyboardFocusManager.class HTTP/1.1" 404 352
181.128.246.120 - - [20/Dec/2015:23:20:30 -0500] "GET /forms/java/java/awt/KeyboardFocusManager.class HTTP/1.1" 404 352
181.128.246.120 - - [20/Dec/2015:23:20:32 -0500] "GET /forms/java/java/awt/event/MouseWheelListener.class HTTP/1.1" 404 356
181.128.246.120 - - [20/Dec/2015:23:20:32 -0500] "GET /forms/java/java/awt/event/MouseWheelListener.class HTTP/1.1" 404 356
181.128.246.120 - - [20/Dec/2015:23:20:35 -0500] "GET /forms/java/oracle/forms/registry/Registry.dat HTTP/1.1" 200 4213
181.128.246.120 - - [20/Dec/2015:23:20:35 -0500] "GET /forms/java/oracle/forms/registry/default.dat HTTP/1.1" 404 350
181.128.246.120 - - [20/Dec/2015:23:20:35 -0500] "GET /forms/frmservlet?config=sia&acceptLanguage=es-CO&ifcmd=startsession HTTP/1.1" 200 119
181.128.246.120 - - [20/Dec/2015:23:20:35 -0500] "GET /forms/lservlet;jsessionid=ac16012b30d7eb83ad81020741a9b9b2f4e93bd3b4e9.e3iSbxaKaheRe38KbN0Rb34Mc3j0n6jAmljGr5XDqQLvpAe?ifcmd=getinfo&ifhost=YesicaVillarrag&ifip=192.168.1.70 HTTP/1.1" 200 8
181.128.246.120 - - [20/Dec/2015:23:20:35 -0500] "POST /forms/lservlet;jsessionid=ac16012b30d7eb83ad81020741a9b9b2f4e93bd3b4e9.e3iSbxaKaheRe38KbN0Rb34Mc3j0n6jAmljGr5XDqQLvpAe HTTP/1.1" 200 8
181.128.246.120 - - [20/Dec/2015:23:20:36 -0500] "GET /forms/java/oracle/forms/engine/RunformBundle_es_MX.class HTTP/1.1" 404 362
181.128.246.120 - - [20/Dec/2015:23:20:36 -0500] "GET /forms/java/oracle/forms/engine/RunformBundle_es_MX.class HTTP/1.1" 404 362
181.128.246.120 - - [20/Dec/2015:23:20:36 -0500] "GET /forms/java/oracle/forms/engine/RunformBundle_es_MX.properties HTTP/1.1" 404 367
181.128.246.120 - - [20/Dec/2015:23:20:36 -0500] "POST /forms/lservlet;jsessionid=ac16012b30d7eb83ad81020741a9b9b2f4e93bd3b4e9.e3iSbxaKaheRe38KbN0Rb34Mc3j0n6jAmljGr5XDqQLvpAe HTTP/1.1" 200 64000
181.128.246.120 - - [20/Dec/2015:23:20:38 -0500] "POST /forms/lservlet;jsessionid=ac16012b30d7eb83ad81020741a9b9b2f4e93bd3b4e9.e3iSbxaKaheRe38KbN0Rb34Mc3j0n6jAmljGr5XDqQLvpAe HTTP/1.1" 200 64000
181.128.246.120 - - [20/Dec/2015:23:20:38 -0500] "POST /forms/lservlet;jsessionid=ac16012b30d7eb83ad81020741a9b9b2f4e93bd3b4e9.e3iSbxaKaheRe38KbN0Rb34Mc3j0n6jAmljGr5XDqQLvpAe HTTP/1.1" 200 63623
181.128.246.120 - - [20/Dec/2015:23:20:41 -0500] "HEAD /imagenes/dama_logo.gif HTTP/1.1" 200 -
181.128.246.120 - - [20/Dec/2015:23:20:41 -0500] "GET /imagenes/dama_logo.gif HTTP/1.1" 200 21482
181.128.246.120 - - [20/Dec/2015:23:20:43 -0500] "POST /forms/lservlet;jsessionid=ac16012b30d7eb83ad81020741a9b9b2f4e93bd3b4e9.e3iSbxaKaheRe38KbN0Rb34Mc3j0n6jAmljGr5XDqQLvpAe HTTP/1.1" 200 2
181.128.246.120 - - [20/Dec/2015:23:20:56 -0500] "POST /forms/lservlet;jsessionid=ac16012b30d7eb83ad81020741a9b9b2f4e93bd3b4e9.e3iSbxaKaheRe38KbN0Rb34Mc3j0n6jAmljGr5XDqQLvpAe HTTP/1.1" 200 7996
66.249.64.106 - - [20/Dec/2015:23:20:59 -0500] "GET /BLA/resoluciones/RESOLUCIONES%202007/RES%202007%204101%20AL%204200/RESOLUCION%204115%20DE%202007.pdf HTTP/1.1" 200 553470
181.128.246.120 - - [20/Dec/2015:23:20:59 -0500] "POST /forms/lservlet;jsessionid=ac16012b30d7eb83ad81020741a9b9b2f4e93bd3b4e9.e3iSbxaKaheRe38KbN0Rb34Mc3j0n6jAmljGr5XDqQLvpAe HTTP/1.1" 200 64
181.128.246.120 - - [20/Dec/2015:23:20:59 -0500] "POST /forms/lservlet;jsessionid=ac16012b30d7eb83ad81020741a9b9b2f4e93bd3b4e9.e3iSbxaKaheRe38KbN0Rb34Mc3j0n6jAmljGr5XDqQLvpAe HTTP/1.1" 200 2
181.128.246.120 - - [20/Dec/2015:23:20:59 -0500] "POST /forms/lservlet;jsessionid=ac16012b30d7eb83ad81020741a9b9b2f4e93bd3b4e9.e3iSbxaKaheRe38KbN0Rb34Mc3j0n6jAmljGr5XDqQLvpAe HTTP/1.1" 200 2
181.128.246.120 - - [20/Dec/2015:23:20:59 -0500] "POST /forms/lservlet;jsessionid=ac16012b30d7eb83ad81020741a9b9b2f4e93bd3b4e9.e3iSbxaKaheRe38KbN0Rb34Mc3j0n6jAmljGr5XDqQLvpAe HTTP/1.1" 200 2
181.128.246.120 - - [20/Dec/2015:23:21:02 -0500] "POST /forms/lservlet;jsessionid=ac16012b30d7eb83ad81020741a9b9b2f4e93bd3b4e9.e3iSbxaKaheRe38KbN0Rb34Mc3j0n6jAmljGr5XDqQLvpAe HTTP/1.1" 200 34716
181.128.246.120 - - [20/Dec/2015:23:21:05 -0500] "GET /imagenes/listval.gif HTTP/1.1" 200 905
181.128.246.120 - - [20/Dec/2015:23:21:06 -0500] "GET /imagenes/tree1.gif HTTP/1.1" 200 1161
181.128.246.120 - - [20/Dec/2015:23:21:06 -0500] "GET /imagenes/listval.gif HTTP/1.1" 200 905
181.128.246.120 - - [20/Dec/2015:23:21:06 -0500] "GET /imagenes/CAMERA3.gif HTTP/1.1" 200 4150
181.128.246.120 - - [20/Dec/2015:23:21:06 -0500] "GET /imagenes/SLIDE1.gif HTTP/1.1" 200 1111
181.128.246.120 - - [20/Dec/2015:23:21:06 -0500] "GET /imagenes/flexcomb.gif HTTP/1.1" 200 1169
181.128.246.120 - - [20/Dec/2015:23:21:06 -0500] "GET /imagenes/GO.gif HTTP/1.1" 200 904
181.128.246.120 - - [20/Dec/2015:23:21:06 -0500] "GET /imagenes/HRTOOLS.gif HTTP/1.1" 200 2238
181.128.246.120 - - [20/Dec/2015:23:21:06 -0500] "GET /imagenes/rt_rec1.gif HTTP/1.1" 200 867
181.128.246.120 - - [20/Dec/2015:23:21:06 -0500] "GET /imagenes/apply.gif HTTP/1.1" 200 903
181.128.246.120 - - [20/Dec/2015:23:21:06 -0500] "GET /imagenes/exit.gif HTTP/1.1" 200 916
181.128.246.120 - - [20/Dec/2015:23:21:06 -0500] "GET /imagenes/LISTVAL.gif HTTP/1.1" 200 905
181.128.246.120 - - [20/Dec/2015:23:21:06 -0500] "GET /imagenes/edit.gif HTTP/1.1" 200 919
181.128.246.120 - - [20/Dec/2015:23:21:06 -0500] "GET /imagenes/rt_rec4.gif HTTP/1.1" 200 865
181.128.246.120 - - [20/Dec/2015:23:21:06 -0500] "GET /imagenes/rt_rec3.gif HTTP/1.1" 200 844
181.128.246.120 - - [20/Dec/2015:23:21:06 -0500] "GET /imagenes/rt_rec2.gif HTTP/1.1" 200 847
181.128.246.120 - - [20/Dec/2015:23:21:06 -0500] "GET /imagenes/rt_rdel.gif HTTP/1.1" 200 899
181.128.246.120 - - [20/Dec/2015:23:21:06 -0500] "GET /imagenes/rt_radd.gif HTTP/1.1" 200 907
181.128.246.120 - - [20/Dec/2015:23:21:07 -0500] "GET /imagenes/rt_quer3.gif HTTP/1.1" 200 939
181.128.246.120 - - [20/Dec/2015:23:21:07 -0500] "GET /imagenes/rt_quer2.gif HTTP/1.1" 200 936
181.128.246.120 - - [20/Dec/2015:23:21:07 -0500] "GET /imagenes/rt_quer1.gif HTTP/1.1" 200 930
181.128.246.120 - - [20/Dec/2015:23:21:07 -0500] "GET /imagenes/rt_save.gif HTTP/1.1" 200 903
181.128.246.120 - - [20/Dec/2015:23:21:07 -0500] "GET /imagenes/rt_pset.gif HTTP/1.1" 200 914
181.128.246.120 - - [20/Dec/2015:23:21:07 -0500] "GET /imagenes/QUEJA.gif HTTP/1.1" 200 1091
181.128.246.120 - - [20/Dec/2015:23:21:07 -0500] "GET /imagenes/ARBOL.gif HTTP/1.1" 200 1026
181.128.246.120 - - [20/Dec/2015:23:21:07 -0500] "GET /imagenes/Clipboard.gif HTTP/1.1" 200 1466
181.128.246.120 - - [20/Dec/2015:23:21:07 -0500] "GET /imagenes/DINERO.gif HTTP/1.1" 200 1766
181.128.246.120 - - [20/Dec/2015:23:21:07 -0500] "GET /imagenes/URGENTE.gif HTTP/1.1" 200 964
181.128.246.120 - - [20/Dec/2015:23:21:07 -0500] "GET /imagenes/TREE4.gif HTTP/1.1" 200 4150
181.128.246.120 - - [20/Dec/2015:23:21:07 -0500] "POST /forms/lservlet;jsessionid=ac16012b30d7eb83ad81020741a9b9b2f4e93bd3b4e9.e3iSbxaKaheRe38KbN0Rb34Mc3j0n6jAmljGr5XDqQLvpAe HTTP/1.1" 200 7
181.128.246.120 - - [20/Dec/2015:23:21:07 -0500] "POST /forms/lservlet;jsessionid=ac16012b30d7eb83ad81020741a9b9b2f4e93bd3b4e9.e3iSbxaKaheRe38KbN0Rb34Mc3j0n6jAmljGr5XDqQLvpAe HTTP/1.1" 200 34
181.128.246.120 - - [20/Dec/2015:23:21:08 -0500] "POST /forms/lservlet;jsessionid=ac16012b30d7eb83ad81020741a9b9b2f4e93bd3b4e9.e3iSbxaKaheRe38KbN0Rb34Mc3j0n6jAmljGr5XDqQLvpAe HTTP/1.1" 200 2
181.128.246.120 - - [20/Dec/2015:23:21:09 -0500] "POST /forms/lservlet;jsessionid=ac16012b30d7eb83ad81020741a9b9b2f4e93bd3b4e9.e3iSbxaKaheRe38KbN0Rb34Mc3j0n6jAmljGr5XDqQLvpAe HTTP/1.1" 200 2
181.128.246.120 - - [20/Dec/2015:23:21:09 -0500] "POST /forms/lservlet;jsessionid=ac16012b30d7eb83ad81020741a9b9b2f4e93bd3b4e9.e3iSbxaKaheRe38KbN0Rb34Mc3j0n6jAmljGr5XDqQLvpAe HTTP/1.1" 200 699
181.128.246.120 - - [20/Dec/2015:23:21:09 -0500] "GET /imagenes/Srch_frw.gif HTTP/1.1" 200 925
181.128.246.120 - - [20/Dec/2015:23:21:09 -0500] "POST /forms/lservlet;jsessionid=ac16012b30d7eb83ad81020741a9b9b2f4e93bd3b4e9.e3iSbxaKaheRe38KbN0Rb34Mc3j0n6jAmljGr5XDqQLvpAe HTTP/1.1" 200 10
181.128.246.120 - - [20/Dec/2015:23:21:14 -0500] "POST /forms/lservlet;jsessionid=ac16012b30d7eb83ad81020741a9b9b2f4e93bd3b4e9.e3iSbxaKaheRe38KbN0Rb34Mc3j0n6jAmljGr5XDqQLvpAe HTTP/1.1" 200 24
181.128.246.120 - - [20/Dec/2015:23:21:14 -0500] "POST /forms/lservlet;jsessionid=ac16012b30d7eb83ad81020741a9b9b2f4e93bd3b4e9.e3iSbxaKaheRe38KbN0Rb34Mc3j0n6jAmljGr5XDqQLvpAe HTTP/1.1" 200 14
181.128.246.120 - - [20/Dec/2015:23:21:15 -0500] "POST /forms/lservlet;jsessionid=ac16012b30d7eb83ad81020741a9b9b2f4e93bd3b4e9.e3iSbxaKaheRe38KbN0Rb34Mc3j0n6jAmljGr5XDqQLvpAe HTTP/1.1" 200 5400
181.128.246.120 - - [20/Dec/2015:23:21:16 -0500] "POST /forms/lservlet;jsessionid=ac16012b30d7eb83ad81020741a9b9b2f4e93bd3b4e9.e3iSbxaKaheRe38KbN0Rb34Mc3j0n6jAmljGr5XDqQLvpAe HTTP/1.1" 200 2
181.128.246.120 - - [20/Dec/2015:23:21:18 -0500] "POST /forms/lservlet;jsessionid=ac16012b30d7eb83ad81020741a9b9b2f4e93bd3b4e9.e3iSbxaKaheRe38KbN0Rb34Mc3j0n6jAmljGr5XDqQLvpAe HTTP/1.1" 200 2
181.128.246.120 - - [20/Dec/2015:23:21:18 -0500] "POST /forms/lservlet;jsessionid=ac16012b30d7eb83ad81020741a9b9b2f4e93bd3b4e9.e3iSbxaKaheRe38KbN0Rb34Mc3j0n6jAmljGr5XDqQLvpAe HTTP/1.1" 200 14
181.128.246.120 - - [20/Dec/2015:23:21:19 -0500] "POST /forms/lservlet;jsessionid=ac16012b30d7eb83ad81020741a9b9b2f4e93bd3b4e9.e3iSbxaKaheRe38KbN0Rb34Mc3j0n6jAmljGr5XDqQLvpAe HTTP/1.1" 200 14
181.128.246.120 - - [20/Dec/2015:23:21:20 -0500] "POST /forms/lservlet;jsessionid=ac16012b30d7eb83ad81020741a9b9b2f4e93bd3b4e9.e3iSbxaKaheRe38KbN0Rb34Mc3j0n6jAmljGr5XDqQLvpAe HTTP/1.1" 200 14
181.128.246.120 - - [20/Dec/2015:23:21:22 -0500] "POST /forms/lservlet;jsessionid=ac16012b30d7eb83ad81020741a9b9b2f4e93bd3b4e9.e3iSbxaKaheRe38KbN0Rb34Mc3j0n6jAmljGr5XDqQLvpAe HTTP/1.1" 200 14
181.128.246.120 - - [20/Dec/2015:23:21:24 -0500] "POST /forms/lservlet;jsessionid=ac16012b30d7eb83ad81020741a9b9b2f4e93bd3b4e9.e3iSbxaKaheRe38KbN0Rb34Mc3j0n6jAmljGr5XDqQLvpAe HTTP/1.1" 200 15
181.128.246.120 - - [20/Dec/2015:23:21:26 -0500] "POST /forms/lservlet;jsessionid=ac16012b30d7eb83ad81020741a9b9b2f4e93bd3b4e9.e3iSbxaKaheRe38KbN0Rb34Mc3j0n6jAmljGr5XDqQLvpAe HTTP/1.1" 200 131
181.128.246.120 - - [20/Dec/2015:23:21:26 -0500] "POST /forms/lservlet;jsessionid=ac16012b30d7eb83ad81020741a9b9b2f4e93bd3b4e9.e3iSbxaKaheRe38KbN0Rb34Mc3j0n6jAmljGr5XDqQLvpAe HTTP/1.1" 200 2
181.128.246.120 - - [20/Dec/2015:23:21:28 -0500] "GET /reports/rwservlet/getjobid367640?server=rep_srvapsda HTTP/1.1" 200 48379
66.249.64.106 - - [20/Dec/2015:23:21:40 -0500] "GET /BLA/resoluciones/RESOLUCIONES%202010/7325.pdf HTTP/1.1" 200 518723
66.249.64.96 - - [20/Dec/2015:23:21:45 -0500] "GET /BLA/resoluciones/RESOLUCIONES%202013/0701.pdf HTTP/1.1" 304 -
190.25.157.12 - - [20/Dec/2015:23:21:57 -0500] "POST /forms/lservlet;jsessionid=ac16012b30d7fcfb694b74754b67ba13d8349b7969d1.e3iSbxaKaheRe38KbN0Rb34Mc3j0n6jAmljGr5XDqQLvpAe HTTP/1.1" 200 2
66.249.64.96 - - [20/Dec/2015:23:22:30 -0500] "GET /BLA/resoluciones/RESOLUCIONES%202009/7240.pdf HTTP/1.1" 200 951626
181.128.246.120 - - [20/Dec/2015:23:22:36 -0500] "POST /forms/lservlet;jsessionid=ac16012b30d7eb83ad81020741a9b9b2f4e93bd3b4e9.e3iSbxaKaheRe38KbN0Rb34Mc3j0n6jAmljGr5XDqQLvpAe HTTP/1.1" 200 2
66.249.64.96 - - [20/Dec/2015:23:23:16 -0500] "GET /BLA/resoluciones/RESOLUCIONES%202007/RES%202007%20401%20AL%20500/RESOLUCION%200498%20DE%202007.pdf HTTP/1.1" 304 -
190.84.14.206 - - [20/Dec/2015:23:23:34 -0500] "GET /galeria/carrusel/Carrusel/jquery-ui-1.8.13.custom.min.js HTTP/1.1" 200 10800
190.84.14.206 - - [20/Dec/2015:23:23:34 -0500] "GET /galeria/carrusel/Carrusel/jquery.thumbnailScroller.css HTTP/1.1" 200 2066
190.84.14.206 - - [20/Dec/2015:23:23:34 -0500] "GET /galeria/carrusel/Carrusel/jquery.thumbnailScroller.js HTTP/1.1" 200 8157
190.84.14.206 - - [20/Dec/2015:23:23:34 -0500] "GET /galeria/galeria/jquery.fancybox.js?v=2.1.5 HTTP/1.1" 200 48706
190.84.14.206 - - [20/Dec/2015:23:23:34 -0500] "GET /galeria/galeria/jquery.fancybox.css?v=2.1.5 HTTP/1.1" 200 4895
190.84.14.206 - - [20/Dec/2015:23:23:34 -0500] "GET /BLA/boletinlegal/js/jquery.scrollShow.js HTTP/1.1" 200 4586
190.84.14.206 - - [20/Dec/2015:23:23:40 -0500] "GET /galeria/nivo-slider/demo/demo.html HTTP/1.1" 200 4456
190.84.14.206 - - [20/Dec/2015:23:23:42 -0500] "GET /galeria/nivo-slider/themes/default/default.css HTTP/1.1" 200 1569
190.84.14.206 - - [20/Dec/2015:23:23:42 -0500] "GET /galeria/nivo-slider/themes/pascal/pascal.css HTTP/1.1" 200 2258
190.84.14.206 - - [20/Dec/2015:23:23:42 -0500] "GET /galeria/nivo-slider/demo/scripts/jquery-1.7.1.min.js HTTP/1.1" 200 93868
190.84.14.206 - - [20/Dec/2015:23:23:42 -0500] "GET /galeria/nivo-slider/themes/orman/orman.css HTTP/1.1" 200 2152
190.84.14.206 - - [20/Dec/2015:23:23:42 -0500] "GET /galeria/nivo-slider/nivo-slider.css HTTP/1.1" 200 1507
190.84.14.206 - - [20/Dec/2015:23:23:42 -0500] "GET /galeria/nivo-slider/demo/style.css HTTP/1.1" 200 2222
190.84.14.206 - - [20/Dec/2015:23:23:43 -0500] "GET /galeria/nivo-slider/jquery.nivo.slider.pack.js HTTP/1.1" 200 11561
190.84.14.206 - - [20/Dec/2015:23:23:43 -0500] "GET /galeria/nivo-slider/demo/images/ambientales.jpg HTTP/1.1" 200 397233
190.84.14.206 - - [20/Dec/2015:23:23:43 -0500] "GET /galeria/nivo-slider/demo/images/Programacion-navidena.jpg HTTP/1.1" 200 316038
190.84.14.206 - - [20/Dec/2015:23:23:43 -0500] "GET /galeria/nivo-slider/demo/images/2Banner-encuestaSDA.jpg HTTP/1.1" 200 208228
190.84.14.206 - - [20/Dec/2015:23:23:43 -0500] "GET /galeria/nivo-slider/demo/images/ABC-Plan-de-contigencia.jpg HTTP/1.1" 200 401853
190.84.14.206 - - [20/Dec/2015:23:23:43 -0500] "GET /galeria/nivo-slider/demo/images/banner-llantas2015.jpg HTTP/1.1" 200 185615
190.84.14.206 - - [20/Dec/2015:23:23:44 -0500] "GET /galeria/nivo-slider/demo/images/caminata-ecologica.jpg HTTP/1.1" 200 161069
190.84.14.206 - - [20/Dec/2015:23:23:47 -0500] "GET /galeria/nivo-slider/demo/images/Banner-ahorro-de-agua.jpg HTTP/1.1" 200 149141
190.84.14.206 - - [20/Dec/2015:23:23:47 -0500] "GET /galeria/nivo-slider/demo/images/Cmapana-onestidad.jpg HTTP/1.1" 200 141638
190.84.14.206 - - [20/Dec/2015:23:23:47 -0500] "GET /galeria/nivo-slider/demo/images/PREDAcamp.jpg HTTP/1.1" 200 295358
190.84.14.206 - - [20/Dec/2015:23:23:47 -0500] "GET /galeria/nivo-slider/demo/images/banner-llantas2.jpg HTTP/1.1" 200 204644
190.84.14.206 - - [20/Dec/2015:23:23:48 -0500] "GET /galeria/nivo-slider/demo/images/9Signos.jpg HTTP/1.1" 200 81776
190.84.14.206 - - [20/Dec/2015:23:23:48 -0500] "GET /galeria/nivo-slider/demo/images/Ruta-vertimientos-01.jpg HTTP/1.1" 200 130151
190.84.14.206 - - [20/Dec/2015:23:23:48 -0500] "GET /galeria/nivo-slider/demo/images/bolsas-06.jpg HTTP/1.1" 200 90982
190.84.14.206 - - [20/Dec/2015:23:23:48 -0500] "GET /galeria/nivo-slider/demo/images/Conoce-los-humedales.jpg HTTP/1.1" 200 294036
190.84.14.206 - - [20/Dec/2015:23:23:49 -0500] "GET /galeria/nivo-slider/demo/images/ecolecta-Dic2014.png HTTP/1.1" 200 288593
190.84.14.206 - - [20/Dec/2015:23:23:49 -0500] "GET /galeria/nivo-slider/demo/images/4Simple_Slider.png HTTP/1.1" 200 11722
190.84.14.206 - - [20/Dec/2015:23:23:49 -0500] "GET /galeria/nivo-slider/themes/default/loading.gif HTTP/1.1" 200 1737
190.84.14.206 - - [20/Dec/2015:23:23:50 -0500] "GET /galeria/nivo-slider/themes/default/arrows.png HTTP/1.1" 200 824
190.84.14.206 - - [20/Dec/2015:23:23:50 -0500] "GET /galeria/nivo-slider/themes/default/bullets.png HTTP/1.1" 200 1281
190.25.157.12 - - [20/Dec/2015:23:23:57 -0500] "POST /forms/lservlet;jsessionid=ac16012b30d7fcfb694b74754b67ba13d8349b7969d1.e3iSbxaKaheRe38KbN0Rb34Mc3j0n6jAmljGr5XDqQLvpAe HTTP/1.1" 200 2
66.249.64.101 - - [20/Dec/2015:23:24:02 -0500] "GET /BLA/resoluciones/RESOLUCIONES%202009/2119.pdf HTTP/1.1" 200 558517
181.128.246.120 - - [20/Dec/2015:23:24:10 -0500] "POST /forms/lservlet;jsessionid=ac16012b30d7eb83ad81020741a9b9b2f4e93bd3b4e9.e3iSbxaKaheRe38KbN0Rb34Mc3j0n6jAmljGr5XDqQLvpAe HTTP/1.1" 200 2
181.128.246.120 - - [20/Dec/2015:23:24:10 -0500] "POST /forms/lservlet;jsessionid=ac16012b30d7eb83ad81020741a9b9b2f4e93bd3b4e9.e3iSbxaKaheRe38KbN0Rb34Mc3j0n6jAmljGr5XDqQLvpAe HTTP/1.1" 200 116
181.128.246.120 - - [20/Dec/2015:23:24:11 -0500] "POST /forms/lservlet;jsessionid=ac16012b30d7eb83ad81020741a9b9b2f4e93bd3b4e9.e3iSbxaKaheRe38KbN0Rb34Mc3j0n6jAmljGr5XDqQLvpAe HTTP/1.1" 200 2
181.128.246.120 - - [20/Dec/2015:23:24:12 -0500] "GET /reports/rwservlet/getjobid367641?server=rep_srvapsda HTTP/1.1" 200 92413
182.118.20.217 - - [20/Dec/2015:23:24:16 -0500] "GET /robots.txt HTTP/1.1" 302 312
100.43.91.6 - - [20/Dec/2015:23:24:23 -0500] "GET /galeria/mapa/TORCA12.jpg HTTP/1.1" 200 24337
181.128.246.120 - - [20/Dec/2015:23:24:36 -0500] "POST /forms/lservlet;jsessionid=ac16012b30d7eb83ad81020741a9b9b2f4e93bd3b4e9.e3iSbxaKaheRe38KbN0Rb34Mc3j0n6jAmljGr5XDqQLvpAe HTTP/1.1" 200 2
66.249.64.101 - - [20/Dec/2015:23:24:41 -0500] "GET /BLA/resoluciones/RESOLUCIONES%202008/3319.pdf HTTP/1.1" 200 64376
66.249.64.96 - - [20/Dec/2015:23:24:48 -0500] "GET /BLA/resoluciones/AUTOS%202009/1253.pdf HTTP/1.1" 200 171446
66.249.64.101 - - [20/Dec/2015:23:24:49 -0500] "GET /BLA/resoluciones/AUTOS%202008/1628.pdf HTTP/1.1" 200 66657
69.162.124.233 - - [20/Dec/2015:23:25:29 -0500] "HEAD / HTTP/1.1" 200 -
66.249.64.101 - - [20/Dec/2015:23:25:34 -0500] "GET /BLA/resoluciones/RESOLUCIONES%202007/RES%202007%201201%20AL%201300/RESOLUCION%201212%20DE%202007.pdf HTTP/1.1" 200 505597
190.25.157.12 - - [20/Dec/2015:23:25:57 -0500] "POST /forms/lservlet;jsessionid=ac16012b30d7fcfb694b74754b67ba13d8349b7969d1.e3iSbxaKaheRe38KbN0Rb34Mc3j0n6jAmljGr5XDqQLvpAe HTTP/1.1" 200 2
66.249.64.96 - - [20/Dec/2015:23:26:20 -0500] "GET /BLA/resoluciones/RESOLUCIONES%202010/4848.pdf HTTP/1.1" 200 259381
181.128.246.120 - - [20/Dec/2015:23:26:36 -0500] "POST /forms/lservlet;jsessionid=ac16012b30d7eb83ad81020741a9b9b2f4e93bd3b4e9.e3iSbxaKaheRe38KbN0Rb34Mc3j0n6jAmljGr5XDqQLvpAe HTTP/1.1" 200 2
66.249.64.96 - - [20/Dec/2015:23:27:06 -0500] "GET /BLA/resoluciones/RESOLUCIONES%202011/6031.pdf HTTP/1.1" 200 750497
66.249.64.106 - - [20/Dec/2015:23:27:51 -0500] "GET /Residuos/impresion/impresion.html HTTP/1.1" 304 -
201.234.75.11 - - [20/Dec/2015:23:27:52 -0500] "GET /galeria/nivo-slider/demo/images/coplima.jpg HTTP/1.1" 304 -
190.25.157.12 - - [20/Dec/2015:23:27:57 -0500] "POST /forms/lservlet;jsessionid=ac16012b30d7fcfb694b74754b67ba13d8349b7969d1.e3iSbxaKaheRe38KbN0Rb34Mc3j0n6jAmljGr5XDqQLvpAe HTTP/1.1" 200 2
66.249.64.96 - - [20/Dec/2015:23:28:20 -0500] "GET /BLA/resoluciones/RESOLUCIONES%202010/7727.pdf HTTP/1.1" 200 71505
181.128.246.120 - - [20/Dec/2015:23:28:36 -0500] "POST /forms/lservlet;jsessionid=ac16012b30d7eb83ad81020741a9b9b2f4e93bd3b4e9.e3iSbxaKaheRe38KbN0Rb34Mc3j0n6jAmljGr5XDqQLvpAe HTTP/1.1" 200 2
66.249.64.101 - - [20/Dec/2015:23:29:23 -0500] "GET /BLA/resoluciones/RESOLUCIONES%202010/6373.pdf HTTP/1.1" 200 3436636
190.25.157.12 - - [20/Dec/2015:23:29:57 -0500] "POST /forms/lservlet;jsessionid=ac16012b30d7fcfb694b74754b67ba13d8349b7969d1.e3iSbxaKaheRe38KbN0Rb34Mc3j0n6jAmljGr5XDqQLvpAe HTTP/1.1" 200 2
66.249.64.96 - - [20/Dec/2015:23:30:09 -0500] "GET /BLA/resoluciones/AUTOS%202007/1303.pdf HTTP/1.1" 200 242023
69.162.124.233 - - [20/Dec/2015:23:30:29 -0500] "HEAD / HTTP/1.1" 200 -
181.128.246.120 - - [20/Dec/2015:23:30:36 -0500] "POST /forms/lservlet;jsessionid=ac16012b30d7eb83ad81020741a9b9b2f4e93bd3b4e9.e3iSbxaKaheRe38KbN0Rb34Mc3j0n6jAmljGr5XDqQLvpAe HTTP/1.1" 200 2
66.249.64.101 - - [20/Dec/2015:23:30:55 -0500] "GET /BLA/resoluciones/RESOLUCIONES%202007/RES%202007%20801%20AL%20900/RESOLUCION%200847%20DE%202007.pdf HTTP/1.1" 200 648285
181.131.206.242 - - [20/Dec/2015:23:31:40 -0500] "GET /galeria/galeria/jquery.fancybox.css?v=2.1.5 HTTP/1.1" 200 4895
181.131.206.242 - - [20/Dec/2015:23:31:40 -0500] "GET /BLA/boletinlegal/js/jquery.scrollShow.js HTTP/1.1" 200 4586
181.131.206.242 - - [20/Dec/2015:23:31:40 -0500] "GET /galeria/galeria/jquery.fancybox.js?v=2.1.5 HTTP/1.1" 200 48706
