66.249.64.106 - - [20/Dec/2015:23:31:41 -0500] "GET /BLA/resoluciones/AUTOS%202011/6411.pdf HTTP/1.1" 200 188882
181.131.206.242 - - [20/Dec/2015:23:31:44 -0500] "GET /BLA/boletinlegal/images/pdf.gif HTTP/1.1" 200 567
181.131.206.242 - - [20/Dec/2015:23:31:46 -0500] "GET /BLA/boletinlegal/images/video.png HTTP/1.1" 200 57565
190.25.157.12 - - [20/Dec/2015:23:31:57 -0500] "POST /forms/lservlet;jsessionid=ac16012b30d7fcfb694b74754b67ba13d8349b7969d1.e3iSbxaKaheRe38KbN0Rb34Mc3j0n6jAmljGr5XDqQLvpAe HTTP/1.1" 200 2
186.145.57.130 - - [20/Dec/2015:23:32:00 -0500] "GET /BLA/resoluciones/RESOLUCIONES%202010/7627.pdf HTTP/1.1" 200 364118
186.145.57.130 - - [20/Dec/2015:23:32:00 -0500] "GET /favicon.ico HTTP/1.1" 200 7782
181.131.206.242 - - [20/Dec/2015:23:32:14 -0500] "GET /galeria/galeria/jquery.fancybox.css?v=2.1.5 HTTP/1.1" 304 -
181.131.206.242 - - [20/Dec/2015:23:32:14 -0500] "GET /BLA/boletinlegal/js/jquery.scrollShow.js HTTP/1.1" 304 -
181.131.206.242 - - [20/Dec/2015:23:32:15 -0500] "GET /galeria/galeria/jquery.fancybox.js?v=2.1.5 HTTP/1.1" 304 -
181.131.206.242 - - [20/Dec/2015:23:32:16 -0500] "GET /BLA/boletinlegal/images/pdf.gif HTTP/1.1" 304 -
181.131.206.242 - - [20/Dec/2015:23:32:16 -0500] "GET /BLA/boletinlegal/images/video.png HTTP/1.1" 304 -
66.249.64.101 - - [20/Dec/2015:23:32:27 -0500] "GET /BLA/resoluciones/AUTOS%202009/2959.pdf HTTP/1.1" 200 129918
181.153.227.126 - - [20/Dec/2015:23:32:34 -0500] "GET /galeria/galeria/jquery.fancybox.css?v=2.1.5 HTTP/1.1" 200 4895
181.153.227.126 - - [20/Dec/2015:23:32:34 -0500] "GET /BLA/boletinlegal/js/jquery.scrollShow.js HTTP/1.1" 200 4586
181.153.227.126 - - [20/Dec/2015:23:32:34 -0500] "GET /galeria/galeria/jquery.fancybox.js?v=2.1.5 HTTP/1.1" 200 48706
181.128.246.120 - - [20/Dec/2015:23:32:36 -0500] "POST /forms/lservlet;jsessionid=ac16012b30d7eb83ad81020741a9b9b2f4e93bd3b4e9.e3iSbxaKaheRe38KbN0Rb34Mc3j0n6jAmljGr5XDqQLvpAe HTTP/1.1" 200 2
181.153.227.126 - - [20/Dec/2015:23:32:59 -0500] "GET /BLA/boletinlegal/js/jquery.scrollShow.js HTTP/1.1" 200 4586
181.153.227.126 - - [20/Dec/2015:23:32:59 -0500] "GET /galeria/galeria/jquery.fancybox.js?v=2.1.5 HTTP/1.1" 200 48706
181.153.227.126 - - [20/Dec/2015:23:32:59 -0500] "GET /galeria/galeria/jquery.fancybox.css?v=2.1.5 HTTP/1.1" 200 4895
181.128.246.120 - - [20/Dec/2015:23:33:08 -0500] "POST /forms/lservlet;jsessionid=ac16012b30d7eb83ad81020741a9b9b2f4e93bd3b4e9.e3iSbxaKaheRe38KbN0Rb34Mc3j0n6jAmljGr5XDqQLvpAe HTTP/1.1" 200 95
181.128.246.120 - - [20/Dec/2015:23:33:10 -0500] "POST /forms/lservlet;jsessionid=ac16012b30d7eb83ad81020741a9b9b2f4e93bd3b4e9.e3iSbxaKaheRe38KbN0Rb34Mc3j0n6jAmljGr5XDqQLvpAe HTTP/1.1" 200 2
66.249.64.96 - - [20/Dec/2015:23:33:12 -0500] "GET /BLA/resoluciones/Notificaciones/AUTOS%202014/5757.doc HTTP/1.1" 200 181760
181.128.246.120 - - [20/Dec/2015:23:33:13 -0500] "POST /forms/lservlet;jsessionid=ac16012b30d7eb83ad81020741a9b9b2f4e93bd3b4e9.e3iSbxaKaheRe38KbN0Rb34Mc3j0n6jAmljGr5XDqQLvpAe HTTP/1.1" 200 2030
181.128.246.120 - - [20/Dec/2015:23:33:13 -0500] "POST /forms/lservlet;jsessionid=ac16012b30d7eb83ad81020741a9b9b2f4e93bd3b4e9.e3iSbxaKaheRe38KbN0Rb34Mc3j0n6jAmljGr5XDqQLvpAe HTTP/1.1" 200 78
181.128.246.120 - - [20/Dec/2015:23:33:15 -0500] "POST /forms/lservlet;jsessionid=ac16012b30d7eb83ad81020741a9b9b2f4e93bd3b4e9.e3iSbxaKaheRe38KbN0Rb34Mc3j0n6jAmljGr5XDqQLvpAe HTTP/1.1" 200 86
181.128.246.120 - - [20/Dec/2015:23:33:16 -0500] "POST /forms/lservlet;jsessionid=ac16012b30d7eb83ad81020741a9b9b2f4e93bd3b4e9.e3iSbxaKaheRe38KbN0Rb34Mc3j0n6jAmljGr5XDqQLvpAe HTTP/1.1" 200 -
190.25.157.12 - - [20/Dec/2015:23:33:57 -0500] "POST /forms/lservlet;jsessionid=ac16012b30d7fcfb694b74754b67ba13d8349b7969d1.e3iSbxaKaheRe38KbN0Rb34Mc3j0n6jAmljGr5XDqQLvpAe HTTP/1.1" 200 2
66.249.64.106 - - [20/Dec/2015:23:33:58 -0500] "GET /BLA/resoluciones/RESOLUCIONES%202010/3843.pdf HTTP/1.1" 200 1084873
66.249.64.106 - - [20/Dec/2015:23:34:44 -0500] "GET /BLA/resoluciones/RESOLUCIONES%202010/7011.pdf HTTP/1.1" 200 501182
189.217.85.196 - - [20/Dec/2015:23:35:06 -0500] "GET /galeria/galeria/jquery.fancybox.css?v=2.1.5 HTTP/1.1" 200 4895
189.217.85.196 - - [20/Dec/2015:23:35:06 -0500] "GET /BLA/boletinlegal/js/jquery.scrollShow.js HTTP/1.1" 200 4586
189.217.85.196 - - [20/Dec/2015:23:35:06 -0500] "GET /galeria/galeria/jquery.fancybox.js?v=2.1.5 HTTP/1.1" 200 48706
186.145.57.130 - - [20/Dec/2015:23:35:26 -0500] "GET /BLA/resoluciones/RESOLUCIONES%202010/7627.pdf HTTP/1.1" 200 364118
189.217.85.196 - - [20/Dec/2015:23:35:29 -0500] "GET /galeria/galeria/jquery.fancybox.css?v=2.1.5 HTTP/1.1" 304 -
189.217.85.196 - - [20/Dec/2015:23:35:29 -0500] "GET /BLA/boletinlegal/js/jquery.scrollShow.js HTTP/1.1" 304 -
189.217.85.196 - - [20/Dec/2015:23:35:29 -0500] "GET /galeria/galeria/jquery.fancybox.js?v=2.1.5 HTTP/1.1" 304 -
69.162.124.233 - - [20/Dec/2015:23:35:29 -0500] "HEAD / HTTP/1.1" 200 -
190.25.157.12 - - [20/Dec/2015:23:35:57 -0500] "POST /forms/lservlet;jsessionid=ac16012b30d7fcfb694b74754b67ba13d8349b7969d1.e3iSbxaKaheRe38KbN0Rb34Mc3j0n6jAmljGr5XDqQLvpAe HTTP/1.1" 200 2
66.249.64.106 - - [20/Dec/2015:23:37:02 -0500] "GET /BLA/resoluciones/AUTOS%202014/1143.pdf HTTP/1.1" 200 930008
66.249.64.101 - - [20/Dec/2015:23:37:10 -0500] "GET /BLA/resoluciones/RESOLUCIONES%202010/0710.pdf HTTP/1.1" 200 103584
66.249.64.101 - - [20/Dec/2015:23:37:36 -0500] "GET /BLA/resoluciones/AUTOS%202009/0121.pdf HTTP/1.1" 200 65306
66.249.64.106 - - [20/Dec/2015:23:37:48 -0500] "GET /BLA/resoluciones/AUTOS%202009/1919.pdf HTTP/1.1" 200 363844
190.25.157.12 - - [20/Dec/2015:23:37:57 -0500] "POST /forms/lservlet;jsessionid=ac16012b30d7fcfb694b74754b67ba13d8349b7969d1.e3iSbxaKaheRe38KbN0Rb34Mc3j0n6jAmljGr5XDqQLvpAe HTTP/1.1" 200 2
66.249.64.106 - - [20/Dec/2015:23:38:33 -0500] "GET /BLA/resoluciones/AUTOS%202008/1713.pdf HTTP/1.1" 200 90976
66.249.64.96 - - [20/Dec/2015:23:39:19 -0500] "GET /BLA/resoluciones/RESOLUCIONES%202008/4624.pdf HTTP/1.1" 200 303889
190.25.157.12 - - [20/Dec/2015:23:39:57 -0500] "POST /forms/lservlet;jsessionid=ac16012b30d7fcfb694b74754b67ba13d8349b7969d1.e3iSbxaKaheRe38KbN0Rb34Mc3j0n6jAmljGr5XDqQLvpAe HTTP/1.1" 200 2
66.249.64.96 - - [20/Dec/2015:23:40:05 -0500] "GET /BLA/resoluciones/AUTOS%202011/4765.pdf HTTP/1.1" 200 252447
66.249.64.106 - - [20/Dec/2015:23:40:09 -0500] "GET /BLA/boletinlegal/Directivas/2014/Directiva%20No.%205%20del%2026%20de%20Diciembre%20de%202014.pdf HTTP/1.1" 200 3424865
66.249.64.96 - - [20/Dec/2015:23:40:13 -0500] "GET /BLA/boletinlegal/js/jquery.scrollShow.js HTTP/1.1" 200 4586
66.249.64.96 - - [20/Dec/2015:23:40:14 -0500] "GET /galeria/galeria/jquery.fancybox.js?v=2.1.5 HTTP/1.1" 200 48706
66.249.64.96 - - [20/Dec/2015:23:40:15 -0500] "GET /galeria/galeria/jquery.fancybox.css?v=2.1.5 HTTP/1.1" 200 4895
66.249.64.96 - - [20/Dec/2015:23:40:17 -0500] "GET /galeria/carrusel/Carrusel/jquery.thumbnailScroller.css HTTP/1.1" 200 2066
66.249.64.96 - - [20/Dec/2015:23:40:19 -0500] "GET /galeria/carrusel/Carrusel/jquery.thumbnailScroller.js HTTP/1.1" 200 8157
66.249.64.96 - - [20/Dec/2015:23:40:20 -0500] "GET /galeria/carrusel/Carrusel/jquery-ui-1.8.13.custom.min.js HTTP/1.1" 200 10800
69.162.124.233 - - [20/Dec/2015:23:40:29 -0500] "HEAD / HTTP/1.1" 200 -
66.249.64.106 - - [20/Dec/2015:23:40:51 -0500] "GET /BLA/resoluciones/Notificaciones/AUTOS%202013/2679.doc HTTP/1.1" 200 247808
66.249.64.243 - - [20/Dec/2015:23:40:55 -0500] "GET /galeria/nivo-slider/demo/images/Banner_Sec.jpg HTTP/1.1" 200 104161
181.55.4.8 - - [20/Dec/2015:23:41:23 -0500] "GET /galeria/galeria/jquery.fancybox.css?v=2.1.5 HTTP/1.1" 200 4895
181.55.4.8 - - [20/Dec/2015:23:41:23 -0500] "GET /galeria/carrusel/Carrusel/jquery.thumbnailScroller.css HTTP/1.1" 200 2066
181.55.4.8 - - [20/Dec/2015:23:41:23 -0500] "GET /galeria/galeria/jquery.fancybox.js?v=2.1.5 HTTP/1.1" 200 48706
181.55.4.8 - - [20/Dec/2015:23:41:23 -0500] "GET /galeria/carrusel/Carrusel/jquery-ui-1.8.13.custom.min.js HTTP/1.1" 200 10800
181.55.4.8 - - [20/Dec/2015:23:41:23 -0500] "GET /galeria/carrusel/Carrusel/jquery.thumbnailScroller.js HTTP/1.1" 200 8157
181.55.4.8 - - [20/Dec/2015:23:41:24 -0500] "GET /BLA/boletinlegal/js/jquery.scrollShow.js HTTP/1.1" 200 4586
181.55.4.8 - - [20/Dec/2015:23:41:26 -0500] "GET /galeria/nivo-slider/demo/demo.html HTTP/1.1" 200 4456
181.55.4.8 - - [20/Dec/2015:23:41:26 -0500] "GET /galeria/nivo-slider/themes/default/default.css HTTP/1.1" 200 1569
181.55.4.8 - - [20/Dec/2015:23:41:26 -0500] "GET /galeria/nivo-slider/themes/pascal/pascal.css HTTP/1.1" 200 2258
181.55.4.8 - - [20/Dec/2015:23:41:26 -0500] "GET /galeria/nivo-slider/demo/style.css HTTP/1.1" 200 2222
181.55.4.8 - - [20/Dec/2015:23:41:26 -0500] "GET /galeria/nivo-slider/nivo-slider.css HTTP/1.1" 200 1507
181.55.4.8 - - [20/Dec/2015:23:41:26 -0500] "GET /galeria/nivo-slider/themes/orman/orman.css HTTP/1.1" 200 2152
181.55.4.8 - - [20/Dec/2015:23:41:26 -0500] "GET /galeria/nivo-slider/demo/scripts/jquery-1.7.1.min.js HTTP/1.1" 200 93868
181.55.4.8 - - [20/Dec/2015:23:41:26 -0500] "GET /galeria/nivo-slider/jquery.nivo.slider.pack.js HTTP/1.1" 200 11561
181.55.4.8 - - [20/Dec/2015:23:41:28 -0500] "GET /galeria/nivo-slider/demo/images/ambientales.jpg HTTP/1.1" 200 397233
181.55.4.8 - - [20/Dec/2015:23:41:28 -0500] "GET /galeria/nivo-slider/demo/images/Programacion-navidena.jpg HTTP/1.1" 200 316038
181.55.4.8 - - [20/Dec/2015:23:41:28 -0500] "GET /galeria/nivo-slider/demo/images/2Banner-encuestaSDA.jpg HTTP/1.1" 200 208228
181.55.4.8 - - [20/Dec/2015:23:41:29 -0500] "GET /galeria/nivo-slider/demo/images/ABC-Plan-de-contigencia.jpg HTTP/1.1" 200 401853
181.55.4.8 - - [20/Dec/2015:23:41:31 -0500] "GET /galeria/nivo-slider/demo/images/banner-llantas2015.jpg HTTP/1.1" 200 185615
181.55.4.8 - - [20/Dec/2015:23:41:31 -0500] "GET /galeria/nivo-slider/demo/images/caminata-ecologica.jpg HTTP/1.1" 200 161069
181.55.4.8 - - [20/Dec/2015:23:41:32 -0500] "GET /galeria/nivo-slider/demo/images/4Simple_Slider.png HTTP/1.1" 200 11722
181.55.4.8 - - [20/Dec/2015:23:41:32 -0500] "GET /galeria/nivo-slider/themes/default/loading.gif HTTP/1.1" 200 1737
181.55.4.8 - - [20/Dec/2015:23:41:33 -0500] "GET /galeria/nivo-slider/demo/images/Banner-ahorro-de-agua.jpg HTTP/1.1" 200 149141
181.55.4.8 - - [20/Dec/2015:23:41:33 -0500] "GET /galeria/nivo-slider/demo/images/PREDAcamp.jpg HTTP/1.1" 200 295358
181.55.4.8 - - [20/Dec/2015:23:41:33 -0500] "GET /galeria/nivo-slider/demo/images/Cmapana-onestidad.jpg HTTP/1.1" 200 141638
181.55.4.8 - - [20/Dec/2015:23:41:33 -0500] "GET /galeria/nivo-slider/demo/images/banner-llantas2.jpg HTTP/1.1" 200 204644
181.55.4.8 - - [20/Dec/2015:23:41:34 -0500] "GET /galeria/nivo-slider/demo/images/9Signos.jpg HTTP/1.1" 200 81776
181.55.4.8 - - [20/Dec/2015:23:41:34 -0500] "GET /galeria/nivo-slider/demo/images/Ruta-vertimientos-01.jpg HTTP/1.1" 200 130151
181.55.4.8 - - [20/Dec/2015:23:41:34 -0500] "GET /galeria/nivo-slider/demo/images/bolsas-06.jpg HTTP/1.1" 200 90982
181.55.4.8 - - [20/Dec/2015:23:41:34 -0500] "GET /galeria/nivo-slider/demo/images/Conoce-los-humedales.jpg HTTP/1.1" 200 294036
181.55.4.8 - - [20/Dec/2015:23:41:35 -0500] "GET /galeria/nivo-slider/demo/images/ecolecta-Dic2014.png HTTP/1.1" 200 288593
201.234.75.11 - - [20/Dec/2015:23:41:35 -0500] "GET /galeria/nivo-slider/demo/images/2Banner-encuestaSDA.jpg HTTP/1.1" 304 -
66.249.64.101 - - [20/Dec/2015:23:41:37 -0500] "GET /BLA/resoluciones/RESOLUCIONES%202011/3802.pdf HTTP/1.1" 200 520310
181.55.4.8 - - [20/Dec/2015:23:41:39 -0500] "GET /galeria/nivo-slider/themes/default/arrows.png HTTP/1.1" 200 824
181.55.4.8 - - [20/Dec/2015:23:41:40 -0500] "GET /galeria/nivo-slider/themes/default/bullets.png HTTP/1.1" 200 1281
190.25.157.12 - - [20/Dec/2015:23:41:57 -0500] "POST /forms/lservlet;jsessionid=ac16012b30d7fcfb694b74754b67ba13d8349b7969d1.e3iSbxaKaheRe38KbN0Rb34Mc3j0n6jAmljGr5XDqQLvpAe HTTP/1.1" 200 2
66.249.64.101 - - [20/Dec/2015:23:42:23 -0500] "GET /BLA/resoluciones/RESOLUCIONES%202014/0386.pdf HTTP/1.1" 200 508568
190.240.120.135 - - [20/Dec/2015:23:42:57 -0500] "GET /BLA/resoluciones/AUTOS%202012/2894.pdf HTTP/1.1" 200 583657
190.240.120.135 - - [20/Dec/2015:23:42:59 -0500] "GET /BLA/resoluciones/AUTOS%202012/2894.pdf HTTP/1.1" 206 59369
190.240.120.135 - - [20/Dec/2015:23:42:59 -0500] "GET /BLA/resoluciones/AUTOS%202012/2894.pdf HTTP/1.1" 206 65536
190.240.120.135 - - [20/Dec/2015:23:42:59 -0500] "GET /favicon.ico HTTP/1.1" 200 7782
66.249.64.96 - - [20/Dec/2015:23:43:09 -0500] "GET /BLA/resoluciones/AUTOS%202014/6945.pdf HTTP/1.1" 200 869813
186.155.17.167 - - [20/Dec/2015:23:43:10 -0500] "GET /galeria/galeria/jquery.fancybox.css?v=2.1.5 HTTP/1.1" 200 4895
186.155.17.167 - - [20/Dec/2015:23:43:10 -0500] "GET /galeria/carrusel/Carrusel/jquery.thumbnailScroller.css HTTP/1.1" 200 2066
186.155.17.167 - - [20/Dec/2015:23:43:11 -0500] "GET /galeria/nivo-slider/demo/demo.html HTTP/1.1" 200 4456
186.155.17.167 - - [20/Dec/2015:23:43:14 -0500] "GET /galeria/nivo-slider/themes/default/default.css HTTP/1.1" 200 1569
186.155.17.167 - - [20/Dec/2015:23:43:14 -0500] "GET /galeria/nivo-slider/themes/pascal/pascal.css HTTP/1.1" 200 2258
186.155.17.167 - - [20/Dec/2015:23:43:14 -0500] "GET /galeria/nivo-slider/themes/orman/orman.css HTTP/1.1" 200 2152
186.155.17.167 - - [20/Dec/2015:23:43:14 -0500] "GET /galeria/nivo-slider/nivo-slider.css HTTP/1.1" 200 1507
186.155.17.167 - - [20/Dec/2015:23:43:14 -0500] "GET /galeria/nivo-slider/demo/style.css HTTP/1.1" 200 2222
186.155.17.167 - - [20/Dec/2015:23:43:14 -0500] "GET /galeria/nivo-slider/demo/images/ambientales.jpg HTTP/1.1" 200 397233
186.155.17.167 - - [20/Dec/2015:23:43:14 -0500] "GET /galeria/nivo-slider/demo/images/Programacion-navidena.jpg HTTP/1.1" 200 316038
186.155.17.167 - - [20/Dec/2015:23:43:15 -0500] "GET /galeria/nivo-slider/demo/images/4Simple_Slider.png HTTP/1.1" 200 11722
186.155.17.167 - - [20/Dec/2015:23:43:15 -0500] "GET /galeria/nivo-slider/themes/default/loading.gif HTTP/1.1" 200 1737
186.155.17.167 - - [20/Dec/2015:23:43:16 -0500] "GET /galeria/nivo-slider/demo/images/2Banner-encuestaSDA.jpg HTTP/1.1" 200 208228
186.155.17.167 - - [20/Dec/2015:23:43:20 -0500] "GET /galeria/nivo-slider/demo/images/ABC-Plan-de-contigencia.jpg HTTP/1.1" 200 401853
186.155.17.167 - - [20/Dec/2015:23:43:25 -0500] "GET /galeria/nivo-slider/demo/images/banner-llantas2015.jpg HTTP/1.1" 200 185615
186.155.17.167 - - [20/Dec/2015:23:43:25 -0500] "GET /galeria/nivo-slider/demo/images/caminata-ecologica.jpg HTTP/1.1" 200 161069
186.155.17.167 - - [20/Dec/2015:23:43:25 -0500] "GET /galeria/nivo-slider/demo/images/Banner-ahorro-de-agua.jpg HTTP/1.1" 200 149141
186.155.17.167 - - [20/Dec/2015:23:43:25 -0500] "GET /galeria/nivo-slider/demo/images/Cmapana-onestidad.jpg HTTP/1.1" 200 141638
186.155.17.167 - - [20/Dec/2015:23:43:25 -0500] "GET /galeria/nivo-slider/demo/images/PREDAcamp.jpg HTTP/1.1" 200 295358
186.155.17.167 - - [20/Dec/2015:23:43:26 -0500] "GET /galeria/nivo-slider/demo/images/banner-llantas2.jpg HTTP/1.1" 200 204644
186.155.17.167 - - [20/Dec/2015:23:43:28 -0500] "GET /galeria/nivo-slider/demo/images/9Signos.jpg HTTP/1.1" 200 81776
186.155.17.167 - - [20/Dec/2015:23:43:29 -0500] "GET /galeria/nivo-slider/demo/images/Ruta-vertimientos-01.jpg HTTP/1.1" 200 130151
186.155.17.167 - - [20/Dec/2015:23:43:29 -0500] "GET /galeria/nivo-slider/demo/images/bolsas-06.jpg HTTP/1.1" 200 90982
186.155.17.167 - - [20/Dec/2015:23:43:30 -0500] "GET /galeria/nivo-slider/demo/images/Conoce-los-humedales.jpg HTTP/1.1" 200 294036
186.155.17.167 - - [20/Dec/2015:23:43:31 -0500] "GET /galeria/nivo-slider/demo/images/ecolecta-Dic2014.png HTTP/1.1" 200 288593
66.249.64.101 - - [20/Dec/2015:23:43:54 -0500] "GET /BLA/boletinlegal/Directivas/2014/Directiva%20No.%205%20del%2026%20de%20Diciembre%20de%202014.pdf HTTP/1.1" 200 3424865
190.25.157.12 - - [20/Dec/2015:23:43:57 -0500] "POST /forms/lservlet;jsessionid=ac16012b30d7fcfb694b74754b67ba13d8349b7969d1.e3iSbxaKaheRe38KbN0Rb34Mc3j0n6jAmljGr5XDqQLvpAe HTTP/1.1" 200 2
40.77.167.29 - - [20/Dec/2015:23:44:04 -0500] "GET /POT-2013/index.php?dir=Articulado/&sort=size&order=asc HTTP/1.1" 200 1857
40.77.167.29 - - [20/Dec/2015:23:44:04 -0500] "GET /SIG/Gesti%C3%B3n%20de%20Recursos%20F%C3%ADsicos/126PA04-PR24.pdf HTTP/1.1" 200 60685
40.77.167.29 - - [20/Dec/2015:23:44:07 -0500] "GET /Autoliquidacion/Solicitudes%20relacionadas%20con%20calidad%20del%20aire%20auditiva%20y%20visual/Evaluaci%C3%B3n%20de%20permisos%20de%20emisi%C3%B3n%20para%20fuentes%20fijas/lista%20de%20chequeo%20permiso%20de%20emisiones.pdf HTTP/1.1" 200 58783
66.249.64.106 - - [20/Dec/2015:23:44:15 -0500] "GET /BLA/resoluciones/RESOLUCIONES%202008/1203.pdf HTTP/1.1" 200 1245916
186.155.17.167 - - [20/Dec/2015:23:44:16 -0500] "GET /galeria/nivo-slider/themes/default/arrows.png HTTP/1.1" 200 824
186.155.17.167 - - [20/Dec/2015:23:44:16 -0500] "GET /galeria/nivo-slider/themes/default/bullets.png HTTP/1.1" 200 1281
66.249.64.101 - - [20/Dec/2015:23:45:26 -0500] "GET /BLA/resoluciones/RESOLUCIONES%202009/2791.pdf HTTP/1.1" 200 414774
69.162.124.233 - - [20/Dec/2015:23:45:29 -0500] "HEAD / HTTP/1.1" 200 -
190.25.157.12 - - [20/Dec/2015:23:45:57 -0500] "POST /forms/lservlet;jsessionid=ac16012b30d7fcfb694b74754b67ba13d8349b7969d1.e3iSbxaKaheRe38KbN0Rb34Mc3j0n6jAmljGr5XDqQLvpAe HTTP/1.1" 200 2
52.7.245.255 - - [20/Dec/2015:23:46:01 -0500] "GET / HTTP/1.1" 301 324
66.249.64.96 - - [20/Dec/2015:23:46:12 -0500] "GET /BLA/resoluciones/AUTOS%202007/0811.pdf HTTP/1.1" 200 221976
66.249.64.101 - - [20/Dec/2015:23:46:58 -0500] "GET /BLA/resoluciones/RESOLUCIONES%202010/5268.pdf HTTP/1.1" 200 385750
181.128.216.115 - - [20/Dec/2015:23:47:05 -0500] "GET /galeria/galeria/jquery.fancybox.css?v=2.1.5 HTTP/1.1" 200 4895
181.128.216.115 - - [20/Dec/2015:23:47:05 -0500] "GET /galeria/galeria/jquery.fancybox.js?v=2.1.5 HTTP/1.1" 200 48706
181.128.216.115 - - [20/Dec/2015:23:47:05 -0500] "GET /BLA/boletinlegal/js/jquery.scrollShow.js HTTP/1.1" 200 4586
181.128.216.115 - - [20/Dec/2015:23:47:06 -0500] "GET /galeria/carrusel/Carrusel/jquery.thumbnailScroller.css HTTP/1.1" 200 2066
181.128.216.115 - - [20/Dec/2015:23:47:06 -0500] "GET /galeria/carrusel/Carrusel/jquery-ui-1.8.13.custom.min.js HTTP/1.1" 200 10800
181.128.216.115 - - [20/Dec/2015:23:47:06 -0500] "GET /galeria/carrusel/Carrusel/jquery.thumbnailScroller.js HTTP/1.1" 200 8157
181.128.216.115 - - [20/Dec/2015:23:47:23 -0500] "GET /galeria/nivo-slider/demo/demo.html HTTP/1.1" 200 4456
66.249.64.101 - - [20/Dec/2015:23:47:44 -0500] "GET /BLA/resoluciones/RESOLUCIONES%202010/0952.pdf HTTP/1.1" 200 461769
190.25.157.12 - - [20/Dec/2015:23:47:57 -0500] "POST /forms/lservlet;jsessionid=ac16012b30d7fcfb694b74754b67ba13d8349b7969d1.e3iSbxaKaheRe38KbN0Rb34Mc3j0n6jAmljGr5XDqQLvpAe HTTP/1.1" 200 2
201.244.228.206 - - [20/Dec/2015:23:48:24 -0500] "GET /videos/ArchivoSDA.flv HTTP/1.1" 200 31205279
66.249.64.96 - - [20/Dec/2015:23:48:30 -0500] "GET /BLA/resoluciones/AUTOS%202014/7142.pdf HTTP/1.1" 200 745820
201.244.228.206 - - [20/Dec/2015:23:49:13 -0500] "GET /galeria/galeria/jquery.fancybox.css?v=2.1.5 HTTP/1.1" 200 4895
201.244.228.206 - - [20/Dec/2015:23:49:13 -0500] "GET /galeria/galeria/jquery.fancybox.js?v=2.1.5 HTTP/1.1" 200 48706
201.244.228.206 - - [20/Dec/2015:23:49:13 -0500] "GET /BLA/boletinlegal/js/jquery.scrollShow.js HTTP/1.1" 200 4586
66.249.64.96 - - [20/Dec/2015:23:49:15 -0500] "GET /BLA/resoluciones/AUTOS%202014/3638.pdf HTTP/1.1" 200 2539098
201.244.228.206 - - [20/Dec/2015:23:49:20 -0500] "GET /galeria/galeria/jquery.fancybox.js?v=2.1.5 HTTP/1.1" 304 -
201.244.228.206 - - [20/Dec/2015:23:49:20 -0500] "GET /BLA/boletinlegal/js/jquery.scrollShow.js HTTP/1.1" 304 -
201.244.228.206 - - [20/Dec/2015:23:49:20 -0500] "GET /galeria/galeria/jquery.fancybox.css?v=2.1.5 HTTP/1.1" 304 -
181.128.216.115 - - [20/Dec/2015:23:49:46 -0500] "GET /galeria/nivo-slider/nivo-slider.css HTTP/1.1" 200 1507
181.128.216.115 - - [20/Dec/2015:23:49:46 -0500] "GET /galeria/nivo-slider/themes/orman/orman.css HTTP/1.1" 200 2152
181.128.216.115 - - [20/Dec/2015:23:49:47 -0500] "GET /galeria/nivo-slider/themes/pascal/pascal.css HTTP/1.1" 200 2258
181.128.216.115 - - [20/Dec/2015:23:49:47 -0500] "GET /galeria/nivo-slider/themes/default/default.css HTTP/1.1" 200 1569
181.128.216.115 - - [20/Dec/2015:23:49:47 -0500] "GET /galeria/nivo-slider/demo/images/ambientales.jpg HTTP/1.1" 200 397233
181.128.216.115 - - [20/Dec/2015:23:49:47 -0500] "GET /galeria/nivo-slider/demo/style.css HTTP/1.1" 200 2222
181.128.216.115 - - [20/Dec/2015:23:49:48 -0500] "GET /galeria/nivo-slider/demo/scripts/jquery-1.7.1.min.js HTTP/1.1" 200 93868
181.128.216.115 - - [20/Dec/2015:23:49:48 -0500] "GET /galeria/nivo-slider/jquery.nivo.slider.pack.js HTTP/1.1" 200 11561
181.128.216.115 - - [20/Dec/2015:23:49:51 -0500] "GET /galeria/nivo-slider/demo/images/Programacion-navidena.jpg HTTP/1.1" 200 316038
181.128.216.115 - - [20/Dec/2015:23:49:52 -0500] "GET /galeria/nivo-slider/demo/images/ABC-Plan-de-contigencia.jpg HTTP/1.1" 200 401853
181.128.216.115 - - [20/Dec/2015:23:49:53 -0500] "GET /galeria/nivo-slider/demo/images/4Simple_Slider.png HTTP/1.1" 200 11722
181.128.216.115 - - [20/Dec/2015:23:49:53 -0500] "GET /galeria/nivo-slider/demo/images/banner-llantas2015.jpg HTTP/1.1" 200 185615
181.128.216.115 - - [20/Dec/2015:23:49:53 -0500] "GET /galeria/nivo-slider/themes/default/loading.gif HTTP/1.1" 200 1737
181.128.216.115 - - [20/Dec/2015:23:49:53 -0500] "GET /galeria/nivo-slider/demo/images/caminata-ecologica.jpg HTTP/1.1" 200 161069
181.128.216.115 - - [20/Dec/2015:23:49:54 -0500] "GET /galeria/nivo-slider/demo/images/Cmapana-onestidad.jpg HTTP/1.1" 200 141638
181.128.216.115 - - [20/Dec/2015:23:49:54 -0500] "GET /galeria/nivo-slider/demo/images/2Banner-encuestaSDA.jpg HTTP/1.1" 200 208228
181.128.216.115 - - [20/Dec/2015:23:49:54 -0500] "GET /galeria/nivo-slider/demo/images/Banner-ahorro-de-agua.jpg HTTP/1.1" 200 149141
181.128.216.115 - - [20/Dec/2015:23:49:55 -0500] "GET /galeria/nivo-slider/demo/images/PREDAcamp.jpg HTTP/1.1" 200 295358
181.128.216.115 - - [20/Dec/2015:23:49:55 -0500] "GET /galeria/nivo-slider/demo/images/banner-llantas2.jpg HTTP/1.1" 200 204644
181.128.216.115 - - [20/Dec/2015:23:49:55 -0500] "GET /galeria/nivo-slider/demo/images/9Signos.jpg HTTP/1.1" 200 81776
181.128.216.115 - - [20/Dec/2015:23:49:56 -0500] "GET /galeria/nivo-slider/demo/images/Ruta-vertimientos-01.jpg HTTP/1.1" 200 130151
181.128.216.115 - - [20/Dec/2015:23:49:56 -0500] "GET /galeria/nivo-slider/demo/images/bolsas-06.jpg HTTP/1.1" 200 90982
181.128.216.115 - - [20/Dec/2015:23:49:57 -0500] "GET /galeria/nivo-slider/demo/images/Conoce-los-humedales.jpg HTTP/1.1" 200 294036
181.128.216.115 - - [20/Dec/2015:23:49:57 -0500] "GET /galeria/nivo-slider/demo/images/ecolecta-Dic2014.png HTTP/1.1" 200 288593
190.25.157.12 - - [20/Dec/2015:23:49:57 -0500] "POST /forms/lservlet;jsessionid=ac16012b30d7fcfb694b74754b67ba13d8349b7969d1.e3iSbxaKaheRe38KbN0Rb34Mc3j0n6jAmljGr5XDqQLvpAe HTTP/1.1" 200 2
181.128.216.115 - - [20/Dec/2015:23:49:59 -0500] "GET /galeria/nivo-slider/themes/default/arrows.png HTTP/1.1" 200 824
181.128.216.115 - - [20/Dec/2015:23:49:59 -0500] "GET /galeria/nivo-slider/themes/default/bullets.png HTTP/1.1" 200 1281
66.249.64.96 - - [20/Dec/2015:23:50:01 -0500] "GET /BLA/resoluciones/RESOLUCIONES%202010/4773.pdf HTTP/1.1" 304 -
69.162.124.233 - - [20/Dec/2015:23:50:29 -0500] "HEAD / HTTP/1.1" 200 -
66.249.64.101 - - [20/Dec/2015:23:50:31 -0500] "GET /BLA/resoluciones/RESOLUCIONES%202014/2310.pdf HTTP/1.1" 200 823578
201.244.228.206 - - [20/Dec/2015:23:50:44 -0500] "GET /videos/galeria-cronicas/playlist.htm? HTTP/1.1" 200 8986
201.244.228.206 - - [20/Dec/2015:23:50:44 -0500] "GET /videos/galeria-cronicas/skin/blue.monday/jplayer.blue.monday.css HTTP/1.1" 200 12518
201.244.228.206 - - [20/Dec/2015:23:50:44 -0500] "GET /videos/galeria-cronicas/js/jquery.jplayer.min.js HTTP/1.1" 200 43668
201.244.228.206 - - [20/Dec/2015:23:50:44 -0500] "GET /videos/galeria-cronicas/js/jplayer.playlist.min.js HTTP/1.1" 200 8608
201.244.228.206 - - [20/Dec/2015:23:50:44 -0500] "GET /videos/galeria-cronicas/skin/blue.monday/jplayer.blue.monday.video.play.png HTTP/1.1" 200 14424
201.244.228.206 - - [20/Dec/2015:23:50:44 -0500] "GET /videos/galeria-cronicas/skin/blue.monday/jplayer.blue.monday.jpg HTTP/1.1" 200 23189
201.244.228.206 - - [20/Dec/2015:23:50:45 -0500] "GET /videos/galeria-cronicas/cronicas/NuestraGente20.mp4video.mp4 HTTP/1.1" 206 12986828
201.244.228.206 - - [20/Dec/2015:23:50:46 -0500] "GET /videos/galeria-cronicas/cronicas/NuestraGente20.mp4video.mp4 HTTP/1.1" 206 25234
201.244.228.206 - - [20/Dec/2015:23:50:46 -0500] "GET /videos/galeria-cronicas/cronicas/NuestraGente20.mp4video.mp4 HTTP/1.1" 206 12847744
66.249.64.96 - - [20/Dec/2015:23:50:47 -0500] "GET /BLA/resoluciones/RESOLUCIONES%202010/0375.pdf HTTP/1.1" 200 117734
201.244.228.206 - - [20/Dec/2015:23:51:08 -0500] "GET /videos/galeria-cronicas/cronicas/NuestraGente20.mp4video.mp4 HTTP/1.1" 206 12712521
201.244.228.206 - - [20/Dec/2015:23:51:21 -0500] "GET /videos/galeria-cronicas/skin/blue.monday/jplayer.blue.monday.seeking.gif HTTP/1.1" 200 3284
201.244.228.206 - - [20/Dec/2015:23:51:21 -0500] "GET /videos/galeria-cronicas/cronicas/NuestraGente15.mp4video.mp4 HTTP/1.1" 206 47274558
201.244.228.206 - - [20/Dec/2015:23:51:24 -0500] "GET /videos/galeria-cronicas/cronicas/NuestraGente15.mp4video.mp4 HTTP/1.1" 206 198750
201.244.228.206 - - [20/Dec/2015:23:51:24 -0500] "GET /videos/galeria-cronicas/cronicas/NuestraGente15.mp4video.mp4 HTTP/1.1" 206 47041377
201.244.228.206 - - [20/Dec/2015:23:51:25 -0500] "GET /videos/galeria-cronicas/cronicas/NuestraGente14.mp4video.mp4 HTTP/1.1" 206 33030084
201.244.228.206 - - [20/Dec/2015:23:51:28 -0500] "GET /videos/galeria-cronicas/cronicas/NuestraGente_11.mp4video.mp4 HTTP/1.1" 206 30872635
201.244.228.206 - - [20/Dec/2015:23:51:26 -0500] "GET /videos/galeria-cronicas/cronicas/NuestraGente13.mp4video.mp4 HTTP/1.1" 206 42989454
201.244.228.206 - - [20/Dec/2015:23:51:32 -0500] "GET /videos/galeria-cronicas/cronicas/NuestraGente_11.mp4video.mp4 HTTP/1.1" 206 130486
201.244.228.206 - - [20/Dec/2015:23:51:27 -0500] "GET /videos/galeria-cronicas/cronicas/NuestraGente12.mp4video.mp4 HTTP/1.1" 206 50571403
66.249.64.101 - - [20/Dec/2015:23:51:33 -0500] "GET /BLA/resoluciones/AUTOS%202013/4001.pdf HTTP/1.1" 200 192662
190.25.157.12 - - [20/Dec/2015:23:51:57 -0500] "POST /forms/lservlet;jsessionid=ac16012b30d7fcfb694b74754b67ba13d8349b7969d1.e3iSbxaKaheRe38KbN0Rb34Mc3j0n6jAmljGr5XDqQLvpAe HTTP/1.1" 200 2
66.249.64.96 - - [20/Dec/2015:23:52:19 -0500] "GET /BLA/resoluciones/RESOLUCIONES%202009/4754.pdf HTTP/1.1" 200 603665
181.128.216.115 - - [20/Dec/2015:23:52:52 -0500] "GET /videos/ArchivoSDA.flv HTTP/1.1" 200 31205279
66.249.64.96 - - [20/Dec/2015:23:53:05 -0500] "GET /BLA/resoluciones/RESOLUCIONES%202007/RES%202007%204301%20AL%204352/RESOLUCION%204335%20DE%202007.pdf HTTP/1.1" 200 873496
66.249.64.243 - - [20/Dec/2015:23:53:34 -0500] "GET /dama/libreria/pdf/pigas/PIGA_JB/ANEXO17.pdf HTTP/1.1" 404 1019
190.25.157.12 - - [20/Dec/2015:23:53:57 -0500] "POST /forms/lservlet;jsessionid=ac16012b30d7fcfb694b74754b67ba13d8349b7969d1.e3iSbxaKaheRe38KbN0Rb34Mc3j0n6jAmljGr5XDqQLvpAe HTTP/1.1" 200 2
66.249.64.96 - - [20/Dec/2015:23:53:51 -0500] "GET /transparencia/directorioservidores/MANUAL%20DE%20FUNCIONES%2002666%20DEL%204-DIC-2015.pdf HTTP/1.1" 200 52098444
186.113.10.143 - - [20/Dec/2015:23:54:01 -0500] "GET /galeria/nivo-slider/demo/images/caminata-ecologica.jpg HTTP/1.1" 304 -
186.28.7.226 - - [20/Dec/2015:23:54:17 -0500] "GET /ecodirectorio/files/res/downloads/download_0085.pdf HTTP/1.1" 200 212177
186.28.7.226 - - [20/Dec/2015:23:54:17 -0500] "GET /favicon.ico HTTP/1.1" 200 7782
66.249.64.243 - - [20/Dec/2015:23:54:56 -0500] "GET /BLA/boletinlegal/Directivas/2011/Directiva%20No.%202%20del%2017%20de%20Mayo%20de%202011.pdf HTTP/1.1" 200 495382
66.249.64.96 - - [20/Dec/2015:23:55:06 -0500] "GET /BLA/resoluciones/RESOLUCIONES%202010/5538.pdf HTTP/1.1" 200 358195
66.249.64.96 - - [20/Dec/2015:23:55:22 -0500] "GET /BLA/resoluciones/RESOLUCIONES%202008/1756.pdf HTTP/1.1" 200 54971
69.162.124.233 - - [20/Dec/2015:23:55:29 -0500] "HEAD / HTTP/1.1" 200 -
66.249.64.101 - - [20/Dec/2015:23:55:39 -0500] "GET /BLA/resoluciones/AUTOS%202014/0428.pdf HTTP/1.1" 200 432657
190.25.157.12 - - [20/Dec/2015:23:55:57 -0500] "POST /forms/lservlet;jsessionid=ac16012b30d7fcfb694b74754b67ba13d8349b7969d1.e3iSbxaKaheRe38KbN0Rb34Mc3j0n6jAmljGr5XDqQLvpAe HTTP/1.1" 200 2
66.249.64.96 - - [20/Dec/2015:23:56:08 -0500] "GET /BLA/resoluciones/RESOLUCIONES%202007/RES%202007%203201%20AL%203300/RESOLUCION%203215%20DE%202007.pdf HTTP/1.1" 200 505089
190.157.145.246 - - [20/Dec/2015:23:57:04 -0500] "GET /galeria/galeria/jquery.fancybox.css?v=2.1.5 HTTP/1.1" 200 4895
190.157.145.246 - - [20/Dec/2015:23:57:04 -0500] "GET /BLA/boletinlegal/js/jquery.scrollShow.js HTTP/1.1" 200 4586
190.157.145.246 - - [20/Dec/2015:23:57:04 -0500] "GET /galeria/galeria/jquery.fancybox.js?v=2.1.5 HTTP/1.1" 200 48706
190.157.145.246 - - [20/Dec/2015:23:57:09 -0500] "GET /BLA/boletinlegal/js/jquery.scrollShow.js HTTP/1.1" 304 -
190.157.145.246 - - [20/Dec/2015:23:57:09 -0500] "GET /galeria/galeria/jquery.fancybox.js?v=2.1.5 HTTP/1.1" 304 -
190.157.145.246 - - [20/Dec/2015:23:57:09 -0500] "GET /galeria/galeria/jquery.fancybox.css?v=2.1.5 HTTP/1.1" 304 -
190.25.157.12 - - [20/Dec/2015:23:57:57 -0500] "POST /forms/lservlet;jsessionid=ac16012b30d7fcfb694b74754b67ba13d8349b7969d1.e3iSbxaKaheRe38KbN0Rb34Mc3j0n6jAmljGr5XDqQLvpAe HTTP/1.1" 200 2
66.249.64.101 - - [20/Dec/2015:23:58:26 -0500] "GET /BLA/resoluciones/RESOLUCIONES%202008/4133.pdf HTTP/1.1" 200 374204
66.249.64.96 - - [20/Dec/2015:23:59:12 -0500] "GET /BLA/resoluciones/RESOLUCIONES%202011/0324.pdf HTTP/1.1" 200 299003
190.25.157.12 - - [20/Dec/2015:23:59:57 -0500] "POST /forms/lservlet;jsessionid=ac16012b30d7fcfb694b74754b67ba13d8349b7969d1.e3iSbxaKaheRe38KbN0Rb34Mc3j0n6jAmljGr5XDqQLvpAe HTTP/1.1" 200 2
66.249.64.96 - - [20/Dec/2015:23:59:58 -0500] "GET /BLA/resoluciones/RESOLUCIONES%202009/6965.pdf HTTP/1.1" 200 536931

:: Command execute ::

Enter:
 
Select:
 

:: Search ::
regexp 

:: Upload ::
 
[ ok ]

:: Make Dir ::
 
[ ok ]
:: Make File ::
 
[ ok ]

:: Go Dir ::
 
:: Go File ::
 

--[ c99shell v. 1.0 pre-release build #13 powered by Captain Crunch Security Team | http://ccteam.ru | Generation time: 1.1856 ]--