181.49.73.100 - - [20/Dec/2015:19:11:02 -0500] "POST /forms/lservlet;jsessionid=ac16012b30d7d38f577c4b444f6484d3f9d0f79a7914.e3iSbxaKaheRe38KbN0Rb34Mc3j0n6jAmljGr5XDqQLvpAe HTTP/1.1" 200 8
181.49.73.100 - - [20/Dec/2015:19:11:02 -0500] "POST /forms/lservlet;jsessionid=ac16012b30d7d38f577c4b444f6484d3f9d0f79a7914.e3iSbxaKaheRe38KbN0Rb34Mc3j0n6jAmljGr5XDqQLvpAe HTTP/1.1" 200 2
186.28.63.82 - - [20/Dec/2015:19:11:03 -0500] "GET /galeria/nivo-slider/demo/demo.html HTTP/1.1" 304 -
186.28.63.82 - - [20/Dec/2015:19:11:11 -0500] "GET /galeria/nivo-slider/demo/images/ambientales.jpg HTTP/1.1" 304 -
190.157.188.55 - - [20/Dec/2015:19:11:16 -0500] "GET /ecodirectorio/files/res/pages/page_0141.swf HTTP/1.1" 200 210893
190.157.188.55 - - [20/Dec/2015:19:11:16 -0500] "GET /ecodirectorio/files/res/pages/page_0142.swf HTTP/1.1" 200 187488
181.49.73.100 - - [20/Dec/2015:19:11:19 -0500] "POST /forms/lservlet;jsessionid=ac16012b30d7d38f577c4b444f6484d3f9d0f79a7914.e3iSbxaKaheRe38KbN0Rb34Mc3j0n6jAmljGr5XDqQLvpAe HTTP/1.1" 200 2
190.25.157.12 - - [20/Dec/2015:19:11:53 -0500] "POST /forms/lservlet;jsessionid=ac16012b30d7fcfb694b74754b67ba13d8349b7969d1.e3iSbxaKaheRe38KbN0Rb34Mc3j0n6jAmljGr5XDqQLvpAe HTTP/1.1" 200 2
66.249.64.106 - - [20/Dec/2015:19:12:22 -0500] "GET /BLA/resoluciones/RESOLUCIONES%202010/7524.pdf HTTP/1.1" 200 219340
190.157.188.55 - - [20/Dec/2015:19:12:24 -0500] "GET /ecodirectorio/files/res/pages/page_0143.swf HTTP/1.1" 200 203549
190.157.188.55 - - [20/Dec/2015:19:12:24 -0500] "GET /ecodirectorio/files/res/pages/page_0144.swf HTTP/1.1" 200 184529
181.129.88.210 - - [20/Dec/2015:19:12:55 -0500] "POST /forms/lservlet;jsessionid=ac16012b30d7e768522c79bb4cb18bbaed9c8c3a90f5.e3iSbxaKaheRe38KbN0Rb34Mc3j0n6jAmljGr5XDqQLvpAe HTTP/1.1" 200 2
190.157.188.55 - - [20/Dec/2015:19:13:00 -0500] "GET /ecodirectorio/files/res/pages/page_0146.swf HTTP/1.1" 200 246716
190.157.188.55 - - [20/Dec/2015:19:13:00 -0500] "GET /ecodirectorio/files/res/pages/page_0145.swf HTTP/1.1" 200 409542
181.49.73.100 - - [20/Dec/2015:19:13:19 -0500] "POST /forms/lservlet;jsessionid=ac16012b30d7d38f577c4b444f6484d3f9d0f79a7914.e3iSbxaKaheRe38KbN0Rb34Mc3j0n6jAmljGr5XDqQLvpAe HTTP/1.1" 200 2
66.249.64.101 - - [20/Dec/2015:19:13:35 -0500] "GET /BLA/resoluciones/RESOLUCIONES%202010/4559.pdf HTTP/1.1" 200 419956
66.249.64.96 - - [20/Dec/2015:19:13:39 -0500] "GET /BLA/resoluciones/AUTOS%202012/2306.pdf HTTP/1.1" 200 352191
66.249.64.96 - - [20/Dec/2015:19:13:45 -0500] "GET /BLA/resoluciones/RESOLUCIONES%202009/6017.pdf HTTP/1.1" 200 478860
66.249.64.96 - - [20/Dec/2015:19:13:47 -0500] "GET /m/BLA/resoluciones/RESOLUCIONES%202007/RES%202007%204001%20AL%204100/RESOLUCION%204046%20DE%202007.pdf HTTP/1.1" 404 1018
190.25.157.12 - - [20/Dec/2015:19:13:53 -0500] "POST /forms/lservlet;jsessionid=ac16012b30d7fcfb694b74754b67ba13d8349b7969d1.e3iSbxaKaheRe38KbN0Rb34Mc3j0n6jAmljGr5XDqQLvpAe HTTP/1.1" 200 2
190.157.188.55 - - [20/Dec/2015:19:14:21 -0500] "GET /ecodirectorio/files/res/pages/page_0147.swf HTTP/1.1" 200 267618
190.157.188.55 - - [20/Dec/2015:19:14:21 -0500] "GET /ecodirectorio/files/res/pages/page_0148.swf HTTP/1.1" 200 267145
180.76.15.5 - - [20/Dec/2015:19:14:53 -0500] "GET / HTTP/1.1" 200 10190
181.129.88.210 - - [20/Dec/2015:19:14:55 -0500] "POST /forms/lservlet;jsessionid=ac16012b30d7e768522c79bb4cb18bbaed9c8c3a90f5.e3iSbxaKaheRe38KbN0Rb34Mc3j0n6jAmljGr5XDqQLvpAe HTTP/1.1" 200 2
201.234.75.11 - - [20/Dec/2015:19:14:56 -0500] "GET /galeria/nivo-slider/demo/images/Biotaxis-Man.jpg HTTP/1.1" 304 -
190.243.130.33 - - [20/Dec/2015:19:15:00 -0500] "GET /galeria/galeria/jquery.fancybox.css?v=2.1.5 HTTP/1.1" 200 4895
190.243.130.33 - - [20/Dec/2015:19:15:00 -0500] "GET /galeria/galeria/jquery.fancybox.js?v=2.1.5 HTTP/1.1" 200 48706
190.243.130.33 - - [20/Dec/2015:19:15:00 -0500] "GET /BLA/boletinlegal/js/jquery.scrollShow.js HTTP/1.1" 200 4586
180.76.15.15 - - [20/Dec/2015:19:15:04 -0500] "GET / HTTP/1.1" 200 10190
66.249.64.106 - - [20/Dec/2015:19:15:10 -0500] "GET /BLA/resoluciones/RESOLUCIONES%202014/0249.pdf HTTP/1.1" 200 881687
190.243.130.33 - - [20/Dec/2015:19:15:11 -0500] "GET /BLA/boletinlegal/js/jquery.scrollShow.js HTTP/1.1" 304 -
190.243.130.33 - - [20/Dec/2015:19:15:11 -0500] "GET /galeria/galeria/jquery.fancybox.js?v=2.1.5 HTTP/1.1" 304 -
190.243.130.33 - - [20/Dec/2015:19:15:11 -0500] "GET /galeria/galeria/jquery.fancybox.css?v=2.1.5 HTTP/1.1" 304 -
181.49.73.100 - - [20/Dec/2015:19:15:20 -0500] "POST /forms/lservlet;jsessionid=ac16012b30d7d38f577c4b444f6484d3f9d0f79a7914.e3iSbxaKaheRe38KbN0Rb34Mc3j0n6jAmljGr5XDqQLvpAe HTTP/1.1" 200 2
69.162.124.233 - - [20/Dec/2015:19:15:30 -0500] "HEAD / HTTP/1.1" 200 -
190.157.188.55 - - [20/Dec/2015:19:15:32 -0500] "GET /ecodirectorio/files/res/pages/page_0149.swf HTTP/1.1" 200 268455
190.157.188.55 - - [20/Dec/2015:19:15:32 -0500] "GET /ecodirectorio/files/res/pages/page_0150.swf HTTP/1.1" 200 291626
186.28.114.105 - - [20/Dec/2015:19:15:42 -0500] "GET /BLA/boletinlegal/js/jquery.scrollShow.js HTTP/1.1" 304 -
186.28.114.105 - - [20/Dec/2015:19:15:42 -0500] "GET /galeria/galeria/jquery.fancybox.css?v=2.1.5 HTTP/1.1" 304 -
186.28.114.105 - - [20/Dec/2015:19:15:42 -0500] "GET /galeria/galeria/jquery.fancybox.js?v=2.1.5 HTTP/1.1" 304 -
190.25.157.12 - - [20/Dec/2015:19:15:53 -0500] "POST /forms/lservlet;jsessionid=ac16012b30d7fcfb694b74754b67ba13d8349b7969d1.e3iSbxaKaheRe38KbN0Rb34Mc3j0n6jAmljGr5XDqQLvpAe HTTP/1.1" 200 2
66.249.64.106 - - [20/Dec/2015:19:16:34 -0500] "GET /BLA/resoluciones/RESOLUCIONES%202007/RES%202007%203501%20AL%203600/RESOLUCION%203522%20%20DE%202007.pdf HTTP/1.1" 200 220128
190.157.188.55 - - [20/Dec/2015:19:16:40 -0500] "GET /ecodirectorio/files/res/pages/page_0151.swf HTTP/1.1" 200 259678
190.157.188.55 - - [20/Dec/2015:19:16:40 -0500] "GET /ecodirectorio/files/res/pages/page_0152.swf HTTP/1.1" 200 373351
181.129.88.210 - - [20/Dec/2015:19:16:55 -0500] "POST /forms/lservlet;jsessionid=ac16012b30d7e768522c79bb4cb18bbaed9c8c3a90f5.e3iSbxaKaheRe38KbN0Rb34Mc3j0n6jAmljGr5XDqQLvpAe HTTP/1.1" 200 2
181.49.73.100 - - [20/Dec/2015:19:17:21 -0500] "POST /forms/lservlet;jsessionid=ac16012b30d7d38f577c4b444f6484d3f9d0f79a7914.e3iSbxaKaheRe38KbN0Rb34Mc3j0n6jAmljGr5XDqQLvpAe HTTP/1.1" 200 2
207.46.13.179 - - [20/Dec/2015:19:17:44 -0500] "GET /robots.txt HTTP/1.1" 404 1018
190.25.157.12 - - [20/Dec/2015:19:17:53 -0500] "POST /forms/lservlet;jsessionid=ac16012b30d7fcfb694b74754b67ba13d8349b7969d1.e3iSbxaKaheRe38KbN0Rb34Mc3j0n6jAmljGr5XDqQLvpAe HTTP/1.1" 200 2
66.249.64.96 - - [20/Dec/2015:19:17:58 -0500] "GET /BLA/resoluciones/RESOLUCIONES%202011/5021.pdf HTTP/1.1" 200 247201
190.157.188.55 - - [20/Dec/2015:19:18:00 -0500] "GET /ecodirectorio/files/res/pages/page_0153.swf HTTP/1.1" 200 375405
190.157.188.55 - - [20/Dec/2015:19:18:00 -0500] "GET /ecodirectorio/files/res/pages/page_0154.swf HTTP/1.1" 200 283083
190.157.188.55 - - [20/Dec/2015:19:18:20 -0500] "GET /ecodirectorio/files/res/pages/page_0155.swf HTTP/1.1" 200 272801
190.157.188.55 - - [20/Dec/2015:19:18:20 -0500] "GET /ecodirectorio/files/res/pages/page_0156.swf HTTP/1.1" 200 305874
181.49.73.100 - - [20/Dec/2015:19:18:34 -0500] "POST /forms/lservlet;jsessionid=ac16012b30d7d38f577c4b444f6484d3f9d0f79a7914.e3iSbxaKaheRe38KbN0Rb34Mc3j0n6jAmljGr5XDqQLvpAe HTTP/1.1" 200 191
181.49.73.100 - - [20/Dec/2015:19:18:35 -0500] "GET /imagenes/listval.gif HTTP/1.1" 200 905
181.49.73.100 - - [20/Dec/2015:19:18:35 -0500] "POST /forms/lservlet;jsessionid=ac16012b30d7d38f577c4b444f6484d3f9d0f79a7914.e3iSbxaKaheRe38KbN0Rb34Mc3j0n6jAmljGr5XDqQLvpAe HTTP/1.1" 200 7
181.49.73.100 - - [20/Dec/2015:19:18:36 -0500] "POST /forms/lservlet;jsessionid=ac16012b30d7d38f577c4b444f6484d3f9d0f79a7914.e3iSbxaKaheRe38KbN0Rb34Mc3j0n6jAmljGr5XDqQLvpAe HTTP/1.1" 200 111
181.49.73.100 - - [20/Dec/2015:19:18:36 -0500] "POST /forms/lservlet;jsessionid=ac16012b30d7d38f577c4b444f6484d3f9d0f79a7914.e3iSbxaKaheRe38KbN0Rb34Mc3j0n6jAmljGr5XDqQLvpAe HTTP/1.1" 200 2
181.49.73.100 - - [20/Dec/2015:19:18:37 -0500] "GET /imagenes/listval.gif HTTP/1.1" 200 905
181.129.88.210 - - [20/Dec/2015:19:18:55 -0500] "POST /forms/lservlet;jsessionid=ac16012b30d7e768522c79bb4cb18bbaed9c8c3a90f5.e3iSbxaKaheRe38KbN0Rb34Mc3j0n6jAmljGr5XDqQLvpAe HTTP/1.1" 200 2
190.157.188.55 - - [20/Dec/2015:19:19:02 -0500] "GET /ecodirectorio/files/res/pages/page_0157.swf HTTP/1.1" 200 322211
190.157.188.55 - - [20/Dec/2015:19:19:02 -0500] "GET /ecodirectorio/files/res/pages/page_0158.swf HTTP/1.1" 200 318727
181.49.73.100 - - [20/Dec/2015:19:19:06 -0500] "POST /forms/lservlet;jsessionid=ac16012b30d7d38f577c4b444f6484d3f9d0f79a7914.e3iSbxaKaheRe38KbN0Rb34Mc3j0n6jAmljGr5XDqQLvpAe HTTP/1.1" 200 252
181.49.73.100 - - [20/Dec/2015:19:19:07 -0500] "POST /forms/lservlet;jsessionid=ac16012b30d7d38f577c4b444f6484d3f9d0f79a7914.e3iSbxaKaheRe38KbN0Rb34Mc3j0n6jAmljGr5XDqQLvpAe HTTP/1.1" 200 14
181.49.73.100 - - [20/Dec/2015:19:19:07 -0500] "POST /forms/lservlet;jsessionid=ac16012b30d7d38f577c4b444f6484d3f9d0f79a7914.e3iSbxaKaheRe38KbN0Rb34Mc3j0n6jAmljGr5XDqQLvpAe HTTP/1.1" 200 7
181.49.73.100 - - [20/Dec/2015:19:19:07 -0500] "POST /forms/lservlet;jsessionid=ac16012b30d7d38f577c4b444f6484d3f9d0f79a7914.e3iSbxaKaheRe38KbN0Rb34Mc3j0n6jAmljGr5XDqQLvpAe HTTP/1.1" 200 141
181.49.73.100 - - [20/Dec/2015:19:19:08 -0500] "POST /forms/lservlet;jsessionid=ac16012b30d7d38f577c4b444f6484d3f9d0f79a7914.e3iSbxaKaheRe38KbN0Rb34Mc3j0n6jAmljGr5XDqQLvpAe HTTP/1.1" 200 2
181.49.73.100 - - [20/Dec/2015:19:19:09 -0500] "POST /forms/lservlet;jsessionid=ac16012b30d7d38f577c4b444f6484d3f9d0f79a7914.e3iSbxaKaheRe38KbN0Rb34Mc3j0n6jAmljGr5XDqQLvpAe HTTP/1.1" 200 102
181.49.73.100 - - [20/Dec/2015:19:19:09 -0500] "POST /forms/lservlet;jsessionid=ac16012b30d7d38f577c4b444f6484d3f9d0f79a7914.e3iSbxaKaheRe38KbN0Rb34Mc3j0n6jAmljGr5XDqQLvpAe HTTP/1.1" 200 2
181.49.73.100 - - [20/Dec/2015:19:19:10 -0500] "POST /forms/lservlet;jsessionid=ac16012b30d7d38f577c4b444f6484d3f9d0f79a7914.e3iSbxaKaheRe38KbN0Rb34Mc3j0n6jAmljGr5XDqQLvpAe HTTP/1.1" 200 2
181.49.73.100 - - [20/Dec/2015:19:19:10 -0500] "POST /forms/lservlet;jsessionid=ac16012b30d7d38f577c4b444f6484d3f9d0f79a7914.e3iSbxaKaheRe38KbN0Rb34Mc3j0n6jAmljGr5XDqQLvpAe HTTP/1.1" 200 238
181.49.73.100 - - [20/Dec/2015:19:19:12 -0500] "POST /forms/lservlet;jsessionid=ac16012b30d7d38f577c4b444f6484d3f9d0f79a7914.e3iSbxaKaheRe38KbN0Rb34Mc3j0n6jAmljGr5XDqQLvpAe HTTP/1.1" 200 102
181.49.73.100 - - [20/Dec/2015:19:19:13 -0500] "POST /forms/lservlet;jsessionid=ac16012b30d7d38f577c4b444f6484d3f9d0f79a7914.e3iSbxaKaheRe38KbN0Rb34Mc3j0n6jAmljGr5XDqQLvpAe HTTP/1.1" 200 2476
66.249.64.106 - - [20/Dec/2015:19:19:14 -0500] "GET /BLA/resoluciones/RESOLUCIONES%202013/1358.pdf HTTP/1.1" 304 -
190.157.188.55 - - [20/Dec/2015:19:19:20 -0500] "GET /ecodirectorio/files/res/pages/page_0160.swf HTTP/1.1" 200 315903
190.157.188.55 - - [20/Dec/2015:19:19:20 -0500] "GET /ecodirectorio/files/res/pages/page_0159.swf HTTP/1.1" 200 339244
181.49.73.100 - - [20/Dec/2015:19:19:21 -0500] "POST /forms/lservlet;jsessionid=ac16012b30d7d38f577c4b444f6484d3f9d0f79a7914.e3iSbxaKaheRe38KbN0Rb34Mc3j0n6jAmljGr5XDqQLvpAe HTTP/1.1" 200 21
66.249.64.96 - - [20/Dec/2015:19:19:22 -0500] "GET /BLA/resoluciones/AUTOS%202013/0748.pdf HTTP/1.1" 304 -
181.49.73.100 - - [20/Dec/2015:19:19:23 -0500] "POST /forms/lservlet;jsessionid=ac16012b30d7d38f577c4b444f6484d3f9d0f79a7914.e3iSbxaKaheRe38KbN0Rb34Mc3j0n6jAmljGr5XDqQLvpAe HTTP/1.1" 200 2
181.49.73.100 - - [20/Dec/2015:19:19:23 -0500] "POST /forms/lservlet;jsessionid=ac16012b30d7d38f577c4b444f6484d3f9d0f79a7914.e3iSbxaKaheRe38KbN0Rb34Mc3j0n6jAmljGr5XDqQLvpAe HTTP/1.1" 200 7329
181.49.73.100 - - [20/Dec/2015:19:19:24 -0500] "POST /forms/lservlet;jsessionid=ac16012b30d7d38f577c4b444f6484d3f9d0f79a7914.e3iSbxaKaheRe38KbN0Rb34Mc3j0n6jAmljGr5XDqQLvpAe HTTP/1.1" 200 2
181.49.73.100 - - [20/Dec/2015:19:19:26 -0500] "POST /forms/lservlet;jsessionid=ac16012b30d7d38f577c4b444f6484d3f9d0f79a7914.e3iSbxaKaheRe38KbN0Rb34Mc3j0n6jAmljGr5XDqQLvpAe HTTP/1.1" 200 137
181.49.73.100 - - [20/Dec/2015:19:19:27 -0500] "POST /forms/lservlet;jsessionid=ac16012b30d7d38f577c4b444f6484d3f9d0f79a7914.e3iSbxaKaheRe38KbN0Rb34Mc3j0n6jAmljGr5XDqQLvpAe HTTP/1.1" 200 120
181.49.73.100 - - [20/Dec/2015:19:19:27 -0500] "POST /forms/lservlet;jsessionid=ac16012b30d7d38f577c4b444f6484d3f9d0f79a7914.e3iSbxaKaheRe38KbN0Rb34Mc3j0n6jAmljGr5XDqQLvpAe HTTP/1.1" 200 7
181.49.73.100 - - [20/Dec/2015:19:19:34 -0500] "POST /forms/lservlet;jsessionid=ac16012b30d7d38f577c4b444f6484d3f9d0f79a7914.e3iSbxaKaheRe38KbN0Rb34Mc3j0n6jAmljGr5XDqQLvpAe HTTP/1.1" 200 149
181.49.73.100 - - [20/Dec/2015:19:19:34 -0500] "POST /forms/lservlet;jsessionid=ac16012b30d7d38f577c4b444f6484d3f9d0f79a7914.e3iSbxaKaheRe38KbN0Rb34Mc3j0n6jAmljGr5XDqQLvpAe HTTP/1.1" 200 7
181.49.73.100 - - [20/Dec/2015:19:19:35 -0500] "POST /forms/lservlet;jsessionid=ac16012b30d7d38f577c4b444f6484d3f9d0f79a7914.e3iSbxaKaheRe38KbN0Rb34Mc3j0n6jAmljGr5XDqQLvpAe HTTP/1.1" 200 53
181.49.73.100 - - [20/Dec/2015:19:19:35 -0500] "POST /forms/lservlet;jsessionid=ac16012b30d7d38f577c4b444f6484d3f9d0f79a7914.e3iSbxaKaheRe38KbN0Rb34Mc3j0n6jAmljGr5XDqQLvpAe HTTP/1.1" 200 2
181.49.73.100 - - [20/Dec/2015:19:19:36 -0500] "POST /forms/lservlet;jsessionid=ac16012b30d7d38f577c4b444f6484d3f9d0f79a7914.e3iSbxaKaheRe38KbN0Rb34Mc3j0n6jAmljGr5XDqQLvpAe HTTP/1.1" 200 117
181.49.73.100 - - [20/Dec/2015:19:19:36 -0500] "POST /forms/lservlet;jsessionid=ac16012b30d7d38f577c4b444f6484d3f9d0f79a7914.e3iSbxaKaheRe38KbN0Rb34Mc3j0n6jAmljGr5XDqQLvpAe HTTP/1.1" 200 7
181.49.73.100 - - [20/Dec/2015:19:19:36 -0500] "POST /forms/lservlet;jsessionid=ac16012b30d7d38f577c4b444f6484d3f9d0f79a7914.e3iSbxaKaheRe38KbN0Rb34Mc3j0n6jAmljGr5XDqQLvpAe HTTP/1.1" 200 177
181.49.73.100 - - [20/Dec/2015:19:19:36 -0500] "GET /imagenes/listval.gif HTTP/1.1" 200 905
181.49.73.100 - - [20/Dec/2015:19:19:36 -0500] "POST /forms/lservlet;jsessionid=ac16012b30d7d38f577c4b444f6484d3f9d0f79a7914.e3iSbxaKaheRe38KbN0Rb34Mc3j0n6jAmljGr5XDqQLvpAe HTTP/1.1" 200 11
181.49.73.100 - - [20/Dec/2015:19:19:38 -0500] "POST /forms/lservlet;jsessionid=ac16012b30d7d38f577c4b444f6484d3f9d0f79a7914.e3iSbxaKaheRe38KbN0Rb34Mc3j0n6jAmljGr5XDqQLvpAe HTTP/1.1" 200 2
181.49.73.100 - - [20/Dec/2015:19:19:38 -0500] "POST /forms/lservlet;jsessionid=ac16012b30d7d38f577c4b444f6484d3f9d0f79a7914.e3iSbxaKaheRe38KbN0Rb34Mc3j0n6jAmljGr5XDqQLvpAe HTTP/1.1" 200 14
181.49.73.100 - - [20/Dec/2015:19:19:39 -0500] "POST /forms/lservlet;jsessionid=ac16012b30d7d38f577c4b444f6484d3f9d0f79a7914.e3iSbxaKaheRe38KbN0Rb34Mc3j0n6jAmljGr5XDqQLvpAe HTTP/1.1" 200 113
181.49.73.100 - - [20/Dec/2015:19:19:40 -0500] "POST /forms/lservlet;jsessionid=ac16012b30d7d38f577c4b444f6484d3f9d0f79a7914.e3iSbxaKaheRe38KbN0Rb34Mc3j0n6jAmljGr5XDqQLvpAe HTTP/1.1" 200 7
181.49.73.100 - - [20/Dec/2015:19:19:40 -0500] "GET /reports/rwservlet/getjobid367639?server=rep_srvapsda HTTP/1.1" 200 85929
190.25.157.12 - - [20/Dec/2015:19:19:53 -0500] "POST /forms/lservlet;jsessionid=ac16012b30d7fcfb694b74754b67ba13d8349b7969d1.e3iSbxaKaheRe38KbN0Rb34Mc3j0n6jAmljGr5XDqQLvpAe HTTP/1.1" 200 2
173.252.115.90 - - [20/Dec/2015:19:20:01 -0500] "GET /galeria/galeria/jquery.fancybox.js?v=2.1.5 HTTP/1.1" 206 48706
173.252.115.88 - - [20/Dec/2015:19:20:03 -0500] "GET /galeria/galeria/jquery.fancybox.js?v=2.1.5 HTTP/1.1" 206 48706
190.157.188.55 - - [20/Dec/2015:19:20:04 -0500] "GET /ecodirectorio/files/res/pages/page_0161.swf HTTP/1.1" 200 317809
190.157.188.55 - - [20/Dec/2015:19:20:04 -0500] "GET /ecodirectorio/files/res/pages/page_0162.swf HTTP/1.1" 200 319126
173.252.115.91 - - [20/Dec/2015:19:20:05 -0500] "GET /galeria/juegos/ear/ HTTP/1.1" 206 1093
69.162.124.233 - - [20/Dec/2015:19:20:30 -0500] "HEAD / HTTP/1.1" 200 -
181.55.238.130 - - [20/Dec/2015:19:20:43 -0500] "GET /BLA/boletinlegal/js/jquery.scrollShow.js HTTP/1.1" 200 4586
181.55.238.130 - - [20/Dec/2015:19:20:43 -0500] "GET /galeria/galeria/jquery.fancybox.js?v=2.1.5 HTTP/1.1" 200 48706
181.55.238.130 - - [20/Dec/2015:19:20:43 -0500] "GET /galeria/galeria/jquery.fancybox.css?v=2.1.5 HTTP/1.1" 200 4895
66.249.64.101 - - [20/Dec/2015:19:20:46 -0500] "GET /BLA/resoluciones/AUTOS%202012/0350.pdf HTTP/1.1" 200 328877
181.129.88.210 - - [20/Dec/2015:19:20:55 -0500] "POST /forms/lservlet;jsessionid=ac16012b30d7e768522c79bb4cb18bbaed9c8c3a90f5.e3iSbxaKaheRe38KbN0Rb34Mc3j0n6jAmljGr5XDqQLvpAe HTTP/1.1" 200 2
207.46.13.179 - - [20/Dec/2015:19:20:58 -0500] "GET /BLA/resoluciones/AUTOS%202011/5988.pdf HTTP/1.1" 200 764045
190.157.188.55 - - [20/Dec/2015:19:21:14 -0500] "GET /ecodirectorio/files/res/pages/page_0163.swf HTTP/1.1" 200 316820
190.157.188.55 - - [20/Dec/2015:19:21:14 -0500] "GET /ecodirectorio/files/res/pages/page_0164.swf HTTP/1.1" 200 195101
190.157.188.55 - - [20/Dec/2015:19:21:15 -0500] "GET /ecodirectorio/files/res/pages/page_0165.swf HTTP/1.1" 200 122463
190.157.188.55 - - [20/Dec/2015:19:21:15 -0500] "GET /ecodirectorio/files/res/pages/page_0166.swf HTTP/1.1" 200 193932
190.157.188.55 - - [20/Dec/2015:19:21:19 -0500] "GET /ecodirectorio/files/res/pages/page_0167.swf HTTP/1.1" 200 174681
190.157.188.55 - - [20/Dec/2015:19:21:19 -0500] "GET /ecodirectorio/files/res/pages/page_0168.swf HTTP/1.1" 200 305406
181.49.73.100 - - [20/Dec/2015:19:21:21 -0500] "POST /forms/lservlet;jsessionid=ac16012b30d7d38f577c4b444f6484d3f9d0f79a7914.e3iSbxaKaheRe38KbN0Rb34Mc3j0n6jAmljGr5XDqQLvpAe HTTP/1.1" 200 2
66.249.64.243 - - [20/Dec/2015:19:21:43 -0500] "GET /galeria/nivo-slider/demo/images/lechuza13.jpg HTTP/1.1" 200 174422
190.25.157.12 - - [20/Dec/2015:19:21:53 -0500] "POST /forms/lservlet;jsessionid=ac16012b30d7fcfb694b74754b67ba13d8349b7969d1.e3iSbxaKaheRe38KbN0Rb34Mc3j0n6jAmljGr5XDqQLvpAe HTTP/1.1" 200 2
66.249.64.101 - - [20/Dec/2015:19:22:10 -0500] "GET /BLA/resoluciones/RESOLUCIONES%202007/RES%202007%203001%20AL%203100/RESOLUCION%203029%20DE%202007.pdf HTTP/1.1" 200 868282
190.157.188.55 - - [20/Dec/2015:19:22:13 -0500] "GET /ecodirectorio/files/res/pages/page_0169.swf HTTP/1.1" 200 207408
190.157.188.55 - - [20/Dec/2015:19:22:13 -0500] "GET /ecodirectorio/files/res/pages/page_0170.swf HTTP/1.1" 200 240111
181.129.88.210 - - [20/Dec/2015:19:22:55 -0500] "POST /forms/lservlet;jsessionid=ac16012b30d7e768522c79bb4cb18bbaed9c8c3a90f5.e3iSbxaKaheRe38KbN0Rb34Mc3j0n6jAmljGr5XDqQLvpAe HTTP/1.1" 200 2
65.55.218.37 - - [20/Dec/2015:19:23:17 -0500] "GET /BLA/boletinlegal/js/jquery.scrollShow.js HTTP/1.1" 200 4586
131.253.36.206 - - [20/Dec/2015:19:23:17 -0500] "GET /galeria/galeria/jquery.fancybox.js?v=2.1.5 HTTP/1.1" 200 48706
65.55.218.37 - - [20/Dec/2015:19:23:17 -0500] "GET /galeria/galeria/jquery.fancybox.css?v=2.1.5 HTTP/1.1" 200 4895
181.49.73.100 - - [20/Dec/2015:19:23:21 -0500] "POST /forms/lservlet;jsessionid=ac16012b30d7d38f577c4b444f6484d3f9d0f79a7914.e3iSbxaKaheRe38KbN0Rb34Mc3j0n6jAmljGr5XDqQLvpAe HTTP/1.1" 200 2
66.249.64.96 - - [20/Dec/2015:19:23:34 -0500] "GET /BLA/resoluciones/RESOLUCIONES%202009/9469.pdf HTTP/1.1" 200 381560
131.253.24.135 - - [20/Dec/2015:19:23:48 -0500] "GET /BLA/boletinlegal/js/jquery.scrollShow.js HTTP/1.1" 200 4586
65.55.218.37 - - [20/Dec/2015:19:23:48 -0500] "GET /galeria/galeria/jquery.fancybox.js?v=2.1.5 HTTP/1.1" 200 48706
131.253.24.135 - - [20/Dec/2015:19:23:48 -0500] "GET /galeria/galeria/jquery.fancybox.css?v=2.1.5 HTTP/1.1" 200 4895
190.25.157.12 - - [20/Dec/2015:19:23:54 -0500] "POST /forms/lservlet;jsessionid=ac16012b30d7fcfb694b74754b67ba13d8349b7969d1.e3iSbxaKaheRe38KbN0Rb34Mc3j0n6jAmljGr5XDqQLvpAe HTTP/1.1" 200 2
190.157.188.55 - - [20/Dec/2015:19:24:19 -0500] "GET /ecodirectorio/files/res/pages/page_0171.swf HTTP/1.1" 200 234704
190.157.188.55 - - [20/Dec/2015:19:24:19 -0500] "GET /ecodirectorio/files/res/pages/page_0172.swf HTTP/1.1" 200 268647
181.129.88.210 - - [20/Dec/2015:19:24:55 -0500] "POST /forms/lservlet;jsessionid=ac16012b30d7e768522c79bb4cb18bbaed9c8c3a90f5.e3iSbxaKaheRe38KbN0Rb34Mc3j0n6jAmljGr5XDqQLvpAe HTTP/1.1" 200 2
66.249.64.101 - - [20/Dec/2015:19:24:58 -0500] "GET /BLA/resoluciones/RESOLUCIONES%202011/1557.pdf HTTP/1.1" 200 190645
69.162.124.233 - - [20/Dec/2015:19:25:30 -0500] "HEAD / HTTP/1.1" 200 -
181.49.73.100 - - [20/Dec/2015:19:25:31 -0500] "POST /forms/lservlet;jsessionid=ac16012b30d7d38f577c4b444f6484d3f9d0f79a7914.e3iSbxaKaheRe38KbN0Rb34Mc3j0n6jAmljGr5XDqQLvpAe HTTP/1.1" 200 2
190.157.188.55 - - [20/Dec/2015:19:25:49 -0500] "GET /ecodirectorio/files/res/pages/page_0173.swf HTTP/1.1" 200 225127
190.157.188.55 - - [20/Dec/2015:19:25:49 -0500] "GET /ecodirectorio/files/res/pages/page_0174.swf HTTP/1.1" 200 215165
190.25.157.12 - - [20/Dec/2015:19:25:54 -0500] "POST /forms/lservlet;jsessionid=ac16012b30d7fcfb694b74754b67ba13d8349b7969d1.e3iSbxaKaheRe38KbN0Rb34Mc3j0n6jAmljGr5XDqQLvpAe HTTP/1.1" 200 2
190.156.155.80 - - [20/Dec/2015:19:25:58 -0500] "GET /BLA/resoluciones/ HTTP/1.1" 200 7916
190.156.155.80 - - [20/Dec/2015:19:25:58 -0500] "GET /BLA/resoluciones/dlf/styles.css HTTP/1.1" 200 3049
190.156.155.80 - - [20/Dec/2015:19:25:58 -0500] "GET /BLA/resoluciones/dlf/folder.png HTTP/1.1" 200 410
190.156.155.80 - - [20/Dec/2015:19:25:58 -0500] "GET /BLA/resoluciones/dlf/bg.gif HTTP/1.1" 200 54
190.156.155.80 - - [20/Dec/2015:19:25:58 -0500] "GET /favicon.ico HTTP/1.1" 200 7782
190.156.155.80 - - [20/Dec/2015:19:25:59 -0500] "GET /videos/Disciplinarios.flv HTTP/1.1" 200 3644983
190.156.155.80 - - [20/Dec/2015:19:26:02 -0500] "GET /BLA/resoluciones/dlf/dirup.png HTTP/1.1" 200 644
190.156.155.80 - - [20/Dec/2015:19:26:02 -0500] "GET /BLA/resoluciones/dlf/pdf.gif HTTP/1.1" 200 272
190.156.155.80 - - [20/Dec/2015:19:26:01 -0500] "GET /BLA/resoluciones/index.php?dir=RESOLUCIONES+2009%2F HTTP/1.1" 200 1672912
66.249.64.101 - - [20/Dec/2015:19:26:22 -0500] "GET /BLA/resoluciones/RESOLUCIONES%202007/RES%202007%202801%20AL%202900/RESOLUCION%202836%20DE%202007.pdf HTTP/1.1" 200 1947298
190.156.155.80 - - [20/Dec/2015:19:26:25 -0500] "GET /BLA/resoluciones/RESOLUCIONES%202009/3339.pdf HTTP/1.1" 200 632486
190.156.155.80 - - [20/Dec/2015:19:26:25 -0500] "GET /BLA/resoluciones/RESOLUCIONES%202009/3339.pdf HTTP/1.1" 206 32768
190.156.155.80 - - [20/Dec/2015:19:26:26 -0500] "GET /BLA/resoluciones/RESOLUCIONES%202009/3339.pdf HTTP/1.1" 206 599718
181.142.138.254 - - [20/Dec/2015:19:26:38 -0500] "GET /galeria/galeria/jquery.fancybox.js?v=2.1.5 HTTP/1.1" 200 48706
181.142.138.254 - - [20/Dec/2015:19:26:38 -0500] "GET /galeria/galeria/jquery.fancybox.css?v=2.1.5 HTTP/1.1" 200 4895
181.142.138.254 - - [20/Dec/2015:19:26:38 -0500] "GET /galeria/carrusel/Carrusel/jquery.thumbnailScroller.css HTTP/1.1" 200 2066
181.142.138.254 - - [20/Dec/2015:19:26:38 -0500] "GET /BLA/boletinlegal/js/jquery.scrollShow.js HTTP/1.1" 200 4586
181.142.138.254 - - [20/Dec/2015:19:26:38 -0500] "GET /galeria/carrusel/Carrusel/jquery-ui-1.8.13.custom.min.js HTTP/1.1" 200 10800
181.142.138.254 - - [20/Dec/2015:19:26:38 -0500] "GET /galeria/carrusel/Carrusel/jquery.thumbnailScroller.js HTTP/1.1" 200 8157
181.142.138.254 - - [20/Dec/2015:19:26:39 -0500] "GET /galeria/nivo-slider/demo/demo.html HTTP/1.1" 200 4456
181.142.138.254 - - [20/Dec/2015:19:26:39 -0500] "GET /galeria/nivo-slider/themes/orman/orman.css HTTP/1.1" 200 2152
181.142.138.254 - - [20/Dec/2015:19:26:39 -0500] "GET /galeria/nivo-slider/themes/pascal/pascal.css HTTP/1.1" 200 2258
181.142.138.254 - - [20/Dec/2015:19:26:39 -0500] "GET /galeria/nivo-slider/themes/default/default.css HTTP/1.1" 200 1569
181.142.138.254 - - [20/Dec/2015:19:26:39 -0500] "GET /galeria/nivo-slider/demo/style.css HTTP/1.1" 200 2222
181.142.138.254 - - [20/Dec/2015:19:26:39 -0500] "GET /galeria/nivo-slider/nivo-slider.css HTTP/1.1" 200 1507
181.142.138.254 - - [20/Dec/2015:19:26:39 -0500] "GET /galeria/nivo-slider/demo/scripts/jquery-1.7.1.min.js HTTP/1.1" 200 93868
181.142.138.254 - - [20/Dec/2015:19:26:39 -0500] "GET /galeria/nivo-slider/demo/images/ambientales.jpg HTTP/1.1" 200 397233
181.142.138.254 - - [20/Dec/2015:19:26:39 -0500] "GET /galeria/nivo-slider/jquery.nivo.slider.pack.js HTTP/1.1" 200 11561
181.142.138.254 - - [20/Dec/2015:19:26:39 -0500] "GET /galeria/nivo-slider/demo/images/2Banner-encuestaSDA.jpg HTTP/1.1" 200 208228
181.142.138.254 - - [20/Dec/2015:19:26:39 -0500] "GET /galeria/nivo-slider/demo/images/Programacion-navidena.jpg HTTP/1.1" 200 316038
181.142.138.254 - - [20/Dec/2015:19:26:39 -0500] "GET /galeria/nivo-slider/demo/images/ABC-Plan-de-contigencia.jpg HTTP/1.1" 200 401853
181.142.138.254 - - [20/Dec/2015:19:26:39 -0500] "GET /galeria/nivo-slider/demo/images/banner-llantas2015.jpg HTTP/1.1" 200 185615
181.142.138.254 - - [20/Dec/2015:19:26:41 -0500] "GET /galeria/nivo-slider/demo/images/caminata-ecologica.jpg HTTP/1.1" 200 161069
181.128.238.146 - - [20/Dec/2015:19:26:53 -0500] "GET /sipse/faces/index.xhtml HTTP/1.1" 200 677
181.128.238.146 - - [20/Dec/2015:19:26:53 -0500] "GET /sipse/faces/index.xhtml HTTP/1.1" 200 677
181.129.88.210 - - [20/Dec/2015:19:26:55 -0500] "POST /forms/lservlet;jsessionid=ac16012b30d7e768522c79bb4cb18bbaed9c8c3a90f5.e3iSbxaKaheRe38KbN0Rb34Mc3j0n6jAmljGr5XDqQLvpAe HTTP/1.1" 200 2
190.146.252.99 - - [20/Dec/2015:19:26:57 -0500] "GET /videos/ArchivoSDA.flv HTTP/1.1" 200 31205279
201.234.75.11 - - [20/Dec/2015:19:26:58 -0500] "GET /galeria/nivo-slider/themes/orman/orman.css HTTP/1.1" 304 -
190.157.188.55 - - [20/Dec/2015:19:27:01 -0500] "GET /ecodirectorio/files/res/pages/page_0175.swf HTTP/1.1" 200 214517
190.157.188.55 - - [20/Dec/2015:19:27:01 -0500] "GET /ecodirectorio/files/res/pages/page_0176.swf HTTP/1.1" 200 259620
181.128.238.146 - - [20/Dec/2015:19:26:58 -0500] "GET /sipse/faces/javax.faces.resource/theme.css?ln=primefaces-sipse HTTP/1.1" 200 50058
181.128.238.146 - - [20/Dec/2015:19:27:12 -0500] "GET /favicon.ico HTTP/1.1" 200 7782
181.128.238.146 - - [20/Dec/2015:19:27:12 -0500] "GET /sipse/faces/faces/autenticacion.xhtml HTTP/1.1" 200 9937
181.128.238.146 - - [20/Dec/2015:19:27:12 -0500] "GET /sipse/js/disable_browser_buttons.js HTTP/1.1" 200 3230
181.128.238.146 - - [20/Dec/2015:19:27:12 -0500] "GET /sipse/css/custom_css_sg.css HTTP/1.1" 200 9436
181.128.238.146 - - [20/Dec/2015:19:27:12 -0500] "GET /sipse/css/custom_css_sg_prime_login.css HTTP/1.1" 200 425
181.128.238.146 - - [20/Dec/2015:19:27:12 -0500] "GET /sipse/js/funciones.js HTTP/1.1" 200 7861
181.128.238.146 - - [20/Dec/2015:19:27:12 -0500] "GET /sipse/faces/javax.faces.resource/theme.css?ln=primefaces-sipse HTTP/1.1" 304 -
181.128.238.146 - - [20/Dec/2015:19:27:12 -0500] "GET /sipse/faces/javax.faces.resource/layout/layout.css?ln=primefaces&v=4.0 HTTP/1.1" 200 542
181.128.238.146 - - [20/Dec/2015:19:27:16 -0500] "GET /sipse/faces/javax.faces.resource/jquery/jquery-plugins.js?ln=primefaces&v=4.0 HTTP/1.1" 200 17455
181.128.238.146 - - [20/Dec/2015:19:27:12 -0500] "GET /sipse/faces/javax.faces.resource/jquery/jquery.js?ln=primefaces&v=4.0 HTTP/1.1" 200 15647
181.128.238.146 - - [20/Dec/2015:19:27:12 -0500] "GET /sipse/faces/javax.faces.resource/primefaces.css?ln=primefaces&v=4.0 HTTP/1.1" 200 53295
181.128.238.146 - - [20/Dec/2015:19:27:16 -0500] "GET /sipse/faces/javax.faces.resource/layout/layout.js?ln=primefaces&v=4.0 HTTP/1.1" 200 17456
181.128.238.146 - - [20/Dec/2015:19:27:19 -0500] "GET /sipse/faces/javax.faces.resource/primefaces.js?ln=primefaces&v=4.0 HTTP/1.1" 200 12175
181.49.73.100 - - [20/Dec/2015:19:27:31 -0500] "POST /forms/lservlet;jsessionid=ac16012b30d7d38f577c4b444f6484d3f9d0f79a7914.e3iSbxaKaheRe38KbN0Rb34Mc3j0n6jAmljGr5XDqQLvpAe HTTP/1.1" 200 2
181.128.238.146 - - [20/Dec/2015:19:27:33 -0500] "GET /sipse_spci/faces/index.xhtml HTTP/1.1" 404 1120
66.249.64.96 - - [20/Dec/2015:19:27:46 -0500] "GET /BLA/resoluciones/AUTOS%202008/0180.pdf HTTP/1.1" 200 184423
190.25.157.12 - - [20/Dec/2015:19:27:54 -0500] "POST /forms/lservlet;jsessionid=ac16012b30d7fcfb694b74754b67ba13d8349b7969d1.e3iSbxaKaheRe38KbN0Rb34Mc3j0n6jAmljGr5XDqQLvpAe HTTP/1.1" 200 2
181.128.238.146 - - [20/Dec/2015:19:28:11 -0500] "GET /sipse_spci/ HTTP/1.1" 404 1120
181.139.148.191 - - [20/Dec/2015:19:28:31 -0500] "GET /BLA/resoluciones/RESOLUCIONES%202007/RES%202007%201401%20AL%201500/RESOLUCION%201409%20DE%202007.pdf HTTP/1.1" 200 276957
190.157.188.55 - - [20/Dec/2015:19:28:37 -0500] "GET /ecodirectorio/files/res/pages/page_0177.swf HTTP/1.1" 200 257080
190.157.188.55 - - [20/Dec/2015:19:28:37 -0500] "GET /ecodirectorio/files/res/pages/page_0178.swf HTTP/1.1" 200 135016
66.249.64.101 - - [20/Dec/2015:19:28:37 -0500] "GET /mobile/BLA/resoluciones/RESOLUCIONES%202007/RES%202007%204001%20AL%204100/RESOLUCION%204046%20DE%202007.pdf HTTP/1.1" 404 1018
181.129.88.210 - - [20/Dec/2015:19:29:00 -0500] "POST /forms/lservlet;jsessionid=ac16012b30d7e768522c79bb4cb18bbaed9c8c3a90f5.e3iSbxaKaheRe38KbN0Rb34Mc3j0n6jAmljGr5XDqQLvpAe HTTP/1.1" 200 2
66.249.64.96 - - [20/Dec/2015:19:29:10 -0500] "GET /BLA/resoluciones/AUTOS%202014/0326.pdf HTTP/1.1" 200 536979
181.49.73.100 - - [20/Dec/2015:19:29:31 -0500] "POST /forms/lservlet;jsessionid=ac16012b30d7d38f577c4b444f6484d3f9d0f79a7914.e3iSbxaKaheRe38KbN0Rb34Mc3j0n6jAmljGr5XDqQLvpAe HTTP/1.1" 200 2
179.33.233.101 - - [20/Dec/2015:19:29:42 -0500] "GET /galeria/galeria/jquery.fancybox.css?v=2.1.5 HTTP/1.1" 200 4895
179.33.233.101 - - [20/Dec/2015:19:29:42 -0500] "GET /BLA/boletinlegal/js/jquery.scrollShow.js HTTP/1.1" 200 4586
179.33.233.101 - - [20/Dec/2015:19:29:42 -0500] "GET /galeria/galeria/jquery.fancybox.js?v=2.1.5 HTTP/1.1" 200 48706
179.33.233.101 - - [20/Dec/2015:19:29:52 -0500] "GET /BLA/boletinlegal/js/jquery.scrollShow.js HTTP/1.1" 304 -
179.33.233.101 - - [20/Dec/2015:19:29:52 -0500] "GET /galeria/galeria/jquery.fancybox.js?v=2.1.5 HTTP/1.1" 304 -
179.33.233.101 - - [20/Dec/2015:19:29:52 -0500] "GET /galeria/galeria/jquery.fancybox.css?v=2.1.5 HTTP/1.1" 304 -
190.25.157.12 - - [20/Dec/2015:19:29:54 -0500] "POST /forms/lservlet;jsessionid=ac16012b30d7fcfb694b74754b67ba13d8349b7969d1.e3iSbxaKaheRe38KbN0Rb34Mc3j0n6jAmljGr5XDqQLvpAe HTTP/1.1" 200 2
186.115.53.187 - - [20/Dec/2015:19:30:25 -0500] "GET /videos/Disciplinarios.flv HTTP/1.1" 200 3644983
186.115.53.187 - - [20/Dec/2015:19:30:27 -0500] "GET /BLA/resoluciones/ HTTP/1.1" 200 7916
186.115.53.187 - - [20/Dec/2015:19:30:27 -0500] "GET /BLA/resoluciones/dlf/styles.css HTTP/1.1" 200 3049
186.115.53.187 - - [20/Dec/2015:19:30:27 -0500] "GET /BLA/resoluciones/dlf/folder.png HTTP/1.1" 200 410
186.115.53.187 - - [20/Dec/2015:19:30:28 -0500] "GET /BLA/resoluciones/dlf/bg.gif HTTP/1.1" 200 54
186.115.53.187 - - [20/Dec/2015:19:30:28 -0500] "GET /favicon.ico HTTP/1.1" 200 7782
69.162.124.233 - - [20/Dec/2015:19:30:30 -0500] "HEAD / HTTP/1.1" 200 -
186.115.53.187 - - [20/Dec/2015:19:30:31 -0500] "GET /BLA/resoluciones/dlf/pdf.gif HTTP/1.1" 200 272
186.115.53.187 - - [20/Dec/2015:19:30:31 -0500] "GET /BLA/resoluciones/dlf/dirup.png HTTP/1.1" 200 644
186.115.53.187 - - [20/Dec/2015:19:30:30 -0500] "GET /BLA/resoluciones/index.php?dir=RESOLUCIONES+2013%2F HTTP/1.1" 200 224655
66.249.64.101 - - [20/Dec/2015:19:30:34 -0500] "GET /BLA/resoluciones/RESOLUCIONES%202007/RES%202007%201726%20AL%201800/RESOLUCION%201741%20DE%202007.pdf HTTP/1.1" 304 -
186.115.53.187 - - [20/Dec/2015:19:30:45 -0500] "GET /BLA/resoluciones/RESOLUCIONES%202013/0943.pdf HTTP/1.1" 200 927980
186.115.53.187 - - [20/Dec/2015:19:30:46 -0500] "GET /BLA/resoluciones/RESOLUCIONES%202013/0943.pdf HTTP/1.1" 206 32768
186.115.53.187 - - [20/Dec/2015:19:30:46 -0500] "GET /BLA/resoluciones/RESOLUCIONES%202013/0943.pdf HTTP/1.1" 206 895212
186.145.179.148 - - [20/Dec/2015:19:30:50 -0500] "GET /galeria/galeria/jquery.fancybox.css?v=2.1.5 HTTP/1.1" 200 4895
186.145.179.148 - - [20/Dec/2015:19:30:50 -0500] "GET /BLA/boletinlegal/js/jquery.scrollShow.js HTTP/1.1" 200 4586
186.145.179.148 - - [20/Dec/2015:19:30:50 -0500] "GET /galeria/galeria/jquery.fancybox.js?v=2.1.5 HTTP/1.1" 200 48706
181.142.138.254 - - [20/Dec/2015:19:30:55 -0500] "GET /galeria/galeria/jquery.fancybox.js?v=2.1.5 HTTP/1.1" 200 48706
181.142.138.254 - - [20/Dec/2015:19:30:55 -0500] "GET /BLA/boletinlegal/js/jquery.scrollShow.js HTTP/1.1" 200 4586
181.142.138.254 - - [20/Dec/2015:19:30:55 -0500] "GET /galeria/galeria/jquery.fancybox.css?v=2.1.5 HTTP/1.1" 200 4895
181.142.138.254 - - [20/Dec/2015:19:30:55 -0500] "GET /galeria/carrusel/Carrusel/jquery.thumbnailScroller.css HTTP/1.1" 200 2066
181.142.138.254 - - [20/Dec/2015:19:30:55 -0500] "GET /galeria/carrusel/Carrusel/jquery-ui-1.8.13.custom.min.js HTTP/1.1" 200 10800
181.142.138.254 - - [20/Dec/2015:19:30:55 -0500] "GET /galeria/carrusel/Carrusel/jquery.thumbnailScroller.js HTTP/1.1" 200 8157
181.142.138.254 - - [20/Dec/2015:19:30:56 -0500] "GET /galeria/nivo-slider/demo/demo.html HTTP/1.1" 200 4456
181.142.138.254 - - [20/Dec/2015:19:30:56 -0500] "GET /galeria/nivo-slider/themes/pascal/pascal.css HTTP/1.1" 200 2258
181.142.138.254 - - [20/Dec/2015:19:30:56 -0500] "GET /galeria/nivo-slider/demo/style.css HTTP/1.1" 200 2222
181.142.138.254 - - [20/Dec/2015:19:30:56 -0500] "GET /galeria/nivo-slider/themes/default/default.css HTTP/1.1" 200 1569
181.142.138.254 - - [20/Dec/2015:19:30:56 -0500] "GET /galeria/nivo-slider/themes/orman/orman.css HTTP/1.1" 200 2152
181.142.138.254 - - [20/Dec/2015:19:30:56 -0500] "GET /galeria/nivo-slider/demo/scripts/jquery-1.7.1.min.js HTTP/1.1" 200 93868
181.142.138.254 - - [20/Dec/2015:19:30:56 -0500] "GET /galeria/nivo-slider/nivo-slider.css HTTP/1.1" 200 1507
181.142.138.254 - - [20/Dec/2015:19:30:56 -0500] "GET /galeria/nivo-slider/jquery.nivo.slider.pack.js HTTP/1.1" 200 11561
181.142.138.254 - - [20/Dec/2015:19:30:56 -0500] "GET /galeria/nivo-slider/demo/images/ambientales.jpg HTTP/1.1" 200 397233
181.142.138.254 - - [20/Dec/2015:19:30:56 -0500] "GET /galeria/nivo-slider/demo/images/Programacion-navidena.jpg HTTP/1.1" 200 316038
181.142.138.254 - - [20/Dec/2015:19:30:56 -0500] "GET /galeria/nivo-slider/demo/images/2Banner-encuestaSDA.jpg HTTP/1.1" 200 208228
181.142.138.254 - - [20/Dec/2015:19:30:56 -0500] "GET /galeria/nivo-slider/demo/images/ABC-Plan-de-contigencia.jpg HTTP/1.1" 200 401853
181.142.138.254 - - [20/Dec/2015:19:30:57 -0500] "GET /galeria/nivo-slider/demo/images/banner-llantas2015.jpg HTTP/1.1" 200 185615
107.139.230.200 - - [20/Dec/2015:19:30:58 -0500] "GET /galeria/galeria/jquery.fancybox.js?v=2.1.5 HTTP/1.1" 200 48706
107.139.230.200 - - [20/Dec/2015:19:30:58 -0500] "GET /BLA/boletinlegal/js/jquery.scrollShow.js HTTP/1.1" 200 4586
107.139.230.200 - - [20/Dec/2015:19:30:58 -0500] "GET /galeria/galeria/jquery.fancybox.css?v=2.1.5 HTTP/1.1" 200 4895
181.142.138.254 - - [20/Dec/2015:19:30:58 -0500] "GET /galeria/nivo-slider/demo/images/caminata-ecologica.jpg HTTP/1.1" 200 161069
181.142.138.254 - - [20/Dec/2015:19:30:59 -0500] "GET /galeria/nivo-slider/demo/images/Banner-ahorro-de-agua.jpg HTTP/1.1" 200 149141
181.142.138.254 - - [20/Dec/2015:19:30:59 -0500] "GET /galeria/nivo-slider/demo/images/Cmapana-onestidad.jpg HTTP/1.1" 200 141638
181.142.138.254 - - [20/Dec/2015:19:30:59 -0500] "GET /galeria/nivo-slider/demo/images/PREDAcamp.jpg HTTP/1.1" 200 295358
107.139.230.200 - - [20/Dec/2015:19:30:59 -0500] "GET /galeria/carrusel/Carrusel/jquery.thumbnailScroller.css HTTP/1.1" 200 2066
107.139.230.200 - - [20/Dec/2015:19:31:00 -0500] "GET /galeria/carrusel/Carrusel/jquery-ui-1.8.13.custom.min.js HTTP/1.1" 200 10800
181.142.138.254 - - [20/Dec/2015:19:31:00 -0500] "GET /galeria/nivo-slider/demo/images/banner-llantas2.jpg HTTP/1.1" 200 204644
107.139.230.200 - - [20/Dec/2015:19:31:00 -0500] "GET /galeria/carrusel/Carrusel/jquery.thumbnailScroller.js HTTP/1.1" 200 8157
181.142.138.254 - - [20/Dec/2015:19:31:00 -0500] "GET /galeria/nivo-slider/demo/images/9Signos.jpg HTTP/1.1" 200 81776
181.128.238.146 - - [20/Dec/2015:19:31:01 -0500] "GET /sipse_spci/ HTTP/1.1" 404 1120
181.142.138.254 - - [20/Dec/2015:19:31:01 -0500] "GET /galeria/nivo-slider/demo/images/Ruta-vertimientos-01.jpg HTTP/1.1" 200 130151
181.142.138.254 - - [20/Dec/2015:19:31:02 -0500] "GET /galeria/nivo-slider/demo/images/bolsas-06.jpg HTTP/1.1" 200 90982
181.142.138.254 - - [20/Dec/2015:19:31:02 -0500] "GET /galeria/nivo-slider/demo/images/Conoce-los-humedales.jpg HTTP/1.1" 200 294036
181.142.138.254 - - [20/Dec/2015:19:31:02 -0500] "GET /galeria/nivo-slider/demo/images/ecolecta-Dic2014.png HTTP/1.1" 200 288593
181.142.138.254 - - [20/Dec/2015:19:31:02 -0500] "GET /galeria/nivo-slider/demo/images/4Simple_Slider.png HTTP/1.1" 200 11722
181.129.88.210 - - [20/Dec/2015:19:31:04 -0500] "POST /forms/lservlet;jsessionid=ac16012b30d7e768522c79bb4cb18bbaed9c8c3a90f5.e3iSbxaKaheRe38KbN0Rb34Mc3j0n6jAmljGr5XDqQLvpAe HTTP/1.1" 200 2
181.142.138.254 - - [20/Dec/2015:19:31:04 -0500] "GET /galeria/nivo-slider/themes/default/loading.gif HTTP/1.1" 200 1737
181.142.138.254 - - [20/Dec/2015:19:31:05 -0500] "GET /galeria/nivo-slider/themes/default/arrows.png HTTP/1.1" 200 824
181.142.138.254 - - [20/Dec/2015:19:31:05 -0500] "GET /galeria/nivo-slider/themes/default/bullets.png HTTP/1.1" 200 1281
181.128.238.146 - - [20/Dec/2015:19:31:09 -0500] "GET /sipse/ HTTP/1.1" 302 -
181.128.238.146 - - [20/Dec/2015:19:31:09 -0500] "GET /sipse/faces/autenticacion.xhtml HTTP/1.1" 200 9939
181.128.238.146 - - [20/Dec/2015:19:31:09 -0500] "GET /sipse/faces/javax.faces.resource/theme.css?ln=primefaces-sipse HTTP/1.1" 304 -
181.128.238.146 - - [20/Dec/2015:19:31:09 -0500] "GET /sipse/faces/javax.faces.resource/primefaces.css?ln=primefaces&v=4.0 HTTP/1.1" 304 -
181.128.238.146 - - [20/Dec/2015:19:31:09 -0500] "GET /sipse/faces/javax.faces.resource/layout/layout.css?ln=primefaces&v=4.0 HTTP/1.1" 304 -
181.128.238.146 - - [20/Dec/2015:19:31:09 -0500] "GET /sipse/faces/javax.faces.resource/jquery/jquery.js?ln=primefaces&v=4.0 HTTP/1.1" 304 -
181.128.238.146 - - [20/Dec/2015:19:31:09 -0500] "GET /sipse/faces/javax.faces.resource/jquery/jquery-plugins.js?ln=primefaces&v=4.0 HTTP/1.1" 304 -
181.128.238.146 - - [20/Dec/2015:19:31:09 -0500] "GET /sipse/faces/javax.faces.resource/primefaces.js?ln=primefaces&v=4.0 HTTP/1.1" 304 -
181.128.238.146 - - [20/Dec/2015:19:31:09 -0500] "GET /sipse/faces/javax.faces.resource/layout/layout.js?ln=primefaces&v=4.0 HTTP/1.1" 304 -
181.128.238.146 - - [20/Dec/2015:19:31:09 -0500] "GET /sipse/js/funciones.js HTTP/1.1" 200 7861
181.128.238.146 - - [20/Dec/2015:19:31:09 -0500] "GET /sipse/js/disable_browser_buttons.js HTTP/1.1" 200 3230
181.128.238.146 - - [20/Dec/2015:19:31:09 -0500] "GET /sipse/css/custom_css_sg.css HTTP/1.1" 200 9436
181.128.238.146 - - [20/Dec/2015:19:31:09 -0500] "GET /sipse/css/custom_css_sg_prime_login.css HTTP/1.1" 200 425
186.145.179.148 - - [20/Dec/2015:19:31:11 -0500] "GET /galeria/galeria/jquery.fancybox.css?v=2.1.5 HTTP/1.1" 304 -
186.145.179.148 - - [20/Dec/2015:19:31:11 -0500] "GET /BLA/boletinlegal/js/jquery.scrollShow.js HTTP/1.1" 304 -
186.145.179.148 - - [20/Dec/2015:19:31:11 -0500] "GET /galeria/galeria/jquery.fancybox.js?v=2.1.5 HTTP/1.1" 304 -
181.128.238.146 - - [20/Dec/2015:19:31:10 -0500] "GET /sipse/css/imagen/loginimg.png HTTP/1.1" 200 104836
181.128.238.146 - - [20/Dec/2015:19:31:10 -0500] "GET /sipse/css/imagen/logo.png HTTP/1.1" 200 184624
181.128.238.146 - - [20/Dec/2015:19:31:22 -0500] "GET /sipse_spci/faces/autenticacion.xhtml HTTP/1.1" 404 1120
181.49.73.100 - - [20/Dec/2015:19:31:31 -0500] "POST /forms/lservlet;jsessionid=ac16012b30d7d38f577c4b444f6484d3f9d0f79a7914.e3iSbxaKaheRe38KbN0Rb34Mc3j0n6jAmljGr5XDqQLvpAe HTTP/1.1" 200 2
107.139.230.200 - - [20/Dec/2015:19:31:33 -0500] "GET /galeria/nivo-slider/demo/demo.html HTTP/1.1" 200 4456
181.128.238.146 - - [20/Dec/2015:19:31:33 -0500] "GET /sipse_spci/faces/autenticacion.xhtml HTTP/1.1" 404 1120
107.139.230.200 - - [20/Dec/2015:19:31:33 -0500] "GET /galeria/nivo-slider/themes/default/default.css HTTP/1.1" 200 1569
107.139.230.200 - - [20/Dec/2015:19:31:36 -0500] "GET /galeria/nivo-slider/themes/orman/orman.css HTTP/1.1" 200 2152
107.139.230.200 - - [20/Dec/2015:19:31:36 -0500] "GET /galeria/nivo-slider/themes/pascal/pascal.css HTTP/1.1" 200 2258
107.139.230.200 - - [20/Dec/2015:19:31:37 -0500] "GET /galeria/nivo-slider/nivo-slider.css HTTP/1.1" 200 1507
107.139.230.200 - - [20/Dec/2015:19:31:37 -0500] "GET /galeria/nivo-slider/demo/style.css HTTP/1.1" 200 2222
107.139.230.200 - - [20/Dec/2015:19:31:38 -0500] "GET /galeria/nivo-slider/jquery.nivo.slider.pack.js HTTP/1.1" 200 11561
107.139.230.200 - - [20/Dec/2015:19:31:43 -0500] "GET /galeria/nivo-slider/demo/images/ambientales.jpg HTTP/1.1" 200 397233
107.139.230.200 - - [20/Dec/2015:19:31:46 -0500] "GET /galeria/nivo-slider/demo/scripts/jquery-1.7.1.min.js HTTP/1.1" 200 93868
107.139.230.200 - - [20/Dec/2015:19:31:50 -0500] "GET /galeria/nivo-slider/demo/images/Programacion-navidena.jpg HTTP/1.1" 200 316038
190.25.157.12 - - [20/Dec/2015:19:31:54 -0500] "POST /forms/lservlet;jsessionid=ac16012b30d7fcfb694b74754b67ba13d8349b7969d1.e3iSbxaKaheRe38KbN0Rb34Mc3j0n6jAmljGr5XDqQLvpAe HTTP/1.1" 200 2
181.128.238.146 - - [20/Dec/2015:19:31:55 -0500] "GET /sipse_spci/faces/index.xhtml HTTP/1.1" 404 1120
66.249.64.101 - - [20/Dec/2015:19:31:58 -0500] "GET /BLA/resoluciones/RESOLUCIONES%202009/7913.pdf HTTP/1.1" 200 510079
107.139.230.200 - - [20/Dec/2015:19:32:03 -0500] "GET /galeria/nivo-slider/demo/images/2Banner-encuestaSDA.jpg HTTP/1.1" 200 208228
107.139.230.200 - - [20/Dec/2015:19:32:14 -0500] "GET /galeria/nivo-slider/demo/images/ABC-Plan-de-contigencia.jpg HTTP/1.1" 200 401853
107.139.230.200 - - [20/Dec/2015:19:32:33 -0500] "GET /galeria/nivo-slider/demo/images/4Simple_Slider.png HTTP/1.1" 200 11722
107.139.230.200 - - [20/Dec/2015:19:32:36 -0500] "GET /galeria/nivo-slider/themes/default/loading.gif HTTP/1.1" 200 1737
181.129.88.210 - - [20/Dec/2015:19:33:04 -0500] "POST /forms/lservlet;jsessionid=ac16012b30d7e768522c79bb4cb18bbaed9c8c3a90f5.e3iSbxaKaheRe38KbN0Rb34Mc3j0n6jAmljGr5XDqQLvpAe HTTP/1.1" 200 2
107.77.94.29 - - [20/Dec/2015:19:33:11 -0500] "GET /BLA/resoluciones/AUTOS%202014/1031.pdf HTTP/1.1" 200 389707
107.77.94.29 - - [20/Dec/2015:19:33:12 -0500] "GET /BLA/resoluciones/AUTOS%202014/1031.pdf HTTP/1.1" 200 389707
66.249.64.101 - - [20/Dec/2015:19:33:22 -0500] "GET /BLA/resoluciones/RESOLUCIONES%202009/7036.pdf HTTP/1.1" 200 737415
181.49.73.100 - - [20/Dec/2015:19:33:32 -0500] "POST /forms/lservlet;jsessionid=ac16012b30d7d38f577c4b444f6484d3f9d0f79a7914.e3iSbxaKaheRe38KbN0Rb34Mc3j0n6jAmljGr5XDqQLvpAe HTTP/1.1" 200 2
107.139.230.200 - - [20/Dec/2015:19:33:44 -0500] "GET /galeria/nivo-slider/demo/images/banner-llantas2015.jpg HTTP/1.1" 200 185615
190.25.157.12 - - [20/Dec/2015:19:33:54 -0500] "POST /forms/lservlet;jsessionid=ac16012b30d7fcfb694b74754b67ba13d8349b7969d1.e3iSbxaKaheRe38KbN0Rb34Mc3j0n6jAmljGr5XDqQLvpAe HTTP/1.1" 200 2
152.61.192.232 - - [20/Dec/2015:19:34:06 -0500] "HEAD / HTTP/1.1" 200 -
152.61.192.232 - - [20/Dec/2015:19:34:06 -0500] "GET /arcgis/services/Calidad_del_Agua_WQI/MapServer/WMSServer?SERVICE=WMS&REQUEST=GetCapabilities HTTP/1.1" 503 1020
152.61.192.232 - - [20/Dec/2015:19:34:28 -0500] "GET /arcgis/services/Calidad_del_Agua_WQI/MapServer/WMSServer?SERVICE=WMS&REQUEST=GetCapabilities HTTP/1.1" 503 1020
152.61.192.232 - - [20/Dec/2015:19:34:28 -0500] "GET /arcgis/services/Calidad_del_Agua_WQI/MapServer/WMSServer?SERVICE=WMS&REQUEST=GetCapabilities HTTP/1.1" 503 1020
152.61.192.232 - - [20/Dec/2015:19:34:28 -0500] "GET /arcgis/services/Calidad_del_Agua_WQI/MapServer/WMSServer?WMTVER=1.0.0&REQUEST=capabilities HTTP/1.1" 503 1020
152.61.192.232 - - [20/Dec/2015:19:34:28 -0500] "GET /arcgis/services/Calidad_del_Agua_WQI/MapServer/WMSServer?SERVICE=WMS&REQUEST=GetCapabilities HTTP/1.1" 503 1020
66.249.64.106 - - [20/Dec/2015:19:34:46 -0500] "GET /BLA/resoluciones/AUTOS%202008/1973.pdf HTTP/1.1" 200 89085
181.129.88.210 - - [20/Dec/2015:19:35:04 -0500] "POST /forms/lservlet;jsessionid=ac16012b30d7e768522c79bb4cb18bbaed9c8c3a90f5.e3iSbxaKaheRe38KbN0Rb34Mc3j0n6jAmljGr5XDqQLvpAe HTTP/1.1" 200 2
66.249.64.101 - - [20/Dec/2015:19:35:05 -0500] "GET /portalsiaccapacitaciones/Soportes%20Capacitaciones%20A%C3%B1o%202013/0022.%20Presentacion%20Eficiencia%20energetica%20SDA%204%20de%20Julio.pdf HTTP/1.1" 404 1018
69.162.124.233 - - [20/Dec/2015:19:35:30 -0500] "HEAD / HTTP/1.1" 200 -
181.49.73.100 - - [20/Dec/2015:19:35:32 -0500] "POST /forms/lservlet;jsessionid=ac16012b30d7d38f577c4b444f6484d3f9d0f79a7914.e3iSbxaKaheRe38KbN0Rb34Mc3j0n6jAmljGr5XDqQLvpAe HTTP/1.1" 200 2
186.155.17.252 - - [20/Dec/2015:19:35:32 -0500] "GET /galeria/galeria/jquery.fancybox.css?v=2.1.5 HTTP/1.1" 200 4895
186.155.17.252 - - [20/Dec/2015:19:35:33 -0500] "GET /BLA/boletinlegal/js/jquery.scrollShow.js HTTP/1.1" 200 4586
186.155.17.252 - - [20/Dec/2015:19:35:33 -0500] "GET /galeria/galeria/jquery.fancybox.js?v=2.1.5 HTTP/1.1" 200 48706
107.139.230.200 - - [20/Dec/2015:19:35:34 -0500] "GET /galeria/galeria/jquery.fancybox.css?v=2.1.5 HTTP/1.1" 304 -
107.139.230.200 - - [20/Dec/2015:19:35:34 -0500] "GET /BLA/boletinlegal/js/jquery.scrollShow.js HTTP/1.1" 304 -
107.139.230.200 - - [20/Dec/2015:19:35:34 -0500] "GET /galeria/galeria/jquery.fancybox.js?v=2.1.5 HTTP/1.1" 304 -
186.155.17.252 - - [20/Dec/2015:19:35:39 -0500] "GET /BLA/boletinlegal/js/jquery.scrollShow.js HTTP/1.1" 304 -
186.155.17.252 - - [20/Dec/2015:19:35:39 -0500] "GET /galeria/galeria/jquery.fancybox.js?v=2.1.5 HTTP/1.1" 304 -
186.155.17.252 - - [20/Dec/2015:19:35:39 -0500] "GET /galeria/galeria/jquery.fancybox.css?v=2.1.5 HTTP/1.1" 304 -
190.25.157.12 - - [20/Dec/2015:19:35:54 -0500] "POST /forms/lservlet;jsessionid=ac16012b30d7fcfb694b74754b67ba13d8349b7969d1.e3iSbxaKaheRe38KbN0Rb34Mc3j0n6jAmljGr5XDqQLvpAe HTTP/1.1" 200 2
66.249.64.106 - - [20/Dec/2015:19:36:10 -0500] "GET /BLA/resoluciones/AUTOS%202012/1683.pdf HTTP/1.1" 200 334241
181.129.88.210 - - [20/Dec/2015:19:37:04 -0500] "POST /forms/lservlet;jsessionid=ac16012b30d7e768522c79bb4cb18bbaed9c8c3a90f5.e3iSbxaKaheRe38KbN0Rb34Mc3j0n6jAmljGr5XDqQLvpAe HTTP/1.1" 200 2
157.55.39.56 - - [20/Dec/2015:19:37:18 -0500] "GET /robots.txt HTTP/1.1" 404 1018
181.49.73.100 - - [20/Dec/2015:19:37:32 -0500] "POST /forms/lservlet;jsessionid=ac16012b30d7d38f577c4b444f6484d3f9d0f79a7914.e3iSbxaKaheRe38KbN0Rb34Mc3j0n6jAmljGr5XDqQLvpAe HTTP/1.1" 200 2
66.249.64.96 - - [20/Dec/2015:19:37:34 -0500] "GET /BLA/resoluciones/RESOLUCIONES%202014/0692.pdf HTTP/1.1" 200 5425326
190.25.157.12 - - [20/Dec/2015:19:37:54 -0500] "POST /forms/lservlet;jsessionid=ac16012b30d7fcfb694b74754b67ba13d8349b7969d1.e3iSbxaKaheRe38KbN0Rb34Mc3j0n6jAmljGr5XDqQLvpAe HTTP/1.1" 200 2
66.249.64.106 - - [20/Dec/2015:19:38:16 -0500] "GET /BLA/resoluciones/AUTOS%202014/3701.pdf HTTP/1.1" 200 1796986
107.139.230.200 - - [20/Dec/2015:19:38:18 -0500] "GET /BLA/boletinlegal/js/jquery.scrollShow.js HTTP/1.1" 304 -
107.139.230.200 - - [20/Dec/2015:19:38:18 -0500] "GET /galeria/galeria/jquery.fancybox.js?v=2.1.5 HTTP/1.1" 304 -
107.139.230.200 - - [20/Dec/2015:19:38:18 -0500] "GET /galeria/galeria/jquery.fancybox.css?v=2.1.5 HTTP/1.1" 304 -
66.249.64.101 - - [20/Dec/2015:19:38:58 -0500] "GET /BLA/resoluciones/RESOLUCIONES%202009/2045.pdf HTTP/1.1" 200 697159
181.129.88.210 - - [20/Dec/2015:19:39:04 -0500] "POST /forms/lservlet;jsessionid=ac16012b30d7e768522c79bb4cb18bbaed9c8c3a90f5.e3iSbxaKaheRe38KbN0Rb34Mc3j0n6jAmljGr5XDqQLvpAe HTTP/1.1" 200 2
181.49.73.100 - - [20/Dec/2015:19:39:32 -0500] "POST /forms/lservlet;jsessionid=ac16012b30d7d38f577c4b444f6484d3f9d0f79a7914.e3iSbxaKaheRe38KbN0Rb34Mc3j0n6jAmljGr5XDqQLvpAe HTTP/1.1" 200 2
190.25.157.12 - - [20/Dec/2015:19:39:54 -0500] "POST /forms/lservlet;jsessionid=ac16012b30d7fcfb694b74754b67ba13d8349b7969d1.e3iSbxaKaheRe38KbN0Rb34Mc3j0n6jAmljGr5XDqQLvpAe HTTP/1.1" 200 2
181.128.238.146 - - [20/Dec/2015:19:40:03 -0500] "GET /sipse_spci/ HTTP/1.1" 404 1120
123.125.71.106 - - [20/Dec/2015:19:40:03 -0500] "GET /robots.txt HTTP/1.1" 302 312
181.128.238.146 - - [20/Dec/2015:19:40:07 -0500] "GET /sipse/ HTTP/1.1" 302 -
181.128.238.146 - - [20/Dec/2015:19:40:08 -0500] "GET /sipse/faces/autenticacion.xhtml HTTP/1.1" 200 9937
181.128.238.146 - - [20/Dec/2015:19:40:09 -0500] "GET /sipse/faces/javax.faces.resource/theme.css?ln=primefaces-sipse HTTP/1.1" 304 -
181.128.238.146 - - [20/Dec/2015:19:40:12 -0500] "GET /sipse/faces/javax.faces.resource/primefaces.js?ln=primefaces&v=4.0 HTTP/1.1" 304 -
181.128.238.146 - - [20/Dec/2015:19:40:12 -0500] "GET /sipse/faces/javax.faces.resource/primefaces.css?ln=primefaces&v=4.0 HTTP/1.1" 304 -
181.128.238.146 - - [20/Dec/2015:19:40:12 -0500] "GET /sipse/faces/javax.faces.resource/jquery/jquery-plugins.js?ln=primefaces&v=4.0 HTTP/1.1" 304 -
181.128.238.146 - - [20/Dec/2015:19:40:12 -0500] "GET /sipse/faces/javax.faces.resource/layout/layout.css?ln=primefaces&v=4.0 HTTP/1.1" 304 -
181.128.238.146 - - [20/Dec/2015:19:40:12 -0500] "GET /sipse/faces/javax.faces.resource/layout/layout.js?ln=primefaces&v=4.0 HTTP/1.1" 304 -
181.128.238.146 - - [20/Dec/2015:19:40:12 -0500] "GET /sipse/faces/javax.faces.resource/jquery/jquery.js?ln=primefaces&v=4.0 HTTP/1.1" 304 -
181.128.238.146 - - [20/Dec/2015:19:40:12 -0500] "GET /sipse/js/funciones.js HTTP/1.1" 200 7861
181.128.238.146 - - [20/Dec/2015:19:40:12 -0500] "GET /sipse/css/custom_css_sg_prime_login.css HTTP/1.1" 200 425
181.128.238.146 - - [20/Dec/2015:19:40:12 -0500] "GET /sipse/css/custom_css_sg.css HTTP/1.1" 200 9436
181.128.238.146 - - [20/Dec/2015:19:40:12 -0500] "GET /sipse/js/disable_browser_buttons.js HTTP/1.1" 200 3230
181.128.238.146 - - [20/Dec/2015:19:40:17 -0500] "GET /sipse_spci/faces/autenticacion.xhtml HTTP/1.1" 404 1120
66.249.64.101 - - [20/Dec/2015:19:40:22 -0500] "GET /BLA/resoluciones/RESOLUCIONES%202007/RES%202007%204301%20AL%204352/RESOLUCION%204310%20DE%202007.pdf HTTP/1.1" 304 -
181.128.238.146 - - [20/Dec/2015:19:40:18 -0500] "GET /sipse/css/imagen/logo.png HTTP/1.1" 200 184624
181.128.238.146 - - [20/Dec/2015:19:40:23 -0500] "GET /sipse/css/imagen/loginimg.png HTTP/1.1" 200 104836
69.162.124.233 - - [20/Dec/2015:19:40:30 -0500] "HEAD / HTTP/1.1" 200 -
107.139.230.200 - - [20/Dec/2015:19:40:34 -0500] "GET /ecodirectorio/? HTTP/1.1" 200 4751
107.139.230.200 - - [20/Dec/2015:19:40:35 -0500] "GET /ecodirectorio/files/js/swfobject.js HTTP/1.1" 200 10220
