181.56.44.226 - - [20/Dec/2015:18:06:37 -0500] "POST /forms/lservlet;jsessionid=ac16012b30d7652a3332ac774696a4929302f2516421.e3iSbxaKaheRe38KbN0Rb34Mc3j0n6jAmljGr5XDqQLvpAe HTTP/1.1" 200 2
5.9.43.242 - - [20/Dec/2015:18:07:06 -0500] "GET /old/wp-admin/ HTTP/1.1" 404 1018
181.129.88.210 - - [20/Dec/2015:18:07:33 -0500] "POST /forms/lservlet;jsessionid=ac16012b30d726745fa422d64092929ced9d64d5dd7c.e3iSbxaKaheRe38KbN0Rb34Mc3j0n6jAmljGr5XDqQLvpAe HTTP/1.1" 200 2
190.25.157.12 - - [20/Dec/2015:18:07:52 -0500] "POST /forms/lservlet;jsessionid=ac16012b30d7fcfb694b74754b67ba13d8349b7969d1.e3iSbxaKaheRe38KbN0Rb34Mc3j0n6jAmljGr5XDqQLvpAe HTTP/1.1" 200 2
66.249.64.96 - - [20/Dec/2015:18:07:56 -0500] "GET /BLA/resoluciones/RESOLUCIONES%202011/6298.pdf HTTP/1.1" 200 1189804
200.118.11.205 - - [20/Dec/2015:18:08:36 -0500] "POST /forms/lservlet;jsessionid=ac16012b30d7abe2c40442bf4578a251a9cdb76748d5.e3iSbxaKaheRe38KbN0Rb34Mc3j0n6jAmljGr5XDqQLvpAe HTTP/1.1" 200 2
181.56.44.226 - - [20/Dec/2015:18:08:37 -0500] "POST /forms/lservlet;jsessionid=ac16012b30d7652a3332ac774696a4929302f2516421.e3iSbxaKaheRe38KbN0Rb34Mc3j0n6jAmljGr5XDqQLvpAe HTTP/1.1" 200 2
190.147.214.94 - - [20/Dec/2015:18:08:50 -0500] "GET /ecodirectorio/files/res/other/search.txt HTTP/1.1" 200 91128
190.147.214.94 - - [20/Dec/2015:18:08:50 -0500] "GET /favicon.ico HTTP/1.1" 200 7782
200.118.11.205 - - [20/Dec/2015:18:09:08 -0500] "POST /forms/lservlet;jsessionid=ac16012b30d7abe2c40442bf4578a251a9cdb76748d5.e3iSbxaKaheRe38KbN0Rb34Mc3j0n6jAmljGr5XDqQLvpAe HTTP/1.1" 200 2
200.118.11.205 - - [20/Dec/2015:18:09:08 -0500] "POST /forms/lservlet;jsessionid=ac16012b30d7abe2c40442bf4578a251a9cdb76748d5.e3iSbxaKaheRe38KbN0Rb34Mc3j0n6jAmljGr5XDqQLvpAe HTTP/1.1" 200 2327
200.118.11.205 - - [20/Dec/2015:18:09:09 -0500] "GET /imagenes/Srch_frw.gif HTTP/1.1" 200 925
200.118.11.205 - - [20/Dec/2015:18:09:09 -0500] "POST /forms/lservlet;jsessionid=ac16012b30d7abe2c40442bf4578a251a9cdb76748d5.e3iSbxaKaheRe38KbN0Rb34Mc3j0n6jAmljGr5XDqQLvpAe HTTP/1.1" 200 10
200.118.11.205 - - [20/Dec/2015:18:09:11 -0500] "POST /forms/lservlet;jsessionid=ac16012b30d7abe2c40442bf4578a251a9cdb76748d5.e3iSbxaKaheRe38KbN0Rb34Mc3j0n6jAmljGr5XDqQLvpAe HTTP/1.1" 200 24
200.118.11.205 - - [20/Dec/2015:18:09:12 -0500] "POST /forms/lservlet;jsessionid=ac16012b30d7abe2c40442bf4578a251a9cdb76748d5.e3iSbxaKaheRe38KbN0Rb34Mc3j0n6jAmljGr5XDqQLvpAe HTTP/1.1" 200 3991
200.118.11.205 - - [20/Dec/2015:18:09:12 -0500] "POST /forms/lservlet;jsessionid=ac16012b30d7abe2c40442bf4578a251a9cdb76748d5.e3iSbxaKaheRe38KbN0Rb34Mc3j0n6jAmljGr5XDqQLvpAe HTTP/1.1" 200 2
66.249.64.101 - - [20/Dec/2015:18:09:20 -0500] "GET /BLA/resoluciones/RESOLUCIONES%202008/1584.pdf HTTP/1.1" 200 96248
181.56.44.226 - - [20/Dec/2015:18:09:24 -0500] "POST /forms/lservlet;jsessionid=ac16012b30d7652a3332ac774696a4929302f2516421.e3iSbxaKaheRe38KbN0Rb34Mc3j0n6jAmljGr5XDqQLvpAe HTTP/1.1" 200 90
181.56.44.226 - - [20/Dec/2015:18:09:25 -0500] "POST /forms/lservlet;jsessionid=ac16012b30d7652a3332ac774696a4929302f2516421.e3iSbxaKaheRe38KbN0Rb34Mc3j0n6jAmljGr5XDqQLvpAe HTTP/1.1" 200 2
181.56.44.226 - - [20/Dec/2015:18:09:26 -0500] "POST /forms/lservlet;jsessionid=ac16012b30d7652a3332ac774696a4929302f2516421.e3iSbxaKaheRe38KbN0Rb34Mc3j0n6jAmljGr5XDqQLvpAe HTTP/1.1" 200 2030
181.56.44.226 - - [20/Dec/2015:18:09:26 -0500] "POST /forms/lservlet;jsessionid=ac16012b30d7652a3332ac774696a4929302f2516421.e3iSbxaKaheRe38KbN0Rb34Mc3j0n6jAmljGr5XDqQLvpAe HTTP/1.1" 200 78
181.56.44.226 - - [20/Dec/2015:18:09:28 -0500] "POST /forms/lservlet;jsessionid=ac16012b30d7652a3332ac774696a4929302f2516421.e3iSbxaKaheRe38KbN0Rb34Mc3j0n6jAmljGr5XDqQLvpAe HTTP/1.1" 200 86
181.56.44.226 - - [20/Dec/2015:18:09:28 -0500] "POST /forms/lservlet;jsessionid=ac16012b30d7652a3332ac774696a4929302f2516421.e3iSbxaKaheRe38KbN0Rb34Mc3j0n6jAmljGr5XDqQLvpAe HTTP/1.1" 200 -
181.129.88.210 - - [20/Dec/2015:18:09:34 -0500] "POST /forms/lservlet;jsessionid=ac16012b30d726745fa422d64092929ced9d64d5dd7c.e3iSbxaKaheRe38KbN0Rb34Mc3j0n6jAmljGr5XDqQLvpAe HTTP/1.1" 200 2
190.25.157.12 - - [20/Dec/2015:18:09:52 -0500] "POST /forms/lservlet;jsessionid=ac16012b30d7fcfb694b74754b67ba13d8349b7969d1.e3iSbxaKaheRe38KbN0Rb34Mc3j0n6jAmljGr5XDqQLvpAe HTTP/1.1" 200 2
186.28.227.62 - - [20/Dec/2015:18:10:04 -0500] "GET /galeria/galeria/jquery.fancybox.css?v=2.1.5 HTTP/1.1" 304 -
186.28.227.62 - - [20/Dec/2015:18:10:04 -0500] "GET /galeria/galeria/jquery.fancybox.js?v=2.1.5 HTTP/1.1" 304 -
186.28.227.62 - - [20/Dec/2015:18:10:04 -0500] "GET /BLA/boletinlegal/js/jquery.scrollShow.js HTTP/1.1" 304 -
69.162.124.233 - - [20/Dec/2015:18:10:30 -0500] "HEAD / HTTP/1.1" 200 -
200.118.11.205 - - [20/Dec/2015:18:10:36 -0500] "POST /forms/lservlet;jsessionid=ac16012b30d7abe2c40442bf4578a251a9cdb76748d5.e3iSbxaKaheRe38KbN0Rb34Mc3j0n6jAmljGr5XDqQLvpAe HTTP/1.1" 200 2
66.249.64.106 - - [20/Dec/2015:18:10:44 -0500] "GET /BLA/resoluciones/AUTOS%202014/1697.pdf HTTP/1.1" 200 778016
181.129.88.210 - - [20/Dec/2015:18:11:34 -0500] "POST /forms/lservlet;jsessionid=ac16012b30d726745fa422d64092929ced9d64d5dd7c.e3iSbxaKaheRe38KbN0Rb34Mc3j0n6jAmljGr5XDqQLvpAe HTTP/1.1" 200 2
190.25.157.12 - - [20/Dec/2015:18:11:52 -0500] "POST /forms/lservlet;jsessionid=ac16012b30d7fcfb694b74754b67ba13d8349b7969d1.e3iSbxaKaheRe38KbN0Rb34Mc3j0n6jAmljGr5XDqQLvpAe HTTP/1.1" 200 2
191.95.125.108 - - [20/Dec/2015:18:12:02 -0500] "GET /BLA/resoluciones/RESOLUCIONES%202009/9612.pdf HTTP/1.1" 200 312410
191.95.125.108 - - [20/Dec/2015:18:12:04 -0500] "GET /BLA/resoluciones/RESOLUCIONES%202009/9612.pdf HTTP/1.1" 200 312410
66.249.64.96 - - [20/Dec/2015:18:12:08 -0500] "GET /BLA/resoluciones/RESOLUCIONES%202014/1628.pdf HTTP/1.1" 200 3653814
186.113.59.112 - - [20/Dec/2015:18:12:13 -0500] "GET /galeria/galeria/jquery.fancybox.css?v=2.1.5 HTTP/1.1" 200 4895
186.113.59.112 - - [20/Dec/2015:18:12:13 -0500] "GET /BLA/boletinlegal/js/jquery.scrollShow.js HTTP/1.1" 200 4586
186.113.59.112 - - [20/Dec/2015:18:12:13 -0500] "GET /galeria/galeria/jquery.fancybox.js?v=2.1.5 HTTP/1.1" 200 48706
200.118.11.205 - - [20/Dec/2015:18:12:37 -0500] "POST /forms/lservlet;jsessionid=ac16012b30d7abe2c40442bf4578a251a9cdb76748d5.e3iSbxaKaheRe38KbN0Rb34Mc3j0n6jAmljGr5XDqQLvpAe HTTP/1.1" 200 2
200.118.11.205 - - [20/Dec/2015:18:13:30 -0500] "POST /forms/lservlet;jsessionid=ac16012b30d7abe2c40442bf4578a251a9cdb76748d5.e3iSbxaKaheRe38KbN0Rb34Mc3j0n6jAmljGr5XDqQLvpAe HTTP/1.1" 200 99
66.249.64.101 - - [20/Dec/2015:18:13:32 -0500] "GET /BLA/resoluciones/AUTOS%202014/0721.pdf HTTP/1.1" 200 517155
181.129.88.210 - - [20/Dec/2015:18:13:34 -0500] "POST /forms/lservlet;jsessionid=ac16012b30d726745fa422d64092929ced9d64d5dd7c.e3iSbxaKaheRe38KbN0Rb34Mc3j0n6jAmljGr5XDqQLvpAe HTTP/1.1" 200 2
190.25.157.12 - - [20/Dec/2015:18:13:52 -0500] "POST /forms/lservlet;jsessionid=ac16012b30d7fcfb694b74754b67ba13d8349b7969d1.e3iSbxaKaheRe38KbN0Rb34Mc3j0n6jAmljGr5XDqQLvpAe HTTP/1.1" 200 2
200.118.11.205 - - [20/Dec/2015:18:13:54 -0500] "POST /forms/lservlet;jsessionid=ac16012b30d7abe2c40442bf4578a251a9cdb76748d5.e3iSbxaKaheRe38KbN0Rb34Mc3j0n6jAmljGr5XDqQLvpAe HTTP/1.1" 200 91
200.118.11.205 - - [20/Dec/2015:18:13:55 -0500] "POST /forms/lservlet;jsessionid=ac16012b30d7abe2c40442bf4578a251a9cdb76748d5.e3iSbxaKaheRe38KbN0Rb34Mc3j0n6jAmljGr5XDqQLvpAe HTTP/1.1" 200 8
200.118.11.205 - - [20/Dec/2015:18:13:55 -0500] "POST /forms/lservlet;jsessionid=ac16012b30d7abe2c40442bf4578a251a9cdb76748d5.e3iSbxaKaheRe38KbN0Rb34Mc3j0n6jAmljGr5XDqQLvpAe HTTP/1.1" 200 2
200.118.11.205 - - [20/Dec/2015:18:14:08 -0500] "POST /forms/lservlet;jsessionid=ac16012b30d7abe2c40442bf4578a251a9cdb76748d5.e3iSbxaKaheRe38KbN0Rb34Mc3j0n6jAmljGr5XDqQLvpAe HTTP/1.1" 200 146
200.118.11.205 - - [20/Dec/2015:18:14:29 -0500] "POST /forms/lservlet;jsessionid=ac16012b30d7abe2c40442bf4578a251a9cdb76748d5.e3iSbxaKaheRe38KbN0Rb34Mc3j0n6jAmljGr5XDqQLvpAe HTTP/1.1" 200 73
200.118.11.205 - - [20/Dec/2015:18:14:37 -0500] "POST /forms/lservlet;jsessionid=ac16012b30d7abe2c40442bf4578a251a9cdb76748d5.e3iSbxaKaheRe38KbN0Rb34Mc3j0n6jAmljGr5XDqQLvpAe HTTP/1.1" 200 2
66.249.64.238 - - [20/Dec/2015:18:14:51 -0500] "GET /ecodirectorio/files/res/downloads/download_0079.pdf HTTP/1.1" 200 209931
66.249.64.106 - - [20/Dec/2015:18:14:56 -0500] "GET /BLA/resoluciones/AUTOS%202013/3029.pdf HTTP/1.1" 200 802823
200.118.11.205 - - [20/Dec/2015:18:14:58 -0500] "POST /forms/lservlet;jsessionid=ac16012b30d7abe2c40442bf4578a251a9cdb76748d5.e3iSbxaKaheRe38KbN0Rb34Mc3j0n6jAmljGr5XDqQLvpAe HTTP/1.1" 200 89
200.118.11.205 - - [20/Dec/2015:18:14:58 -0500] "POST /forms/lservlet;jsessionid=ac16012b30d7abe2c40442bf4578a251a9cdb76748d5.e3iSbxaKaheRe38KbN0Rb34Mc3j0n6jAmljGr5XDqQLvpAe HTTP/1.1" 200 2
200.118.11.205 - - [20/Dec/2015:18:15:00 -0500] "POST /forms/lservlet;jsessionid=ac16012b30d7abe2c40442bf4578a251a9cdb76748d5.e3iSbxaKaheRe38KbN0Rb34Mc3j0n6jAmljGr5XDqQLvpAe HTTP/1.1" 200 46
200.118.11.205 - - [20/Dec/2015:18:15:12 -0500] "POST /forms/lservlet;jsessionid=ac16012b30d7abe2c40442bf4578a251a9cdb76748d5.e3iSbxaKaheRe38KbN0Rb34Mc3j0n6jAmljGr5XDqQLvpAe HTTP/1.1" 200 98
69.162.124.233 - - [20/Dec/2015:18:15:30 -0500] "HEAD / HTTP/1.1" 200 -
181.129.88.210 - - [20/Dec/2015:18:15:34 -0500] "POST /forms/lservlet;jsessionid=ac16012b30d726745fa422d64092929ced9d64d5dd7c.e3iSbxaKaheRe38KbN0Rb34Mc3j0n6jAmljGr5XDqQLvpAe HTTP/1.1" 200 2
180.76.15.19 - - [20/Dec/2015:18:15:37 -0500] "GET / HTTP/1.1" 200 10190
180.76.15.26 - - [20/Dec/2015:18:15:49 -0500] "GET / HTTP/1.1" 200 10190
190.25.157.12 - - [20/Dec/2015:18:15:52 -0500] "POST /forms/lservlet;jsessionid=ac16012b30d7fcfb694b74754b67ba13d8349b7969d1.e3iSbxaKaheRe38KbN0Rb34Mc3j0n6jAmljGr5XDqQLvpAe HTTP/1.1" 200 2
200.118.11.205 - - [20/Dec/2015:18:16:37 -0500] "POST /forms/lservlet;jsessionid=ac16012b30d7abe2c40442bf4578a251a9cdb76748d5.e3iSbxaKaheRe38KbN0Rb34Mc3j0n6jAmljGr5XDqQLvpAe HTTP/1.1" 200 2
66.249.64.101 - - [20/Dec/2015:18:16:20 -0500] "GET /BLA/boletinlegal/ HTTP/1.1" 200 51063
181.129.88.210 - - [20/Dec/2015:18:17:34 -0500] "POST /forms/lservlet;jsessionid=ac16012b30d726745fa422d64092929ced9d64d5dd7c.e3iSbxaKaheRe38KbN0Rb34Mc3j0n6jAmljGr5XDqQLvpAe HTTP/1.1" 200 2
190.25.157.12 - - [20/Dec/2015:18:17:53 -0500] "POST /forms/lservlet;jsessionid=ac16012b30d7fcfb694b74754b67ba13d8349b7969d1.e3iSbxaKaheRe38KbN0Rb34Mc3j0n6jAmljGr5XDqQLvpAe HTTP/1.1" 200 2
200.118.11.205 - - [20/Dec/2015:18:18:37 -0500] "POST /forms/lservlet;jsessionid=ac16012b30d7abe2c40442bf4578a251a9cdb76748d5.e3iSbxaKaheRe38KbN0Rb34Mc3j0n6jAmljGr5XDqQLvpAe HTTP/1.1" 200 2
68.180.230.190 - - [20/Dec/2015:18:18:59 -0500] "GET /BLA/resoluciones/index.php?dir=RESOLUCIONES+2005%2FRES+2005+351-400%2F HTTP/1.1" 200 12243
66.249.64.101 - - [20/Dec/2015:18:19:08 -0500] "GET /BLA/resoluciones/RESOLUCIONES%202012/0680.pdf HTTP/1.1" 200 1550930
181.129.88.210 - - [20/Dec/2015:18:19:34 -0500] "POST /forms/lservlet;jsessionid=ac16012b30d726745fa422d64092929ced9d64d5dd7c.e3iSbxaKaheRe38KbN0Rb34Mc3j0n6jAmljGr5XDqQLvpAe HTTP/1.1" 200 2
191.102.204.13 - - [20/Dec/2015:18:19:40 -0500] "GET /galeria/galeria/jquery.fancybox.css?v=2.1.5 HTTP/1.1" 200 4895
191.102.204.13 - - [20/Dec/2015:18:19:40 -0500] "GET /BLA/boletinlegal/js/jquery.scrollShow.js HTTP/1.1" 200 4586
191.102.204.13 - - [20/Dec/2015:18:19:40 -0500] "GET /galeria/galeria/jquery.fancybox.js?v=2.1.5 HTTP/1.1" 200 48706
191.102.204.13 - - [20/Dec/2015:18:19:46 -0500] "GET /galeria/galeria/jquery.fancybox.js?v=2.1.5 HTTP/1.1" 304 -
191.102.204.13 - - [20/Dec/2015:18:19:46 -0500] "GET /BLA/boletinlegal/js/jquery.scrollShow.js HTTP/1.1" 304 -
191.102.204.13 - - [20/Dec/2015:18:19:46 -0500] "GET /galeria/galeria/jquery.fancybox.css?v=2.1.5 HTTP/1.1" 304 -
190.25.157.12 - - [20/Dec/2015:18:19:53 -0500] "POST /forms/lservlet;jsessionid=ac16012b30d7fcfb694b74754b67ba13d8349b7969d1.e3iSbxaKaheRe38KbN0Rb34Mc3j0n6jAmljGr5XDqQLvpAe HTTP/1.1" 200 2
181.67.40.40 - - [20/Dec/2015:18:19:58 -0500] "GET /galeria/galeria/jquery.fancybox.css?v=2.1.5 HTTP/1.1" 200 4895
181.67.40.40 - - [20/Dec/2015:18:19:58 -0500] "GET /galeria/galeria/jquery.fancybox.js?v=2.1.5 HTTP/1.1" 200 48706
181.67.40.40 - - [20/Dec/2015:18:20:01 -0500] "GET /BLA/boletinlegal/js/jquery.scrollShow.js HTTP/1.1" 200 4586
186.170.253.141 - - [20/Dec/2015:18:20:10 -0500] "GET /galeria/galeria/jquery.fancybox.css?v=2.1.5 HTTP/1.1" 200 4895
186.170.253.141 - - [20/Dec/2015:18:20:10 -0500] "GET /galeria/galeria/jquery.fancybox.js?v=2.1.5 HTTP/1.1" 200 48706
69.162.124.233 - - [20/Dec/2015:18:20:30 -0500] "HEAD / HTTP/1.1" 200 -
66.249.64.106 - - [20/Dec/2015:18:20:32 -0500] "GET /BLA/resoluciones/RESOLUCIONES%202009/0706.pdf HTTP/1.1" 200 212260
200.118.11.205 - - [20/Dec/2015:18:20:37 -0500] "POST /forms/lservlet;jsessionid=ac16012b30d7abe2c40442bf4578a251a9cdb76748d5.e3iSbxaKaheRe38KbN0Rb34Mc3j0n6jAmljGr5XDqQLvpAe HTTP/1.1" 200 2
66.249.64.96 - - [20/Dec/2015:18:20:38 -0500] "GET /BLA/resoluciones/RESOLUCIONES%202008/2784.pdf HTTP/1.1" 200 264195
200.118.11.205 - - [20/Dec/2015:18:20:44 -0500] "POST /forms/lservlet;jsessionid=ac16012b30d7abe2c40442bf4578a251a9cdb76748d5.e3iSbxaKaheRe38KbN0Rb34Mc3j0n6jAmljGr5XDqQLvpAe HTTP/1.1" 200 123
200.118.11.205 - - [20/Dec/2015:18:20:46 -0500] "POST /forms/lservlet;jsessionid=ac16012b30d7abe2c40442bf4578a251a9cdb76748d5.e3iSbxaKaheRe38KbN0Rb34Mc3j0n6jAmljGr5XDqQLvpAe HTTP/1.1" 200 147
200.118.11.205 - - [20/Dec/2015:18:20:46 -0500] "POST /forms/lservlet;jsessionid=ac16012b30d7abe2c40442bf4578a251a9cdb76748d5.e3iSbxaKaheRe38KbN0Rb34Mc3j0n6jAmljGr5XDqQLvpAe HTTP/1.1" 200 7
200.118.11.205 - - [20/Dec/2015:18:21:21 -0500] "POST /forms/lservlet;jsessionid=ac16012b30d7abe2c40442bf4578a251a9cdb76748d5.e3iSbxaKaheRe38KbN0Rb34Mc3j0n6jAmljGr5XDqQLvpAe HTTP/1.1" 200 7
200.118.11.205 - - [20/Dec/2015:18:21:26 -0500] "POST /forms/lservlet;jsessionid=ac16012b30d7abe2c40442bf4578a251a9cdb76748d5.e3iSbxaKaheRe38KbN0Rb34Mc3j0n6jAmljGr5XDqQLvpAe HTTP/1.1" 200 2
200.118.11.205 - - [20/Dec/2015:18:21:26 -0500] "POST /forms/lservlet;jsessionid=ac16012b30d7abe2c40442bf4578a251a9cdb76748d5.e3iSbxaKaheRe38KbN0Rb34Mc3j0n6jAmljGr5XDqQLvpAe HTTP/1.1" 200 14
200.118.11.205 - - [20/Dec/2015:18:21:28 -0500] "POST /forms/lservlet;jsessionid=ac16012b30d7abe2c40442bf4578a251a9cdb76748d5.e3iSbxaKaheRe38KbN0Rb34Mc3j0n6jAmljGr5XDqQLvpAe HTTP/1.1" 200 14
200.118.11.205 - - [20/Dec/2015:18:21:29 -0500] "POST /forms/lservlet;jsessionid=ac16012b30d7abe2c40442bf4578a251a9cdb76748d5.e3iSbxaKaheRe38KbN0Rb34Mc3j0n6jAmljGr5XDqQLvpAe HTTP/1.1" 200 113
200.118.11.205 - - [20/Dec/2015:18:21:30 -0500] "POST /forms/lservlet;jsessionid=ac16012b30d7abe2c40442bf4578a251a9cdb76748d5.e3iSbxaKaheRe38KbN0Rb34Mc3j0n6jAmljGr5XDqQLvpAe HTTP/1.1" 200 2
200.118.11.205 - - [20/Dec/2015:18:21:31 -0500] "GET /reports/rwservlet/getjobid367628?server=rep_srvapsda HTTP/1.1" 200 48011
200.118.11.205 - - [20/Dec/2015:18:21:33 -0500] "POST /forms/lservlet;jsessionid=ac16012b30d7abe2c40442bf4578a251a9cdb76748d5.e3iSbxaKaheRe38KbN0Rb34Mc3j0n6jAmljGr5XDqQLvpAe HTTP/1.1" 200 2
200.118.11.205 - - [20/Dec/2015:18:21:33 -0500] "POST /forms/lservlet;jsessionid=ac16012b30d7abe2c40442bf4578a251a9cdb76748d5.e3iSbxaKaheRe38KbN0Rb34Mc3j0n6jAmljGr5XDqQLvpAe HTTP/1.1" 200 14
181.129.88.210 - - [20/Dec/2015:18:21:35 -0500] "POST /forms/lservlet;jsessionid=ac16012b30d726745fa422d64092929ced9d64d5dd7c.e3iSbxaKaheRe38KbN0Rb34Mc3j0n6jAmljGr5XDqQLvpAe HTTP/1.1" 200 2
200.118.11.205 - - [20/Dec/2015:18:21:36 -0500] "POST /forms/lservlet;jsessionid=ac16012b30d7abe2c40442bf4578a251a9cdb76748d5.e3iSbxaKaheRe38KbN0Rb34Mc3j0n6jAmljGr5XDqQLvpAe HTTP/1.1" 200 96
200.118.11.205 - - [20/Dec/2015:18:21:36 -0500] "POST /forms/lservlet;jsessionid=ac16012b30d7abe2c40442bf4578a251a9cdb76748d5.e3iSbxaKaheRe38KbN0Rb34Mc3j0n6jAmljGr5XDqQLvpAe HTTP/1.1" 200 2
200.118.11.205 - - [20/Dec/2015:18:21:36 -0500] "GET /reports/rwservlet/getjobid367629?server=rep_srvapsda HTTP/1.1" 200 47681
190.25.157.12 - - [20/Dec/2015:18:21:53 -0500] "POST /forms/lservlet;jsessionid=ac16012b30d7fcfb694b74754b67ba13d8349b7969d1.e3iSbxaKaheRe38KbN0Rb34Mc3j0n6jAmljGr5XDqQLvpAe HTTP/1.1" 200 2
66.249.64.96 - - [20/Dec/2015:18:21:56 -0500] "GET /BLA/resoluciones/AUTOS%202011/4567.pdf HTTP/1.1" 200 256181
200.118.11.205 - - [20/Dec/2015:18:22:37 -0500] "POST /forms/lservlet;jsessionid=ac16012b30d7abe2c40442bf4578a251a9cdb76748d5.e3iSbxaKaheRe38KbN0Rb34Mc3j0n6jAmljGr5XDqQLvpAe HTTP/1.1" 200 2
186.147.37.109 - - [20/Dec/2015:18:22:48 -0500] "GET /galeria/galeria/jquery.fancybox.css?v=2.1.5 HTTP/1.1" 200 4895
186.147.37.109 - - [20/Dec/2015:18:22:49 -0500] "GET /BLA/boletinlegal/js/jquery.scrollShow.js HTTP/1.1" 200 4586
186.147.37.109 - - [20/Dec/2015:18:22:49 -0500] "GET /galeria/galeria/jquery.fancybox.js?v=2.1.5 HTTP/1.1" 200 48706
200.118.11.205 - - [20/Dec/2015:18:23:14 -0500] "POST /forms/lservlet;jsessionid=ac16012b30d7abe2c40442bf4578a251a9cdb76748d5.e3iSbxaKaheRe38KbN0Rb34Mc3j0n6jAmljGr5XDqQLvpAe HTTP/1.1" 200 131
190.9.201.112 - - [20/Dec/2015:18:23:16 -0500] "GET /BLA/resoluciones/RESOLUCIONES%202013/1616.pdf HTTP/1.1" 200 614140
190.9.201.112 - - [20/Dec/2015:18:23:17 -0500] "GET /BLA/resoluciones/RESOLUCIONES%202013/1616.pdf HTTP/1.1" 200 614140
66.249.64.96 - - [20/Dec/2015:18:23:20 -0500] "GET /BLA/resoluciones/AUTOS%202010/6585.pdf HTTP/1.1" 200 204307
190.9.201.112 - - [20/Dec/2015:18:23:28 -0500] "GET /BLA/resoluciones/RESOLUCIONES%202013/1616.pdf HTTP/1.1" 200 614140
181.129.88.210 - - [20/Dec/2015:18:23:35 -0500] "POST /forms/lservlet;jsessionid=ac16012b30d726745fa422d64092929ced9d64d5dd7c.e3iSbxaKaheRe38KbN0Rb34Mc3j0n6jAmljGr5XDqQLvpAe HTTP/1.1" 200 2
200.118.11.205 - - [20/Dec/2015:18:23:52 -0500] "POST /forms/lservlet;jsessionid=ac16012b30d7abe2c40442bf4578a251a9cdb76748d5.e3iSbxaKaheRe38KbN0Rb34Mc3j0n6jAmljGr5XDqQLvpAe HTTP/1.1" 200 65
186.84.250.138 - - [20/Dec/2015:18:23:52 -0500] "GET /BLA/resoluciones/RESOLUCIONES%202012/1114.pdf HTTP/1.1" 200 597433
190.25.157.12 - - [20/Dec/2015:18:23:53 -0500] "POST /forms/lservlet;jsessionid=ac16012b30d7fcfb694b74754b67ba13d8349b7969d1.e3iSbxaKaheRe38KbN0Rb34Mc3j0n6jAmljGr5XDqQLvpAe HTTP/1.1" 200 2
186.84.250.138 - - [20/Dec/2015:18:23:53 -0500] "GET /BLA/resoluciones/RESOLUCIONES%202012/1114.pdf HTTP/1.1" 200 597433
66.249.64.101 - - [20/Dec/2015:18:23:54 -0500] "GET /BLA/resoluciones/RESOLUCIONES%202010/1578.pdf HTTP/1.1" 200 498715
186.28.154.215 - - [20/Dec/2015:18:24:05 -0500] "GET /Residuos/impresion/impresion.html HTTP/1.1" 200 1961
66.249.64.243 - - [20/Dec/2015:18:24:07 -0500] "GET /galeria/nivo-slider/demo/images/Marval01a.png HTTP/1.1" 200 651498
190.9.201.112 - - [20/Dec/2015:18:24:07 -0500] "GET /BLA/resoluciones/RESOLUCIONES%202013/1616.pdf HTTP/1.1" 200 614140
186.28.154.215 - - [20/Dec/2015:18:24:08 -0500] "GET /Residuos/impresion/impresion.swf?pageNumber= HTTP/1.1" 200 400858
186.28.154.215 - - [20/Dec/2015:18:24:08 -0500] "GET /favicon.ico HTTP/1.1" 200 7782
186.28.154.215 - - [20/Dec/2015:18:24:10 -0500] "GET /Residuos/impresion/files/info.xml?rnd=726f9d77-d3e3-4441-b57a-6a03ee478b5d HTTP/1.1" 200 67611
186.28.154.215 - - [20/Dec/2015:18:24:10 -0500] "GET /Residuos/impresion/files/search/searchtext.xml HTTP/1.1" 200 210298
190.9.201.112 - - [20/Dec/2015:18:24:11 -0500] "GET /BLA/resoluciones/RESOLUCIONES%202013/1616.pdf HTTP/1.1" 200 614140
186.28.154.215 - - [20/Dec/2015:18:24:16 -0500] "GET /Residuos/impresion/images/page1_thumbnail.jpg HTTP/1.1" 200 15183
186.28.154.215 - - [20/Dec/2015:18:24:16 -0500] "GET /Residuos/impresion/images/page2_thumbnail.jpg HTTP/1.1" 200 3870
186.28.154.215 - - [20/Dec/2015:18:24:16 -0500] "GET /Residuos/impresion/images/page3_thumbnail.jpg HTTP/1.1" 200 3654
186.28.154.215 - - [20/Dec/2015:18:24:16 -0500] "GET /Residuos/impresion/images/page4_thumbnail.jpg HTTP/1.1" 200 4452
186.28.154.215 - - [20/Dec/2015:18:24:16 -0500] "GET /Residuos/impresion/images/page5_thumbnail.jpg HTTP/1.1" 200 3675
186.28.154.215 - - [20/Dec/2015:18:24:16 -0500] "GET /Residuos/impresion/images/page5_thumbnail.jpg HTTP/1.1" 200 3675
186.28.154.215 - - [20/Dec/2015:18:24:16 -0500] "GET /Residuos/impresion/images/page6_thumbnail.jpg HTTP/1.1" 200 4637
186.28.154.215 - - [20/Dec/2015:18:24:16 -0500] "GET /Residuos/impresion/images/page6_thumbnail.jpg HTTP/1.1" 200 4637
186.28.154.215 - - [20/Dec/2015:18:24:16 -0500] "GET /Residuos/impresion/images/page7_thumbnail.jpg HTTP/1.1" 200 3830
186.28.154.215 - - [20/Dec/2015:18:24:17 -0500] "GET /Residuos/impresion/images/page7_thumbnail.jpg HTTP/1.1" 200 3830
186.28.154.215 - - [20/Dec/2015:18:24:17 -0500] "GET /Residuos/impresion/images/page8_thumbnail.jpg HTTP/1.1" 200 821
186.28.154.215 - - [20/Dec/2015:18:24:17 -0500] "GET /Residuos/impresion/images/page8_thumbnail.jpg HTTP/1.1" 200 821
186.28.154.215 - - [20/Dec/2015:18:24:17 -0500] "GET /Residuos/impresion/images/page9_thumbnail.jpg HTTP/1.1" 200 4795
186.28.154.215 - - [20/Dec/2015:18:24:17 -0500] "GET /Residuos/impresion/images/page9_thumbnail.jpg HTTP/1.1" 200 4795
186.28.154.215 - - [20/Dec/2015:18:24:17 -0500] "GET /Residuos/impresion/images/page10_thumbnail.jpg HTTP/1.1" 200 6674
186.28.154.215 - - [20/Dec/2015:18:24:17 -0500] "GET /Residuos/impresion/images/page10_thumbnail.jpg HTTP/1.1" 200 6674
186.28.154.215 - - [20/Dec/2015:18:24:17 -0500] "GET /Residuos/impresion/images/page11_thumbnail.jpg HTTP/1.1" 200 15522
186.28.154.215 - - [20/Dec/2015:18:24:17 -0500] "GET /Residuos/impresion/images/page11_thumbnail.jpg HTTP/1.1" 200 15522
186.28.154.215 - - [20/Dec/2015:18:24:17 -0500] "GET /Residuos/impresion/images/page1.swf HTTP/1.1" 200 758003
186.28.154.215 - - [20/Dec/2015:18:24:18 -0500] "GET /Residuos/impresion/images/page12_thumbnail.jpg HTTP/1.1" 200 4633
186.28.154.215 - - [20/Dec/2015:18:24:18 -0500] "GET /Residuos/impresion/images/page13_thumbnail.jpg HTTP/1.1" 200 9333
186.28.154.215 - - [20/Dec/2015:18:24:18 -0500] "GET /Residuos/impresion/images/page14_thumbnail.jpg HTTP/1.1" 200 4426
186.28.154.215 - - [20/Dec/2015:18:24:18 -0500] "GET /Residuos/impresion/images/page15_thumbnail.jpg HTTP/1.1" 200 5005
186.28.154.215 - - [20/Dec/2015:18:24:18 -0500] "GET /Residuos/impresion/images/page16_thumbnail.jpg HTTP/1.1" 200 10243
186.28.154.215 - - [20/Dec/2015:18:24:18 -0500] "GET /Residuos/impresion/images/page17_thumbnail.jpg HTTP/1.1" 200 9069
186.28.154.215 - - [20/Dec/2015:18:24:18 -0500] "GET /Residuos/impresion/images/page18_thumbnail.jpg HTTP/1.1" 200 6259
186.28.154.215 - - [20/Dec/2015:18:24:18 -0500] "GET /Residuos/impresion/images/page19_thumbnail.jpg HTTP/1.1" 200 8285
186.28.154.215 - - [20/Dec/2015:18:24:18 -0500] "GET /Residuos/impresion/images/page20_thumbnail.jpg HTTP/1.1" 200 8760
186.28.154.215 - - [20/Dec/2015:18:24:19 -0500] "GET /Residuos/impresion/files/search/search1.xml HTTP/1.1" 200 630
186.28.154.215 - - [20/Dec/2015:18:24:19 -0500] "GET /Residuos/impresion/images/page2.swf HTTP/1.1" 200 31322
186.28.154.215 - - [20/Dec/2015:18:24:19 -0500] "GET /Residuos/impresion/images/page21_thumbnail.jpg HTTP/1.1" 200 3760
186.28.154.215 - - [20/Dec/2015:18:24:19 -0500] "GET /Residuos/impresion/images/page22_thumbnail.jpg HTTP/1.1" 200 11002
186.28.154.215 - - [20/Dec/2015:18:24:19 -0500] "GET /Residuos/impresion/images/page23_thumbnail.jpg HTTP/1.1" 200 11597
186.28.154.215 - - [20/Dec/2015:18:24:20 -0500] "GET /Residuos/impresion/files/search/search2.xml HTTP/1.1" 200 8538
186.28.154.215 - - [20/Dec/2015:18:24:20 -0500] "GET /Residuos/impresion/images/page3.swf HTTP/1.1" 200 24872
186.28.154.215 - - [20/Dec/2015:18:24:20 -0500] "GET /Residuos/impresion/images/page24_thumbnail.jpg HTTP/1.1" 200 11663
186.28.154.215 - - [20/Dec/2015:18:24:20 -0500] "GET /Residuos/impresion/images/page25_thumbnail.jpg HTTP/1.1" 200 10930
186.28.154.215 - - [20/Dec/2015:18:24:20 -0500] "GET /Residuos/impresion/images/page4.swf HTTP/1.1" 200 26085
186.28.154.215 - - [20/Dec/2015:18:24:20 -0500] "GET /Residuos/impresion/files/search/search3.xml HTTP/1.1" 200 9203
186.28.154.215 - - [20/Dec/2015:18:24:20 -0500] "GET /Residuos/impresion/images/page26_thumbnail.jpg HTTP/1.1" 200 10881
186.28.154.215 - - [20/Dec/2015:18:24:20 -0500] "GET /Residuos/impresion/files/search/search4.xml HTTP/1.1" 200 10398
186.28.154.215 - - [20/Dec/2015:18:24:20 -0500] "GET /Residuos/impresion/images/page5.swf HTTP/1.1" 200 23014
186.28.154.215 - - [20/Dec/2015:18:24:20 -0500] "GET /Residuos/impresion/images/page27_thumbnail.jpg HTTP/1.1" 200 11712
186.28.154.215 - - [20/Dec/2015:18:24:20 -0500] "GET /Residuos/impresion/images/page28_thumbnail.jpg HTTP/1.1" 200 7379
186.28.154.215 - - [20/Dec/2015:18:24:20 -0500] "GET /Residuos/impresion/files/search/search5.xml HTTP/1.1" 200 8755
186.28.154.215 - - [20/Dec/2015:18:24:20 -0500] "GET /Residuos/impresion/images/page29_thumbnail.jpg HTTP/1.1" 200 9336
186.28.154.215 - - [20/Dec/2015:18:24:21 -0500] "GET /Residuos/impresion/images/page30_thumbnail.jpg HTTP/1.1" 200 11072
186.28.154.215 - - [20/Dec/2015:18:24:21 -0500] "GET /Residuos/impresion/images/page31_thumbnail.jpg HTTP/1.1" 200 11012
186.28.154.215 - - [20/Dec/2015:18:24:21 -0500] "GET /Residuos/impresion/images/page32_thumbnail.jpg HTTP/1.1" 200 8986
186.28.154.215 - - [20/Dec/2015:18:24:21 -0500] "GET /Residuos/impresion/images/page33_thumbnail.jpg HTTP/1.1" 200 6917
186.28.154.215 - - [20/Dec/2015:18:24:21 -0500] "GET /Residuos/impresion/images/page34_thumbnail.jpg HTTP/1.1" 200 11370
186.28.154.215 - - [20/Dec/2015:18:24:21 -0500] "GET /Residuos/impresion/images/page35_thumbnail.jpg HTTP/1.1" 200 5259
186.28.154.215 - - [20/Dec/2015:18:24:21 -0500] "GET /Residuos/impresion/images/page36_thumbnail.jpg HTTP/1.1" 200 7831
186.28.154.215 - - [20/Dec/2015:18:24:21 -0500] "GET /Residuos/impresion/images/page37_thumbnail.jpg HTTP/1.1" 200 5180
186.28.154.215 - - [20/Dec/2015:18:24:22 -0500] "GET /Residuos/impresion/images/page38_thumbnail.jpg HTTP/1.1" 200 5222
186.28.154.215 - - [20/Dec/2015:18:24:22 -0500] "GET /Residuos/impresion/images/page39_thumbnail.jpg HTTP/1.1" 200 4001
186.28.154.215 - - [20/Dec/2015:18:24:22 -0500] "GET /Residuos/impresion/images/page40_thumbnail.jpg HTTP/1.1" 200 3848
186.28.154.215 - - [20/Dec/2015:18:24:22 -0500] "GET /Residuos/impresion/images/page41_thumbnail.jpg HTTP/1.1" 200 12446
186.28.154.215 - - [20/Dec/2015:18:24:22 -0500] "GET /Residuos/impresion/images/page42_thumbnail.jpg HTTP/1.1" 200 9343
186.28.154.215 - - [20/Dec/2015:18:24:22 -0500] "GET /Residuos/impresion/images/page43_thumbnail.jpg HTTP/1.1" 200 7262
186.28.154.215 - - [20/Dec/2015:18:24:22 -0500] "GET /Residuos/impresion/images/page44_thumbnail.jpg HTTP/1.1" 200 6673
186.28.154.215 - - [20/Dec/2015:18:24:22 -0500] "GET /Residuos/impresion/images/page45_thumbnail.jpg HTTP/1.1" 200 8966
186.28.154.215 - - [20/Dec/2015:18:24:23 -0500] "GET /Residuos/impresion/images/page46_thumbnail.jpg HTTP/1.1" 200 9487
186.28.154.215 - - [20/Dec/2015:18:24:23 -0500] "GET /Residuos/impresion/images/page47_thumbnail.jpg HTTP/1.1" 200 7056
186.28.154.215 - - [20/Dec/2015:18:24:23 -0500] "GET /Residuos/impresion/images/page48_thumbnail.jpg HTTP/1.1" 200 4591
186.28.154.215 - - [20/Dec/2015:18:24:23 -0500] "GET /Residuos/impresion/images/page49_thumbnail.jpg HTTP/1.1" 200 5978
186.28.154.215 - - [20/Dec/2015:18:24:23 -0500] "GET /Residuos/impresion/images/page50_thumbnail.jpg HTTP/1.1" 200 5289
186.28.154.215 - - [20/Dec/2015:18:24:23 -0500] "GET /Residuos/impresion/images/page51_thumbnail.jpg HTTP/1.1" 200 4964
186.28.154.215 - - [20/Dec/2015:18:24:23 -0500] "GET /Residuos/impresion/images/page52_thumbnail.jpg HTTP/1.1" 200 5009
186.28.154.215 - - [20/Dec/2015:18:24:23 -0500] "GET /Residuos/impresion/images/page53_thumbnail.jpg HTTP/1.1" 200 5182
186.28.154.215 - - [20/Dec/2015:18:24:23 -0500] "GET /Residuos/impresion/images/page54_thumbnail.jpg HTTP/1.1" 200 5028
186.28.154.215 - - [20/Dec/2015:18:24:24 -0500] "GET /Residuos/impresion/images/page55_thumbnail.jpg HTTP/1.1" 200 5249
186.28.154.215 - - [20/Dec/2015:18:24:24 -0500] "GET /Residuos/impresion/images/page56_thumbnail.jpg HTTP/1.1" 200 5317
186.28.154.215 - - [20/Dec/2015:18:24:24 -0500] "GET /Residuos/impresion/images/page57_thumbnail.jpg HTTP/1.1" 200 5039
186.28.154.215 - - [20/Dec/2015:18:24:24 -0500] "GET /Residuos/impresion/images/page58_thumbnail.jpg HTTP/1.1" 200 5376
186.28.154.215 - - [20/Dec/2015:18:24:24 -0500] "GET /Residuos/impresion/images/page59_thumbnail.jpg HTTP/1.1" 200 5428
186.28.154.215 - - [20/Dec/2015:18:24:24 -0500] "GET /Residuos/impresion/images/page60_thumbnail.jpg HTTP/1.1" 200 4807
186.28.154.215 - - [20/Dec/2015:18:24:24 -0500] "GET /Residuos/impresion/images/page61_thumbnail.jpg HTTP/1.1" 200 7215
186.28.154.215 - - [20/Dec/2015:18:24:24 -0500] "GET /Residuos/impresion/images/page62_thumbnail.jpg HTTP/1.1" 200 4871
186.28.154.215 - - [20/Dec/2015:18:24:24 -0500] "GET /Residuos/impresion/images/page63_thumbnail.jpg HTTP/1.1" 200 4982
186.28.154.215 - - [20/Dec/2015:18:24:24 -0500] "GET /Residuos/impresion/images/page64_thumbnail.jpg HTTP/1.1" 200 10391
186.28.154.215 - - [20/Dec/2015:18:24:25 -0500] "GET /Residuos/impresion/images/page65_thumbnail.jpg HTTP/1.1" 200 8865
186.28.154.215 - - [20/Dec/2015:18:24:25 -0500] "GET /Residuos/impresion/images/page66_thumbnail.jpg HTTP/1.1" 200 7041
186.28.154.215 - - [20/Dec/2015:18:24:25 -0500] "GET /Residuos/impresion/images/page67_thumbnail.jpg HTTP/1.1" 200 5182
186.28.154.215 - - [20/Dec/2015:18:24:25 -0500] "GET /Residuos/impresion/images/page68_thumbnail.jpg HTTP/1.1" 200 4972
186.28.154.215 - - [20/Dec/2015:18:24:25 -0500] "GET /Residuos/impresion/images/page69_thumbnail.jpg HTTP/1.1" 200 7222
186.28.154.215 - - [20/Dec/2015:18:24:25 -0500] "GET /Residuos/impresion/images/page70_thumbnail.jpg HTTP/1.1" 200 5682
186.28.154.215 - - [20/Dec/2015:18:24:25 -0500] "GET /Residuos/impresion/images/page71_thumbnail.jpg HTTP/1.1" 200 5768
186.28.154.215 - - [20/Dec/2015:18:24:25 -0500] "GET /Residuos/impresion/images/page72_thumbnail.jpg HTTP/1.1" 200 5811
186.28.154.215 - - [20/Dec/2015:18:24:26 -0500] "GET /Residuos/impresion/images/page73_thumbnail.jpg HTTP/1.1" 200 6296
186.28.154.215 - - [20/Dec/2015:18:24:26 -0500] "GET /Residuos/impresion/images/page74_thumbnail.jpg HTTP/1.1" 200 6057
186.28.154.215 - - [20/Dec/2015:18:24:26 -0500] "GET /Residuos/impresion/images/page75_thumbnail.jpg HTTP/1.1" 200 4686
186.28.154.215 - - [20/Dec/2015:18:24:26 -0500] "GET /Residuos/impresion/images/page76_thumbnail.jpg HTTP/1.1" 200 9596
186.28.154.215 - - [20/Dec/2015:18:24:26 -0500] "GET /Residuos/impresion/images/page77_thumbnail.jpg HTTP/1.1" 200 6904
186.28.154.215 - - [20/Dec/2015:18:24:26 -0500] "GET /Residuos/impresion/images/page78_thumbnail.jpg HTTP/1.1" 200 8769
186.28.154.215 - - [20/Dec/2015:18:24:27 -0500] "GET /Residuos/impresion/images/page79_thumbnail.jpg HTTP/1.1" 200 7376
186.28.154.215 - - [20/Dec/2015:18:24:27 -0500] "GET /Residuos/impresion/images/page80_thumbnail.jpg HTTP/1.1" 200 6285
186.28.154.215 - - [20/Dec/2015:18:24:27 -0500] "GET /Residuos/impresion/images/page81_thumbnail.jpg HTTP/1.1" 200 5664
186.28.154.215 - - [20/Dec/2015:18:24:27 -0500] "GET /Residuos/impresion/images/page82_thumbnail.jpg HTTP/1.1" 200 4777
186.28.154.215 - - [20/Dec/2015:18:24:27 -0500] "GET /Residuos/impresion/images/page83_thumbnail.jpg HTTP/1.1" 200 4632
186.28.154.215 - - [20/Dec/2015:18:24:27 -0500] "GET /Residuos/impresion/images/page84_thumbnail.jpg HTTP/1.1" 200 7496
186.28.154.215 - - [20/Dec/2015:18:24:27 -0500] "GET /Residuos/impresion/images/page85_thumbnail.jpg HTTP/1.1" 200 6955
186.28.154.215 - - [20/Dec/2015:18:24:27 -0500] "GET /Residuos/impresion/images/page86_thumbnail.jpg HTTP/1.1" 200 5367
186.28.154.215 - - [20/Dec/2015:18:24:27 -0500] "GET /Residuos/impresion/images/page87_thumbnail.jpg HTTP/1.1" 200 3831
186.28.154.215 - - [20/Dec/2015:18:24:28 -0500] "GET /Residuos/impresion/images/page88_thumbnail.jpg HTTP/1.1" 200 5714
186.28.154.215 - - [20/Dec/2015:18:24:28 -0500] "GET /Residuos/impresion/images/page89_thumbnail.jpg HTTP/1.1" 200 6324
186.28.154.215 - - [20/Dec/2015:18:24:28 -0500] "GET /Residuos/impresion/images/page90_thumbnail.jpg HTTP/1.1" 200 5026
186.28.154.215 - - [20/Dec/2015:18:24:28 -0500] "GET /Residuos/impresion/images/page91_thumbnail.jpg HTTP/1.1" 200 5753
186.28.154.215 - - [20/Dec/2015:18:24:28 -0500] "GET /Residuos/impresion/images/page6.swf HTTP/1.1" 200 18139
186.28.154.215 - - [20/Dec/2015:18:24:28 -0500] "GET /Residuos/impresion/images/page92_thumbnail.jpg HTTP/1.1" 200 6128
186.28.154.215 - - [20/Dec/2015:18:24:28 -0500] "GET /Residuos/impresion/images/page93_thumbnail.jpg HTTP/1.1" 200 5724
186.28.154.215 - - [20/Dec/2015:18:24:28 -0500] "GET /Residuos/impresion/images/page7.swf HTTP/1.1" 200 22411
186.28.154.215 - - [20/Dec/2015:18:24:28 -0500] "GET /Residuos/impresion/files/search/search6.xml HTTP/1.1" 200 12702
186.28.154.215 - - [20/Dec/2015:18:24:28 -0500] "GET /Residuos/impresion/images/page94_thumbnail.jpg HTTP/1.1" 200 7126
186.28.154.215 - - [20/Dec/2015:18:24:29 -0500] "GET /Residuos/impresion/images/page95_thumbnail.jpg HTTP/1.1" 200 8330
186.28.154.215 - - [20/Dec/2015:18:24:29 -0500] "GET /Residuos/impresion/files/search/search7.xml HTTP/1.1" 200 10125
186.28.154.215 - - [20/Dec/2015:18:24:29 -0500] "GET /Residuos/impresion/images/page96_thumbnail.jpg HTTP/1.1" 200 4453
186.28.154.215 - - [20/Dec/2015:18:24:29 -0500] "GET /Residuos/impresion/images/page97_thumbnail.jpg HTTP/1.1" 200 6092
186.28.154.215 - - [20/Dec/2015:18:24:29 -0500] "GET /Residuos/impresion/images/page98_thumbnail.jpg HTTP/1.1" 200 7087
186.28.154.215 - - [20/Dec/2015:18:24:29 -0500] "GET /Residuos/impresion/images/page99_thumbnail.jpg HTTP/1.1" 200 5811
186.28.154.215 - - [20/Dec/2015:18:24:29 -0500] "GET /Residuos/impresion/images/page100_thumbnail.jpg HTTP/1.1" 200 4909
186.28.154.215 - - [20/Dec/2015:18:24:29 -0500] "GET /Residuos/impresion/images/page101_thumbnail.jpg HTTP/1.1" 200 5642
186.28.154.215 - - [20/Dec/2015:18:24:29 -0500] "GET /Residuos/impresion/images/page102_thumbnail.jpg HTTP/1.1" 200 6895
186.28.154.215 - - [20/Dec/2015:18:24:29 -0500] "GET /Residuos/impresion/images/page103_thumbnail.jpg HTTP/1.1" 200 5372
186.28.154.215 - - [20/Dec/2015:18:24:29 -0500] "GET /Residuos/impresion/images/page104_thumbnail.jpg HTTP/1.1" 200 6160
186.28.154.215 - - [20/Dec/2015:18:24:30 -0500] "GET /Residuos/impresion/images/page105_thumbnail.jpg HTTP/1.1" 200 6042
186.28.154.215 - - [20/Dec/2015:18:24:30 -0500] "GET /Residuos/impresion/images/page106_thumbnail.jpg HTTP/1.1" 200 5395
186.28.154.215 - - [20/Dec/2015:18:24:30 -0500] "GET /Residuos/impresion/images/page107_thumbnail.jpg HTTP/1.1" 200 5574
186.28.154.215 - - [20/Dec/2015:18:24:30 -0500] "GET /Residuos/impresion/images/page108_thumbnail.jpg HTTP/1.1" 200 3659
186.28.154.215 - - [20/Dec/2015:18:24:30 -0500] "GET /Residuos/impresion/images/page109_thumbnail.jpg HTTP/1.1" 200 3173
186.28.154.215 - - [20/Dec/2015:18:24:30 -0500] "GET /Residuos/impresion/images/page110_thumbnail.jpg HTTP/1.1" 200 997
200.118.11.205 - - [20/Dec/2015:18:24:37 -0500] "POST /forms/lservlet;jsessionid=ac16012b30d7abe2c40442bf4578a251a9cdb76748d5.e3iSbxaKaheRe38KbN0Rb34Mc3j0n6jAmljGr5XDqQLvpAe HTTP/1.1" 200 2
186.28.154.215 - - [20/Dec/2015:18:24:39 -0500] "GET /Residuos/impresion/images/page8.swf HTTP/1.1" 200 3097
186.28.154.215 - - [20/Dec/2015:18:24:39 -0500] "GET /Residuos/impresion/files/search/search8.xml HTTP/1.1" 200 231
186.28.154.215 - - [20/Dec/2015:18:24:39 -0500] "GET /Residuos/impresion/images/page9.swf HTTP/1.1" 200 21011
186.28.154.215 - - [20/Dec/2015:18:24:39 -0500] "GET /Residuos/impresion/files/search/search9.xml HTTP/1.1" 200 13115
66.249.64.106 - - [20/Dec/2015:18:24:44 -0500] "GET / HTTP/1.1" 200 10190
186.28.154.215 - - [20/Dec/2015:18:24:49 -0500] "GET /Residuos/impresion/images/page10.swf HTTP/1.1" 200 17417
186.28.154.215 - - [20/Dec/2015:18:24:49 -0500] "GET /Residuos/impresion/files/search/search10.xml HTTP/1.1" 200 20553
186.28.154.215 - - [20/Dec/2015:18:24:49 -0500] "GET /Residuos/impresion/images/page11.swf HTTP/1.1" 200 464524
186.28.154.215 - - [20/Dec/2015:18:24:50 -0500] "GET /Residuos/impresion/files/search/search11.xml HTTP/1.1" 200 9903
186.28.154.215 - - [20/Dec/2015:18:24:51 -0500] "GET /Residuos/impresion/images/page12.swf HTTP/1.1" 200 15193
186.28.154.215 - - [20/Dec/2015:18:24:51 -0500] "GET /Residuos/impresion/files/search/search12.xml HTTP/1.1" 200 13448
186.28.154.215 - - [20/Dec/2015:18:24:51 -0500] "GET /Residuos/impresion/images/page13.swf HTTP/1.1" 200 363814
186.28.154.215 - - [20/Dec/2015:18:24:52 -0500] "GET /Residuos/impresion/files/search/search13.xml HTTP/1.1" 200 11843
186.28.154.215 - - [20/Dec/2015:18:24:56 -0500] "GET /Residuos/impresion/images/page14.swf HTTP/1.1" 200 14689
186.28.154.215 - - [20/Dec/2015:18:24:56 -0500] "GET /Residuos/impresion/files/search/search14.xml HTTP/1.1" 200 11723
186.28.154.215 - - [20/Dec/2015:18:24:56 -0500] "GET /Residuos/impresion/images/page15.swf HTTP/1.1" 200 28234
186.28.154.215 - - [20/Dec/2015:18:24:56 -0500] "GET /Residuos/impresion/files/search/search15.xml HTTP/1.1" 200 12747
186.28.154.215 - - [20/Dec/2015:18:25:13 -0500] "GET /Residuos/impresion/files/guia_impresion-lit.pdf HTTP/1.1" 200 12573981
186.28.154.215 - - [20/Dec/2015:18:25:17 -0500] "GET /Residuos/impresion/files/guia_impresion-lit.pdf HTTP/1.1" 206 32768
186.28.154.215 - - [20/Dec/2015:18:25:17 -0500] "GET /Residuos/impresion/files/guia_impresion-lit.pdf HTTP/1.1" 206 12541213
69.162.124.233 - - [20/Dec/2015:18:25:30 -0500] "HEAD / HTTP/1.1" 200 -
181.129.88.210 - - [20/Dec/2015:18:25:35 -0500] "POST /forms/lservlet;jsessionid=ac16012b30d726745fa422d64092929ced9d64d5dd7c.e3iSbxaKaheRe38KbN0Rb34Mc3j0n6jAmljGr5XDqQLvpAe HTTP/1.1" 200 2
190.25.157.12 - - [20/Dec/2015:18:25:53 -0500] "POST /forms/lservlet;jsessionid=ac16012b30d7fcfb694b74754b67ba13d8349b7969d1.e3iSbxaKaheRe38KbN0Rb34Mc3j0n6jAmljGr5XDqQLvpAe HTTP/1.1" 200 2
66.249.64.238 - - [20/Dec/2015:18:26:20 -0500] "GET /POT-2013/Cartografia/16_Sistema%20de%20Movilidad_Subsistema%20de%20Transporte_SITP_FEB.pdf HTTP/1.1" 200 6510656
200.118.11.205 - - [20/Dec/2015:18:26:37 -0500] "POST /forms/lservlet;jsessionid=ac16012b30d7abe2c40442bf4578a251a9cdb76748d5.e3iSbxaKaheRe38KbN0Rb34Mc3j0n6jAmljGr5XDqQLvpAe HTTP/1.1" 200 2
186.147.10.110 - - [20/Dec/2015:18:27:03 -0500] "GET /BLA/boletinlegal/js/jquery.scrollShow.js HTTP/1.1" 200 4586
186.147.10.110 - - [20/Dec/2015:18:27:03 -0500] "GET /galeria/galeria/jquery.fancybox.css?v=2.1.5 HTTP/1.1" 200 4895
186.147.10.110 - - [20/Dec/2015:18:27:03 -0500] "GET /galeria/galeria/jquery.fancybox.js?v=2.1.5 HTTP/1.1" 200 48706
181.129.88.210 - - [20/Dec/2015:18:27:11 -0500] "POST /forms/lservlet;jsessionid=ac16012b30d726745fa422d64092929ced9d64d5dd7c.e3iSbxaKaheRe38KbN0Rb34Mc3j0n6jAmljGr5XDqQLvpAe HTTP/1.1" 200 2
181.129.88.210 - - [20/Dec/2015:18:27:11 -0500] "POST /forms/lservlet;jsessionid=ac16012b30d726745fa422d64092929ced9d64d5dd7c.e3iSbxaKaheRe38KbN0Rb34Mc3j0n6jAmljGr5XDqQLvpAe HTTP/1.1" 200 688
181.129.88.210 - - [20/Dec/2015:18:27:12 -0500] "POST /forms/lservlet;jsessionid=ac16012b30d726745fa422d64092929ced9d64d5dd7c.e3iSbxaKaheRe38KbN0Rb34Mc3j0n6jAmljGr5XDqQLvpAe HTTP/1.1" 200 10
181.129.88.210 - - [20/Dec/2015:18:27:14 -0500] "POST /forms/lservlet;jsessionid=ac16012b30d726745fa422d64092929ced9d64d5dd7c.e3iSbxaKaheRe38KbN0Rb34Mc3j0n6jAmljGr5XDqQLvpAe HTTP/1.1" 200 24
181.129.88.210 - - [20/Dec/2015:18:27:14 -0500] "POST /forms/lservlet;jsessionid=ac16012b30d726745fa422d64092929ced9d64d5dd7c.e3iSbxaKaheRe38KbN0Rb34Mc3j0n6jAmljGr5XDqQLvpAe HTTP/1.1" 200 4257
181.129.88.210 - - [20/Dec/2015:18:27:15 -0500] "POST /forms/lservlet;jsessionid=ac16012b30d726745fa422d64092929ced9d64d5dd7c.e3iSbxaKaheRe38KbN0Rb34Mc3j0n6jAmljGr5XDqQLvpAe HTTP/1.1" 200 2
181.129.88.210 - - [20/Dec/2015:18:27:16 -0500] "POST /forms/lservlet;jsessionid=ac16012b30d726745fa422d64092929ced9d64d5dd7c.e3iSbxaKaheRe38KbN0Rb34Mc3j0n6jAmljGr5XDqQLvpAe HTTP/1.1" 200 2
181.129.88.210 - - [20/Dec/2015:18:27:16 -0500] "POST /forms/lservlet;jsessionid=ac16012b30d726745fa422d64092929ced9d64d5dd7c.e3iSbxaKaheRe38KbN0Rb34Mc3j0n6jAmljGr5XDqQLvpAe HTTP/1.1" 200 14
181.129.88.210 - - [20/Dec/2015:18:27:17 -0500] "POST /forms/lservlet;jsessionid=ac16012b30d726745fa422d64092929ced9d64d5dd7c.e3iSbxaKaheRe38KbN0Rb34Mc3j0n6jAmljGr5XDqQLvpAe HTTP/1.1" 200 14
181.129.88.210 - - [20/Dec/2015:18:27:19 -0500] "POST /forms/lservlet;jsessionid=ac16012b30d726745fa422d64092929ced9d64d5dd7c.e3iSbxaKaheRe38KbN0Rb34Mc3j0n6jAmljGr5XDqQLvpAe HTTP/1.1" 200 131
181.129.88.210 - - [20/Dec/2015:18:27:19 -0500] "POST /forms/lservlet;jsessionid=ac16012b30d726745fa422d64092929ced9d64d5dd7c.e3iSbxaKaheRe38KbN0Rb34Mc3j0n6jAmljGr5XDqQLvpAe HTTP/1.1" 200 2
181.129.88.210 - - [20/Dec/2015:18:27:20 -0500] "GET /reports/rwservlet/getjobid367630?server=rep_srvapsda HTTP/1.1" 200 47887
186.147.10.110 - - [20/Dec/2015:18:27:23 -0500] "GET /BLA/boletinlegal/js/jquery.scrollShow.js HTTP/1.1" 304 -
186.147.10.110 - - [20/Dec/2015:18:27:23 -0500] "GET /galeria/galeria/jquery.fancybox.js?v=2.1.5 HTTP/1.1" 304 -
186.147.10.110 - - [20/Dec/2015:18:27:23 -0500] "GET /galeria/galeria/jquery.fancybox.css?v=2.1.5 HTTP/1.1" 304 -
66.249.64.96 - - [20/Dec/2015:18:27:32 -0500] "GET /BLA/resoluciones/AUTOS%202008/0987.pdf HTTP/1.1" 200 292866
181.129.88.210 - - [20/Dec/2015:18:27:35 -0500] "POST /forms/lservlet;jsessionid=ac16012b30d726745fa422d64092929ced9d64d5dd7c.e3iSbxaKaheRe38KbN0Rb34Mc3j0n6jAmljGr5XDqQLvpAe HTTP/1.1" 200 2
190.25.157.12 - - [20/Dec/2015:18:27:53 -0500] "POST /forms/lservlet;jsessionid=ac16012b30d7fcfb694b74754b67ba13d8349b7969d1.e3iSbxaKaheRe38KbN0Rb34Mc3j0n6jAmljGr5XDqQLvpAe HTTP/1.1" 200 2
200.118.11.205 - - [20/Dec/2015:18:28:38 -0500] "POST /forms/lservlet;jsessionid=ac16012b30d7abe2c40442bf4578a251a9cdb76748d5.e3iSbxaKaheRe38KbN0Rb34Mc3j0n6jAmljGr5XDqQLvpAe HTTP/1.1" 200 2
66.249.64.106 - - [20/Dec/2015:18:28:56 -0500] "GET /BLA/boletinlegal/jurisprudencia/analisis/Analisis%20jurisprudencial%20Sentencia%20C-366-11.doc HTTP/1.1" 304 -
190.157.188.55 - - [20/Dec/2015:18:29:09 -0500] "GET /ecodirectorio/files/res/pages/page_0030.swf HTTP/1.1" 200 152787
190.157.188.55 - - [20/Dec/2015:18:29:09 -0500] "GET /ecodirectorio/files/res/pages/page_0029.swf HTTP/1.1" 200 219796
181.129.88.210 - - [20/Dec/2015:18:29:35 -0500] "POST /forms/lservlet;jsessionid=ac16012b30d726745fa422d64092929ced9d64d5dd7c.e3iSbxaKaheRe38KbN0Rb34Mc3j0n6jAmljGr5XDqQLvpAe HTTP/1.1" 200 2
181.129.88.210 - - [20/Dec/2015:18:29:51 -0500] "POST /forms/lservlet;jsessionid=ac16012b30d726745fa422d64092929ced9d64d5dd7c.e3iSbxaKaheRe38KbN0Rb34Mc3j0n6jAmljGr5XDqQLvpAe HTTP/1.1" 200 2
181.129.88.210 - - [20/Dec/2015:18:29:51 -0500] "POST /forms/lservlet;jsessionid=ac16012b30d726745fa422d64092929ced9d64d5dd7c.e3iSbxaKaheRe38KbN0Rb34Mc3j0n6jAmljGr5XDqQLvpAe HTTP/1.1" 200 2372
181.129.88.210 - - [20/Dec/2015:18:29:52 -0500] "POST /forms/lservlet;jsessionid=ac16012b30d726745fa422d64092929ced9d64d5dd7c.e3iSbxaKaheRe38KbN0Rb34Mc3j0n6jAmljGr5XDqQLvpAe HTTP/1.1" 200 10
190.25.157.12 - - [20/Dec/2015:18:29:53 -0500] "POST /forms/lservlet;jsessionid=ac16012b30d7fcfb694b74754b67ba13d8349b7969d1.e3iSbxaKaheRe38KbN0Rb34Mc3j0n6jAmljGr5XDqQLvpAe HTTP/1.1" 200 2
181.129.88.210 - - [20/Dec/2015:18:29:54 -0500] "POST /forms/lservlet;jsessionid=ac16012b30d726745fa422d64092929ced9d64d5dd7c.e3iSbxaKaheRe38KbN0Rb34Mc3j0n6jAmljGr5XDqQLvpAe HTTP/1.1" 200 24
181.129.88.210 - - [20/Dec/2015:18:29:54 -0500] "POST /forms/lservlet;jsessionid=ac16012b30d726745fa422d64092929ced9d64d5dd7c.e3iSbxaKaheRe38KbN0Rb34Mc3j0n6jAmljGr5XDqQLvpAe HTTP/1.1" 200 4133
181.129.88.210 - - [20/Dec/2015:18:29:55 -0500] "POST /forms/lservlet;jsessionid=ac16012b30d726745fa422d64092929ced9d64d5dd7c.e3iSbxaKaheRe38KbN0Rb34Mc3j0n6jAmljGr5XDqQLvpAe HTTP/1.1" 200 2
181.129.88.210 - - [20/Dec/2015:18:29:57 -0500] "POST /forms/lservlet;jsessionid=ac16012b30d726745fa422d64092929ced9d64d5dd7c.e3iSbxaKaheRe38KbN0Rb34Mc3j0n6jAmljGr5XDqQLvpAe HTTP/1.1" 200 2
181.129.88.210 - - [20/Dec/2015:18:29:57 -0500] "POST /forms/lservlet;jsessionid=ac16012b30d726745fa422d64092929ced9d64d5dd7c.e3iSbxaKaheRe38KbN0Rb34Mc3j0n6jAmljGr5XDqQLvpAe HTTP/1.1" 200 14
181.129.88.210 - - [20/Dec/2015:18:29:58 -0500] "POST /forms/lservlet;jsessionid=ac16012b30d726745fa422d64092929ced9d64d5dd7c.e3iSbxaKaheRe38KbN0Rb34Mc3j0n6jAmljGr5XDqQLvpAe HTTP/1.1" 200 14
181.129.88.210 - - [20/Dec/2015:18:29:59 -0500] "POST /forms/lservlet;jsessionid=ac16012b30d726745fa422d64092929ced9d64d5dd7c.e3iSbxaKaheRe38KbN0Rb34Mc3j0n6jAmljGr5XDqQLvpAe HTTP/1.1" 200 112
181.129.88.210 - - [20/Dec/2015:18:29:59 -0500] "POST /forms/lservlet;jsessionid=ac16012b30d726745fa422d64092929ced9d64d5dd7c.e3iSbxaKaheRe38KbN0Rb34Mc3j0n6jAmljGr5XDqQLvpAe HTTP/1.1" 200 2
181.129.88.210 - - [20/Dec/2015:18:30:01 -0500] "GET /reports/rwservlet/getjobid367631?server=rep_srvapsda HTTP/1.1" 200 47850
66.249.64.96 - - [20/Dec/2015:18:30:20 -0500] "GET /BLA/resoluciones/AUTOS%202014/5767.pdf HTTP/1.1" 200 518941
181.49.73.100 - - [20/Dec/2015:18:30:28 -0500] "GET /forms/frmservlet?config=sia HTTP/1.1" 200 4046
69.162.124.233 - - [20/Dec/2015:18:30:30 -0500] "HEAD / HTTP/1.1" 200 -
181.49.73.100 - - [20/Dec/2015:18:30:32 -0500] "GET /forms/java/frmall_jinit.jar HTTP/1.1" 304 -
181.49.73.100 - - [20/Dec/2015:18:30:33 -0500] "GET /forms/java/icons.jar HTTP/1.1" 304 -
181.49.73.100 - - [20/Dec/2015:18:30:33 -0500] "GET /forms/java/java/awt/KeyboardFocusManager.class HTTP/1.1" 404 352
181.49.73.100 - - [20/Dec/2015:18:30:33 -0500] "GET /forms/java/java/awt/KeyboardFocusManager.class HTTP/1.1" 404 352
181.49.73.100 - - [20/Dec/2015:18:30:33 -0500] "GET /forms/java/java/awt/event/MouseWheelListener.class HTTP/1.1" 404 356
181.49.73.100 - - [20/Dec/2015:18:30:34 -0500] "GET /forms/java/java/awt/event/MouseWheelListener.class HTTP/1.1" 404 356
181.49.73.100 - - [20/Dec/2015:18:30:34 -0500] "GET /forms/java/oracle/forms/registry/Registry.dat HTTP/1.1" 200 4213
181.49.73.100 - - [20/Dec/2015:18:30:34 -0500] "GET /forms/java/oracle/forms/registry/default.dat HTTP/1.1" 404 350
181.49.73.100 - - [20/Dec/2015:18:30:34 -0500] "GET /forms/frmservlet?config=sia&acceptLanguage=es-CO,es;q=0.5&ifcmd=startsession HTTP/1.1" 200 119
181.49.73.100 - - [20/Dec/2015:18:30:34 -0500] "GET /forms/lservlet;jsessionid=ac16012b30d7d3a8d685a36444cb84ddec552985a8ba.e3iSbxaKaheRe38KbN0Rb34Mc3j0n6jAmljGr5XDqQLvpAe?ifcmd=getinfo&ifhost=Lenovo-PC&ifip=192.168.0.11 HTTP/1.1" 200 8
181.49.73.100 - - [20/Dec/2015:18:30:34 -0500] "POST /forms/lservlet;jsessionid=ac16012b30d7d3a8d685a36444cb84ddec552985a8ba.e3iSbxaKaheRe38KbN0Rb34Mc3j0n6jAmljGr5XDqQLvpAe HTTP/1.1" 200 8
181.49.73.100 - - [20/Dec/2015:18:30:35 -0500] "GET /forms/java/oracle/forms/engine/RunformBundle_es_CO.class HTTP/1.1" 404 362
181.49.73.100 - - [20/Dec/2015:18:30:35 -0500] "GET /forms/java/oracle/forms/engine/RunformBundle_es_CO.class HTTP/1.1" 404 362
181.49.73.100 - - [20/Dec/2015:18:30:35 -0500] "GET /forms/java/oracle/forms/engine/RunformBundle_es_CO.properties HTTP/1.1" 404 367
181.49.73.100 - - [20/Dec/2015:18:30:36 -0500] "POST /forms/lservlet;jsessionid=ac16012b30d7d3a8d685a36444cb84ddec552985a8ba.e3iSbxaKaheRe38KbN0Rb34Mc3j0n6jAmljGr5XDqQLvpAe HTTP/1.1" 200 64000
181.49.73.100 - - [20/Dec/2015:18:30:37 -0500] "POST /forms/lservlet;jsessionid=ac16012b30d7d3a8d685a36444cb84ddec552985a8ba.e3iSbxaKaheRe38KbN0Rb34Mc3j0n6jAmljGr5XDqQLvpAe HTTP/1.1" 200 64000
181.49.73.100 - - [20/Dec/2015:18:30:37 -0500] "POST /forms/lservlet;jsessionid=ac16012b30d7d3a8d685a36444cb84ddec552985a8ba.e3iSbxaKaheRe38KbN0Rb34Mc3j0n6jAmljGr5XDqQLvpAe HTTP/1.1" 200 63623
181.49.73.100 - - [20/Dec/2015:18:30:37 -0500] "HEAD /imagenes/dama_logo.gif HTTP/1.1" 200 -
181.49.73.100 - - [20/Dec/2015:18:30:37 -0500] "GET /imagenes/dama_logo.gif HTTP/1.1" 200 21482
181.49.73.100 - - [20/Dec/2015:18:30:38 -0500] "POST /forms/lservlet;jsessionid=ac16012b30d7d3a8d685a36444cb84ddec552985a8ba.e3iSbxaKaheRe38KbN0Rb34Mc3j0n6jAmljGr5XDqQLvpAe HTTP/1.1" 200 2
181.49.73.100 - - [20/Dec/2015:18:30:38 -0500] "POST /forms/lservlet;jsessionid=ac16012b30d7d3a8d685a36444cb84ddec552985a8ba.e3iSbxaKaheRe38KbN0Rb34Mc3j0n6jAmljGr5XDqQLvpAe HTTP/1.1" 200 2
200.118.11.205 - - [20/Dec/2015:18:30:38 -0500] "POST /forms/lservlet;jsessionid=ac16012b30d7abe2c40442bf4578a251a9cdb76748d5.e3iSbxaKaheRe38KbN0Rb34Mc3j0n6jAmljGr5XDqQLvpAe HTTP/1.1" 200 2
190.157.188.55 - - [20/Dec/2015:18:30:59 -0500] "GET /ecodirectorio/files/res/pages/page_0031.swf HTTP/1.1" 200 213226
190.157.188.55 - - [20/Dec/2015:18:30:59 -0500] "GET /ecodirectorio/files/res/pages/page_0032.swf HTTP/1.1" 200 210013
181.129.88.210 - - [20/Dec/2015:18:31:08 -0500] "POST /forms/lservlet;jsessionid=ac16012b30d726745fa422d64092929ced9d64d5dd7c.e3iSbxaKaheRe38KbN0Rb34Mc3j0n6jAmljGr5XDqQLvpAe HTTP/1.1" 200 2
181.129.88.210 - - [20/Dec/2015:18:31:08 -0500] "POST /forms/lservlet;jsessionid=ac16012b30d726745fa422d64092929ced9d64d5dd7c.e3iSbxaKaheRe38KbN0Rb34Mc3j0n6jAmljGr5XDqQLvpAe HTTP/1.1" 200 2376
181.129.88.210 - - [20/Dec/2015:18:31:08 -0500] "POST /forms/lservlet;jsessionid=ac16012b30d726745fa422d64092929ced9d64d5dd7c.e3iSbxaKaheRe38KbN0Rb34Mc3j0n6jAmljGr5XDqQLvpAe HTTP/1.1" 200 10
181.129.88.210 - - [20/Dec/2015:18:31:10 -0500] "POST /forms/lservlet;jsessionid=ac16012b30d726745fa422d64092929ced9d64d5dd7c.e3iSbxaKaheRe38KbN0Rb34Mc3j0n6jAmljGr5XDqQLvpAe HTTP/1.1" 200 24
181.129.88.210 - - [20/Dec/2015:18:31:10 -0500] "POST /forms/lservlet;jsessionid=ac16012b30d726745fa422d64092929ced9d64d5dd7c.e3iSbxaKaheRe38KbN0Rb34Mc3j0n6jAmljGr5XDqQLvpAe HTTP/1.1" 200 4984
181.129.88.210 - - [20/Dec/2015:18:31:11 -0500] "POST /forms/lservlet;jsessionid=ac16012b30d726745fa422d64092929ced9d64d5dd7c.e3iSbxaKaheRe38KbN0Rb34Mc3j0n6jAmljGr5XDqQLvpAe HTTP/1.1" 200 2
181.129.88.210 - - [20/Dec/2015:18:31:35 -0500] "POST /forms/lservlet;jsessionid=ac16012b30d726745fa422d64092929ced9d64d5dd7c.e3iSbxaKaheRe38KbN0Rb34Mc3j0n6jAmljGr5XDqQLvpAe HTTP/1.1" 200 2
181.61.54.58 - - [20/Dec/2015:18:31:37 -0500] "GET /galeria/galeria/jquery.fancybox.js?v=2.1.5 HTTP/1.1" 200 48706
