190.26.166.136 - - [20/Dec/2015:19:47:36 -0500] "GET /galeria/nivo-slider/demo/images/Cmapana-onestidad.jpg HTTP/1.1" 200 141638
107.139.230.200 - - [20/Dec/2015:19:47:37 -0500] "GET /ecodirectorio/res/thumbnails/thumb_154.png HTTP/1.1" 404 1304
107.139.230.200 - - [20/Dec/2015:19:47:37 -0500] "GET /ecodirectorio/res/thumbnails/thumb_155.png HTTP/1.1" 404 1304
190.26.166.136 - - [20/Dec/2015:19:47:37 -0500] "GET /galeria/nivo-slider/demo/images/PREDAcamp.jpg HTTP/1.1" 200 295358
190.157.188.55 - - [20/Dec/2015:19:47:37 -0500] "GET /galeria/nivo-slider/demo/images/9Signos.jpg HTTP/1.1" 200 81776
190.157.188.55 - - [20/Dec/2015:19:47:38 -0500] "GET /galeria/nivo-slider/demo/images/bolsas-06.jpg HTTP/1.1" 200 90982
190.157.188.55 - - [20/Dec/2015:19:47:38 -0500] "GET /galeria/nivo-slider/demo/images/Ruta-vertimientos-01.jpg HTTP/1.1" 200 130151
190.157.188.55 - - [20/Dec/2015:19:47:38 -0500] "GET /galeria/nivo-slider/demo/images/Conoce-los-humedales.jpg HTTP/1.1" 200 294036
190.157.188.55 - - [20/Dec/2015:19:47:38 -0500] "GET /galeria/nivo-slider/demo/images/ecolecta-Dic2014.png HTTP/1.1" 200 288593
190.26.166.136 - - [20/Dec/2015:19:47:38 -0500] "GET /galeria/nivo-slider/demo/images/banner-llantas2.jpg HTTP/1.1" 200 204644
190.26.166.136 - - [20/Dec/2015:19:47:38 -0500] "GET /galeria/nivo-slider/demo/images/9Signos.jpg HTTP/1.1" 200 81776
190.26.166.136 - - [20/Dec/2015:19:47:39 -0500] "GET /galeria/nivo-slider/demo/images/Ruta-vertimientos-01.jpg HTTP/1.1" 200 130151
190.26.166.136 - - [20/Dec/2015:19:47:39 -0500] "GET /galeria/nivo-slider/demo/images/bolsas-06.jpg HTTP/1.1" 200 90982
107.139.230.200 - - [20/Dec/2015:19:47:40 -0500] "GET /ecodirectorio/res/thumbnails/thumb_156.png HTTP/1.1" 404 1304
107.139.230.200 - - [20/Dec/2015:19:47:40 -0500] "GET /ecodirectorio/res/thumbnails/thumb_157.png HTTP/1.1" 404 1304
190.157.188.55 - - [20/Dec/2015:19:47:40 -0500] "GET /galeria/nivo-slider/themes/default/bullets.png HTTP/1.1" 200 1281
190.157.188.55 - - [20/Dec/2015:19:47:41 -0500] "GET /galeria/nivo-slider/themes/default/arrows.png HTTP/1.1" 200 824
107.139.230.200 - - [20/Dec/2015:19:47:41 -0500] "GET /ecodirectorio/res/thumbnails/thumb_158.png HTTP/1.1" 404 1304
107.139.230.200 - - [20/Dec/2015:19:47:41 -0500] "GET /ecodirectorio/res/thumbnails/thumb_159.png HTTP/1.1" 404 1304
107.139.230.200 - - [20/Dec/2015:19:47:41 -0500] "GET /ecodirectorio/res/thumbnails/thumb_160.png HTTP/1.1" 404 1304
190.26.166.136 - - [20/Dec/2015:19:47:42 -0500] "GET /galeria/nivo-slider/demo/images/Conoce-los-humedales.jpg HTTP/1.1" 200 294036
190.26.166.136 - - [20/Dec/2015:19:47:42 -0500] "GET /galeria/nivo-slider/demo/images/ecolecta-Dic2014.png HTTP/1.1" 200 288593
190.26.166.136 - - [20/Dec/2015:19:47:42 -0500] "GET /galeria/nivo-slider/demo/images/4Simple_Slider.png HTTP/1.1" 200 11722
190.26.166.136 - - [20/Dec/2015:19:47:42 -0500] "GET /galeria/nivo-slider/themes/default/loading.gif HTTP/1.1" 200 1737
107.139.230.200 - - [20/Dec/2015:19:47:43 -0500] "GET /ecodirectorio/res/thumbnails/thumb_161.png HTTP/1.1" 404 1304
107.139.230.200 - - [20/Dec/2015:19:47:43 -0500] "GET /ecodirectorio/res/thumbnails/thumb_162.png HTTP/1.1" 404 1304
107.139.230.200 - - [20/Dec/2015:19:47:43 -0500] "GET /ecodirectorio/res/thumbnails/thumb_163.png HTTP/1.1" 404 1304
107.139.230.200 - - [20/Dec/2015:19:47:43 -0500] "GET /ecodirectorio/res/thumbnails/thumb_164.png HTTP/1.1" 404 1304
107.139.230.200 - - [20/Dec/2015:19:47:43 -0500] "GET /ecodirectorio/res/thumbnails/thumb_165.png HTTP/1.1" 404 1304
107.139.230.200 - - [20/Dec/2015:19:47:44 -0500] "GET /ecodirectorio/res/thumbnails/thumb_166.png HTTP/1.1" 404 1304
107.139.230.200 - - [20/Dec/2015:19:47:45 -0500] "GET /ecodirectorio/res/thumbnails/thumb_167.png HTTP/1.1" 404 1304
107.139.230.200 - - [20/Dec/2015:19:47:45 -0500] "GET /ecodirectorio/res/thumbnails/thumb_168.png HTTP/1.1" 404 1304
190.157.188.55 - - [20/Dec/2015:19:47:46 -0500] "GET /videos/galeria-cronicas/1V3wnplaylist.htm? HTTP/1.1" 200 4013
190.157.188.55 - - [20/Dec/2015:19:47:47 -0500] "GET /videos/galeria-cronicas/skin/blue.monday/jplayer.blue.monday.css HTTP/1.1" 200 12518
190.157.188.55 - - [20/Dec/2015:19:47:47 -0500] "GET /videos/galeria-cronicas/js/jquery.jplayer.min.js HTTP/1.1" 200 43668
190.157.188.55 - - [20/Dec/2015:19:47:47 -0500] "GET /videos/galeria-cronicas/js/jplayer.playlist.min.js HTTP/1.1" 200 8608
190.157.188.55 - - [20/Dec/2015:19:47:47 -0500] "GET /videos/galeria-cronicas/skin/blue.monday/jplayer.blue.monday.video.play.png HTTP/1.1" 200 14424
190.157.188.55 - - [20/Dec/2015:19:47:47 -0500] "GET /videos/galeria-cronicas/skin/blue.monday/jplayer.blue.monday.jpg HTTP/1.1" 200 23189
107.139.230.200 - - [20/Dec/2015:19:47:47 -0500] "GET /ecodirectorio/res/thumbnails/thumb_169.png HTTP/1.1" 404 1304
107.139.230.200 - - [20/Dec/2015:19:47:47 -0500] "GET /ecodirectorio/res/thumbnails/thumb_170.png HTTP/1.1" 404 1304
107.139.230.200 - - [20/Dec/2015:19:47:47 -0500] "GET /ecodirectorio/res/thumbnails/thumb_171.png HTTP/1.1" 404 1304
107.139.230.200 - - [20/Dec/2015:19:47:48 -0500] "GET /ecodirectorio/res/thumbnails/thumb_172.png HTTP/1.1" 404 1304
107.139.230.200 - - [20/Dec/2015:19:47:48 -0500] "GET /ecodirectorio/res/thumbnails/thumb_173.png HTTP/1.1" 404 1304
107.139.230.200 - - [20/Dec/2015:19:47:50 -0500] "GET /ecodirectorio/res/thumbnails/thumb_174.png HTTP/1.1" 404 1304
107.139.230.200 - - [20/Dec/2015:19:47:50 -0500] "GET /ecodirectorio/res/thumbnails/thumb_175.png HTTP/1.1" 404 1304
107.139.230.200 - - [20/Dec/2015:19:47:50 -0500] "GET /ecodirectorio/res/thumbnails/thumb_176.png HTTP/1.1" 404 1304
190.26.166.136 - - [20/Dec/2015:19:47:50 -0500] "GET /galeria/nivo-slider/themes/default/arrows.png HTTP/1.1" 200 824
190.26.166.136 - - [20/Dec/2015:19:47:50 -0500] "GET /galeria/nivo-slider/themes/default/bullets.png HTTP/1.1" 200 1281
107.139.230.200 - - [20/Dec/2015:19:47:51 -0500] "GET /ecodirectorio/res/thumbnails/thumb_177.png HTTP/1.1" 404 1304
107.139.230.200 - - [20/Dec/2015:19:47:51 -0500] "GET /ecodirectorio/res/thumbnails/thumb_178.png HTTP/1.1" 404 1304
190.25.157.12 - - [20/Dec/2015:19:47:54 -0500] "POST /forms/lservlet;jsessionid=ac16012b30d7fcfb694b74754b67ba13d8349b7969d1.e3iSbxaKaheRe38KbN0Rb34Mc3j0n6jAmljGr5XDqQLvpAe HTTP/1.1" 200 2
190.157.188.55 - - [20/Dec/2015:19:47:56 -0500] "GET /videos/galeria-cronicas/1videos/parche.mp4video.mp4 HTTP/1.1" 206 2821840
190.157.188.55 - - [20/Dec/2015:19:47:56 -0500] "GET /videos/galeria-cronicas/skin/blue.monday/jplayer.blue.monday.seeking.gif HTTP/1.1" 200 3284
190.157.188.55 - - [20/Dec/2015:19:47:56 -0500] "GET /videos/galeria-cronicas/1videos/parche.mp4video.mp4 HTTP/1.1" 206 31459
190.157.188.55 - - [20/Dec/2015:19:47:56 -0500] "GET /videos/galeria-cronicas/1videos/parche.mp4video.mp4 HTTP/1.1" 206 2749637
190.156.20.78 - - [20/Dec/2015:19:48:09 -0500] "GET /forest/?_a=0.4299972141161561 HTTP/1.1" 404 1120
107.139.230.200 - - [20/Dec/2015:19:48:44 -0500] "GET /ecodirectorio/files/res/pages/page_0002.swf HTTP/1.1" 200 297557
100.43.85.19 - - [20/Dec/2015:19:48:45 -0500] "GET /videos/arboles.swf HTTP/1.1" 200 925333
66.249.64.101 - - [20/Dec/2015:19:48:47 -0500] "GET /BLA/resoluciones/AUTOS%202011/4119.pdf HTTP/1.1" 200 233901
71.176.152.84 - - [20/Dec/2015:19:49:03 -0500] "GET /webdav/x32.php?host=23.235.46.249&time=1000&port=80 HTTP/1.1" 404 1018
181.129.88.210 - - [20/Dec/2015:19:49:05 -0500] "POST /forms/lservlet;jsessionid=ac16012b30d7e768522c79bb4cb18bbaed9c8c3a90f5.e3iSbxaKaheRe38KbN0Rb34Mc3j0n6jAmljGr5XDqQLvpAe HTTP/1.1" 200 2
107.139.230.200 - - [20/Dec/2015:19:49:11 -0500] "GET /ecodirectorio/files/res/pages/page_0003.swf HTTP/1.1" 200 296415
181.49.73.100 - - [20/Dec/2015:19:49:32 -0500] "POST /forms/lservlet;jsessionid=ac16012b30d7d38f577c4b444f6484d3f9d0f79a7914.e3iSbxaKaheRe38KbN0Rb34Mc3j0n6jAmljGr5XDqQLvpAe HTTP/1.1" 200 2
190.25.157.12 - - [20/Dec/2015:19:49:54 -0500] "POST /forms/lservlet;jsessionid=ac16012b30d7fcfb694b74754b67ba13d8349b7969d1.e3iSbxaKaheRe38KbN0Rb34Mc3j0n6jAmljGr5XDqQLvpAe HTTP/1.1" 200 2
181.128.238.146 - - [20/Dec/2015:19:49:59 -0500] "GET /sipse_spci/faces/autenticacion.xhtml HTTP/1.1" 404 1120
107.139.230.200 - - [20/Dec/2015:19:50:06 -0500] "GET /ecodirectorio/files/res/pages/page_0004.swf HTTP/1.1" 200 533861
181.128.238.146 - - [20/Dec/2015:19:50:07 -0500] "GET /sipse_spci/ HTTP/1.1" 404 1120
66.249.64.101 - - [20/Dec/2015:19:50:11 -0500] "GET /BLA/resoluciones/RESOLUCIONES%202007/RES%202007%202301%20AL%202400/RESOLUCION%202350%20DE%202007.pdf HTTP/1.1" 304 -
181.128.238.146 - - [20/Dec/2015:19:50:14 -0500] "GET /sipse HTTP/1.1" 404 1120
181.128.238.146 - - [20/Dec/2015:19:50:19 -0500] "GET /sipse/ HTTP/1.1" 302 -
181.128.238.146 - - [20/Dec/2015:19:50:19 -0500] "GET /sipse/faces/autenticacion.xhtml HTTP/1.1" 200 9938
181.128.238.146 - - [20/Dec/2015:19:50:20 -0500] "GET /sipse/faces/javax.faces.resource/theme.css?ln=primefaces-sipse HTTP/1.1" 304 -
181.128.238.146 - - [20/Dec/2015:19:50:20 -0500] "GET /sipse/faces/javax.faces.resource/primefaces.css?ln=primefaces&v=4.0 HTTP/1.1" 304 -
181.128.238.146 - - [20/Dec/2015:19:50:20 -0500] "GET /sipse/faces/javax.faces.resource/layout/layout.css?ln=primefaces&v=4.0 HTTP/1.1" 304 -
181.128.238.146 - - [20/Dec/2015:19:50:20 -0500] "GET /sipse/faces/javax.faces.resource/jquery/jquery.js?ln=primefaces&v=4.0 HTTP/1.1" 304 -
181.128.238.146 - - [20/Dec/2015:19:50:20 -0500] "GET /sipse/faces/javax.faces.resource/primefaces.js?ln=primefaces&v=4.0 HTTP/1.1" 304 -
181.128.238.146 - - [20/Dec/2015:19:50:20 -0500] "GET /sipse/faces/javax.faces.resource/jquery/jquery-plugins.js?ln=primefaces&v=4.0 HTTP/1.1" 304 -
181.128.238.146 - - [20/Dec/2015:19:50:20 -0500] "GET /sipse/faces/javax.faces.resource/layout/layout.js?ln=primefaces&v=4.0 HTTP/1.1" 304 -
181.128.238.146 - - [20/Dec/2015:19:50:20 -0500] "GET /sipse/js/disable_browser_buttons.js HTTP/1.1" 304 -
181.128.238.146 - - [20/Dec/2015:19:50:20 -0500] "GET /sipse/js/funciones.js HTTP/1.1" 304 -
181.128.238.146 - - [20/Dec/2015:19:50:20 -0500] "GET /sipse/css/custom_css_sg_prime_login.css HTTP/1.1" 304 -
181.128.238.146 - - [20/Dec/2015:19:50:20 -0500] "GET /sipse/css/custom_css_sg.css HTTP/1.1" 304 -
107.139.230.200 - - [20/Dec/2015:19:50:20 -0500] "GET /ecodirectorio/files/res/pages/page_0005.swf HTTP/1.1" 200 530185
181.128.238.146 - - [20/Dec/2015:19:50:20 -0500] "GET /sipse/css/imagen/logo.png HTTP/1.1" 304 -
181.128.238.146 - - [20/Dec/2015:19:50:20 -0500] "GET /sipse/css/imagen/loginimg.png HTTP/1.1" 304 -
181.128.238.146 - - [20/Dec/2015:19:50:24 -0500] "GET /sipse/faces/index.xhtml HTTP/1.1" 200 677
181.128.238.146 - - [20/Dec/2015:19:50:24 -0500] "GET /sipse/faces/javax.faces.resource/theme.css?ln=primefaces-sipse HTTP/1.1" 304 -
181.128.238.146 - - [20/Dec/2015:19:50:28 -0500] "GET /sipse/css/custom_css_sg_prime_login.css HTTP/1.1" 304 -
181.128.238.146 - - [20/Dec/2015:19:50:28 -0500] "GET /sipse/js/disable_browser_buttons.js HTTP/1.1" 304 -
181.128.238.146 - - [20/Dec/2015:19:50:28 -0500] "GET /sipse/css/custom_css_sg.css HTTP/1.1" 304 -
181.128.238.146 - - [20/Dec/2015:19:50:25 -0500] "GET /sipse/faces/faces/autenticacion.xhtml HTTP/1.1" 200 9937
181.128.238.146 - - [20/Dec/2015:19:50:28 -0500] "GET /sipse/js/funciones.js HTTP/1.1" 304 -
181.128.238.146 - - [20/Dec/2015:19:50:28 -0500] "GET /sipse/faces/javax.faces.resource/theme.css?ln=primefaces-sipse HTTP/1.1" 304 -
69.162.124.233 - - [20/Dec/2015:19:50:30 -0500] "HEAD / HTTP/1.1" 200 -
66.249.64.238 - - [20/Dec/2015:19:50:31 -0500] "GET /galeria/nivo-slider/demo/images/bannerFUM.jpg HTTP/1.1" 200 33254
181.128.238.146 - - [20/Dec/2015:19:50:33 -0500] "GET /sipse_spci/ HTTP/1.1" 404 1120
181.129.88.210 - - [20/Dec/2015:19:51:05 -0500] "POST /forms/lservlet;jsessionid=ac16012b30d7e768522c79bb4cb18bbaed9c8c3a90f5.e3iSbxaKaheRe38KbN0Rb34Mc3j0n6jAmljGr5XDqQLvpAe HTTP/1.1" 200 2
65.55.210.129 - - [20/Dec/2015:19:51:18 -0500] "GET /galeria/bibloteca/contentflow.js HTTP/1.1" 200 42804
65.55.210.129 - - [20/Dec/2015:19:51:19 -0500] "GET /galeria/bibloteca/contentflow.css HTTP/1.1" 200 3201
65.55.210.129 - - [20/Dec/2015:19:51:19 -0500] "GET /galeria/bibloteca/mycontentflow.css HTTP/1.1" 200 3110
65.55.210.129 - - [20/Dec/2015:19:51:19 -0500] "GET /galeria/bibloteca/ContentFlowAddOn_white.js HTTP/1.1" 200 2497
65.55.210.129 - - [20/Dec/2015:19:51:20 -0500] "GET /galeria/bibloteca/ContentFlowAddOn_white.css HTTP/1.1" 200 3355
181.49.73.100 - - [20/Dec/2015:19:51:32 -0500] "POST /forms/lservlet;jsessionid=ac16012b30d7d38f577c4b444f6484d3f9d0f79a7914.e3iSbxaKaheRe38KbN0Rb34Mc3j0n6jAmljGr5XDqQLvpAe HTTP/1.1" 200 2
66.249.64.96 - - [20/Dec/2015:19:51:35 -0500] "GET /BLA/resoluciones/RESOLUCIONES%202008/4765.pdf HTTP/1.1" 304 -
190.25.157.12 - - [20/Dec/2015:19:51:54 -0500] "POST /forms/lservlet;jsessionid=ac16012b30d7fcfb694b74754b67ba13d8349b7969d1.e3iSbxaKaheRe38KbN0Rb34Mc3j0n6jAmljGr5XDqQLvpAe HTTP/1.1" 200 2
207.46.13.162 - - [20/Dec/2015:19:51:57 -0500] "GET /robots.txt HTTP/1.1" 404 1018
181.142.138.254 - - [20/Dec/2015:19:52:18 -0500] "GET /BLA/boletinlegal/js/jquery.scrollShow.js HTTP/1.1" 200 4586
181.142.138.254 - - [20/Dec/2015:19:52:18 -0500] "GET /galeria/galeria/jquery.fancybox.js?v=2.1.5 HTTP/1.1" 200 48706
181.142.138.254 - - [20/Dec/2015:19:52:18 -0500] "GET /galeria/carrusel/Carrusel/jquery-ui-1.8.13.custom.min.js HTTP/1.1" 200 10800
181.142.138.254 - - [20/Dec/2015:19:52:18 -0500] "GET /galeria/carrusel/Carrusel/jquery.thumbnailScroller.css HTTP/1.1" 200 2066
181.142.138.254 - - [20/Dec/2015:19:52:18 -0500] "GET /galeria/galeria/jquery.fancybox.css?v=2.1.5 HTTP/1.1" 200 4895
181.142.138.254 - - [20/Dec/2015:19:52:18 -0500] "GET /galeria/carrusel/Carrusel/jquery.thumbnailScroller.js HTTP/1.1" 200 8157
181.142.138.254 - - [20/Dec/2015:19:52:19 -0500] "GET /galeria/nivo-slider/demo/demo.html HTTP/1.1" 200 4456
181.142.138.254 - - [20/Dec/2015:19:52:19 -0500] "GET /galeria/nivo-slider/themes/pascal/pascal.css HTTP/1.1" 200 2258
181.142.138.254 - - [20/Dec/2015:19:52:19 -0500] "GET /galeria/nivo-slider/themes/default/default.css HTTP/1.1" 200 1569
181.142.138.254 - - [20/Dec/2015:19:52:19 -0500] "GET /galeria/nivo-slider/nivo-slider.css HTTP/1.1" 200 1507
181.142.138.254 - - [20/Dec/2015:19:52:19 -0500] "GET /galeria/nivo-slider/demo/style.css HTTP/1.1" 200 2222
181.142.138.254 - - [20/Dec/2015:19:52:19 -0500] "GET /galeria/nivo-slider/themes/orman/orman.css HTTP/1.1" 200 2152
181.142.138.254 - - [20/Dec/2015:19:52:19 -0500] "GET /galeria/nivo-slider/demo/scripts/jquery-1.7.1.min.js HTTP/1.1" 200 93868
181.142.138.254 - - [20/Dec/2015:19:52:19 -0500] "GET /galeria/nivo-slider/jquery.nivo.slider.pack.js HTTP/1.1" 200 11561
181.142.138.254 - - [20/Dec/2015:19:52:19 -0500] "GET /galeria/nivo-slider/demo/images/ambientales.jpg HTTP/1.1" 200 397233
181.142.138.254 - - [20/Dec/2015:19:52:19 -0500] "GET /galeria/nivo-slider/demo/images/Programacion-navidena.jpg HTTP/1.1" 200 316038
181.142.138.254 - - [20/Dec/2015:19:52:19 -0500] "GET /galeria/nivo-slider/demo/images/2Banner-encuestaSDA.jpg HTTP/1.1" 200 208228
181.142.138.254 - - [20/Dec/2015:19:52:19 -0500] "GET /galeria/nivo-slider/demo/images/ABC-Plan-de-contigencia.jpg HTTP/1.1" 200 401853
181.142.138.254 - - [20/Dec/2015:19:52:19 -0500] "GET /galeria/nivo-slider/demo/images/banner-llantas2015.jpg HTTP/1.1" 200 185615
181.142.138.254 - - [20/Dec/2015:19:52:21 -0500] "GET /galeria/nivo-slider/demo/images/caminata-ecologica.jpg HTTP/1.1" 200 161069
181.142.138.254 - - [20/Dec/2015:19:52:21 -0500] "GET /galeria/nivo-slider/demo/images/Banner-ahorro-de-agua.jpg HTTP/1.1" 200 149141
181.142.138.254 - - [20/Dec/2015:19:52:21 -0500] "GET /galeria/nivo-slider/demo/images/Cmapana-onestidad.jpg HTTP/1.1" 200 141638
181.142.138.254 - - [20/Dec/2015:19:52:22 -0500] "GET /galeria/nivo-slider/demo/images/PREDAcamp.jpg HTTP/1.1" 200 295358
181.142.138.254 - - [20/Dec/2015:19:52:22 -0500] "GET /galeria/nivo-slider/demo/images/banner-llantas2.jpg HTTP/1.1" 200 204644
181.142.138.254 - - [20/Dec/2015:19:52:22 -0500] "GET /galeria/nivo-slider/demo/images/9Signos.jpg HTTP/1.1" 200 81776
181.142.138.254 - - [20/Dec/2015:19:52:22 -0500] "GET /galeria/nivo-slider/demo/images/Ruta-vertimientos-01.jpg HTTP/1.1" 200 130151
181.142.138.254 - - [20/Dec/2015:19:52:24 -0500] "GET /galeria/nivo-slider/demo/images/bolsas-06.jpg HTTP/1.1" 200 90982
181.142.138.254 - - [20/Dec/2015:19:52:24 -0500] "GET /galeria/nivo-slider/demo/images/Conoce-los-humedales.jpg HTTP/1.1" 200 294036
181.142.138.254 - - [20/Dec/2015:19:52:24 -0500] "GET /galeria/nivo-slider/themes/default/loading.gif HTTP/1.1" 200 1737
181.142.138.254 - - [20/Dec/2015:19:52:24 -0500] "GET /galeria/nivo-slider/demo/images/4Simple_Slider.png HTTP/1.1" 200 11722
181.142.138.254 - - [20/Dec/2015:19:52:24 -0500] "GET /galeria/nivo-slider/demo/images/ecolecta-Dic2014.png HTTP/1.1" 200 288593
181.142.138.254 - - [20/Dec/2015:19:52:26 -0500] "GET /galeria/nivo-slider/themes/default/bullets.png HTTP/1.1" 200 1281
181.142.138.254 - - [20/Dec/2015:19:52:26 -0500] "GET /galeria/nivo-slider/themes/default/arrows.png HTTP/1.1" 200 824
71.176.152.84 - - [20/Dec/2015:19:52:58 -0500] "GET /webdav/x32.php?host=23.235.46.249&time=60&port=500 HTTP/1.1" 404 1018
66.249.64.106 - - [20/Dec/2015:19:52:59 -0500] "GET /BLA/resoluciones/RESOLUCIONES%202010/7137.pdf HTTP/1.1" 304 -
66.249.64.101 - - [20/Dec/2015:19:53:03 -0500] "GET /BLA/resoluciones/Notificaciones/AUTOS%202014/2884.doc HTTP/1.1" 200 236032
181.129.88.210 - - [20/Dec/2015:19:53:05 -0500] "POST /forms/lservlet;jsessionid=ac16012b30d7e768522c79bb4cb18bbaed9c8c3a90f5.e3iSbxaKaheRe38KbN0Rb34Mc3j0n6jAmljGr5XDqQLvpAe HTTP/1.1" 200 2
190.24.96.224 - - [20/Dec/2015:19:53:09 -0500] "GET /galeria/galeria/jquery.fancybox.css?v=2.1.5 HTTP/1.1" 200 4895
190.24.96.224 - - [20/Dec/2015:19:53:09 -0500] "GET /BLA/boletinlegal/js/jquery.scrollShow.js HTTP/1.1" 200 4586
190.24.96.224 - - [20/Dec/2015:19:53:09 -0500] "GET /galeria/galeria/jquery.fancybox.js?v=2.1.5 HTTP/1.1" 200 48706
186.31.146.90 - - [20/Dec/2015:19:53:11 -0500] "GET /galeria/galeria/jquery.fancybox.js?v=2.1.5 HTTP/1.1" 200 48706
186.31.146.90 - - [20/Dec/2015:19:53:11 -0500] "GET /galeria/galeria/jquery.fancybox.css?v=2.1.5 HTTP/1.1" 200 4895
186.31.146.90 - - [20/Dec/2015:19:53:11 -0500] "GET /BLA/boletinlegal/js/jquery.scrollShow.js HTTP/1.1" 200 4586
190.24.96.224 - - [20/Dec/2015:19:53:30 -0500] "GET /galeria/galeria/jquery.fancybox.css?v=2.1.5 HTTP/1.1" 304 -
190.24.96.224 - - [20/Dec/2015:19:53:30 -0500] "GET /BLA/boletinlegal/js/jquery.scrollShow.js HTTP/1.1" 304 -
190.24.96.224 - - [20/Dec/2015:19:53:30 -0500] "GET /galeria/galeria/jquery.fancybox.js?v=2.1.5 HTTP/1.1" 304 -
190.24.96.224 - - [20/Dec/2015:19:53:32 -0500] "GET /galeria/galeria/jquery.fancybox.js?v=2.1.5 HTTP/1.1" 304 -
181.49.73.100 - - [20/Dec/2015:19:53:32 -0500] "POST /forms/lservlet;jsessionid=ac16012b30d7d38f577c4b444f6484d3f9d0f79a7914.e3iSbxaKaheRe38KbN0Rb34Mc3j0n6jAmljGr5XDqQLvpAe HTTP/1.1" 200 2
107.139.230.200 - - [20/Dec/2015:19:53:52 -0500] "GET /ecodirectorio/files/res/pages/page_0090.swf HTTP/1.1" 200 145609
190.25.157.12 - - [20/Dec/2015:19:53:54 -0500] "POST /forms/lservlet;jsessionid=ac16012b30d7fcfb694b74754b67ba13d8349b7969d1.e3iSbxaKaheRe38KbN0Rb34Mc3j0n6jAmljGr5XDqQLvpAe HTTP/1.1" 200 2
107.139.230.200 - - [20/Dec/2015:19:54:09 -0500] "GET /ecodirectorio/files/res/pages/page_0089.swf HTTP/1.1" 200 360048
186.115.100.90 - - [20/Dec/2015:19:54:32 -0500] "GET /BLA/resoluciones/AUTOS%202011/0739.pdf HTTP/1.1" 200 163937
186.115.100.90 - - [20/Dec/2015:19:54:34 -0500] "GET /favicon.ico HTTP/1.1" 200 7782
107.139.230.200 - - [20/Dec/2015:19:54:46 -0500] "GET /ecodirectorio/files/res/pages/page_0091.swf HTTP/1.1" 200 137435
181.129.88.210 - - [20/Dec/2015:19:55:05 -0500] "POST /forms/lservlet;jsessionid=ac16012b30d7e768522c79bb4cb18bbaed9c8c3a90f5.e3iSbxaKaheRe38KbN0Rb34Mc3j0n6jAmljGr5XDqQLvpAe HTTP/1.1" 200 2
71.176.152.84 - - [20/Dec/2015:19:55:23 -0500] "GET /webdav/x32.php?host=23.235.46.249&time=60&port=500 HTTP/1.1" 404 1018
69.162.124.233 - - [20/Dec/2015:19:55:30 -0500] "HEAD / HTTP/1.1" 200 -
181.49.73.100 - - [20/Dec/2015:19:55:32 -0500] "POST /forms/lservlet;jsessionid=ac16012b30d7d38f577c4b444f6484d3f9d0f79a7914.e3iSbxaKaheRe38KbN0Rb34Mc3j0n6jAmljGr5XDqQLvpAe HTTP/1.1" 200 2
66.249.64.106 - - [20/Dec/2015:19:55:47 -0500] "GET /BLA/resoluciones/AUTOS%202012/1893.pdf HTTP/1.1" 200 1892126
190.8.200.45 - - [20/Dec/2015:19:55:53 -0500] "GET /galeria/galeria/jquery.fancybox.js?v=2.1.5 HTTP/1.1" 200 48706
190.8.200.45 - - [20/Dec/2015:19:55:53 -0500] "GET /BLA/boletinlegal/js/jquery.scrollShow.js HTTP/1.1" 200 4586
190.8.200.45 - - [20/Dec/2015:19:55:53 -0500] "GET /galeria/galeria/jquery.fancybox.css?v=2.1.5 HTTP/1.1" 200 4895
190.8.200.45 - - [20/Dec/2015:19:55:53 -0500] "GET /galeria/carrusel/Carrusel/jquery.thumbnailScroller.css HTTP/1.1" 200 2066
190.8.200.45 - - [20/Dec/2015:19:55:53 -0500] "GET /galeria/carrusel/Carrusel/jquery-ui-1.8.13.custom.min.js HTTP/1.1" 200 10800
190.8.200.45 - - [20/Dec/2015:19:55:53 -0500] "GET /galeria/carrusel/Carrusel/jquery.thumbnailScroller.js HTTP/1.1" 200 8157
190.25.157.12 - - [20/Dec/2015:19:55:54 -0500] "POST /forms/lservlet;jsessionid=ac16012b30d7fcfb694b74754b67ba13d8349b7969d1.e3iSbxaKaheRe38KbN0Rb34Mc3j0n6jAmljGr5XDqQLvpAe HTTP/1.1" 200 2
190.8.200.45 - - [20/Dec/2015:19:55:58 -0500] "GET /galeria/nivo-slider/demo/demo.html HTTP/1.1" 200 4456
190.8.200.45 - - [20/Dec/2015:19:55:58 -0500] "GET /galeria/nivo-slider/themes/default/default.css HTTP/1.1" 200 1569
190.8.200.45 - - [20/Dec/2015:19:55:58 -0500] "GET /galeria/nivo-slider/themes/pascal/pascal.css HTTP/1.1" 200 2258
190.8.200.45 - - [20/Dec/2015:19:55:58 -0500] "GET /galeria/nivo-slider/themes/orman/orman.css HTTP/1.1" 200 2152
190.8.200.45 - - [20/Dec/2015:19:55:58 -0500] "GET /galeria/nivo-slider/nivo-slider.css HTTP/1.1" 200 1507
190.8.200.45 - - [20/Dec/2015:19:55:58 -0500] "GET /galeria/nivo-slider/demo/style.css HTTP/1.1" 200 2222
190.8.200.45 - - [20/Dec/2015:19:55:59 -0500] "GET /galeria/nivo-slider/demo/images/ambientales.jpg HTTP/1.1" 200 397233
190.8.200.45 - - [20/Dec/2015:19:55:59 -0500] "GET /galeria/nivo-slider/demo/images/Programacion-navidena.jpg HTTP/1.1" 200 316038
190.8.200.45 - - [20/Dec/2015:19:55:59 -0500] "GET /galeria/nivo-slider/demo/images/2Banner-encuestaSDA.jpg HTTP/1.1" 200 208228
190.8.200.45 - - [20/Dec/2015:19:55:59 -0500] "GET /galeria/nivo-slider/demo/images/ABC-Plan-de-contigencia.jpg HTTP/1.1" 200 401853
190.8.200.45 - - [20/Dec/2015:19:55:59 -0500] "GET /galeria/nivo-slider/demo/images/banner-llantas2015.jpg HTTP/1.1" 200 185615
190.8.200.45 - - [20/Dec/2015:19:55:59 -0500] "GET /galeria/nivo-slider/demo/images/caminata-ecologica.jpg HTTP/1.1" 200 161069
190.8.200.45 - - [20/Dec/2015:19:56:00 -0500] "GET /galeria/nivo-slider/demo/images/Banner-ahorro-de-agua.jpg HTTP/1.1" 200 149141
190.8.200.45 - - [20/Dec/2015:19:56:01 -0500] "GET /galeria/nivo-slider/demo/images/Cmapana-onestidad.jpg HTTP/1.1" 200 141638
190.8.200.45 - - [20/Dec/2015:19:56:01 -0500] "GET /galeria/nivo-slider/demo/images/PREDAcamp.jpg HTTP/1.1" 200 295358
201.234.75.11 - - [20/Dec/2015:19:56:01 -0500] "GET /galeria/nivo-slider/demo/images/NOMINACION-OAB.jpg HTTP/1.1" 304 -
190.8.200.45 - - [20/Dec/2015:19:56:02 -0500] "GET /galeria/nivo-slider/demo/images/banner-llantas2.jpg HTTP/1.1" 200 204644
190.8.200.45 - - [20/Dec/2015:19:56:02 -0500] "GET /galeria/nivo-slider/demo/images/9Signos.jpg HTTP/1.1" 200 81776
190.8.200.45 - - [20/Dec/2015:19:56:02 -0500] "GET /galeria/nivo-slider/demo/images/Ruta-vertimientos-01.jpg HTTP/1.1" 200 130151
190.8.200.45 - - [20/Dec/2015:19:56:02 -0500] "GET /galeria/nivo-slider/demo/images/bolsas-06.jpg HTTP/1.1" 200 90982
190.8.200.45 - - [20/Dec/2015:19:56:03 -0500] "GET /galeria/nivo-slider/demo/images/Conoce-los-humedales.jpg HTTP/1.1" 200 294036
190.8.200.45 - - [20/Dec/2015:19:56:03 -0500] "GET /galeria/nivo-slider/demo/images/ecolecta-Dic2014.png HTTP/1.1" 200 288593
190.8.200.45 - - [20/Dec/2015:19:56:03 -0500] "GET /galeria/nivo-slider/demo/scripts/jquery-1.7.1.min.js HTTP/1.1" 200 93868
190.8.200.45 - - [20/Dec/2015:19:56:04 -0500] "GET /galeria/nivo-slider/jquery.nivo.slider.pack.js HTTP/1.1" 200 11561
190.8.200.45 - - [20/Dec/2015:19:56:04 -0500] "GET /galeria/nivo-slider/demo/images/4Simple_Slider.png HTTP/1.1" 200 11722
190.8.200.45 - - [20/Dec/2015:19:56:04 -0500] "GET /galeria/nivo-slider/themes/default/loading.gif HTTP/1.1" 200 1737
190.8.200.45 - - [20/Dec/2015:19:56:05 -0500] "GET /galeria/nivo-slider/themes/default/arrows.png HTTP/1.1" 200 824
190.8.200.45 - - [20/Dec/2015:19:56:05 -0500] "GET /galeria/nivo-slider/themes/default/bullets.png HTTP/1.1" 200 1281
107.139.230.200 - - [20/Dec/2015:19:56:16 -0500] "GET /ecodirectorio/files/res/pages/page_0088.swf HTTP/1.1" 200 251591
186.113.10.143 - - [20/Dec/2015:19:56:47 -0500] "GET /galeria/nivo-slider/demo/images/La-SDA-se-suma-a-la-Gran-Movilizacion.jpg HTTP/1.1" 304 -
181.129.88.210 - - [20/Dec/2015:19:57:06 -0500] "POST /forms/lservlet;jsessionid=ac16012b30d7e768522c79bb4cb18bbaed9c8c3a90f5.e3iSbxaKaheRe38KbN0Rb34Mc3j0n6jAmljGr5XDqQLvpAe HTTP/1.1" 200 2
66.249.64.96 - - [20/Dec/2015:19:57:09 -0500] "GET /portalsiaccapacitaciones/Soportes%20Capacitaciones%20A%C3%B1o%202013/0019.%20Observatorio%20Ambiental%20Bogota%2020%20junio.pdf HTTP/1.1" 404 1018
107.139.230.200 - - [20/Dec/2015:19:57:10 -0500] "GET /ecodirectorio/files/res/pages/page_0092.swf HTTP/1.1" 200 236351
66.249.64.101 - - [20/Dec/2015:19:57:11 -0500] "GET /BLA/resoluciones/RESOLUCIONES%202008/0236.pdf HTTP/1.1" 200 231521
190.24.251.89 - - [20/Dec/2015:19:57:16 -0500] "GET /BLA/resoluciones/AUTOS%202008/1595.pdf HTTP/1.1" 200 181939
190.24.251.89 - - [20/Dec/2015:19:57:17 -0500] "GET /favicon.ico HTTP/1.1" 200 7782
66.249.64.101 - - [20/Dec/2015:19:57:18 -0500] "GET /BLA/resoluciones/RESOLUCIONES%202011/0444.pdf HTTP/1.1" 200 84201
181.49.73.100 - - [20/Dec/2015:19:57:32 -0500] "POST /forms/lservlet;jsessionid=ac16012b30d7d38f577c4b444f6484d3f9d0f79a7914.e3iSbxaKaheRe38KbN0Rb34Mc3j0n6jAmljGr5XDqQLvpAe HTTP/1.1" 200 2
107.139.230.200 - - [20/Dec/2015:19:57:47 -0500] "GET /ecodirectorio/files/res/pages/page_0087.swf HTTP/1.1" 200 224081
190.25.157.12 - - [20/Dec/2015:19:57:54 -0500] "POST /forms/lservlet;jsessionid=ac16012b30d7fcfb694b74754b67ba13d8349b7969d1.e3iSbxaKaheRe38KbN0Rb34Mc3j0n6jAmljGr5XDqQLvpAe HTTP/1.1" 200 2
107.139.230.200 - - [20/Dec/2015:19:58:24 -0500] "GET /ecodirectorio/files/res/pages/page_0093.swf HTTP/1.1" 200 250117
66.249.64.101 - - [20/Dec/2015:19:58:35 -0500] "GET /BLA/resoluciones/RESOLUCIONES%202007/RES%202007%201101%20AL%201200/RESOLUCION%201159%20DE%202007.pdf HTTP/1.1" 200 189591
107.139.230.200 - - [20/Dec/2015:19:58:46 -0500] "GET /ecodirectorio/files/res/pages/page_0086.swf HTTP/1.1" 200 234275
181.129.88.210 - - [20/Dec/2015:19:59:07 -0500] "POST /forms/lservlet;jsessionid=ac16012b30d7e768522c79bb4cb18bbaed9c8c3a90f5.e3iSbxaKaheRe38KbN0Rb34Mc3j0n6jAmljGr5XDqQLvpAe HTTP/1.1" 200 2
107.139.230.200 - - [20/Dec/2015:19:59:20 -0500] "GET /ecodirectorio/files/res/pages/page_0094.swf HTTP/1.1" 200 187001
181.128.238.146 - - [20/Dec/2015:19:59:22 -0500] "GET /sipse_spci/ HTTP/1.1" 404 1120
107.139.230.200 - - [20/Dec/2015:19:59:26 -0500] "GET /ecodirectorio/files/res/pages/page_0085.swf HTTP/1.1" 200 184664
181.49.73.100 - - [20/Dec/2015:19:59:32 -0500] "POST /forms/lservlet;jsessionid=ac16012b30d7d38f577c4b444f6484d3f9d0f79a7914.e3iSbxaKaheRe38KbN0Rb34Mc3j0n6jAmljGr5XDqQLvpAe HTTP/1.1" 200 2
107.139.230.200 - - [20/Dec/2015:19:59:50 -0500] "GET /ecodirectorio/files/res/pages/page_0095.swf HTTP/1.1" 200 170709
107.139.230.200 - - [20/Dec/2015:19:59:54 -0500] "GET /ecodirectorio/files/res/pages/page_0084.swf HTTP/1.1" 200 180691
190.25.157.12 - - [20/Dec/2015:19:59:54 -0500] "POST /forms/lservlet;jsessionid=ac16012b30d7fcfb694b74754b67ba13d8349b7969d1.e3iSbxaKaheRe38KbN0Rb34Mc3j0n6jAmljGr5XDqQLvpAe HTTP/1.1" 200 2
66.249.64.106 - - [20/Dec/2015:19:59:59 -0500] "GET /BLA/resoluciones/RESOLUCIONES%202011/0234.pdf HTTP/1.1" 200 1399963
181.57.45.227 - - [20/Dec/2015:20:00:04 -0500] "GET /galeria/galeria/jquery.fancybox.css?v=2.1.5 HTTP/1.1" 200 4895
181.57.45.227 - - [20/Dec/2015:20:00:04 -0500] "GET /BLA/boletinlegal/js/jquery.scrollShow.js HTTP/1.1" 200 4586
181.57.45.227 - - [20/Dec/2015:20:00:04 -0500] "GET /galeria/galeria/jquery.fancybox.js?v=2.1.5 HTTP/1.1" 200 48706
181.57.45.227 - - [20/Dec/2015:20:00:11 -0500] "GET /BLA/boletinlegal/js/jquery.scrollShow.js HTTP/1.1" 304 -
181.57.45.227 - - [20/Dec/2015:20:00:11 -0500] "GET /galeria/galeria/jquery.fancybox.js?v=2.1.5 HTTP/1.1" 304 -
181.57.45.227 - - [20/Dec/2015:20:00:11 -0500] "GET /galeria/galeria/jquery.fancybox.css?v=2.1.5 HTTP/1.1" 304 -
181.57.45.227 - - [20/Dec/2015:20:00:12 -0500] "GET /BLA/boletinlegal/js/jquery.scrollShow.js HTTP/1.1" 304 -
181.57.45.227 - - [20/Dec/2015:20:00:12 -0500] "GET /galeria/galeria/jquery.fancybox.js?v=2.1.5 HTTP/1.1" 304 -
181.57.45.227 - - [20/Dec/2015:20:00:12 -0500] "GET /galeria/galeria/jquery.fancybox.css?v=2.1.5 HTTP/1.1" 304 -
107.139.230.200 - - [20/Dec/2015:20:00:25 -0500] "GET /ecodirectorio/files/res/pages/page_0096.swf HTTP/1.1" 200 277661
107.139.230.200 - - [20/Dec/2015:20:00:25 -0500] "GET /ecodirectorio/files/res/pages/page_0083.swf HTTP/1.1" 200 197283
69.162.124.233 - - [20/Dec/2015:20:00:30 -0500] "HEAD / HTTP/1.1" 200 -
107.139.230.200 - - [20/Dec/2015:20:00:54 -0500] "GET /ecodirectorio/files/res/pages/page_0097.swf HTTP/1.1" 200 240350
107.139.230.200 - - [20/Dec/2015:20:00:55 -0500] "GET /ecodirectorio/files/res/pages/page_0082.swf HTTP/1.1" 200 130438
107.139.230.200 - - [20/Dec/2015:20:01:04 -0500] "GET /ecodirectorio/files/res/pages/page_0098.swf HTTP/1.1" 200 189940
107.139.230.200 - - [20/Dec/2015:20:01:14 -0500] "GET /ecodirectorio/files/res/pages/page_0081.swf HTTP/1.1" 200 139672
107.139.230.200 - - [20/Dec/2015:20:01:15 -0500] "GET /ecodirectorio/files/res/pages/page_0099.swf HTTP/1.1" 200 329927
66.249.64.101 - - [20/Dec/2015:20:01:23 -0500] "GET /BLA/resoluciones/AUTOS%202008/2625.pdf HTTP/1.1" 200 115621
181.49.73.100 - - [20/Dec/2015:20:01:32 -0500] "POST /forms/lservlet;jsessionid=ac16012b30d7d38f577c4b444f6484d3f9d0f79a7914.e3iSbxaKaheRe38KbN0Rb34Mc3j0n6jAmljGr5XDqQLvpAe HTTP/1.1" 200 2
107.139.230.200 - - [20/Dec/2015:20:01:41 -0500] "GET /ecodirectorio/files/res/pages/page_0080.swf HTTP/1.1" 200 104522
181.57.45.227 - - [20/Dec/2015:20:01:46 -0500] "GET /galeria/galeria/fotos/jornadaP.jpg HTTP/1.1" 200 24385
181.57.45.227 - - [20/Dec/2015:20:01:46 -0500] "GET /galeria/galeria/fotos/reciclatonP.jpg HTTP/1.1" 200 57069
107.139.230.200 - - [20/Dec/2015:20:01:50 -0500] "GET /ecodirectorio/files/res/pages/page_0100.swf HTTP/1.1" 200 135214
190.25.157.12 - - [20/Dec/2015:20:01:54 -0500] "POST /forms/lservlet;jsessionid=ac16012b30d7fcfb694b74754b67ba13d8349b7969d1.e3iSbxaKaheRe38KbN0Rb34Mc3j0n6jAmljGr5XDqQLvpAe HTTP/1.1" 200 2
190.242.75.29 - - [20/Dec/2015:20:01:59 -0500] "GET /BLA/boletinlegal/js/jquery.scrollShow.js HTTP/1.1" 200 4586
190.242.75.29 - - [20/Dec/2015:20:01:59 -0500] "GET /galeria/galeria/jquery.fancybox.js?v=2.1.5 HTTP/1.1" 200 48706
190.242.75.29 - - [20/Dec/2015:20:01:59 -0500] "GET /galeria/galeria/jquery.fancybox.css?v=2.1.5 HTTP/1.1" 200 4895
107.139.230.200 - - [20/Dec/2015:20:01:59 -0500] "GET /ecodirectorio/files/res/pages/page_0079.swf HTTP/1.1" 200 179580
186.85.57.112 - - [20/Dec/2015:20:02:06 -0500] "GET /galeria/nivo-slider/demo/demo.html HTTP/1.1" 200 4456
190.242.75.29 - - [20/Dec/2015:20:02:09 -0500] "GET /BLA/boletinlegal/js/jquery.scrollShow.js HTTP/1.1" 304 -
190.242.75.29 - - [20/Dec/2015:20:02:09 -0500] "GET /galeria/galeria/jquery.fancybox.js?v=2.1.5 HTTP/1.1" 304 -
190.242.75.29 - - [20/Dec/2015:20:02:09 -0500] "GET /galeria/galeria/jquery.fancybox.css?v=2.1.5 HTTP/1.1" 304 -
107.139.230.200 - - [20/Dec/2015:20:02:15 -0500] "GET /ecodirectorio/files/res/pages/page_0101.swf HTTP/1.1" 200 263336
107.139.230.200 - - [20/Dec/2015:20:02:23 -0500] "GET /ecodirectorio/files/res/pages/page_0078.swf HTTP/1.1" 200 173548
186.85.57.112 - - [20/Dec/2015:20:02:34 -0500] "GET /galeria/nivo-slider/themes/default/default.css HTTP/1.1" 304 -
186.85.57.112 - - [20/Dec/2015:20:02:34 -0500] "GET /galeria/nivo-slider/demo/images/ambientales.jpg HTTP/1.1" 200 397233
186.85.57.112 - - [20/Dec/2015:20:02:34 -0500] "GET /galeria/nivo-slider/demo/images/Programacion-navidena.jpg HTTP/1.1" 304 -
186.85.57.112 - - [20/Dec/2015:20:02:34 -0500] "GET /galeria/nivo-slider/demo/images/2Banner-encuestaSDA.jpg HTTP/1.1" 304 -
186.85.57.112 - - [20/Dec/2015:20:02:34 -0500] "GET /galeria/nivo-slider/demo/images/ABC-Plan-de-contigencia.jpg HTTP/1.1" 304 -
186.85.57.112 - - [20/Dec/2015:20:02:34 -0500] "GET /galeria/nivo-slider/demo/images/banner-llantas2015.jpg HTTP/1.1" 200 185615
186.85.57.112 - - [20/Dec/2015:20:02:34 -0500] "GET /galeria/nivo-slider/demo/images/caminata-ecologica.jpg HTTP/1.1" 304 -
186.85.57.112 - - [20/Dec/2015:20:02:34 -0500] "GET /galeria/nivo-slider/demo/images/Banner-ahorro-de-agua.jpg HTTP/1.1" 304 -
186.85.57.112 - - [20/Dec/2015:20:02:34 -0500] "GET /galeria/nivo-slider/demo/images/Cmapana-onestidad.jpg HTTP/1.1" 304 -
186.85.57.112 - - [20/Dec/2015:20:02:34 -0500] "GET /galeria/nivo-slider/demo/images/PREDAcamp.jpg HTTP/1.1" 304 -
186.85.57.112 - - [20/Dec/2015:20:02:35 -0500] "GET /galeria/nivo-slider/demo/images/banner-llantas2.jpg HTTP/1.1" 304 -
186.85.57.112 - - [20/Dec/2015:20:02:35 -0500] "GET /galeria/nivo-slider/demo/images/9Signos.jpg HTTP/1.1" 304 -
186.85.57.112 - - [20/Dec/2015:20:02:35 -0500] "GET /galeria/nivo-slider/demo/images/Ruta-vertimientos-01.jpg HTTP/1.1" 304 -
186.85.57.112 - - [20/Dec/2015:20:02:35 -0500] "GET /galeria/nivo-slider/demo/images/bolsas-06.jpg HTTP/1.1" 304 -
186.85.57.112 - - [20/Dec/2015:20:02:35 -0500] "GET /galeria/nivo-slider/demo/images/ecolecta-Dic2014.png HTTP/1.1" 304 -
107.139.230.200 - - [20/Dec/2015:20:02:41 -0500] "GET /ecodirectorio/files/res/pages/page_0102.swf HTTP/1.1" 200 152523
66.249.64.106 - - [20/Dec/2015:20:02:47 -0500] "GET /BLA/resoluciones/RESOLUCIONES%202011/4595.pdf HTTP/1.1" 200 632902
107.139.230.200 - - [20/Dec/2015:20:02:55 -0500] "GET /ecodirectorio/files/res/pages/page_0077.swf HTTP/1.1" 200 174815
107.139.230.200 - - [20/Dec/2015:20:03:05 -0500] "GET /ecodirectorio/files/res/pages/page_0076.swf HTTP/1.1" 200 152745
98.17.151.206 - - [20/Dec/2015:20:03:11 -0500] "GET /webdav/x32.php?host=192.81.240.109&time=60&port=80 HTTP/1.1" 404 1018
186.115.53.187 - - [20/Dec/2015:20:03:17 -0500] "GET /BLA/resoluciones/index.php?dir=RESOLUCIONES+2006%2F HTTP/1.1" 200 16103
107.139.230.200 - - [20/Dec/2015:20:03:17 -0500] "GET /ecodirectorio/files/res/pages/page_0075.swf HTTP/1.1" 200 114665
107.139.230.200 - - [20/Dec/2015:20:03:18 -0500] "GET /ecodirectorio/files/res/pages/page_0074.swf HTTP/1.1" 200 170918
107.139.230.200 - - [20/Dec/2015:20:03:21 -0500] "GET /ecodirectorio/files/res/pages/page_0073.swf HTTP/1.1" 200 121536
181.49.73.100 - - [20/Dec/2015:20:03:32 -0500] "POST /forms/lservlet;jsessionid=ac16012b30d7d38f577c4b444f6484d3f9d0f79a7914.e3iSbxaKaheRe38KbN0Rb34Mc3j0n6jAmljGr5XDqQLvpAe HTTP/1.1" 200 2
190.25.157.12 - - [20/Dec/2015:20:03:54 -0500] "POST /forms/lservlet;jsessionid=ac16012b30d7fcfb694b74754b67ba13d8349b7969d1.e3iSbxaKaheRe38KbN0Rb34Mc3j0n6jAmljGr5XDqQLvpAe HTTP/1.1" 200 2
66.249.64.101 - - [20/Dec/2015:20:04:11 -0500] "GET /BLA/resoluciones/AUTOS%202013/2209.pdf HTTP/1.1" 200 461792
186.85.57.112 - - [20/Dec/2015:20:04:23 -0500] "GET /videos/ArchivoSDA.flv HTTP/1.1" 200 31205279
69.162.124.233 - - [20/Dec/2015:20:05:30 -0500] "HEAD / HTTP/1.1" 200 -
181.49.73.100 - - [20/Dec/2015:20:05:32 -0500] "POST /forms/lservlet;jsessionid=ac16012b30d7d38f577c4b444f6484d3f9d0f79a7914.e3iSbxaKaheRe38KbN0Rb34Mc3j0n6jAmljGr5XDqQLvpAe HTTP/1.1" 200 2
66.249.64.101 - - [20/Dec/2015:20:05:35 -0500] "GET /BLA/resoluciones/index.php?dir=Notificaciones/&sort=name&order=desc HTTP/1.1" 200 4329
190.25.157.12 - - [20/Dec/2015:20:05:54 -0500] "POST /forms/lservlet;jsessionid=ac16012b30d7fcfb694b74754b67ba13d8349b7969d1.e3iSbxaKaheRe38KbN0Rb34Mc3j0n6jAmljGr5XDqQLvpAe HTTP/1.1" 200 2
66.249.64.238 - - [20/Dec/2015:20:06:31 -0500] "GET /BLA/boletinlegal/Circulares/2010/Circular%2005%20de%208%20de%20septiembre%20de%202010.pdf HTTP/1.1" 200 2146608
201.233.228.3 - - [20/Dec/2015:20:06:56 -0500] "GET /BLA/ HTTP/1.1" 200 538
66.249.64.106 - - [20/Dec/2015:20:06:59 -0500] "GET /BLA/resoluciones/AUTOS%202011/0106.pdf HTTP/1.1" 200 203174
157.55.39.189 - - [20/Dec/2015:20:07:27 -0500] "GET /robots.txt HTTP/1.1" 404 1018
181.49.73.100 - - [20/Dec/2015:20:07:33 -0500] "POST /forms/lservlet;jsessionid=ac16012b30d7d38f577c4b444f6484d3f9d0f79a7914.e3iSbxaKaheRe38KbN0Rb34Mc3j0n6jAmljGr5XDqQLvpAe HTTP/1.1" 200 2
190.25.157.12 - - [20/Dec/2015:20:07:54 -0500] "POST /forms/lservlet;jsessionid=ac16012b30d7fcfb694b74754b67ba13d8349b7969d1.e3iSbxaKaheRe38KbN0Rb34Mc3j0n6jAmljGr5XDqQLvpAe HTTP/1.1" 200 2
201.233.228.3 - - [20/Dec/2015:20:08:20 -0500] "GET /BLA/boletinlegal/style.css HTTP/1.1" 200 9406
201.233.228.3 - - [20/Dec/2015:20:08:20 -0500] "GET /BLA/boletinlegal/styles2.css HTTP/1.1" 200 1838
201.233.228.3 - - [20/Dec/2015:20:08:20 -0500] "GET /BLA/boletinlegal/js/jquery.js HTTP/1.1" 200 57254
201.233.228.3 - - [20/Dec/2015:20:08:20 -0500] "GET /BLA/boletinlegal/js/jquery.scrollTo-min.js HTTP/1.1" 200 1150
201.233.228.3 - - [20/Dec/2015:20:08:20 -0500] "GET /BLA/boletinlegal/js/jquery.scrollShow.js HTTP/1.1" 200 4586
201.233.228.3 - - [20/Dec/2015:20:08:20 -0500] "GET /BLA/boletinlegal/images/cabezote%20BLEGAL.jpg HTTP/1.1" 200 118164
201.233.228.3 - - [20/Dec/2015:20:08:20 -0500] "GET /BLA/boletinlegal/images/nuevo.gif HTTP/1.1" 200 26475
201.233.228.3 - - [20/Dec/2015:20:08:20 -0500] "GET /BLA/boletinlegal/images/arr_l.jpg HTTP/1.1" 200 1979
201.233.228.3 - - [20/Dec/2015:20:08:20 -0500] "GET /BLA/boletinlegal/images/historia.png HTTP/1.1" 200 52775
201.233.228.3 - - [20/Dec/2015:20:08:20 -0500] "GET /BLA/boletinlegal/images/subscribe-icon-big.png HTTP/1.1" 200 47702
201.233.228.3 - - [20/Dec/2015:20:08:20 -0500] "GET /BLA/boletinlegal/images/screen_1.png HTTP/1.1" 200 202547
201.233.228.3 - - [20/Dec/2015:20:08:20 -0500] "GET /BLA/boletinlegal/images/launch.jpg HTTP/1.1" 200 14577
201.233.228.3 - - [20/Dec/2015:20:08:21 -0500] "GET /BLA/boletinlegal/images/screen_2.png HTTP/1.1" 200 362502
201.233.228.3 - - [20/Dec/2015:20:08:21 -0500] "GET /BLA/boletinlegal/images/body_bg.jpg HTTP/1.1" 200 1601
201.233.228.3 - - [20/Dec/2015:20:08:21 -0500] "GET /BLA/boletinlegal/images/menu_lft.gif HTTP/1.1" 200 1713
201.233.228.3 - - [20/Dec/2015:20:08:21 -0500] "GET /BLA/boletinlegal/images/menu_rght.gif HTTP/1.1" 200 1627
201.233.228.3 - - [20/Dec/2015:20:08:21 -0500] "GET /BLA/boletinlegal/images/bg_top.jpg HTTP/1.1" 200 522
201.233.228.3 - - [20/Dec/2015:20:08:21 -0500] "GET /BLA/boletinlegal/images/menu_bg.jpg HTTP/1.1" 200 620
201.233.228.3 - - [20/Dec/2015:20:08:21 -0500] "GET /BLA/boletinlegal/images/text.jpg HTTP/1.1" 200 568
201.233.228.3 - - [20/Dec/2015:20:08:21 -0500] "GET /BLA/boletinlegal/images/hover.jpg HTTP/1.1" 200 640
66.249.64.96 - - [20/Dec/2015:20:08:24 -0500] "GET /BLA/resoluciones/RESOLUCIONES%202007/RES%202007%203701%20AL%203800/RESOLUCION%203736%20DE%202007.pdf HTTP/1.1" 200 3813709
181.128.238.146 - - [20/Dec/2015:20:08:25 -0500] "GET /sipse_spci/ HTTP/1.1" 404 1120
201.233.228.3 - - [20/Dec/2015:20:08:25 -0500] "GET /BLA/boletinlegal/images/screen_5.png HTTP/1.1" 200 368876
201.233.228.3 - - [20/Dec/2015:20:08:25 -0500] "GET /BLA/boletinlegal/images/arr_r.jpg HTTP/1.1" 200 1998
201.233.228.3 - - [20/Dec/2015:20:08:25 -0500] "GET /BLA/boletinlegal/images/screen_3.png HTTP/1.1" 200 210620
201.233.228.3 - - [20/Dec/2015:20:08:25 -0500] "GET /BLA/boletinlegal/images/pdf.gif HTTP/1.1" 200 567
201.233.228.3 - - [20/Dec/2015:20:08:25 -0500] "GET /BLA/boletinlegal/images/footer_bg.jpg HTTP/1.1" 200 586
201.233.228.3 - - [20/Dec/2015:20:08:27 -0500] "GET /BLA/boletinlegal/normativa.php HTTP/1.1" 200 7023
201.233.228.3 - - [20/Dec/2015:20:08:27 -0500] "GET /BLA/boletinlegal/js/ajax_normativa.js HTTP/1.1" 200 1154
201.233.228.3 - - [20/Dec/2015:20:08:27 -0500] "GET /BLA/boletinlegal/niceforms.js HTTP/1.1" 200 22876
201.233.228.3 - - [20/Dec/2015:20:08:27 -0500] "GET /BLA/boletinlegal/niceforms-default.css HTTP/1.1" 200 6694
201.233.228.3 - - [20/Dec/2015:20:08:27 -0500] "GET /BLA/boletinlegal/images/abajo.png HTTP/1.1" 200 96676
201.233.228.3 - - [20/Dec/2015:20:08:28 -0500] "GET /BLA/boletinlegal/images/footer_bg_l.jpg HTTP/1.1" 200 776
201.233.228.3 - - [20/Dec/2015:20:08:29 -0500] "GET /BLA/boletinlegal/img/0.png HTTP/1.1" 200 110
201.233.228.3 - - [20/Dec/2015:20:08:29 -0500] "GET /BLA/boletinlegal/img/button-right.png HTTP/1.1" 200 57878
201.233.228.3 - - [20/Dec/2015:20:08:29 -0500] "GET /BLA/boletinlegal/img/button.png HTTP/1.1" 200 43241
201.233.228.3 - - [20/Dec/2015:20:08:29 -0500] "GET /BLA/boletinlegal/img/select-left.png HTTP/1.1" 200 263
201.233.228.3 - - [20/Dec/2015:20:08:29 -0500] "GET /BLA/boletinlegal/img/button-left.png HTTP/1.1" 200 57071
201.233.228.3 - - [20/Dec/2015:20:08:29 -0500] "GET /BLA/boletinlegal/img/select-right.png HTTP/1.1" 200 44019
201.233.228.3 - - [20/Dec/2015:20:08:29 -0500] "GET /favicon.ico HTTP/1.1" 200 7782
181.128.238.146 - - [20/Dec/2015:20:08:33 -0500] "GET /sipse_spci/ HTTP/1.1" 404 1120
181.128.238.146 - - [20/Dec/2015:20:08:32 -0500] "GET /sipse/ HTTP/1.1" 302 -
181.128.238.146 - - [20/Dec/2015:20:08:33 -0500] "GET /sipse/faces/autenticacion.xhtml HTTP/1.1" 200 9938
181.128.238.146 - - [20/Dec/2015:20:08:34 -0500] "GET /sipse/faces/javax.faces.resource/theme.css?ln=primefaces-sipse HTTP/1.1" 304 -
181.128.238.146 - - [20/Dec/2015:20:08:34 -0500] "GET /sipse/faces/javax.faces.resource/primefaces.css?ln=primefaces&v=4.0 HTTP/1.1" 304 -
201.233.228.3 - - [20/Dec/2015:20:08:19 -0500] "GET /BLA/boletinlegal/index.php HTTP/1.1" 200 20427
181.128.238.146 - - [20/Dec/2015:20:08:37 -0500] "GET /sipse/faces/javax.faces.resource/jquery/jquery.js?ln=primefaces&v=4.0 HTTP/1.1" 304 -
181.128.238.146 - - [20/Dec/2015:20:08:37 -0500] "GET /sipse/faces/javax.faces.resource/layout/layout.css?ln=primefaces&v=4.0 HTTP/1.1" 304 -
181.128.238.146 - - [20/Dec/2015:20:08:40 -0500] "GET /sipse/js/disable_browser_buttons.js HTTP/1.1" 200 3230
181.128.238.146 - - [20/Dec/2015:20:08:40 -0500] "GET /sipse/css/custom_css_sg.css HTTP/1.1" 200 9436
181.128.238.146 - - [20/Dec/2015:20:08:40 -0500] "GET /sipse/js/funciones.js HTTP/1.1" 200 7861
181.128.238.146 - - [20/Dec/2015:20:08:40 -0500] "GET /sipse/css/custom_css_sg_prime_login.css HTTP/1.1" 200 425
181.128.238.146 - - [20/Dec/2015:20:08:40 -0500] "GET /sipse/faces/javax.faces.resource/primefaces.js?ln=primefaces&v=4.0 HTTP/1.1" 304 -
181.128.238.146 - - [20/Dec/2015:20:08:40 -0500] "GET /sipse/faces/javax.faces.resource/layout/layout.js?ln=primefaces&v=4.0 HTTP/1.1" 304 -
181.128.238.146 - - [20/Dec/2015:20:08:45 -0500] "GET /sipse/faces/javax.faces.resource/jquery/jquery-plugins.js?ln=primefaces&v=4.0 HTTP/1.1" 304 -
181.128.238.146 - - [20/Dec/2015:20:08:49 -0500] "GET /sipse/css/imagen/logo.png HTTP/1.1" 200 184624
201.233.228.3 - - [20/Dec/2015:20:08:58 -0500] "GET /BLA/boletinlegal/consulta_normativa.php?tipo=Decreto&sector=Aire&ano=2015&resuelve= HTTP/1.1" 200 454
181.128.238.146 - - [20/Dec/2015:20:08:56 -0500] "GET /sipse/css/imagen/loginimg.png HTTP/1.1" 200 104836
181.128.238.146 - - [20/Dec/2015:20:09:03 -0500] "GET /sipse/faces/index.xhtml HTTP/1.1" 200 677
181.128.238.146 - - [20/Dec/2015:20:09:03 -0500] "GET /sipse/faces/javax.faces.resource/theme.css?ln=primefaces-sipse HTTP/1.1" 304 -
181.128.238.146 - - [20/Dec/2015:20:09:04 -0500] "GET /sipse/faces/faces/autenticacion.xhtml HTTP/1.1" 200 9938
181.128.238.146 - - [20/Dec/2015:20:09:08 -0500] "GET /sipse/js/funciones.js HTTP/1.1" 304 -
181.128.238.146 - - [20/Dec/2015:20:09:08 -0500] "GET /sipse/js/disable_browser_buttons.js HTTP/1.1" 304 -
201.233.228.3 - - [20/Dec/2015:20:09:10 -0500] "GET /BLA/boletinlegal/consulta_normativa.php?tipo=Decreto&sector=Aire&ano=1981&resuelve= HTTP/1.1" 200 454
181.128.238.146 - - [20/Dec/2015:20:09:11 -0500] "GET /sipse/faces/javax.faces.resource/primefaces.css?ln=primefaces&v=4.0 HTTP/1.1" 304 -
181.128.238.146 - - [20/Dec/2015:20:09:11 -0500] "GET /sipse/faces/javax.faces.resource/layout/layout.css?ln=primefaces&v=4.0 HTTP/1.1" 304 -
181.128.238.146 - - [20/Dec/2015:20:09:11 -0500] "GET /sipse/faces/javax.faces.resource/primefaces.js?ln=primefaces&v=4.0 HTTP/1.1" 304 -
181.128.238.146 - - [20/Dec/2015:20:09:11 -0500] "GET /sipse/faces/javax.faces.resource/jquery/jquery.js?ln=primefaces&v=4.0 HTTP/1.1" 304 -
181.128.238.146 - - [20/Dec/2015:20:09:11 -0500] "GET /sipse/faces/javax.faces.resource/jquery/jquery-plugins.js?ln=primefaces&v=4.0 HTTP/1.1" 304 -
181.128.238.146 - - [20/Dec/2015:20:09:11 -0500] "GET /sipse/css/custom_css_sg_prime_login.css HTTP/1.1" 304 -
181.128.238.146 - - [20/Dec/2015:20:09:11 -0500] "GET /sipse/css/custom_css_sg.css HTTP/1.1" 304 -
181.128.238.146 - - [20/Dec/2015:20:09:11 -0500] "GET /sipse/faces/javax.faces.resource/theme.css?ln=primefaces-sipse HTTP/1.1" 304 -
181.128.238.146 - - [20/Dec/2015:20:09:11 -0500] "GET /sipse/faces/javax.faces.resource/layout/layout.js?ln=primefaces&v=4.0 HTTP/1.1" 304 -
201.233.228.3 - - [20/Dec/2015:20:09:12 -0500] "GET /BLA/boletinlegal/consulta_normativa.php?tipo=Decreto&sector=Aire&ano=1981&resuelve= HTTP/1.1" 200 454
181.128.238.146 - - [20/Dec/2015:20:09:16 -0500] "GET /sipse/css/imagen/loginimg.png HTTP/1.1" 304 -
181.128.238.146 - - [20/Dec/2015:20:09:17 -0500] "GET /sipse/css/imagen/logo.png HTTP/1.1" 304 -
190.157.107.94 - - [20/Dec/2015:20:09:32 -0500] "GET /BLA/resoluciones/AUTOS%202012/0153.pdf HTTP/1.1" 200 306573
181.49.73.100 - - [20/Dec/2015:20:09:33 -0500] "POST /forms/lservlet;jsessionid=ac16012b30d7d38f577c4b444f6484d3f9d0f79a7914.e3iSbxaKaheRe38KbN0Rb34Mc3j0n6jAmljGr5XDqQLvpAe HTTP/1.1" 200 2
190.157.107.94 - - [20/Dec/2015:20:09:36 -0500] "GET /BLA/resoluciones/AUTOS%202012/0153.pdf HTTP/1.1" 200 306573
181.128.238.146 - - [20/Dec/2015:20:09:36 -0500] "GET /sipse_spci HTTP/1.1" 404 1120
186.85.57.112 - - [20/Dec/2015:20:09:37 -0500] "GET /videos/ArchivoSDA.flv HTTP/1.1" 206 1
186.85.57.112 - - [20/Dec/2015:20:09:37 -0500] "GET /videos/ArchivoSDA.flv HTTP/1.1" 206 28647631
66.249.64.106 - - [20/Dec/2015:20:09:47 -0500] "GET /BLA/resoluciones/AUTOS%202012/1925.pdf HTTP/1.1" 200 2217366
190.25.157.12 - - [20/Dec/2015:20:09:54 -0500] "POST /forms/lservlet;jsessionid=ac16012b30d7fcfb694b74754b67ba13d8349b7969d1.e3iSbxaKaheRe38KbN0Rb34Mc3j0n6jAmljGr5XDqQLvpAe HTTP/1.1" 200 2
69.162.124.233 - - [20/Dec/2015:20:10:30 -0500] "HEAD / HTTP/1.1" 200 -
181.130.205.205 - - [20/Dec/2015:20:10:35 -0500] "GET /webfile/1ibre/1ibre.css HTTP/1.1" 404 1364
181.56.171.195 - - [20/Dec/2015:20:10:44 -0500] "GET /galeria/galeria/jquery.fancybox.css?v=2.1.5 HTTP/1.1" 200 4895
181.56.171.195 - - [20/Dec/2015:20:10:44 -0500] "GET /galeria/galeria/jquery.fancybox.js?v=2.1.5 HTTP/1.1" 200 48706
181.56.171.195 - - [20/Dec/2015:20:10:44 -0500] "GET /BLA/boletinlegal/js/jquery.scrollShow.js HTTP/1.1" 200 4586
181.56.171.195 - - [20/Dec/2015:20:10:52 -0500] "GET /BLA/boletinlegal/js/jquery.scrollShow.js HTTP/1.1" 304 -
181.56.171.195 - - [20/Dec/2015:20:10:52 -0500] "GET /galeria/galeria/jquery.fancybox.js?v=2.1.5 HTTP/1.1" 304 -
181.56.171.195 - - [20/Dec/2015:20:10:52 -0500] "GET /galeria/galeria/jquery.fancybox.css?v=2.1.5 HTTP/1.1" 304 -
181.130.205.205 - - [20/Dec/2015:20:11:09 -0500] "GET /webfile/1ibre/1ibre.css HTTP/1.1" 404 1364
66.249.64.106 - - [20/Dec/2015:20:11:11 -0500] "GET /BLA/resoluciones/RESOLUCIONES%202007/RES%202007%20801%20AL%20900/RESOLUCION%200811%20DE%202007.pdf HTTP/1.1" 304 -
181.56.171.195 - - [20/Dec/2015:20:11:25 -0500] "GET /galeria/bibloteca/contentflow.js HTTP/1.1" 200 42804
181.56.171.195 - - [20/Dec/2015:20:11:25 -0500] "GET /galeria/bibloteca/contentflow.css HTTP/1.1" 200 3201
181.56.171.195 - - [20/Dec/2015:20:11:25 -0500] "GET /galeria/bibloteca/mycontentflow.css HTTP/1.1" 200 3110
181.56.171.195 - - [20/Dec/2015:20:11:25 -0500] "GET /galeria/bibloteca/ContentFlowAddOn_white.js HTTP/1.1" 200 2497
181.56.171.195 - - [20/Dec/2015:20:11:26 -0500] "GET /galeria/bibloteca/ContentFlowAddOn_white.css HTTP/1.1" 200 3355
181.56.171.195 - - [20/Dec/2015:20:11:26 -0500] "GET /galeria/bibloteca/img/loader.gif HTTP/1.1" 200 8238
181.56.171.195 - - [20/Dec/2015:20:11:26 -0500] "GET /galeria/bibloteca/img/slider_white.png HTTP/1.1" 200 178
181.56.171.195 - - [20/Dec/2015:20:11:26 -0500] "GET /galeria/bibloteca/img/scrollbar_white.png HTTP/1.1" 200 82
181.56.171.195 - - [20/Dec/2015:20:11:28 -0500] "GET /galeria/bibloteca/img/scrollbar_black.png HTTP/1.1" 200 82
181.56.171.195 - - [20/Dec/2015:20:11:28 -0500] "GET /galeria/bibloteca/img/ajax-loader.gif HTTP/1.1" 200 9427
181.56.171.195 - - [20/Dec/2015:20:11:28 -0500] "GET /galeria/bibloteca/img/1x1_0.5_white.png HTTP/1.1" 200 82
181.56.171.195 - - [20/Dec/2015:20:11:28 -0500] "GET /galeria/bibloteca/img/slider_black.png HTTP/1.1" 200 175
181.130.205.205 - - [20/Dec/2015:20:11:30 -0500] "GET /webfile/1ibre/1ibre.css HTTP/1.1" 404 1364
181.49.73.100 - - [20/Dec/2015:20:11:33 -0500] "POST /forms/lservlet;jsessionid=ac16012b30d7d38f577c4b444f6484d3f9d0f79a7914.e3iSbxaKaheRe38KbN0Rb34Mc3j0n6jAmljGr5XDqQLvpAe HTTP/1.1" 200 2
51.174.21.235 - - [20/Dec/2015:20:11:49 -0500] "GET /webdav/x32.php HTTP/1.1" 404 1018
190.25.157.12 - - [20/Dec/2015:20:11:54 -0500] "POST /forms/lservlet;jsessionid=ac16012b30d7fcfb694b74754b67ba13d8349b7969d1.e3iSbxaKaheRe38KbN0Rb34Mc3j0n6jAmljGr5XDqQLvpAe HTTP/1.1" 200 2
186.155.145.110 - - [20/Dec/2015:20:12:32 -0500] "GET /BLA/boletinlegal/js/jquery.scrollShow.js HTTP/1.1" 200 4586
186.155.145.110 - - [20/Dec/2015:20:12:32 -0500] "GET /galeria/galeria/jquery.fancybox.js?v=2.1.5 HTTP/1.1" 200 48706
