190.27.147.41 - - [20/Dec/2015:17:49:00 -0500] "GET /BLA/boletinlegal/js/jquery.scrollShow.js HTTP/1.1" 304 -
190.27.147.41 - - [20/Dec/2015:17:49:00 -0500] "GET /galeria/galeria/jquery.fancybox.js?v=2.1.5 HTTP/1.1" 304 -
190.27.147.41 - - [20/Dec/2015:17:49:00 -0500] "GET /galeria/galeria/jquery.fancybox.css?v=2.1.5 HTTP/1.1" 304 -
181.129.88.210 - - [20/Dec/2015:17:49:26 -0500] "POST /forms/lservlet;jsessionid=ac16012b30d726745fa422d64092929ced9d64d5dd7c.e3iSbxaKaheRe38KbN0Rb34Mc3j0n6jAmljGr5XDqQLvpAe HTTP/1.1" 200 3037
181.129.88.210 - - [20/Dec/2015:17:49:28 -0500] "POST /forms/lservlet;jsessionid=ac16012b30d726745fa422d64092929ced9d64d5dd7c.e3iSbxaKaheRe38KbN0Rb34Mc3j0n6jAmljGr5XDqQLvpAe HTTP/1.1" 200 2
181.129.88.210 - - [20/Dec/2015:17:49:33 -0500] "POST /forms/lservlet;jsessionid=ac16012b30d726745fa422d64092929ced9d64d5dd7c.e3iSbxaKaheRe38KbN0Rb34Mc3j0n6jAmljGr5XDqQLvpAe HTTP/1.1" 200 2
181.129.88.210 - - [20/Dec/2015:17:49:33 -0500] "POST /forms/lservlet;jsessionid=ac16012b30d726745fa422d64092929ced9d64d5dd7c.e3iSbxaKaheRe38KbN0Rb34Mc3j0n6jAmljGr5XDqQLvpAe HTTP/1.1" 200 14
181.129.88.210 - - [20/Dec/2015:17:49:34 -0500] "POST /forms/lservlet;jsessionid=ac16012b30d726745fa422d64092929ced9d64d5dd7c.e3iSbxaKaheRe38KbN0Rb34Mc3j0n6jAmljGr5XDqQLvpAe HTTP/1.1" 200 14
181.129.88.210 - - [20/Dec/2015:17:49:35 -0500] "POST /forms/lservlet;jsessionid=ac16012b30d726745fa422d64092929ced9d64d5dd7c.e3iSbxaKaheRe38KbN0Rb34Mc3j0n6jAmljGr5XDqQLvpAe HTTP/1.1" 200 14
181.129.88.210 - - [20/Dec/2015:17:49:37 -0500] "POST /forms/lservlet;jsessionid=ac16012b30d726745fa422d64092929ced9d64d5dd7c.e3iSbxaKaheRe38KbN0Rb34Mc3j0n6jAmljGr5XDqQLvpAe HTTP/1.1" 200 112
181.129.88.210 - - [20/Dec/2015:17:49:37 -0500] "POST /forms/lservlet;jsessionid=ac16012b30d726745fa422d64092929ced9d64d5dd7c.e3iSbxaKaheRe38KbN0Rb34Mc3j0n6jAmljGr5XDqQLvpAe HTTP/1.1" 200 2
181.129.88.210 - - [20/Dec/2015:17:49:50 -0500] "POST /forms/lservlet;jsessionid=ac16012b30d726745fa422d64092929ced9d64d5dd7c.e3iSbxaKaheRe38KbN0Rb34Mc3j0n6jAmljGr5XDqQLvpAe HTTP/1.1" 200 2832
190.25.157.12 - - [20/Dec/2015:17:49:52 -0500] "POST /forms/lservlet;jsessionid=ac16012b30d7fcfb694b74754b67ba13d8349b7969d1.e3iSbxaKaheRe38KbN0Rb34Mc3j0n6jAmljGr5XDqQLvpAe HTTP/1.1" 200 2
181.129.88.210 - - [20/Dec/2015:17:49:55 -0500] "POST /forms/lservlet;jsessionid=ac16012b30d726745fa422d64092929ced9d64d5dd7c.e3iSbxaKaheRe38KbN0Rb34Mc3j0n6jAmljGr5XDqQLvpAe HTTP/1.1" 200 2606
181.129.88.210 - - [20/Dec/2015:17:49:57 -0500] "POST /forms/lservlet;jsessionid=ac16012b30d726745fa422d64092929ced9d64d5dd7c.e3iSbxaKaheRe38KbN0Rb34Mc3j0n6jAmljGr5XDqQLvpAe HTTP/1.1" 200 2713
181.129.88.210 - - [20/Dec/2015:17:49:59 -0500] "POST /forms/lservlet;jsessionid=ac16012b30d726745fa422d64092929ced9d64d5dd7c.e3iSbxaKaheRe38KbN0Rb34Mc3j0n6jAmljGr5XDqQLvpAe HTTP/1.1" 200 2709
181.129.88.210 - - [20/Dec/2015:17:49:38 -0500] "GET /reports/rwservlet/getjobid367620?server=rep_srvapsda HTTP/1.1" 200 2846680
186.28.146.96 - - [20/Dec/2015:17:50:01 -0500] "GET /wp-content/uploads/2015/08/banner2.png HTTP/1.1" 301 362
186.28.146.96 - - [20/Dec/2015:17:50:01 -0500] "GET /wp-content/uploads/2015/08/fotos2b.png HTTP/1.1" 301 362
186.28.146.96 - - [20/Dec/2015:17:50:01 -0500] "GET /wp-content/uploads/2015/08/fotos3b.png HTTP/1.1" 301 362
186.28.146.96 - - [20/Dec/2015:17:50:01 -0500] "GET /wp-content/uploads/2015/08/danos.png HTTP/1.1" 301 360
186.28.146.96 - - [20/Dec/2015:17:50:01 -0500] "GET /wp-content/uploads/2015/08/fotos1b.png HTTP/1.1" 301 362
181.129.88.210 - - [20/Dec/2015:17:50:01 -0500] "POST /forms/lservlet;jsessionid=ac16012b30d726745fa422d64092929ced9d64d5dd7c.e3iSbxaKaheRe38KbN0Rb34Mc3j0n6jAmljGr5XDqQLvpAe HTTP/1.1" 200 2761
186.28.146.96 - - [20/Dec/2015:17:50:03 -0500] "GET /wp-content/uploads/2015/07/UNO.png HTTP/1.1" 301 358
186.28.146.96 - - [20/Dec/2015:17:50:03 -0500] "GET /wp-content/uploads/2015/07/TERCER.png HTTP/1.1" 301 361
186.28.146.96 - - [20/Dec/2015:17:50:04 -0500] "GET /wp-content/uploads/2015/07/DOS.png HTTP/1.1" 301 358
186.28.146.96 - - [20/Dec/2015:17:50:07 -0500] "GET /wp-content/uploads/2015/07/CUARTO.png HTTP/1.1" 301 361
5.9.43.242 - - [20/Dec/2015:17:50:20 -0500] "GET /wordpress/wp-admin/ HTTP/1.1" 404 1018
69.162.124.233 - - [20/Dec/2015:17:50:30 -0500] "HEAD / HTTP/1.1" 200 -
186.86.89.60 - - [20/Dec/2015:17:50:35 -0500] "GET /BLA/boletinlegal/Circulares/2011/Circular%20No.%207%20del%2023%20de%20Diciembre%20de%202011.pdf HTTP/1.1" 206 32768
186.86.89.60 - - [20/Dec/2015:17:50:36 -0500] "GET /BLA/boletinlegal/Circulares/2011/Circular%20No.%207%20del%2023%20de%20Diciembre%20de%202011.pdf HTTP/1.1" 206 1075017
181.56.44.226 - - [20/Dec/2015:17:50:36 -0500] "POST /forms/lservlet;jsessionid=ac16012b30d7652a3332ac774696a4929302f2516421.e3iSbxaKaheRe38KbN0Rb34Mc3j0n6jAmljGr5XDqQLvpAe HTTP/1.1" 200 2
181.129.88.210 - - [20/Dec/2015:17:50:37 -0500] "POST /forms/lservlet;jsessionid=ac16012b30d726745fa422d64092929ced9d64d5dd7c.e3iSbxaKaheRe38KbN0Rb34Mc3j0n6jAmljGr5XDqQLvpAe HTTP/1.1" 200 2367
181.129.88.210 - - [20/Dec/2015:17:50:39 -0500] "POST /forms/lservlet;jsessionid=ac16012b30d726745fa422d64092929ced9d64d5dd7c.e3iSbxaKaheRe38KbN0Rb34Mc3j0n6jAmljGr5XDqQLvpAe HTTP/1.1" 200 3328
181.129.88.210 - - [20/Dec/2015:17:50:41 -0500] "POST /forms/lservlet;jsessionid=ac16012b30d726745fa422d64092929ced9d64d5dd7c.e3iSbxaKaheRe38KbN0Rb34Mc3j0n6jAmljGr5XDqQLvpAe HTTP/1.1" 200 3182
181.129.88.210 - - [20/Dec/2015:17:50:42 -0500] "POST /forms/lservlet;jsessionid=ac16012b30d726745fa422d64092929ced9d64d5dd7c.e3iSbxaKaheRe38KbN0Rb34Mc3j0n6jAmljGr5XDqQLvpAe HTTP/1.1" 200 3312
186.28.48.162 - - [20/Dec/2015:17:50:44 -0500] "GET /BLA/resoluciones/RESOLUCIONES%202013/0468.pdf HTTP/1.1" 200 3152699
186.28.48.162 - - [20/Dec/2015:17:50:44 -0500] "GET /favicon.ico HTTP/1.1" 200 7782
181.129.88.210 - - [20/Dec/2015:17:50:44 -0500] "POST /forms/lservlet;jsessionid=ac16012b30d726745fa422d64092929ced9d64d5dd7c.e3iSbxaKaheRe38KbN0Rb34Mc3j0n6jAmljGr5XDqQLvpAe HTTP/1.1" 200 2969
181.129.88.210 - - [20/Dec/2015:17:50:45 -0500] "POST /forms/lservlet;jsessionid=ac16012b30d726745fa422d64092929ced9d64d5dd7c.e3iSbxaKaheRe38KbN0Rb34Mc3j0n6jAmljGr5XDqQLvpAe HTTP/1.1" 200 3497
181.129.88.210 - - [20/Dec/2015:17:50:46 -0500] "POST /forms/lservlet;jsessionid=ac16012b30d726745fa422d64092929ced9d64d5dd7c.e3iSbxaKaheRe38KbN0Rb34Mc3j0n6jAmljGr5XDqQLvpAe HTTP/1.1" 200 2945
186.28.48.162 - - [20/Dec/2015:17:50:47 -0500] "GET /BLA/resoluciones/RESOLUCIONES%202013/0468.pdf HTTP/1.1" 206 32768
186.28.48.162 - - [20/Dec/2015:17:50:47 -0500] "GET /BLA/resoluciones/RESOLUCIONES%202013/0468.pdf HTTP/1.1" 206 3119931
181.129.88.210 - - [20/Dec/2015:17:50:48 -0500] "POST /forms/lservlet;jsessionid=ac16012b30d726745fa422d64092929ced9d64d5dd7c.e3iSbxaKaheRe38KbN0Rb34Mc3j0n6jAmljGr5XDqQLvpAe HTTP/1.1" 200 2985
181.129.88.210 - - [20/Dec/2015:17:50:49 -0500] "POST /forms/lservlet;jsessionid=ac16012b30d726745fa422d64092929ced9d64d5dd7c.e3iSbxaKaheRe38KbN0Rb34Mc3j0n6jAmljGr5XDqQLvpAe HTTP/1.1" 200 3120
181.129.88.210 - - [20/Dec/2015:17:50:50 -0500] "POST /forms/lservlet;jsessionid=ac16012b30d726745fa422d64092929ced9d64d5dd7c.e3iSbxaKaheRe38KbN0Rb34Mc3j0n6jAmljGr5XDqQLvpAe HTTP/1.1" 200 3277
181.129.88.210 - - [20/Dec/2015:17:50:52 -0500] "POST /forms/lservlet;jsessionid=ac16012b30d726745fa422d64092929ced9d64d5dd7c.e3iSbxaKaheRe38KbN0Rb34Mc3j0n6jAmljGr5XDqQLvpAe HTTP/1.1" 200 2949
181.129.88.210 - - [20/Dec/2015:17:50:53 -0500] "POST /forms/lservlet;jsessionid=ac16012b30d726745fa422d64092929ced9d64d5dd7c.e3iSbxaKaheRe38KbN0Rb34Mc3j0n6jAmljGr5XDqQLvpAe HTTP/1.1" 200 2978
181.129.88.210 - - [20/Dec/2015:17:50:55 -0500] "POST /forms/lservlet;jsessionid=ac16012b30d726745fa422d64092929ced9d64d5dd7c.e3iSbxaKaheRe38KbN0Rb34Mc3j0n6jAmljGr5XDqQLvpAe HTTP/1.1" 200 3215
181.129.88.210 - - [20/Dec/2015:17:50:57 -0500] "POST /forms/lservlet;jsessionid=ac16012b30d726745fa422d64092929ced9d64d5dd7c.e3iSbxaKaheRe38KbN0Rb34Mc3j0n6jAmljGr5XDqQLvpAe HTTP/1.1" 200 2388
181.129.88.210 - - [20/Dec/2015:17:50:58 -0500] "POST /forms/lservlet;jsessionid=ac16012b30d726745fa422d64092929ced9d64d5dd7c.e3iSbxaKaheRe38KbN0Rb34Mc3j0n6jAmljGr5XDqQLvpAe HTTP/1.1" 200 2886
181.129.88.210 - - [20/Dec/2015:17:51:01 -0500] "POST /forms/lservlet;jsessionid=ac16012b30d726745fa422d64092929ced9d64d5dd7c.e3iSbxaKaheRe38KbN0Rb34Mc3j0n6jAmljGr5XDqQLvpAe HTTP/1.1" 200 3027
181.129.88.210 - - [20/Dec/2015:17:51:02 -0500] "POST /forms/lservlet;jsessionid=ac16012b30d726745fa422d64092929ced9d64d5dd7c.e3iSbxaKaheRe38KbN0Rb34Mc3j0n6jAmljGr5XDqQLvpAe HTTP/1.1" 200 3498
181.129.88.210 - - [20/Dec/2015:17:51:04 -0500] "POST /forms/lservlet;jsessionid=ac16012b30d726745fa422d64092929ced9d64d5dd7c.e3iSbxaKaheRe38KbN0Rb34Mc3j0n6jAmljGr5XDqQLvpAe HTTP/1.1" 200 3312
66.249.64.96 - - [20/Dec/2015:17:51:07 -0500] "GET /BLA/resoluciones/AUTOS%202004/0188.pdf HTTP/1.1" 200 41481
181.129.88.210 - - [20/Dec/2015:17:51:12 -0500] "POST /forms/lservlet;jsessionid=ac16012b30d726745fa422d64092929ced9d64d5dd7c.e3iSbxaKaheRe38KbN0Rb34Mc3j0n6jAmljGr5XDqQLvpAe HTTP/1.1" 200 2885
181.129.88.210 - - [20/Dec/2015:17:51:13 -0500] "POST /forms/lservlet;jsessionid=ac16012b30d726745fa422d64092929ced9d64d5dd7c.e3iSbxaKaheRe38KbN0Rb34Mc3j0n6jAmljGr5XDqQLvpAe HTTP/1.1" 200 2319
181.129.88.210 - - [20/Dec/2015:17:51:15 -0500] "POST /forms/lservlet;jsessionid=ac16012b30d726745fa422d64092929ced9d64d5dd7c.e3iSbxaKaheRe38KbN0Rb34Mc3j0n6jAmljGr5XDqQLvpAe HTTP/1.1" 200 3151
181.129.88.210 - - [20/Dec/2015:17:51:17 -0500] "POST /forms/lservlet;jsessionid=ac16012b30d726745fa422d64092929ced9d64d5dd7c.e3iSbxaKaheRe38KbN0Rb34Mc3j0n6jAmljGr5XDqQLvpAe HTTP/1.1" 200 2801
181.129.88.210 - - [20/Dec/2015:17:51:19 -0500] "POST /forms/lservlet;jsessionid=ac16012b30d726745fa422d64092929ced9d64d5dd7c.e3iSbxaKaheRe38KbN0Rb34Mc3j0n6jAmljGr5XDqQLvpAe HTTP/1.1" 200 2847
181.129.88.210 - - [20/Dec/2015:17:51:20 -0500] "POST /forms/lservlet;jsessionid=ac16012b30d726745fa422d64092929ced9d64d5dd7c.e3iSbxaKaheRe38KbN0Rb34Mc3j0n6jAmljGr5XDqQLvpAe HTTP/1.1" 200 2876
181.129.88.210 - - [20/Dec/2015:17:51:22 -0500] "POST /forms/lservlet;jsessionid=ac16012b30d726745fa422d64092929ced9d64d5dd7c.e3iSbxaKaheRe38KbN0Rb34Mc3j0n6jAmljGr5XDqQLvpAe HTTP/1.1" 200 3529
181.129.88.210 - - [20/Dec/2015:17:51:23 -0500] "POST /forms/lservlet;jsessionid=ac16012b30d726745fa422d64092929ced9d64d5dd7c.e3iSbxaKaheRe38KbN0Rb34Mc3j0n6jAmljGr5XDqQLvpAe HTTP/1.1" 200 3100
181.129.88.210 - - [20/Dec/2015:17:51:28 -0500] "POST /forms/lservlet;jsessionid=ac16012b30d726745fa422d64092929ced9d64d5dd7c.e3iSbxaKaheRe38KbN0Rb34Mc3j0n6jAmljGr5XDqQLvpAe HTTP/1.1" 200 2
181.129.88.210 - - [20/Dec/2015:17:51:39 -0500] "POST /forms/lservlet;jsessionid=ac16012b30d726745fa422d64092929ced9d64d5dd7c.e3iSbxaKaheRe38KbN0Rb34Mc3j0n6jAmljGr5XDqQLvpAe HTTP/1.1" 200 2
181.129.88.210 - - [20/Dec/2015:17:51:39 -0500] "POST /forms/lservlet;jsessionid=ac16012b30d726745fa422d64092929ced9d64d5dd7c.e3iSbxaKaheRe38KbN0Rb34Mc3j0n6jAmljGr5XDqQLvpAe HTTP/1.1" 200 14
181.129.88.210 - - [20/Dec/2015:17:51:40 -0500] "POST /forms/lservlet;jsessionid=ac16012b30d726745fa422d64092929ced9d64d5dd7c.e3iSbxaKaheRe38KbN0Rb34Mc3j0n6jAmljGr5XDqQLvpAe HTTP/1.1" 200 14
181.129.88.210 - - [20/Dec/2015:17:51:41 -0500] "POST /forms/lservlet;jsessionid=ac16012b30d726745fa422d64092929ced9d64d5dd7c.e3iSbxaKaheRe38KbN0Rb34Mc3j0n6jAmljGr5XDqQLvpAe HTTP/1.1" 200 131
181.129.88.210 - - [20/Dec/2015:17:51:42 -0500] "POST /forms/lservlet;jsessionid=ac16012b30d726745fa422d64092929ced9d64d5dd7c.e3iSbxaKaheRe38KbN0Rb34Mc3j0n6jAmljGr5XDqQLvpAe HTTP/1.1" 200 2
181.129.88.210 - - [20/Dec/2015:17:51:43 -0500] "GET /reports/rwservlet/getjobid367621?server=rep_srvapsda HTTP/1.1" 200 48242
66.249.64.106 - - [20/Dec/2015:17:51:50 -0500] "GET /BLA/resoluciones/AUTOS%202013/2814.pdf HTTP/1.1" 200 676896
190.25.157.12 - - [20/Dec/2015:17:51:52 -0500] "POST /forms/lservlet;jsessionid=ac16012b30d7fcfb694b74754b67ba13d8349b7969d1.e3iSbxaKaheRe38KbN0Rb34Mc3j0n6jAmljGr5XDqQLvpAe HTTP/1.1" 200 2
69.255.18.151 - - [20/Dec/2015:17:51:59 -0500] "GET /BLA/resoluciones/RESOLUCIONES%202009/0274.pdf HTTP/1.1" 200 56094
69.255.18.151 - - [20/Dec/2015:17:51:59 -0500] "GET /favicon.ico HTTP/1.1" 200 7782
181.129.88.210 - - [20/Dec/2015:17:52:07 -0500] "POST /forms/lservlet;jsessionid=ac16012b30d726745fa422d64092929ced9d64d5dd7c.e3iSbxaKaheRe38KbN0Rb34Mc3j0n6jAmljGr5XDqQLvpAe HTTP/1.1" 200 2275
181.129.88.210 - - [20/Dec/2015:17:52:09 -0500] "POST /forms/lservlet;jsessionid=ac16012b30d726745fa422d64092929ced9d64d5dd7c.e3iSbxaKaheRe38KbN0Rb34Mc3j0n6jAmljGr5XDqQLvpAe HTTP/1.1" 200 3110
181.129.88.210 - - [20/Dec/2015:17:52:10 -0500] "POST /forms/lservlet;jsessionid=ac16012b30d726745fa422d64092929ced9d64d5dd7c.e3iSbxaKaheRe38KbN0Rb34Mc3j0n6jAmljGr5XDqQLvpAe HTTP/1.1" 200 3637
181.129.88.210 - - [20/Dec/2015:17:52:13 -0500] "POST /forms/lservlet;jsessionid=ac16012b30d726745fa422d64092929ced9d64d5dd7c.e3iSbxaKaheRe38KbN0Rb34Mc3j0n6jAmljGr5XDqQLvpAe HTTP/1.1" 200 2882
181.129.88.210 - - [20/Dec/2015:17:52:14 -0500] "POST /forms/lservlet;jsessionid=ac16012b30d726745fa422d64092929ced9d64d5dd7c.e3iSbxaKaheRe38KbN0Rb34Mc3j0n6jAmljGr5XDqQLvpAe HTTP/1.1" 200 2330
181.129.88.210 - - [20/Dec/2015:17:52:15 -0500] "POST /forms/lservlet;jsessionid=ac16012b30d726745fa422d64092929ced9d64d5dd7c.e3iSbxaKaheRe38KbN0Rb34Mc3j0n6jAmljGr5XDqQLvpAe HTTP/1.1" 200 3099
181.129.88.210 - - [20/Dec/2015:17:52:16 -0500] "POST /forms/lservlet;jsessionid=ac16012b30d726745fa422d64092929ced9d64d5dd7c.e3iSbxaKaheRe38KbN0Rb34Mc3j0n6jAmljGr5XDqQLvpAe HTTP/1.1" 200 2212
181.129.88.210 - - [20/Dec/2015:17:52:22 -0500] "POST /forms/lservlet;jsessionid=ac16012b30d726745fa422d64092929ced9d64d5dd7c.e3iSbxaKaheRe38KbN0Rb34Mc3j0n6jAmljGr5XDqQLvpAe HTTP/1.1" 200 2
181.129.88.210 - - [20/Dec/2015:17:52:23 -0500] "POST /forms/lservlet;jsessionid=ac16012b30d726745fa422d64092929ced9d64d5dd7c.e3iSbxaKaheRe38KbN0Rb34Mc3j0n6jAmljGr5XDqQLvpAe HTTP/1.1" 200 688
181.129.88.210 - - [20/Dec/2015:17:52:23 -0500] "POST /forms/lservlet;jsessionid=ac16012b30d726745fa422d64092929ced9d64d5dd7c.e3iSbxaKaheRe38KbN0Rb34Mc3j0n6jAmljGr5XDqQLvpAe HTTP/1.1" 200 10
181.129.88.210 - - [20/Dec/2015:17:52:24 -0500] "POST /forms/lservlet;jsessionid=ac16012b30d726745fa422d64092929ced9d64d5dd7c.e3iSbxaKaheRe38KbN0Rb34Mc3j0n6jAmljGr5XDqQLvpAe HTTP/1.1" 200 2
181.129.88.210 - - [20/Dec/2015:17:52:24 -0500] "POST /forms/lservlet;jsessionid=ac16012b30d726745fa422d64092929ced9d64d5dd7c.e3iSbxaKaheRe38KbN0Rb34Mc3j0n6jAmljGr5XDqQLvpAe HTTP/1.1" 200 284
181.129.88.210 - - [20/Dec/2015:17:52:24 -0500] "POST /forms/lservlet;jsessionid=ac16012b30d726745fa422d64092929ced9d64d5dd7c.e3iSbxaKaheRe38KbN0Rb34Mc3j0n6jAmljGr5XDqQLvpAe HTTP/1.1" 200 10
181.129.88.210 - - [20/Dec/2015:17:52:25 -0500] "POST /forms/lservlet;jsessionid=ac16012b30d726745fa422d64092929ced9d64d5dd7c.e3iSbxaKaheRe38KbN0Rb34Mc3j0n6jAmljGr5XDqQLvpAe HTTP/1.1" 200 72
181.129.88.210 - - [20/Dec/2015:17:52:29 -0500] "POST /forms/lservlet;jsessionid=ac16012b30d726745fa422d64092929ced9d64d5dd7c.e3iSbxaKaheRe38KbN0Rb34Mc3j0n6jAmljGr5XDqQLvpAe HTTP/1.1" 200 24
181.129.88.210 - - [20/Dec/2015:17:52:29 -0500] "POST /forms/lservlet;jsessionid=ac16012b30d726745fa422d64092929ced9d64d5dd7c.e3iSbxaKaheRe38KbN0Rb34Mc3j0n6jAmljGr5XDqQLvpAe HTTP/1.1" 200 4633
181.129.88.210 - - [20/Dec/2015:17:52:30 -0500] "POST /forms/lservlet;jsessionid=ac16012b30d726745fa422d64092929ced9d64d5dd7c.e3iSbxaKaheRe38KbN0Rb34Mc3j0n6jAmljGr5XDqQLvpAe HTTP/1.1" 200 20
66.249.64.106 - - [20/Dec/2015:17:52:31 -0500] "GET /BLA/resoluciones/RESOLUCIONES%202007/RES%202007%202201%20AL%202300/RESOLUCION%202252%20DE%202007.pdf HTTP/1.1" 200 417497
181.56.44.226 - - [20/Dec/2015:17:52:36 -0500] "POST /forms/lservlet;jsessionid=ac16012b30d7652a3332ac774696a4929302f2516421.e3iSbxaKaheRe38KbN0Rb34Mc3j0n6jAmljGr5XDqQLvpAe HTTP/1.1" 200 2
181.129.88.210 - - [20/Dec/2015:17:52:40 -0500] "POST /forms/lservlet;jsessionid=ac16012b30d726745fa422d64092929ced9d64d5dd7c.e3iSbxaKaheRe38KbN0Rb34Mc3j0n6jAmljGr5XDqQLvpAe HTTP/1.1" 200 3404
181.129.88.210 - - [20/Dec/2015:17:52:41 -0500] "POST /forms/lservlet;jsessionid=ac16012b30d726745fa422d64092929ced9d64d5dd7c.e3iSbxaKaheRe38KbN0Rb34Mc3j0n6jAmljGr5XDqQLvpAe HTTP/1.1" 200 3184
181.129.88.210 - - [20/Dec/2015:17:52:43 -0500] "POST /forms/lservlet;jsessionid=ac16012b30d726745fa422d64092929ced9d64d5dd7c.e3iSbxaKaheRe38KbN0Rb34Mc3j0n6jAmljGr5XDqQLvpAe HTTP/1.1" 200 3858
181.129.88.210 - - [20/Dec/2015:17:52:44 -0500] "POST /forms/lservlet;jsessionid=ac16012b30d726745fa422d64092929ced9d64d5dd7c.e3iSbxaKaheRe38KbN0Rb34Mc3j0n6jAmljGr5XDqQLvpAe HTTP/1.1" 200 4005
181.129.88.210 - - [20/Dec/2015:17:52:46 -0500] "POST /forms/lservlet;jsessionid=ac16012b30d726745fa422d64092929ced9d64d5dd7c.e3iSbxaKaheRe38KbN0Rb34Mc3j0n6jAmljGr5XDqQLvpAe HTTP/1.1" 200 3073
181.129.88.210 - - [20/Dec/2015:17:52:47 -0500] "POST /forms/lservlet;jsessionid=ac16012b30d726745fa422d64092929ced9d64d5dd7c.e3iSbxaKaheRe38KbN0Rb34Mc3j0n6jAmljGr5XDqQLvpAe HTTP/1.1" 200 3107
181.129.88.210 - - [20/Dec/2015:17:52:49 -0500] "POST /forms/lservlet;jsessionid=ac16012b30d726745fa422d64092929ced9d64d5dd7c.e3iSbxaKaheRe38KbN0Rb34Mc3j0n6jAmljGr5XDqQLvpAe HTTP/1.1" 200 3193
181.129.88.210 - - [20/Dec/2015:17:52:50 -0500] "POST /forms/lservlet;jsessionid=ac16012b30d726745fa422d64092929ced9d64d5dd7c.e3iSbxaKaheRe38KbN0Rb34Mc3j0n6jAmljGr5XDqQLvpAe HTTP/1.1" 200 3350
181.129.88.210 - - [20/Dec/2015:17:52:53 -0500] "POST /forms/lservlet;jsessionid=ac16012b30d726745fa422d64092929ced9d64d5dd7c.e3iSbxaKaheRe38KbN0Rb34Mc3j0n6jAmljGr5XDqQLvpAe HTTP/1.1" 200 2852
181.129.88.210 - - [20/Dec/2015:17:52:54 -0500] "POST /forms/lservlet;jsessionid=ac16012b30d726745fa422d64092929ced9d64d5dd7c.e3iSbxaKaheRe38KbN0Rb34Mc3j0n6jAmljGr5XDqQLvpAe HTTP/1.1" 200 3308
181.129.88.210 - - [20/Dec/2015:17:52:57 -0500] "POST /forms/lservlet;jsessionid=ac16012b30d726745fa422d64092929ced9d64d5dd7c.e3iSbxaKaheRe38KbN0Rb34Mc3j0n6jAmljGr5XDqQLvpAe HTTP/1.1" 200 2975
181.129.88.210 - - [20/Dec/2015:17:52:58 -0500] "POST /forms/lservlet;jsessionid=ac16012b30d726745fa422d64092929ced9d64d5dd7c.e3iSbxaKaheRe38KbN0Rb34Mc3j0n6jAmljGr5XDqQLvpAe HTTP/1.1" 200 3163
181.129.88.210 - - [20/Dec/2015:17:53:02 -0500] "POST /forms/lservlet;jsessionid=ac16012b30d726745fa422d64092929ced9d64d5dd7c.e3iSbxaKaheRe38KbN0Rb34Mc3j0n6jAmljGr5XDqQLvpAe HTTP/1.1" 200 2869
181.129.88.210 - - [20/Dec/2015:17:53:05 -0500] "POST /forms/lservlet;jsessionid=ac16012b30d726745fa422d64092929ced9d64d5dd7c.e3iSbxaKaheRe38KbN0Rb34Mc3j0n6jAmljGr5XDqQLvpAe HTTP/1.1" 200 3019
181.129.88.210 - - [20/Dec/2015:17:53:07 -0500] "POST /forms/lservlet;jsessionid=ac16012b30d726745fa422d64092929ced9d64d5dd7c.e3iSbxaKaheRe38KbN0Rb34Mc3j0n6jAmljGr5XDqQLvpAe HTTP/1.1" 200 2517
181.129.88.210 - - [20/Dec/2015:17:53:10 -0500] "POST /forms/lservlet;jsessionid=ac16012b30d726745fa422d64092929ced9d64d5dd7c.e3iSbxaKaheRe38KbN0Rb34Mc3j0n6jAmljGr5XDqQLvpAe HTTP/1.1" 200 2859
181.129.88.210 - - [20/Dec/2015:17:53:12 -0500] "POST /forms/lservlet;jsessionid=ac16012b30d726745fa422d64092929ced9d64d5dd7c.e3iSbxaKaheRe38KbN0Rb34Mc3j0n6jAmljGr5XDqQLvpAe HTTP/1.1" 200 3068
181.129.88.210 - - [20/Dec/2015:17:53:16 -0500] "POST /forms/lservlet;jsessionid=ac16012b30d726745fa422d64092929ced9d64d5dd7c.e3iSbxaKaheRe38KbN0Rb34Mc3j0n6jAmljGr5XDqQLvpAe HTTP/1.1" 200 2454
181.129.88.210 - - [20/Dec/2015:17:53:26 -0500] "POST /forms/lservlet;jsessionid=ac16012b30d726745fa422d64092929ced9d64d5dd7c.e3iSbxaKaheRe38KbN0Rb34Mc3j0n6jAmljGr5XDqQLvpAe HTTP/1.1" 200 2395
181.129.88.210 - - [20/Dec/2015:17:53:28 -0500] "POST /forms/lservlet;jsessionid=ac16012b30d726745fa422d64092929ced9d64d5dd7c.e3iSbxaKaheRe38KbN0Rb34Mc3j0n6jAmljGr5XDqQLvpAe HTTP/1.1" 200 2
181.129.88.210 - - [20/Dec/2015:17:53:29 -0500] "POST /forms/lservlet;jsessionid=ac16012b30d726745fa422d64092929ced9d64d5dd7c.e3iSbxaKaheRe38KbN0Rb34Mc3j0n6jAmljGr5XDqQLvpAe HTTP/1.1" 200 2
181.129.88.210 - - [20/Dec/2015:17:53:29 -0500] "POST /forms/lservlet;jsessionid=ac16012b30d726745fa422d64092929ced9d64d5dd7c.e3iSbxaKaheRe38KbN0Rb34Mc3j0n6jAmljGr5XDqQLvpAe HTTP/1.1" 200 14
181.129.88.210 - - [20/Dec/2015:17:53:31 -0500] "POST /forms/lservlet;jsessionid=ac16012b30d726745fa422d64092929ced9d64d5dd7c.e3iSbxaKaheRe38KbN0Rb34Mc3j0n6jAmljGr5XDqQLvpAe HTTP/1.1" 200 131
181.129.88.210 - - [20/Dec/2015:17:53:31 -0500] "POST /forms/lservlet;jsessionid=ac16012b30d726745fa422d64092929ced9d64d5dd7c.e3iSbxaKaheRe38KbN0Rb34Mc3j0n6jAmljGr5XDqQLvpAe HTTP/1.1" 200 2
181.129.88.210 - - [20/Dec/2015:17:53:36 -0500] "POST /forms/lservlet;jsessionid=ac16012b30d726745fa422d64092929ced9d64d5dd7c.e3iSbxaKaheRe38KbN0Rb34Mc3j0n6jAmljGr5XDqQLvpAe HTTP/1.1" 200 3241
181.129.88.210 - - [20/Dec/2015:17:53:32 -0500] "GET /reports/rwservlet/getjobid367622?server=rep_srvapsda HTTP/1.1" 200 320838
181.129.88.210 - - [20/Dec/2015:17:53:39 -0500] "POST /forms/lservlet;jsessionid=ac16012b30d726745fa422d64092929ced9d64d5dd7c.e3iSbxaKaheRe38KbN0Rb34Mc3j0n6jAmljGr5XDqQLvpAe HTTP/1.1" 200 3242
181.129.88.210 - - [20/Dec/2015:17:53:49 -0500] "POST /forms/lservlet;jsessionid=ac16012b30d726745fa422d64092929ced9d64d5dd7c.e3iSbxaKaheRe38KbN0Rb34Mc3j0n6jAmljGr5XDqQLvpAe HTTP/1.1" 200 3883
190.25.157.12 - - [20/Dec/2015:17:53:52 -0500] "POST /forms/lservlet;jsessionid=ac16012b30d7fcfb694b74754b67ba13d8349b7969d1.e3iSbxaKaheRe38KbN0Rb34Mc3j0n6jAmljGr5XDqQLvpAe HTTP/1.1" 200 2
66.249.64.106 - - [20/Dec/2015:17:53:55 -0500] "GET /BLA/resoluciones/AUTOS%202009/3573.pdf HTTP/1.1" 200 209642
201.234.75.11 - - [20/Dec/2015:17:54:05 -0500] "GET /galeria/galeria/fotos/Movilizacion6P.jpg HTTP/1.1" 304 -
181.129.88.210 - - [20/Dec/2015:17:54:10 -0500] "POST /forms/lservlet;jsessionid=ac16012b30d726745fa422d64092929ced9d64d5dd7c.e3iSbxaKaheRe38KbN0Rb34Mc3j0n6jAmljGr5XDqQLvpAe HTTP/1.1" 200 2
181.129.88.210 - - [20/Dec/2015:17:54:10 -0500] "POST /forms/lservlet;jsessionid=ac16012b30d726745fa422d64092929ced9d64d5dd7c.e3iSbxaKaheRe38KbN0Rb34Mc3j0n6jAmljGr5XDqQLvpAe HTTP/1.1" 200 14
181.129.88.210 - - [20/Dec/2015:17:54:11 -0500] "POST /forms/lservlet;jsessionid=ac16012b30d726745fa422d64092929ced9d64d5dd7c.e3iSbxaKaheRe38KbN0Rb34Mc3j0n6jAmljGr5XDqQLvpAe HTTP/1.1" 200 14
181.129.88.210 - - [20/Dec/2015:17:54:12 -0500] "POST /forms/lservlet;jsessionid=ac16012b30d726745fa422d64092929ced9d64d5dd7c.e3iSbxaKaheRe38KbN0Rb34Mc3j0n6jAmljGr5XDqQLvpAe HTTP/1.1" 200 131
181.129.88.210 - - [20/Dec/2015:17:54:13 -0500] "POST /forms/lservlet;jsessionid=ac16012b30d726745fa422d64092929ced9d64d5dd7c.e3iSbxaKaheRe38KbN0Rb34Mc3j0n6jAmljGr5XDqQLvpAe HTTP/1.1" 200 2
181.129.88.210 - - [20/Dec/2015:17:54:14 -0500] "GET /reports/rwservlet/getjobid367623?server=rep_srvapsda HTTP/1.1" 200 48175
181.129.88.210 - - [20/Dec/2015:17:54:33 -0500] "POST /forms/lservlet;jsessionid=ac16012b30d726745fa422d64092929ced9d64d5dd7c.e3iSbxaKaheRe38KbN0Rb34Mc3j0n6jAmljGr5XDqQLvpAe HTTP/1.1" 200 2
181.129.88.210 - - [20/Dec/2015:17:54:33 -0500] "POST /forms/lservlet;jsessionid=ac16012b30d726745fa422d64092929ced9d64d5dd7c.e3iSbxaKaheRe38KbN0Rb34Mc3j0n6jAmljGr5XDqQLvpAe HTTP/1.1" 200 14
181.129.88.210 - - [20/Dec/2015:17:54:34 -0500] "POST /forms/lservlet;jsessionid=ac16012b30d726745fa422d64092929ced9d64d5dd7c.e3iSbxaKaheRe38KbN0Rb34Mc3j0n6jAmljGr5XDqQLvpAe HTTP/1.1" 200 116
181.129.88.210 - - [20/Dec/2015:17:54:34 -0500] "POST /forms/lservlet;jsessionid=ac16012b30d726745fa422d64092929ced9d64d5dd7c.e3iSbxaKaheRe38KbN0Rb34Mc3j0n6jAmljGr5XDqQLvpAe HTTP/1.1" 200 2
181.129.88.210 - - [20/Dec/2015:17:54:35 -0500] "GET /reports/rwservlet/getjobid367624?server=rep_srvapsda HTTP/1.1" 200 64085
181.56.44.226 - - [20/Dec/2015:17:54:36 -0500] "POST /forms/lservlet;jsessionid=ac16012b30d7652a3332ac774696a4929302f2516421.e3iSbxaKaheRe38KbN0Rb34Mc3j0n6jAmljGr5XDqQLvpAe HTTP/1.1" 200 2
181.129.88.210 - - [20/Dec/2015:17:55:10 -0500] "POST /forms/lservlet;jsessionid=ac16012b30d726745fa422d64092929ced9d64d5dd7c.e3iSbxaKaheRe38KbN0Rb34Mc3j0n6jAmljGr5XDqQLvpAe HTTP/1.1" 200 2
181.129.88.210 - - [20/Dec/2015:17:55:10 -0500] "POST /forms/lservlet;jsessionid=ac16012b30d726745fa422d64092929ced9d64d5dd7c.e3iSbxaKaheRe38KbN0Rb34Mc3j0n6jAmljGr5XDqQLvpAe HTTP/1.1" 200 14
181.129.88.210 - - [20/Dec/2015:17:55:11 -0500] "POST /forms/lservlet;jsessionid=ac16012b30d726745fa422d64092929ced9d64d5dd7c.e3iSbxaKaheRe38KbN0Rb34Mc3j0n6jAmljGr5XDqQLvpAe HTTP/1.1" 200 14
181.129.88.210 - - [20/Dec/2015:17:55:13 -0500] "POST /forms/lservlet;jsessionid=ac16012b30d726745fa422d64092929ced9d64d5dd7c.e3iSbxaKaheRe38KbN0Rb34Mc3j0n6jAmljGr5XDqQLvpAe HTTP/1.1" 200 14
181.129.88.210 - - [20/Dec/2015:17:55:14 -0500] "POST /forms/lservlet;jsessionid=ac16012b30d726745fa422d64092929ced9d64d5dd7c.e3iSbxaKaheRe38KbN0Rb34Mc3j0n6jAmljGr5XDqQLvpAe HTTP/1.1" 200 14
181.129.88.210 - - [20/Dec/2015:17:55:16 -0500] "POST /forms/lservlet;jsessionid=ac16012b30d726745fa422d64092929ced9d64d5dd7c.e3iSbxaKaheRe38KbN0Rb34Mc3j0n6jAmljGr5XDqQLvpAe HTTP/1.1" 200 15
181.129.88.210 - - [20/Dec/2015:17:55:18 -0500] "POST /forms/lservlet;jsessionid=ac16012b30d726745fa422d64092929ced9d64d5dd7c.e3iSbxaKaheRe38KbN0Rb34Mc3j0n6jAmljGr5XDqQLvpAe HTTP/1.1" 200 113
181.129.88.210 - - [20/Dec/2015:17:55:19 -0500] "POST /forms/lservlet;jsessionid=ac16012b30d726745fa422d64092929ced9d64d5dd7c.e3iSbxaKaheRe38KbN0Rb34Mc3j0n6jAmljGr5XDqQLvpAe HTTP/1.1" 200 2
66.249.64.96 - - [20/Dec/2015:17:55:19 -0500] "GET /BLA/resoluciones/RESOLUCIONES%202007/RES%202007%20601%20AL%20700/RESOLUCION%200671%20DE%202007.pdf HTTP/1.1" 200 203527
66.249.64.248 - - [20/Dec/2015:17:55:20 -0500] "GET /galeria/nivo-slider/demo/images/ecoferia2.jpg HTTP/1.1" 200 381533
181.129.88.210 - - [20/Dec/2015:17:55:25 -0500] "POST /forms/lservlet;jsessionid=ac16012b30d726745fa422d64092929ced9d64d5dd7c.e3iSbxaKaheRe38KbN0Rb34Mc3j0n6jAmljGr5XDqQLvpAe HTTP/1.1" 200 3592
181.129.88.210 - - [20/Dec/2015:17:55:28 -0500] "POST /forms/lservlet;jsessionid=ac16012b30d726745fa422d64092929ced9d64d5dd7c.e3iSbxaKaheRe38KbN0Rb34Mc3j0n6jAmljGr5XDqQLvpAe HTTP/1.1" 200 2
69.162.124.233 - - [20/Dec/2015:17:55:30 -0500] "HEAD / HTTP/1.1" 200 -
181.129.88.210 - - [20/Dec/2015:17:55:32 -0500] "POST /forms/lservlet;jsessionid=ac16012b30d726745fa422d64092929ced9d64d5dd7c.e3iSbxaKaheRe38KbN0Rb34Mc3j0n6jAmljGr5XDqQLvpAe HTTP/1.1" 200 2
181.129.88.210 - - [20/Dec/2015:17:55:32 -0500] "POST /forms/lservlet;jsessionid=ac16012b30d726745fa422d64092929ced9d64d5dd7c.e3iSbxaKaheRe38KbN0Rb34Mc3j0n6jAmljGr5XDqQLvpAe HTTP/1.1" 200 14
181.129.88.210 - - [20/Dec/2015:17:55:33 -0500] "POST /forms/lservlet;jsessionid=ac16012b30d726745fa422d64092929ced9d64d5dd7c.e3iSbxaKaheRe38KbN0Rb34Mc3j0n6jAmljGr5XDqQLvpAe HTTP/1.1" 200 14
181.129.88.210 - - [20/Dec/2015:17:55:35 -0500] "POST /forms/lservlet;jsessionid=ac16012b30d726745fa422d64092929ced9d64d5dd7c.e3iSbxaKaheRe38KbN0Rb34Mc3j0n6jAmljGr5XDqQLvpAe HTTP/1.1" 200 14
181.129.88.210 - - [20/Dec/2015:17:55:37 -0500] "POST /forms/lservlet;jsessionid=ac16012b30d726745fa422d64092929ced9d64d5dd7c.e3iSbxaKaheRe38KbN0Rb34Mc3j0n6jAmljGr5XDqQLvpAe HTTP/1.1" 200 14
181.129.88.210 - - [20/Dec/2015:17:55:38 -0500] "POST /forms/lservlet;jsessionid=ac16012b30d726745fa422d64092929ced9d64d5dd7c.e3iSbxaKaheRe38KbN0Rb34Mc3j0n6jAmljGr5XDqQLvpAe HTTP/1.1" 200 15
181.129.88.210 - - [20/Dec/2015:17:55:41 -0500] "POST /forms/lservlet;jsessionid=ac16012b30d726745fa422d64092929ced9d64d5dd7c.e3iSbxaKaheRe38KbN0Rb34Mc3j0n6jAmljGr5XDqQLvpAe HTTP/1.1" 200 15
181.129.88.210 - - [20/Dec/2015:17:55:46 -0500] "POST /forms/lservlet;jsessionid=ac16012b30d726745fa422d64092929ced9d64d5dd7c.e3iSbxaKaheRe38KbN0Rb34Mc3j0n6jAmljGr5XDqQLvpAe HTTP/1.1" 200 15
190.25.157.12 - - [20/Dec/2015:17:55:52 -0500] "POST /forms/lservlet;jsessionid=ac16012b30d7fcfb694b74754b67ba13d8349b7969d1.e3iSbxaKaheRe38KbN0Rb34Mc3j0n6jAmljGr5XDqQLvpAe HTTP/1.1" 200 2
5.9.43.242 - - [20/Dec/2015:17:55:53 -0500] "GET /blog/wp-admin/ HTTP/1.1" 404 1018
181.129.88.210 - - [20/Dec/2015:17:55:53 -0500] "POST /forms/lservlet;jsessionid=ac16012b30d726745fa422d64092929ced9d64d5dd7c.e3iSbxaKaheRe38KbN0Rb34Mc3j0n6jAmljGr5XDqQLvpAe HTTP/1.1" 200 15
181.129.88.210 - - [20/Dec/2015:17:56:03 -0500] "POST /forms/lservlet;jsessionid=ac16012b30d726745fa422d64092929ced9d64d5dd7c.e3iSbxaKaheRe38KbN0Rb34Mc3j0n6jAmljGr5XDqQLvpAe HTTP/1.1" 200 112
181.129.88.210 - - [20/Dec/2015:17:56:03 -0500] "POST /forms/lservlet;jsessionid=ac16012b30d726745fa422d64092929ced9d64d5dd7c.e3iSbxaKaheRe38KbN0Rb34Mc3j0n6jAmljGr5XDqQLvpAe HTTP/1.1" 200 2
181.129.88.210 - - [20/Dec/2015:17:56:13 -0500] "POST /forms/lservlet;jsessionid=ac16012b30d726745fa422d64092929ced9d64d5dd7c.e3iSbxaKaheRe38KbN0Rb34Mc3j0n6jAmljGr5XDqQLvpAe HTTP/1.1" 200 3222
181.129.88.210 - - [20/Dec/2015:17:55:19 -0500] "GET /reports/rwservlet/getjobid367625?server=rep_srvapsda HTTP/1.1" 200 6743316
181.56.44.226 - - [20/Dec/2015:17:56:36 -0500] "POST /forms/lservlet;jsessionid=ac16012b30d7652a3332ac774696a4929302f2516421.e3iSbxaKaheRe38KbN0Rb34Mc3j0n6jAmljGr5XDqQLvpAe HTTP/1.1" 200 2
181.129.88.210 - - [20/Dec/2015:17:56:40 -0500] "POST /forms/lservlet;jsessionid=ac16012b30d726745fa422d64092929ced9d64d5dd7c.e3iSbxaKaheRe38KbN0Rb34Mc3j0n6jAmljGr5XDqQLvpAe HTTP/1.1" 200 2
181.129.88.210 - - [20/Dec/2015:17:56:41 -0500] "POST /forms/lservlet;jsessionid=ac16012b30d726745fa422d64092929ced9d64d5dd7c.e3iSbxaKaheRe38KbN0Rb34Mc3j0n6jAmljGr5XDqQLvpAe HTTP/1.1" 200 14
181.129.88.210 - - [20/Dec/2015:17:56:42 -0500] "POST /forms/lservlet;jsessionid=ac16012b30d726745fa422d64092929ced9d64d5dd7c.e3iSbxaKaheRe38KbN0Rb34Mc3j0n6jAmljGr5XDqQLvpAe HTTP/1.1" 200 112
181.129.88.210 - - [20/Dec/2015:17:56:43 -0500] "POST /forms/lservlet;jsessionid=ac16012b30d726745fa422d64092929ced9d64d5dd7c.e3iSbxaKaheRe38KbN0Rb34Mc3j0n6jAmljGr5XDqQLvpAe HTTP/1.1" 200 2
66.249.64.101 - - [20/Dec/2015:17:56:43 -0500] "GET /BLA/resoluciones/AUTOS%202009/2554.pdf HTTP/1.1" 200 100333
181.129.88.210 - - [20/Dec/2015:17:56:44 -0500] "GET /reports/rwservlet/getjobid367627?server=rep_srvapsda HTTP/1.1" 200 254965
190.25.227.5 - - [20/Dec/2015:17:57:00 -0500] "GET /BLA/resoluciones/RESOLUCIONES%202013/0003.pdf HTTP/1.1" 200 2906193
190.25.227.5 - - [20/Dec/2015:17:57:01 -0500] "GET /favicon.ico HTTP/1.1" 200 7782
190.25.227.5 - - [20/Dec/2015:17:57:02 -0500] "GET /BLA/resoluciones/RESOLUCIONES%202013/0003.pdf HTTP/1.1" 206 32768
190.25.227.5 - - [20/Dec/2015:17:57:02 -0500] "GET /BLA/resoluciones/RESOLUCIONES%202013/0003.pdf HTTP/1.1" 206 2873425
181.129.88.210 - - [20/Dec/2015:17:57:11 -0500] "POST /forms/lservlet;jsessionid=ac16012b30d726745fa422d64092929ced9d64d5dd7c.e3iSbxaKaheRe38KbN0Rb34Mc3j0n6jAmljGr5XDqQLvpAe HTTP/1.1" 200 3165
181.129.88.210 - - [20/Dec/2015:17:57:13 -0500] "POST /forms/lservlet;jsessionid=ac16012b30d726745fa422d64092929ced9d64d5dd7c.e3iSbxaKaheRe38KbN0Rb34Mc3j0n6jAmljGr5XDqQLvpAe HTTP/1.1" 200 2253
190.13.52.135 - - [20/Dec/2015:17:57:23 -0500] "GET /BLA/boletinlegal/js/jquery.scrollShow.js HTTP/1.1" 200 4586
190.13.52.135 - - [20/Dec/2015:17:57:23 -0500] "GET /galeria/galeria/jquery.fancybox.css?v=2.1.5 HTTP/1.1" 200 4895
190.13.52.135 - - [20/Dec/2015:17:57:23 -0500] "GET /galeria/galeria/jquery.fancybox.js?v=2.1.5 HTTP/1.1" 200 48706
181.129.88.210 - - [20/Dec/2015:17:57:29 -0500] "POST /forms/lservlet;jsessionid=ac16012b30d726745fa422d64092929ced9d64d5dd7c.e3iSbxaKaheRe38KbN0Rb34Mc3j0n6jAmljGr5XDqQLvpAe HTTP/1.1" 200 2
190.13.52.135 - - [20/Dec/2015:17:57:31 -0500] "GET /BLA/boletinlegal/js/jquery.scrollShow.js HTTP/1.1" 304 -
190.13.52.135 - - [20/Dec/2015:17:57:31 -0500] "GET /galeria/galeria/jquery.fancybox.css?v=2.1.5 HTTP/1.1" 304 -
190.13.52.135 - - [20/Dec/2015:17:57:31 -0500] "GET /galeria/galeria/jquery.fancybox.js?v=2.1.5 HTTP/1.1" 304 -
66.249.64.96 - - [20/Dec/2015:17:57:35 -0500] "GET /BLA/resoluciones/AUTOS%202013/2276.pdf HTTP/1.1" 200 682130
190.25.157.12 - - [20/Dec/2015:17:57:52 -0500] "POST /forms/lservlet;jsessionid=ac16012b30d7fcfb694b74754b67ba13d8349b7969d1.e3iSbxaKaheRe38KbN0Rb34Mc3j0n6jAmljGr5XDqQLvpAe HTTP/1.1" 200 2
66.249.64.101 - - [20/Dec/2015:17:58:07 -0500] "GET /BLA/resoluciones/RESOLUCIONES%202007/RES%202007%201801%20AL%201900/RESOLUCION%201877%20DE%202007.pdf HTTP/1.1" 200 346935
181.56.44.226 - - [20/Dec/2015:17:58:36 -0500] "POST /forms/lservlet;jsessionid=ac16012b30d7652a3332ac774696a4929302f2516421.e3iSbxaKaheRe38KbN0Rb34Mc3j0n6jAmljGr5XDqQLvpAe HTTP/1.1" 200 2
190.157.188.55 - - [20/Dec/2015:17:59:15 -0500] "GET /ecodirectorio/files/res/pages/page_0027.swf HTTP/1.1" 200 189434
190.157.188.55 - - [20/Dec/2015:17:59:15 -0500] "GET /ecodirectorio/files/res/pages/page_0028.swf HTTP/1.1" 200 197298
181.129.88.210 - - [20/Dec/2015:17:59:30 -0500] "POST /forms/lservlet;jsessionid=ac16012b30d726745fa422d64092929ced9d64d5dd7c.e3iSbxaKaheRe38KbN0Rb34Mc3j0n6jAmljGr5XDqQLvpAe HTTP/1.1" 200 2
66.249.64.106 - - [20/Dec/2015:17:59:31 -0500] "GET /BLA/resoluciones/RESOLUCIONES%202007/RES%202007%201001%20AL%201100/RESOLUCION%201092%20DE%202007.pdf HTTP/1.1" 200 207938
190.25.157.12 - - [20/Dec/2015:17:59:52 -0500] "POST /forms/lservlet;jsessionid=ac16012b30d7fcfb694b74754b67ba13d8349b7969d1.e3iSbxaKaheRe38KbN0Rb34Mc3j0n6jAmljGr5XDqQLvpAe HTTP/1.1" 200 2
181.129.88.210 - - [20/Dec/2015:17:56:04 -0500] "GET /reports/rwservlet/getjobid367626?server=rep_srvapsda HTTP/1.1" 200 28454646
181.129.109.47 - - [20/Dec/2015:18:00:23 -0500] "GET /BLA/resoluciones/RESOLUCIONES%202008/5693.pdf HTTP/1.1" 200 158496
69.162.124.233 - - [20/Dec/2015:18:00:30 -0500] "HEAD / HTTP/1.1" 200 -
181.56.44.226 - - [20/Dec/2015:18:00:36 -0500] "POST /forms/lservlet;jsessionid=ac16012b30d7652a3332ac774696a4929302f2516421.e3iSbxaKaheRe38KbN0Rb34Mc3j0n6jAmljGr5XDqQLvpAe HTTP/1.1" 200 2
66.249.64.106 - - [20/Dec/2015:18:00:55 -0500] "GET /BLA/resoluciones/RESOLUCIONES%202009/7236.pdf HTTP/1.1" 200 246094
181.129.88.210 - - [20/Dec/2015:18:01:30 -0500] "POST /forms/lservlet;jsessionid=ac16012b30d726745fa422d64092929ced9d64d5dd7c.e3iSbxaKaheRe38KbN0Rb34Mc3j0n6jAmljGr5XDqQLvpAe HTTP/1.1" 200 2
5.9.43.242 - - [20/Dec/2015:18:01:31 -0500] "GET /wp/wp-admin/ HTTP/1.1" 404 1018
190.25.157.12 - - [20/Dec/2015:18:01:52 -0500] "POST /forms/lservlet;jsessionid=ac16012b30d7fcfb694b74754b67ba13d8349b7969d1.e3iSbxaKaheRe38KbN0Rb34Mc3j0n6jAmljGr5XDqQLvpAe HTTP/1.1" 200 2
190.157.188.55 - - [20/Dec/2015:18:01:58 -0500] "GET /ecodirectorio/files/res/downloads/download_0013.pdf HTTP/1.1" 200 246363
200.118.11.205 - - [20/Dec/2015:18:02:18 -0500] "GET /forms/frmservlet?config=sia HTTP/1.1" 200 4070
66.249.64.106 - - [20/Dec/2015:18:02:19 -0500] "GET /BLA/resoluciones/RESOLUCIONES%202010/5628.pdf HTTP/1.1" 200 2747216
200.118.11.205 - - [20/Dec/2015:18:02:31 -0500] "GET /forms/java/frmall_jinit.jar HTTP/1.1" 304 -
200.118.11.205 - - [20/Dec/2015:18:02:32 -0500] "GET /forms/java/icons.jar HTTP/1.1" 304 -
200.118.11.205 - - [20/Dec/2015:18:02:32 -0500] "GET /forms/java/java/awt/KeyboardFocusManager.class HTTP/1.1" 404 352
200.118.11.205 - - [20/Dec/2015:18:02:32 -0500] "GET /forms/java/java/awt/KeyboardFocusManager.class HTTP/1.1" 404 352
200.118.11.205 - - [20/Dec/2015:18:02:33 -0500] "GET /forms/java/java/awt/event/MouseWheelListener.class HTTP/1.1" 404 356
200.118.11.205 - - [20/Dec/2015:18:02:33 -0500] "GET /favicon.ico HTTP/1.1" 200 7782
200.118.11.205 - - [20/Dec/2015:18:02:33 -0500] "GET /forms/java/java/awt/event/MouseWheelListener.class HTTP/1.1" 404 356
200.118.11.205 - - [20/Dec/2015:18:02:34 -0500] "GET /forms/java/oracle/forms/registry/Registry.dat HTTP/1.1" 200 4213
200.118.11.205 - - [20/Dec/2015:18:02:34 -0500] "GET /forms/java/oracle/forms/registry/default.dat HTTP/1.1" 404 350
200.118.11.205 - - [20/Dec/2015:18:02:35 -0500] "GET /forms/frmservlet?config=sia&acceptLanguage=es-CO,es-ES;q=0.7,es;q=0.3&ifcmd=startsession HTTP/1.1" 200 119
200.118.11.205 - - [20/Dec/2015:18:02:35 -0500] "GET /forms/lservlet;jsessionid=ac16012b30d7abe2c40442bf4578a251a9cdb76748d5.e3iSbxaKaheRe38KbN0Rb34Mc3j0n6jAmljGr5XDqQLvpAe?ifcmd=getinfo&ifhost=VIOLETTA&ifip=192.168.0.11 HTTP/1.1" 200 8
200.118.11.205 - - [20/Dec/2015:18:02:35 -0500] "POST /forms/lservlet;jsessionid=ac16012b30d7abe2c40442bf4578a251a9cdb76748d5.e3iSbxaKaheRe38KbN0Rb34Mc3j0n6jAmljGr5XDqQLvpAe HTTP/1.1" 200 8
200.118.11.205 - - [20/Dec/2015:18:02:36 -0500] "GET /forms/java/oracle/forms/engine/RunformBundle_es_CO.class HTTP/1.1" 404 362
200.118.11.205 - - [20/Dec/2015:18:02:36 -0500] "GET /forms/java/oracle/forms/engine/RunformBundle_es_CO.class HTTP/1.1" 404 362
181.56.44.226 - - [20/Dec/2015:18:02:36 -0500] "POST /forms/lservlet;jsessionid=ac16012b30d7652a3332ac774696a4929302f2516421.e3iSbxaKaheRe38KbN0Rb34Mc3j0n6jAmljGr5XDqQLvpAe HTTP/1.1" 200 2
200.118.11.205 - - [20/Dec/2015:18:02:40 -0500] "GET /forms/java/oracle/forms/engine/RunformBundle_es_CO.properties HTTP/1.1" 404 367
200.118.11.205 - - [20/Dec/2015:18:02:41 -0500] "POST /forms/lservlet;jsessionid=ac16012b30d7abe2c40442bf4578a251a9cdb76748d5.e3iSbxaKaheRe38KbN0Rb34Mc3j0n6jAmljGr5XDqQLvpAe HTTP/1.1" 200 64000
200.118.11.205 - - [20/Dec/2015:18:02:45 -0500] "POST /forms/lservlet;jsessionid=ac16012b30d7abe2c40442bf4578a251a9cdb76748d5.e3iSbxaKaheRe38KbN0Rb34Mc3j0n6jAmljGr5XDqQLvpAe HTTP/1.1" 200 64000
200.118.11.205 - - [20/Dec/2015:18:02:45 -0500] "POST /forms/lservlet;jsessionid=ac16012b30d7abe2c40442bf4578a251a9cdb76748d5.e3iSbxaKaheRe38KbN0Rb34Mc3j0n6jAmljGr5XDqQLvpAe HTTP/1.1" 200 63623
200.118.11.205 - - [20/Dec/2015:18:02:47 -0500] "HEAD /imagenes/dama_logo.gif HTTP/1.1" 200 -
200.118.11.205 - - [20/Dec/2015:18:02:47 -0500] "GET /imagenes/dama_logo.gif HTTP/1.1" 200 21482
200.118.11.205 - - [20/Dec/2015:18:02:48 -0500] "POST /forms/lservlet;jsessionid=ac16012b30d7abe2c40442bf4578a251a9cdb76748d5.e3iSbxaKaheRe38KbN0Rb34Mc3j0n6jAmljGr5XDqQLvpAe HTTP/1.1" 200 2
200.118.11.205 - - [20/Dec/2015:18:02:48 -0500] "POST /forms/lservlet;jsessionid=ac16012b30d7abe2c40442bf4578a251a9cdb76748d5.e3iSbxaKaheRe38KbN0Rb34Mc3j0n6jAmljGr5XDqQLvpAe HTTP/1.1" 200 2
200.118.11.205 - - [20/Dec/2015:18:03:02 -0500] "POST /forms/lservlet;jsessionid=ac16012b30d7abe2c40442bf4578a251a9cdb76748d5.e3iSbxaKaheRe38KbN0Rb34Mc3j0n6jAmljGr5XDqQLvpAe HTTP/1.1" 200 7996
200.118.11.205 - - [20/Dec/2015:18:03:04 -0500] "POST /forms/lservlet;jsessionid=ac16012b30d7abe2c40442bf4578a251a9cdb76748d5.e3iSbxaKaheRe38KbN0Rb34Mc3j0n6jAmljGr5XDqQLvpAe HTTP/1.1" 200 64
200.118.11.205 - - [20/Dec/2015:18:03:04 -0500] "POST /forms/lservlet;jsessionid=ac16012b30d7abe2c40442bf4578a251a9cdb76748d5.e3iSbxaKaheRe38KbN0Rb34Mc3j0n6jAmljGr5XDqQLvpAe HTTP/1.1" 200 2
200.118.11.205 - - [20/Dec/2015:18:03:04 -0500] "POST /forms/lservlet;jsessionid=ac16012b30d7abe2c40442bf4578a251a9cdb76748d5.e3iSbxaKaheRe38KbN0Rb34Mc3j0n6jAmljGr5XDqQLvpAe HTTP/1.1" 200 2
200.118.11.205 - - [20/Dec/2015:18:03:04 -0500] "POST /forms/lservlet;jsessionid=ac16012b30d7abe2c40442bf4578a251a9cdb76748d5.e3iSbxaKaheRe38KbN0Rb34Mc3j0n6jAmljGr5XDqQLvpAe HTTP/1.1" 200 2
200.118.11.205 - - [20/Dec/2015:18:03:08 -0500] "POST /forms/lservlet;jsessionid=ac16012b30d7abe2c40442bf4578a251a9cdb76748d5.e3iSbxaKaheRe38KbN0Rb34Mc3j0n6jAmljGr5XDqQLvpAe HTTP/1.1" 200 34716
200.118.11.205 - - [20/Dec/2015:18:03:10 -0500] "GET /imagenes/listval.gif HTTP/1.1" 200 905
200.118.11.205 - - [20/Dec/2015:18:03:10 -0500] "GET /imagenes/tree1.gif HTTP/1.1" 200 1161
200.118.11.205 - - [20/Dec/2015:18:03:10 -0500] "GET /imagenes/listval.gif HTTP/1.1" 200 905
200.118.11.205 - - [20/Dec/2015:18:03:11 -0500] "GET /imagenes/CAMERA3.gif HTTP/1.1" 200 4150
200.118.11.205 - - [20/Dec/2015:18:03:11 -0500] "GET /imagenes/SLIDE1.gif HTTP/1.1" 200 1111
200.118.11.205 - - [20/Dec/2015:18:03:11 -0500] "GET /imagenes/flexcomb.gif HTTP/1.1" 200 1169
200.118.11.205 - - [20/Dec/2015:18:03:11 -0500] "GET /imagenes/GO.gif HTTP/1.1" 200 904
200.118.11.205 - - [20/Dec/2015:18:03:11 -0500] "GET /imagenes/HRTOOLS.gif HTTP/1.1" 200 2238
200.118.11.205 - - [20/Dec/2015:18:03:11 -0500] "GET /imagenes/rt_rec1.gif HTTP/1.1" 200 867
200.118.11.205 - - [20/Dec/2015:18:03:11 -0500] "GET /imagenes/apply.gif HTTP/1.1" 200 903
200.118.11.205 - - [20/Dec/2015:18:03:11 -0500] "GET /imagenes/exit.gif HTTP/1.1" 200 916
200.118.11.205 - - [20/Dec/2015:18:03:11 -0500] "GET /imagenes/LISTVAL.gif HTTP/1.1" 200 905
200.118.11.205 - - [20/Dec/2015:18:03:12 -0500] "GET /imagenes/edit.gif HTTP/1.1" 200 919
200.118.11.205 - - [20/Dec/2015:18:03:12 -0500] "GET /imagenes/rt_rec4.gif HTTP/1.1" 200 865
200.118.11.205 - - [20/Dec/2015:18:03:12 -0500] "GET /imagenes/rt_rec3.gif HTTP/1.1" 200 844
200.118.11.205 - - [20/Dec/2015:18:03:12 -0500] "GET /imagenes/rt_rec2.gif HTTP/1.1" 200 847
200.118.11.205 - - [20/Dec/2015:18:03:12 -0500] "GET /imagenes/rt_rdel.gif HTTP/1.1" 200 899
200.118.11.205 - - [20/Dec/2015:18:03:12 -0500] "GET /imagenes/rt_radd.gif HTTP/1.1" 200 907
200.118.11.205 - - [20/Dec/2015:18:03:12 -0500] "GET /imagenes/rt_quer3.gif HTTP/1.1" 200 939
200.118.11.205 - - [20/Dec/2015:18:03:12 -0500] "GET /imagenes/rt_quer2.gif HTTP/1.1" 200 936
200.118.11.205 - - [20/Dec/2015:18:03:12 -0500] "GET /imagenes/rt_quer1.gif HTTP/1.1" 200 930
200.118.11.205 - - [20/Dec/2015:18:03:12 -0500] "GET /imagenes/rt_save.gif HTTP/1.1" 200 903
200.118.11.205 - - [20/Dec/2015:18:03:12 -0500] "GET /imagenes/rt_pset.gif HTTP/1.1" 200 914
200.118.11.205 - - [20/Dec/2015:18:03:12 -0500] "GET /imagenes/QUEJA.gif HTTP/1.1" 200 1091
200.118.11.205 - - [20/Dec/2015:18:03:12 -0500] "GET /imagenes/ARBOL.gif HTTP/1.1" 200 1026
200.118.11.205 - - [20/Dec/2015:18:03:12 -0500] "GET /imagenes/Clipboard.gif HTTP/1.1" 200 1466
200.118.11.205 - - [20/Dec/2015:18:03:12 -0500] "GET /imagenes/DINERO.gif HTTP/1.1" 200 1766
200.118.11.205 - - [20/Dec/2015:18:03:12 -0500] "GET /imagenes/URGENTE.gif HTTP/1.1" 200 964
200.118.11.205 - - [20/Dec/2015:18:03:12 -0500] "GET /imagenes/TREE4.gif HTTP/1.1" 200 4150
200.118.11.205 - - [20/Dec/2015:18:03:13 -0500] "POST /forms/lservlet;jsessionid=ac16012b30d7abe2c40442bf4578a251a9cdb76748d5.e3iSbxaKaheRe38KbN0Rb34Mc3j0n6jAmljGr5XDqQLvpAe HTTP/1.1" 200 7
200.118.11.205 - - [20/Dec/2015:18:03:13 -0500] "POST /forms/lservlet;jsessionid=ac16012b30d7abe2c40442bf4578a251a9cdb76748d5.e3iSbxaKaheRe38KbN0Rb34Mc3j0n6jAmljGr5XDqQLvpAe HTTP/1.1" 200 34
200.118.11.205 - - [20/Dec/2015:18:03:13 -0500] "POST /forms/lservlet;jsessionid=ac16012b30d7abe2c40442bf4578a251a9cdb76748d5.e3iSbxaKaheRe38KbN0Rb34Mc3j0n6jAmljGr5XDqQLvpAe HTTP/1.1" 200 2
200.118.11.205 - - [20/Dec/2015:18:03:14 -0500] "POST /forms/lservlet;jsessionid=ac16012b30d7abe2c40442bf4578a251a9cdb76748d5.e3iSbxaKaheRe38KbN0Rb34Mc3j0n6jAmljGr5XDqQLvpAe HTTP/1.1" 200 2
200.118.11.205 - - [20/Dec/2015:18:03:14 -0500] "POST /forms/lservlet;jsessionid=ac16012b30d7abe2c40442bf4578a251a9cdb76748d5.e3iSbxaKaheRe38KbN0Rb34Mc3j0n6jAmljGr5XDqQLvpAe HTTP/1.1" 200 699
200.118.11.205 - - [20/Dec/2015:18:03:15 -0500] "GET /imagenes/Srch_frw.gif HTTP/1.1" 200 925
200.118.11.205 - - [20/Dec/2015:18:03:15 -0500] "POST /forms/lservlet;jsessionid=ac16012b30d7abe2c40442bf4578a251a9cdb76748d5.e3iSbxaKaheRe38KbN0Rb34Mc3j0n6jAmljGr5XDqQLvpAe HTTP/1.1" 200 10
200.118.11.205 - - [20/Dec/2015:18:03:16 -0500] "POST /forms/lservlet;jsessionid=ac16012b30d7abe2c40442bf4578a251a9cdb76748d5.e3iSbxaKaheRe38KbN0Rb34Mc3j0n6jAmljGr5XDqQLvpAe HTTP/1.1" 200 24
200.118.11.205 - - [20/Dec/2015:18:03:16 -0500] "POST /forms/lservlet;jsessionid=ac16012b30d7abe2c40442bf4578a251a9cdb76748d5.e3iSbxaKaheRe38KbN0Rb34Mc3j0n6jAmljGr5XDqQLvpAe HTTP/1.1" 200 4630
200.118.11.205 - - [20/Dec/2015:18:03:17 -0500] "POST /forms/lservlet;jsessionid=ac16012b30d7abe2c40442bf4578a251a9cdb76748d5.e3iSbxaKaheRe38KbN0Rb34Mc3j0n6jAmljGr5XDqQLvpAe HTTP/1.1" 200 2
66.249.64.101 - - [20/Dec/2015:18:03:20 -0500] "GET /sia/ HTTP/1.1" 200 2661
181.129.88.210 - - [20/Dec/2015:18:03:33 -0500] "POST /forms/lservlet;jsessionid=ac16012b30d726745fa422d64092929ced9d64d5dd7c.e3iSbxaKaheRe38KbN0Rb34Mc3j0n6jAmljGr5XDqQLvpAe HTTP/1.1" 200 2
66.249.64.101 - - [20/Dec/2015:18:03:43 -0500] "GET /BLA/resoluciones/RESOLUCIONES%202012/0409.pdf HTTP/1.1" 200 788161
190.25.157.12 - - [20/Dec/2015:18:03:52 -0500] "POST /forms/lservlet;jsessionid=ac16012b30d7fcfb694b74754b67ba13d8349b7969d1.e3iSbxaKaheRe38KbN0Rb34Mc3j0n6jAmljGr5XDqQLvpAe HTTP/1.1" 200 2
200.118.11.205 - - [20/Dec/2015:18:04:36 -0500] "POST /forms/lservlet;jsessionid=ac16012b30d7abe2c40442bf4578a251a9cdb76748d5.e3iSbxaKaheRe38KbN0Rb34Mc3j0n6jAmljGr5XDqQLvpAe HTTP/1.1" 200 2
181.56.44.226 - - [20/Dec/2015:18:04:36 -0500] "POST /forms/lservlet;jsessionid=ac16012b30d7652a3332ac774696a4929302f2516421.e3iSbxaKaheRe38KbN0Rb34Mc3j0n6jAmljGr5XDqQLvpAe HTTP/1.1" 200 2
190.84.62.70 - - [20/Dec/2015:18:04:49 -0500] "GET /galeria/carrusel/Carrusel/jquery.thumbnailScroller.css HTTP/1.1" 200 2066
190.84.62.70 - - [20/Dec/2015:18:04:49 -0500] "GET /galeria/galeria/jquery.fancybox.css?v=2.1.5 HTTP/1.1" 200 4895
190.84.62.70 - - [20/Dec/2015:18:04:49 -0500] "GET /BLA/boletinlegal/js/jquery.scrollShow.js HTTP/1.1" 200 4586
190.84.62.70 - - [20/Dec/2015:18:04:49 -0500] "GET /galeria/carrusel/Carrusel/jquery.thumbnailScroller.js HTTP/1.1" 200 8157
190.84.62.70 - - [20/Dec/2015:18:04:49 -0500] "GET /galeria/carrusel/Carrusel/jquery-ui-1.8.13.custom.min.js HTTP/1.1" 200 10800
190.84.62.70 - - [20/Dec/2015:18:04:49 -0500] "GET /galeria/galeria/jquery.fancybox.js?v=2.1.5 HTTP/1.1" 200 48706
181.139.138.235 - - [20/Dec/2015:18:04:56 -0500] "GET /BLA/boletinlegal/js/jquery.scrollShow.js HTTP/1.1" 200 4586
181.139.138.235 - - [20/Dec/2015:18:04:56 -0500] "GET /galeria/galeria/jquery.fancybox.js?v=2.1.5 HTTP/1.1" 200 48706
181.139.138.235 - - [20/Dec/2015:18:04:56 -0500] "GET /galeria/galeria/jquery.fancybox.css?v=2.1.5 HTTP/1.1" 200 4895
190.84.62.70 - - [20/Dec/2015:18:04:58 -0500] "GET /galeria/nivo-slider/demo/demo.html HTTP/1.1" 200 4456
190.84.62.70 - - [20/Dec/2015:18:04:58 -0500] "GET /galeria/nivo-slider/themes/default/default.css HTTP/1.1" 200 1569
190.84.62.70 - - [20/Dec/2015:18:04:58 -0500] "GET /galeria/nivo-slider/themes/pascal/pascal.css HTTP/1.1" 200 2258
190.84.62.70 - - [20/Dec/2015:18:04:58 -0500] "GET /galeria/nivo-slider/themes/orman/orman.css HTTP/1.1" 200 2152
190.84.62.70 - - [20/Dec/2015:18:04:58 -0500] "GET /galeria/nivo-slider/nivo-slider.css HTTP/1.1" 200 1507
190.84.62.70 - - [20/Dec/2015:18:04:58 -0500] "GET /galeria/nivo-slider/demo/images/ambientales.jpg HTTP/1.1" 200 397233
190.84.62.70 - - [20/Dec/2015:18:04:58 -0500] "GET /galeria/nivo-slider/demo/style.css HTTP/1.1" 200 2222
190.84.62.70 - - [20/Dec/2015:18:04:58 -0500] "GET /galeria/nivo-slider/demo/scripts/jquery-1.7.1.min.js HTTP/1.1" 200 93868
190.84.62.70 - - [20/Dec/2015:18:04:59 -0500] "GET /galeria/nivo-slider/demo/images/Programacion-navidena.jpg HTTP/1.1" 200 316038
190.84.62.70 - - [20/Dec/2015:18:04:59 -0500] "GET /galeria/nivo-slider/demo/images/2Banner-encuestaSDA.jpg HTTP/1.1" 200 208228
190.84.62.70 - - [20/Dec/2015:18:04:59 -0500] "GET /galeria/nivo-slider/jquery.nivo.slider.pack.js HTTP/1.1" 200 11561
190.84.62.70 - - [20/Dec/2015:18:05:00 -0500] "GET /galeria/nivo-slider/demo/images/ABC-Plan-de-contigencia.jpg HTTP/1.1" 200 401853
181.139.138.235 - - [20/Dec/2015:18:05:05 -0500] "GET /BLA/boletinlegal/js/jquery.scrollShow.js HTTP/1.1" 304 -
181.139.138.235 - - [20/Dec/2015:18:05:05 -0500] "GET /galeria/galeria/jquery.fancybox.js?v=2.1.5 HTTP/1.1" 304 -
181.139.138.235 - - [20/Dec/2015:18:05:05 -0500] "GET /galeria/galeria/jquery.fancybox.css?v=2.1.5 HTTP/1.1" 304 -
190.84.62.70 - - [20/Dec/2015:18:05:06 -0500] "GET /galeria/nivo-slider/demo/images/4Simple_Slider.png HTTP/1.1" 200 11722
190.84.62.70 - - [20/Dec/2015:18:05:06 -0500] "GET /galeria/nivo-slider/themes/default/loading.gif HTTP/1.1" 200 1737
66.249.64.106 - - [20/Dec/2015:18:05:07 -0500] "GET /BLA/resoluciones/RESOLUCIONES%202014/2216.pdf HTTP/1.1" 200 1157853
190.84.62.70 - - [20/Dec/2015:18:05:11 -0500] "GET /galeria/nivo-slider/demo/images/banner-llantas2015.jpg HTTP/1.1" 200 185615
190.84.62.70 - - [20/Dec/2015:18:05:12 -0500] "GET /galeria/nivo-slider/demo/images/caminata-ecologica.jpg HTTP/1.1" 200 161069
190.84.62.70 - - [20/Dec/2015:18:05:13 -0500] "GET /galeria/nivo-slider/demo/images/Banner-ahorro-de-agua.jpg HTTP/1.1" 200 149141
190.84.62.70 - - [20/Dec/2015:18:05:17 -0500] "GET /galeria/nivo-slider/demo/images/Cmapana-onestidad.jpg HTTP/1.1" 200 141638
190.84.62.70 - - [20/Dec/2015:18:05:19 -0500] "GET /galeria/nivo-slider/demo/images/PREDAcamp.jpg HTTP/1.1" 200 295358
190.84.62.70 - - [20/Dec/2015:18:05:20 -0500] "GET /galeria/nivo-slider/demo/images/banner-llantas2.jpg HTTP/1.1" 200 204644
190.84.62.70 - - [20/Dec/2015:18:05:25 -0500] "GET /galeria/nivo-slider/demo/images/9Signos.jpg HTTP/1.1" 200 81776
190.84.62.70 - - [20/Dec/2015:18:05:28 -0500] "GET /galeria/nivo-slider/demo/images/Ruta-vertimientos-01.jpg HTTP/1.1" 200 130151
69.162.124.233 - - [20/Dec/2015:18:05:30 -0500] "HEAD / HTTP/1.1" 200 -
190.84.62.70 - - [20/Dec/2015:18:05:33 -0500] "GET /galeria/nivo-slider/demo/images/bolsas-06.jpg HTTP/1.1" 200 90982
181.129.88.210 - - [20/Dec/2015:18:05:33 -0500] "POST /forms/lservlet;jsessionid=ac16012b30d726745fa422d64092929ced9d64d5dd7c.e3iSbxaKaheRe38KbN0Rb34Mc3j0n6jAmljGr5XDqQLvpAe HTTP/1.1" 200 2
190.84.62.70 - - [20/Dec/2015:18:05:38 -0500] "GET /galeria/nivo-slider/demo/images/Conoce-los-humedales.jpg HTTP/1.1" 200 294036
190.84.62.70 - - [20/Dec/2015:18:05:42 -0500] "GET /galeria/nivo-slider/demo/images/ecolecta-Dic2014.png HTTP/1.1" 200 288593
190.25.157.12 - - [20/Dec/2015:18:05:52 -0500] "POST /forms/lservlet;jsessionid=ac16012b30d7fcfb694b74754b67ba13d8349b7969d1.e3iSbxaKaheRe38KbN0Rb34Mc3j0n6jAmljGr5XDqQLvpAe HTTP/1.1" 200 2
190.84.62.70 - - [20/Dec/2015:18:06:14 -0500] "GET /galeria/nivo-slider/themes/default/bullets.png HTTP/1.1" 200 1281
190.84.62.70 - - [20/Dec/2015:18:06:14 -0500] "GET /galeria/nivo-slider/themes/default/arrows.png HTTP/1.1" 200 824
66.249.64.96 - - [20/Dec/2015:18:06:31 -0500] "GET /BLA/resoluciones/AUTOS%202014/3131.pdf HTTP/1.1" 200 521250
200.118.11.205 - - [20/Dec/2015:18:06:36 -0500] "POST /forms/lservlet;jsessionid=ac16012b30d7abe2c40442bf4578a251a9cdb76748d5.e3iSbxaKaheRe38KbN0Rb34Mc3j0n6jAmljGr5XDqQLvpAe HTTP/1.1" 200 2
