190.12.139.141 - - [20/Dec/2015:20:34:00 -0500] "GET /galeria/nivo-slider/demo/images/bolsas-06.jpg HTTP/1.1" 200 90982
190.12.139.141 - - [20/Dec/2015:20:34:06 -0500] "GET /galeria/nivo-slider/demo/images/Conoce-los-humedales.jpg HTTP/1.1" 200 294036
190.12.139.141 - - [20/Dec/2015:20:34:07 -0500] "GET /galeria/nivo-slider/demo/images/ecolecta-Dic2014.png HTTP/1.1" 200 288593
190.12.139.141 - - [20/Dec/2015:20:34:07 -0500] "GET /galeria/nivo-slider/demo/scripts/jquery-1.7.1.min.js HTTP/1.1" 200 93868
190.12.139.141 - - [20/Dec/2015:20:34:08 -0500] "GET /galeria/nivo-slider/jquery.nivo.slider.pack.js HTTP/1.1" 200 11561
190.12.139.141 - - [20/Dec/2015:20:34:08 -0500] "GET /galeria/nivo-slider/demo/images/4Simple_Slider.png HTTP/1.1" 200 11722
190.12.139.141 - - [20/Dec/2015:20:34:08 -0500] "GET /galeria/nivo-slider/themes/default/loading.gif HTTP/1.1" 200 1737
190.12.139.141 - - [20/Dec/2015:20:34:14 -0500] "GET /galeria/nivo-slider/themes/default/arrows.png HTTP/1.1" 200 824
190.12.139.141 - - [20/Dec/2015:20:34:14 -0500] "GET /galeria/nivo-slider/themes/default/bullets.png HTTP/1.1" 200 1281
190.12.139.141 - - [20/Dec/2015:20:34:55 -0500] "GET /BLA/boletinlegal/js/jquery.scrollShow.js HTTP/1.1" 200 4586
190.12.139.141 - - [20/Dec/2015:20:34:55 -0500] "GET /galeria/galeria/jquery.fancybox.js?v=2.1.5 HTTP/1.1" 200 48706
190.12.139.141 - - [20/Dec/2015:20:34:55 -0500] "GET /galeria/galeria/jquery.fancybox.css?v=2.1.5 HTTP/1.1" 200 4895
66.249.64.101 - - [20/Dec/2015:20:35:00 -0500] "GET /BLA/resoluciones/RESOLUCIONES%202007/RES%202007%202001%20AL%202100/RESOLUCION%202060%20DE%202007.pdf HTTP/1.1" 200 529999
66.249.64.101 - - [20/Dec/2015:20:35:09 -0500] "GET /BLA/resoluciones/RESOLUCIONES%202013/1741.pdf HTTP/1.1" 200 267362
157.55.39.85 - - [20/Dec/2015:20:35:16 -0500] "GET /registro/ HTTP/1.1" 301 333
190.12.139.141 - - [20/Dec/2015:20:35:18 -0500] "GET /BLA/boletinlegal/js/jquery.scrollShow.js HTTP/1.1" 200 4586
190.12.139.141 - - [20/Dec/2015:20:35:19 -0500] "GET /galeria/galeria/jquery.fancybox.js?v=2.1.5 HTTP/1.1" 200 48706
190.12.139.141 - - [20/Dec/2015:20:35:19 -0500] "GET /galeria/galeria/jquery.fancybox.css?v=2.1.5 HTTP/1.1" 200 4895
69.162.124.233 - - [20/Dec/2015:20:35:29 -0500] "HEAD / HTTP/1.1" 200 -
181.49.73.100 - - [20/Dec/2015:20:35:37 -0500] "POST /forms/lservlet;jsessionid=ac16012b30d7d38f577c4b444f6484d3f9d0f79a7914.e3iSbxaKaheRe38KbN0Rb34Mc3j0n6jAmljGr5XDqQLvpAe HTTP/1.1" 200 2
186.30.173.55 - - [20/Dec/2015:20:35:42 -0500] "GET /BLA/boletinlegal/js/jquery.scrollShow.js HTTP/1.1" 200 4586
186.30.173.55 - - [20/Dec/2015:20:35:42 -0500] "GET /galeria/galeria/jquery.fancybox.js?v=2.1.5 HTTP/1.1" 200 48706
186.30.173.55 - - [20/Dec/2015:20:35:42 -0500] "GET /galeria/galeria/jquery.fancybox.css?v=2.1.5 HTTP/1.1" 200 4895
186.30.173.55 - - [20/Dec/2015:20:35:42 -0500] "GET /galeria/carrusel/Carrusel/jquery.thumbnailScroller.css HTTP/1.1" 200 2066
186.30.173.55 - - [20/Dec/2015:20:35:42 -0500] "GET /galeria/carrusel/Carrusel/jquery-ui-1.8.13.custom.min.js HTTP/1.1" 200 10800
186.30.173.55 - - [20/Dec/2015:20:35:42 -0500] "GET /galeria/carrusel/Carrusel/jquery.thumbnailScroller.js HTTP/1.1" 200 8157
186.30.173.55 - - [20/Dec/2015:20:35:44 -0500] "GET /galeria/nivo-slider/demo/demo.html HTTP/1.1" 200 4456
186.30.173.55 - - [20/Dec/2015:20:35:46 -0500] "GET /galeria/nivo-slider/themes/default/default.css HTTP/1.1" 200 1569
186.30.173.55 - - [20/Dec/2015:20:35:46 -0500] "GET /galeria/nivo-slider/themes/pascal/pascal.css HTTP/1.1" 200 2258
186.30.173.55 - - [20/Dec/2015:20:35:46 -0500] "GET /galeria/nivo-slider/themes/orman/orman.css HTTP/1.1" 200 2152
186.30.173.55 - - [20/Dec/2015:20:35:46 -0500] "GET /galeria/nivo-slider/nivo-slider.css HTTP/1.1" 200 1507
186.30.173.55 - - [20/Dec/2015:20:35:46 -0500] "GET /galeria/nivo-slider/demo/style.css HTTP/1.1" 200 2222
186.30.173.55 - - [20/Dec/2015:20:35:46 -0500] "GET /galeria/nivo-slider/demo/scripts/jquery-1.7.1.min.js HTTP/1.1" 200 93868
186.30.173.55 - - [20/Dec/2015:20:35:46 -0500] "GET /galeria/nivo-slider/jquery.nivo.slider.pack.js HTTP/1.1" 200 11561
186.30.173.55 - - [20/Dec/2015:20:35:46 -0500] "GET /galeria/nivo-slider/demo/images/ambientales.jpg HTTP/1.1" 200 397233
186.30.173.55 - - [20/Dec/2015:20:35:46 -0500] "GET /galeria/nivo-slider/demo/images/Programacion-navidena.jpg HTTP/1.1" 200 316038
186.30.173.55 - - [20/Dec/2015:20:35:46 -0500] "GET /galeria/nivo-slider/demo/images/ABC-Plan-de-contigencia.jpg HTTP/1.1" 200 401853
186.30.173.55 - - [20/Dec/2015:20:35:46 -0500] "GET /galeria/nivo-slider/demo/images/2Banner-encuestaSDA.jpg HTTP/1.1" 200 208228
186.30.173.55 - - [20/Dec/2015:20:35:47 -0500] "GET /galeria/nivo-slider/demo/images/banner-llantas2015.jpg HTTP/1.1" 200 185615
186.30.173.55 - - [20/Dec/2015:20:35:47 -0500] "GET /galeria/nivo-slider/demo/images/caminata-ecologica.jpg HTTP/1.1" 200 161069
186.30.173.55 - - [20/Dec/2015:20:35:47 -0500] "GET /galeria/nivo-slider/demo/images/Banner-ahorro-de-agua.jpg HTTP/1.1" 200 149141
186.30.173.55 - - [20/Dec/2015:20:35:48 -0500] "GET /galeria/nivo-slider/demo/images/4Simple_Slider.png HTTP/1.1" 200 11722
186.30.173.55 - - [20/Dec/2015:20:35:48 -0500] "GET /galeria/nivo-slider/themes/default/loading.gif HTTP/1.1" 200 1737
186.30.173.55 - - [20/Dec/2015:20:35:48 -0500] "GET /galeria/nivo-slider/demo/images/Cmapana-onestidad.jpg HTTP/1.1" 200 141638
186.30.173.55 - - [20/Dec/2015:20:35:48 -0500] "GET /galeria/nivo-slider/demo/images/PREDAcamp.jpg HTTP/1.1" 200 295358
186.30.173.55 - - [20/Dec/2015:20:35:48 -0500] "GET /galeria/nivo-slider/demo/images/banner-llantas2.jpg HTTP/1.1" 200 204644
186.30.173.55 - - [20/Dec/2015:20:35:49 -0500] "GET /galeria/nivo-slider/demo/images/9Signos.jpg HTTP/1.1" 200 81776
186.30.173.55 - - [20/Dec/2015:20:35:49 -0500] "GET /galeria/nivo-slider/demo/images/Ruta-vertimientos-01.jpg HTTP/1.1" 200 130151
186.30.173.55 - - [20/Dec/2015:20:35:49 -0500] "GET /galeria/nivo-slider/demo/images/bolsas-06.jpg HTTP/1.1" 200 90982
186.30.173.55 - - [20/Dec/2015:20:35:49 -0500] "GET /galeria/nivo-slider/demo/images/Conoce-los-humedales.jpg HTTP/1.1" 200 294036
186.30.173.55 - - [20/Dec/2015:20:35:49 -0500] "GET /galeria/nivo-slider/demo/images/ecolecta-Dic2014.png HTTP/1.1" 200 288593
186.30.173.55 - - [20/Dec/2015:20:35:51 -0500] "GET /galeria/nivo-slider/themes/default/arrows.png HTTP/1.1" 200 824
186.30.173.55 - - [20/Dec/2015:20:35:51 -0500] "GET /galeria/nivo-slider/themes/default/bullets.png HTTP/1.1" 200 1281
190.25.157.12 - - [20/Dec/2015:20:35:55 -0500] "POST /forms/lservlet;jsessionid=ac16012b30d7fcfb694b74754b67ba13d8349b7969d1.e3iSbxaKaheRe38KbN0Rb34Mc3j0n6jAmljGr5XDqQLvpAe HTTP/1.1" 200 2
66.249.64.101 - - [20/Dec/2015:20:36:02 -0500] "GET /BLA/resoluciones/AUTOS%202013/3648.pdf HTTP/1.1" 200 1670769
186.30.173.55 - - [20/Dec/2015:20:36:11 -0500] "GET /galeria/galeria/jquery.fancybox.css?v=2.1.5 HTTP/1.1" 304 -
186.30.173.55 - - [20/Dec/2015:20:36:11 -0500] "GET /galeria/galeria/jquery.fancybox.js?v=2.1.5 HTTP/1.1" 304 -
186.30.173.55 - - [20/Dec/2015:20:36:11 -0500] "GET /BLA/boletinlegal/js/jquery.scrollShow.js HTTP/1.1" 304 -
66.249.64.106 - - [20/Dec/2015:20:36:24 -0500] "GET /BLA/resoluciones/AUTOS%202010/5622.pdf HTTP/1.1" 200 135499
181.129.88.210 - - [20/Dec/2015:20:36:29 -0500] "POST /forms/lservlet;jsessionid=ac16012b30d7e768522c79bb4cb18bbaed9c8c3a90f5.e3iSbxaKaheRe38KbN0Rb34Mc3j0n6jAmljGr5XDqQLvpAe HTTP/1.1" 200 13
181.129.88.210 - - [20/Dec/2015:20:36:37 -0500] "POST /forms/lservlet;jsessionid=ac16012b30d7e768522c79bb4cb18bbaed9c8c3a90f5.e3iSbxaKaheRe38KbN0Rb34Mc3j0n6jAmljGr5XDqQLvpAe HTTP/1.1" 200 13
66.249.64.243 - - [20/Dec/2015:20:36:37 -0500] "GET /dama/libreria/pdf/Cartilla-final-jul-2006.pdf HTTP/1.1" 404 1019
181.129.88.210 - - [20/Dec/2015:20:36:40 -0500] "POST /forms/lservlet;jsessionid=ac16012b30d7e768522c79bb4cb18bbaed9c8c3a90f5.e3iSbxaKaheRe38KbN0Rb34Mc3j0n6jAmljGr5XDqQLvpAe HTTP/1.1" 200 13
181.129.88.210 - - [20/Dec/2015:20:36:42 -0500] "POST /forms/lservlet;jsessionid=ac16012b30d7e768522c79bb4cb18bbaed9c8c3a90f5.e3iSbxaKaheRe38KbN0Rb34Mc3j0n6jAmljGr5XDqQLvpAe HTTP/1.1" 200 13
181.129.88.210 - - [20/Dec/2015:20:36:46 -0500] "POST /forms/lservlet;jsessionid=ac16012b30d7e768522c79bb4cb18bbaed9c8c3a90f5.e3iSbxaKaheRe38KbN0Rb34Mc3j0n6jAmljGr5XDqQLvpAe HTTP/1.1" 200 13
181.129.88.210 - - [20/Dec/2015:20:36:47 -0500] "POST /forms/lservlet;jsessionid=ac16012b30d7e768522c79bb4cb18bbaed9c8c3a90f5.e3iSbxaKaheRe38KbN0Rb34Mc3j0n6jAmljGr5XDqQLvpAe HTTP/1.1" 200 13
201.234.75.11 - - [20/Dec/2015:20:36:52 -0500] "GET /galeria/nivo-slider/demo/images/ABC-Plan-de-contigencia.jpg HTTP/1.1" 304 -
107.139.230.200 - - [20/Dec/2015:20:37:24 -0500] "GET /ecodirectorio/files/res/pages/page_0121.swf HTTP/1.1" 200 250161
107.139.230.200 - - [20/Dec/2015:20:37:24 -0500] "GET /ecodirectorio/files/res/pages/page_0122.swf HTTP/1.1" 200 159656
181.49.73.100 - - [20/Dec/2015:20:37:37 -0500] "POST /forms/lservlet;jsessionid=ac16012b30d7d38f577c4b444f6484d3f9d0f79a7914.e3iSbxaKaheRe38KbN0Rb34Mc3j0n6jAmljGr5XDqQLvpAe HTTP/1.1" 200 2
66.249.64.101 - - [20/Dec/2015:20:37:48 -0500] "GET /Residuos/impresion/files/guia_impresion-lit.pdf HTTP/1.1" 304 -
190.240.206.208 - - [20/Dec/2015:20:37:52 -0500] "GET /galeria/galeria/jquery.fancybox.css?v=2.1.5 HTTP/1.1" 200 4895
190.240.206.208 - - [20/Dec/2015:20:37:52 -0500] "GET /BLA/boletinlegal/js/jquery.scrollShow.js HTTP/1.1" 200 4586
190.240.206.208 - - [20/Dec/2015:20:37:52 -0500] "GET /galeria/galeria/jquery.fancybox.js?v=2.1.5 HTTP/1.1" 200 48706
107.139.230.200 - - [20/Dec/2015:20:37:53 -0500] "GET /ecodirectorio/files/res/pages/page_0123.swf HTTP/1.1" 200 171688
107.139.230.200 - - [20/Dec/2015:20:37:53 -0500] "GET /ecodirectorio/files/res/pages/page_0124.swf HTTP/1.1" 200 214600
190.25.157.12 - - [20/Dec/2015:20:37:55 -0500] "POST /forms/lservlet;jsessionid=ac16012b30d7fcfb694b74754b67ba13d8349b7969d1.e3iSbxaKaheRe38KbN0Rb34Mc3j0n6jAmljGr5XDqQLvpAe HTTP/1.1" 200 2
107.139.230.200 - - [20/Dec/2015:20:37:57 -0500] "GET /ecodirectorio/files/res/pages/page_0125.swf HTTP/1.1" 200 254969
107.139.230.200 - - [20/Dec/2015:20:38:01 -0500] "GET /ecodirectorio/files/res/pages/page_0126.swf HTTP/1.1" 200 159534
107.139.230.200 - - [20/Dec/2015:20:38:02 -0500] "GET /ecodirectorio/files/res/pages/page_0127.swf HTTP/1.1" 200 204636
107.139.230.200 - - [20/Dec/2015:20:38:06 -0500] "GET /ecodirectorio/files/res/pages/page_0128.swf HTTP/1.1" 200 224387
107.139.230.200 - - [20/Dec/2015:20:38:06 -0500] "GET /ecodirectorio/files/res/pages/page_0129.swf HTTP/1.1" 200 353391
107.139.230.200 - - [20/Dec/2015:20:38:10 -0500] "GET /ecodirectorio/files/res/pages/page_0130.swf HTTP/1.1" 200 219996
107.139.230.200 - - [20/Dec/2015:20:38:16 -0500] "GET /ecodirectorio/files/res/pages/page_0131.swf HTTP/1.1" 200 217395
107.139.230.200 - - [20/Dec/2015:20:38:17 -0500] "GET /ecodirectorio/files/res/pages/page_0132.swf HTTP/1.1" 200 212636
201.245.179.194 - - [20/Dec/2015:20:38:19 -0500] "GET /galeria/galeria/jquery.fancybox.js?v=2.1.5 HTTP/1.1" 200 48706
201.245.179.194 - - [20/Dec/2015:20:38:19 -0500] "GET /BLA/boletinlegal/js/jquery.scrollShow.js HTTP/1.1" 200 4586
201.245.179.194 - - [20/Dec/2015:20:38:19 -0500] "GET /galeria/galeria/jquery.fancybox.css?v=2.1.5 HTTP/1.1" 200 4895
107.139.230.200 - - [20/Dec/2015:20:38:21 -0500] "GET /ecodirectorio/files/res/pages/page_0133.swf HTTP/1.1" 200 252407
107.139.230.200 - - [20/Dec/2015:20:38:22 -0500] "GET /ecodirectorio/files/res/pages/page_0134.swf HTTP/1.1" 200 246600
107.139.230.200 - - [20/Dec/2015:20:38:26 -0500] "GET /ecodirectorio/files/res/pages/page_0135.swf HTTP/1.1" 200 142445
107.139.230.200 - - [20/Dec/2015:20:38:26 -0500] "GET /ecodirectorio/files/res/pages/page_0136.swf HTTP/1.1" 200 250347
107.139.230.200 - - [20/Dec/2015:20:38:28 -0500] "GET /ecodirectorio/files/res/pages/page_0137.swf HTTP/1.1" 200 211394
107.139.230.200 - - [20/Dec/2015:20:38:29 -0500] "GET /ecodirectorio/files/res/pages/page_0138.swf HTTP/1.1" 200 223467
107.139.230.200 - - [20/Dec/2015:20:38:30 -0500] "GET /ecodirectorio/files/res/pages/page_0139.swf HTTP/1.1" 200 218917
107.139.230.200 - - [20/Dec/2015:20:38:32 -0500] "GET /ecodirectorio/files/res/pages/page_0140.swf HTTP/1.1" 200 182444
107.139.230.200 - - [20/Dec/2015:20:38:34 -0500] "GET /ecodirectorio/files/res/pages/page_0141.swf HTTP/1.1" 200 210893
107.139.230.200 - - [20/Dec/2015:20:38:35 -0500] "GET /ecodirectorio/files/res/pages/page_0142.swf HTTP/1.1" 200 187488
107.139.230.200 - - [20/Dec/2015:20:38:37 -0500] "GET /ecodirectorio/files/res/pages/page_0143.swf HTTP/1.1" 200 203549
107.139.230.200 - - [20/Dec/2015:20:38:40 -0500] "GET /ecodirectorio/files/res/pages/page_0144.swf HTTP/1.1" 200 184529
107.139.230.200 - - [20/Dec/2015:20:38:41 -0500] "GET /ecodirectorio/files/res/pages/page_0145.swf HTTP/1.1" 200 409542
107.139.230.200 - - [20/Dec/2015:20:38:45 -0500] "GET /ecodirectorio/files/res/pages/page_0146.swf HTTP/1.1" 200 246716
190.60.251.1 - - [20/Dec/2015:20:38:58 -0500] "GET /galeria/galeria/jquery.fancybox.css?v=2.1.5 HTTP/1.1" 304 -
190.60.251.1 - - [20/Dec/2015:20:38:58 -0500] "GET /BLA/boletinlegal/js/jquery.scrollShow.js HTTP/1.1" 304 -
190.60.251.1 - - [20/Dec/2015:20:38:58 -0500] "GET /galeria/galeria/jquery.fancybox.js?v=2.1.5 HTTP/1.1" 304 -
186.113.10.143 - - [20/Dec/2015:20:39:00 -0500] "GET /galeria/nivo-slider/demo/images/ES_Banner_COP21_03.jpg HTTP/1.1" 304 -
66.249.64.243 - - [20/Dec/2015:20:39:12 -0500] "GET /siac/documentos/Decreto%20Gas.pdf HTTP/1.1" 404 1019
181.49.73.100 - - [20/Dec/2015:20:39:37 -0500] "POST /forms/lservlet;jsessionid=ac16012b30d7d38f577c4b444f6484d3f9d0f79a7914.e3iSbxaKaheRe38KbN0Rb34Mc3j0n6jAmljGr5XDqQLvpAe HTTP/1.1" 200 2
186.30.173.55 - - [20/Dec/2015:20:39:45 -0500] "GET /galeria/galeria/fancybox_overlay.png HTTP/1.1" 200 1003
186.30.173.55 - - [20/Dec/2015:20:39:45 -0500] "GET /galeria/galeria/fotos/1.jpg HTTP/1.1" 200 267672
186.30.173.55 - - [20/Dec/2015:20:39:45 -0500] "GET /galeria/galeria/fancybox_loading.gif HTTP/1.1" 200 6567
186.30.173.55 - - [20/Dec/2015:20:39:45 -0500] "GET /galeria/galeria/fancybox_sprite.png HTTP/1.1" 200 1362
190.25.157.12 - - [20/Dec/2015:20:39:55 -0500] "POST /forms/lservlet;jsessionid=ac16012b30d7fcfb694b74754b67ba13d8349b7969d1.e3iSbxaKaheRe38KbN0Rb34Mc3j0n6jAmljGr5XDqQLvpAe HTTP/1.1" 200 2
123.126.113.85 - - [20/Dec/2015:20:40:25 -0500] "GET /resoluciones/RESOLUCIONES%202009/0979.pdf HTTP/1.1" 404 1018
69.162.124.233 - - [20/Dec/2015:20:40:29 -0500] "HEAD / HTTP/1.1" 200 -
123.126.113.85 - - [20/Dec/2015:20:40:36 -0500] "GET /resoluciones/RESOLUCIONES%202009/0091.pdf HTTP/1.1" 404 1018
186.30.173.55 - - [20/Dec/2015:20:41:04 -0500] "GET /transparencia/directorioservidores/diciembre2015.xlsx HTTP/1.1" 200 37314
181.49.73.100 - - [20/Dec/2015:20:41:38 -0500] "POST /forms/lservlet;jsessionid=ac16012b30d7d38f577c4b444f6484d3f9d0f79a7914.e3iSbxaKaheRe38KbN0Rb34Mc3j0n6jAmljGr5XDqQLvpAe HTTP/1.1" 200 2
190.27.28.65 - - [20/Dec/2015:20:41:45 -0500] "GET /BLA/boletinlegal/consulta_actos.php?tipo=resoluciones&no=1126&usuario=&sector=&fecha=2012&resuelve= HTTP/1.1" 200 1059
190.25.157.12 - - [20/Dec/2015:20:41:55 -0500] "POST /forms/lservlet;jsessionid=ac16012b30d7fcfb694b74754b67ba13d8349b7969d1.e3iSbxaKaheRe38KbN0Rb34Mc3j0n6jAmljGr5XDqQLvpAe HTTP/1.1" 200 2
181.49.73.100 - - [20/Dec/2015:20:43:38 -0500] "POST /forms/lservlet;jsessionid=ac16012b30d7d38f577c4b444f6484d3f9d0f79a7914.e3iSbxaKaheRe38KbN0Rb34Mc3j0n6jAmljGr5XDqQLvpAe HTTP/1.1" 200 2
190.78.94.244 - - [20/Dec/2015:20:43:38 -0500] "GET /galeria/galeria/jquery.fancybox.css?v=2.1.5 HTTP/1.1" 200 4895
190.78.94.244 - - [20/Dec/2015:20:43:38 -0500] "GET /BLA/boletinlegal/js/jquery.scrollShow.js HTTP/1.1" 200 4586
190.78.94.244 - - [20/Dec/2015:20:43:38 -0500] "GET /galeria/galeria/jquery.fancybox.js?v=2.1.5 HTTP/1.1" 200 48706
66.249.64.96 - - [20/Dec/2015:20:43:47 -0500] "GET /BLA/resoluciones/AUTOS%202014/2144.pdf HTTP/1.1" 200 425791
190.25.157.12 - - [20/Dec/2015:20:43:55 -0500] "POST /forms/lservlet;jsessionid=ac16012b30d7fcfb694b74754b67ba13d8349b7969d1.e3iSbxaKaheRe38KbN0Rb34Mc3j0n6jAmljGr5XDqQLvpAe HTTP/1.1" 200 2
66.249.64.96 - - [20/Dec/2015:20:44:18 -0500] "GET /BLA/resoluciones/RESOLUCIONES%202009/5328.pdf HTTP/1.1" 200 210304
66.249.64.106 - - [20/Dec/2015:20:45:04 -0500] "GET /BLA/resoluciones/AUTOS%202013/1361.pdf HTTP/1.1" 200 1917099
69.162.124.233 - - [20/Dec/2015:20:45:29 -0500] "HEAD / HTTP/1.1" 200 -
181.49.73.100 - - [20/Dec/2015:20:45:38 -0500] "POST /forms/lservlet;jsessionid=ac16012b30d7d38f577c4b444f6484d3f9d0f79a7914.e3iSbxaKaheRe38KbN0Rb34Mc3j0n6jAmljGr5XDqQLvpAe HTTP/1.1" 200 2
107.139.230.200 - - [20/Dec/2015:20:45:49 -0500] "GET /ecodirectorio/files/res/pages/page_0147.swf HTTP/1.1" 200 267618
66.249.64.106 - - [20/Dec/2015:20:45:50 -0500] "GET /BLA/resoluciones/RESOLUCIONES%202009/7875.pdf HTTP/1.1" 200 419834
107.139.230.200 - - [20/Dec/2015:20:45:50 -0500] "GET /ecodirectorio/files/res/pages/page_0148.swf HTTP/1.1" 200 267145
190.25.157.12 - - [20/Dec/2015:20:45:55 -0500] "POST /forms/lservlet;jsessionid=ac16012b30d7fcfb694b74754b67ba13d8349b7969d1.e3iSbxaKaheRe38KbN0Rb34Mc3j0n6jAmljGr5XDqQLvpAe HTTP/1.1" 200 2
107.139.230.200 - - [20/Dec/2015:20:46:11 -0500] "GET /ecodirectorio/files/res/pages/page_0149.swf HTTP/1.1" 200 268455
107.139.230.200 - - [20/Dec/2015:20:46:13 -0500] "GET /ecodirectorio/files/res/pages/page_0150.swf HTTP/1.1" 200 291626
107.139.230.200 - - [20/Dec/2015:20:46:26 -0500] "GET /ecodirectorio/files/res/pages/page_0151.swf HTTP/1.1" 200 259678
107.139.230.200 - - [20/Dec/2015:20:46:26 -0500] "GET /ecodirectorio/files/res/pages/page_0152.swf HTTP/1.1" 200 373351
107.139.230.200 - - [20/Dec/2015:20:46:32 -0500] "GET /ecodirectorio/files/res/pages/page_0153.swf HTTP/1.1" 200 375405
107.139.230.200 - - [20/Dec/2015:20:46:42 -0500] "GET /ecodirectorio/files/res/pages/page_0154.swf HTTP/1.1" 200 283083
107.139.230.200 - - [20/Dec/2015:20:46:44 -0500] "GET /ecodirectorio/files/res/pages/page_0155.swf HTTP/1.1" 200 272801
107.139.230.200 - - [20/Dec/2015:20:46:54 -0500] "GET /ecodirectorio/files/res/pages/page_0156.swf HTTP/1.1" 200 305874
107.139.230.200 - - [20/Dec/2015:20:46:56 -0500] "GET /ecodirectorio/files/res/pages/page_0157.swf HTTP/1.1" 200 322211
107.139.230.200 - - [20/Dec/2015:20:47:06 -0500] "GET /ecodirectorio/files/res/pages/page_0158.swf HTTP/1.1" 200 318727
107.139.230.200 - - [20/Dec/2015:20:47:08 -0500] "GET /ecodirectorio/files/res/pages/page_0159.swf HTTP/1.1" 200 339244
107.139.230.200 - - [20/Dec/2015:20:47:15 -0500] "GET /ecodirectorio/files/res/pages/page_0160.swf HTTP/1.1" 200 315903
107.139.230.200 - - [20/Dec/2015:20:47:19 -0500] "GET /ecodirectorio/files/res/pages/page_0161.swf HTTP/1.1" 200 317809
107.139.230.200 - - [20/Dec/2015:20:47:21 -0500] "GET /ecodirectorio/files/res/pages/page_0162.swf HTTP/1.1" 200 319126
66.249.64.106 - - [20/Dec/2015:20:47:21 -0500] "GET /BLA/resoluciones/AUTOS%202012/1917.pdf HTTP/1.1" 200 349808
107.139.230.200 - - [20/Dec/2015:20:47:32 -0500] "GET /ecodirectorio/files/res/pages/page_0163.swf HTTP/1.1" 200 316820
107.139.230.200 - - [20/Dec/2015:20:47:37 -0500] "GET /ecodirectorio/files/res/pages/page_0164.swf HTTP/1.1" 200 195101
181.49.73.100 - - [20/Dec/2015:20:47:38 -0500] "POST /forms/lservlet;jsessionid=ac16012b30d7d38f577c4b444f6484d3f9d0f79a7914.e3iSbxaKaheRe38KbN0Rb34Mc3j0n6jAmljGr5XDqQLvpAe HTTP/1.1" 200 2
190.25.157.12 - - [20/Dec/2015:20:47:55 -0500] "POST /forms/lservlet;jsessionid=ac16012b30d7fcfb694b74754b67ba13d8349b7969d1.e3iSbxaKaheRe38KbN0Rb34Mc3j0n6jAmljGr5XDqQLvpAe HTTP/1.1" 200 2
186.85.59.235 - - [20/Dec/2015:20:48:00 -0500] "GET /galeria/galeria/jquery.fancybox.css?v=2.1.5 HTTP/1.1" 200 4895
186.85.59.235 - - [20/Dec/2015:20:48:00 -0500] "GET /BLA/boletinlegal/js/jquery.scrollShow.js HTTP/1.1" 200 4586
186.85.59.235 - - [20/Dec/2015:20:48:00 -0500] "GET /galeria/carrusel/Carrusel/jquery-ui-1.8.13.custom.min.js HTTP/1.1" 200 10800
186.85.59.235 - - [20/Dec/2015:20:48:00 -0500] "GET /galeria/carrusel/Carrusel/jquery.thumbnailScroller.css HTTP/1.1" 200 2066
186.85.59.235 - - [20/Dec/2015:20:48:00 -0500] "GET /galeria/carrusel/Carrusel/jquery.thumbnailScroller.js HTTP/1.1" 200 8157
186.85.59.235 - - [20/Dec/2015:20:48:00 -0500] "GET /galeria/galeria/jquery.fancybox.js?v=2.1.5 HTTP/1.1" 200 48706
186.85.59.235 - - [20/Dec/2015:20:48:01 -0500] "GET /galeria/nivo-slider/demo/demo.html HTTP/1.1" 200 4456
186.85.59.235 - - [20/Dec/2015:20:48:04 -0500] "GET /galeria/nivo-slider/themes/default/default.css HTTP/1.1" 200 1569
186.85.59.235 - - [20/Dec/2015:20:48:04 -0500] "GET /galeria/nivo-slider/nivo-slider.css HTTP/1.1" 200 1507
186.85.59.235 - - [20/Dec/2015:20:48:04 -0500] "GET /galeria/nivo-slider/demo/images/ambientales.jpg HTTP/1.1" 200 397233
186.85.59.235 - - [20/Dec/2015:20:48:04 -0500] "GET /galeria/nivo-slider/demo/style.css HTTP/1.1" 200 2222
186.85.59.235 - - [20/Dec/2015:20:48:04 -0500] "GET /galeria/nivo-slider/themes/pascal/pascal.css HTTP/1.1" 200 2258
186.85.59.235 - - [20/Dec/2015:20:48:04 -0500] "GET /galeria/nivo-slider/themes/orman/orman.css HTTP/1.1" 200 2152
186.85.59.235 - - [20/Dec/2015:20:48:04 -0500] "GET /galeria/nivo-slider/demo/scripts/jquery-1.7.1.min.js HTTP/1.1" 200 93868
186.85.59.235 - - [20/Dec/2015:20:48:04 -0500] "GET /galeria/nivo-slider/jquery.nivo.slider.pack.js HTTP/1.1" 200 11561
186.85.59.235 - - [20/Dec/2015:20:48:04 -0500] "GET /galeria/nivo-slider/demo/images/Programacion-navidena.jpg HTTP/1.1" 200 316038
186.85.59.235 - - [20/Dec/2015:20:48:04 -0500] "GET /galeria/nivo-slider/demo/images/2Banner-encuestaSDA.jpg HTTP/1.1" 200 208228
186.85.59.235 - - [20/Dec/2015:20:48:04 -0500] "GET /galeria/nivo-slider/demo/images/banner-llantas2015.jpg HTTP/1.1" 200 185615
186.85.59.235 - - [20/Dec/2015:20:48:04 -0500] "GET /galeria/nivo-slider/demo/images/ABC-Plan-de-contigencia.jpg HTTP/1.1" 200 401853
186.85.59.235 - - [20/Dec/2015:20:48:04 -0500] "GET /galeria/nivo-slider/demo/images/4Simple_Slider.png HTTP/1.1" 200 11722
186.85.59.235 - - [20/Dec/2015:20:48:05 -0500] "GET /galeria/nivo-slider/themes/default/loading.gif HTTP/1.1" 200 1737
186.85.59.235 - - [20/Dec/2015:20:48:05 -0500] "GET /galeria/nivo-slider/demo/images/caminata-ecologica.jpg HTTP/1.1" 200 161069
186.85.59.235 - - [20/Dec/2015:20:48:05 -0500] "GET /galeria/nivo-slider/demo/images/Banner-ahorro-de-agua.jpg HTTP/1.1" 200 149141
186.85.59.235 - - [20/Dec/2015:20:48:06 -0500] "GET /galeria/nivo-slider/demo/images/Cmapana-onestidad.jpg HTTP/1.1" 200 141638
186.85.59.235 - - [20/Dec/2015:20:48:06 -0500] "GET /galeria/nivo-slider/demo/images/PREDAcamp.jpg HTTP/1.1" 200 295358
186.85.59.235 - - [20/Dec/2015:20:48:06 -0500] "GET /galeria/nivo-slider/demo/images/banner-llantas2.jpg HTTP/1.1" 200 204644
186.85.59.235 - - [20/Dec/2015:20:48:06 -0500] "GET /galeria/nivo-slider/demo/images/9Signos.jpg HTTP/1.1" 200 81776
186.85.59.235 - - [20/Dec/2015:20:48:06 -0500] "GET /galeria/nivo-slider/demo/images/Ruta-vertimientos-01.jpg HTTP/1.1" 200 130151
186.85.59.235 - - [20/Dec/2015:20:48:07 -0500] "GET /galeria/nivo-slider/demo/images/bolsas-06.jpg HTTP/1.1" 200 90982
66.249.64.238 - - [20/Dec/2015:20:48:07 -0500] "GET /galeria/nivo-slider/demo/images/sincarro02.jpg HTTP/1.1" 200 81201
186.85.59.235 - - [20/Dec/2015:20:48:07 -0500] "GET /galeria/nivo-slider/demo/images/Conoce-los-humedales.jpg HTTP/1.1" 200 294036
186.85.59.235 - - [20/Dec/2015:20:48:07 -0500] "GET /galeria/nivo-slider/demo/images/ecolecta-Dic2014.png HTTP/1.1" 200 288593
66.249.64.96 - - [20/Dec/2015:20:48:08 -0500] "GET /BLA/resoluciones/AUTOS%202009/1606.pdf HTTP/1.1" 200 205320
186.85.59.235 - - [20/Dec/2015:20:48:08 -0500] "GET /galeria/nivo-slider/themes/default/arrows.png HTTP/1.1" 200 824
186.85.59.235 - - [20/Dec/2015:20:48:09 -0500] "GET /galeria/nivo-slider/themes/default/bullets.png HTTP/1.1" 200 1281
66.249.64.96 - - [20/Dec/2015:20:48:53 -0500] "GET /BLA/resoluciones/AUTOS%202012/1634.pdf HTTP/1.1" 200 316450
66.249.64.96 - - [20/Dec/2015:20:49:00 -0500] "GET /BLA/resoluciones/RESOLUCIONES%202007/RES%202007%20501%20AL%20600/RESOLUCION%200501%20DE%202007.pdf HTTP/1.1" 200 166878
181.49.73.100 - - [20/Dec/2015:20:49:38 -0500] "POST /forms/lservlet;jsessionid=ac16012b30d7d38f577c4b444f6484d3f9d0f79a7914.e3iSbxaKaheRe38KbN0Rb34Mc3j0n6jAmljGr5XDqQLvpAe HTTP/1.1" 200 2
201.216.43.199 - - [20/Dec/2015:20:49:38 -0500] "GET /galeria/galeria/jquery.fancybox.css?v=2.1.5 HTTP/1.1" 200 4895
201.216.43.199 - - [20/Dec/2015:20:49:38 -0500] "GET /galeria/galeria/jquery.fancybox.js?v=2.1.5 HTTP/1.1" 200 48706
201.216.43.199 - - [20/Dec/2015:20:49:38 -0500] "GET /BLA/boletinlegal/js/jquery.scrollShow.js HTTP/1.1" 200 4586
66.249.64.96 - - [20/Dec/2015:20:49:39 -0500] "GET /BLA/resoluciones/AUTOS%202011/5531.pdf HTTP/1.1" 200 221462
201.216.43.199 - - [20/Dec/2015:20:49:42 -0500] "GET /BLA/boletinlegal/js/jquery.scrollShow.js HTTP/1.1" 304 -
201.216.43.199 - - [20/Dec/2015:20:49:42 -0500] "GET /galeria/galeria/jquery.fancybox.js?v=2.1.5 HTTP/1.1" 304 -
201.216.43.199 - - [20/Dec/2015:20:49:42 -0500] "GET /galeria/galeria/jquery.fancybox.css?v=2.1.5 HTTP/1.1" 304 -
190.25.157.12 - - [20/Dec/2015:20:49:55 -0500] "POST /forms/lservlet;jsessionid=ac16012b30d7fcfb694b74754b67ba13d8349b7969d1.e3iSbxaKaheRe38KbN0Rb34Mc3j0n6jAmljGr5XDqQLvpAe HTTP/1.1" 200 2
186.85.59.235 - - [20/Dec/2015:20:50:03 -0500] "GET /videos/QueEsPREAD.flv HTTP/1.1" 200 15958405
68.180.230.190 - - [20/Dec/2015:20:50:10 -0500] "GET /BLA/resoluciones/index.php?dir=RESOLUCIONES+2005%2FRES+2005+1001-1050%2F HTTP/1.1" 200 12364
66.249.64.96 - - [20/Dec/2015:20:50:25 -0500] "GET /BLA/resoluciones/RESOLUCIONES%202013/2388.pdf HTTP/1.1" 200 1282845
186.155.18.109 - - [20/Dec/2015:20:50:26 -0500] "GET /BLA/boletinlegal/js/jquery.scrollShow.js HTTP/1.1" 304 -
186.155.18.109 - - [20/Dec/2015:20:50:26 -0500] "GET /galeria/galeria/jquery.fancybox.js?v=2.1.5 HTTP/1.1" 304 -
186.155.18.109 - - [20/Dec/2015:20:50:26 -0500] "GET /galeria/galeria/jquery.fancybox.css?v=2.1.5 HTTP/1.1" 304 -
69.162.124.233 - - [20/Dec/2015:20:50:29 -0500] "HEAD / HTTP/1.1" 200 -
190.127.138.13 - - [20/Dec/2015:20:50:53 -0500] "GET /BLA/boletinlegal/js/jquery.scrollShow.js HTTP/1.1" 200 4586
190.127.138.13 - - [20/Dec/2015:20:50:53 -0500] "GET /galeria/galeria/jquery.fancybox.js?v=2.1.5 HTTP/1.1" 200 48706
190.127.138.13 - - [20/Dec/2015:20:50:53 -0500] "GET /galeria/galeria/jquery.fancybox.css?v=2.1.5 HTTP/1.1" 200 4895
107.139.230.200 - - [20/Dec/2015:20:50:56 -0500] "GET /ecodirectorio/files/res/pages/page_0165.swf HTTP/1.1" 200 122463
107.139.230.200 - - [20/Dec/2015:20:50:56 -0500] "GET /ecodirectorio/files/res/pages/page_0166.swf HTTP/1.1" 200 193932
190.127.138.13 - - [20/Dec/2015:20:51:03 -0500] "GET /BLA/boletinlegal/js/jquery.scrollShow.js HTTP/1.1" 304 -
190.127.138.13 - - [20/Dec/2015:20:51:03 -0500] "GET /galeria/galeria/jquery.fancybox.js?v=2.1.5 HTTP/1.1" 304 -
190.127.138.13 - - [20/Dec/2015:20:51:03 -0500] "GET /galeria/galeria/jquery.fancybox.css?v=2.1.5 HTTP/1.1" 304 -
66.249.64.96 - - [20/Dec/2015:20:51:11 -0500] "GET /BLA/resoluciones/AUTOS%202011/0017.pdf HTTP/1.1" 200 194899
107.139.230.200 - - [20/Dec/2015:20:51:18 -0500] "GET /ecodirectorio/files/res/pages/page_0167.swf HTTP/1.1" 200 174681
107.139.230.200 - - [20/Dec/2015:20:51:18 -0500] "GET /ecodirectorio/files/res/pages/page_0168.swf HTTP/1.1" 200 305406
186.87.108.138 - - [20/Dec/2015:20:51:19 -0500] "GET /autoliquidacion HTTP/1.1" 301 310
186.87.108.138 - - [20/Dec/2015:20:51:20 -0500] "GET /autoliquidacion/ HTTP/1.1" 200 6375
186.87.108.138 - - [20/Dec/2015:20:51:20 -0500] "GET /autoliquidacion/dlf/styles.css HTTP/1.1" 200 3045
186.87.108.138 - - [20/Dec/2015:20:51:20 -0500] "GET /autoliquidacion/dlf/folder.png HTTP/1.1" 200 410
186.87.108.138 - - [20/Dec/2015:20:51:20 -0500] "GET /autoliquidacion/dlf/bg.gif HTTP/1.1" 200 54
107.139.230.200 - - [20/Dec/2015:20:51:21 -0500] "GET /ecodirectorio/files/res/pages/page_0169.swf HTTP/1.1" 200 207408
186.87.108.138 - - [20/Dec/2015:20:51:22 -0500] "GET /BLA/boletinlegal/js/jquery.scrollShow.js HTTP/1.1" 304 -
186.87.108.138 - - [20/Dec/2015:20:51:22 -0500] "GET /galeria/galeria/jquery.fancybox.js?v=2.1.5 HTTP/1.1" 304 -
186.87.108.138 - - [20/Dec/2015:20:51:22 -0500] "GET /galeria/galeria/jquery.fancybox.css?v=2.1.5 HTTP/1.1" 304 -
186.87.108.138 - - [20/Dec/2015:20:51:24 -0500] "GET /autoliquidacion HTTP/1.1" 301 310
186.87.108.138 - - [20/Dec/2015:20:51:24 -0500] "GET /autoliquidacion/ HTTP/1.1" 200 6375
186.87.108.138 - - [20/Dec/2015:20:51:25 -0500] "GET /autoliquidacion/dlf/folder.png HTTP/1.1" 304 -
186.87.108.138 - - [20/Dec/2015:20:51:25 -0500] "GET /autoliquidacion/dlf/styles.css HTTP/1.1" 304 -
107.139.230.200 - - [20/Dec/2015:20:51:25 -0500] "GET /ecodirectorio/files/res/pages/page_0170.swf HTTP/1.1" 200 240111
107.139.230.200 - - [20/Dec/2015:20:51:26 -0500] "GET /ecodirectorio/files/res/pages/page_0171.swf HTTP/1.1" 200 234704
107.139.230.200 - - [20/Dec/2015:20:51:32 -0500] "GET /ecodirectorio/files/res/pages/page_0172.swf HTTP/1.1" 200 268647
107.139.230.200 - - [20/Dec/2015:20:51:36 -0500] "GET /ecodirectorio/files/res/pages/page_0173.swf HTTP/1.1" 200 225127
181.49.73.100 - - [20/Dec/2015:20:51:38 -0500] "POST /forms/lservlet;jsessionid=ac16012b30d7d38f577c4b444f6484d3f9d0f79a7914.e3iSbxaKaheRe38KbN0Rb34Mc3j0n6jAmljGr5XDqQLvpAe HTTP/1.1" 200 2
107.139.230.200 - - [20/Dec/2015:20:51:39 -0500] "GET /ecodirectorio/files/res/pages/page_0174.swf HTTP/1.1" 200 215165
107.139.230.200 - - [20/Dec/2015:20:51:44 -0500] "GET /ecodirectorio/files/res/pages/page_0175.swf HTTP/1.1" 200 214517
190.25.157.12 - - [20/Dec/2015:20:51:55 -0500] "POST /forms/lservlet;jsessionid=ac16012b30d7fcfb694b74754b67ba13d8349b7969d1.e3iSbxaKaheRe38KbN0Rb34Mc3j0n6jAmljGr5XDqQLvpAe HTTP/1.1" 200 2
66.249.64.96 - - [20/Dec/2015:20:51:56 -0500] "GET /BLA/resoluciones/AUTOS%202014/2996.pdf HTTP/1.1" 200 470193
107.139.230.200 - - [20/Dec/2015:20:51:57 -0500] "GET /ecodirectorio/files/res/pages/page_0176.swf HTTP/1.1" 200 259620
107.139.230.200 - - [20/Dec/2015:20:51:58 -0500] "GET /ecodirectorio/files/res/pages/page_0177.swf HTTP/1.1" 200 257080
107.139.230.200 - - [20/Dec/2015:20:52:07 -0500] "GET /ecodirectorio/files/res/pages/page_0178.swf HTTP/1.1" 200 135016
186.87.108.138 - - [20/Dec/2015:20:52:33 -0500] "GET /autoliquidacion/index.php?dir=Solicitud+de+Licencia+Ambiental%2F HTTP/1.1" 200 2615
186.87.108.138 - - [20/Dec/2015:20:52:33 -0500] "GET /autoliquidacion/dlf/dirup.png HTTP/1.1" 200 644
186.87.108.138 - - [20/Dec/2015:20:52:33 -0500] "GET /autoliquidacion/dlf/html.gif HTTP/1.1" 200 632
186.87.108.138 - - [20/Dec/2015:20:52:33 -0500] "GET /autoliquidacion/dlf/pdf.gif HTTP/1.1" 200 272
66.249.64.101 - - [20/Dec/2015:20:52:42 -0500] "GET /BLA/resoluciones/RESOLUCIONES%202009/6543.pdf HTTP/1.1" 200 436063
186.87.108.138 - - [20/Dec/2015:20:52:51 -0500] "GET /autoliquidacion/Solicitud%20de%20Licencia%20Ambiental/Solicitud%20de%20licencia%20ambiental.....pdf HTTP/1.1" 200 99744
186.87.108.138 - - [20/Dec/2015:20:52:53 -0500] "GET /autoliquidacion/Solicitud%20de%20Licencia%20Ambiental/Solicitud%20de%20licencia%20ambiental.....pdf HTTP/1.1" 200 99744
181.49.73.100 - - [20/Dec/2015:20:53:38 -0500] "POST /forms/lservlet;jsessionid=ac16012b30d7d38f577c4b444f6484d3f9d0f79a7914.e3iSbxaKaheRe38KbN0Rb34Mc3j0n6jAmljGr5XDqQLvpAe HTTP/1.1" 200 2
190.25.157.12 - - [20/Dec/2015:20:53:55 -0500] "POST /forms/lservlet;jsessionid=ac16012b30d7fcfb694b74754b67ba13d8349b7969d1.e3iSbxaKaheRe38KbN0Rb34Mc3j0n6jAmljGr5XDqQLvpAe HTTP/1.1" 200 2
66.249.64.96 - - [20/Dec/2015:20:54:14 -0500] "GET /BLA/resoluciones/RESOLUCIONES%202009/0793.pdf HTTP/1.1" 200 381072
186.87.108.138 - - [20/Dec/2015:20:54:30 -0500] "GET /autoliquidacion/index.php?dir=Solicitudes+relacionadas+con+calidad+del+aire+auditiva+y+visual%2F HTTP/1.1" 200 5748
66.249.64.101 - - [20/Dec/2015:20:55:00 -0500] "GET /BLA/resoluciones/RESOLUCIONES%202010/3783.pdf HTTP/1.1" 200 317854
186.87.108.138 - - [20/Dec/2015:20:55:00 -0500] "GET /autoliquidacion/index.php?dir=Solicitudes+relacionadas+con+calidad+del+aire+auditiva+y+visual%2FRegistro+de+Elementos+de+publicidad+Exterior+Visual%2F HTTP/1.1" 200 4013
186.87.108.138 - - [20/Dec/2015:20:55:01 -0500] "GET /autoliquidacion/dlf/xls.gif HTTP/1.1" 200 636
186.87.108.138 - - [20/Dec/2015:20:55:11 -0500] "GET /autoliquidacion/Solicitudes%20relacionadas%20con%20calidad%20del%20aire%20auditiva%20y%20visual/Registro%20de%20Elementos%20de%20publicidad%20Exterior%20Visual/126pm04-pr16-f-a20-1%20Lista%20de%20Chequeo.xls HTTP/1.1" 200 114176
186.87.108.138 - - [20/Dec/2015:20:55:11 -0500] "GET /autoliquidacion/Solicitudes%20relacionadas%20con%20calidad%20del%20aire%20auditiva%20y%20visual/Registro%20de%20Elementos%20de%20publicidad%20Exterior%20Visual/126pm04-pr16-f-a20-1%20Lista%20de%20Chequeo.xls HTTP/1.1" 200 114176
186.85.59.235 - - [20/Dec/2015:20:55:25 -0500] "GET /galeria/galeria/jquery.fancybox.css?v=2.1.5 HTTP/1.1" 304 -
186.85.59.235 - - [20/Dec/2015:20:55:25 -0500] "GET /BLA/boletinlegal/js/jquery.scrollShow.js HTTP/1.1" 304 -
186.85.59.235 - - [20/Dec/2015:20:55:25 -0500] "GET /galeria/galeria/jquery.fancybox.js?v=2.1.5 HTTP/1.1" 304 -
69.162.124.233 - - [20/Dec/2015:20:55:29 -0500] "HEAD / HTTP/1.1" 200 -
181.49.73.100 - - [20/Dec/2015:20:55:39 -0500] "POST /forms/lservlet;jsessionid=ac16012b30d7d38f577c4b444f6484d3f9d0f79a7914.e3iSbxaKaheRe38KbN0Rb34Mc3j0n6jAmljGr5XDqQLvpAe HTTP/1.1" 200 2
66.249.64.101 - - [20/Dec/2015:20:55:46 -0500] "GET /BLA/resoluciones/RESOLUCIONES%202013/1803.pdf HTTP/1.1" 200 1293834
64.74.215.150 - - [20/Dec/2015:20:55:49 -0500] "GET /BLA/boletinlegal/js/jquery.scrollShow.js HTTP/1.1" 200 4586
64.74.215.150 - - [20/Dec/2015:20:55:50 -0500] "GET /galeria/galeria/jquery.fancybox.js?v=2.1.5 HTTP/1.1" 200 48706
64.74.215.150 - - [20/Dec/2015:20:55:51 -0500] "GET /galeria/carrusel/Carrusel/jquery-ui-1.8.13.custom.min.js HTTP/1.1" 200 10800
64.74.215.150 - - [20/Dec/2015:20:55:51 -0500] "GET /galeria/carrusel/Carrusel/jquery.thumbnailScroller.js HTTP/1.1" 200 8157
64.74.215.150 - - [20/Dec/2015:20:55:54 -0500] "GET /galeria/nivo-slider/demo/demo.html HTTP/1.1" 200 4456
64.74.215.150 - - [20/Dec/2015:20:55:54 -0500] "GET /galeria/nivo-slider/demo/scripts/jquery-1.7.1.min.js HTTP/1.1" 200 93868
64.74.215.150 - - [20/Dec/2015:20:55:55 -0500] "GET /galeria/nivo-slider/jquery.nivo.slider.pack.js HTTP/1.1" 200 11561
190.25.157.12 - - [20/Dec/2015:20:55:55 -0500] "POST /forms/lservlet;jsessionid=ac16012b30d7fcfb694b74754b67ba13d8349b7969d1.e3iSbxaKaheRe38KbN0Rb34Mc3j0n6jAmljGr5XDqQLvpAe HTTP/1.1" 200 2
66.249.64.96 - - [20/Dec/2015:20:56:32 -0500] "GET /BLA/resoluciones/RESOLUCIONES%202011/3944.pdf HTTP/1.1" 200 412813
190.216.136.150 - - [20/Dec/2015:20:57:15 -0500] "GET /BLA/boletinlegal/js/jquery.scrollShow.js HTTP/1.1" 200 4586
190.216.136.150 - - [20/Dec/2015:20:57:15 -0500] "GET /galeria/galeria/jquery.fancybox.js?v=2.1.5 HTTP/1.1" 200 48706
190.216.136.150 - - [20/Dec/2015:20:57:17 -0500] "GET /galeria/galeria/jquery.fancybox.css?v=2.1.5 HTTP/1.1" 200 4895
66.249.64.96 - - [20/Dec/2015:20:57:17 -0500] "GET /BLA/resoluciones/RESOLUCIONES%202009/8131.pdf HTTP/1.1" 200 736809
181.49.73.100 - - [20/Dec/2015:20:57:39 -0500] "POST /forms/lservlet;jsessionid=ac16012b30d7d38f577c4b444f6484d3f9d0f79a7914.e3iSbxaKaheRe38KbN0Rb34Mc3j0n6jAmljGr5XDqQLvpAe HTTP/1.1" 200 2
66.249.64.96 - - [20/Dec/2015:20:57:54 -0500] "GET /BLA/resoluciones/AUTOS%202011/4299.pdf HTTP/1.1" 200 272679
190.25.157.12 - - [20/Dec/2015:20:57:55 -0500] "POST /forms/lservlet;jsessionid=ac16012b30d7fcfb694b74754b67ba13d8349b7969d1.e3iSbxaKaheRe38KbN0Rb34Mc3j0n6jAmljGr5XDqQLvpAe HTTP/1.1" 200 2
66.249.64.101 - - [20/Dec/2015:20:58:03 -0500] "GET /BLA/resoluciones/AUTOS%202009/1096.pdf HTTP/1.1" 200 87656
127.0.0.1 - - [20/Dec/2015:20:58:33 -0500] "POST /core/version-check/1.7/?version=4.2.2&php=5.5.15&locale=es_ES&mysql=5.6.20&local_package=&blogs=1&users=88&multisite_enabled=0 HTTP/1.0" 404 1021
127.0.0.1 - - [20/Dec/2015:20:58:33 -0500] "POST /plugins/update-check/1.1/ HTTP/1.0" 404 1021
127.0.0.1 - - [20/Dec/2015:20:58:33 -0500] "POST /themes/update-check/1.1/ HTTP/1.0" 404 1021
186.87.108.138 - - [20/Dec/2015:20:58:46 -0500] "GET /autoliquidacion/index.php?dir=Solicitudes+relacionadas+con+calidad+del+aire+auditiva+y+visual%2F HTTP/1.1" 200 5748
66.249.64.96 - - [20/Dec/2015:20:58:49 -0500] "GET /BLA/resoluciones/RESOLUCIONES%202009/2875.pdf HTTP/1.1" 200 446971
186.87.108.138 - - [20/Dec/2015:20:58:50 -0500] "GET /autoliquidacion/index.php?dir=Solicitudes+relacionadas+con+calidad+del+aire+auditiva+y+visual%2FRegistro+de+Elementos+de+publicidad+Exterior+Visual%2F HTTP/1.1" 200 4013
190.126.248.60 - - [20/Dec/2015:20:59:12 -0500] "GET /BLA/boletinlegal/js/jquery.scrollShow.js HTTP/1.1" 200 4586
190.126.248.60 - - [20/Dec/2015:20:59:12 -0500] "GET /galeria/galeria/jquery.fancybox.js?v=2.1.5 HTTP/1.1" 200 48706
190.126.248.60 - - [20/Dec/2015:20:59:12 -0500] "GET /galeria/galeria/jquery.fancybox.css?v=2.1.5 HTTP/1.1" 200 4895
190.126.248.60 - - [20/Dec/2015:20:59:12 -0500] "GET /galeria/carrusel/Carrusel/jquery.thumbnailScroller.css HTTP/1.1" 200 2066
186.87.108.138 - - [20/Dec/2015:20:59:12 -0500] "GET /autoliquidacion/Solicitudes%20relacionadas%20con%20calidad%20del%20aire%20auditiva%20y%20visual/Registro%20de%20Elementos%20de%20publicidad%20Exterior%20Visual/126pm04-pr16-f-a301%20Formato%20Solicitud%20de%20registro.xls HTTP/1.1" 200 3573248
190.126.248.60 - - [20/Dec/2015:20:59:12 -0500] "GET /galeria/carrusel/Carrusel/jquery-ui-1.8.13.custom.min.js HTTP/1.1" 200 10800
190.126.248.60 - - [20/Dec/2015:20:59:12 -0500] "GET /galeria/carrusel/Carrusel/jquery.thumbnailScroller.js HTTP/1.1" 200 8157
186.87.108.138 - - [20/Dec/2015:20:59:13 -0500] "GET /autoliquidacion/Solicitudes%20relacionadas%20con%20calidad%20del%20aire%20auditiva%20y%20visual/Registro%20de%20Elementos%20de%20publicidad%20Exterior%20Visual/126pm04-pr16-f-a301%20Formato%20Solicitud%20de%20registro.xls HTTP/1.1" 200 3573248
190.126.248.60 - - [20/Dec/2015:20:59:14 -0500] "GET /galeria/nivo-slider/demo/demo.html HTTP/1.1" 200 4456
190.126.248.60 - - [20/Dec/2015:20:59:15 -0500] "GET /galeria/nivo-slider/themes/default/default.css HTTP/1.1" 200 1569
190.126.248.60 - - [20/Dec/2015:20:59:15 -0500] "GET /galeria/nivo-slider/themes/pascal/pascal.css HTTP/1.1" 200 2258
190.126.248.60 - - [20/Dec/2015:20:59:15 -0500] "GET /galeria/nivo-slider/themes/orman/orman.css HTTP/1.1" 200 2152
190.126.248.60 - - [20/Dec/2015:20:59:15 -0500] "GET /galeria/nivo-slider/demo/style.css HTTP/1.1" 200 2222
190.126.248.60 - - [20/Dec/2015:20:59:15 -0500] "GET /galeria/nivo-slider/nivo-slider.css HTTP/1.1" 200 1507
190.126.248.60 - - [20/Dec/2015:20:59:15 -0500] "GET /galeria/nivo-slider/jquery.nivo.slider.pack.js HTTP/1.1" 200 11561
190.126.248.60 - - [20/Dec/2015:20:59:15 -0500] "GET /galeria/nivo-slider/demo/images/ambientales.jpg HTTP/1.1" 200 397233
190.126.248.60 - - [20/Dec/2015:20:59:15 -0500] "GET /galeria/nivo-slider/demo/images/Programacion-navidena.jpg HTTP/1.1" 200 316038
190.126.248.60 - - [20/Dec/2015:20:59:15 -0500] "GET /galeria/nivo-slider/demo/scripts/jquery-1.7.1.min.js HTTP/1.1" 200 93868
190.126.248.60 - - [20/Dec/2015:20:59:15 -0500] "GET /galeria/nivo-slider/demo/images/ABC-Plan-de-contigencia.jpg HTTP/1.1" 200 401853
190.126.248.60 - - [20/Dec/2015:20:59:15 -0500] "GET /galeria/nivo-slider/demo/images/2Banner-encuestaSDA.jpg HTTP/1.1" 200 208228
190.126.248.60 - - [20/Dec/2015:20:59:16 -0500] "GET /galeria/nivo-slider/demo/images/4Simple_Slider.png HTTP/1.1" 200 11722
190.126.248.60 - - [20/Dec/2015:20:59:16 -0500] "GET /galeria/nivo-slider/themes/default/loading.gif HTTP/1.1" 200 1737
190.126.248.60 - - [20/Dec/2015:20:59:17 -0500] "GET /galeria/nivo-slider/demo/images/banner-llantas2015.jpg HTTP/1.1" 200 185615
190.126.248.60 - - [20/Dec/2015:20:59:18 -0500] "GET /galeria/nivo-slider/demo/images/caminata-ecologica.jpg HTTP/1.1" 200 161069
190.126.248.60 - - [20/Dec/2015:20:59:18 -0500] "GET /galeria/nivo-slider/demo/images/Banner-ahorro-de-agua.jpg HTTP/1.1" 200 149141
190.126.248.60 - - [20/Dec/2015:20:59:18 -0500] "GET /galeria/nivo-slider/demo/images/Cmapana-onestidad.jpg HTTP/1.1" 200 141638
190.126.248.60 - - [20/Dec/2015:20:59:19 -0500] "GET /galeria/nivo-slider/demo/images/PREDAcamp.jpg HTTP/1.1" 200 295358
190.126.248.60 - - [20/Dec/2015:20:59:19 -0500] "GET /galeria/nivo-slider/demo/images/banner-llantas2.jpg HTTP/1.1" 200 204644
190.126.248.60 - - [20/Dec/2015:20:59:19 -0500] "GET /galeria/nivo-slider/demo/images/9Signos.jpg HTTP/1.1" 200 81776
50.97.49.97 - - [20/Dec/2015:20:59:19 -0500] "GET /BLA/boletinlegal/js/jquery.scrollShow.js HTTP/1.1" 200 4586
50.97.49.97 - - [20/Dec/2015:20:59:19 -0500] "GET /galeria/galeria/jquery.fancybox.js?v=2.1.5 HTTP/1.1" 200 48706
50.97.49.97 - - [20/Dec/2015:20:59:19 -0500] "GET /galeria/galeria/jquery.fancybox.css?v=2.1.5 HTTP/1.1" 200 4895
190.126.248.60 - - [20/Dec/2015:20:59:19 -0500] "GET /galeria/nivo-slider/demo/images/Ruta-vertimientos-01.jpg HTTP/1.1" 200 130151
190.126.248.60 - - [20/Dec/2015:20:59:19 -0500] "GET /galeria/nivo-slider/demo/images/bolsas-06.jpg HTTP/1.1" 200 90982
190.126.248.60 - - [20/Dec/2015:20:59:19 -0500] "GET /galeria/nivo-slider/demo/images/Conoce-los-humedales.jpg HTTP/1.1" 200 294036
190.126.248.60 - - [20/Dec/2015:20:59:19 -0500] "GET /galeria/nivo-slider/demo/images/ecolecta-Dic2014.png HTTP/1.1" 200 288593
186.87.108.138 - - [20/Dec/2015:20:59:22 -0500] "GET /autoliquidacion/Solicitudes%20relacionadas%20con%20calidad%20del%20aire%20auditiva%20y%20visual/Registro%20de%20Elementos%20de%20publicidad%20Exterior%20Visual/Resolucion%200877%20126PM04-PR16%20registro%20pev.pdf HTTP/1.1" 200 566340
186.87.108.138 - - [20/Dec/2015:20:59:22 -0500] "GET /autoliquidacion/Solicitudes%20relacionadas%20con%20calidad%20del%20aire%20auditiva%20y%20visual/Registro%20de%20Elementos%20de%20publicidad%20Exterior%20Visual/Resolucion%200877%20126PM04-PR16%20registro%20pev.pdf HTTP/1.1" 200 566340
190.126.248.60 - - [20/Dec/2015:20:59:23 -0500] "GET /galeria/nivo-slider/themes/default/arrows.png HTTP/1.1" 200 824
190.126.248.60 - - [20/Dec/2015:20:59:23 -0500] "GET /galeria/nivo-slider/themes/default/bullets.png HTTP/1.1" 200 1281
50.97.49.97 - - [20/Dec/2015:20:59:29 -0500] "GET /galeria/galeria/jquery.fancybox.js?v=2.1.5 HTTP/1.1" 304 -
50.97.49.97 - - [20/Dec/2015:20:59:29 -0500] "GET /galeria/galeria/jquery.fancybox.css?v=2.1.5 HTTP/1.1" 304 -
181.49.73.100 - - [20/Dec/2015:20:59:39 -0500] "POST /forms/lservlet;jsessionid=ac16012b30d7d38f577c4b444f6484d3f9d0f79a7914.e3iSbxaKaheRe38KbN0Rb34Mc3j0n6jAmljGr5XDqQLvpAe HTTP/1.1" 200 2
190.25.157.12 - - [20/Dec/2015:20:59:55 -0500] "POST /forms/lservlet;jsessionid=ac16012b30d7fcfb694b74754b67ba13d8349b7969d1.e3iSbxaKaheRe38KbN0Rb34Mc3j0n6jAmljGr5XDqQLvpAe HTTP/1.1" 200 2
66.249.64.101 - - [20/Dec/2015:21:00:21 -0500] "GET /BLA/resoluciones/RESOLUCIONES%202009/7595.pdf HTTP/1.1" 200 551594
69.162.124.233 - - [20/Dec/2015:21:00:29 -0500] "HEAD / HTTP/1.1" 200 -
190.27.142.88 - - [20/Dec/2015:21:00:56 -0500] "GET /galeria/galeria/fotos/mirador3G.jpg HTTP/1.1" 200 131992
66.249.64.96 - - [20/Dec/2015:21:01:07 -0500] "GET /BLA/resoluciones/RESOLUCIONES%202014/1671.pdf HTTP/1.1" 200 224136
190.27.142.88 - - [20/Dec/2015:21:01:12 -0500] "GET /galeria/galeria/fotos/mirador4G.jpg HTTP/1.1" 200 159827
181.49.73.100 - - [20/Dec/2015:21:01:39 -0500] "POST /forms/lservlet;jsessionid=ac16012b30d7d38f577c4b444f6484d3f9d0f79a7914.e3iSbxaKaheRe38KbN0Rb34Mc3j0n6jAmljGr5XDqQLvpAe HTTP/1.1" 200 2
89.46.72.65 - - [20/Dec/2015:21:01:41 -0500] "GET /images/stories/petx.php?baca HTTP/1.1" 404 1018
89.46.72.65 - - [20/Dec/2015:21:01:43 -0500] "GET /images/stories/explore.php?baca HTTP/1.1" 404 1018
181.50.125.239 - - [20/Dec/2015:21:01:54 -0500] "GET /galeria/galeria/jquery.fancybox.js?v=2.1.5 HTTP/1.1" 200 48706
181.50.125.239 - - [20/Dec/2015:21:01:54 -0500] "GET /BLA/boletinlegal/js/jquery.scrollShow.js HTTP/1.1" 200 4586
181.50.125.239 - - [20/Dec/2015:21:01:54 -0500] "GET /galeria/galeria/jquery.fancybox.css?v=2.1.5 HTTP/1.1" 200 4895
190.25.157.12 - - [20/Dec/2015:21:01:55 -0500] "POST /forms/lservlet;jsessionid=ac16012b30d7fcfb694b74754b67ba13d8349b7969d1.e3iSbxaKaheRe38KbN0Rb34Mc3j0n6jAmljGr5XDqQLvpAe HTTP/1.1" 200 2
190.165.4.64 - - [20/Dec/2015:21:01:57 -0500] "GET /galeria/galeria/jquery.fancybox.css?v=2.1.5 HTTP/1.1" 304 -
190.165.4.64 - - [20/Dec/2015:21:01:57 -0500] "GET /galeria/galeria/jquery.fancybox.js?v=2.1.5 HTTP/1.1" 304 -
190.165.4.64 - - [20/Dec/2015:21:01:57 -0500] "GET /BLA/boletinlegal/js/jquery.scrollShow.js HTTP/1.1" 304 -
181.50.125.239 - - [20/Dec/2015:21:01:59 -0500] "GET /BLA/boletinlegal/js/jquery.scrollShow.js HTTP/1.1" 304 -
181.50.125.239 - - [20/Dec/2015:21:01:59 -0500] "GET /galeria/galeria/jquery.fancybox.css?v=2.1.5 HTTP/1.1" 304 -
181.50.125.239 - - [20/Dec/2015:21:01:59 -0500] "GET /galeria/galeria/jquery.fancybox.js?v=2.1.5 HTTP/1.1" 304 -
66.249.64.243 - - [20/Dec/2015:21:01:59 -0500] "GET /Residuos/impresion/impresion.html HTTP/1.1" 200 1961
89.46.72.65 - - [20/Dec/2015:21:02:04 -0500] "GET /images/stories/magic.php.png HTTP/1.1" 404 1018
89.46.72.65 - - [20/Dec/2015:21:02:05 -0500] "GET /images/stories/magic.php.png?baca HTTP/1.1" 404 1018
89.46.72.65 - - [20/Dec/2015:21:02:05 -0500] "GET /BLA/resoluciones/RESOLUCIONES%25202008/images/stories/petx.php?baca HTTP/1.1" 404 1018
89.46.72.65 - - [20/Dec/2015:21:02:07 -0500] "GET /BLA/resoluciones/RESOLUCIONES%25202008/images/stories/explore.php?baca HTTP/1.1" 404 1018
89.46.72.65 - - [20/Dec/2015:21:02:28 -0500] "GET /BLA/resoluciones/RESOLUCIONES%25202008/images/stories/magic.php.png HTTP/1.1" 404 1018
89.46.72.65 - - [20/Dec/2015:21:02:29 -0500] "GET /BLA/resoluciones/RESOLUCIONES%25202008/images/stories/magic.php.png?baca HTTP/1.1" 404 1018
66.249.64.101 - - [20/Dec/2015:21:02:38 -0500] "GET /BLA/resoluciones/AUTOS%202010/0806.pdf HTTP/1.1" 200 182993
66.249.64.96 - - [20/Dec/2015:21:03:24 -0500] "GET /BLA/resoluciones/RESOLUCIONES%202011/2130.pdf HTTP/1.1" 200 780944
181.49.73.100 - - [20/Dec/2015:21:03:40 -0500] "POST /forms/lservlet;jsessionid=ac16012b30d7d38f577c4b444f6484d3f9d0f79a7914.e3iSbxaKaheRe38KbN0Rb34Mc3j0n6jAmljGr5XDqQLvpAe HTTP/1.1" 200 2
190.25.157.12 - - [20/Dec/2015:21:03:55 -0500] "POST /forms/lservlet;jsessionid=ac16012b30d7fcfb694b74754b67ba13d8349b7969d1.e3iSbxaKaheRe38KbN0Rb34Mc3j0n6jAmljGr5XDqQLvpAe HTTP/1.1" 200 2
66.249.64.96 - - [20/Dec/2015:21:04:10 -0500] "GET /BLA/resoluciones/RESOLUCIONES%202011/6523.pdf HTTP/1.1" 200 4659570
66.249.64.96 - - [20/Dec/2015:21:04:56 -0500] "GET /BLA/resoluciones/RESOLUCIONES%202011/0167.pdf HTTP/1.1" 200 604972
181.54.92.151 - - [20/Dec/2015:21:04:58 -0500] "GET /BLA/resoluciones/RESOLUCIONES%202009/7792.pdf HTTP/1.1" 200 502253
181.54.92.151 - - [20/Dec/2015:21:04:58 -0500] "GET /favicon.ico HTTP/1.1" 200 7782
181.54.92.151 - - [20/Dec/2015:21:04:59 -0500] "GET /BLA/resoluciones/RESOLUCIONES%202009/7792.pdf HTTP/1.1" 206 32768
181.54.92.151 - - [20/Dec/2015:21:04:59 -0500] "GET /BLA/resoluciones/RESOLUCIONES%202009/7792.pdf HTTP/1.1" 206 469485
69.162.124.233 - - [20/Dec/2015:21:05:29 -0500] "HEAD / HTTP/1.1" 200 -
181.49.73.100 - - [20/Dec/2015:21:05:40 -0500] "POST /forms/lservlet;jsessionid=ac16012b30d7d38f577c4b444f6484d3f9d0f79a7914.e3iSbxaKaheRe38KbN0Rb34Mc3j0n6jAmljGr5XDqQLvpAe HTTP/1.1" 200 2
66.249.64.96 - - [20/Dec/2015:21:05:42 -0500] "GET /BLA/resoluciones/AUTOS%202009/0928.pdf HTTP/1.1" 200 118128
186.28.129.101 - - [20/Dec/2015:21:05:50 -0500] "GET /galeria/galeria/jquery.fancybox.css?v=2.1.5 HTTP/1.1" 200 4895
186.28.129.101 - - [20/Dec/2015:21:05:50 -0500] "GET /BLA/boletinlegal/js/jquery.scrollShow.js HTTP/1.1" 200 4586
186.28.129.101 - - [20/Dec/2015:21:05:50 -0500] "GET /galeria/galeria/jquery.fancybox.js?v=2.1.5 HTTP/1.1" 200 48706
190.25.157.12 - - [20/Dec/2015:21:05:55 -0500] "POST /forms/lservlet;jsessionid=ac16012b30d7fcfb694b74754b67ba13d8349b7969d1.e3iSbxaKaheRe38KbN0Rb34Mc3j0n6jAmljGr5XDqQLvpAe HTTP/1.1" 200 2
191.146.239.186 - - [20/Dec/2015:21:05:56 -0500] "GET /galeria/nivo-slider/demo/demo.html HTTP/1.1" 304 -
186.28.129.101 - - [20/Dec/2015:21:06:02 -0500] "GET /BLA/boletinlegal/js/jquery.scrollShow.js HTTP/1.1" 304 -
186.28.129.101 - - [20/Dec/2015:21:06:02 -0500] "GET /galeria/galeria/jquery.fancybox.js?v=2.1.5 HTTP/1.1" 304 -
186.28.129.101 - - [20/Dec/2015:21:06:02 -0500] "GET /galeria/galeria/jquery.fancybox.css?v=2.1.5 HTTP/1.1" 304 -
177.252.129.104 - - [20/Dec/2015:21:06:04 -0500] "GET /galeria/galeria/jquery.fancybox.css?v=2.1.5 HTTP/1.1" 200 4895
177.252.129.104 - - [20/Dec/2015:21:06:05 -0500] "GET /galeria/carrusel/Carrusel/jquery.thumbnailScroller.css HTTP/1.1" 200 2066
177.252.129.104 - - [20/Dec/2015:21:06:05 -0500] "GET /BLA/boletinlegal/js/jquery.scrollShow.js HTTP/1.1" 200 4586
177.252.129.104 - - [20/Dec/2015:21:06:05 -0500] "GET /galeria/galeria/jquery.fancybox.js?v=2.1.5 HTTP/1.1" 200 48706
177.252.129.104 - - [20/Dec/2015:21:06:05 -0500] "GET /galeria/carrusel/Carrusel/jquery-ui-1.8.13.custom.min.js HTTP/1.1" 200 10800
177.252.129.104 - - [20/Dec/2015:21:06:05 -0500] "GET /galeria/carrusel/Carrusel/jquery.thumbnailScroller.js HTTP/1.1" 200 8157
66.249.64.96 - - [20/Dec/2015:21:06:28 -0500] "GET /BLA/resoluciones/RESOLUCIONES%202007/RES%202007%20101%20AL%20200/RESOLUCION%200106%20DE%202007.pdf HTTP/1.1" 200 1004278
191.146.239.186 - - [20/Dec/2015:21:06:29 -0500] "GET /galeria/nivo-slider/demo/images/Programacion-navidena.jpg HTTP/1.1" 304 -
191.146.239.186 - - [20/Dec/2015:21:06:29 -0500] "GET /galeria/nivo-slider/demo/images/ambientales.jpg HTTP/1.1" 304 -
191.146.239.186 - - [20/Dec/2015:21:06:29 -0500] "GET /galeria/nivo-slider/demo/images/2Banner-encuestaSDA.jpg HTTP/1.1" 304 -
191.146.239.186 - - [20/Dec/2015:21:06:29 -0500] "GET /galeria/nivo-slider/demo/images/banner-llantas2015.jpg HTTP/1.1" 304 -
