66.249.64.96 - - [24/Dec/2015:13:41:06 -0500] "GET /BLA/resoluciones/RESOLUCIONES%202008/3022.pdf HTTP/1.1" 200 385196
186.113.10.143 - - [24/Dec/2015:13:41:09 -0500] "GET /galeria/nivo-slider/demo/images/Banner-rendicion-de-cuenta-vivo.jpg HTTP/1.1" 304 -
66.249.64.96 - - [24/Dec/2015:13:41:24 -0500] "GET /BLA/resoluciones/AUTOS%202007/0788.pdf HTTP/1.1" 200 75589
186.147.10.110 - - [24/Dec/2015:13:41:32 -0500] "GET /BLA/boletinlegal/js/jquery.scrollShow.js HTTP/1.1" 200 4586
186.147.10.110 - - [24/Dec/2015:13:41:32 -0500] "GET /galeria/galeria/jquery.fancybox.css?v=2.1.5 HTTP/1.1" 200 4895
186.147.10.110 - - [24/Dec/2015:13:41:32 -0500] "GET /galeria/galeria/jquery.fancybox.js?v=2.1.5 HTTP/1.1" 200 48706
186.147.10.110 - - [24/Dec/2015:13:41:33 -0500] "GET /BLA/boletinlegal/images/pdf.gif HTTP/1.1" 200 567
186.147.10.110 - - [24/Dec/2015:13:41:33 -0500] "GET /BLA/boletinlegal/images/video.png HTTP/1.1" 200 57565
66.249.64.96 - - [24/Dec/2015:13:41:42 -0500] "GET /BLA/resoluciones/RESOLUCIONES%202009/2708.pdf HTTP/1.1" 200 1028713
201.245.192.253 - - [24/Dec/2015:13:41:43 -0500] "GET /bla/boletinlegal/admin/notificaciones/setvalue.php?month=8&year=1985 HTTP/1.1" 200 3262
186.147.10.110 - - [24/Dec/2015:13:41:44 -0500] "GET /BLA/boletinlegal/js/jquery.scrollShow.js HTTP/1.1" 304 -
186.147.10.110 - - [24/Dec/2015:13:41:44 -0500] "GET /galeria/galeria/jquery.fancybox.css?v=2.1.5 HTTP/1.1" 304 -
186.147.10.110 - - [24/Dec/2015:13:41:44 -0500] "GET /galeria/galeria/jquery.fancybox.js?v=2.1.5 HTTP/1.1" 304 -
186.147.10.110 - - [24/Dec/2015:13:41:44 -0500] "GET /BLA/boletinlegal/images/pdf.gif HTTP/1.1" 304 -
186.147.10.110 - - [24/Dec/2015:13:41:44 -0500] "GET /BLA/boletinlegal/images/video.png HTTP/1.1" 304 -
201.245.192.253 - - [24/Dec/2015:13:41:45 -0500] "GET /bla/boletinlegal/admin/notificaciones/setvalue.php?month=8&year=2015 HTTP/1.1" 200 3359
66.249.64.96 - - [24/Dec/2015:13:41:59 -0500] "GET /BLA/resoluciones/RESOLUCIONES%202008/2105.pdf HTTP/1.1" 200 145624
66.249.64.106 - - [24/Dec/2015:13:42:31 -0500] "GET /BLA/resoluciones/AUTOS%202012/0396.pdf HTTP/1.1" 200 163924
66.249.64.96 - - [24/Dec/2015:13:42:35 -0500] "GET /BLA/resoluciones/RESOLUCIONES%202010/7502.pdf HTTP/1.1" 200 36895
201.245.192.253 - - [24/Dec/2015:13:42:42 -0500] "GET /bla/boletinlegal/admin/notificaciones/setvalued.php?month=12&year=2015 HTTP/1.1" 200 3293
201.245.192.253 - - [24/Dec/2015:13:42:44 -0500] "GET /bla/boletinlegal/admin/notificaciones/setvalued.php?month=1&year=2015 HTTP/1.1" 200 3293
201.245.192.253 - - [24/Dec/2015:13:42:47 -0500] "POST /bla/boletinlegal/admin/notificaciones/ingresar.php HTTP/1.1" 200 33271
201.245.192.253 - - [24/Dec/2015:13:42:47 -0500] "GET /css/global/buttons.css HTTP/1.1" 404 1250
66.249.64.96 - - [24/Dec/2015:13:42:53 -0500] "GET /BLA/resoluciones/RESOLUCIONES%202008/3488.pdf HTTP/1.1" 200 382402
66.249.64.96 - - [24/Dec/2015:13:43:10 -0500] "GET /BLA/resoluciones/AUTOS%202007/2873.pdf HTTP/1.1" 200 76693
66.249.64.96 - - [24/Dec/2015:13:43:28 -0500] "GET /BLA/resoluciones/AUTOS%202008/1887.pdf HTTP/1.1" 200 300646
66.249.64.96 - - [24/Dec/2015:13:43:46 -0500] "GET /BLA/resoluciones/RESOLUCIONES%202009/2270.pdf HTTP/1.1" 200 342785
66.249.64.96 - - [24/Dec/2015:13:44:02 -0500] "GET /BLA/resoluciones/RESOLUCIONES%202010/1793.pdf HTTP/1.1" 200 489559
66.249.64.96 - - [24/Dec/2015:13:44:03 -0500] "GET /BLA/resoluciones/AUTOS%202007/3741.pdf HTTP/1.1" 200 499041
191.90.255.191 - - [24/Dec/2015:13:44:14 -0500] "GET /galeria/galeria/jquery.fancybox.css?v=2.1.5 HTTP/1.1" 200 4895
191.90.255.191 - - [24/Dec/2015:13:44:14 -0500] "GET /BLA/boletinlegal/js/jquery.scrollShow.js HTTP/1.1" 200 4586
191.90.255.191 - - [24/Dec/2015:13:44:14 -0500] "GET /galeria/galeria/jquery.fancybox.js?v=2.1.5 HTTP/1.1" 200 48706
66.249.64.96 - - [24/Dec/2015:13:44:21 -0500] "GET /BLA/resoluciones/RESOLUCIONES%202009/7849.pdf HTTP/1.1" 200 379842
191.90.255.191 - - [24/Dec/2015:13:44:24 -0500] "GET /BLA/boletinlegal/js/jquery.scrollShow.js HTTP/1.1" 304 -
191.90.255.191 - - [24/Dec/2015:13:44:24 -0500] "GET /galeria/galeria/jquery.fancybox.js?v=2.1.5 HTTP/1.1" 304 -
191.90.255.191 - - [24/Dec/2015:13:44:24 -0500] "GET /galeria/galeria/jquery.fancybox.css?v=2.1.5 HTTP/1.1" 304 -
66.249.64.96 - - [24/Dec/2015:13:44:39 -0500] "GET /BLA/resoluciones/RESOLUCIONES%202008/3809.pdf HTTP/1.1" 200 405531
66.249.64.96 - - [24/Dec/2015:13:44:56 -0500] "GET /BLA/resoluciones/RESOLUCIONES%202009/1641.pdf HTTP/1.1" 200 490030
69.162.124.233 - - [24/Dec/2015:13:45:04 -0500] "HEAD / HTTP/1.1" 200 -
66.249.64.96 - - [24/Dec/2015:13:45:14 -0500] "GET /BLA/resoluciones/RESOLUCIONES%202010/7333.pdf HTTP/1.1" 200 341816
66.249.64.96 - - [24/Dec/2015:13:45:32 -0500] "GET /BLA/resoluciones/RESOLUCIONES%202008/1325.pdf HTTP/1.1" 200 320719
66.249.64.106 - - [24/Dec/2015:13:45:33 -0500] "GET /BLA/resoluciones/RESOLUCIONES%202008/1004.pdf HTTP/1.1" 200 238939
152.61.193.99 - - [24/Dec/2015:13:45:40 -0500] "HEAD / HTTP/1.1" 200 -
66.249.64.96 - - [24/Dec/2015:13:45:50 -0500] "GET /BLA/resoluciones/RESOLUCIONES%202008/2042.pdf HTTP/1.1" 200 262539
66.249.64.101 - - [24/Dec/2015:13:45:50 -0500] "GET /robots.txt HTTP/1.1" 404 1018
152.61.193.99 - - [24/Dec/2015:13:45:40 -0500] "GET /arcgis/services/Calidad_del_Agua_WQI/MapServer/WMSServer?SERVICE=WMS&REQUEST=GetCapabilities HTTP/1.1" 503 1020
152.61.193.99 - - [24/Dec/2015:13:46:01 -0500] "GET /arcgis/services/Calidad_del_Agua_WQI/MapServer/WMSServer?SERVICE=WMS&REQUEST=GetCapabilities HTTP/1.1" 503 1020
152.61.193.99 - - [24/Dec/2015:13:46:01 -0500] "GET /arcgis/services/Calidad_del_Agua_WQI/MapServer/WMSServer?SERVICE=WMS&REQUEST=GetCapabilities HTTP/1.1" 503 1020
152.61.193.99 - - [24/Dec/2015:13:46:01 -0500] "GET /arcgis/services/Calidad_del_Agua_WQI/MapServer/WMSServer?WMTVER=1.0.0&REQUEST=capabilities HTTP/1.1" 503 1020
152.61.193.99 - - [24/Dec/2015:13:46:02 -0500] "GET /arcgis/services/Calidad_del_Agua_WQI/MapServer/WMSServer?SERVICE=WMS&REQUEST=GetCapabilities HTTP/1.1" 503 1020
66.249.64.96 - - [24/Dec/2015:13:46:07 -0500] "GET /BLA/resoluciones/RESOLUCIONES%202010/2942.pdf HTTP/1.1" 200 52852
66.249.64.96 - - [24/Dec/2015:13:46:12 -0500] "GET /BLA/resoluciones/RESOLUCIONES%202009/1029.pdf HTTP/1.1" 200 210242
66.249.64.101 - - [24/Dec/2015:13:46:13 -0500] "GET /menu/js/jquery.mousewheel.js HTTP/1.1" 404 1232
66.249.64.96 - - [24/Dec/2015:13:46:13 -0500] "GET /menu/css/demo.css HTTP/1.1" 404 1232
66.249.64.96 - - [24/Dec/2015:13:46:14 -0500] "GET /galeria/galeria/jquery.fancybox.css?v=2.1.5 HTTP/1.1" 200 4895
66.249.64.96 - - [24/Dec/2015:13:46:15 -0500] "GET /menu/js/jquery.vaccordion.js HTTP/1.1" 404 1232
66.249.64.96 - - [24/Dec/2015:13:46:16 -0500] "GET /menu/css/style.css HTTP/1.1" 404 1232
66.249.64.96 - - [24/Dec/2015:13:46:17 -0500] "GET /menu/js/jquery.easing.1.3.js HTTP/1.1" 404 1232
66.249.64.96 - - [24/Dec/2015:13:46:18 -0500] "GET /galeria/galeria/jquery.fancybox.js?v=2.1.5 HTTP/1.1" 200 48706
66.249.64.96 - - [24/Dec/2015:13:46:19 -0500] "GET /BLA/boletinlegal/js/jquery.scrollShow.js HTTP/1.1" 200 4586
191.90.255.191 - - [24/Dec/2015:13:46:21 -0500] "GET /galeria/galeria/jquery.fancybox.css?v=2.1.5 HTTP/1.1" 304 -
191.90.255.191 - - [24/Dec/2015:13:46:21 -0500] "GET /BLA/boletinlegal/js/jquery.scrollShow.js HTTP/1.1" 304 -
191.90.255.191 - - [24/Dec/2015:13:46:21 -0500] "GET /galeria/galeria/jquery.fancybox.js?v=2.1.5 HTTP/1.1" 304 -
66.249.64.96 - - [24/Dec/2015:13:46:25 -0500] "GET /BLA/resoluciones/RESOLUCIONES%202008/1007.pdf HTTP/1.1" 200 183015
66.249.64.96 - - [24/Dec/2015:13:46:42 -0500] "GET /BLA/resoluciones/RESOLUCIONES%202008/4636.pdf HTTP/1.1" 200 677613
77.247.181.162 - - [24/Dec/2015:13:46:50 -0500] "GET / HTTP/1.1" 301 320
66.249.64.96 - - [24/Dec/2015:13:47:00 -0500] "GET /BLA/resoluciones/RESOLUCIONES%202009/8053.pdf HTTP/1.1" 200 415798
66.249.64.106 - - [24/Dec/2015:13:47:02 -0500] "GET /BLA/resoluciones/RESOLUCIONES%202010/1897.pdf HTTP/1.1" 200 677362
66.249.64.106 - - [24/Dec/2015:13:47:17 -0500] "GET /BLA/resoluciones/RESOLUCIONES%202008/2621.pdf HTTP/1.1" 200 248905
66.249.64.96 - - [24/Dec/2015:13:47:35 -0500] "GET /BLA/resoluciones/RESOLUCIONES%202008/3046.pdf HTTP/1.1" 200 310574
66.249.64.96 - - [24/Dec/2015:13:47:53 -0500] "GET /BLA/resoluciones/AUTOS%202008/3435.pdf HTTP/1.1" 200 183347
66.249.64.106 - - [24/Dec/2015:13:48:11 -0500] "GET /BLA/resoluciones/RESOLUCIONES%202008/1757.pdf HTTP/1.1" 200 55359
66.249.64.96 - - [24/Dec/2015:13:48:28 -0500] "GET /BLA/resoluciones/RESOLUCIONES%202008/5084.pdf HTTP/1.1" 200 195957
66.249.64.96 - - [24/Dec/2015:13:48:33 -0500] "GET /BLA/resoluciones/AUTOS%202009/1457.pdf HTTP/1.1" 200 200075
66.249.64.96 - - [24/Dec/2015:13:48:46 -0500] "GET /BLA/resoluciones/RESOLUCIONES%202008/4665.pdf HTTP/1.1" 200 177456
66.249.64.96 - - [24/Dec/2015:13:49:04 -0500] "GET /BLA/resoluciones/AUTOS%202007/0491.pdf HTTP/1.1" 200 15863
66.249.64.96 - - [24/Dec/2015:13:49:21 -0500] "GET /BLA/resoluciones/AUTOS%202007/1904.pdf HTTP/1.1" 200 48373
66.249.64.96 - - [24/Dec/2015:13:49:57 -0500] "GET /BLA/resoluciones/AUTOS%202007/1295.pdf HTTP/1.1" 200 55534
66.249.64.96 - - [24/Dec/2015:13:50:03 -0500] "GET /BLA/resoluciones/RESOLUCIONES%202010/7592.pdf HTTP/1.1" 200 830123
69.162.124.233 - - [24/Dec/2015:13:50:04 -0500] "HEAD / HTTP/1.1" 200 -
66.249.64.96 - - [24/Dec/2015:13:50:14 -0500] "GET /BLA/resoluciones/RESOLUCIONES%202008/0838.pdf HTTP/1.1" 200 124564
66.249.64.96 - - [24/Dec/2015:13:50:32 -0500] "GET /BLA/resoluciones/RESOLUCIONES%202010/7497.pdf HTTP/1.1" 200 36694
66.249.64.96 - - [24/Dec/2015:13:50:50 -0500] "GET /BLA/resoluciones/RESOLUCIONES%202008/2288.pdf HTTP/1.1" 200 363168
152.201.194.141 - - [24/Dec/2015:13:50:51 -0500] "GET /BLA/boletinlegal/js/jquery.scrollShow.js HTTP/1.1" 200 4586
152.201.194.141 - - [24/Dec/2015:13:50:51 -0500] "GET /galeria/galeria/jquery.fancybox.js?v=2.1.5 HTTP/1.1" 200 48706
152.201.194.141 - - [24/Dec/2015:13:50:51 -0500] "GET /galeria/galeria/jquery.fancybox.css?v=2.1.5 HTTP/1.1" 200 4895
66.249.64.96 - - [24/Dec/2015:13:51:08 -0500] "GET /BLA/resoluciones/RESOLUCIONES%202008/1795.pdf HTTP/1.1" 200 262860
66.249.64.96 - - [24/Dec/2015:13:51:25 -0500] "GET /BLA/resoluciones/RESOLUCIONES%202008/4952.pdf HTTP/1.1" 200 240356
152.201.194.141 - - [24/Dec/2015:13:51:28 -0500] "GET /BLA/boletinlegal/js/jquery.scrollShow.js HTTP/1.1" 304 -
66.249.64.106 - - [24/Dec/2015:13:51:34 -0500] "GET /BLA/resoluciones/AUTOS%202014/6833.pdf HTTP/1.1" 200 481766
66.249.64.96 - - [24/Dec/2015:13:51:43 -0500] "GET /BLA/resoluciones/RESOLUCIONES%202008/5234.pdf HTTP/1.1" 200 338063
66.249.64.96 - - [24/Dec/2015:13:52:01 -0500] "GET /BLA/resoluciones/RESOLUCIONES%202009/2553.pdf HTTP/1.1" 200 377294
66.249.64.101 - - [24/Dec/2015:13:52:10 -0500] "GET /BLA/resoluciones/AUTOS%202007/1857.pdf HTTP/1.1" 200 95059
66.249.64.101 - - [24/Dec/2015:13:52:18 -0500] "GET /BLA/resoluciones/RESOLUCIONES%202009/3830.pdf HTTP/1.1" 200 711329
66.249.64.96 - - [24/Dec/2015:13:52:36 -0500] "GET /BLA/resoluciones/AUTOS%202007/3146.pdf HTTP/1.1" 200 350398
66.249.64.96 - - [24/Dec/2015:13:52:54 -0500] "GET /BLA/resoluciones/RESOLUCIONES%202008/4588.pdf HTTP/1.1" 200 200779
66.249.64.106 - - [24/Dec/2015:13:53:04 -0500] "GET /BLA/resoluciones/AUTOS%202014/1939.pdf HTTP/1.1" 304 -
66.249.64.96 - - [24/Dec/2015:13:53:12 -0500] "GET /BLA/resoluciones/AUTOS%202008/3146.pdf HTTP/1.1" 200 75117
66.249.64.96 - - [24/Dec/2015:13:53:29 -0500] "GET /BLA/resoluciones/AUTOS%202008/1574.pdf HTTP/1.1" 200 132760
66.249.64.96 - - [24/Dec/2015:13:53:47 -0500] "GET /BLA/resoluciones/RESOLUCIONES%202008/3087.pdf HTTP/1.1" 200 329813
190.25.170.82 - - [24/Dec/2015:13:54:04 -0500] "GET /BLA/boletinlegal/style.css HTTP/1.1" 200 9406
190.25.170.82 - - [24/Dec/2015:13:54:04 -0500] "GET /BLA/boletinlegal/styles2.css HTTP/1.1" 200 1838
190.25.170.82 - - [24/Dec/2015:13:54:04 -0500] "GET /BLA/boletinlegal/js/jquery.js HTTP/1.1" 200 57254
190.25.170.82 - - [24/Dec/2015:13:54:04 -0500] "GET /BLA/boletinlegal/js/jquery.scrollTo-min.js HTTP/1.1" 200 1150
190.25.170.82 - - [24/Dec/2015:13:54:04 -0500] "GET /BLA/boletinlegal/js/jquery.scrollShow.js HTTP/1.1" 200 4586
190.25.170.82 - - [24/Dec/2015:13:54:04 -0500] "GET /BLA/boletinlegal/images/cabezote%20BLEGAL.jpg HTTP/1.1" 200 118164
190.25.170.82 - - [24/Dec/2015:13:54:04 -0500] "GET /BLA/boletinlegal/images/nuevo.gif HTTP/1.1" 200 26475
190.25.170.82 - - [24/Dec/2015:13:54:04 -0500] "GET /BLA/boletinlegal/images/historia.png HTTP/1.1" 200 52775
190.25.170.82 - - [24/Dec/2015:13:54:04 -0500] "GET /BLA/boletinlegal/images/subscribe-icon-big.png HTTP/1.1" 200 47702
190.25.170.82 - - [24/Dec/2015:13:54:04 -0500] "GET /BLA/boletinlegal/images/arr_l.jpg HTTP/1.1" 200 1979
190.25.170.82 - - [24/Dec/2015:13:54:04 -0500] "GET /BLA/boletinlegal/images/screen_1.png HTTP/1.1" 200 202547
190.25.170.82 - - [24/Dec/2015:13:54:04 -0500] "GET /BLA/boletinlegal/images/launch.jpg HTTP/1.1" 200 14577
190.25.170.82 - - [24/Dec/2015:13:54:04 -0500] "GET /BLA/boletinlegal/images/screen_2.png HTTP/1.1" 200 362502
190.25.170.82 - - [24/Dec/2015:13:54:04 -0500] "GET /BLA/boletinlegal/images/body_bg.jpg HTTP/1.1" 200 1601
190.25.170.82 - - [24/Dec/2015:13:54:05 -0500] "GET /BLA/boletinlegal/images/menu_rght.gif HTTP/1.1" 200 1627
66.249.64.96 - - [24/Dec/2015:13:54:05 -0500] "GET /BLA/resoluciones/RESOLUCIONES%202008/4625.pdf HTTP/1.1" 200 263652
190.25.170.82 - - [24/Dec/2015:13:54:05 -0500] "GET /BLA/boletinlegal/images/menu_lft.gif HTTP/1.1" 200 1713
190.25.170.82 - - [24/Dec/2015:13:54:05 -0500] "GET /BLA/boletinlegal/images/bg_top.jpg HTTP/1.1" 200 522
190.25.170.82 - - [24/Dec/2015:13:54:05 -0500] "GET /BLA/boletinlegal/images/menu_bg.jpg HTTP/1.1" 200 620
190.25.170.82 - - [24/Dec/2015:13:54:05 -0500] "GET /BLA/boletinlegal/images/text.jpg HTTP/1.1" 200 568
190.25.170.82 - - [24/Dec/2015:13:54:05 -0500] "GET /BLA/boletinlegal/images/hover.jpg HTTP/1.1" 200 640
66.249.64.106 - - [24/Dec/2015:13:54:05 -0500] "GET /galeria/bibloteca/contentflow.js HTTP/1.1" 200 42804
186.155.65.37 - - [24/Dec/2015:13:54:07 -0500] "GET /BLA/boletinlegal/js/jquery.scrollShow.js HTTP/1.1" 200 4586
186.155.65.37 - - [24/Dec/2015:13:54:07 -0500] "GET /galeria/galeria/jquery.fancybox.js?v=2.1.5 HTTP/1.1" 200 48706
186.155.65.37 - - [24/Dec/2015:13:54:07 -0500] "GET /galeria/galeria/jquery.fancybox.css?v=2.1.5 HTTP/1.1" 200 4895
186.155.65.37 - - [24/Dec/2015:13:54:07 -0500] "GET /galeria/carrusel/Carrusel/jquery.thumbnailScroller.css HTTP/1.1" 200 2066
186.155.65.37 - - [24/Dec/2015:13:54:07 -0500] "GET /galeria/carrusel/Carrusel/jquery-ui-1.8.13.custom.min.js HTTP/1.1" 200 10800
186.155.65.37 - - [24/Dec/2015:13:54:07 -0500] "GET /galeria/carrusel/Carrusel/jquery.thumbnailScroller.js HTTP/1.1" 200 8157
66.249.64.96 - - [24/Dec/2015:13:54:07 -0500] "GET /galeria/bibloteca/mycontentflow.css HTTP/1.1" 200 3110
66.249.64.96 - - [24/Dec/2015:13:54:08 -0500] "GET /galeria/bibloteca/ContentFlowAddOn_white.js HTTP/1.1" 200 2497
186.155.65.37 - - [24/Dec/2015:13:54:09 -0500] "GET /galeria/nivo-slider/demo/demo.html HTTP/1.1" 200 4456
181.140.14.245 - - [24/Dec/2015:13:54:11 -0500] "GET /BLA/boletinlegal/js/jquery.scrollShow.js HTTP/1.1" 200 4586
181.140.14.245 - - [24/Dec/2015:13:54:11 -0500] "GET /galeria/galeria/jquery.fancybox.css?v=2.1.5 HTTP/1.1" 200 4895
181.140.14.245 - - [24/Dec/2015:13:54:11 -0500] "GET /galeria/galeria/jquery.fancybox.js?v=2.1.5 HTTP/1.1" 200 48706
66.249.64.96 - - [24/Dec/2015:13:54:11 -0500] "GET /galeria/bibloteca/ContentFlowAddOn_white.css HTTP/1.1" 200 3355
186.155.65.37 - - [24/Dec/2015:13:54:13 -0500] "GET /galeria/nivo-slider/themes/pascal/pascal.css HTTP/1.1" 200 2258
186.155.65.37 - - [24/Dec/2015:13:54:13 -0500] "GET /galeria/nivo-slider/themes/default/default.css HTTP/1.1" 200 1569
186.155.65.37 - - [24/Dec/2015:13:54:13 -0500] "GET /galeria/nivo-slider/nivo-slider.css HTTP/1.1" 200 1507
186.155.65.37 - - [24/Dec/2015:13:54:13 -0500] "GET /galeria/nivo-slider/themes/orman/orman.css HTTP/1.1" 200 2152
186.155.65.37 - - [24/Dec/2015:13:54:13 -0500] "GET /galeria/nivo-slider/demo/style.css HTTP/1.1" 200 2222
186.155.65.37 - - [24/Dec/2015:13:54:13 -0500] "GET /galeria/nivo-slider/demo/images/ambientales.jpg HTTP/1.1" 200 397233
186.155.65.37 - - [24/Dec/2015:13:54:13 -0500] "GET /galeria/nivo-slider/demo/images/2Banner-encuestaSDA.jpg HTTP/1.1" 200 208228
186.155.65.37 - - [24/Dec/2015:13:54:13 -0500] "GET /galeria/nivo-slider/demo/images/Programacion-navidena.jpg HTTP/1.1" 200 316038
186.155.65.37 - - [24/Dec/2015:13:54:13 -0500] "GET /galeria/nivo-slider/demo/images/ABC-Plan-de-contigencia.jpg HTTP/1.1" 200 401853
186.155.65.37 - - [24/Dec/2015:13:54:13 -0500] "GET /galeria/nivo-slider/demo/images/caminata-ecologica.jpg HTTP/1.1" 200 161069
186.155.65.37 - - [24/Dec/2015:13:54:13 -0500] "GET /galeria/nivo-slider/demo/images/banner-llantas2015.jpg HTTP/1.1" 200 185615
186.155.65.37 - - [24/Dec/2015:13:54:14 -0500] "GET /galeria/nivo-slider/demo/images/Banner-ahorro-de-agua.jpg HTTP/1.1" 200 149141
186.155.65.37 - - [24/Dec/2015:13:54:14 -0500] "GET /galeria/nivo-slider/demo/images/Cmapana-onestidad.jpg HTTP/1.1" 200 141638
186.155.65.37 - - [24/Dec/2015:13:54:14 -0500] "GET /galeria/nivo-slider/demo/images/PREDAcamp.jpg HTTP/1.1" 200 295358
186.155.65.37 - - [24/Dec/2015:13:54:14 -0500] "GET /galeria/nivo-slider/demo/images/banner-llantas2.jpg HTTP/1.1" 200 204644
186.155.65.37 - - [24/Dec/2015:13:54:14 -0500] "GET /galeria/nivo-slider/demo/images/9Signos.jpg HTTP/1.1" 200 81776
186.155.65.37 - - [24/Dec/2015:13:54:15 -0500] "GET /galeria/nivo-slider/demo/images/Ruta-vertimientos-01.jpg HTTP/1.1" 200 130151
186.155.65.37 - - [24/Dec/2015:13:54:15 -0500] "GET /galeria/nivo-slider/demo/images/bolsas-06.jpg HTTP/1.1" 200 90982
186.155.65.37 - - [24/Dec/2015:13:54:15 -0500] "GET /galeria/nivo-slider/demo/images/Conoce-los-humedales.jpg HTTP/1.1" 200 294036
186.155.65.37 - - [24/Dec/2015:13:54:15 -0500] "GET /galeria/nivo-slider/demo/images/ecolecta-Dic2014.png HTTP/1.1" 200 288593
186.155.65.37 - - [24/Dec/2015:13:54:15 -0500] "GET /galeria/nivo-slider/demo/scripts/jquery-1.7.1.min.js HTTP/1.1" 200 93868
186.155.65.37 - - [24/Dec/2015:13:54:16 -0500] "GET /galeria/nivo-slider/jquery.nivo.slider.pack.js HTTP/1.1" 200 11561
186.155.65.37 - - [24/Dec/2015:13:54:16 -0500] "GET /galeria/nivo-slider/demo/images/4Simple_Slider.png HTTP/1.1" 200 11722
186.155.65.37 - - [24/Dec/2015:13:54:16 -0500] "GET /galeria/nivo-slider/themes/default/loading.gif HTTP/1.1" 200 1737
186.155.65.37 - - [24/Dec/2015:13:54:17 -0500] "GET /galeria/nivo-slider/themes/default/arrows.png HTTP/1.1" 200 824
186.155.65.37 - - [24/Dec/2015:13:54:17 -0500] "GET /galeria/nivo-slider/themes/default/bullets.png HTTP/1.1" 200 1281
181.140.14.245 - - [24/Dec/2015:13:54:19 -0500] "GET /galeria/galeria/jquery.fancybox.css?v=2.1.5 HTTP/1.1" 304 -
181.140.14.245 - - [24/Dec/2015:13:54:19 -0500] "GET /BLA/boletinlegal/js/jquery.scrollShow.js HTTP/1.1" 304 -
181.140.14.245 - - [24/Dec/2015:13:54:19 -0500] "GET /galeria/galeria/jquery.fancybox.js?v=2.1.5 HTTP/1.1" 304 -
190.25.170.82 - - [24/Dec/2015:13:54:20 -0500] "GET /BLA/boletinlegal/images/arr_r.jpg HTTP/1.1" 200 1998
190.25.170.82 - - [24/Dec/2015:13:54:20 -0500] "GET /BLA/boletinlegal/images/screen_3.png HTTP/1.1" 200 210620
190.25.170.82 - - [24/Dec/2015:13:54:20 -0500] "GET /BLA/boletinlegal/images/screen_5.png HTTP/1.1" 200 368876
190.25.170.82 - - [24/Dec/2015:13:54:20 -0500] "GET /BLA/boletinlegal/images/pdf.gif HTTP/1.1" 200 567
190.25.170.82 - - [24/Dec/2015:13:54:20 -0500] "GET /BLA/boletinlegal/images/footer_bg.jpg HTTP/1.1" 200 586
190.25.170.82 - - [24/Dec/2015:13:54:20 -0500] "GET /BLA/boletinlegal/normativa.php HTTP/1.1" 200 7023
190.25.170.82 - - [24/Dec/2015:13:54:20 -0500] "GET /BLA/boletinlegal/js/ajax_normativa.js HTTP/1.1" 200 1154
190.25.170.82 - - [24/Dec/2015:13:54:20 -0500] "GET /BLA/boletinlegal/niceforms.js HTTP/1.1" 200 22876
190.25.170.82 - - [24/Dec/2015:13:54:20 -0500] "GET /BLA/boletinlegal/niceforms-default.css HTTP/1.1" 200 6694
190.25.170.82 - - [24/Dec/2015:13:54:20 -0500] "GET /BLA/boletinlegal/images/abajo.png HTTP/1.1" 200 96676
190.25.170.82 - - [24/Dec/2015:13:54:03 -0500] "GET /BLA/boletinlegal/ HTTP/1.1" 200 20427
190.25.170.82 - - [24/Dec/2015:13:54:21 -0500] "GET /BLA/boletinlegal/images/footer_bg_l.jpg HTTP/1.1" 200 776
190.25.170.82 - - [24/Dec/2015:13:54:21 -0500] "GET /BLA/boletinlegal/img/0.png HTTP/1.1" 200 110
190.25.170.82 - - [24/Dec/2015:13:54:21 -0500] "GET /BLA/boletinlegal/img/button-right.png HTTP/1.1" 200 57878
190.25.170.82 - - [24/Dec/2015:13:54:21 -0500] "GET /BLA/boletinlegal/img/button.png HTTP/1.1" 200 43241
190.25.170.82 - - [24/Dec/2015:13:54:21 -0500] "GET /BLA/boletinlegal/img/button-left.png HTTP/1.1" 200 57071
190.25.170.82 - - [24/Dec/2015:13:54:21 -0500] "GET /favicon.ico HTTP/1.1" 200 7782
190.25.170.82 - - [24/Dec/2015:13:54:21 -0500] "GET /BLA/boletinlegal/img/select-left.png HTTP/1.1" 200 263
190.25.170.82 - - [24/Dec/2015:13:54:21 -0500] "GET /BLA/boletinlegal/img/select-right.png HTTP/1.1" 200 44019
190.25.170.82 - - [24/Dec/2015:13:54:25 -0500] "GET /BLA/boletinlegal/actos.php HTTP/1.1" 200 7620
190.25.170.82 - - [24/Dec/2015:13:54:25 -0500] "GET /BLA/boletinlegal/js/ajax_actos.js HTTP/1.1" 200 1322
190.25.170.82 - - [24/Dec/2015:13:54:25 -0500] "GET /BLA/boletinlegal/js/lib.js HTTP/1.1" 200 6474
190.25.170.82 - - [24/Dec/2015:13:54:25 -0500] "GET /BLA/boletinlegal/js/popup.js HTTP/1.1" 200 1270
190.25.170.82 - - [24/Dec/2015:13:54:25 -0500] "GET /BLA/boletinlegal/js/jquery1.js HTTP/1.1" 200 29846
190.25.170.82 - - [24/Dec/2015:13:54:25 -0500] "GET /BLA/boletinlegal/images/green-yellow-blue-pink-th.png HTTP/1.1" 200 7394
152.201.194.141 - - [24/Dec/2015:13:54:31 -0500] "GET /BLA/boletinlegal/js/jquery.scrollShow.js HTTP/1.1" 200 4586
152.201.194.141 - - [24/Dec/2015:13:54:31 -0500] "GET /galeria/galeria/jquery.fancybox.js?v=2.1.5 HTTP/1.1" 200 48706
152.201.194.141 - - [24/Dec/2015:13:54:31 -0500] "GET /galeria/galeria/jquery.fancybox.css?v=2.1.5 HTTP/1.1" 200 4895
152.201.194.141 - - [24/Dec/2015:13:54:31 -0500] "GET /galeria/carrusel/Carrusel/jquery.thumbnailScroller.css HTTP/1.1" 200 2066
152.201.194.141 - - [24/Dec/2015:13:54:31 -0500] "GET /galeria/carrusel/Carrusel/jquery-ui-1.8.13.custom.min.js HTTP/1.1" 200 10800
152.201.194.141 - - [24/Dec/2015:13:54:31 -0500] "GET /galeria/carrusel/Carrusel/jquery.thumbnailScroller.js HTTP/1.1" 200 8157
152.201.194.141 - - [24/Dec/2015:13:54:34 -0500] "GET /galeria/nivo-slider/demo/demo.html HTTP/1.1" 200 4456
152.201.194.141 - - [24/Dec/2015:13:54:37 -0500] "GET /galeria/nivo-slider/themes/default/default.css HTTP/1.1" 200 1569
152.201.194.141 - - [24/Dec/2015:13:54:37 -0500] "GET /galeria/nivo-slider/themes/pascal/pascal.css HTTP/1.1" 200 2258
152.201.194.141 - - [24/Dec/2015:13:54:37 -0500] "GET /galeria/nivo-slider/themes/orman/orman.css HTTP/1.1" 200 2152
152.201.194.141 - - [24/Dec/2015:13:54:37 -0500] "GET /galeria/nivo-slider/nivo-slider.css HTTP/1.1" 200 1507
152.201.194.141 - - [24/Dec/2015:13:54:37 -0500] "GET /galeria/nivo-slider/demo/style.css HTTP/1.1" 200 2222
152.201.194.141 - - [24/Dec/2015:13:54:37 -0500] "GET /galeria/nivo-slider/demo/scripts/jquery-1.7.1.min.js HTTP/1.1" 200 93868
152.201.194.141 - - [24/Dec/2015:13:54:37 -0500] "GET /galeria/nivo-slider/jquery.nivo.slider.pack.js HTTP/1.1" 200 11561
190.25.170.82 - - [24/Dec/2015:13:54:37 -0500] "GET /BLA/boletinlegal/consulta_actos.php?tipo=resoluciones&no=6083&usuario=&sector=&fecha=2010&resuelve= HTTP/1.1" 200 1046
152.201.194.141 - - [24/Dec/2015:13:54:38 -0500] "GET /galeria/nivo-slider/demo/images/ambientales.jpg HTTP/1.1" 200 397233
152.201.194.141 - - [24/Dec/2015:13:54:38 -0500] "GET /galeria/nivo-slider/demo/images/Programacion-navidena.jpg HTTP/1.1" 200 316038
152.201.194.141 - - [24/Dec/2015:13:54:38 -0500] "GET /galeria/nivo-slider/demo/images/2Banner-encuestaSDA.jpg HTTP/1.1" 200 208228
152.201.194.141 - - [24/Dec/2015:13:54:38 -0500] "GET /galeria/nivo-slider/demo/images/ABC-Plan-de-contigencia.jpg HTTP/1.1" 200 401853
152.201.194.141 - - [24/Dec/2015:13:54:38 -0500] "GET /galeria/nivo-slider/demo/images/banner-llantas2015.jpg HTTP/1.1" 200 185615
152.201.194.141 - - [24/Dec/2015:13:54:39 -0500] "GET /galeria/nivo-slider/demo/images/caminata-ecologica.jpg HTTP/1.1" 200 161069
152.201.194.141 - - [24/Dec/2015:13:54:39 -0500] "GET /galeria/nivo-slider/demo/images/Banner-ahorro-de-agua.jpg HTTP/1.1" 200 149141
152.201.194.141 - - [24/Dec/2015:13:54:39 -0500] "GET /galeria/nivo-slider/demo/images/Cmapana-onestidad.jpg HTTP/1.1" 200 141638
152.201.194.141 - - [24/Dec/2015:13:54:39 -0500] "GET /galeria/nivo-slider/demo/images/PREDAcamp.jpg HTTP/1.1" 200 295358
152.201.194.141 - - [24/Dec/2015:13:54:39 -0500] "GET /galeria/nivo-slider/demo/images/banner-llantas2.jpg HTTP/1.1" 200 204644
152.201.194.141 - - [24/Dec/2015:13:54:39 -0500] "GET /galeria/nivo-slider/demo/images/Ruta-vertimientos-01.jpg HTTP/1.1" 200 130151
152.201.194.141 - - [24/Dec/2015:13:54:42 -0500] "GET /galeria/nivo-slider/demo/images/9Signos.jpg HTTP/1.1" 200 81776
190.25.170.82 - - [24/Dec/2015:13:54:42 -0500] "GET /BLA/boletinlegal/consulta_actos.php?tipo=resoluciones&no=6083&usuario=&sector=&fecha=2010&resuelve= HTTP/1.1" 200 1046
152.201.194.141 - - [24/Dec/2015:13:54:43 -0500] "GET /galeria/nivo-slider/demo/images/bolsas-06.jpg HTTP/1.1" 200 90982
152.201.194.141 - - [24/Dec/2015:13:54:44 -0500] "GET /galeria/nivo-slider/demo/images/Conoce-los-humedales.jpg HTTP/1.1" 200 294036
152.201.194.141 - - [24/Dec/2015:13:54:44 -0500] "GET /galeria/nivo-slider/demo/images/ecolecta-Dic2014.png HTTP/1.1" 200 288593
152.201.194.141 - - [24/Dec/2015:13:54:45 -0500] "GET /galeria/nivo-slider/demo/images/4Simple_Slider.png HTTP/1.1" 200 11722
152.201.194.141 - - [24/Dec/2015:13:54:45 -0500] "GET /galeria/nivo-slider/themes/default/loading.gif HTTP/1.1" 200 1737
152.201.194.141 - - [24/Dec/2015:13:54:49 -0500] "GET /galeria/nivo-slider/themes/default/arrows.png HTTP/1.1" 200 824
152.201.194.141 - - [24/Dec/2015:13:54:49 -0500] "GET /galeria/nivo-slider/themes/default/bullets.png HTTP/1.1" 200 1281
190.25.170.82 - - [24/Dec/2015:13:54:49 -0500] "GET /BLA/resoluciones/RESOLUCIONES%202010/6083.pdf HTTP/1.1" 200 3554204
190.25.170.82 - - [24/Dec/2015:13:54:51 -0500] "GET /BLA/resoluciones/RESOLUCIONES%202010/6083.pdf HTTP/1.1" 206 32768
190.25.170.82 - - [24/Dec/2015:13:54:51 -0500] "GET /BLA/resoluciones/RESOLUCIONES%202010/6083.pdf HTTP/1.1" 206 3521436
66.249.64.101 - - [24/Dec/2015:13:55:03 -0500] "GET /BLA/resoluciones/RESOLUCIONES%202009/6729.pdf HTTP/1.1" 200 436307
66.249.64.101 - - [24/Dec/2015:13:55:04 -0500] "GET /BLA/resoluciones/RESOLUCIONES%202009/9490.pdf HTTP/1.1" 200 671542
69.162.124.233 - - [24/Dec/2015:13:55:04 -0500] "HEAD / HTTP/1.1" 200 -
66.249.64.101 - - [24/Dec/2015:13:55:05 -0500] "GET /BLA/resoluciones/AUTOS%202008/3224.pdf HTTP/1.1" 200 92880
66.249.64.96 - - [24/Dec/2015:13:55:05 -0500] "GET /BLA/resoluciones/RESOLUCIONES%202009/8048.pdf HTTP/1.1" 200 414056
66.249.64.96 - - [24/Dec/2015:13:55:15 -0500] "GET /BLA/resoluciones/RESOLUCIONES%202008/3943.pdf HTTP/1.1" 200 17460
201.245.192.253 - - [24/Dec/2015:13:55:30 -0500] "GET /bla/boletinlegal/admin/notificaciones/setvalue.php?month=8&year=1985 HTTP/1.1" 200 3262
201.245.192.253 - - [24/Dec/2015:13:55:32 -0500] "GET /bla/boletinlegal/admin/notificaciones/setvalue.php?month=8&year=2015 HTTP/1.1" 200 3359
66.249.64.96 - - [24/Dec/2015:13:55:33 -0500] "GET /BLA/resoluciones/AUTOS%202007/2758.pdf HTTP/1.1" 200 81292
66.249.64.96 - - [24/Dec/2015:13:55:51 -0500] "GET /BLA/resoluciones/RESOLUCIONES%202009/2257.pdf HTTP/1.1" 200 595262
66.249.64.101 - - [24/Dec/2015:13:56:05 -0500] "GET /BLA/resoluciones/RESOLUCIONES%202008/0778.pdf HTTP/1.1" 304 -
66.249.64.106 - - [24/Dec/2015:13:56:09 -0500] "GET /BLA/resoluciones/RESOLUCIONES%202010/3598.pdf HTTP/1.1" 200 100416
157.55.39.124 - - [24/Dec/2015:13:56:09 -0500] "GET /robots.txt HTTP/1.1" 404 1018
66.249.64.96 - - [24/Dec/2015:13:56:44 -0500] "GET /BLA/resoluciones/AUTOS%202008/0450.pdf HTTP/1.1" 200 68946
201.245.192.253 - - [24/Dec/2015:13:56:51 -0500] "GET /bla/boletinlegal/admin/notificaciones/setvalued.php?month=12&year=2015 HTTP/1.1" 200 3293
201.245.192.253 - - [24/Dec/2015:13:56:53 -0500] "GET /bla/boletinlegal/admin/notificaciones/setvalued.php?month=1&year=2015 HTTP/1.1" 200 3293
201.245.192.253 - - [24/Dec/2015:13:56:58 -0500] "POST /bla/boletinlegal/admin/notificaciones/ingresar.php HTTP/1.1" 200 33271
201.245.192.253 - - [24/Dec/2015:13:56:58 -0500] "GET /css/global/buttons.css HTTP/1.1" 404 1250
66.249.64.96 - - [24/Dec/2015:13:57:02 -0500] "GET /BLA/resoluciones/RESOLUCIONES%202009/4971.pdf HTTP/1.1" 200 482819
66.249.64.101 - - [24/Dec/2015:13:57:19 -0500] "GET /BLA/resoluciones/AUTOS%202007/2658.pdf HTTP/1.1" 200 290658
66.249.64.101 - - [24/Dec/2015:13:57:35 -0500] "GET /BLA/resoluciones/RESOLUCIONES%202012/1455.pdf HTTP/1.1" 200 1017201
66.249.64.96 - - [24/Dec/2015:13:57:37 -0500] "GET /BLA/resoluciones/AUTOS%202007/3288.pdf HTTP/1.1" 200 274101
66.249.64.96 - - [24/Dec/2015:13:57:55 -0500] "GET /BLA/resoluciones/RESOLUCIONES%202009/5037.pdf HTTP/1.1" 200 647465
66.249.64.106 - - [24/Dec/2015:13:58:08 -0500] "GET /BLA/resoluciones/RESOLUCIONES%202008/2937.pdf HTTP/1.1" 200 201702
66.249.64.243 - - [24/Dec/2015:13:58:12 -0500] "GET /galeria/nivo-slider/demo/images/Banner_PYBA2.jpg HTTP/1.1" 200 63283
66.249.64.96 - - [24/Dec/2015:13:58:30 -0500] "GET /BLA/resoluciones/RESOLUCIONES%202010/7660.pdf HTTP/1.1" 200 319179
66.249.64.96 - - [24/Dec/2015:13:58:48 -0500] "GET /BLA/resoluciones/AUTOS%202007/0055.pdf HTTP/1.1" 200 47532
66.249.64.106 - - [24/Dec/2015:13:59:05 -0500] "GET /BLA/resoluciones/RESOLUCIONES%202010/6012.pdf HTTP/1.1" 200 754830
66.249.64.96 - - [24/Dec/2015:13:59:07 -0500] "GET /BLA/resoluciones/AUTOS%202008/0465.pdf HTTP/1.1" 200 178094
66.249.80.52 - - [24/Dec/2015:13:59:10 -0500] "GET /sig/MECI/DOCUMENTOS/Informe%20de%20Gestion/INFORME%20DE%20GESTION%202008%202010VersionFinal.pdf HTTP/1.1" 404 1018
201.245.192.253 - - [24/Dec/2015:13:59:20 -0500] "GET /bla/boletinlegal/admin/notificaciones/setvalue.php?month=8&year=1985 HTTP/1.1" 200 3262
201.245.192.253 - - [24/Dec/2015:13:59:22 -0500] "GET /bla/boletinlegal/admin/notificaciones/setvalue.php?month=8&year=2015 HTTP/1.1" 200 3359
66.249.64.96 - - [24/Dec/2015:13:59:23 -0500] "GET /BLA/resoluciones/RESOLUCIONES%202008/3170.pdf HTTP/1.1" 200 371426
66.249.64.96 - - [24/Dec/2015:13:59:41 -0500] "GET /BLA/resoluciones/AUTOS%202008/2055.pdf HTTP/1.1" 200 180602
201.245.192.253 - - [24/Dec/2015:13:59:53 -0500] "GET /bla/boletinlegal/admin/notificaciones/setvalued.php?month=1&year=1985 HTTP/1.1" 200 3293
201.245.192.253 - - [24/Dec/2015:13:59:54 -0500] "GET /bla/boletinlegal/admin/notificaciones/setvalued.php?month=1&year=2015 HTTP/1.1" 200 3293
201.245.192.253 - - [24/Dec/2015:13:59:57 -0500] "POST /bla/boletinlegal/admin/notificaciones/ingresar.php HTTP/1.1" 200 33271
201.245.192.253 - - [24/Dec/2015:13:59:58 -0500] "GET /css/global/buttons.css HTTP/1.1" 404 1250
66.249.64.96 - - [24/Dec/2015:13:59:59 -0500] "GET /BLA/resoluciones/RESOLUCIONES%202009/9744.pdf HTTP/1.1" 200 312140
69.162.124.233 - - [24/Dec/2015:14:00:04 -0500] "HEAD / HTTP/1.1" 200 -
66.249.64.96 - - [24/Dec/2015:14:00:16 -0500] "GET /BLA/resoluciones/RESOLUCIONES%202010/3152.pdf HTTP/1.1" 200 349470
66.249.64.96 - - [24/Dec/2015:14:00:34 -0500] "GET /BLA/resoluciones/AUTOS%202007/3243.pdf HTTP/1.1" 200 118286
66.249.64.106 - - [24/Dec/2015:14:00:36 -0500] "GET /BLA/resoluciones/RESOLUCIONES%202011/4599.pdf HTTP/1.1" 200 692902
66.249.64.96 - - [24/Dec/2015:14:00:52 -0500] "GET /BLA/resoluciones/RESOLUCIONES%202009/1210.pdf HTTP/1.1" 200 396851
66.249.64.101 - - [24/Dec/2015:14:01:10 -0500] "GET /BLA/resoluciones/RESOLUCIONES%202008/4942.pdf HTTP/1.1" 200 210519
66.249.64.106 - - [24/Dec/2015:14:01:27 -0500] "GET /BLA/resoluciones/RESOLUCIONES%202010/3329.pdf HTTP/1.1" 200 754837
66.249.64.96 - - [24/Dec/2015:14:01:28 -0500] "GET /BLA/resoluciones/AUTOS%202007/2901.pdf HTTP/1.1" 200 84517
66.249.88.49 - - [24/Dec/2015:14:01:29 -0500] "GET / HTTP/1.1" 200 10190
66.249.88.49 - - [24/Dec/2015:14:01:29 -0500] "GET /favicon.ico HTTP/1.1" 200 7782
66.249.64.96 - - [24/Dec/2015:14:01:43 -0500] "GET /BLA/resoluciones/AUTOS%202011/0183.pdf HTTP/1.1" 200 154425
66.249.64.96 - - [24/Dec/2015:14:02:03 -0500] "GET /BLA/resoluciones/AUTOS%202007/3570.pdf HTTP/1.1" 200 384008
201.245.192.253 - - [24/Dec/2015:14:02:04 -0500] "GET /bla/boletinlegal/admin/notificaciones/setvalue.php?month=7&year=1985 HTTP/1.1" 200 3262
201.245.192.253 - - [24/Dec/2015:14:02:05 -0500] "GET /bla/boletinlegal/admin/notificaciones/setvalue.php?month=7&year=2015 HTTP/1.1" 200 3262
66.249.64.96 - - [24/Dec/2015:14:02:06 -0500] "GET /BLA/resoluciones/AUTOS%202007/3793.pdf HTTP/1.1" 200 285797
201.245.192.253 - - [24/Dec/2015:14:02:11 -0500] "GET /bla/boletinlegal/admin/notificaciones/setvalue.php?month=8&year=2015 HTTP/1.1" 200 3359
66.249.64.96 - - [24/Dec/2015:14:02:20 -0500] "GET /BLA/resoluciones/RESOLUCIONES%202008/2882.pdf HTTP/1.1" 200 381791
66.249.64.96 - - [24/Dec/2015:14:02:38 -0500] "GET /BLA/resoluciones/AUTOS%202007/0026.pdf HTTP/1.1" 200 50070
201.245.192.253 - - [24/Dec/2015:14:02:47 -0500] "GET /bla/boletinlegal/admin/notificaciones/setvalued.php?month=12&year=2015 HTTP/1.1" 200 3293
207.46.13.169 - - [24/Dec/2015:14:02:47 -0500] "GET /robots.txt HTTP/1.1" 301 334
201.245.192.253 - - [24/Dec/2015:14:02:48 -0500] "GET /bla/boletinlegal/admin/notificaciones/setvalued.php?month=1&year=2015 HTTP/1.1" 200 3293
201.245.192.253 - - [24/Dec/2015:14:02:51 -0500] "POST /bla/boletinlegal/admin/notificaciones/ingresar.php HTTP/1.1" 200 33271
201.245.192.253 - - [24/Dec/2015:14:02:51 -0500] "GET /css/global/buttons.css HTTP/1.1" 404 1250
201.245.192.253 - - [24/Dec/2015:14:02:53 -0500] "GET /bla/boletinlegal/admin/admin.php HTTP/1.1" 302 -
66.249.64.96 - - [24/Dec/2015:14:02:56 -0500] "GET /BLA/resoluciones/AUTOS%202007/1186.pdf HTTP/1.1" 200 29729
201.245.192.253 - - [24/Dec/2015:14:02:54 -0500] "GET /bla/boletinlegal/admin/index.php HTTP/1.1" 200 5483
66.249.64.96 - - [24/Dec/2015:14:03:14 -0500] "GET /BLA/resoluciones/AUTOS%202007/3609.pdf HTTP/1.1" 200 196495
201.245.192.253 - - [24/Dec/2015:14:03:16 -0500] "GET /bla/boletinlegal/admin/notificaciones/exportar.php HTTP/1.1" 200 506653
66.249.64.96 - - [24/Dec/2015:14:03:31 -0500] "GET /BLA/resoluciones/RESOLUCIONES%202009/0749.pdf HTTP/1.1" 200 172846
66.249.64.106 - - [24/Dec/2015:14:03:37 -0500] "GET /BLA/resoluciones/RESOLUCIONES%202008/1101.pdf HTTP/1.1" 200 224928
66.249.64.96 - - [24/Dec/2015:14:03:42 -0500] "GET /webfile/normas/ley%20527.pdf HTTP/1.1" 404 1018
201.245.192.253 - - [24/Dec/2015:14:03:43 -0500] "GET /bla/boletinlegal/admin/notificaciones/exportar.php HTTP/1.1" 200 506653
66.249.64.96 - - [24/Dec/2015:14:03:49 -0500] "GET /BLA/resoluciones/AUTOS%202008/3344.pdf HTTP/1.1" 200 70972
66.249.64.96 - - [24/Dec/2015:14:04:00 -0500] "GET /BLA/resoluciones/RESOLUCIONES%202010/3660.pdf HTTP/1.1" 200 340752
66.249.64.96 - - [24/Dec/2015:14:04:07 -0500] "GET /BLA/resoluciones/RESOLUCIONES%202010/7520.pdf HTTP/1.1" 200 375404
66.249.64.106 - - [24/Dec/2015:14:04:07 -0500] "GET /BLA/resoluciones/RESOLUCIONES%202007/RES%202007%203701%20AL%203800/RESOLUCION%203713%20DE%202007.pdf HTTP/1.1" 200 880815
66.249.64.96 - - [24/Dec/2015:14:04:24 -0500] "GET /BLA/resoluciones/RESOLUCIONES%202009/7857.pdf HTTP/1.1" 200 752226
66.249.64.96 - - [24/Dec/2015:14:04:42 -0500] "GET /BLA/resoluciones/AUTOS%202008/0697.pdf HTTP/1.1" 200 91310
66.249.64.96 - - [24/Dec/2015:14:05:00 -0500] "GET /autoliquidacion/index.php?dir=Fauna%20Silvestre/&sort=size&order=asc HTTP/1.1" 200 3033
69.162.124.233 - - [24/Dec/2015:14:05:04 -0500] "HEAD / HTTP/1.1" 200 -
66.249.64.106 - - [24/Dec/2015:14:05:07 -0500] "GET /BLA/resoluciones/RESOLUCIONES%202009/9554.pdf HTTP/1.1" 200 495183
66.249.64.101 - - [24/Dec/2015:14:05:18 -0500] "GET /BLA/resoluciones/RESOLUCIONES%202008/3525.pdf HTTP/1.1" 200 290706
66.249.64.96 - - [24/Dec/2015:14:05:35 -0500] "GET /BLA/resoluciones/RESOLUCIONES%202008/3112.pdf HTTP/1.1" 200 249735
66.249.64.96 - - [24/Dec/2015:14:05:46 -0500] "GET /galeria/galeria/fotos/MeandrodelSay2P.jpg HTTP/1.1" 304 -
66.249.64.106 - - [24/Dec/2015:14:05:51 -0500] "GET /BLA/resoluciones/AUTOS%202009/0021.pdf HTTP/1.1" 200 186346
66.249.64.96 - - [24/Dec/2015:14:05:53 -0500] "GET /BLA/resoluciones/RESOLUCIONES%202008/3286.pdf HTTP/1.1" 200 238807
66.249.64.101 - - [24/Dec/2015:14:06:56 -0500] "GET /BLA/resoluciones/RESOLUCIONES%202008/1047.pdf HTTP/1.1" 200 363732
66.249.64.96 - - [24/Dec/2015:14:06:56 -0500] "GET /BLA/resoluciones/Autos%202008/2212.pdf HTTP/1.1" 200 75743
66.249.64.96 - - [24/Dec/2015:14:06:57 -0500] "GET /BLA/resoluciones/RESOLUCIONES%202008/3515.pdf HTTP/1.1" 200 229406
66.249.64.96 - - [24/Dec/2015:14:06:58 -0500] "GET /BLA/resoluciones/RESOLUCIONES%202009/4533.pdf HTTP/1.1" 200 105590
66.249.64.96 - - [24/Dec/2015:14:07:04 -0500] "GET /BLA/resoluciones/AUTOS%202007/1762.pdf HTTP/1.1" 200 38860
66.249.64.101 - - [24/Dec/2015:14:07:21 -0500] "GET /BLA/resoluciones/RESOLUCIONES%202007/RES%202007%202401%20AL%202500/RESOLUCION%202493%20DE%202007.pdf HTTP/1.1" 200 948072
66.249.64.96 - - [24/Dec/2015:14:07:39 -0500] "GET /BLA/resoluciones/AUTOS%202007/1897.pdf HTTP/1.1" 200 106298
66.249.64.96 - - [24/Dec/2015:14:07:57 -0500] "GET /BLA/resoluciones/AUTOS%202007/0833.pdf HTTP/1.1" 200 329531
190.24.57.51 - - [24/Dec/2015:14:08:06 -0500] "GET /BLA/boletinlegal/js/jquery.scrollShow.js HTTP/1.1" 200 4586
190.24.57.51 - - [24/Dec/2015:14:08:06 -0500] "GET /galeria/galeria/jquery.fancybox.js?v=2.1.5 HTTP/1.1" 200 48706
66.249.64.96 - - [24/Dec/2015:14:08:08 -0500] "GET /BLA/resoluciones/RESOLUCIONES%202010/7593.pdf HTTP/1.1" 200 62425
190.24.57.51 - - [24/Dec/2015:14:08:09 -0500] "GET /galeria/galeria/jquery.fancybox.css?v=2.1.5 HTTP/1.1" 200 4895
66.249.64.106 - - [24/Dec/2015:14:08:15 -0500] "GET /BLA/resoluciones/AUTOS%202007/1759.pdf HTTP/1.1" 200 40039
190.24.57.51 - - [24/Dec/2015:14:08:27 -0500] "GET /galeria/galeria/jquery.fancybox.css?v=2.1.5 HTTP/1.1" 304 -
190.24.57.51 - - [24/Dec/2015:14:08:28 -0500] "GET /galeria/galeria/jquery.fancybox.js?v=2.1.5 HTTP/1.1" 304 -
190.24.57.51 - - [24/Dec/2015:14:08:28 -0500] "GET /BLA/boletinlegal/js/jquery.scrollShow.js HTTP/1.1" 304 -
66.249.64.96 - - [24/Dec/2015:14:08:32 -0500] "GET /BLA/resoluciones/RESOLUCIONES%202008/2727.pdf HTTP/1.1" 200 227755
190.24.57.51 - - [24/Dec/2015:14:08:33 -0500] "GET /galeria/galeria/jquery.fancybox.js?v=2.1.5 HTTP/1.1" 304 -
190.24.57.51 - - [24/Dec/2015:14:08:36 -0500] "GET /galeria/galeria/jquery.fancybox.css?v=2.1.5 HTTP/1.1" 304 -
66.249.64.96 - - [24/Dec/2015:14:08:50 -0500] "GET /BLA/resoluciones/RESOLUCIONES%202008/0803.pdf HTTP/1.1" 200 318966
40.77.167.0 - - [24/Dec/2015:14:08:59 -0500] "GET /robots.txt HTTP/1.1" 404 1019
40.77.167.0 - - [24/Dec/2015:14:09:03 -0500] "GET /SIG/Gesti%C3%B3n%20de%20Recursos%20F%C3%ADsicos/126PA04-PR24.pdf HTTP/1.1" 304 -
189.203.177.207 - - [24/Dec/2015:14:09:04 -0500] "GET /galeria/nivo-slider/demo/images/2Banner-encuestaSDA.jpg HTTP/1.1" 200 208228
66.249.64.96 - - [24/Dec/2015:14:09:08 -0500] "GET /BLA/resoluciones/AUTOS%202008/2731.pdf HTTP/1.1" 200 99928
191.102.204.53 - - [24/Dec/2015:14:09:13 -0500] "GET /galeria/galeria/jquery.fancybox.css?v=2.1.5 HTTP/1.1" 200 4895
191.102.204.53 - - [24/Dec/2015:14:09:13 -0500] "GET /galeria/galeria/jquery.fancybox.js?v=2.1.5 HTTP/1.1" 200 48706
191.102.204.53 - - [24/Dec/2015:14:09:13 -0500] "GET /BLA/boletinlegal/js/jquery.scrollShow.js HTTP/1.1" 200 4586
66.249.64.96 - - [24/Dec/2015:14:09:25 -0500] "GET /BLA/resoluciones/RESOLUCIONES%202010/2119.pdf HTTP/1.1" 200 398754
191.102.204.53 - - [24/Dec/2015:14:09:35 -0500] "GET /galeria/galeria/jquery.fancybox.js?v=2.1.5 HTTP/1.1" 200 48706
191.102.204.53 - - [24/Dec/2015:14:09:35 -0500] "GET /BLA/boletinlegal/js/jquery.scrollShow.js HTTP/1.1" 200 4586
191.102.204.53 - - [24/Dec/2015:14:09:35 -0500] "GET /galeria/galeria/jquery.fancybox.css?v=2.1.5 HTTP/1.1" 200 4895
66.249.64.106 - - [24/Dec/2015:14:09:38 -0500] "GET /BLA/resoluciones/AUTOS%202008/0704.pdf HTTP/1.1" 200 88153
66.249.64.96 - - [24/Dec/2015:14:09:43 -0500] "GET /BLA/resoluciones/RESOLUCIONES%202009/2720.pdf HTTP/1.1" 200 647031
66.249.64.96 - - [24/Dec/2015:14:10:01 -0500] "GET /BLA/resoluciones/RESOLUCIONES%202010/3558.pdf HTTP/1.1" 200 737243
69.162.124.233 - - [24/Dec/2015:14:10:04 -0500] "HEAD / HTTP/1.1" 200 -
66.249.64.106 - - [24/Dec/2015:14:10:05 -0500] "GET /BLA/resoluciones/RESOLUCIONES%202009/3619.pdf HTTP/1.1" 200 246045
66.249.64.101 - - [24/Dec/2015:14:10:18 -0500] "GET /BLA/resoluciones/AUTOS%202008/1789.pdf HTTP/1.1" 200 169584
66.249.64.96 - - [24/Dec/2015:14:10:36 -0500] "GET /BLA/resoluciones/RESOLUCIONES%202010/3183.pdf HTTP/1.1" 200 519652
66.249.64.96 - - [24/Dec/2015:14:10:54 -0500] "GET /BLA/resoluciones/AUTOS%202007/2995.pdf HTTP/1.1" 200 84263
66.249.64.101 - - [24/Dec/2015:14:11:08 -0500] "GET /BLA/resoluciones/AUTOS%202008/0592.pdf HTTP/1.1" 200 161277
66.249.64.106 - - [24/Dec/2015:14:11:12 -0500] "GET /BLA/resoluciones/RESOLUCIONES%202010/3523.pdf HTTP/1.1" 200 359928
201.245.192.253 - - [24/Dec/2015:14:11:29 -0500] "GET /bla/boletinlegal/admin/usuarios/process.php HTTP/1.1" 302 -
201.245.192.253 - - [24/Dec/2015:14:11:29 -0500] "GET /bla/boletinlegal/admin/index.php HTTP/1.1" 200 2324
66.249.64.96 - - [24/Dec/2015:14:11:29 -0500] "GET /BLA/resoluciones/RESOLUCIONES%202008/1674.pdf HTTP/1.1" 200 134689
186.28.66.223 - - [24/Dec/2015:14:11:39 -0500] "GET /BLA/boletinlegal/js/jquery.scrollShow.js HTTP/1.1" 200 4586
186.28.66.223 - - [24/Dec/2015:14:11:39 -0500] "GET /galeria/galeria/jquery.fancybox.js?v=2.1.5 HTTP/1.1" 200 48706
186.28.66.223 - - [24/Dec/2015:14:11:39 -0500] "GET /galeria/galeria/jquery.fancybox.css?v=2.1.5 HTTP/1.1" 200 4895
186.28.66.223 - - [24/Dec/2015:14:11:39 -0500] "GET /galeria/carrusel/Carrusel/jquery.thumbnailScroller.css HTTP/1.1" 200 2066
186.28.66.223 - - [24/Dec/2015:14:11:39 -0500] "GET /galeria/carrusel/Carrusel/jquery-ui-1.8.13.custom.min.js HTTP/1.1" 200 10800
186.28.66.223 - - [24/Dec/2015:14:11:39 -0500] "GET /galeria/carrusel/Carrusel/jquery.thumbnailScroller.js HTTP/1.1" 200 8157
186.28.66.223 - - [24/Dec/2015:14:11:41 -0500] "GET /galeria/nivo-slider/demo/demo.html HTTP/1.1" 200 4456
186.28.66.223 - - [24/Dec/2015:14:11:41 -0500] "GET /galeria/nivo-slider/themes/default/default.css HTTP/1.1" 200 1569
186.28.66.223 - - [24/Dec/2015:14:11:41 -0500] "GET /galeria/nivo-slider/themes/orman/orman.css HTTP/1.1" 200 2152
186.28.66.223 - - [24/Dec/2015:14:11:41 -0500] "GET /galeria/nivo-slider/themes/pascal/pascal.css HTTP/1.1" 200 2258
186.28.66.223 - - [24/Dec/2015:14:11:41 -0500] "GET /galeria/nivo-slider/nivo-slider.css HTTP/1.1" 200 1507
186.28.66.223 - - [24/Dec/2015:14:11:41 -0500] "GET /galeria/nivo-slider/demo/style.css HTTP/1.1" 200 2222
186.28.66.223 - - [24/Dec/2015:14:11:41 -0500] "GET /galeria/nivo-slider/demo/scripts/jquery-1.7.1.min.js HTTP/1.1" 200 93868
186.28.66.223 - - [24/Dec/2015:14:11:41 -0500] "GET /galeria/nivo-slider/jquery.nivo.slider.pack.js HTTP/1.1" 200 11561
186.28.66.223 - - [24/Dec/2015:14:11:41 -0500] "GET /galeria/nivo-slider/demo/images/ambientales.jpg HTTP/1.1" 200 397233
186.28.66.223 - - [24/Dec/2015:14:11:41 -0500] "GET /galeria/nivo-slider/demo/images/Programacion-navidena.jpg HTTP/1.1" 200 316038
186.28.66.223 - - [24/Dec/2015:14:11:42 -0500] "GET /galeria/nivo-slider/demo/images/2Banner-encuestaSDA.jpg HTTP/1.1" 200 208228
186.28.66.223 - - [24/Dec/2015:14:11:42 -0500] "GET /galeria/nivo-slider/demo/images/ABC-Plan-de-contigencia.jpg HTTP/1.1" 200 401853
186.28.66.223 - - [24/Dec/2015:14:11:42 -0500] "GET /galeria/nivo-slider/demo/images/banner-llantas2015.jpg HTTP/1.1" 200 185615
186.28.66.223 - - [24/Dec/2015:14:11:42 -0500] "GET /galeria/nivo-slider/demo/images/caminata-ecologica.jpg HTTP/1.1" 200 161069
186.28.66.223 - - [24/Dec/2015:14:11:42 -0500] "GET /galeria/nivo-slider/demo/images/Banner-ahorro-de-agua.jpg HTTP/1.1" 200 149141
186.28.66.223 - - [24/Dec/2015:14:11:42 -0500] "GET /galeria/nivo-slider/demo/images/Cmapana-onestidad.jpg HTTP/1.1" 200 141638
186.28.66.223 - - [24/Dec/2015:14:11:43 -0500] "GET /galeria/nivo-slider/demo/images/4Simple_Slider.png HTTP/1.1" 200 11722
186.28.66.223 - - [24/Dec/2015:14:11:43 -0500] "GET /galeria/nivo-slider/themes/default/loading.gif HTTP/1.1" 200 1737
186.28.66.223 - - [24/Dec/2015:14:11:43 -0500] "GET /galeria/nivo-slider/demo/images/PREDAcamp.jpg HTTP/1.1" 200 295358
186.28.66.223 - - [24/Dec/2015:14:11:43 -0500] "GET /galeria/nivo-slider/demo/images/banner-llantas2.jpg HTTP/1.1" 200 204644
186.28.66.223 - - [24/Dec/2015:14:11:44 -0500] "GET /galeria/nivo-slider/demo/images/9Signos.jpg HTTP/1.1" 200 81776
186.28.66.223 - - [24/Dec/2015:14:11:44 -0500] "GET /galeria/nivo-slider/demo/images/Ruta-vertimientos-01.jpg HTTP/1.1" 200 130151
186.28.66.223 - - [24/Dec/2015:14:11:45 -0500] "GET /galeria/nivo-slider/demo/images/bolsas-06.jpg HTTP/1.1" 200 90982
186.28.66.223 - - [24/Dec/2015:14:11:45 -0500] "GET /galeria/nivo-slider/demo/images/Conoce-los-humedales.jpg HTTP/1.1" 200 294036
186.28.66.223 - - [24/Dec/2015:14:11:45 -0500] "GET /galeria/nivo-slider/demo/images/ecolecta-Dic2014.png HTTP/1.1" 200 288593
66.249.64.96 - - [24/Dec/2015:14:11:47 -0500] "GET /BLA/resoluciones/AUTOS%202008/2763.pdf HTTP/1.1" 200 110630
66.249.64.96 - - [24/Dec/2015:14:12:05 -0500] "GET /BLA/resoluciones/RESOLUCIONES%202008/3171.pdf HTTP/1.1" 200 206938
180.76.15.12 - - [24/Dec/2015:14:12:18 -0500] "GET / HTTP/1.1" 301 324
180.76.15.151 - - [24/Dec/2015:14:12:21 -0500] "GET / HTTP/1.1" 301 324
66.249.64.96 - - [24/Dec/2015:14:12:22 -0500] "GET /BLA/resoluciones/AUTOS%202008/1299.pdf HTTP/1.1" 200 137050
66.249.64.101 - - [24/Dec/2015:14:12:39 -0500] "GET /BLA/resoluciones/RESOLUCIONES%202012/0971.pdf HTTP/1.1" 200 493374
66.249.64.96 - - [24/Dec/2015:14:12:40 -0500] "GET /BLA/resoluciones/AUTOS%202008/2519.pdf HTTP/1.1" 200 119296
190.24.129.149 - - [24/Dec/2015:14:12:54 -0500] "GET /BLA/boletinlegal/js/jquery.scrollShow.js HTTP/1.1" 304 -
190.24.129.149 - - [24/Dec/2015:14:12:54 -0500] "GET /galeria/galeria/jquery.fancybox.js?v=2.1.5 HTTP/1.1" 304 -
190.24.129.149 - - [24/Dec/2015:14:12:54 -0500] "GET /galeria/galeria/jquery.fancybox.css?v=2.1.5 HTTP/1.1" 304 -
66.249.64.96 - - [24/Dec/2015:14:12:58 -0500] "GET /BLA/resoluciones/RESOLUCIONES%202008/4760.pdf HTTP/1.1" 200 917328
190.24.129.149 - - [24/Dec/2015:14:13:04 -0500] "GET /galeria/galeria/jquery.fancybox.js?v=2.1.5 HTTP/1.1" 200 48706
190.24.129.149 - - [24/Dec/2015:14:13:04 -0500] "GET /BLA/boletinlegal/js/jquery.scrollShow.js HTTP/1.1" 200 4586
190.24.129.149 - - [24/Dec/2015:14:13:04 -0500] "GET /galeria/galeria/jquery.fancybox.css?v=2.1.5 HTTP/1.1" 200 4895
66.249.64.96 - - [24/Dec/2015:14:13:16 -0500] "GET /BLA/resoluciones/AUTOS%202008/3434.pdf HTTP/1.1" 200 116938
66.249.64.96 - - [24/Dec/2015:14:13:33 -0500] "GET /BLA/resoluciones/AUTOS%202008/1043.pdf HTTP/1.1" 200 134485
66.249.64.96 - - [24/Dec/2015:14:13:51 -0500] "GET /BLA/resoluciones/AUTOS%202007/1361.pdf HTTP/1.1" 200 27589
66.249.64.96 - - [24/Dec/2015:14:14:09 -0500] "GET /BLA/resoluciones/AUTOS%202008/2157.pdf HTTP/1.1" 200 103134
66.249.64.106 - - [24/Dec/2015:14:14:09 -0500] "GET /BLA/resoluciones/AUTOS%202012/0447.pdf HTTP/1.1" 200 378863
66.249.64.96 - - [24/Dec/2015:14:14:26 -0500] "GET /BLA/resoluciones/RESOLUCIONES%202010/5912.pdf HTTP/1.1" 200 745122
66.249.64.96 - - [24/Dec/2015:14:14:44 -0500] "GET /BLA/resoluciones/RESOLUCIONES%202009/8096.pdf HTTP/1.1" 200 576729
66.249.64.96 - - [24/Dec/2015:14:15:02 -0500] "GET /BLA/resoluciones/AUTOS%202008/0103.pdf HTTP/1.1" 200 204694
69.162.124.233 - - [24/Dec/2015:14:15:04 -0500] "HEAD / HTTP/1.1" 200 -
66.249.64.96 - - [24/Dec/2015:14:15:37 -0500] "GET /BLA/resoluciones/RESOLUCIONES%202009/4315.pdf HTTP/1.1" 200 597803
66.249.64.106 - - [24/Dec/2015:14:15:39 -0500] "GET /BLA/resoluciones/AUTOS%202011/2916.pdf HTTP/1.1" 200 313435
66.249.64.96 - - [24/Dec/2015:14:15:55 -0500] "GET /BLA/resoluciones/RESOLUCIONES%202009/0615.pdf HTTP/1.1" 200 320637
66.249.64.106 - - [24/Dec/2015:14:16:03 -0500] "GET /BLA/resoluciones/RESOLUCIONES%202014/1603.pdf HTTP/1.1" 200 4591837
66.249.64.106 - - [24/Dec/2015:14:16:13 -0500] "GET /BLA/resoluciones/RESOLUCIONES%202009/3140.pdf HTTP/1.1" 200 481225
201.245.192.253 - - [24/Dec/2015:14:16:19 -0500] "GET /isolucionsda/ HTTP/1.1" 302 140
201.245.192.253 - - [24/Dec/2015:14:16:19 -0500] "GET /isolucionsda/ControlDeInicio.asp HTTP/1.1" 200 739
201.245.192.253 - - [24/Dec/2015:14:16:22 -0500] "GET /isolucionsda/IdentificaUsuario.asp?Pagina1=FrameSetGeneral.asp& HTTP/1.1" 200 5090
201.245.192.253 - - [24/Dec/2015:14:16:26 -0500] "POST /isolucionsda/IdentificaUsuario.asp?Pagina1=FrameSetGeneral.asp& HTTP/1.1" 302 173
201.245.192.253 - - [24/Dec/2015:14:16:27 -0500] "GET /isolucionsda/FrameSetGeneral.asp?Pagina1=FrameSetGeneral.asp& HTTP/1.1" 200 6485
201.245.192.253 - - [24/Dec/2015:14:16:27 -0500] "GET /isolucionsda/Encabezado.asp?Pagina1=FrameSetGeneral.asp&&Pagina=MagazinHome.asp HTTP/1.1" 200 15517
201.245.192.253 - - [24/Dec/2015:14:16:27 -0500] "GET /isolucionsda/Session.asp?Continue=1 HTTP/1.1" 200 6195
201.245.192.253 - - [24/Dec/2015:14:16:27 -0500] "GET /isolucionsda/BarraFavoritos.asp HTTP/1.1" 200 911
201.245.192.253 - - [24/Dec/2015:14:16:27 -0500] "GET /isolucionsda/MagazinHome.asp HTTP/1.1" 200 28458
201.245.192.253 - - [24/Dec/2015:14:16:27 -0500] "GET /isolucionsda/g/Bgr_Destacado3399CC.jpg HTTP/1.1" 404 1245
201.245.192.253 - - [24/Dec/2015:14:16:27 -0500] "GET /isolucionsda/TareasSFRedirect.asp HTTP/1.1" 302 195
201.245.192.253 - - [24/Dec/2015:14:16:27 -0500] "GET /isolucionsda/Login.aspx?TARGET=SFContainerFiltrado.aspx&number=67685050576751654554 HTTP/1.1" 302 886
