181.56.83.11 - - [26/Dec/2015:21:38:54 -0500] "GET /galeria/nivo-slider/demo/images/Conoce-los-humedales.jpg HTTP/1.1" 200 294036
181.56.83.11 - - [26/Dec/2015:21:38:54 -0500] "GET /galeria/nivo-slider/demo/images/bolsas-06.jpg HTTP/1.1" 200 90982
181.56.83.11 - - [26/Dec/2015:21:38:54 -0500] "GET /galeria/nivo-slider/demo/images/ecolecta-Dic2014.png HTTP/1.1" 200 288593
181.56.83.11 - - [26/Dec/2015:21:38:55 -0500] "GET /galeria/nivo-slider/demo/images/9Signos.jpg HTTP/1.1" 200 81776
181.56.83.11 - - [26/Dec/2015:21:38:56 -0500] "GET /galeria/nivo-slider/demo/images/4Simple_Slider.png HTTP/1.1" 200 11722
181.56.83.11 - - [26/Dec/2015:21:38:56 -0500] "GET /galeria/nivo-slider/themes/default/loading.gif HTTP/1.1" 200 1737
181.56.83.11 - - [26/Dec/2015:21:38:58 -0500] "GET /galeria/nivo-slider/themes/default/arrows.png HTTP/1.1" 200 824
181.56.83.11 - - [26/Dec/2015:21:38:58 -0500] "GET /galeria/nivo-slider/themes/default/bullets.png HTTP/1.1" 200 1281
74.88.51.80 - - [26/Dec/2015:21:39:10 -0500] "POST /forms/lservlet;jsessionid=ac16012b30d740878043f87e4b25988f8f70ef519dba.e3iSbxaKaheRe38KbN0Rb34Mc3j0n6jAmljGr5XDqQLvpAe HTTP/1.1" 200 2
189.191.34.126 - - [26/Dec/2015:21:39:11 -0500] "GET /BLA/resoluciones/RESOLUCIONES%202007/RES%202007%203201%20AL%203300/RESOLUCION%203286%20DE%202007.pdf HTTP/1.1" 200 586220
200.118.11.205 - - [26/Dec/2015:21:39:35 -0500] "POST /forms/lservlet;jsessionid=ac16012b30d776cf329062d948c6b710b4d8d809d8f6.e3iSbxaKaheRe38KbN0Rb34Mc3j0n6jAmljGr5XDqQLvpAe HTTP/1.1" 200 2
66.249.64.96 - - [26/Dec/2015:21:39:56 -0500] "GET /BLA/resoluciones/RESOLUCIONES%202011/2247.pdf HTTP/1.1" 200 776572
66.249.64.96 - - [26/Dec/2015:21:40:00 -0500] "GET /BLA/resoluciones/RESOLUCIONES%202014/0047.pdf HTTP/1.1" 200 214770
66.249.64.96 - - [26/Dec/2015:21:40:12 -0500] "GET /BLA/resoluciones/RESOLUCIONES%202008/3759.pdf HTTP/1.1" 200 771614
190.240.88.147 - - [26/Dec/2015:21:40:38 -0500] "GET /galeria/galeria/jquery.fancybox.css?v=2.1.5 HTTP/1.1" 200 4895
190.240.88.147 - - [26/Dec/2015:21:40:38 -0500] "GET /BLA/boletinlegal/js/jquery.scrollShow.js HTTP/1.1" 200 4586
190.240.88.147 - - [26/Dec/2015:21:40:38 -0500] "GET /galeria/galeria/jquery.fancybox.js?v=2.1.5 HTTP/1.1" 200 48706
190.240.88.147 - - [26/Dec/2015:21:40:38 -0500] "GET /galeria/galeria/fotos/Movilizacion12P.jpg HTTP/1.1" 200 9230
190.240.88.147 - - [26/Dec/2015:21:40:38 -0500] "GET /galeria/galeria/fotos/Movilizacion2P.jpg HTTP/1.1" 200 8550
190.240.88.147 - - [26/Dec/2015:21:40:38 -0500] "GET /galeria/galeria/fotos/Movilizacion6P.jpg HTTP/1.1" 200 9026
190.240.88.147 - - [26/Dec/2015:21:40:38 -0500] "GET /galeria/galeria/fotos/Movilizacion4P.jpg HTTP/1.1" 200 8828
190.240.88.147 - - [26/Dec/2015:21:40:38 -0500] "GET /galeria/galeria/fotos/Movilizacion5P.jpg HTTP/1.1" 200 8859
190.240.88.147 - - [26/Dec/2015:21:40:38 -0500] "GET /galeria/galeria/fotos/Movilizacion8P.jpg HTTP/1.1" 200 8171
190.240.88.147 - - [26/Dec/2015:21:40:38 -0500] "GET /galeria/galeria/fotos/Movilizacion7P.jpg HTTP/1.1" 200 8214
190.240.88.147 - - [26/Dec/2015:21:40:38 -0500] "GET /galeria/galeria/fotos/Movilizacion9P.jpg HTTP/1.1" 200 7086
190.240.88.147 - - [26/Dec/2015:21:40:38 -0500] "GET /galeria/galeria/fotos/Movilizacion10P.jpg HTTP/1.1" 200 8536
190.240.88.147 - - [26/Dec/2015:21:40:38 -0500] "GET /galeria/galeria/fotos/Movilizacion13P.jpg HTTP/1.1" 200 8760
190.240.88.147 - - [26/Dec/2015:21:40:38 -0500] "GET /galeria/galeria/fotos/Movilizacion14P.jpg HTTP/1.1" 200 9394
190.240.88.147 - - [26/Dec/2015:21:40:38 -0500] "GET /galeria/galeria/fotos/Movilizacio-por-el-agua1P.jpg HTTP/1.1" 200 7549
190.240.88.147 - - [26/Dec/2015:21:40:38 -0500] "GET /galeria/galeria/fotos/Movilizacion11P.jpg HTTP/1.1" 200 9318
190.240.88.147 - - [26/Dec/2015:21:40:39 -0500] "GET /galeria/galeria/fotos/Movilizacio-por-el-agua2P.jpg HTTP/1.1" 200 8044
190.240.88.147 - - [26/Dec/2015:21:40:39 -0500] "GET /galeria/galeria/fotos/Movilizacio-por-el-agua3P.jpg HTTP/1.1" 200 8058
190.240.88.147 - - [26/Dec/2015:21:40:39 -0500] "GET /galeria/galeria/fotos/Movilizacio-por-el-agua4P.jpg HTTP/1.1" 200 10828
190.240.88.147 - - [26/Dec/2015:21:40:39 -0500] "GET /galeria/galeria/fotos/Movilizacio-por-el-agua5P.jpg HTTP/1.1" 200 11066
190.240.88.147 - - [26/Dec/2015:21:40:39 -0500] "GET /galeria/galeria/fotos/Caminando-la-tierra1P.jpg HTTP/1.1" 200 10414
190.240.88.147 - - [26/Dec/2015:21:40:39 -0500] "GET /galeria/galeria/fotos/Caminando-la-tierra2P.jpg HTTP/1.1" 200 9994
190.240.88.147 - - [26/Dec/2015:21:40:39 -0500] "GET /galeria/galeria/fotos/Caminando-la-tierra3P.jpg HTTP/1.1" 200 10203
190.240.88.147 - - [26/Dec/2015:21:40:39 -0500] "GET /galeria/galeria/fotos/Encuentro-de-Movimientos6P.jpg HTTP/1.1" 200 8320
190.240.88.147 - - [26/Dec/2015:21:40:39 -0500] "GET /galeria/galeria/fotos/Caminando-la-tierra4P.jpg HTTP/1.1" 200 10853
190.240.88.147 - - [26/Dec/2015:21:40:39 -0500] "GET /galeria/galeria/fotos/Caminando-la-tierra5P.jpg HTTP/1.1" 200 11967
190.240.88.147 - - [26/Dec/2015:21:40:39 -0500] "GET /galeria/galeria/fotos/Encuentro-de-Movimientos7P.jpg HTTP/1.1" 200 11052
190.240.88.147 - - [26/Dec/2015:21:40:39 -0500] "GET /galeria/galeria/fotos/Encuentro-de-Movimientos8P.jpg HTTP/1.1" 200 11333
190.240.88.147 - - [26/Dec/2015:21:40:39 -0500] "GET /galeria/galeria/fotos/Encuentro-de-Movimientos9P.jpg HTTP/1.1" 200 12419
190.240.88.147 - - [26/Dec/2015:21:40:39 -0500] "GET /galeria/galeria/fotos/Encuentro-de-Movimientos10P.jpg HTTP/1.1" 200 11491
190.240.88.147 - - [26/Dec/2015:21:40:39 -0500] "GET /galeria/galeria/fotos/Encuentro-de-Movimientos11P.jpg HTTP/1.1" 200 10157
190.240.88.147 - - [26/Dec/2015:21:40:39 -0500] "GET /galeria/galeria/fotos/Encuentro-de-Movimientos12P.jpg HTTP/1.1" 200 11262
190.240.88.147 - - [26/Dec/2015:21:40:39 -0500] "GET /galeria/galeria/fotos/Encuentro-de-Movimientos13P.jpg HTTP/1.1" 200 10757
190.240.88.147 - - [26/Dec/2015:21:40:39 -0500] "GET /galeria/galeria/fotos/Encuentro-de-Movimientos14P.jpg HTTP/1.1" 200 10359
190.240.88.147 - - [26/Dec/2015:21:40:39 -0500] "GET /galeria/galeria/fotos/Encuentro-de-Movimientos-sociales1P.jpg HTTP/1.1" 200 10577
190.240.88.147 - - [26/Dec/2015:21:40:39 -0500] "GET /galeria/galeria/fotos/Encuentro-de-Movimientos-sociales2P.jpg HTTP/1.1" 200 11104
190.240.88.147 - - [26/Dec/2015:21:40:39 -0500] "GET /galeria/galeria/fotos/Encuentro-de-Movimientos-sociales3P.jpg HTTP/1.1" 200 9964
190.240.88.147 - - [26/Dec/2015:21:40:39 -0500] "GET /galeria/galeria/fotos/Encuentro-de-Movimientos-sociales4P.jpg HTTP/1.1" 200 10754
190.240.88.147 - - [26/Dec/2015:21:40:39 -0500] "GET /galeria/galeria/fotos/Encuentro-de-Movimientos-sociales5P.jpg HTTP/1.1" 200 10619
190.240.88.147 - - [26/Dec/2015:21:40:39 -0500] "GET /galeria/galeria/fotos/Encuentro-de-Movimientos-sociales6P.jpg HTTP/1.1" 200 9873
190.240.88.147 - - [26/Dec/2015:21:40:45 -0500] "GET /BLA/boletinlegal/js/jquery.scrollShow.js HTTP/1.1" 304 -
190.240.88.147 - - [26/Dec/2015:21:40:45 -0500] "GET /galeria/galeria/jquery.fancybox.js?v=2.1.5 HTTP/1.1" 304 -
190.240.88.147 - - [26/Dec/2015:21:40:45 -0500] "GET /galeria/galeria/jquery.fancybox.css?v=2.1.5 HTTP/1.1" 304 -
190.240.88.147 - - [26/Dec/2015:21:40:45 -0500] "GET /galeria/galeria/fotos/Movilizacion12P.jpg HTTP/1.1" 304 -
190.240.88.147 - - [26/Dec/2015:21:40:45 -0500] "GET /galeria/galeria/fotos/Movilizacion2P.jpg HTTP/1.1" 304 -
190.240.88.147 - - [26/Dec/2015:21:40:45 -0500] "GET /galeria/galeria/fotos/Movilizacion4P.jpg HTTP/1.1" 304 -
190.240.88.147 - - [26/Dec/2015:21:40:45 -0500] "GET /galeria/galeria/fotos/Movilizacion5P.jpg HTTP/1.1" 304 -
190.240.88.147 - - [26/Dec/2015:21:40:45 -0500] "GET /galeria/galeria/fotos/Movilizacion6P.jpg HTTP/1.1" 304 -
190.240.88.147 - - [26/Dec/2015:21:40:45 -0500] "GET /galeria/galeria/fotos/Movilizacion7P.jpg HTTP/1.1" 304 -
190.240.88.147 - - [26/Dec/2015:21:40:45 -0500] "GET /galeria/galeria/fotos/Movilizacion8P.jpg HTTP/1.1" 304 -
190.240.88.147 - - [26/Dec/2015:21:40:45 -0500] "GET /galeria/galeria/fotos/Movilizacion11P.jpg HTTP/1.1" 304 -
190.240.88.147 - - [26/Dec/2015:21:40:45 -0500] "GET /galeria/galeria/fotos/Movilizacion9P.jpg HTTP/1.1" 304 -
190.240.88.147 - - [26/Dec/2015:21:40:45 -0500] "GET /galeria/galeria/fotos/Movilizacion13P.jpg HTTP/1.1" 304 -
190.240.88.147 - - [26/Dec/2015:21:40:45 -0500] "GET /galeria/galeria/fotos/Movilizacion14P.jpg HTTP/1.1" 304 -
190.240.88.147 - - [26/Dec/2015:21:40:45 -0500] "GET /galeria/galeria/fotos/Movilizacion10P.jpg HTTP/1.1" 304 -
190.240.88.147 - - [26/Dec/2015:21:40:45 -0500] "GET /galeria/galeria/fotos/Movilizacio-por-el-agua1P.jpg HTTP/1.1" 304 -
190.240.88.147 - - [26/Dec/2015:21:40:45 -0500] "GET /galeria/galeria/fotos/Movilizacio-por-el-agua3P.jpg HTTP/1.1" 304 -
190.240.88.147 - - [26/Dec/2015:21:40:45 -0500] "GET /galeria/galeria/fotos/Movilizacio-por-el-agua2P.jpg HTTP/1.1" 304 -
190.240.88.147 - - [26/Dec/2015:21:40:45 -0500] "GET /galeria/galeria/fotos/Movilizacio-por-el-agua5P.jpg HTTP/1.1" 304 -
190.240.88.147 - - [26/Dec/2015:21:40:45 -0500] "GET /galeria/galeria/fotos/Movilizacio-por-el-agua4P.jpg HTTP/1.1" 304 -
190.240.88.147 - - [26/Dec/2015:21:40:45 -0500] "GET /galeria/galeria/fotos/Caminando-la-tierra2P.jpg HTTP/1.1" 304 -
190.240.88.147 - - [26/Dec/2015:21:40:45 -0500] "GET /galeria/galeria/fotos/Caminando-la-tierra1P.jpg HTTP/1.1" 304 -
190.240.88.147 - - [26/Dec/2015:21:40:45 -0500] "GET /galeria/galeria/fotos/Caminando-la-tierra3P.jpg HTTP/1.1" 304 -
190.240.88.147 - - [26/Dec/2015:21:40:45 -0500] "GET /galeria/galeria/fotos/Caminando-la-tierra5P.jpg HTTP/1.1" 304 -
190.240.88.147 - - [26/Dec/2015:21:40:45 -0500] "GET /galeria/galeria/fotos/Caminando-la-tierra4P.jpg HTTP/1.1" 304 -
190.240.88.147 - - [26/Dec/2015:21:40:45 -0500] "GET /galeria/galeria/fotos/Encuentro-de-Movimientos6P.jpg HTTP/1.1" 304 -
190.240.88.147 - - [26/Dec/2015:21:40:45 -0500] "GET /galeria/galeria/fotos/Encuentro-de-Movimientos8P.jpg HTTP/1.1" 304 -
190.240.88.147 - - [26/Dec/2015:21:40:45 -0500] "GET /galeria/galeria/fotos/Encuentro-de-Movimientos7P.jpg HTTP/1.1" 304 -
190.240.88.147 - - [26/Dec/2015:21:40:45 -0500] "GET /galeria/galeria/fotos/Encuentro-de-Movimientos9P.jpg HTTP/1.1" 304 -
190.240.88.147 - - [26/Dec/2015:21:40:45 -0500] "GET /galeria/galeria/fotos/Encuentro-de-Movimientos10P.jpg HTTP/1.1" 304 -
190.240.88.147 - - [26/Dec/2015:21:40:45 -0500] "GET /galeria/galeria/fotos/Encuentro-de-Movimientos11P.jpg HTTP/1.1" 304 -
190.240.88.147 - - [26/Dec/2015:21:40:45 -0500] "GET /galeria/galeria/fotos/Encuentro-de-Movimientos12P.jpg HTTP/1.1" 304 -
190.240.88.147 - - [26/Dec/2015:21:40:45 -0500] "GET /galeria/galeria/fotos/Encuentro-de-Movimientos13P.jpg HTTP/1.1" 304 -
190.240.88.147 - - [26/Dec/2015:21:40:45 -0500] "GET /galeria/galeria/fotos/Encuentro-de-Movimientos14P.jpg HTTP/1.1" 304 -
190.240.88.147 - - [26/Dec/2015:21:40:45 -0500] "GET /galeria/galeria/fotos/Encuentro-de-Movimientos-sociales2P.jpg HTTP/1.1" 304 -
190.240.88.147 - - [26/Dec/2015:21:40:45 -0500] "GET /galeria/galeria/fotos/Encuentro-de-Movimientos-sociales1P.jpg HTTP/1.1" 304 -
190.240.88.147 - - [26/Dec/2015:21:40:45 -0500] "GET /galeria/galeria/fotos/Encuentro-de-Movimientos-sociales3P.jpg HTTP/1.1" 304 -
190.240.88.147 - - [26/Dec/2015:21:40:45 -0500] "GET /galeria/galeria/fotos/Encuentro-de-Movimientos-sociales4P.jpg HTTP/1.1" 304 -
190.240.88.147 - - [26/Dec/2015:21:40:45 -0500] "GET /galeria/galeria/fotos/Encuentro-de-Movimientos-sociales5P.jpg HTTP/1.1" 304 -
190.240.88.147 - - [26/Dec/2015:21:40:45 -0500] "GET /galeria/galeria/fotos/Encuentro-de-Movimientos-sociales6P.jpg HTTP/1.1" 304 -
66.249.64.96 - - [26/Dec/2015:21:40:52 -0500] "GET /BLA/resoluciones/AUTOS%202013/0951.pdf HTTP/1.1" 200 1389484
66.249.64.96 - - [26/Dec/2015:21:40:55 -0500] "GET /BLA/resoluciones/AUTOS%202011/4004.pdf HTTP/1.1" 200 475944
157.55.39.79 - - [26/Dec/2015:21:40:59 -0500] "GET /robots.txt HTTP/1.1" 404 1018
186.144.119.92 - - [26/Dec/2015:21:41:07 -0500] "GET /galeria/galeria/jquery.fancybox.css?v=2.1.5 HTTP/1.1" 200 4895
186.144.119.92 - - [26/Dec/2015:21:41:07 -0500] "GET /galeria/galeria/jquery.fancybox.js?v=2.1.5 HTTP/1.1" 200 48706
186.144.119.92 - - [26/Dec/2015:21:41:07 -0500] "GET /galeria/galeria/fotos/Humedal-Santa-Mar%C3%ADa-del-Lago1P.jpg HTTP/1.1" 200 26912
186.144.119.92 - - [26/Dec/2015:21:41:07 -0500] "GET /galeria/galeria/fotos/Humedal-Santa-Mar%C3%ADa-del-Lago2P.jpg HTTP/1.1" 200 37138
186.144.119.92 - - [26/Dec/2015:21:41:07 -0500] "GET /galeria/galeria/fotos/Humedal-Santa-Mar%C3%ADa-del-Lago3P.jpg HTTP/1.1" 200 30161
186.144.119.92 - - [26/Dec/2015:21:41:07 -0500] "GET /galeria/galeria/fotos/Humedal-Santa-Mar%C3%ADa-del-Lago4P.jpg HTTP/1.1" 200 33121
157.55.39.79 - - [26/Dec/2015:21:41:09 -0500] "GET /BLA/boletinlegal/js/jquery.scrollShow.js HTTP/1.1" 200 4586
74.88.51.80 - - [26/Dec/2015:21:41:11 -0500] "POST /forms/lservlet;jsessionid=ac16012b30d740878043f87e4b25988f8f70ef519dba.e3iSbxaKaheRe38KbN0Rb34Mc3j0n6jAmljGr5XDqQLvpAe HTTP/1.1" 200 2
69.162.124.233 - - [26/Dec/2015:21:41:17 -0500] "HEAD / HTTP/1.1" 200 -
200.118.11.205 - - [26/Dec/2015:21:41:35 -0500] "POST /forms/lservlet;jsessionid=ac16012b30d776cf329062d948c6b710b4d8d809d8f6.e3iSbxaKaheRe38KbN0Rb34Mc3j0n6jAmljGr5XDqQLvpAe HTTP/1.1" 200 2
186.28.31.180 - - [26/Dec/2015:21:42:39 -0500] "GET /BLA/boletinlegal/js/jquery.scrollShow.js HTTP/1.1" 200 4586
186.28.31.180 - - [26/Dec/2015:21:42:39 -0500] "GET /galeria/galeria/jquery.fancybox.js?v=2.1.5 HTTP/1.1" 200 48706
186.28.31.180 - - [26/Dec/2015:21:42:39 -0500] "GET /galeria/galeria/jquery.fancybox.css?v=2.1.5 HTTP/1.1" 200 4895
186.28.31.180 - - [26/Dec/2015:21:42:48 -0500] "GET /BLA/boletinlegal/js/jquery.scrollShow.js HTTP/1.1" 304 -
186.28.31.180 - - [26/Dec/2015:21:42:48 -0500] "GET /galeria/galeria/jquery.fancybox.js?v=2.1.5 HTTP/1.1" 304 -
186.28.31.180 - - [26/Dec/2015:21:42:48 -0500] "GET /galeria/galeria/jquery.fancybox.css?v=2.1.5 HTTP/1.1" 304 -
66.249.64.101 - - [26/Dec/2015:21:42:52 -0500] "GET /BLA/resoluciones/RESOLUCIONES%202007/RES%202007%20701%20AL%20800/RESOLUCION%200762%20DE%202007.pdf HTTP/1.1" 200 295850
66.249.64.96 - - [26/Dec/2015:21:42:53 -0500] "GET /BLA/resoluciones/RESOLUCIONES%202010/2842.pdf HTTP/1.1" 200 463005
74.88.51.80 - - [26/Dec/2015:21:43:15 -0500] "POST /forms/lservlet;jsessionid=ac16012b30d740878043f87e4b25988f8f70ef519dba.e3iSbxaKaheRe38KbN0Rb34Mc3j0n6jAmljGr5XDqQLvpAe HTTP/1.1" 200 2
66.249.64.96 - - [26/Dec/2015:21:43:19 -0500] "GET /BLA/resoluciones/AUTOS%202007/3768.pdf HTTP/1.1" 200 221922
181.55.229.105 - - [26/Dec/2015:21:43:23 -0500] "GET /BLA/boletinlegal/js/jquery.scrollShow.js HTTP/1.1" 200 4586
181.55.229.105 - - [26/Dec/2015:21:43:25 -0500] "GET /galeria/galeria/jquery.fancybox.js?v=2.1.5 HTTP/1.1" 200 48706
181.55.229.105 - - [26/Dec/2015:21:43:25 -0500] "GET /galeria/galeria/jquery.fancybox.css?v=2.1.5 HTTP/1.1" 200 4895
181.55.229.105 - - [26/Dec/2015:21:43:25 -0500] "GET /galeria/carrusel/Carrusel/jquery.thumbnailScroller.css HTTP/1.1" 200 2066
181.55.229.105 - - [26/Dec/2015:21:43:25 -0500] "GET /galeria/carrusel/Carrusel/jquery-ui-1.8.13.custom.min.js HTTP/1.1" 200 10800
181.55.229.105 - - [26/Dec/2015:21:43:25 -0500] "GET /galeria/carrusel/Carrusel/jquery.thumbnailScroller.js HTTP/1.1" 200 8157
181.55.229.105 - - [26/Dec/2015:21:43:27 -0500] "GET /galeria/nivo-slider/demo/demo.html HTTP/1.1" 200 4456
181.55.229.105 - - [26/Dec/2015:21:43:27 -0500] "GET /galeria/nivo-slider/demo/style.css HTTP/1.1" 200 2222
181.55.229.105 - - [26/Dec/2015:21:43:27 -0500] "GET /galeria/nivo-slider/themes/pascal/pascal.css HTTP/1.1" 200 2258
181.55.229.105 - - [26/Dec/2015:21:43:27 -0500] "GET /galeria/nivo-slider/themes/default/default.css HTTP/1.1" 200 1569
181.55.229.105 - - [26/Dec/2015:21:43:27 -0500] "GET /galeria/nivo-slider/themes/orman/orman.css HTTP/1.1" 200 2152
181.55.229.105 - - [26/Dec/2015:21:43:27 -0500] "GET /galeria/nivo-slider/nivo-slider.css HTTP/1.1" 200 1507
181.55.229.105 - - [26/Dec/2015:21:43:27 -0500] "GET /galeria/nivo-slider/jquery.nivo.slider.pack.js HTTP/1.1" 200 11561
181.55.229.105 - - [26/Dec/2015:21:43:27 -0500] "GET /galeria/nivo-slider/demo/images/2Banner-encuestaSDA.jpg HTTP/1.1" 200 208228
181.55.229.105 - - [26/Dec/2015:21:43:27 -0500] "GET /galeria/nivo-slider/demo/scripts/jquery-1.7.1.min.js HTTP/1.1" 200 93868
181.55.229.105 - - [26/Dec/2015:21:43:27 -0500] "GET /galeria/nivo-slider/demo/images/ambientales.jpg HTTP/1.1" 200 397233
181.55.229.105 - - [26/Dec/2015:21:43:27 -0500] "GET /galeria/nivo-slider/demo/images/ABC-Plan-de-contigencia.jpg HTTP/1.1" 200 401853
181.55.229.105 - - [26/Dec/2015:21:43:27 -0500] "GET /galeria/nivo-slider/demo/images/Programacion-navidena.jpg HTTP/1.1" 200 316038
181.55.229.105 - - [26/Dec/2015:21:43:29 -0500] "GET /galeria/nivo-slider/demo/images/4Simple_Slider.png HTTP/1.1" 200 11722
181.55.229.105 - - [26/Dec/2015:21:43:31 -0500] "GET /galeria/nivo-slider/themes/default/loading.gif HTTP/1.1" 200 1737
181.55.229.105 - - [26/Dec/2015:21:43:34 -0500] "GET /galeria/nivo-slider/demo/images/banner-llantas2015.jpg HTTP/1.1" 200 185615
181.55.229.105 - - [26/Dec/2015:21:43:34 -0500] "GET /galeria/nivo-slider/demo/images/caminata-ecologica.jpg HTTP/1.1" 200 161069
200.118.11.205 - - [26/Dec/2015:21:43:35 -0500] "POST /forms/lservlet;jsessionid=ac16012b30d776cf329062d948c6b710b4d8d809d8f6.e3iSbxaKaheRe38KbN0Rb34Mc3j0n6jAmljGr5XDqQLvpAe HTTP/1.1" 200 2
181.55.229.105 - - [26/Dec/2015:21:43:35 -0500] "GET /galeria/nivo-slider/demo/images/Banner-ahorro-de-agua.jpg HTTP/1.1" 200 149141
181.55.229.105 - - [26/Dec/2015:21:43:35 -0500] "GET /galeria/nivo-slider/demo/images/Cmapana-onestidad.jpg HTTP/1.1" 200 141638
181.55.229.105 - - [26/Dec/2015:21:43:37 -0500] "GET /galeria/nivo-slider/demo/images/PREDAcamp.jpg HTTP/1.1" 200 295358
181.55.229.105 - - [26/Dec/2015:21:43:37 -0500] "GET /galeria/nivo-slider/demo/images/banner-llantas2.jpg HTTP/1.1" 200 204644
181.55.229.105 - - [26/Dec/2015:21:43:38 -0500] "GET /galeria/nivo-slider/demo/images/9Signos.jpg HTTP/1.1" 200 81776
181.55.229.105 - - [26/Dec/2015:21:43:38 -0500] "GET /galeria/nivo-slider/demo/images/Ruta-vertimientos-01.jpg HTTP/1.1" 200 130151
181.55.229.105 - - [26/Dec/2015:21:43:38 -0500] "GET /galeria/nivo-slider/demo/images/bolsas-06.jpg HTTP/1.1" 200 90982
181.55.229.105 - - [26/Dec/2015:21:43:39 -0500] "GET /galeria/nivo-slider/demo/images/Conoce-los-humedales.jpg HTTP/1.1" 200 294036
181.55.229.105 - - [26/Dec/2015:21:43:39 -0500] "GET /galeria/nivo-slider/demo/images/ecolecta-Dic2014.png HTTP/1.1" 200 288593
181.55.229.105 - - [26/Dec/2015:21:43:45 -0500] "GET /galeria/nivo-slider/themes/default/arrows.png HTTP/1.1" 200 824
181.55.229.105 - - [26/Dec/2015:21:43:45 -0500] "GET /galeria/nivo-slider/themes/default/bullets.png HTTP/1.1" 200 1281
66.249.64.96 - - [26/Dec/2015:21:43:46 -0500] "GET /BLA/resoluciones/RESOLUCIONES%202007/RES%202007%203601%20AL%203700/RESOLUCION%203604%20DE%202007.pdf HTTP/1.1" 200 610578
186.84.189.224 - - [26/Dec/2015:21:44:09 -0500] "GET /galeria/galeria/jquery.fancybox.css?v=2.1.5 HTTP/1.1" 200 4895
186.84.189.224 - - [26/Dec/2015:21:44:09 -0500] "GET /BLA/boletinlegal/js/jquery.scrollShow.js HTTP/1.1" 200 4586
186.84.189.224 - - [26/Dec/2015:21:44:09 -0500] "GET /galeria/galeria/jquery.fancybox.js?v=2.1.5 HTTP/1.1" 200 48706
186.84.189.224 - - [26/Dec/2015:21:44:12 -0500] "GET /galeria/galeria/jquery.fancybox.js?v=2.1.5 HTTP/1.1" 304 -
186.84.189.224 - - [26/Dec/2015:21:44:12 -0500] "GET /BLA/boletinlegal/js/jquery.scrollShow.js HTTP/1.1" 304 -
186.84.189.224 - - [26/Dec/2015:21:44:12 -0500] "GET /galeria/galeria/jquery.fancybox.css?v=2.1.5 HTTP/1.1" 304 -
66.249.64.243 - - [26/Dec/2015:21:44:13 -0500] "GET /galeria/galeria/fotos/Humedal-Tibanica4G.jpg HTTP/1.1" 304 -
66.249.64.96 - - [26/Dec/2015:21:44:14 -0500] "GET /BLA/resoluciones/AUTOS%202014/6833.pdf HTTP/1.1" 200 481766
66.249.64.238 - - [26/Dec/2015:21:44:15 -0500] "GET /galeria/nivo-slider/demo/images/atenion-1-abril.jpg HTTP/1.1" 200 60039
201.220.242.1 - - [26/Dec/2015:21:44:19 -0500] "GET /galeria/galeria/jquery.fancybox.css?v=2.1.5 HTTP/1.1" 200 4895
201.220.242.1 - - [26/Dec/2015:21:44:19 -0500] "GET /BLA/boletinlegal/js/jquery.scrollShow.js HTTP/1.1" 200 4586
201.220.242.1 - - [26/Dec/2015:21:44:19 -0500] "GET /galeria/galeria/jquery.fancybox.js?v=2.1.5 HTTP/1.1" 200 48706
201.220.242.1 - - [26/Dec/2015:21:44:30 -0500] "GET /galeria/galeria/jquery.fancybox.js?v=2.1.5 HTTP/1.1" 304 -
201.220.242.1 - - [26/Dec/2015:21:44:30 -0500] "GET /galeria/galeria/jquery.fancybox.css?v=2.1.5 HTTP/1.1" 304 -
201.220.242.1 - - [26/Dec/2015:21:44:30 -0500] "GET /BLA/boletinlegal/js/jquery.scrollShow.js HTTP/1.1" 304 -
74.88.51.80 - - [26/Dec/2015:21:45:15 -0500] "POST /forms/lservlet;jsessionid=ac16012b30d740878043f87e4b25988f8f70ef519dba.e3iSbxaKaheRe38KbN0Rb34Mc3j0n6jAmljGr5XDqQLvpAe HTTP/1.1" 200 2
40.77.167.75 - - [26/Dec/2015:21:45:33 -0500] "GET /pot?C=M;O=A HTTP/1.1" 404 1019
40.77.167.75 - - [26/Dec/2015:21:45:33 -0500] "GET /POT-2013/index.php?dir=SEGUIMIENTO/&sort=date&order=asc HTTP/1.1" 200 2147
40.77.167.75 - - [26/Dec/2015:21:45:33 -0500] "GET /huelladecarbono/soluciones.html HTTP/1.1" 200 6658
40.77.167.75 - - [26/Dec/2015:21:45:33 -0500] "GET /POT-2013/SEGUIMIENTO/Anexos_POT_PDD_OCT25.xls.pdf HTTP/1.1" 200 225569
40.77.167.75 - - [26/Dec/2015:21:45:33 -0500] "GET /POT-2013/index.php?dir=SEGUIMIENTO/&sort=size&order=asc HTTP/1.1" 200 2147
40.77.167.75 - - [26/Dec/2015:21:45:33 -0500] "GET /Autoliquidacion/index.php?dir=TR\xc3\x81MITES%20AGUAS%20SUBTERR\xc3\x81NEAS/&sort=date&order=asc HTTP/1.1" 200 6617
40.77.167.75 - - [26/Dec/2015:21:45:34 -0500] "GET /POT-2013/index.php?dir=SEGUIMIENTO/&sort=size&order=desc HTTP/1.1" 200 2146
40.77.167.75 - - [26/Dec/2015:21:45:34 -0500] "GET / HTTP/1.1" 200 10190
40.77.167.75 - - [26/Dec/2015:21:45:34 -0500] "GET /Autoliquidacion/index.php?dir=TR\xc3\x81MITES%20AGUAS%20SUBTERR\xc3\x81NEAS/&sort=size&order=asc HTTP/1.1" 200 6617
200.118.11.205 - - [26/Dec/2015:21:45:35 -0500] "POST /forms/lservlet;jsessionid=ac16012b30d776cf329062d948c6b710b4d8d809d8f6.e3iSbxaKaheRe38KbN0Rb34Mc3j0n6jAmljGr5XDqQLvpAe HTTP/1.1" 200 2
66.249.64.106 - - [26/Dec/2015:21:45:52 -0500] "GET /BLA/resoluciones/RESOLUCIONES%202010/4771.pdf HTTP/1.1" 304 -
66.249.64.96 - - [26/Dec/2015:21:45:53 -0500] "GET /BLA/resoluciones/AUTOS%202012/0994.pdf HTTP/1.1" 200 237936
179.33.117.85 - - [26/Dec/2015:21:45:57 -0500] "GET /BLA/resoluciones/RESOLUCIONES%202007/RES%202007%203801%20AL%203900/RESOLUCION%203869%20DE%202007.pdf HTTP/1.1" 200 385895
181.61.128.28 - - [26/Dec/2015:21:46:01 -0500] "GET / HTTP/1.1" 200 10190
181.61.128.28 - - [26/Dec/2015:21:46:01 -0500] "GET /css/bootstrap.min.css HTTP/1.1" 200 105939
181.61.128.28 - - [26/Dec/2015:21:46:01 -0500] "GET /css/style.css HTTP/1.1" 200 3610
181.61.128.28 - - [26/Dec/2015:21:46:01 -0500] "GET /js/jquery.js HTTP/1.1" 200 97120
181.61.128.28 - - [26/Dec/2015:21:46:01 -0500] "GET /css/bootstrap.min.css HTTP/1.1" 206 1
181.61.128.28 - - [26/Dec/2015:21:46:02 -0500] "GET /css/bootstrap.min.css HTTP/1.1" 206 103308
179.33.117.85 - - [26/Dec/2015:21:46:02 -0500] "GET /BLA/resoluciones/RESOLUCIONES%202007/RES%202007%203801%20AL%203900/RESOLUCION%203869%20DE%202007.pdf HTTP/1.1" 200 385895
69.162.124.233 - - [26/Dec/2015:21:46:17 -0500] "HEAD / HTTP/1.1" 200 -
190.26.210.162 - - [26/Dec/2015:21:46:21 -0500] "GET /galeria/juegos/ear/EARI.swf HTTP/1.1" 304 -
66.249.64.106 - - [26/Dec/2015:21:46:25 -0500] "GET /BLA/resoluciones/RESOLUCIONES%202010/4619.pdf HTTP/1.1" 304 -
190.26.210.162 - - [26/Dec/2015:21:46:37 -0500] "GET /videos/galeria-cronicas/1V3wnplaylist.htm? HTTP/1.1" 200 4013
190.26.210.162 - - [26/Dec/2015:21:46:37 -0500] "GET /videos/galeria-cronicas/ HTTP/1.1" 200 3979
66.249.64.96 - - [26/Dec/2015:21:46:57 -0500] "GET /BLA/resoluciones/RESOLUCIONES%202007/RES%202007%203801%20AL%203900/RESOLUCION%203808%20DE%202007.pdf HTTP/1.1" 304 -
179.33.117.85 - - [26/Dec/2015:21:46:59 -0500] "GET /BLA/resoluciones/RESOLUCIONES%202007/RES%202007%203801%20AL%203900/RESOLUCION%203869%20DE%202007.pdf HTTP/1.1" 200 385895
74.88.51.80 - - [26/Dec/2015:21:47:16 -0500] "POST /forms/lservlet;jsessionid=ac16012b30d740878043f87e4b25988f8f70ef519dba.e3iSbxaKaheRe38KbN0Rb34Mc3j0n6jAmljGr5XDqQLvpAe HTTP/1.1" 200 2
200.118.11.205 - - [26/Dec/2015:21:47:35 -0500] "POST /forms/lservlet;jsessionid=ac16012b30d776cf329062d948c6b710b4d8d809d8f6.e3iSbxaKaheRe38KbN0Rb34Mc3j0n6jAmljGr5XDqQLvpAe HTTP/1.1" 200 2
207.46.13.106 - - [26/Dec/2015:21:48:44 -0500] "GET /robots.txt HTTP/1.1" 404 1019
207.46.13.106 - - [26/Dec/2015:21:48:47 -0500] "GET /SIG/index.php?dir=ECS/&sort=date&order=asc HTTP/1.1" 200 16570
207.46.13.106 - - [26/Dec/2015:21:48:48 -0500] "GET /SIG/Control%20Disciplinario/plantilla%20para%20Procedimientos%20-%20disciplinario%20verbal%20version%20070.pdf HTTP/1.1" 200 1019404
207.46.13.106 - - [26/Dec/2015:21:48:48 -0500] "GET /SIG/Control%20Disciplinario/plantilla%20para%20Procedimientos%20-%20segunda%20instancia%20version%20050.pdf HTTP/1.1" 200 855222
207.46.13.106 - - [26/Dec/2015:21:48:49 -0500] "GET /SIG/index.php?dir=ECS/&sort=size&order=asc HTTP/1.1" 200 16570
207.46.13.106 - - [26/Dec/2015:21:48:49 -0500] "GET /pot?C=S;O=A HTTP/1.1" 404 1019
207.46.13.106 - - [26/Dec/2015:21:48:50 -0500] "GET /SIG/index.php?dir=ECS/&sort=name&order=desc HTTP/1.1" 200 16569
207.46.13.106 - - [26/Dec/2015:21:48:50 -0500] "GET /POT-2013/index.php?dir=SEGUIMIENTO/&sort=name&order=desc HTTP/1.1" 200 2146
207.46.13.106 - - [26/Dec/2015:21:48:50 -0500] "GET /Anexos%20estudio%20Organizacional%20SDA/ANEXO%20No.%201-%20NORMAS%20LEGALES%20DE%20ESTRUCTURA%20Y%20PLANTA/Decreto%20562%20de%202006%20-%20Establece%20planta%20de%20cargos%20de%20SDA.jsp_files/jquery-1.js HTTP/1.1" 200 57254
207.46.13.106 - - [26/Dec/2015:21:48:50 -0500] "GET /SIG/Control%20Disciplinario/plantilla%20para%20Procedimientos%20-%20disciplinario%20ordinario%20version%20080.pdf HTTP/1.1" 200 2256826
66.249.64.96 - - [26/Dec/2015:21:49:03 -0500] "GET /BLA/resoluciones/AUTOS%202012/0396.pdf HTTP/1.1" 200 163924
66.249.64.96 - - [26/Dec/2015:21:49:04 -0500] "GET /BLA/resoluciones/AUTOS%202014/1413.pdf HTTP/1.1" 200 557159
74.88.51.80 - - [26/Dec/2015:21:49:16 -0500] "POST /forms/lservlet;jsessionid=ac16012b30d740878043f87e4b25988f8f70ef519dba.e3iSbxaKaheRe38KbN0Rb34Mc3j0n6jAmljGr5XDqQLvpAe HTTP/1.1" 200 2
66.249.64.96 - - [26/Dec/2015:21:49:29 -0500] "GET /BLA/resoluciones/RESOLUCIONES%202010/1793.pdf HTTP/1.1" 200 489559
152.201.172.49 - - [26/Dec/2015:21:49:32 -0500] "GET /galeria/galeria/fotos/mirador4G.jpg HTTP/1.1" 200 159827
200.118.11.205 - - [26/Dec/2015:21:49:35 -0500] "POST /forms/lservlet;jsessionid=ac16012b30d776cf329062d948c6b710b4d8d809d8f6.e3iSbxaKaheRe38KbN0Rb34Mc3j0n6jAmljGr5XDqQLvpAe HTTP/1.1" 200 2
66.249.64.96 - - [26/Dec/2015:21:49:56 -0500] "GET /BLA/resoluciones/RESOLUCIONES%202008/1004.pdf HTTP/1.1" 200 238939
186.170.201.115 - - [26/Dec/2015:21:50:25 -0500] "GET /galeria/galeria/jquery.fancybox.css?v=2.1.5 HTTP/1.1" 200 4895
186.170.201.115 - - [26/Dec/2015:21:50:25 -0500] "GET /BLA/boletinlegal/js/jquery.scrollShow.js HTTP/1.1" 200 4586
186.170.201.115 - - [26/Dec/2015:21:50:25 -0500] "GET /galeria/galeria/jquery.fancybox.js?v=2.1.5 HTTP/1.1" 200 48706
186.170.201.115 - - [26/Dec/2015:21:50:31 -0500] "GET /BLA/boletinlegal/js/jquery.scrollShow.js HTTP/1.1" 304 -
186.170.201.115 - - [26/Dec/2015:21:50:31 -0500] "GET /galeria/galeria/jquery.fancybox.css?v=2.1.5 HTTP/1.1" 304 -
186.170.201.115 - - [26/Dec/2015:21:50:31 -0500] "GET /galeria/galeria/jquery.fancybox.js?v=2.1.5 HTTP/1.1" 304 -
177.252.133.228 - - [26/Dec/2015:21:50:48 -0500] "GET /galeria/galeria/jquery.fancybox.css?v=2.1.5 HTTP/1.1" 200 4895
177.252.133.228 - - [26/Dec/2015:21:50:48 -0500] "GET /galeria/carrusel/Carrusel/jquery.thumbnailScroller.css HTTP/1.1" 200 2066
177.252.133.228 - - [26/Dec/2015:21:50:48 -0500] "GET /BLA/boletinlegal/js/jquery.scrollShow.js HTTP/1.1" 200 4586
177.252.133.228 - - [26/Dec/2015:21:50:48 -0500] "GET /galeria/galeria/jquery.fancybox.js?v=2.1.5 HTTP/1.1" 200 48706
177.252.133.228 - - [26/Dec/2015:21:50:48 -0500] "GET /galeria/carrusel/Carrusel/jquery.thumbnailScroller.js HTTP/1.1" 200 8157
177.252.133.228 - - [26/Dec/2015:21:50:48 -0500] "GET /galeria/carrusel/Carrusel/jquery-ui-1.8.13.custom.min.js HTTP/1.1" 200 10800
177.252.133.228 - - [26/Dec/2015:21:50:50 -0500] "GET /galeria/nivo-slider/demo/demo.html HTTP/1.1" 200 4456
177.252.133.228 - - [26/Dec/2015:21:50:50 -0500] "GET /galeria/nivo-slider/themes/orman/orman.css HTTP/1.1" 200 2152
177.252.133.228 - - [26/Dec/2015:21:50:50 -0500] "GET /galeria/nivo-slider/themes/default/default.css HTTP/1.1" 200 1569
177.252.133.228 - - [26/Dec/2015:21:50:50 -0500] "GET /galeria/nivo-slider/themes/pascal/pascal.css HTTP/1.1" 200 2258
177.252.133.228 - - [26/Dec/2015:21:50:50 -0500] "GET /galeria/nivo-slider/nivo-slider.css HTTP/1.1" 200 1507
177.252.133.228 - - [26/Dec/2015:21:50:50 -0500] "GET /galeria/nivo-slider/demo/style.css HTTP/1.1" 200 2222
177.252.133.228 - - [26/Dec/2015:21:50:50 -0500] "GET /galeria/nivo-slider/demo/scripts/jquery-1.7.1.min.js HTTP/1.1" 200 93868
177.252.133.228 - - [26/Dec/2015:21:50:50 -0500] "GET /galeria/nivo-slider/jquery.nivo.slider.pack.js HTTP/1.1" 200 11561
177.252.133.228 - - [26/Dec/2015:21:50:50 -0500] "GET /galeria/nivo-slider/demo/images/4Simple_Slider.png HTTP/1.1" 200 11722
177.252.133.228 - - [26/Dec/2015:21:50:50 -0500] "GET /galeria/nivo-slider/themes/default/loading.gif HTTP/1.1" 200 1737
177.252.133.228 - - [26/Dec/2015:21:50:51 -0500] "GET /galeria/nivo-slider/demo/images/ambientales.jpg HTTP/1.1" 200 397233
177.252.133.228 - - [26/Dec/2015:21:50:51 -0500] "GET /galeria/nivo-slider/demo/images/Programacion-navidena.jpg HTTP/1.1" 200 316038
177.252.133.228 - - [26/Dec/2015:21:50:51 -0500] "GET /galeria/nivo-slider/demo/images/2Banner-encuestaSDA.jpg HTTP/1.1" 200 208228
177.252.133.228 - - [26/Dec/2015:21:50:51 -0500] "GET /galeria/nivo-slider/demo/images/ABC-Plan-de-contigencia.jpg HTTP/1.1" 200 401853
177.252.133.228 - - [26/Dec/2015:21:50:51 -0500] "GET /galeria/nivo-slider/demo/images/banner-llantas2015.jpg HTTP/1.1" 200 185615
177.252.133.228 - - [26/Dec/2015:21:50:51 -0500] "GET /galeria/nivo-slider/demo/images/caminata-ecologica.jpg HTTP/1.1" 200 161069
177.252.133.228 - - [26/Dec/2015:21:50:52 -0500] "GET /galeria/nivo-slider/demo/images/Banner-ahorro-de-agua.jpg HTTP/1.1" 200 149141
177.252.133.228 - - [26/Dec/2015:21:50:53 -0500] "GET /galeria/nivo-slider/demo/images/Cmapana-onestidad.jpg HTTP/1.1" 200 141638
177.252.133.228 - - [26/Dec/2015:21:50:53 -0500] "GET /galeria/nivo-slider/demo/images/PREDAcamp.jpg HTTP/1.1" 200 295358
177.252.133.228 - - [26/Dec/2015:21:50:53 -0500] "GET /galeria/nivo-slider/demo/images/banner-llantas2.jpg HTTP/1.1" 200 204644
177.252.133.228 - - [26/Dec/2015:21:50:53 -0500] "GET /galeria/nivo-slider/demo/images/9Signos.jpg HTTP/1.1" 200 81776
177.252.133.228 - - [26/Dec/2015:21:50:53 -0500] "GET /galeria/nivo-slider/demo/images/Ruta-vertimientos-01.jpg HTTP/1.1" 200 130151
177.252.133.228 - - [26/Dec/2015:21:50:54 -0500] "GET /galeria/nivo-slider/demo/images/bolsas-06.jpg HTTP/1.1" 200 90982
177.252.133.228 - - [26/Dec/2015:21:50:54 -0500] "GET /galeria/nivo-slider/demo/images/Conoce-los-humedales.jpg HTTP/1.1" 200 294036
177.252.133.228 - - [26/Dec/2015:21:50:54 -0500] "GET /galeria/nivo-slider/demo/images/ecolecta-Dic2014.png HTTP/1.1" 200 288593
177.252.133.228 - - [26/Dec/2015:21:50:56 -0500] "GET /galeria/nivo-slider/themes/default/arrows.png HTTP/1.1" 200 824
177.252.133.228 - - [26/Dec/2015:21:50:56 -0500] "GET /galeria/nivo-slider/themes/default/bullets.png HTTP/1.1" 200 1281
69.162.124.233 - - [26/Dec/2015:21:51:17 -0500] "HEAD / HTTP/1.1" 200 -
74.88.51.80 - - [26/Dec/2015:21:51:17 -0500] "POST /forms/lservlet;jsessionid=ac16012b30d740878043f87e4b25988f8f70ef519dba.e3iSbxaKaheRe38KbN0Rb34Mc3j0n6jAmljGr5XDqQLvpAe HTTP/1.1" 200 2
181.50.91.94 - - [26/Dec/2015:21:51:21 -0500] "GET /BLA/boletinlegal/js/jquery.scrollShow.js HTTP/1.1" 200 4586
181.50.91.94 - - [26/Dec/2015:21:51:21 -0500] "GET /galeria/galeria/jquery.fancybox.js?v=2.1.5 HTTP/1.1" 200 48706
181.50.91.94 - - [26/Dec/2015:21:51:21 -0500] "GET /BLA/boletinlegal/images/pdf.gif HTTP/1.1" 200 567
181.50.91.94 - - [26/Dec/2015:21:51:21 -0500] "GET /BLA/boletinlegal/images/video.png HTTP/1.1" 200 57565
181.50.91.94 - - [26/Dec/2015:21:51:21 -0500] "GET /galeria/galeria/jquery.fancybox.css?v=2.1.5 HTTP/1.1" 200 4895
181.50.91.94 - - [26/Dec/2015:21:51:27 -0500] "GET /galeria/galeria/jquery.fancybox.js?v=2.1.5 HTTP/1.1" 304 -
181.50.91.94 - - [26/Dec/2015:21:51:27 -0500] "GET /BLA/boletinlegal/images/pdf.gif HTTP/1.1" 304 -
181.50.91.94 - - [26/Dec/2015:21:51:27 -0500] "GET /BLA/boletinlegal/js/jquery.scrollShow.js HTTP/1.1" 304 -
181.50.91.94 - - [26/Dec/2015:21:51:27 -0500] "GET /galeria/galeria/jquery.fancybox.css?v=2.1.5 HTTP/1.1" 304 -
181.50.91.94 - - [26/Dec/2015:21:51:27 -0500] "GET /BLA/boletinlegal/images/video.png HTTP/1.1" 304 -
201.234.75.11 - - [26/Dec/2015:21:51:33 -0500] "GET /StormSDA/stormWeb/presentacion.html HTTP/1.1" 304 -
200.118.11.205 - - [26/Dec/2015:21:51:35 -0500] "POST /forms/lservlet;jsessionid=ac16012b30d776cf329062d948c6b710b4d8d809d8f6.e3iSbxaKaheRe38KbN0Rb34Mc3j0n6jAmljGr5XDqQLvpAe HTTP/1.1" 200 2
66.249.64.96 - - [26/Dec/2015:21:52:02 -0500] "GET /BLA/resoluciones/RESOLUCIONES%202008/3867.pdf HTTP/1.1" 200 386359
66.249.64.96 - - [26/Dec/2015:21:52:05 -0500] "GET /BLA/resoluciones/RESOLUCIONES%202010/1897.pdf HTTP/1.1" 200 677362
66.249.64.96 - - [26/Dec/2015:21:52:29 -0500] "GET /BLA/resoluciones/AUTOS%202009/1457.pdf HTTP/1.1" 200 200075
66.249.64.96 - - [26/Dec/2015:21:52:57 -0500] "GET /BLA/resoluciones/RESOLUCIONES%202011/4599.pdf HTTP/1.1" 200 692902
201.233.248.106 - - [26/Dec/2015:21:53:15 -0500] "GET /BLA/boletinlegal/js/jquery.scrollShow.js HTTP/1.1" 200 4586
201.233.248.106 - - [26/Dec/2015:21:53:15 -0500] "GET /galeria/galeria/jquery.fancybox.js?v=2.1.5 HTTP/1.1" 200 48706
201.233.248.106 - - [26/Dec/2015:21:53:15 -0500] "GET /galeria/galeria/jquery.fancybox.css?v=2.1.5 HTTP/1.1" 200 4895
74.88.51.80 - - [26/Dec/2015:21:53:17 -0500] "POST /forms/lservlet;jsessionid=ac16012b30d740878043f87e4b25988f8f70ef519dba.e3iSbxaKaheRe38KbN0Rb34Mc3j0n6jAmljGr5XDqQLvpAe HTTP/1.1" 200 2
181.55.129.235 - - [26/Dec/2015:21:53:35 -0500] "GET /BLA/boletinlegal/js/jquery.scrollShow.js HTTP/1.1" 200 4586
181.55.129.235 - - [26/Dec/2015:21:53:35 -0500] "GET /galeria/galeria/jquery.fancybox.js?v=2.1.5 HTTP/1.1" 200 48706
181.55.129.235 - - [26/Dec/2015:21:53:35 -0500] "GET /galeria/galeria/jquery.fancybox.css?v=2.1.5 HTTP/1.1" 200 4895
200.118.11.205 - - [26/Dec/2015:21:53:35 -0500] "POST /forms/lservlet;jsessionid=ac16012b30d776cf329062d948c6b710b4d8d809d8f6.e3iSbxaKaheRe38KbN0Rb34Mc3j0n6jAmljGr5XDqQLvpAe HTTP/1.1" 200 2
181.55.129.235 - - [26/Dec/2015:21:53:42 -0500] "GET /BLA/boletinlegal/js/jquery.scrollShow.js HTTP/1.1" 200 4586
181.55.129.235 - - [26/Dec/2015:21:53:42 -0500] "GET /galeria/galeria/jquery.fancybox.js?v=2.1.5 HTTP/1.1" 200 48706
181.55.129.235 - - [26/Dec/2015:21:53:42 -0500] "GET /galeria/galeria/jquery.fancybox.css?v=2.1.5 HTTP/1.1" 200 4895
181.61.25.195 - - [26/Dec/2015:21:53:49 -0500] "GET /galeria/galeria/jquery.fancybox.css?v=2.1.5 HTTP/1.1" 200 4895
181.61.25.195 - - [26/Dec/2015:21:53:49 -0500] "GET /BLA/boletinlegal/js/jquery.scrollShow.js HTTP/1.1" 200 4586
181.61.25.195 - - [26/Dec/2015:21:53:49 -0500] "GET /galeria/galeria/jquery.fancybox.js?v=2.1.5 HTTP/1.1" 200 48706
181.61.25.195 - - [26/Dec/2015:21:53:53 -0500] "GET /BLA/boletinlegal/js/jquery.scrollShow.js HTTP/1.1" 304 -
181.61.25.195 - - [26/Dec/2015:21:53:53 -0500] "GET /galeria/galeria/jquery.fancybox.js?v=2.1.5 HTTP/1.1" 304 -
181.61.25.195 - - [26/Dec/2015:21:53:53 -0500] "GET /galeria/galeria/jquery.fancybox.css?v=2.1.5 HTTP/1.1" 304 -
181.61.25.195 - - [26/Dec/2015:21:53:54 -0500] "GET /BLA/boletinlegal/js/jquery.scrollShow.js HTTP/1.1" 304 -
181.61.25.195 - - [26/Dec/2015:21:53:54 -0500] "GET /galeria/galeria/jquery.fancybox.js?v=2.1.5 HTTP/1.1" 304 -
181.61.25.195 - - [26/Dec/2015:21:53:54 -0500] "GET /galeria/galeria/jquery.fancybox.css?v=2.1.5 HTTP/1.1" 304 -
66.249.64.96 - - [26/Dec/2015:21:55:12 -0500] "GET /BLA/resoluciones/RESOLUCIONES%202007/RES%202007%204201%20AL%204300/RESOLUCION%204233%20DE%202007.pdf HTTP/1.1" 200 81710
66.249.64.96 - - [26/Dec/2015:21:55:13 -0500] "GET /BLA/resoluciones/RESOLUCIONES%202010/7593.pdf HTTP/1.1" 200 62425
74.88.51.80 - - [26/Dec/2015:21:55:18 -0500] "POST /forms/lservlet;jsessionid=ac16012b30d740878043f87e4b25988f8f70ef519dba.e3iSbxaKaheRe38KbN0Rb34Mc3j0n6jAmljGr5XDqQLvpAe HTTP/1.1" 200 2
200.118.11.205 - - [26/Dec/2015:21:55:35 -0500] "POST /forms/lservlet;jsessionid=ac16012b30d776cf329062d948c6b710b4d8d809d8f6.e3iSbxaKaheRe38KbN0Rb34Mc3j0n6jAmljGr5XDqQLvpAe HTTP/1.1" 200 2
66.249.64.96 - - [26/Dec/2015:21:55:53 -0500] "GET /BLA/resoluciones/RESOLUCIONES%202009/0992.pdf HTTP/1.1" 200 248025
157.55.39.201 - - [26/Dec/2015:21:56:05 -0500] "GET /robots.txt HTTP/1.1" 301 334
69.162.124.233 - - [26/Dec/2015:21:56:17 -0500] "HEAD / HTTP/1.1" 200 -
157.55.39.201 - - [26/Dec/2015:21:56:18 -0500] "GET / HTTP/1.1" 301 324
74.88.51.80 - - [26/Dec/2015:21:57:19 -0500] "POST /forms/lservlet;jsessionid=ac16012b30d740878043f87e4b25988f8f70ef519dba.e3iSbxaKaheRe38KbN0Rb34Mc3j0n6jAmljGr5XDqQLvpAe HTTP/1.1" 200 2
200.118.11.205 - - [26/Dec/2015:21:57:35 -0500] "POST /forms/lservlet;jsessionid=ac16012b30d776cf329062d948c6b710b4d8d809d8f6.e3iSbxaKaheRe38KbN0Rb34Mc3j0n6jAmljGr5XDqQLvpAe HTTP/1.1" 200 2
66.249.64.101 - - [26/Dec/2015:21:58:22 -0500] "GET /BLA/resoluciones/RESOLUCIONES%202010/0241.pdf HTTP/1.1" 200 272005
66.249.64.96 - - [26/Dec/2015:21:58:23 -0500] "GET /BLA/resoluciones/RESOLUCIONES%202014/2660.pdf HTTP/1.1" 200 499430
66.249.64.96 - - [26/Dec/2015:21:58:23 -0500] "GET /BLA/resoluciones/RESOLUCIONES%202009/4290.pdf HTTP/1.1" 200 729147
66.249.64.96 - - [26/Dec/2015:21:58:32 -0500] "GET /BLA/resoluciones/AUTOS%202013/1112.pdf HTTP/1.1" 200 673456
201.234.75.11 - - [26/Dec/2015:21:58:38 -0500] "GET /galeria/nivo-slider/demo/images/BOG-aire1.jpg HTTP/1.1" 304 -
66.249.64.96 - - [26/Dec/2015:21:58:56 -0500] "GET /BLA/resoluciones/AUTOS%202009/0988.pdf HTTP/1.1" 200 207152
66.249.64.101 - - [26/Dec/2015:21:59:15 -0500] "GET /galeria/galeria/fotos/juan-amarillo3P.jpg HTTP/1.1" 304 -
66.249.64.96 - - [26/Dec/2015:21:59:18 -0500] "GET /BLA/resoluciones/Notificaciones/AUTOS%202014/3954.doc HTTP/1.1" 200 139776
74.88.51.80 - - [26/Dec/2015:21:59:19 -0500] "POST /forms/lservlet;jsessionid=ac16012b30d740878043f87e4b25988f8f70ef519dba.e3iSbxaKaheRe38KbN0Rb34Mc3j0n6jAmljGr5XDqQLvpAe HTTP/1.1" 200 2
200.118.11.205 - - [26/Dec/2015:21:59:35 -0500] "POST /forms/lservlet;jsessionid=ac16012b30d776cf329062d948c6b710b4d8d809d8f6.e3iSbxaKaheRe38KbN0Rb34Mc3j0n6jAmljGr5XDqQLvpAe HTTP/1.1" 200 2
66.249.64.96 - - [26/Dec/2015:21:59:42 -0500] "GET /BLA/resoluciones/AUTOS%202011/1298.pdf HTTP/1.1" 200 157871
69.162.124.233 - - [26/Dec/2015:22:01:17 -0500] "HEAD / HTTP/1.1" 200 -
74.88.51.80 - - [26/Dec/2015:22:01:20 -0500] "POST /forms/lservlet;jsessionid=ac16012b30d740878043f87e4b25988f8f70ef519dba.e3iSbxaKaheRe38KbN0Rb34Mc3j0n6jAmljGr5XDqQLvpAe HTTP/1.1" 200 2
66.249.64.106 - - [26/Dec/2015:22:01:32 -0500] "GET /BLA/resoluciones/RESOLUCIONES%202010/6310.pdf HTTP/1.1" 200 270375
66.249.64.96 - - [26/Dec/2015:22:01:33 -0500] "GET /BLA/resoluciones/Notificaciones/REGISTROS%202015/0103.doc HTTP/1.1" 200 199680
66.249.64.96 - - [26/Dec/2015:22:01:34 -0500] "GET /BLA/resoluciones/AUTOS%202007/0739.pdf HTTP/1.1" 200 22211
200.118.11.205 - - [26/Dec/2015:22:01:35 -0500] "POST /forms/lservlet;jsessionid=ac16012b30d776cf329062d948c6b710b4d8d809d8f6.e3iSbxaKaheRe38KbN0Rb34Mc3j0n6jAmljGr5XDqQLvpAe HTTP/1.1" 200 2
66.249.64.101 - - [26/Dec/2015:22:01:42 -0500] "GET /BLA/resoluciones/AUTOS%202013/0219.pdf HTTP/1.1" 200 1312670
66.249.64.96 - - [26/Dec/2015:22:02:04 -0500] "GET /BLA/resoluciones/RESOLUCIONES%202009/6120.pdf HTTP/1.1" 200 432994
45.63.19.173 - - [26/Dec/2015:22:02:08 -0500] "GET / HTTP/1.1" 301 320
157.55.39.180 - - [26/Dec/2015:22:02:38 -0500] "GET /robots.txt HTTP/1.1" 404 1019
157.55.39.180 - - [26/Dec/2015:22:02:42 -0500] "GET /pot?C=D;O=A HTTP/1.1" 404 1019
157.55.39.180 - - [26/Dec/2015:22:02:42 -0500] "GET /Anexos%20estudio%20Organizacional%20SDA/ANEXO%20No.%201-%20NORMAS%20LEGALES%20DE%20ESTRUCTURA%20Y%20PLANTA/Decreto%20631%20de%202007-%20Modifica%20planta%20de%20SDA.jsp.htm HTTP/1.1" 200 24240
157.55.39.180 - - [26/Dec/2015:22:02:42 -0500] "GET /SIG/index.php?dir=Control+Disciplinario%2F HTTP/1.1" 200 2704
157.55.39.180 - - [26/Dec/2015:22:02:43 -0500] "GET /Autoliquidacion/index.php?dir=TR\xc3\x81MITES%20AGUAS%20SUBTERR\xc3\x81NEAS/&sort=name&order=desc HTTP/1.1" 200 6616
157.55.39.180 - - [26/Dec/2015:22:02:43 -0500] "GET /Anexos%20estudio%20Organizacional%20SDA/index.php?dir=ANEXO+No.+1-+NORMAS+LEGALES+DE+ESTRUCTURA+Y+PLANTA%2FAcuerdo+257+de+2006+-+Estructura+organizaci%F3n+y+funcionamiento+de+la+Adm.+Distrital.jsp_files%2F HTTP/1.1" 200 11039
157.55.39.180 - - [26/Dec/2015:22:02:43 -0500] "GET /SIG/index.php?dir=ECS/&sort=name&order=asc HTTP/1.1" 200 16570
74.88.51.80 - - [26/Dec/2015:22:03:21 -0500] "POST /forms/lservlet;jsessionid=ac16012b30d740878043f87e4b25988f8f70ef519dba.e3iSbxaKaheRe38KbN0Rb34Mc3j0n6jAmljGr5XDqQLvpAe HTTP/1.1" 200 2
200.118.11.205 - - [26/Dec/2015:22:03:35 -0500] "POST /forms/lservlet;jsessionid=ac16012b30d776cf329062d948c6b710b4d8d809d8f6.e3iSbxaKaheRe38KbN0Rb34Mc3j0n6jAmljGr5XDqQLvpAe HTTP/1.1" 200 2
66.249.64.96 - - [26/Dec/2015:22:04:42 -0500] "GET /BLA/resoluciones/RESOLUCIONES%202007/RES%202007%204201%20AL%204300/RESOLUCION%204280%20DE%202007.pdf HTTP/1.1" 200 528136
66.249.64.96 - - [26/Dec/2015:22:04:43 -0500] "GET /BLA/resoluciones/RESOLUCIONES%202009/2070.pdf HTTP/1.1" 200 649019
66.249.64.96 - - [26/Dec/2015:22:05:03 -0500] "GET /BLA/resoluciones/RESOLUCIONES%202011/2793.pdf HTTP/1.1" 200 403003
74.88.51.80 - - [26/Dec/2015:22:05:22 -0500] "POST /forms/lservlet;jsessionid=ac16012b30d740878043f87e4b25988f8f70ef519dba.e3iSbxaKaheRe38KbN0Rb34Mc3j0n6jAmljGr5XDqQLvpAe HTTP/1.1" 200 2
66.249.64.96 - - [26/Dec/2015:22:05:22 -0500] "GET /BLA/resoluciones/RESOLUCIONES%202008/5248.pdf HTTP/1.1" 200 329090
200.118.11.205 - - [26/Dec/2015:22:05:36 -0500] "POST /forms/lservlet;jsessionid=ac16012b30d776cf329062d948c6b710b4d8d809d8f6.e3iSbxaKaheRe38KbN0Rb34Mc3j0n6jAmljGr5XDqQLvpAe HTTP/1.1" 200 2
40.77.167.17 - - [26/Dec/2015:22:05:52 -0500] "GET / HTTP/1.1" 301 324
69.162.124.233 - - [26/Dec/2015:22:06:17 -0500] "HEAD / HTTP/1.1" 200 -
74.88.51.80 - - [26/Dec/2015:22:07:22 -0500] "POST /forms/lservlet;jsessionid=ac16012b30d740878043f87e4b25988f8f70ef519dba.e3iSbxaKaheRe38KbN0Rb34Mc3j0n6jAmljGr5XDqQLvpAe HTTP/1.1" 200 2
200.118.11.205 - - [26/Dec/2015:22:07:36 -0500] "POST /forms/lservlet;jsessionid=ac16012b30d776cf329062d948c6b710b4d8d809d8f6.e3iSbxaKaheRe38KbN0Rb34Mc3j0n6jAmljGr5XDqQLvpAe HTTP/1.1" 200 2
66.249.64.106 - - [26/Dec/2015:22:07:42 -0500] "GET /BLA/resoluciones/AUTOS%202008/2831.pdf HTTP/1.1" 200 65572
66.249.64.96 - - [26/Dec/2015:22:07:43 -0500] "GET /BLA/resoluciones/AUTOS%202013/0597.pdf HTTP/1.1" 200 2076395
181.50.91.94 - - [26/Dec/2015:22:08:33 -0500] "GET /galeria/galeria/jquery.fancybox.css?v=2.1.5 HTTP/1.1" 200 4895
181.50.91.94 - - [26/Dec/2015:22:08:33 -0500] "GET /BLA/boletinlegal/js/jquery.scrollShow.js HTTP/1.1" 200 4586
181.50.91.94 - - [26/Dec/2015:22:08:33 -0500] "GET /BLA/boletinlegal/images/pdf.gif HTTP/1.1" 200 567
181.50.91.94 - - [26/Dec/2015:22:08:33 -0500] "GET /galeria/galeria/jquery.fancybox.js?v=2.1.5 HTTP/1.1" 200 48706
181.50.91.94 - - [26/Dec/2015:22:08:33 -0500] "GET /BLA/boletinlegal/images/video.png HTTP/1.1" 200 57565
186.29.255.201 - - [26/Dec/2015:22:08:35 -0500] "GET /galeria/galeria/jquery.fancybox.js?v=2.1.5 HTTP/1.1" 200 48706
186.29.255.201 - - [26/Dec/2015:22:08:35 -0500] "GET /BLA/boletinlegal/js/jquery.scrollShow.js HTTP/1.1" 200 4586
186.29.255.201 - - [26/Dec/2015:22:08:35 -0500] "GET /galeria/carrusel/Carrusel/jquery.thumbnailScroller.css HTTP/1.1" 200 2066
186.29.255.201 - - [26/Dec/2015:22:08:35 -0500] "GET /galeria/galeria/jquery.fancybox.css?v=2.1.5 HTTP/1.1" 200 4895
186.29.255.201 - - [26/Dec/2015:22:08:35 -0500] "GET /galeria/carrusel/Carrusel/jquery-ui-1.8.13.custom.min.js HTTP/1.1" 200 10800
186.29.255.201 - - [26/Dec/2015:22:08:35 -0500] "GET /galeria/carrusel/Carrusel/jquery.thumbnailScroller.js HTTP/1.1" 200 8157
186.29.255.201 - - [26/Dec/2015:22:08:36 -0500] "GET /galeria/nivo-slider/demo/demo.html HTTP/1.1" 200 4456
186.29.255.201 - - [26/Dec/2015:22:08:36 -0500] "GET /galeria/nivo-slider/themes/default/default.css HTTP/1.1" 200 1569
186.29.255.201 - - [26/Dec/2015:22:08:36 -0500] "GET /galeria/nivo-slider/themes/pascal/pascal.css HTTP/1.1" 200 2258
186.29.255.201 - - [26/Dec/2015:22:08:36 -0500] "GET /galeria/nivo-slider/nivo-slider.css HTTP/1.1" 200 1507
186.29.255.201 - - [26/Dec/2015:22:08:36 -0500] "GET /galeria/nivo-slider/demo/images/banner-llantas2015.jpg HTTP/1.1" 200 185615
186.29.255.201 - - [26/Dec/2015:22:08:36 -0500] "GET /galeria/nivo-slider/demo/images/ambientales.jpg HTTP/1.1" 200 397233
186.29.255.201 - - [26/Dec/2015:22:08:36 -0500] "GET /galeria/nivo-slider/demo/images/2Banner-encuestaSDA.jpg HTTP/1.1" 200 208228
186.29.255.201 - - [26/Dec/2015:22:08:36 -0500] "GET /galeria/nivo-slider/demo/images/Programacion-navidena.jpg HTTP/1.1" 200 316038
186.29.255.201 - - [26/Dec/2015:22:08:36 -0500] "GET /galeria/nivo-slider/demo/images/Banner-ahorro-de-agua.jpg HTTP/1.1" 200 149141
186.29.255.201 - - [26/Dec/2015:22:08:36 -0500] "GET /galeria/nivo-slider/themes/orman/orman.css HTTP/1.1" 200 2152
186.29.255.201 - - [26/Dec/2015:22:08:36 -0500] "GET /galeria/nivo-slider/demo/images/ABC-Plan-de-contigencia.jpg HTTP/1.1" 200 401853
186.29.255.201 - - [26/Dec/2015:22:08:36 -0500] "GET /galeria/nivo-slider/demo/images/banner-llantas2.jpg HTTP/1.1" 200 204644
186.29.255.201 - - [26/Dec/2015:22:08:36 -0500] "GET /galeria/nivo-slider/demo/style.css HTTP/1.1" 200 2222
186.29.255.201 - - [26/Dec/2015:22:08:36 -0500] "GET /galeria/nivo-slider/demo/images/caminata-ecologica.jpg HTTP/1.1" 200 161069
186.29.255.201 - - [26/Dec/2015:22:08:36 -0500] "GET /galeria/nivo-slider/demo/images/Ruta-vertimientos-01.jpg HTTP/1.1" 200 130151
186.29.255.201 - - [26/Dec/2015:22:08:36 -0500] "GET /galeria/nivo-slider/demo/images/9Signos.jpg HTTP/1.1" 200 81776
186.29.255.201 - - [26/Dec/2015:22:08:37 -0500] "GET /galeria/nivo-slider/themes/default/loading.gif HTTP/1.1" 200 1737
186.29.255.201 - - [26/Dec/2015:22:08:36 -0500] "GET /galeria/nivo-slider/demo/images/PREDAcamp.jpg HTTP/1.1" 200 295358
186.29.255.201 - - [26/Dec/2015:22:08:37 -0500] "GET /galeria/nivo-slider/demo/images/ecolecta-Dic2014.png HTTP/1.1" 200 288593
186.29.255.201 - - [26/Dec/2015:22:08:36 -0500] "GET /galeria/nivo-slider/demo/images/Cmapana-onestidad.jpg HTTP/1.1" 200 141638
186.29.255.201 - - [26/Dec/2015:22:08:38 -0500] "GET /galeria/nivo-slider/demo/images/Conoce-los-humedales.jpg HTTP/1.1" 200 294036
186.29.255.201 - - [26/Dec/2015:22:08:36 -0500] "GET /galeria/nivo-slider/demo/images/bolsas-06.jpg HTTP/1.1" 200 90982
186.29.255.201 - - [26/Dec/2015:22:08:37 -0500] "GET /galeria/nivo-slider/demo/images/4Simple_Slider.png HTTP/1.1" 200 11722
181.50.91.94 - - [26/Dec/2015:22:08:39 -0500] "GET /galeria/galeria/jquery.fancybox.js?v=2.1.5 HTTP/1.1" 304 -
181.50.91.94 - - [26/Dec/2015:22:08:39 -0500] "GET /BLA/boletinlegal/js/jquery.scrollShow.js HTTP/1.1" 304 -
181.50.91.94 - - [26/Dec/2015:22:08:39 -0500] "GET /galeria/galeria/jquery.fancybox.css?v=2.1.5 HTTP/1.1" 304 -
181.50.91.94 - - [26/Dec/2015:22:08:40 -0500] "GET /BLA/boletinlegal/images/video.png HTTP/1.1" 304 -
181.50.91.94 - - [26/Dec/2015:22:08:40 -0500] "GET /BLA/boletinlegal/images/pdf.gif HTTP/1.1" 304 -
66.249.64.96 - - [26/Dec/2015:22:08:50 -0500] "GET /BLA/resoluciones/RESOLUCIONES%202009/9711.pdf HTTP/1.1" 200 321622
186.29.255.201 - - [26/Dec/2015:22:08:52 -0500] "GET /galeria/nivo-slider/demo/scripts/jquery-1.7.1.min.js HTTP/1.1" 200 93868
186.29.255.201 - - [26/Dec/2015:22:08:52 -0500] "GET /galeria/nivo-slider/jquery.nivo.slider.pack.js HTTP/1.1" 200 11561
186.29.255.201 - - [26/Dec/2015:22:08:52 -0500] "GET /galeria/nivo-slider/themes/default/arrows.png HTTP/1.1" 200 824
186.29.255.201 - - [26/Dec/2015:22:08:52 -0500] "GET /galeria/nivo-slider/themes/default/bullets.png HTTP/1.1" 200 1281
74.88.51.80 - - [26/Dec/2015:22:09:23 -0500] "POST /forms/lservlet;jsessionid=ac16012b30d740878043f87e4b25988f8f70ef519dba.e3iSbxaKaheRe38KbN0Rb34Mc3j0n6jAmljGr5XDqQLvpAe HTTP/1.1" 200 2
200.118.11.205 - - [26/Dec/2015:22:09:36 -0500] "POST /forms/lservlet;jsessionid=ac16012b30d776cf329062d948c6b710b4d8d809d8f6.e3iSbxaKaheRe38KbN0Rb34Mc3j0n6jAmljGr5XDqQLvpAe HTTP/1.1" 200 2
66.249.64.243 - - [26/Dec/2015:22:09:55 -0500] "GET /galeria/nivo-slider/demo/images/Banner-ecolecta.jpg HTTP/1.1" 200 217086
66.249.64.96 - - [26/Dec/2015:22:10:52 -0500] "GET /BLA/resoluciones/Notificaciones/AUTOS%202014/1509.doc HTTP/1.1" 200 254976
66.249.64.96 - - [26/Dec/2015:22:10:52 -0500] "GET /BLA/resoluciones/AUTOS%202009/0618.pdf HTTP/1.1" 200 74286
186.170.201.115 - - [26/Dec/2015:22:10:53 -0500] "GET /galeria/galeria/jquery.fancybox.css?v=2.1.5 HTTP/1.1" 304 -
186.170.201.115 - - [26/Dec/2015:22:10:53 -0500] "GET /BLA/boletinlegal/js/jquery.scrollShow.js HTTP/1.1" 304 -
186.170.201.115 - - [26/Dec/2015:22:10:53 -0500] "GET /galeria/galeria/jquery.fancybox.js?v=2.1.5 HTTP/1.1" 304 -
186.155.154.66 - - [26/Dec/2015:22:10:58 -0500] "GET /BLA/boletinlegal/js/jquery.scrollShow.js HTTP/1.1" 200 4586
186.155.154.66 - - [26/Dec/2015:22:10:59 -0500] "GET /galeria/galeria/jquery.fancybox.js?v=2.1.5 HTTP/1.1" 200 48706
186.155.154.66 - - [26/Dec/2015:22:10:59 -0500] "GET /galeria/galeria/jquery.fancybox.css?v=2.1.5 HTTP/1.1" 200 4895
