181.50.190.141 - - [26/Dec/2015:20:57:51 -0500] "GET /autoliquidacion/dlf/dirup.png HTTP/1.1" 200 644
181.50.190.141 - - [26/Dec/2015:20:57:51 -0500] "GET /autoliquidacion/dlf/html.gif HTTP/1.1" 200 632
181.50.190.141 - - [26/Dec/2015:20:57:51 -0500] "GET /autoliquidacion/dlf/xls.gif HTTP/1.1" 200 636
181.50.190.141 - - [26/Dec/2015:20:57:51 -0500] "GET /autoliquidacion/dlf/unknown.png HTTP/1.1" 200 266
74.88.51.80 - - [26/Dec/2015:20:57:51 -0500] "POST /forms/lservlet;jsessionid=ac16012b30d740878043f87e4b25988f8f70ef519dba.e3iSbxaKaheRe38KbN0Rb34Mc3j0n6jAmljGr5XDqQLvpAe HTTP/1.1" 200 2
66.249.64.96 - - [26/Dec/2015:20:57:57 -0500] "GET /BLA/resoluciones/AUTOS%202014/4556.pdf HTTP/1.1" 304 -
207.46.13.106 - - [26/Dec/2015:20:58:00 -0500] "GET /robots.txt HTTP/1.1" 404 1019
207.46.13.106 - - [26/Dec/2015:20:58:01 -0500] "GET /POT-2013/Cartografia/05_Remocion_V1_2013.pdf HTTP/1.1" 200 4650227
66.249.64.243 - - [26/Dec/2015:20:58:04 -0500] "GET /galeria/galeria/fotos/Huemdal-el-Tunjo3P.jpg HTTP/1.1" 304 -
190.27.47.96 - - [26/Dec/2015:20:58:10 -0500] "GET /BLA/boletinlegal/actos.php HTTP/1.1" 200 7620
190.27.47.96 - - [26/Dec/2015:20:58:10 -0500] "GET /BLA/boletinlegal/niceforms.js HTTP/1.1" 200 22876
190.27.47.96 - - [26/Dec/2015:20:58:10 -0500] "GET /BLA/boletinlegal/js/ajax_actos.js HTTP/1.1" 200 1322
190.27.47.96 - - [26/Dec/2015:20:58:10 -0500] "GET /BLA/boletinlegal/niceforms-default.css HTTP/1.1" 200 6694
190.27.47.96 - - [26/Dec/2015:20:58:10 -0500] "GET /BLA/boletinlegal/js/lib.js HTTP/1.1" 200 6474
190.27.47.96 - - [26/Dec/2015:20:58:10 -0500] "GET /BLA/boletinlegal/js/popup.js HTTP/1.1" 200 1270
190.27.47.96 - - [26/Dec/2015:20:58:10 -0500] "GET /BLA/boletinlegal/js/jquery1.js HTTP/1.1" 200 29846
190.27.47.96 - - [26/Dec/2015:20:58:10 -0500] "GET /BLA/boletinlegal/images/green-yellow-blue-pink-th.png HTTP/1.1" 200 7394
190.27.47.96 - - [26/Dec/2015:20:58:10 -0500] "GET /BLA/boletinlegal/images/abajo.png HTTP/1.1" 200 96676
190.27.47.96 - - [26/Dec/2015:20:58:10 -0500] "GET /BLA/boletinlegal/images/footer_bg_l.jpg HTTP/1.1" 200 776
190.27.47.96 - - [26/Dec/2015:20:58:10 -0500] "GET /BLA/boletinlegal/img/0.png HTTP/1.1" 200 110
190.27.47.96 - - [26/Dec/2015:20:58:10 -0500] "GET /BLA/boletinlegal/img/button-right.png HTTP/1.1" 200 57878
190.27.47.96 - - [26/Dec/2015:20:58:10 -0500] "GET /BLA/boletinlegal/img/button.png HTTP/1.1" 200 43241
190.27.47.96 - - [26/Dec/2015:20:58:10 -0500] "GET /BLA/boletinlegal/img/button-left.png HTTP/1.1" 200 57071
190.27.47.96 - - [26/Dec/2015:20:58:10 -0500] "GET /BLA/boletinlegal/img/select-left.png HTTP/1.1" 200 263
190.27.47.96 - - [26/Dec/2015:20:58:10 -0500] "GET /BLA/boletinlegal/img/select-right.png HTTP/1.1" 200 44019
190.27.47.96 - - [26/Dec/2015:20:58:10 -0500] "GET /favicon.ico HTTP/1.1" 200 7782
190.27.47.96 - - [26/Dec/2015:20:58:03 -0500] "GET /BLA/boletinlegal/ HTTP/1.1" 200 20427
181.50.190.141 - - [26/Dec/2015:20:58:24 -0500] "GET /autoliquidacion/index.php?dir=Grupo+Forestal+-+Silvicultura%2F HTTP/1.1" 200 4955
190.27.47.96 - - [26/Dec/2015:20:58:35 -0500] "GET /BLA/boletinlegal/consulta_actos.php?tipo=autos&no=4453&usuario=&sector=MINERIA&fecha=2015&resuelve= HTTP/1.1" 200 626
152.201.144.112 - - [26/Dec/2015:20:58:45 -0500] "GET /BLA/resoluciones/RESOLUCIONES%202009/3192.pdf HTTP/1.1" 200 334252
190.27.47.96 - - [26/Dec/2015:20:58:54 -0500] "GET /BLA/boletinlegal/consulta_actos.php?tipo=autos&no=4453&usuario=&sector=MINERIA&fecha=2015&resuelve= HTTP/1.1" 200 626
200.118.11.205 - - [26/Dec/2015:20:59:34 -0500] "POST /forms/lservlet;jsessionid=ac16012b30d776cf329062d948c6b710b4d8d809d8f6.e3iSbxaKaheRe38KbN0Rb34Mc3j0n6jAmljGr5XDqQLvpAe HTTP/1.1" 200 2
190.27.47.96 - - [26/Dec/2015:20:59:43 -0500] "GET /BLA/boletinlegal/consulta_actos.php?tipo=autos&no=4453&usuario=&sector=MINERIA&fecha=2015&resuelve= HTTP/1.1" 200 626
74.88.51.80 - - [26/Dec/2015:20:59:52 -0500] "POST /forms/lservlet;jsessionid=ac16012b30d740878043f87e4b25988f8f70ef519dba.e3iSbxaKaheRe38KbN0Rb34Mc3j0n6jAmljGr5XDqQLvpAe HTTP/1.1" 200 2
207.46.13.106 - - [26/Dec/2015:20:59:57 -0500] "GET /Autoliquidacion/Solicitudes%20relacionadas%20con%20calidad%20del%20aire%20auditiva%20y%20visual/Evaluaci%C3%B3n%20de%20permisos%20de%20emisi%C3%B3n%20para%20fuentes%20fijas/lista%20de%20chequeo%20permiso%20de%20emisiones.pdf HTTP/1.1" 200 58783
66.249.64.101 - - [26/Dec/2015:21:00:01 -0500] "GET /BLA/resoluciones/RESOLUCIONES%202008/3786.pdf HTTP/1.1" 200 376534
66.249.64.96 - - [26/Dec/2015:21:00:02 -0500] "GET /BLA/resoluciones/RESOLUCIONES%202007/RES%202007%204101%20AL%204200/RESOLUCION%204143%20%20DE%202007.pdf HTTP/1.1" 304 -
157.55.39.125 - - [26/Dec/2015:21:00:32 -0500] "GET /PORTAL_SIAC/swf/Residuos/cosmeticos/files/search/searchtext.xml HTTP/1.1" 200 195649
201.234.75.11 - - [26/Dec/2015:21:00:56 -0500] "GET /galeria/galeria/fotos/Movilizacion14P.jpg HTTP/1.1" 304 -
69.162.124.233 - - [26/Dec/2015:21:01:17 -0500] "HEAD / HTTP/1.1" 200 -
200.118.11.205 - - [26/Dec/2015:21:01:34 -0500] "POST /forms/lservlet;jsessionid=ac16012b30d776cf329062d948c6b710b4d8d809d8f6.e3iSbxaKaheRe38KbN0Rb34Mc3j0n6jAmljGr5XDqQLvpAe HTTP/1.1" 200 2
74.88.51.80 - - [26/Dec/2015:21:01:52 -0500] "POST /forms/lservlet;jsessionid=ac16012b30d740878043f87e4b25988f8f70ef519dba.e3iSbxaKaheRe38KbN0Rb34Mc3j0n6jAmljGr5XDqQLvpAe HTTP/1.1" 200 2
157.55.39.163 - - [26/Dec/2015:21:02:05 -0500] "GET /robots.txt HTTP/1.1" 404 1018
157.55.39.163 - - [26/Dec/2015:21:02:10 -0500] "GET /BLA/resoluciones/AUTOS%202015/1897.pdf HTTP/1.1" 200 340463
66.249.64.106 - - [26/Dec/2015:21:03:02 -0500] "GET /BLA/resoluciones/RESOLUCIONES%202010/5283.pdf HTTP/1.1" 200 756161
66.249.64.96 - - [26/Dec/2015:21:03:04 -0500] "GET /BLA/resoluciones/AUTOS%202011/0250.pdf HTTP/1.1" 200 271948
66.249.64.96 - - [26/Dec/2015:21:03:04 -0500] "GET /BLA/resoluciones/RESOLUCIONES%202007/RES%202007%202301%20AL%202400/RESOLUCION%202347%20DE%202007.pdf HTTP/1.1" 304 -
127.0.0.1 - - [26/Dec/2015:21:03:05 -0500] "POST /core/version-check/1.7/?version=4.2.2&php=5.5.15&locale=es_ES&mysql=5.6.20&local_package=&blogs=1&users=109&multisite_enabled=0 HTTP/1.0" 404 1021
127.0.0.1 - - [26/Dec/2015:21:03:05 -0500] "POST /plugins/update-check/1.1/ HTTP/1.0" 404 1021
127.0.0.1 - - [26/Dec/2015:21:03:05 -0500] "POST /themes/update-check/1.1/ HTTP/1.0" 404 1021
200.118.11.205 - - [26/Dec/2015:21:03:34 -0500] "POST /forms/lservlet;jsessionid=ac16012b30d776cf329062d948c6b710b4d8d809d8f6.e3iSbxaKaheRe38KbN0Rb34Mc3j0n6jAmljGr5XDqQLvpAe HTTP/1.1" 200 2
190.159.243.51 - - [26/Dec/2015:21:03:49 -0500] "GET /BLA/resoluciones/RESOLUCIONES%202013/0703.pdf HTTP/1.1" 200 306540
190.159.243.51 - - [26/Dec/2015:21:03:50 -0500] "GET /favicon.ico HTTP/1.1" 200 7782
74.88.51.80 - - [26/Dec/2015:21:03:53 -0500] "POST /forms/lservlet;jsessionid=ac16012b30d740878043f87e4b25988f8f70ef519dba.e3iSbxaKaheRe38KbN0Rb34Mc3j0n6jAmljGr5XDqQLvpAe HTTP/1.1" 200 2
66.249.64.243 - - [26/Dec/2015:21:04:16 -0500] "GET /galeria/nivo-slider/demo/images/web-de-ninos-v2.jpg HTTP/1.1" 200 262930
190.127.136.32 - - [26/Dec/2015:21:05:17 -0500] "GET /galeria/nivo-slider/demo/demo.html HTTP/1.1" 200 4456
190.127.136.32 - - [26/Dec/2015:21:05:19 -0500] "GET /galeria/nivo-slider/themes/default/default.css HTTP/1.1" 200 1569
190.127.136.32 - - [26/Dec/2015:21:05:19 -0500] "GET /galeria/nivo-slider/themes/pascal/pascal.css HTTP/1.1" 200 2258
190.127.136.32 - - [26/Dec/2015:21:05:19 -0500] "GET /galeria/nivo-slider/themes/orman/orman.css HTTP/1.1" 200 2152
190.127.136.32 - - [26/Dec/2015:21:05:19 -0500] "GET /galeria/nivo-slider/nivo-slider.css HTTP/1.1" 200 1507
190.127.136.32 - - [26/Dec/2015:21:05:19 -0500] "GET /galeria/nivo-slider/demo/style.css HTTP/1.1" 200 2222
190.127.136.32 - - [26/Dec/2015:21:05:19 -0500] "GET /galeria/nivo-slider/demo/images/ambientales.jpg HTTP/1.1" 200 397233
190.127.136.32 - - [26/Dec/2015:21:05:19 -0500] "GET /galeria/nivo-slider/demo/images/2Banner-encuestaSDA.jpg HTTP/1.1" 200 208228
190.127.136.32 - - [26/Dec/2015:21:05:19 -0500] "GET /galeria/nivo-slider/demo/images/Programacion-navidena.jpg HTTP/1.1" 200 316038
190.127.136.32 - - [26/Dec/2015:21:05:20 -0500] "GET /galeria/nivo-slider/demo/images/4Simple_Slider.png HTTP/1.1" 200 11722
190.127.136.32 - - [26/Dec/2015:21:05:20 -0500] "GET /galeria/nivo-slider/themes/default/loading.gif HTTP/1.1" 200 1737
190.127.136.32 - - [26/Dec/2015:21:05:20 -0500] "GET /galeria/nivo-slider/demo/images/ABC-Plan-de-contigencia.jpg HTTP/1.1" 200 401853
190.127.136.32 - - [26/Dec/2015:21:05:21 -0500] "GET /galeria/nivo-slider/demo/images/banner-llantas2015.jpg HTTP/1.1" 200 185615
190.127.136.32 - - [26/Dec/2015:21:05:23 -0500] "GET /galeria/nivo-slider/demo/images/caminata-ecologica.jpg HTTP/1.1" 200 161069
190.127.136.32 - - [26/Dec/2015:21:05:23 -0500] "GET /galeria/nivo-slider/demo/images/Banner-ahorro-de-agua.jpg HTTP/1.1" 200 149141
190.127.136.32 - - [26/Dec/2015:21:05:23 -0500] "GET /galeria/nivo-slider/demo/images/Cmapana-onestidad.jpg HTTP/1.1" 200 141638
190.127.136.32 - - [26/Dec/2015:21:05:24 -0500] "GET /galeria/nivo-slider/demo/images/PREDAcamp.jpg HTTP/1.1" 200 295358
190.127.136.32 - - [26/Dec/2015:21:05:25 -0500] "GET /galeria/nivo-slider/demo/images/banner-llantas2.jpg HTTP/1.1" 200 204644
190.127.136.32 - - [26/Dec/2015:21:05:25 -0500] "GET /galeria/nivo-slider/demo/images/9Signos.jpg HTTP/1.1" 200 81776
190.127.136.32 - - [26/Dec/2015:21:05:26 -0500] "GET /galeria/nivo-slider/demo/images/Ruta-vertimientos-01.jpg HTTP/1.1" 200 130151
190.127.136.32 - - [26/Dec/2015:21:05:26 -0500] "GET /galeria/nivo-slider/demo/images/bolsas-06.jpg HTTP/1.1" 200 90982
190.127.136.32 - - [26/Dec/2015:21:05:27 -0500] "GET /galeria/nivo-slider/demo/images/Conoce-los-humedales.jpg HTTP/1.1" 200 294036
190.127.136.32 - - [26/Dec/2015:21:05:28 -0500] "GET /galeria/nivo-slider/demo/images/ecolecta-Dic2014.png HTTP/1.1" 200 288593
190.127.136.32 - - [26/Dec/2015:21:05:33 -0500] "GET /galeria/nivo-slider/themes/default/bullets.png HTTP/1.1" 200 1281
190.127.136.32 - - [26/Dec/2015:21:05:33 -0500] "GET /galeria/nivo-slider/themes/default/arrows.png HTTP/1.1" 200 824
200.118.11.205 - - [26/Dec/2015:21:05:34 -0500] "POST /forms/lservlet;jsessionid=ac16012b30d776cf329062d948c6b710b4d8d809d8f6.e3iSbxaKaheRe38KbN0Rb34Mc3j0n6jAmljGr5XDqQLvpAe HTTP/1.1" 200 2
74.88.51.80 - - [26/Dec/2015:21:05:53 -0500] "POST /forms/lservlet;jsessionid=ac16012b30d740878043f87e4b25988f8f70ef519dba.e3iSbxaKaheRe38KbN0Rb34Mc3j0n6jAmljGr5XDqQLvpAe HTTP/1.1" 200 2
66.249.64.96 - - [26/Dec/2015:21:06:12 -0500] "GET /BLA/resoluciones/AUTOS%202010/6885.pdf HTTP/1.1" 200 176813
66.249.64.96 - - [26/Dec/2015:21:06:15 -0500] "GET /BLA/resoluciones/RESOLUCIONES%202007/RES%202007%20201%20AL%20300/RESOLUCION%200285%20DE%202007.pdf HTTP/1.1" 200 340314
69.162.124.233 - - [26/Dec/2015:21:06:17 -0500] "HEAD / HTTP/1.1" 200 -
201.234.75.11 - - [26/Dec/2015:21:06:22 -0500] "GET /galeria/nivo-slider/demo/images/Banner_SEGAE.jpg HTTP/1.1" 304 -
190.27.31.40 - - [26/Dec/2015:21:06:20 -0500] "GET /POT-2013/expediente/EXPEDIENTE%20DISTRITAL%20VIGENCIA%202011octubre%20final.pdf HTTP/1.1" 200 36716932
190.27.31.40 - - [26/Dec/2015:21:06:23 -0500] "GET /favicon.ico HTTP/1.1" 200 7782
190.27.31.40 - - [26/Dec/2015:21:06:25 -0500] "GET /POT-2013/expediente/EXPEDIENTE%20DISTRITAL%20VIGENCIA%202011octubre%20final.pdf HTTP/1.1" 206 32768
190.27.31.40 - - [26/Dec/2015:21:06:25 -0500] "GET /POT-2013/expediente/EXPEDIENTE%20DISTRITAL%20VIGENCIA%202011octubre%20final.pdf HTTP/1.1" 206 36684164
66.249.64.96 - - [26/Dec/2015:21:06:33 -0500] "GET /BLA/resoluciones/RESOLUCIONES%202008/4587.pdf HTTP/1.1" 200 356336
190.27.171.100 - - [26/Dec/2015:21:06:38 -0500] "GET /galeria/galeria/jquery.fancybox.css?v=2.1.5 HTTP/1.1" 200 4895
190.27.171.100 - - [26/Dec/2015:21:06:38 -0500] "GET /BLA/boletinlegal/js/jquery.scrollShow.js HTTP/1.1" 200 4586
190.27.171.100 - - [26/Dec/2015:21:06:38 -0500] "GET /galeria/galeria/jquery.fancybox.js?v=2.1.5 HTTP/1.1" 200 48706
65.55.218.57 - - [26/Dec/2015:21:06:46 -0500] "GET /BLA/boletinlegal/js/jquery.scrollShow.js HTTP/1.1" 200 4586
65.55.218.57 - - [26/Dec/2015:21:06:47 -0500] "GET /galeria/galeria/jquery.fancybox.css?v=2.1.5 HTTP/1.1" 200 4895
65.55.218.40 - - [26/Dec/2015:21:06:47 -0500] "GET /galeria/galeria/jquery.fancybox.js?v=2.1.5 HTTP/1.1" 200 48706
190.27.171.100 - - [26/Dec/2015:21:06:48 -0500] "GET /BLA/boletinlegal/js/jquery.scrollShow.js HTTP/1.1" 304 -
190.27.171.100 - - [26/Dec/2015:21:06:48 -0500] "GET /galeria/galeria/jquery.fancybox.js?v=2.1.5 HTTP/1.1" 304 -
190.27.171.100 - - [26/Dec/2015:21:06:48 -0500] "GET /galeria/galeria/jquery.fancybox.css?v=2.1.5 HTTP/1.1" 304 -
66.249.64.96 - - [26/Dec/2015:21:06:56 -0500] "GET /BLA/resoluciones/AUTOS%202010/6947.pdf HTTP/1.1" 200 205865
66.249.64.101 - - [26/Dec/2015:21:07:13 -0500] "GET /BLA/resoluciones/RESOLUCIONES%202008/4668.pdf HTTP/1.1" 200 381405
201.234.75.11 - - [26/Dec/2015:21:07:32 -0500] "GET /galeria/nivo-slider/demo/images/bannerArbolNotable.png HTTP/1.1" 304 -
200.118.11.205 - - [26/Dec/2015:21:07:34 -0500] "POST /forms/lservlet;jsessionid=ac16012b30d776cf329062d948c6b710b4d8d809d8f6.e3iSbxaKaheRe38KbN0Rb34Mc3j0n6jAmljGr5XDqQLvpAe HTTP/1.1" 200 2
66.249.64.243 - - [26/Dec/2015:21:07:35 -0500] "GET /Anexos%20estudio%20Organizacional%20SDA/ANEXO%20No.%205%20-%20ESTUDIO%20Y%20PROPUESTA%20SERAMB%20IENTE/Serambiente%20%20Oficio%20presentaci%C3%B2n%20propuesta.pdf HTTP/1.1" 200 949425
74.88.51.80 - - [26/Dec/2015:21:07:53 -0500] "POST /forms/lservlet;jsessionid=ac16012b30d740878043f87e4b25988f8f70ef519dba.e3iSbxaKaheRe38KbN0Rb34Mc3j0n6jAmljGr5XDqQLvpAe HTTP/1.1" 200 2
66.249.64.101 - - [26/Dec/2015:21:09:22 -0500] "GET /BLA/resoluciones/RESOLUCIONES%202007/RES%202007%201901%20AL%202000/RESOLUCION%201943%20DE%202007.pdf HTTP/1.1" 200 641861
66.249.64.101 - - [26/Dec/2015:21:09:23 -0500] "GET /BLA/resoluciones/AUTOS%202013/1600.pdf HTTP/1.1" 200 141300
200.118.11.205 - - [26/Dec/2015:21:09:34 -0500] "POST /forms/lservlet;jsessionid=ac16012b30d776cf329062d948c6b710b4d8d809d8f6.e3iSbxaKaheRe38KbN0Rb34Mc3j0n6jAmljGr5XDqQLvpAe HTTP/1.1" 200 2
74.88.51.80 - - [26/Dec/2015:21:09:53 -0500] "POST /forms/lservlet;jsessionid=ac16012b30d740878043f87e4b25988f8f70ef519dba.e3iSbxaKaheRe38KbN0Rb34Mc3j0n6jAmljGr5XDqQLvpAe HTTP/1.1" 200 2
66.249.64.96 - - [26/Dec/2015:21:10:27 -0500] "GET /BLA/resoluciones/AUTOS%202008/1512.pdf HTTP/1.1" 200 116662
69.162.124.233 - - [26/Dec/2015:21:11:17 -0500] "HEAD / HTTP/1.1" 200 -
186.84.9.73 - - [26/Dec/2015:21:11:26 -0500] "GET /galeria/galeria/fotos/MeandrodelSay2G.jpg HTTP/1.1" 200 321492
200.118.11.205 - - [26/Dec/2015:21:11:34 -0500] "POST /forms/lservlet;jsessionid=ac16012b30d776cf329062d948c6b710b4d8d809d8f6.e3iSbxaKaheRe38KbN0Rb34Mc3j0n6jAmljGr5XDqQLvpAe HTTP/1.1" 200 2
190.27.154.190 - - [26/Dec/2015:21:11:45 -0500] "GET /galeria/nivo-slider/demo/demo.html HTTP/1.1" 304 -
190.27.154.190 - - [26/Dec/2015:21:11:45 -0500] "GET /galeria/nivo-slider/demo/images/ambientales.jpg HTTP/1.1" 304 -
190.27.154.190 - - [26/Dec/2015:21:11:46 -0500] "GET /galeria/nivo-slider/demo/images/Banner-ahorro-de-agua.jpg HTTP/1.1" 304 -
190.27.154.190 - - [26/Dec/2015:21:11:46 -0500] "GET /galeria/nivo-slider/demo/images/Cmapana-onestidad.jpg HTTP/1.1" 304 -
74.88.51.80 - - [26/Dec/2015:21:11:54 -0500] "POST /forms/lservlet;jsessionid=ac16012b30d740878043f87e4b25988f8f70ef519dba.e3iSbxaKaheRe38KbN0Rb34Mc3j0n6jAmljGr5XDqQLvpAe HTTP/1.1" 200 2
66.249.64.106 - - [26/Dec/2015:21:12:21 -0500] "GET /BLA/resoluciones/RESOLUCIONES%202012/0899.pdf HTTP/1.1" 200 999242
66.249.64.96 - - [26/Dec/2015:21:12:23 -0500] "GET /BLA/resoluciones/RESOLUCIONES%202009/5055.pdf HTTP/1.1" 200 488717
66.249.64.96 - - [26/Dec/2015:21:12:25 -0500] "GET /BLA/resoluciones/AUTOS%202007/2276.pdf HTTP/1.1" 200 98001
66.249.64.96 - - [26/Dec/2015:21:12:42 -0500] "GET /BLA/resoluciones/RESOLUCIONES%202007/RES%202007%202101%20AL%202200/RESOLUCION%202115%20DE%202007.pdf HTTP/1.1" 304 -
200.118.11.205 - - [26/Dec/2015:21:13:34 -0500] "POST /forms/lservlet;jsessionid=ac16012b30d776cf329062d948c6b710b4d8d809d8f6.e3iSbxaKaheRe38KbN0Rb34Mc3j0n6jAmljGr5XDqQLvpAe HTTP/1.1" 200 2
181.49.69.217 - - [26/Dec/2015:21:13:44 -0500] "GET /BLA/boletinlegal/js/jquery.scrollShow.js HTTP/1.1" 200 4586
181.49.69.217 - - [26/Dec/2015:21:13:44 -0500] "GET /galeria/galeria/jquery.fancybox.css?v=2.1.5 HTTP/1.1" 200 4895
181.49.69.217 - - [26/Dec/2015:21:13:44 -0500] "GET /galeria/galeria/jquery.fancybox.js?v=2.1.5 HTTP/1.1" 200 48706
181.49.69.217 - - [26/Dec/2015:21:13:45 -0500] "GET /BLA/boletinlegal/images/video.png HTTP/1.1" 200 57565
181.49.69.217 - - [26/Dec/2015:21:13:45 -0500] "GET /BLA/boletinlegal/images/pdf.gif HTTP/1.1" 200 567
181.49.69.217 - - [26/Dec/2015:21:13:54 -0500] "GET /galeria/galeria/jquery.fancybox.css?v=2.1.5 HTTP/1.1" 304 -
181.49.69.217 - - [26/Dec/2015:21:13:54 -0500] "GET /BLA/boletinlegal/js/jquery.scrollShow.js HTTP/1.1" 304 -
181.49.69.217 - - [26/Dec/2015:21:13:54 -0500] "GET /galeria/galeria/jquery.fancybox.js?v=2.1.5 HTTP/1.1" 304 -
181.49.69.217 - - [26/Dec/2015:21:13:54 -0500] "GET /BLA/boletinlegal/images/pdf.gif HTTP/1.1" 304 -
181.49.69.217 - - [26/Dec/2015:21:13:54 -0500] "GET /BLA/boletinlegal/images/video.png HTTP/1.1" 304 -
74.88.51.80 - - [26/Dec/2015:21:13:54 -0500] "POST /forms/lservlet;jsessionid=ac16012b30d740878043f87e4b25988f8f70ef519dba.e3iSbxaKaheRe38KbN0Rb34Mc3j0n6jAmljGr5XDqQLvpAe HTTP/1.1" 200 2
66.249.64.238 - - [26/Dec/2015:21:14:01 -0500] "GET /galeria/galeria/fotos/Huemdal-el-Tunjo4P.jpg HTTP/1.1" 304 -
66.249.88.29 - - [26/Dec/2015:21:14:20 -0500] "GET /galeria/galeria/jquery.fancybox.css?v=2.1.5 HTTP/1.1" 200 4895
66.249.88.29 - - [26/Dec/2015:21:14:20 -0500] "GET /galeria/galeria/jquery.fancybox.js?v=2.1.5 HTTP/1.1" 200 48706
66.249.88.7 - - [26/Dec/2015:21:14:20 -0500] "GET /BLA/boletinlegal/js/jquery.scrollShow.js HTTP/1.1" 200 4586
66.249.88.29 - - [26/Dec/2015:21:14:27 -0500] "GET /BLA/boletinlegal/js/jquery.scrollShow.js HTTP/1.1" 304 -
66.249.88.18 - - [26/Dec/2015:21:14:27 -0500] "GET /galeria/galeria/jquery.fancybox.css?v=2.1.5 HTTP/1.1" 304 -
66.249.88.29 - - [26/Dec/2015:21:14:27 -0500] "GET /galeria/galeria/jquery.fancybox.js?v=2.1.5 HTTP/1.1" 304 -
77.153.200.127 - - [26/Dec/2015:21:15:10 -0500] "GET /webdav/x32.php?host=78.244.13.172&time=900&port=80 HTTP/1.1" 404 1018
186.28.78.117 - - [26/Dec/2015:21:15:25 -0500] "GET /BLA/boletinlegal/js/jquery.scrollShow.js HTTP/1.1" 200 4586
186.28.78.117 - - [26/Dec/2015:21:15:25 -0500] "GET /galeria/galeria/jquery.fancybox.js?v=2.1.5 HTTP/1.1" 200 48706
186.28.78.117 - - [26/Dec/2015:21:15:26 -0500] "GET /galeria/galeria/jquery.fancybox.css?v=2.1.5 HTTP/1.1" 200 4895
186.28.78.117 - - [26/Dec/2015:21:15:32 -0500] "GET /galeria/galeria/jquery.fancybox.js?v=2.1.5 HTTP/1.1" 206 1
186.28.78.117 - - [26/Dec/2015:21:15:32 -0500] "GET /galeria/galeria/jquery.fancybox.css?v=2.1.5 HTTP/1.1" 200 4895
186.28.78.117 - - [26/Dec/2015:21:15:32 -0500] "GET /galeria/galeria/jquery.fancybox.js?v=2.1.5 HTTP/1.1" 206 23783
186.28.78.117 - - [26/Dec/2015:21:15:32 -0500] "GET /galeria/carrusel/Carrusel/jquery.thumbnailScroller.css HTTP/1.1" 200 2066
186.28.78.117 - - [26/Dec/2015:21:15:32 -0500] "GET /galeria/carrusel/Carrusel/jquery-ui-1.8.13.custom.min.js HTTP/1.1" 200 10800
66.249.64.96 - - [26/Dec/2015:21:15:32 -0500] "GET /BLA/resoluciones/AUTOS%202012/1731.pdf HTTP/1.1" 200 2083610
186.28.78.117 - - [26/Dec/2015:21:15:33 -0500] "GET /galeria/carrusel/Carrusel/jquery.thumbnailScroller.js HTTP/1.1" 200 8157
200.118.11.205 - - [26/Dec/2015:21:15:34 -0500] "POST /forms/lservlet;jsessionid=ac16012b30d776cf329062d948c6b710b4d8d809d8f6.e3iSbxaKaheRe38KbN0Rb34Mc3j0n6jAmljGr5XDqQLvpAe HTTP/1.1" 200 2
186.28.78.117 - - [26/Dec/2015:21:15:36 -0500] "GET /galeria/nivo-slider/demo/demo.html HTTP/1.1" 200 4456
186.28.78.117 - - [26/Dec/2015:21:15:37 -0500] "GET /galeria/nivo-slider/themes/pascal/pascal.css HTTP/1.1" 200 2258
186.28.78.117 - - [26/Dec/2015:21:15:37 -0500] "GET /galeria/nivo-slider/themes/default/default.css HTTP/1.1" 200 1569
186.28.78.117 - - [26/Dec/2015:21:15:37 -0500] "GET /galeria/nivo-slider/themes/orman/orman.css HTTP/1.1" 200 2152
186.28.78.117 - - [26/Dec/2015:21:15:37 -0500] "GET /galeria/nivo-slider/nivo-slider.css HTTP/1.1" 200 1507
186.28.78.117 - - [26/Dec/2015:21:15:37 -0500] "GET /galeria/nivo-slider/demo/style.css HTTP/1.1" 200 2222
186.28.78.117 - - [26/Dec/2015:21:15:37 -0500] "GET /galeria/nivo-slider/demo/images/ambientales.jpg HTTP/1.1" 200 397233
186.28.78.117 - - [26/Dec/2015:21:15:37 -0500] "GET /galeria/nivo-slider/demo/images/2Banner-encuestaSDA.jpg HTTP/1.1" 200 208228
186.28.78.117 - - [26/Dec/2015:21:15:37 -0500] "GET /galeria/nivo-slider/demo/images/Programacion-navidena.jpg HTTP/1.1" 200 316038
186.28.78.117 - - [26/Dec/2015:21:15:37 -0500] "GET /galeria/nivo-slider/demo/images/ABC-Plan-de-contigencia.jpg HTTP/1.1" 200 401853
186.28.78.117 - - [26/Dec/2015:21:15:37 -0500] "GET /galeria/nivo-slider/demo/images/banner-llantas2015.jpg HTTP/1.1" 200 185615
186.28.78.117 - - [26/Dec/2015:21:15:37 -0500] "GET /galeria/nivo-slider/demo/images/caminata-ecologica.jpg HTTP/1.1" 200 161069
186.28.78.117 - - [26/Dec/2015:21:15:40 -0500] "GET /galeria/nivo-slider/demo/images/Banner-ahorro-de-agua.jpg HTTP/1.1" 200 149141
186.28.78.117 - - [26/Dec/2015:21:15:40 -0500] "GET /galeria/nivo-slider/demo/images/Cmapana-onestidad.jpg HTTP/1.1" 200 141638
186.28.78.117 - - [26/Dec/2015:21:15:41 -0500] "GET /galeria/nivo-slider/demo/images/PREDAcamp.jpg HTTP/1.1" 200 295358
186.28.78.117 - - [26/Dec/2015:21:15:41 -0500] "GET /galeria/nivo-slider/demo/images/banner-llantas2.jpg HTTP/1.1" 200 204644
186.28.78.117 - - [26/Dec/2015:21:15:43 -0500] "GET /galeria/nivo-slider/demo/images/9Signos.jpg HTTP/1.1" 200 81776
186.28.78.117 - - [26/Dec/2015:21:15:43 -0500] "GET /galeria/nivo-slider/demo/images/Ruta-vertimientos-01.jpg HTTP/1.1" 200 130151
186.28.78.117 - - [26/Dec/2015:21:15:43 -0500] "GET /galeria/nivo-slider/demo/images/bolsas-06.jpg HTTP/1.1" 200 90982
186.28.78.117 - - [26/Dec/2015:21:15:43 -0500] "GET /galeria/nivo-slider/demo/images/Conoce-los-humedales.jpg HTTP/1.1" 200 294036
186.28.78.117 - - [26/Dec/2015:21:15:43 -0500] "GET /galeria/nivo-slider/demo/scripts/jquery-1.7.1.min.js HTTP/1.1" 200 93868
186.28.78.117 - - [26/Dec/2015:21:15:43 -0500] "GET /galeria/nivo-slider/demo/images/ecolecta-Dic2014.png HTTP/1.1" 200 288593
186.28.78.117 - - [26/Dec/2015:21:15:43 -0500] "GET /galeria/nivo-slider/jquery.nivo.slider.pack.js HTTP/1.1" 200 11561
186.28.78.117 - - [26/Dec/2015:21:15:45 -0500] "GET /galeria/nivo-slider/demo/images/4Simple_Slider.png HTTP/1.1" 200 11722
186.28.78.117 - - [26/Dec/2015:21:15:45 -0500] "GET /galeria/nivo-slider/themes/default/loading.gif HTTP/1.1" 200 1737
186.28.78.117 - - [26/Dec/2015:21:15:45 -0500] "GET /galeria/nivo-slider/themes/default/arrows.png HTTP/1.1" 200 824
186.28.78.117 - - [26/Dec/2015:21:15:45 -0500] "GET /galeria/nivo-slider/themes/default/bullets.png HTTP/1.1" 200 1281
74.88.51.80 - - [26/Dec/2015:21:15:55 -0500] "POST /forms/lservlet;jsessionid=ac16012b30d740878043f87e4b25988f8f70ef519dba.e3iSbxaKaheRe38KbN0Rb34Mc3j0n6jAmljGr5XDqQLvpAe HTTP/1.1" 200 2
66.249.64.96 - - [26/Dec/2015:21:15:59 -0500] "GET /BLA/resoluciones/RESOLUCIONES%202011/3255.pdf HTTP/1.1" 304 -
69.162.124.233 - - [26/Dec/2015:21:16:17 -0500] "HEAD / HTTP/1.1" 200 -
191.69.208.173 - - [26/Dec/2015:21:17:09 -0500] "GET /galeria/galeria/jquery.fancybox.css?v=2.1.5 HTTP/1.1" 200 4895
191.69.208.173 - - [26/Dec/2015:21:17:09 -0500] "GET /BLA/boletinlegal/js/jquery.scrollShow.js HTTP/1.1" 200 4586
191.69.208.173 - - [26/Dec/2015:21:17:09 -0500] "GET /galeria/galeria/jquery.fancybox.js?v=2.1.5 HTTP/1.1" 200 48706
200.118.11.205 - - [26/Dec/2015:21:17:34 -0500] "POST /forms/lservlet;jsessionid=ac16012b30d776cf329062d948c6b710b4d8d809d8f6.e3iSbxaKaheRe38KbN0Rb34Mc3j0n6jAmljGr5XDqQLvpAe HTTP/1.1" 200 2
74.88.51.80 - - [26/Dec/2015:21:17:55 -0500] "POST /forms/lservlet;jsessionid=ac16012b30d740878043f87e4b25988f8f70ef519dba.e3iSbxaKaheRe38KbN0Rb34Mc3j0n6jAmljGr5XDqQLvpAe HTTP/1.1" 200 2
66.249.64.248 - - [26/Dec/2015:21:18:32 -0500] "GET /SIG/Gesti%C3%B3n%20Ambiental/126PM03-PR29.pdf HTTP/1.1" 200 404124
66.249.64.96 - - [26/Dec/2015:21:18:33 -0500] "GET /BLA/resoluciones/AUTOS%202011/4075.pdf HTTP/1.1" 304 -
181.51.162.156 - - [26/Dec/2015:21:18:42 -0500] "GET /galeria/galeria/jquery.fancybox.js?v=2.1.5 HTTP/1.1" 200 48706
181.51.162.156 - - [26/Dec/2015:21:18:42 -0500] "GET /BLA/boletinlegal/js/jquery.scrollShow.js HTTP/1.1" 200 4586
181.51.162.156 - - [26/Dec/2015:21:18:42 -0500] "GET /galeria/galeria/jquery.fancybox.css?v=2.1.5 HTTP/1.1" 200 4895
181.51.162.156 - - [26/Dec/2015:21:18:47 -0500] "GET /galeria/galeria/jquery.fancybox.css?v=2.1.5 HTTP/1.1" 304 -
181.51.162.156 - - [26/Dec/2015:21:18:47 -0500] "GET /galeria/galeria/jquery.fancybox.js?v=2.1.5 HTTP/1.1" 304 -
181.51.162.156 - - [26/Dec/2015:21:18:50 -0500] "GET /galeria/galeria/jquery.fancybox.js?v=2.1.5 HTTP/1.1" 200 48706
181.51.162.156 - - [26/Dec/2015:21:18:50 -0500] "GET /BLA/boletinlegal/js/jquery.scrollShow.js HTTP/1.1" 200 4586
181.51.162.156 - - [26/Dec/2015:21:18:50 -0500] "GET /galeria/galeria/jquery.fancybox.css?v=2.1.5 HTTP/1.1" 200 4895
180.76.15.151 - - [26/Dec/2015:21:18:58 -0500] "GET / HTTP/1.1" 200 10190
66.249.64.243 - - [26/Dec/2015:21:19:05 -0500] "GET /SIG/Gesti%C3%B3n%20Jur%C3%ADdica/126PA05-PR06.pdf HTTP/1.1" 304 -
180.76.15.144 - - [26/Dec/2015:21:19:18 -0500] "GET / HTTP/1.1" 200 10190
190.127.234.153 - - [26/Dec/2015:21:19:23 -0500] "GET /galeria/galeria/jquery.fancybox.css?v=2.1.5 HTTP/1.1" 200 4895
190.127.234.153 - - [26/Dec/2015:21:19:23 -0500] "GET /galeria/galeria/jquery.fancybox.js?v=2.1.5 HTTP/1.1" 200 48706
190.127.234.153 - - [26/Dec/2015:21:19:23 -0500] "GET /BLA/boletinlegal/js/jquery.scrollShow.js HTTP/1.1" 200 4586
190.127.234.153 - - [26/Dec/2015:21:19:24 -0500] "GET /galeria/carrusel/Carrusel/jquery.thumbnailScroller.css HTTP/1.1" 200 2066
190.127.234.153 - - [26/Dec/2015:21:19:24 -0500] "GET /galeria/carrusel/Carrusel/jquery.thumbnailScroller.js HTTP/1.1" 200 8157
190.127.234.153 - - [26/Dec/2015:21:19:24 -0500] "GET /galeria/carrusel/Carrusel/jquery-ui-1.8.13.custom.min.js HTTP/1.1" 200 10800
200.118.11.205 - - [26/Dec/2015:21:19:34 -0500] "POST /forms/lservlet;jsessionid=ac16012b30d776cf329062d948c6b710b4d8d809d8f6.e3iSbxaKaheRe38KbN0Rb34Mc3j0n6jAmljGr5XDqQLvpAe HTTP/1.1" 200 2
181.61.209.82 - - [26/Dec/2015:21:20:26 -0500] "GET /galeria/nivo-slider/demo/demo.html HTTP/1.1" 304 -
181.61.209.82 - - [26/Dec/2015:21:20:27 -0500] "GET /galeria/nivo-slider/demo/images/ambientales.jpg HTTP/1.1" 200 397233
181.61.209.82 - - [26/Dec/2015:21:20:27 -0500] "GET /galeria/nivo-slider/demo/images/Programacion-navidena.jpg HTTP/1.1" 304 -
181.61.209.82 - - [26/Dec/2015:21:20:27 -0500] "GET /galeria/nivo-slider/demo/images/banner-llantas2015.jpg HTTP/1.1" 304 -
181.61.209.82 - - [26/Dec/2015:21:20:28 -0500] "GET /galeria/nivo-slider/themes/default/arrows.png HTTP/1.1" 200 824
181.61.209.82 - - [26/Dec/2015:21:20:28 -0500] "GET /galeria/nivo-slider/themes/default/bullets.png HTTP/1.1" 200 1281
181.61.209.82 - - [26/Dec/2015:21:20:31 -0500] "GET /BLA/boletinlegal/style.css HTTP/1.1" 200 9406
181.61.209.82 - - [26/Dec/2015:21:20:31 -0500] "GET /BLA/boletinlegal/styles2.css HTTP/1.1" 200 1838
181.61.209.82 - - [26/Dec/2015:21:20:31 -0500] "GET /BLA/boletinlegal/images/cabezote%20BLEGAL.jpg HTTP/1.1" 200 118164
181.61.209.82 - - [26/Dec/2015:21:20:31 -0500] "GET /BLA/boletinlegal/images/nuevo.gif HTTP/1.1" 200 26475
181.61.209.82 - - [26/Dec/2015:21:20:31 -0500] "GET /BLA/boletinlegal/images/historia.png HTTP/1.1" 200 52775
181.61.209.82 - - [26/Dec/2015:21:20:31 -0500] "GET /BLA/boletinlegal/images/subscribe-icon-big.png HTTP/1.1" 200 47702
181.61.209.82 - - [26/Dec/2015:21:20:31 -0500] "GET /BLA/boletinlegal/images/arr_l.jpg HTTP/1.1" 200 1979
181.61.209.82 - - [26/Dec/2015:21:20:31 -0500] "GET /BLA/boletinlegal/images/screen_1.png HTTP/1.1" 200 202547
181.61.209.82 - - [26/Dec/2015:21:20:31 -0500] "GET /BLA/boletinlegal/images/body_bg.jpg HTTP/1.1" 200 1601
181.61.209.82 - - [26/Dec/2015:21:20:31 -0500] "GET /BLA/boletinlegal/images/menu_lft.gif HTTP/1.1" 200 1713
181.61.209.82 - - [26/Dec/2015:21:20:31 -0500] "GET /BLA/boletinlegal/images/menu_rght.gif HTTP/1.1" 200 1627
181.61.209.82 - - [26/Dec/2015:21:20:31 -0500] "GET /BLA/boletinlegal/images/bg_top.jpg HTTP/1.1" 200 522
181.61.209.82 - - [26/Dec/2015:21:20:31 -0500] "GET /BLA/boletinlegal/images/menu_bg.jpg HTTP/1.1" 200 620
181.61.209.82 - - [26/Dec/2015:21:20:31 -0500] "GET /BLA/boletinlegal/images/screen_2.png HTTP/1.1" 200 362502
181.61.209.82 - - [26/Dec/2015:21:20:31 -0500] "GET /BLA/boletinlegal/images/text.jpg HTTP/1.1" 200 568
181.61.209.82 - - [26/Dec/2015:21:20:32 -0500] "GET /BLA/boletinlegal/images/launch.jpg HTTP/1.1" 200 14577
181.61.209.82 - - [26/Dec/2015:21:20:32 -0500] "GET /BLA/boletinlegal/images/hover.jpg HTTP/1.1" 200 640
181.61.209.82 - - [26/Dec/2015:21:20:33 -0500] "GET /BLA/boletinlegal/actos.php HTTP/1.1" 200 7620
181.61.209.82 - - [26/Dec/2015:21:20:33 -0500] "GET /BLA/boletinlegal/niceforms-default.css HTTP/1.1" 200 6694
181.61.209.82 - - [26/Dec/2015:21:20:34 -0500] "GET /BLA/boletinlegal/images/green-yellow-blue-pink-th.png HTTP/1.1" 200 7394
181.61.209.82 - - [26/Dec/2015:21:20:34 -0500] "GET /BLA/boletinlegal/images/abajo.png HTTP/1.1" 200 96676
181.61.209.82 - - [26/Dec/2015:21:20:34 -0500] "GET /BLA/boletinlegal/images/footer_bg.jpg HTTP/1.1" 200 586
181.61.209.82 - - [26/Dec/2015:21:20:34 -0500] "GET /BLA/boletinlegal/images/footer_bg_l.jpg HTTP/1.1" 200 776
181.61.209.82 - - [26/Dec/2015:21:20:34 -0500] "GET /BLA/boletinlegal/img/0.png HTTP/1.1" 200 110
181.61.209.82 - - [26/Dec/2015:21:20:34 -0500] "GET /BLA/boletinlegal/img/button.png HTTP/1.1" 200 43241
181.61.209.82 - - [26/Dec/2015:21:20:34 -0500] "GET /BLA/boletinlegal/img/button-right.png HTTP/1.1" 200 57878
181.61.209.82 - - [26/Dec/2015:21:20:34 -0500] "GET /BLA/boletinlegal/img/select-left.png HTTP/1.1" 200 263
181.61.209.82 - - [26/Dec/2015:21:20:34 -0500] "GET /BLA/boletinlegal/img/button-left.png HTTP/1.1" 200 57071
181.61.209.82 - - [26/Dec/2015:21:20:34 -0500] "GET /BLA/boletinlegal/img/select-right.png HTTP/1.1" 200 44019
181.61.209.82 - - [26/Dec/2015:21:20:31 -0500] "GET /BLA/boletinlegal/index.php? HTTP/1.1" 200 16331
181.61.209.82 - - [26/Dec/2015:21:20:43 -0500] "GET /BLA/boletinlegal/consulta_actos.php?tipo=autos&no=1929&usuario=&sector=&fecha=2014&resuelve= HTTP/1.1" 200 1034
201.234.75.11 - - [26/Dec/2015:21:20:43 -0500] "GET /galeria/nivo-slider/demo/images/Banner-cursos.jpg HTTP/1.1" 304 -
181.61.209.82 - - [26/Dec/2015:21:20:46 -0500] "GET /BLA/resoluciones/AUTOS%202014/1929.pdf HTTP/1.1" 200 2465512
181.61.209.82 - - [26/Dec/2015:21:20:47 -0500] "GET /BLA/resoluciones/AUTOS%202014/1929.pdf HTTP/1.1" 206 32768
181.61.209.82 - - [26/Dec/2015:21:20:47 -0500] "GET /BLA/resoluciones/AUTOS%202014/1929.pdf HTTP/1.1" 206 346986
181.61.209.82 - - [26/Dec/2015:21:20:48 -0500] "GET /BLA/resoluciones/AUTOS%202014/1929.pdf HTTP/1.1" 206 32768
181.61.209.82 - - [26/Dec/2015:21:20:48 -0500] "GET /BLA/resoluciones/AUTOS%202014/1929.pdf HTTP/1.1" 206 32768
181.61.209.82 - - [26/Dec/2015:21:20:48 -0500] "GET /BLA/resoluciones/AUTOS%202014/1929.pdf HTTP/1.1" 206 32768
181.61.209.82 - - [26/Dec/2015:21:20:48 -0500] "GET /BLA/resoluciones/AUTOS%202014/1929.pdf HTTP/1.1" 206 32768
181.61.209.82 - - [26/Dec/2015:21:20:48 -0500] "GET /BLA/resoluciones/AUTOS%202014/1929.pdf HTTP/1.1" 206 32768
181.61.209.82 - - [26/Dec/2015:21:20:48 -0500] "GET /BLA/resoluciones/AUTOS%202014/1929.pdf HTTP/1.1" 206 32768
181.61.209.82 - - [26/Dec/2015:21:20:49 -0500] "GET /BLA/resoluciones/AUTOS%202014/1929.pdf HTTP/1.1" 206 32768
181.61.209.82 - - [26/Dec/2015:21:20:49 -0500] "GET /BLA/resoluciones/AUTOS%202014/1929.pdf HTTP/1.1" 206 32768
181.61.209.82 - - [26/Dec/2015:21:20:49 -0500] "GET /BLA/resoluciones/AUTOS%202014/1929.pdf HTTP/1.1" 206 32768
181.61.209.82 - - [26/Dec/2015:21:20:49 -0500] "GET /BLA/resoluciones/AUTOS%202014/1929.pdf HTTP/1.1" 206 65536
181.61.209.82 - - [26/Dec/2015:21:20:49 -0500] "GET /BLA/resoluciones/AUTOS%202014/1929.pdf HTTP/1.1" 206 65536
181.61.209.82 - - [26/Dec/2015:21:20:49 -0500] "GET /BLA/resoluciones/AUTOS%202014/1929.pdf HTTP/1.1" 206 65536
181.61.209.82 - - [26/Dec/2015:21:20:49 -0500] "GET /BLA/resoluciones/AUTOS%202014/1929.pdf HTTP/1.1" 206 65536
181.61.209.82 - - [26/Dec/2015:21:20:49 -0500] "GET /BLA/resoluciones/AUTOS%202014/1929.pdf HTTP/1.1" 206 65536
181.61.209.82 - - [26/Dec/2015:21:20:49 -0500] "GET /BLA/resoluciones/AUTOS%202014/1929.pdf HTTP/1.1" 206 65536
181.61.209.82 - - [26/Dec/2015:21:20:49 -0500] "GET /BLA/resoluciones/AUTOS%202014/1929.pdf HTTP/1.1" 206 65536
181.61.209.82 - - [26/Dec/2015:21:20:49 -0500] "GET /BLA/resoluciones/AUTOS%202014/1929.pdf HTTP/1.1" 206 65536
181.61.209.82 - - [26/Dec/2015:21:20:50 -0500] "GET /BLA/resoluciones/AUTOS%202014/1929.pdf HTTP/1.1" 206 65536
181.61.209.82 - - [26/Dec/2015:21:20:50 -0500] "GET /BLA/resoluciones/AUTOS%202014/1929.pdf HTTP/1.1" 206 65536
181.61.209.82 - - [26/Dec/2015:21:20:50 -0500] "GET /BLA/resoluciones/AUTOS%202014/1929.pdf HTTP/1.1" 206 131072
181.61.209.82 - - [26/Dec/2015:21:20:50 -0500] "GET /BLA/resoluciones/AUTOS%202014/1929.pdf HTTP/1.1" 206 131072
181.61.209.82 - - [26/Dec/2015:21:20:50 -0500] "GET /BLA/resoluciones/AUTOS%202014/1929.pdf HTTP/1.1" 206 131072
181.61.209.82 - - [26/Dec/2015:21:20:51 -0500] "GET /BLA/resoluciones/AUTOS%202014/1929.pdf HTTP/1.1" 206 131072
181.61.209.82 - - [26/Dec/2015:21:20:51 -0500] "GET /BLA/resoluciones/AUTOS%202014/1929.pdf HTTP/1.1" 206 131072
181.61.209.82 - - [26/Dec/2015:21:20:51 -0500] "GET /BLA/resoluciones/AUTOS%202014/1929.pdf HTTP/1.1" 206 131072
181.61.209.82 - - [26/Dec/2015:21:20:51 -0500] "GET /BLA/resoluciones/AUTOS%202014/1929.pdf HTTP/1.1" 206 131072
181.61.209.82 - - [26/Dec/2015:21:20:52 -0500] "GET /BLA/resoluciones/AUTOS%202014/1929.pdf HTTP/1.1" 206 217982
69.162.124.233 - - [26/Dec/2015:21:21:17 -0500] "HEAD / HTTP/1.1" 200 -
40.77.167.29 - - [26/Dec/2015:21:21:31 -0500] "GET /Residuos/ HTTP/1.1" 304 -
200.118.11.205 - - [26/Dec/2015:21:21:34 -0500] "POST /forms/lservlet;jsessionid=ac16012b30d776cf329062d948c6b710b4d8d809d8f6.e3iSbxaKaheRe38KbN0Rb34Mc3j0n6jAmljGr5XDqQLvpAe HTTP/1.1" 200 2
66.249.64.96 - - [26/Dec/2015:21:21:42 -0500] "GET /BLA/resoluciones/AUTOS%202014/1702.pdf HTTP/1.1" 200 922738
66.249.64.238 - - [26/Dec/2015:21:21:46 -0500] "GET /SIG/Gesti%C3%B3n%20Talento%20Humano/126PA01-PR05.pdf HTTP/1.1" 200 47239
66.249.64.243 - - [26/Dec/2015:21:22:17 -0500] "GET /Anexos%20estudio%20Organizacional%20SDA/ANEXO%20No.12-PROYECTO%20ACTUALIZACION%20MANUAL%20DE%20FUNCIONES%20SDA/Proyecto%20de%20Resolucion%20modificacion%20manual%20de%20funciones%20SDA%2024%20octubre.doc HTTP/1.1" 200 4553728
66.249.64.106 - - [26/Dec/2015:21:22:23 -0500] "GET /BLA/resoluciones/RESOLUCIONES%202011/3712.pdf HTTP/1.1" 304 -
200.118.11.205 - - [26/Dec/2015:21:23:34 -0500] "POST /forms/lservlet;jsessionid=ac16012b30d776cf329062d948c6b710b4d8d809d8f6.e3iSbxaKaheRe38KbN0Rb34Mc3j0n6jAmljGr5XDqQLvpAe HTTP/1.1" 200 2
66.249.64.248 - - [26/Dec/2015:21:24:12 -0500] "GET /galeria/nivo-slider/demo/images/Banner8deagosto.jpg HTTP/1.1" 200 59006
66.249.64.96 - - [26/Dec/2015:21:24:43 -0500] "GET /BLA/resoluciones/AUTOS%202013/0722.pdf HTTP/1.1" 200 722397
66.249.64.96 - - [26/Dec/2015:21:24:45 -0500] "GET /BLA/resoluciones/RESOLUCIONES%202008/0837.pdf HTTP/1.1" 200 191168
66.249.64.96 - - [26/Dec/2015:21:24:46 -0500] "GET /resoluciones/RESOLUCIONES%202009/9692.pdf HTTP/1.1" 404 1018
66.249.64.106 - - [26/Dec/2015:21:25:06 -0500] "GET /BLA/resoluciones/AUTOS%202013/2560.pdf HTTP/1.1" 200 1787539
200.118.11.205 - - [26/Dec/2015:21:25:34 -0500] "POST /forms/lservlet;jsessionid=ac16012b30d776cf329062d948c6b710b4d8d809d8f6.e3iSbxaKaheRe38KbN0Rb34Mc3j0n6jAmljGr5XDqQLvpAe HTTP/1.1" 200 2
69.162.124.233 - - [26/Dec/2015:21:26:17 -0500] "HEAD / HTTP/1.1" 200 -
74.88.51.80 - - [26/Dec/2015:21:27:06 -0500] "POST /forms/lservlet;jsessionid=ac16012b30d740878043f87e4b25988f8f70ef519dba.e3iSbxaKaheRe38KbN0Rb34Mc3j0n6jAmljGr5XDqQLvpAe HTTP/1.1" 200 2
80.255.192.237 - - [26/Dec/2015:21:27:21 -0500] "GET /wp-admin/admin-ajax.php?action=revslider_show_image&img=../wp-config.php HTTP/1.1" 302 374
80.255.192.237 - - [26/Dec/2015:21:27:22 -0500] "GET /wp-admin/admin-ajax.php?action=revslider_show_image&img=../wp-config.php HTTP/1.1" 301 396
200.118.11.205 - - [26/Dec/2015:21:27:35 -0500] "POST /forms/lservlet;jsessionid=ac16012b30d776cf329062d948c6b710b4d8d809d8f6.e3iSbxaKaheRe38KbN0Rb34Mc3j0n6jAmljGr5XDqQLvpAe HTTP/1.1" 200 2
66.249.64.96 - - [26/Dec/2015:21:27:52 -0500] "GET /BLA/resoluciones/AUTOS%202008/0520.pdf HTTP/1.1" 200 62699
66.249.64.96 - - [26/Dec/2015:21:27:53 -0500] "GET /BLA/resoluciones/RESOLUCIONES%202010/4485.pdf HTTP/1.1" 200 105182
66.249.64.106 - - [26/Dec/2015:21:28:25 -0500] "GET /BLA/resoluciones/RESOLUCIONES%202011/3420.pdf HTTP/1.1" 200 627810
74.88.51.80 - - [26/Dec/2015:21:29:07 -0500] "POST /forms/lservlet;jsessionid=ac16012b30d740878043f87e4b25988f8f70ef519dba.e3iSbxaKaheRe38KbN0Rb34Mc3j0n6jAmljGr5XDqQLvpAe HTTP/1.1" 200 2
66.249.64.248 - - [26/Dec/2015:21:29:13 -0500] "GET /galeria/galeria/fotos/Huemdal-el-Tunjo1P.jpg HTTP/1.1" 304 -
200.118.11.205 - - [26/Dec/2015:21:29:35 -0500] "POST /forms/lservlet;jsessionid=ac16012b30d776cf329062d948c6b710b4d8d809d8f6.e3iSbxaKaheRe38KbN0Rb34Mc3j0n6jAmljGr5XDqQLvpAe HTTP/1.1" 200 2
201.185.201.131 - - [26/Dec/2015:21:29:42 -0500] "GET /galeria/galeria/jquery.fancybox.css?v=2.1.5 HTTP/1.1" 304 -
201.185.201.131 - - [26/Dec/2015:21:29:42 -0500] "GET /galeria/galeria/jquery.fancybox.js?v=2.1.5 HTTP/1.1" 304 -
201.185.201.131 - - [26/Dec/2015:21:29:42 -0500] "GET /galeria/carrusel/Carrusel/jquery-ui-1.8.13.custom.min.js HTTP/1.1" 304 -
201.185.201.131 - - [26/Dec/2015:21:29:42 -0500] "GET /BLA/boletinlegal/js/jquery.scrollShow.js HTTP/1.1" 304 -
201.185.201.131 - - [26/Dec/2015:21:29:42 -0500] "GET /galeria/carrusel/Carrusel/jquery.thumbnailScroller.css HTTP/1.1" 304 -
201.185.201.131 - - [26/Dec/2015:21:29:42 -0500] "GET /galeria/carrusel/Carrusel/jquery.thumbnailScroller.js HTTP/1.1" 304 -
201.185.201.131 - - [26/Dec/2015:21:29:43 -0500] "GET /galeria/nivo-slider/demo/demo.html HTTP/1.1" 200 4456
201.185.201.131 - - [26/Dec/2015:21:29:43 -0500] "GET /galeria/nivo-slider/themes/pascal/pascal.css HTTP/1.1" 304 -
201.185.201.131 - - [26/Dec/2015:21:29:43 -0500] "GET /galeria/nivo-slider/nivo-slider.css HTTP/1.1" 304 -
201.185.201.131 - - [26/Dec/2015:21:29:43 -0500] "GET /galeria/nivo-slider/themes/orman/orman.css HTTP/1.1" 304 -
201.185.201.131 - - [26/Dec/2015:21:29:43 -0500] "GET /galeria/nivo-slider/demo/style.css HTTP/1.1" 304 -
201.185.201.131 - - [26/Dec/2015:21:29:43 -0500] "GET /galeria/nivo-slider/demo/images/banner-llantas2.jpg HTTP/1.1" 304 -
201.185.201.131 - - [26/Dec/2015:21:29:43 -0500] "GET /galeria/nivo-slider/demo/images/PREDAcamp.jpg HTTP/1.1" 304 -
201.185.201.131 - - [26/Dec/2015:21:29:43 -0500] "GET /galeria/nivo-slider/demo/images/9Signos.jpg HTTP/1.1" 304 -
201.185.201.131 - - [26/Dec/2015:21:29:43 -0500] "GET /galeria/nivo-slider/demo/images/bolsas-06.jpg HTTP/1.1" 304 -
201.185.201.131 - - [26/Dec/2015:21:29:43 -0500] "GET /galeria/nivo-slider/demo/images/Ruta-vertimientos-01.jpg HTTP/1.1" 304 -
201.185.201.131 - - [26/Dec/2015:21:29:44 -0500] "GET /galeria/nivo-slider/demo/images/Conoce-los-humedales.jpg HTTP/1.1" 304 -
201.185.201.131 - - [26/Dec/2015:21:29:44 -0500] "GET /galeria/nivo-slider/demo/scripts/jquery-1.7.1.min.js HTTP/1.1" 304 -
201.185.201.131 - - [26/Dec/2015:21:29:44 -0500] "GET /galeria/nivo-slider/demo/images/ecolecta-Dic2014.png HTTP/1.1" 304 -
201.185.201.131 - - [26/Dec/2015:21:29:44 -0500] "GET /galeria/nivo-slider/jquery.nivo.slider.pack.js HTTP/1.1" 304 -
201.185.201.131 - - [26/Dec/2015:21:29:44 -0500] "GET /galeria/nivo-slider/demo/images/4Simple_Slider.png HTTP/1.1" 304 -
201.185.201.131 - - [26/Dec/2015:21:29:44 -0500] "GET /galeria/nivo-slider/themes/default/loading.gif HTTP/1.1" 304 -
201.185.201.131 - - [26/Dec/2015:21:29:44 -0500] "GET /galeria/nivo-slider/themes/default/arrows.png HTTP/1.1" 304 -
201.185.201.131 - - [26/Dec/2015:21:29:44 -0500] "GET /galeria/nivo-slider/themes/default/bullets.png HTTP/1.1" 304 -
190.26.210.162 - - [26/Dec/2015:21:30:40 -0500] "GET /BLA/boletinlegal/js/jquery.scrollTo-min.js HTTP/1.1" 304 -
190.26.210.162 - - [26/Dec/2015:21:30:40 -0500] "GET /BLA/boletinlegal/js/jquery.scrollShow.js HTTP/1.1" 304 -
190.26.210.162 - - [26/Dec/2015:21:30:40 -0500] "GET /galeria/galeria/jquery.fancybox.js?v=2.1.5 HTTP/1.1" 200 48706
190.26.210.162 - - [26/Dec/2015:21:30:40 -0500] "GET /galeria/galeria/jquery.fancybox.css?v=2.1.5 HTTP/1.1" 200 4895
66.249.64.101 - - [26/Dec/2015:21:30:52 -0500] "GET /BLA/resoluciones/AUTOS%202014/2782.pdf HTTP/1.1" 200 221717
66.249.64.96 - - [26/Dec/2015:21:30:53 -0500] "GET /BLA/resoluciones/RESOLUCIONES%202014/0387.pdf HTTP/1.1" 200 511445
190.26.210.162 - - [26/Dec/2015:21:30:56 -0500] "GET /galeria/nivo-slider/demo/demo.html HTTP/1.1" 304 -
190.26.210.162 - - [26/Dec/2015:21:30:56 -0500] "GET /galeria/carrusel/Carrusel/jquery.thumbnailScroller.css HTTP/1.1" 304 -
190.26.210.162 - - [26/Dec/2015:21:30:56 -0500] "GET /galeria/carrusel/Carrusel/jquery-ui- HTTP/1.1" 404 1018
190.26.210.162 - - [26/Dec/2015:21:30:58 -0500] "GET /galeria/carrusel/Carrusel/jquery.thumbnailScroller.js HTTP/1.1" 304 -
190.26.210.162 - - [26/Dec/2015:21:31:07 -0500] "GET /galeria/nivo-slider/demo/ HTTP/1.1" 200 2278
74.88.51.80 - - [26/Dec/2015:21:31:07 -0500] "POST /forms/lservlet;jsessionid=ac16012b30d740878043f87e4b25988f8f70ef519dba.e3iSbxaKaheRe38KbN0Rb34Mc3j0n6jAmljGr5XDqQLvpAe HTTP/1.1" 200 2
69.162.124.233 - - [26/Dec/2015:21:31:17 -0500] "HEAD / HTTP/1.1" 200 -
66.249.64.106 - - [26/Dec/2015:21:31:20 -0500] "GET /BLA/resoluciones/AUTOS%202007/0187.pdf HTTP/1.1" 200 130639
200.118.11.205 - - [26/Dec/2015:21:31:35 -0500] "POST /forms/lservlet;jsessionid=ac16012b30d776cf329062d948c6b710b4d8d809d8f6.e3iSbxaKaheRe38KbN0Rb34Mc3j0n6jAmljGr5XDqQLvpAe HTTP/1.1" 200 2
66.249.64.96 - - [26/Dec/2015:21:31:46 -0500] "GET /BLA/resoluciones/RESOLUCIONES%202009/5585.pdf HTTP/1.1" 200 674543
190.26.210.162 - - [26/Dec/2015:21:30:56 -0500] "GET /BLA/boletinlegal/index.php? HTTP/1.1" 200 51063
179.51.96.3 - - [26/Dec/2015:21:32:02 -0500] "GET /galeria/galeria/jquery.fancybox.css?v=2.1.5 HTTP/1.1" 200 4895
179.51.96.3 - - [26/Dec/2015:21:32:02 -0500] "GET /galeria/galeria/jquery.fancybox.js?v=2.1.5 HTTP/1.1" 200 48706
179.51.96.3 - - [26/Dec/2015:21:32:05 -0500] "GET /BLA/boletinlegal/js/jquery.scrollShow.js HTTP/1.1" 200 4586
179.51.96.3 - - [26/Dec/2015:21:32:17 -0500] "GET /BLA/boletinlegal/js/jquery.scrollShow.js HTTP/1.1" 304 -
179.51.96.3 - - [26/Dec/2015:21:32:17 -0500] "GET /galeria/galeria/jquery.fancybox.js?v=2.1.5 HTTP/1.1" 304 -
179.51.96.3 - - [26/Dec/2015:21:32:17 -0500] "GET /galeria/galeria/jquery.fancybox.css?v=2.1.5 HTTP/1.1" 304 -
187.147.25.249 - - [26/Dec/2015:21:32:26 -0500] "GET /galeria/galeria/jquery.fancybox.css?v=2.1.5 HTTP/1.1" 200 4895
187.147.25.249 - - [26/Dec/2015:21:32:26 -0500] "GET /BLA/boletinlegal/js/jquery.scrollShow.js HTTP/1.1" 200 4586
187.147.25.249 - - [26/Dec/2015:21:32:27 -0500] "GET /galeria/galeria/jquery.fancybox.js?v=2.1.5 HTTP/1.1" 200 48706
187.147.25.249 - - [26/Dec/2015:21:32:34 -0500] "GET /BLA/boletinlegal/js/jquery.scrollShow.js HTTP/1.1" 304 -
187.147.25.249 - - [26/Dec/2015:21:32:34 -0500] "GET /galeria/galeria/jquery.fancybox.js?v=2.1.5 HTTP/1.1" 304 -
187.147.25.249 - - [26/Dec/2015:21:32:34 -0500] "GET /galeria/galeria/jquery.fancybox.css?v=2.1.5 HTTP/1.1" 304 -
74.88.51.80 - - [26/Dec/2015:21:33:08 -0500] "POST /forms/lservlet;jsessionid=ac16012b30d740878043f87e4b25988f8f70ef519dba.e3iSbxaKaheRe38KbN0Rb34Mc3j0n6jAmljGr5XDqQLvpAe HTTP/1.1" 200 2
200.118.11.205 - - [26/Dec/2015:21:33:35 -0500] "POST /forms/lservlet;jsessionid=ac16012b30d776cf329062d948c6b710b4d8d809d8f6.e3iSbxaKaheRe38KbN0Rb34Mc3j0n6jAmljGr5XDqQLvpAe HTTP/1.1" 200 2
66.249.64.243 - - [26/Dec/2015:21:33:51 -0500] "GET /portalsiaccapacitaciones/Soportes%20Capacitaciones%202014/0086.%20Presentaci%C3%B3n%20EcoConducci%C3%B3n%2010-06-14.pdf HTTP/1.1" 404 1019
66.249.64.96 - - [26/Dec/2015:21:33:52 -0500] "GET /BLA/resoluciones/RESOLUCIONES%202011/4800.pdf HTTP/1.1" 200 639816
66.249.64.96 - - [26/Dec/2015:21:33:53 -0500] "GET /BLA/resoluciones/RESOLUCIONES%202014/1738.pdf HTTP/1.1" 200 498363
66.249.64.106 - - [26/Dec/2015:21:34:48 -0500] "GET /BLA/resoluciones/RESOLUCIONES%202009/4937.pdf HTTP/1.1" 200 535891
74.88.51.80 - - [26/Dec/2015:21:35:08 -0500] "POST /forms/lservlet;jsessionid=ac16012b30d740878043f87e4b25988f8f70ef519dba.e3iSbxaKaheRe38KbN0Rb34Mc3j0n6jAmljGr5XDqQLvpAe HTTP/1.1" 200 2
200.118.11.205 - - [26/Dec/2015:21:35:35 -0500] "POST /forms/lservlet;jsessionid=ac16012b30d776cf329062d948c6b710b4d8d809d8f6.e3iSbxaKaheRe38KbN0Rb34Mc3j0n6jAmljGr5XDqQLvpAe HTTP/1.1" 200 2
69.162.124.233 - - [26/Dec/2015:21:36:17 -0500] "HEAD / HTTP/1.1" 200 -
190.26.162.226 - - [26/Dec/2015:21:36:19 -0500] "GET /BLA/boletinlegal/js/jquery.scrollShow.js HTTP/1.1" 200 4586
190.26.162.226 - - [26/Dec/2015:21:36:19 -0500] "GET /galeria/galeria/jquery.fancybox.js?v=2.1.5 HTTP/1.1" 200 48706
190.26.162.226 - - [26/Dec/2015:21:36:20 -0500] "GET /galeria/galeria/jquery.fancybox.css?v=2.1.5 HTTP/1.1" 200 4895
190.26.162.226 - - [26/Dec/2015:21:36:20 -0500] "GET /BLA/boletinlegal/images/pdf.gif HTTP/1.1" 200 567
190.26.162.226 - - [26/Dec/2015:21:36:20 -0500] "GET /BLA/boletinlegal/images/video.png HTTP/1.1" 200 57565
66.249.64.106 - - [26/Dec/2015:21:36:52 -0500] "GET /BLA/resoluciones/RESOLUCIONES%202010/0027.pdf HTTP/1.1" 200 412723
66.249.64.96 - - [26/Dec/2015:21:36:53 -0500] "GET /BLA/resoluciones/AUTOS%202011/5837.pdf HTTP/1.1" 200 168932
77.153.200.127 - - [26/Dec/2015:21:36:54 -0500] "GET /webdav/x32.php?host=78.244.13.172&time=900&port=80 HTTP/1.1" 404 1018
74.88.51.80 - - [26/Dec/2015:21:37:09 -0500] "POST /forms/lservlet;jsessionid=ac16012b30d740878043f87e4b25988f8f70ef519dba.e3iSbxaKaheRe38KbN0Rb34Mc3j0n6jAmljGr5XDqQLvpAe HTTP/1.1" 200 2
68.180.230.189 - - [26/Dec/2015:21:37:12 -0500] "GET /robots.txt HTTP/1.1" 302 312
68.180.230.189 - - [26/Dec/2015:21:37:12 -0500] "GET / HTTP/1.1" 302 302
66.249.64.106 - - [26/Dec/2015:21:37:25 -0500] "GET /BLA/resoluciones/AUTOS%202013/2523.pdf HTTP/1.1" 200 262608
200.118.11.205 - - [26/Dec/2015:21:37:35 -0500] "POST /forms/lservlet;jsessionid=ac16012b30d776cf329062d948c6b710b4d8d809d8f6.e3iSbxaKaheRe38KbN0Rb34Mc3j0n6jAmljGr5XDqQLvpAe HTTP/1.1" 200 2
180.76.15.151 - - [26/Dec/2015:21:38:25 -0500] "GET /BLA/resoluciones/AUTOS%202007/0306.pdf HTTP/1.1" 200 114786
181.56.83.11 - - [26/Dec/2015:21:38:47 -0500] "GET /galeria/carrusel/Carrusel/jquery.thumbnailScroller.css HTTP/1.1" 200 2066
181.56.83.11 - - [26/Dec/2015:21:38:47 -0500] "GET /galeria/galeria/jquery.fancybox.css?v=2.1.5 HTTP/1.1" 200 4895
181.56.83.11 - - [26/Dec/2015:21:38:47 -0500] "GET /galeria/carrusel/Carrusel/jquery-ui-1.8.13.custom.min.js HTTP/1.1" 200 10800
181.56.83.11 - - [26/Dec/2015:21:38:47 -0500] "GET /BLA/boletinlegal/js/jquery.scrollShow.js HTTP/1.1" 200 4586
181.56.83.11 - - [26/Dec/2015:21:38:47 -0500] "GET /galeria/carrusel/Carrusel/jquery.thumbnailScroller.js HTTP/1.1" 200 8157
181.56.83.11 - - [26/Dec/2015:21:38:47 -0500] "GET /galeria/galeria/jquery.fancybox.js?v=2.1.5 HTTP/1.1" 200 48706
181.56.83.11 - - [26/Dec/2015:21:38:48 -0500] "GET /galeria/nivo-slider/demo/demo.html HTTP/1.1" 200 4456
181.56.83.11 - - [26/Dec/2015:21:38:50 -0500] "GET /galeria/nivo-slider/themes/default/default.css HTTP/1.1" 200 1569
181.56.83.11 - - [26/Dec/2015:21:38:50 -0500] "GET /galeria/nivo-slider/nivo-slider.css HTTP/1.1" 200 1507
181.56.83.11 - - [26/Dec/2015:21:38:50 -0500] "GET /galeria/nivo-slider/demo/style.css HTTP/1.1" 200 2222
181.56.83.11 - - [26/Dec/2015:21:38:50 -0500] "GET /galeria/nivo-slider/themes/orman/orman.css HTTP/1.1" 200 2152
181.56.83.11 - - [26/Dec/2015:21:38:50 -0500] "GET /galeria/nivo-slider/themes/pascal/pascal.css HTTP/1.1" 200 2258
181.56.83.11 - - [26/Dec/2015:21:38:50 -0500] "GET /galeria/nivo-slider/demo/images/ambientales.jpg HTTP/1.1" 200 397233
181.56.83.11 - - [26/Dec/2015:21:38:50 -0500] "GET /galeria/nivo-slider/demo/scripts/jquery-1.7.1.min.js HTTP/1.1" 200 93868
181.56.83.11 - - [26/Dec/2015:21:38:50 -0500] "GET /galeria/nivo-slider/jquery.nivo.slider.pack.js HTTP/1.1" 200 11561
181.56.83.11 - - [26/Dec/2015:21:38:50 -0500] "GET /galeria/nivo-slider/demo/images/Programacion-navidena.jpg HTTP/1.1" 200 316038
181.56.83.11 - - [26/Dec/2015:21:38:50 -0500] "GET /galeria/nivo-slider/demo/images/2Banner-encuestaSDA.jpg HTTP/1.1" 200 208228
181.56.83.11 - - [26/Dec/2015:21:38:50 -0500] "GET /galeria/nivo-slider/demo/images/ABC-Plan-de-contigencia.jpg HTTP/1.1" 200 401853
181.56.83.11 - - [26/Dec/2015:21:38:51 -0500] "GET /galeria/nivo-slider/demo/images/banner-llantas2015.jpg HTTP/1.1" 200 185615
181.56.83.11 - - [26/Dec/2015:21:38:52 -0500] "GET /galeria/nivo-slider/demo/images/caminata-ecologica.jpg HTTP/1.1" 200 161069
181.56.83.11 - - [26/Dec/2015:21:38:52 -0500] "GET /galeria/nivo-slider/demo/images/Banner-ahorro-de-agua.jpg HTTP/1.1" 200 149141
181.56.83.11 - - [26/Dec/2015:21:38:53 -0500] "GET /galeria/nivo-slider/demo/images/Cmapana-onestidad.jpg HTTP/1.1" 200 141638
181.56.83.11 - - [26/Dec/2015:21:38:53 -0500] "GET /galeria/nivo-slider/demo/images/PREDAcamp.jpg HTTP/1.1" 200 295358
181.56.83.11 - - [26/Dec/2015:21:38:54 -0500] "GET /galeria/nivo-slider/demo/images/banner-llantas2.jpg HTTP/1.1" 200 204644
181.56.83.11 - - [26/Dec/2015:21:38:54 -0500] "GET /galeria/nivo-slider/demo/images/Ruta-vertimientos-01.jpg HTTP/1.1" 200 130151
