200.118.11.205 - - [26/Dec/2015:22:40:15 -0500] "POST /forms/lservlet;jsessionid=ac16012b30d776cf329062d948c6b710b4d8d809d8f6.e3iSbxaKaheRe38KbN0Rb34Mc3j0n6jAmljGr5XDqQLvpAe HTTP/1.1" 200 2
200.118.11.205 - - [26/Dec/2015:22:40:15 -0500] "GET /reports/rwservlet/getjobid368006?server=rep_srvapsda HTTP/1.1" 200 825258
200.118.11.205 - - [26/Dec/2015:22:40:42 -0500] "POST /forms/lservlet;jsessionid=ac16012b30d776cf329062d948c6b710b4d8d809d8f6.e3iSbxaKaheRe38KbN0Rb34Mc3j0n6jAmljGr5XDqQLvpAe HTTP/1.1" 200 159
186.82.95.147 - - [26/Dec/2015:22:40:53 -0500] "GET /galeria/galeria/jquery.fancybox.css?v=2.1.5 HTTP/1.1" 304 -
186.82.95.147 - - [26/Dec/2015:22:40:53 -0500] "GET /BLA/boletinlegal/js/jquery.scrollShow.js HTTP/1.1" 304 -
186.82.95.147 - - [26/Dec/2015:22:40:53 -0500] "GET /galeria/galeria/jquery.fancybox.js?v=2.1.5 HTTP/1.1" 304 -
69.162.124.233 - - [26/Dec/2015:22:41:17 -0500] "HEAD / HTTP/1.1" 200 -
14.161.39.93 - - [26/Dec/2015:22:41:29 -0500] "GET /galeria/galeria/fotos/Soratama2G.jpg HTTP/1.1" 200 167638
200.118.11.205 - - [26/Dec/2015:22:41:36 -0500] "POST /forms/lservlet;jsessionid=ac16012b30d776cf329062d948c6b710b4d8d809d8f6.e3iSbxaKaheRe38KbN0Rb34Mc3j0n6jAmljGr5XDqQLvpAe HTTP/1.1" 200 2
14.161.39.93 - - [26/Dec/2015:22:41:37 -0500] "GET /galeria/galeria/fotos/Soratama3G.jpg HTTP/1.1" 200 159434
74.88.51.80 - - [26/Dec/2015:22:41:43 -0500] "POST /forms/lservlet;jsessionid=ac16012b30d740878043f87e4b25988f8f70ef519dba.e3iSbxaKaheRe38KbN0Rb34Mc3j0n6jAmljGr5XDqQLvpAe HTTP/1.1" 200 2
66.249.64.106 - - [26/Dec/2015:22:41:52 -0500] "GET /BLA/resoluciones/RESOLUCIONES%202007/RES%202007%203301%20AL%203400/RESOLUCION%203399%20DE%202007.pdf HTTP/1.1" 304 -
66.249.64.96 - - [26/Dec/2015:22:41:55 -0500] "GET /BLA/resoluciones/RESOLUCIONES%202013/0466.pdf HTTP/1.1" 304 -
74.117.180.23 - - [26/Dec/2015:22:42:09 -0500] "HEAD /sig/PDG2011/CARTILLA%20PDG%202011%20-%20ENTIDADES.pdf HTTP/1.1" 404 -
66.249.64.96 - - [26/Dec/2015:22:42:25 -0500] "GET /BLA/resoluciones/RESOLUCIONES%202008/3206.pdf HTTP/1.1" 200 123441
157.55.39.187 - - [26/Dec/2015:22:42:26 -0500] "GET / HTTP/1.1" 200 10190
74.117.180.23 - - [26/Dec/2015:22:42:41 -0500] "HEAD /sig/MECI/ESTRUCTURA/Acta%20de%20Compromiso2011.pdf HTTP/1.1" 404 -
66.249.64.96 - - [26/Dec/2015:22:42:57 -0500] "GET /BLA/resoluciones/AUTOS%202011/5353.pdf HTTP/1.1" 304 -
200.118.11.205 - - [26/Dec/2015:22:43:36 -0500] "POST /forms/lservlet;jsessionid=ac16012b30d776cf329062d948c6b710b4d8d809d8f6.e3iSbxaKaheRe38KbN0Rb34Mc3j0n6jAmljGr5XDqQLvpAe HTTP/1.1" 200 2
74.88.51.80 - - [26/Dec/2015:22:43:44 -0500] "POST /forms/lservlet;jsessionid=ac16012b30d740878043f87e4b25988f8f70ef519dba.e3iSbxaKaheRe38KbN0Rb34Mc3j0n6jAmljGr5XDqQLvpAe HTTP/1.1" 200 2
74.117.180.23 - - [26/Dec/2015:22:43:59 -0500] "HEAD /sig/MECI/DOCUMENTOS/PLAN%20INSTITUCIONAL%20DE%20CAPACITACION/Informe%20de%20Impacto%20de%20Eventos%20de%20Capacitaci%C3%B3n%202010.pdf HTTP/1.1" 404 -
181.56.79.64 - - [26/Dec/2015:22:44:46 -0500] "GET /galeria/galeria/jquery.fancybox.css?v=2.1.5 HTTP/1.1" 200 4895
181.56.79.64 - - [26/Dec/2015:22:44:46 -0500] "GET /galeria/galeria/jquery.fancybox.js?v=2.1.5 HTTP/1.1" 200 48706
181.56.79.64 - - [26/Dec/2015:22:44:46 -0500] "GET /galeria/carrusel/Carrusel/jquery.thumbnailScroller.css HTTP/1.1" 200 2066
181.56.79.64 - - [26/Dec/2015:22:44:46 -0500] "GET /galeria/carrusel/Carrusel/jquery.thumbnailScroller.js HTTP/1.1" 200 8157
181.56.79.64 - - [26/Dec/2015:22:44:46 -0500] "GET /BLA/boletinlegal/js/jquery.scrollShow.js HTTP/1.1" 200 4586
181.56.79.64 - - [26/Dec/2015:22:44:46 -0500] "GET /galeria/carrusel/Carrusel/jquery-ui-1.8.13.custom.min.js HTTP/1.1" 200 10800
181.56.79.64 - - [26/Dec/2015:22:44:48 -0500] "GET /galeria/nivo-slider/demo/demo.html HTTP/1.1" 200 4456
74.117.180.23 - - [26/Dec/2015:22:44:50 -0500] "HEAD /sig/PDG2011/Formato%20Inscricpci%C3%B3n%20PDG%202011.pdf HTTP/1.1" 404 -
181.56.79.64 - - [26/Dec/2015:22:44:51 -0500] "GET /galeria/nivo-slider/themes/pascal/pascal.css HTTP/1.1" 200 2258
181.56.79.64 - - [26/Dec/2015:22:44:51 -0500] "GET /galeria/nivo-slider/themes/default/default.css HTTP/1.1" 200 1569
181.56.79.64 - - [26/Dec/2015:22:44:51 -0500] "GET /galeria/nivo-slider/themes/orman/orman.css HTTP/1.1" 200 2152
181.56.79.64 - - [26/Dec/2015:22:44:51 -0500] "GET /galeria/nivo-slider/nivo-slider.css HTTP/1.1" 200 1507
181.56.79.64 - - [26/Dec/2015:22:44:51 -0500] "GET /galeria/nivo-slider/demo/style.css HTTP/1.1" 200 2222
181.56.79.64 - - [26/Dec/2015:22:44:51 -0500] "GET /galeria/nivo-slider/demo/images/ambientales.jpg HTTP/1.1" 200 397233
181.56.79.64 - - [26/Dec/2015:22:44:51 -0500] "GET /galeria/nivo-slider/demo/images/Programacion-navidena.jpg HTTP/1.1" 200 316038
181.56.79.64 - - [26/Dec/2015:22:44:51 -0500] "GET /galeria/nivo-slider/demo/images/2Banner-encuestaSDA.jpg HTTP/1.1" 200 208228
181.56.79.64 - - [26/Dec/2015:22:44:51 -0500] "GET /galeria/nivo-slider/demo/images/banner-llantas2015.jpg HTTP/1.1" 200 185615
181.56.79.64 - - [26/Dec/2015:22:44:51 -0500] "GET /galeria/nivo-slider/demo/images/ABC-Plan-de-contigencia.jpg HTTP/1.1" 200 401853
181.56.79.64 - - [26/Dec/2015:22:44:51 -0500] "GET /galeria/nivo-slider/demo/scripts/jquery-1.7.1.min.js HTTP/1.1" 200 93868
181.56.79.64 - - [26/Dec/2015:22:44:52 -0500] "GET /galeria/nivo-slider/jquery.nivo.slider.pack.js HTTP/1.1" 200 11561
181.56.79.64 - - [26/Dec/2015:22:44:52 -0500] "GET /galeria/nivo-slider/demo/images/caminata-ecologica.jpg HTTP/1.1" 200 161069
181.56.79.64 - - [26/Dec/2015:22:44:53 -0500] "GET /galeria/nivo-slider/demo/images/4Simple_Slider.png HTTP/1.1" 200 11722
181.56.79.64 - - [26/Dec/2015:22:44:53 -0500] "GET /galeria/nivo-slider/themes/default/loading.gif HTTP/1.1" 200 1737
181.56.79.64 - - [26/Dec/2015:22:44:53 -0500] "GET /galeria/nivo-slider/demo/images/Banner-ahorro-de-agua.jpg HTTP/1.1" 200 149141
181.56.79.64 - - [26/Dec/2015:22:44:53 -0500] "GET /galeria/nivo-slider/demo/images/Cmapana-onestidad.jpg HTTP/1.1" 200 141638
181.56.79.64 - - [26/Dec/2015:22:44:53 -0500] "GET /galeria/nivo-slider/demo/images/PREDAcamp.jpg HTTP/1.1" 200 295358
181.56.79.64 - - [26/Dec/2015:22:44:53 -0500] "GET /galeria/nivo-slider/demo/images/banner-llantas2.jpg HTTP/1.1" 200 204644
181.56.79.64 - - [26/Dec/2015:22:44:53 -0500] "GET /galeria/nivo-slider/demo/images/9Signos.jpg HTTP/1.1" 200 81776
181.56.79.64 - - [26/Dec/2015:22:44:54 -0500] "GET /galeria/nivo-slider/demo/images/Ruta-vertimientos-01.jpg HTTP/1.1" 200 130151
181.56.79.64 - - [26/Dec/2015:22:44:55 -0500] "GET /galeria/nivo-slider/demo/images/bolsas-06.jpg HTTP/1.1" 200 90982
181.56.79.64 - - [26/Dec/2015:22:44:55 -0500] "GET /galeria/nivo-slider/demo/images/Conoce-los-humedales.jpg HTTP/1.1" 200 294036
181.56.79.64 - - [26/Dec/2015:22:44:55 -0500] "GET /galeria/nivo-slider/demo/images/ecolecta-Dic2014.png HTTP/1.1" 200 288593
181.56.79.64 - - [26/Dec/2015:22:44:56 -0500] "GET /galeria/nivo-slider/themes/default/arrows.png HTTP/1.1" 200 824
181.56.79.64 - - [26/Dec/2015:22:44:56 -0500] "GET /galeria/nivo-slider/themes/default/bullets.png HTTP/1.1" 200 1281
181.56.79.64 - - [26/Dec/2015:22:45:00 -0500] "GET /galeria/galeria/jquery.fancybox.css?v=2.1.5 HTTP/1.1" 304 -
181.56.79.64 - - [26/Dec/2015:22:45:00 -0500] "GET /BLA/boletinlegal/js/jquery.scrollShow.js HTTP/1.1" 304 -
181.56.79.64 - - [26/Dec/2015:22:45:00 -0500] "GET /galeria/galeria/jquery.fancybox.js?v=2.1.5 HTTP/1.1" 304 -
181.56.79.64 - - [26/Dec/2015:22:45:00 -0500] "GET /galeria/galeria/jquery.fancybox.css?v=2.1.5 HTTP/1.1" 304 -
66.249.64.96 - - [26/Dec/2015:22:45:05 -0500] "GET /BLA/resoluciones/AUTOS%202011/0100.pdf HTTP/1.1" 304 -
66.249.64.96 - - [26/Dec/2015:22:45:25 -0500] "GET /BLA/resoluciones/RESOLUCIONES%202011/0650.pdf HTTP/1.1" 200 540189
200.118.11.205 - - [26/Dec/2015:22:45:36 -0500] "POST /forms/lservlet;jsessionid=ac16012b30d776cf329062d948c6b710b4d8d809d8f6.e3iSbxaKaheRe38KbN0Rb34Mc3j0n6jAmljGr5XDqQLvpAe HTTP/1.1" 200 2
74.88.51.80 - - [26/Dec/2015:22:45:44 -0500] "POST /forms/lservlet;jsessionid=ac16012b30d740878043f87e4b25988f8f70ef519dba.e3iSbxaKaheRe38KbN0Rb34Mc3j0n6jAmljGr5XDqQLvpAe HTTP/1.1" 200 2
69.162.124.233 - - [26/Dec/2015:22:46:17 -0500] "HEAD / HTTP/1.1" 200 -
66.249.64.101 - - [26/Dec/2015:22:46:18 -0500] "GET /BLA/resoluciones/AUTOS%202011/2104.pdf HTTP/1.1" 304 -
66.249.64.96 - - [26/Dec/2015:22:46:19 -0500] "GET /BLA/resoluciones/RESOLUCIONES%202007/RES%202007%20801%20AL%20900/RESOLUCION%200860%20DE%202007.pdf HTTP/1.1" 200 1224428
201.234.75.11 - - [26/Dec/2015:22:46:57 -0500] "GET /galeria/galeria/fotos/Movilizacion7P.jpg HTTP/1.1" 304 -
191.102.118.74 - - [26/Dec/2015:22:47:05 -0500] "GET /BLA/resoluciones/RESOLUCIONES%202007/RES%202007%202501%20AL%202600/RESOLUCION%202501%20DE%202007.pdf HTTP/1.1" 200 54704
191.102.118.74 - - [26/Dec/2015:22:47:05 -0500] "GET /favicon.ico HTTP/1.1" 200 7782
200.118.11.205 - - [26/Dec/2015:22:47:36 -0500] "POST /forms/lservlet;jsessionid=ac16012b30d776cf329062d948c6b710b4d8d809d8f6.e3iSbxaKaheRe38KbN0Rb34Mc3j0n6jAmljGr5XDqQLvpAe HTTP/1.1" 200 2
74.88.51.80 - - [26/Dec/2015:22:47:48 -0500] "POST /forms/lservlet;jsessionid=ac16012b30d740878043f87e4b25988f8f70ef519dba.e3iSbxaKaheRe38KbN0Rb34Mc3j0n6jAmljGr5XDqQLvpAe HTTP/1.1" 200 2
66.249.64.101 - - [26/Dec/2015:22:48:02 -0500] "GET /BLA/resoluciones/AUTOS%202011/1128.pdf HTTP/1.1" 200 321431
66.249.64.96 - - [26/Dec/2015:22:48:02 -0500] "GET /BLA/resoluciones/RESOLUCIONES%202009/9767.pdf HTTP/1.1" 200 292617
66.249.64.96 - - [26/Dec/2015:22:48:23 -0500] "GET /BLA/resoluciones/RESOLUCIONES%202014/2596.pdf HTTP/1.1" 200 229960
66.249.64.96 - - [26/Dec/2015:22:48:42 -0500] "GET /BLA/resoluciones/AUTOS%202011/7226.pdf HTTP/1.1" 304 -
66.249.64.96 - - [26/Dec/2015:22:49:04 -0500] "GET /BLA/resoluciones/RESOLUCIONES%202009/1860.pdf HTTP/1.1" 200 585724
200.118.11.205 - - [26/Dec/2015:22:49:37 -0500] "POST /forms/lservlet;jsessionid=ac16012b30d776cf329062d948c6b710b4d8d809d8f6.e3iSbxaKaheRe38KbN0Rb34Mc3j0n6jAmljGr5XDqQLvpAe HTTP/1.1" 200 2
74.88.51.80 - - [26/Dec/2015:22:49:48 -0500] "POST /forms/lservlet;jsessionid=ac16012b30d740878043f87e4b25988f8f70ef519dba.e3iSbxaKaheRe38KbN0Rb34Mc3j0n6jAmljGr5XDqQLvpAe HTTP/1.1" 200 2
66.249.64.248 - - [26/Dec/2015:22:50:18 -0500] "GET /galeria/nivo-slider/demo/images/AuambariCiudadBolivar102.jpg HTTP/1.1" 304 -
66.249.64.238 - - [26/Dec/2015:22:50:19 -0500] "GET /galeria/nivo-slider/demo/images/TaxiElectrico04.jpg HTTP/1.1" 200 134774
201.234.75.11 - - [26/Dec/2015:22:50:22 -0500] "GET /galeria/nivo-slider/demo/images/banner-calidad-aire.jpg HTTP/1.1" 304 -
66.249.64.101 - - [26/Dec/2015:22:51:12 -0500] "GET /BLA/resoluciones/Notificaciones/AUTOS%202014/3936.doc HTTP/1.1" 200 140288
66.249.64.96 - - [26/Dec/2015:22:51:12 -0500] "GET /BLA/resoluciones/RESOLUCIONES%202014/0359.pdf HTTP/1.1" 200 580703
69.162.124.233 - - [26/Dec/2015:22:51:17 -0500] "HEAD / HTTP/1.1" 200 -
74.117.180.23 - - [26/Dec/2015:22:51:19 -0500] "HEAD /sig/MECI/DOCUMENTOS/Resolucion%206954%20octubre%202009,%20modifica%20conformaci%C3%B3n%20Comite%20Etica.pdf HTTP/1.1" 404 -
200.118.11.205 - - [26/Dec/2015:22:51:37 -0500] "POST /forms/lservlet;jsessionid=ac16012b30d776cf329062d948c6b710b4d8d809d8f6.e3iSbxaKaheRe38KbN0Rb34Mc3j0n6jAmljGr5XDqQLvpAe HTTP/1.1" 200 2
66.249.64.96 - - [26/Dec/2015:22:51:39 -0500] "GET /BLA/resoluciones/RESOLUCIONES%202009/1749.pdf HTTP/1.1" 200 579200
74.88.51.80 - - [26/Dec/2015:22:51:48 -0500] "POST /forms/lservlet;jsessionid=ac16012b30d740878043f87e4b25988f8f70ef519dba.e3iSbxaKaheRe38KbN0Rb34Mc3j0n6jAmljGr5XDqQLvpAe HTTP/1.1" 200 2
207.46.13.106 - - [26/Dec/2015:22:51:50 -0500] "GET /robots.txt HTTP/1.1" 404 1015
207.46.13.106 - - [26/Dec/2015:22:51:56 -0500] "GET /dama/libreria/pdf/ecosistemas/restauracion/1_ar15.pdf HTTP/1.1" 404 1015
74.117.180.23 - - [26/Dec/2015:22:51:56 -0500] "HEAD /sig/MECI/DOCUMENTOS/Estilo_Direccion/Estilo%20de%20Direcci%C3%B3n%201.pdf HTTP/1.1" 404 -
66.249.64.101 - - [26/Dec/2015:22:52:06 -0500] "GET /BLA/resoluciones/RESOLUCIONES%202012/0908.pdf HTTP/1.1" 200 379330
66.249.64.96 - - [26/Dec/2015:22:52:33 -0500] "GET /BLA/resoluciones/RESOLUCIONES%202009/0049.pdf HTTP/1.1" 200 192322
40.77.167.75 - - [26/Dec/2015:22:52:55 -0500] "GET /robots.txt HTTP/1.1" 404 1019
200.118.11.205 - - [26/Dec/2015:22:53:37 -0500] "POST /forms/lservlet;jsessionid=ac16012b30d776cf329062d948c6b710b4d8d809d8f6.e3iSbxaKaheRe38KbN0Rb34Mc3j0n6jAmljGr5XDqQLvpAe HTTP/1.1" 200 2
74.88.51.80 - - [26/Dec/2015:22:53:49 -0500] "POST /forms/lservlet;jsessionid=ac16012b30d740878043f87e4b25988f8f70ef519dba.e3iSbxaKaheRe38KbN0Rb34Mc3j0n6jAmljGr5XDqQLvpAe HTTP/1.1" 200 2
66.249.64.96 - - [26/Dec/2015:22:54:22 -0500] "GET /BLA/resoluciones/AUTOS%202013/2191.pdf HTTP/1.1" 200 782246
66.249.64.96 - - [26/Dec/2015:22:55:09 -0500] "GET /BLA/resoluciones/RESOLUCIONES%202008/3698.pdf HTTP/1.1" 304 -
66.249.64.96 - - [26/Dec/2015:22:55:16 -0500] "GET /BLA/resoluciones/RESOLUCIONES%202009/2840.pdf HTTP/1.1" 304 -
200.118.11.205 - - [26/Dec/2015:22:55:37 -0500] "POST /forms/lservlet;jsessionid=ac16012b30d776cf329062d948c6b710b4d8d809d8f6.e3iSbxaKaheRe38KbN0Rb34Mc3j0n6jAmljGr5XDqQLvpAe HTTP/1.1" 200 2
74.88.51.80 - - [26/Dec/2015:22:55:49 -0500] "POST /forms/lservlet;jsessionid=ac16012b30d740878043f87e4b25988f8f70ef519dba.e3iSbxaKaheRe38KbN0Rb34Mc3j0n6jAmljGr5XDqQLvpAe HTTP/1.1" 200 2
66.249.64.106 - - [26/Dec/2015:22:56:10 -0500] "GET /BLA/resoluciones/AUTOS%202013/0198.pdf HTTP/1.1" 200 2676724
69.162.124.233 - - [26/Dec/2015:22:56:17 -0500] "HEAD / HTTP/1.1" 200 -
40.77.167.75 - - [26/Dec/2015:22:56:41 -0500] "GET /BLA/boletinlegal/jurisprudencia/analisis/CUADRO%20ANALISIS%20SENTENCIA%20C-554%20DE%202007.doc HTTP/1.1" 200 35328
66.249.64.96 - - [26/Dec/2015:22:57:22 -0500] "GET /BLA/resoluciones/RESOLUCIONES%202010/7874.pdf HTTP/1.1" 200 526676
66.249.64.96 - - [26/Dec/2015:22:57:23 -0500] "GET /BLA/resoluciones/RESOLUCIONES%202009/3449.pdf HTTP/1.1" 200 458060
200.118.11.205 - - [26/Dec/2015:22:57:37 -0500] "POST /forms/lservlet;jsessionid=ac16012b30d776cf329062d948c6b710b4d8d809d8f6.e3iSbxaKaheRe38KbN0Rb34Mc3j0n6jAmljGr5XDqQLvpAe HTTP/1.1" 200 2
74.117.180.23 - - [26/Dec/2015:22:57:49 -0500] "HEAD /sig/MECI/DOCUMENTOS/codigo_etica.pdf HTTP/1.1" 404 -
74.88.51.80 - - [26/Dec/2015:22:57:50 -0500] "POST /forms/lservlet;jsessionid=ac16012b30d740878043f87e4b25988f8f70ef519dba.e3iSbxaKaheRe38KbN0Rb34Mc3j0n6jAmljGr5XDqQLvpAe HTTP/1.1" 200 2
66.249.64.106 - - [26/Dec/2015:22:58:03 -0500] "GET /BLA/resoluciones/AUTOS%202014/1057.pdf HTTP/1.1" 200 1298087
74.117.180.23 - - [26/Dec/2015:22:58:34 -0500] "HEAD /sig/MECI/ESTRUCTURA/Equipo%20de%20Evaluaci%C3%B3n2011.pdf HTTP/1.1" 404 -
66.249.64.96 - - [26/Dec/2015:22:58:43 -0500] "GET /BLA/resoluciones/RESOLUCIONES%202010/6031.pdf HTTP/1.1" 200 632848
190.26.56.229 - - [26/Dec/2015:22:59:35 -0500] "GET /BLA/resoluciones/RESOLUCIONES%202010/2514.pdf HTTP/1.1" 200 392066
190.26.56.229 - - [26/Dec/2015:22:59:36 -0500] "GET /BLA/resoluciones/RESOLUCIONES%202010/2514.pdf HTTP/1.1" 200 392066
200.118.11.205 - - [26/Dec/2015:22:59:37 -0500] "POST /forms/lservlet;jsessionid=ac16012b30d776cf329062d948c6b710b4d8d809d8f6.e3iSbxaKaheRe38KbN0Rb34Mc3j0n6jAmljGr5XDqQLvpAe HTTP/1.1" 200 2
74.88.51.80 - - [26/Dec/2015:22:59:51 -0500] "POST /forms/lservlet;jsessionid=ac16012b30d740878043f87e4b25988f8f70ef519dba.e3iSbxaKaheRe38KbN0Rb34Mc3j0n6jAmljGr5XDqQLvpAe HTTP/1.1" 200 2
66.249.64.96 - - [26/Dec/2015:23:00:22 -0500] "GET /BLA/resoluciones/RESOLUCIONES%202012/1143.pdf HTTP/1.1" 304 -
66.249.64.96 - - [26/Dec/2015:23:00:23 -0500] "GET /BLA/resoluciones/RESOLUCIONES%202007/RES%202007%20901%20AL%201000/RESOLUCION%200998%20DE%202007.pdf HTTP/1.1" 304 -
66.249.64.243 - - [26/Dec/2015:23:00:50 -0500] "GET / HTTP/1.1" 200 10190
69.162.124.233 - - [26/Dec/2015:23:01:17 -0500] "HEAD / HTTP/1.1" 200 -
152.201.204.180 - - [26/Dec/2015:23:01:22 -0500] "GET /BLA/boletinlegal/js/jquery.scrollShow.js HTTP/1.1" 200 4586
152.201.204.180 - - [26/Dec/2015:23:01:22 -0500] "GET /galeria/galeria/jquery.fancybox.js?v=2.1.5 HTTP/1.1" 200 48706
152.201.204.180 - - [26/Dec/2015:23:01:23 -0500] "GET /galeria/galeria/jquery.fancybox.css?v=2.1.5 HTTP/1.1" 200 4895
200.118.11.205 - - [26/Dec/2015:23:01:37 -0500] "POST /forms/lservlet;jsessionid=ac16012b30d776cf329062d948c6b710b4d8d809d8f6.e3iSbxaKaheRe38KbN0Rb34Mc3j0n6jAmljGr5XDqQLvpAe HTTP/1.1" 200 2
66.249.88.228 - - [26/Dec/2015:23:01:51 -0500] "GET /BLA/boletinlegal/js/jquery.scrollShow.js HTTP/1.1" 200 4586
66.249.88.228 - - [26/Dec/2015:23:01:51 -0500] "GET /galeria/galeria/jquery.fancybox.css?v=2.1.5 HTTP/1.1" 200 4895
66.249.88.223 - - [26/Dec/2015:23:01:51 -0500] "GET /galeria/galeria/jquery.fancybox.js?v=2.1.5 HTTP/1.1" 200 48706
66.249.88.233 - - [26/Dec/2015:23:01:51 -0500] "GET /galeria/carrusel/Carrusel/jquery.thumbnailScroller.css HTTP/1.1" 200 2066
66.249.88.233 - - [26/Dec/2015:23:01:51 -0500] "GET /galeria/carrusel/Carrusel/jquery-ui-1.8.13.custom.min.js HTTP/1.1" 200 10800
66.249.88.223 - - [26/Dec/2015:23:01:51 -0500] "GET /galeria/carrusel/Carrusel/jquery.thumbnailScroller.js HTTP/1.1" 200 8157
74.88.51.80 - - [26/Dec/2015:23:01:51 -0500] "POST /forms/lservlet;jsessionid=ac16012b30d740878043f87e4b25988f8f70ef519dba.e3iSbxaKaheRe38KbN0Rb34Mc3j0n6jAmljGr5XDqQLvpAe HTTP/1.1" 200 2
66.249.88.228 - - [26/Dec/2015:23:01:52 -0500] "GET /galeria/nivo-slider/demo/demo.html HTTP/1.1" 200 4456
66.249.88.223 - - [26/Dec/2015:23:01:53 -0500] "GET /galeria/nivo-slider/themes/pascal/pascal.css HTTP/1.1" 200 2258
66.249.88.233 - - [26/Dec/2015:23:01:53 -0500] "GET /galeria/nivo-slider/themes/default/default.css HTTP/1.1" 200 1569
66.249.88.223 - - [26/Dec/2015:23:01:53 -0500] "GET /galeria/nivo-slider/nivo-slider.css HTTP/1.1" 200 1507
66.249.88.228 - - [26/Dec/2015:23:01:53 -0500] "GET /galeria/nivo-slider/themes/orman/orman.css HTTP/1.1" 200 2152
66.249.88.233 - - [26/Dec/2015:23:01:53 -0500] "GET /galeria/nivo-slider/demo/images/caminata-ecologica.jpg HTTP/1.1" 200 161069
66.249.88.223 - - [26/Dec/2015:23:01:53 -0500] "GET /galeria/nivo-slider/demo/style.css HTTP/1.1" 200 2222
66.249.88.228 - - [26/Dec/2015:23:01:53 -0500] "GET /galeria/nivo-slider/demo/images/banner-llantas2015.jpg HTTP/1.1" 200 185615
66.249.88.233 - - [26/Dec/2015:23:01:53 -0500] "GET /galeria/nivo-slider/demo/scripts/jquery-1.7.1.min.js HTTP/1.1" 200 93868
66.249.88.228 - - [26/Dec/2015:23:01:54 -0500] "GET /galeria/nivo-slider/demo/images/ABC-Plan-de-contigencia.jpg HTTP/1.1" 200 401853
66.249.88.223 - - [26/Dec/2015:23:01:54 -0500] "GET /galeria/nivo-slider/demo/images/Cmapana-onestidad.jpg HTTP/1.1" 200 141638
66.249.88.223 - - [26/Dec/2015:23:01:54 -0500] "GET /galeria/nivo-slider/jquery.nivo.slider.pack.js HTTP/1.1" 200 11561
66.249.88.223 - - [26/Dec/2015:23:01:54 -0500] "GET /galeria/nivo-slider/demo/images/ambientales.jpg HTTP/1.1" 200 397233
66.249.88.233 - - [26/Dec/2015:23:01:54 -0500] "GET /galeria/nivo-slider/demo/images/2Banner-encuestaSDA.jpg HTTP/1.1" 200 208228
66.249.88.223 - - [26/Dec/2015:23:01:54 -0500] "GET /galeria/nivo-slider/demo/images/Programacion-navidena.jpg HTTP/1.1" 200 316038
66.249.88.223 - - [26/Dec/2015:23:01:54 -0500] "GET /galeria/nivo-slider/demo/images/Banner-ahorro-de-agua.jpg HTTP/1.1" 200 149141
66.249.88.223 - - [26/Dec/2015:23:01:54 -0500] "GET /galeria/nivo-slider/demo/images/bolsas-06.jpg HTTP/1.1" 200 90982
66.249.88.233 - - [26/Dec/2015:23:01:54 -0500] "GET /galeria/nivo-slider/demo/images/Ruta-vertimientos-01.jpg HTTP/1.1" 200 130151
66.249.88.228 - - [26/Dec/2015:23:01:54 -0500] "GET /galeria/nivo-slider/demo/images/Conoce-los-humedales.jpg HTTP/1.1" 200 294036
66.249.88.233 - - [26/Dec/2015:23:01:54 -0500] "GET /galeria/nivo-slider/demo/images/PREDAcamp.jpg HTTP/1.1" 200 295358
66.249.88.233 - - [26/Dec/2015:23:01:54 -0500] "GET /galeria/nivo-slider/demo/images/ecolecta-Dic2014.png HTTP/1.1" 200 288593
66.249.88.228 - - [26/Dec/2015:23:01:54 -0500] "GET /galeria/nivo-slider/demo/images/banner-llantas2.jpg HTTP/1.1" 200 204644
66.249.88.223 - - [26/Dec/2015:23:01:54 -0500] "GET /galeria/nivo-slider/demo/images/9Signos.jpg HTTP/1.1" 200 81776
66.249.88.233 - - [26/Dec/2015:23:01:54 -0500] "GET /galeria/nivo-slider/themes/default/loading.gif HTTP/1.1" 200 1737
66.249.88.233 - - [26/Dec/2015:23:01:54 -0500] "GET /galeria/nivo-slider/demo/images/4Simple_Slider.png HTTP/1.1" 200 11722
66.249.88.223 - - [26/Dec/2015:23:01:59 -0500] "GET /galeria/nivo-slider/themes/default/arrows.png HTTP/1.1" 200 824
66.249.88.228 - - [26/Dec/2015:23:01:59 -0500] "GET /galeria/nivo-slider/themes/default/bullets.png HTTP/1.1" 200 1281
152.201.204.180 - - [26/Dec/2015:23:02:23 -0500] "GET /galeria/galeria/jquery.fancybox.css?v=2.1.5 HTTP/1.1" 304 -
152.201.204.180 - - [26/Dec/2015:23:02:24 -0500] "GET /BLA/boletinlegal/js/jquery.scrollShow.js HTTP/1.1" 304 -
152.201.204.180 - - [26/Dec/2015:23:02:25 -0500] "GET /galeria/galeria/jquery.fancybox.js?v=2.1.5 HTTP/1.1" 304 -
66.249.64.96 - - [26/Dec/2015:23:03:22 -0500] "GET /BLA/resoluciones/AUTOS%202010/5250.pdf HTTP/1.1" 200 243717
66.249.64.96 - - [26/Dec/2015:23:03:23 -0500] "GET /BLA/resoluciones/RESOLUCIONES%202008/3899.pdf HTTP/1.1" 200 376585
66.249.64.96 - - [26/Dec/2015:23:03:24 -0500] "GET /BLA/resoluciones/AUTOS%202008/1276.pdf HTTP/1.1" 200 73845
200.118.11.205 - - [26/Dec/2015:23:03:37 -0500] "POST /forms/lservlet;jsessionid=ac16012b30d776cf329062d948c6b710b4d8d809d8f6.e3iSbxaKaheRe38KbN0Rb34Mc3j0n6jAmljGr5XDqQLvpAe HTTP/1.1" 200 2
74.88.51.80 - - [26/Dec/2015:23:03:52 -0500] "POST /forms/lservlet;jsessionid=ac16012b30d740878043f87e4b25988f8f70ef519dba.e3iSbxaKaheRe38KbN0Rb34Mc3j0n6jAmljGr5XDqQLvpAe HTTP/1.1" 200 2
66.249.88.233 - - [26/Dec/2015:23:05:11 -0500] "GET /galeria/galeria/jquery.fancybox.css?v=2.1.5 HTTP/1.1" 304 -
66.249.88.233 - - [26/Dec/2015:23:05:11 -0500] "GET /BLA/boletinlegal/js/jquery.scrollShow.js HTTP/1.1" 304 -
66.249.88.223 - - [26/Dec/2015:23:05:11 -0500] "GET /galeria/galeria/jquery.fancybox.js?v=2.1.5 HTTP/1.1" 304 -
200.118.11.205 - - [26/Dec/2015:23:05:37 -0500] "POST /forms/lservlet;jsessionid=ac16012b30d776cf329062d948c6b710b4d8d809d8f6.e3iSbxaKaheRe38KbN0Rb34Mc3j0n6jAmljGr5XDqQLvpAe HTTP/1.1" 200 2
74.88.51.80 - - [26/Dec/2015:23:05:52 -0500] "POST /forms/lservlet;jsessionid=ac16012b30d740878043f87e4b25988f8f70ef519dba.e3iSbxaKaheRe38KbN0Rb34Mc3j0n6jAmljGr5XDqQLvpAe HTTP/1.1" 200 2
66.249.64.96 - - [26/Dec/2015:23:05:53 -0500] "GET /galeria/galeria/fotos/15.jpg HTTP/1.1" 304 -
190.131.194.135 - - [26/Dec/2015:23:06:08 -0500] "GET /galeria/nivo-slider/demo/images/banner-llantas2.jpg HTTP/1.1" 304 -
69.162.124.233 - - [26/Dec/2015:23:06:17 -0500] "HEAD / HTTP/1.1" 200 -
66.249.64.106 - - [26/Dec/2015:23:06:32 -0500] "GET /BLA/resoluciones/RESOLUCIONES%202014/0857.pdf HTTP/1.1" 200 578489
66.249.64.96 - - [26/Dec/2015:23:06:34 -0500] "GET /BLA/resoluciones/RESOLUCIONES%202014/0456.pdf HTTP/1.1" 304 -
66.249.64.96 - - [26/Dec/2015:23:06:56 -0500] "GET /BLA/resoluciones/RESOLUCIONES%202013/1611.pdf HTTP/1.1" 200 636967
201.234.75.11 - - [26/Dec/2015:23:07:05 -0500] "GET /galeria/galeria/fotos/Movilizacion6P.jpg HTTP/1.1" 304 -
66.249.64.101 - - [26/Dec/2015:23:07:19 -0500] "GET /BLA/resoluciones/RESOLUCIONES%202010/4857.pdf HTTP/1.1" 200 756312
200.118.11.205 - - [26/Dec/2015:23:07:37 -0500] "POST /forms/lservlet;jsessionid=ac16012b30d776cf329062d948c6b710b4d8d809d8f6.e3iSbxaKaheRe38KbN0Rb34Mc3j0n6jAmljGr5XDqQLvpAe HTTP/1.1" 200 2
74.88.51.80 - - [26/Dec/2015:23:07:52 -0500] "POST /forms/lservlet;jsessionid=ac16012b30d740878043f87e4b25988f8f70ef519dba.e3iSbxaKaheRe38KbN0Rb34Mc3j0n6jAmljGr5XDqQLvpAe HTTP/1.1" 200 2
200.118.11.205 - - [26/Dec/2015:23:09:37 -0500] "POST /forms/lservlet;jsessionid=ac16012b30d776cf329062d948c6b710b4d8d809d8f6.e3iSbxaKaheRe38KbN0Rb34Mc3j0n6jAmljGr5XDqQLvpAe HTTP/1.1" 200 2
66.249.64.106 - - [26/Dec/2015:23:09:42 -0500] "GET /BLA/resoluciones/RESOLUCIONES%202010/4443.pdf HTTP/1.1" 200 1271800
66.249.64.96 - - [26/Dec/2015:23:09:45 -0500] "GET /BLA/resoluciones/AUTOS%202014/0874.pdf HTTP/1.1" 200 1559105
74.88.51.80 - - [26/Dec/2015:23:09:53 -0500] "POST /forms/lservlet;jsessionid=ac16012b30d740878043f87e4b25988f8f70ef519dba.e3iSbxaKaheRe38KbN0Rb34Mc3j0n6jAmljGr5XDqQLvpAe HTTP/1.1" 200 2
66.249.64.101 - - [26/Dec/2015:23:10:05 -0500] "GET /BLA/resoluciones/RESOLUCIONES%202007/RES%202007%202601%20AL%202700/RESOLUCION%202601%20DE%202007.pdf HTTP/1.1" 304 -
181.56.79.64 - - [26/Dec/2015:23:10:10 -0500] "GET /BLA/boletinlegal/js/jquery.scrollShow.js HTTP/1.1" 200 4586
181.56.79.64 - - [26/Dec/2015:23:10:10 -0500] "GET /galeria/galeria/jquery.fancybox.css?v=2.1.5 HTTP/1.1" 200 4895
181.56.79.64 - - [26/Dec/2015:23:10:10 -0500] "GET /galeria/galeria/jquery.fancybox.js?v=2.1.5 HTTP/1.1" 200 48706
207.46.13.121 - - [26/Dec/2015:23:10:27 -0500] "GET /robots.txt HTTP/1.1" 404 1018
66.249.64.96 - - [26/Dec/2015:23:10:28 -0500] "GET /BLA/resoluciones/AUTOS%202013/2854.pdf HTTP/1.1" 200 380209
66.249.64.96 - - [26/Dec/2015:23:10:52 -0500] "GET /BLA/resoluciones/RESOLUCIONES%202007/RES%202007%20401%20AL%20500/RESOLUCION%200405%20DE%202007.pdf HTTP/1.1" 200 966305
69.162.124.233 - - [26/Dec/2015:23:11:17 -0500] "HEAD / HTTP/1.1" 200 -
200.118.11.205 - - [26/Dec/2015:23:11:37 -0500] "POST /forms/lservlet;jsessionid=ac16012b30d776cf329062d948c6b710b4d8d809d8f6.e3iSbxaKaheRe38KbN0Rb34Mc3j0n6jAmljGr5XDqQLvpAe HTTP/1.1" 200 2
74.88.51.80 - - [26/Dec/2015:23:11:53 -0500] "POST /forms/lservlet;jsessionid=ac16012b30d740878043f87e4b25988f8f70ef519dba.e3iSbxaKaheRe38KbN0Rb34Mc3j0n6jAmljGr5XDqQLvpAe HTTP/1.1" 200 2
201.190.125.64 - - [26/Dec/2015:23:12:23 -0500] "GET /galeria/galeria/jquery.fancybox.css?v=2.1.5 HTTP/1.1" 200 4895
201.190.125.64 - - [26/Dec/2015:23:12:23 -0500] "GET /BLA/boletinlegal/js/jquery.scrollShow.js HTTP/1.1" 200 4586
201.190.125.64 - - [26/Dec/2015:23:12:23 -0500] "GET /galeria/galeria/jquery.fancybox.js?v=2.1.5 HTTP/1.1" 200 48706
200.118.11.205 - - [26/Dec/2015:23:12:26 -0500] "POST /forms/lservlet;jsessionid=ac16012b30d776cf329062d948c6b710b4d8d809d8f6.e3iSbxaKaheRe38KbN0Rb34Mc3j0n6jAmljGr5XDqQLvpAe HTTP/1.1" 200 14
200.118.11.205 - - [26/Dec/2015:23:12:27 -0500] "POST /forms/lservlet;jsessionid=ac16012b30d776cf329062d948c6b710b4d8d809d8f6.e3iSbxaKaheRe38KbN0Rb34Mc3j0n6jAmljGr5XDqQLvpAe HTTP/1.1" 200 2
200.118.11.205 - - [26/Dec/2015:23:12:28 -0500] "POST /forms/lservlet;jsessionid=ac16012b30d776cf329062d948c6b710b4d8d809d8f6.e3iSbxaKaheRe38KbN0Rb34Mc3j0n6jAmljGr5XDqQLvpAe HTTP/1.1" 200 2030
200.118.11.205 - - [26/Dec/2015:23:12:28 -0500] "POST /forms/lservlet;jsessionid=ac16012b30d776cf329062d948c6b710b4d8d809d8f6.e3iSbxaKaheRe38KbN0Rb34Mc3j0n6jAmljGr5XDqQLvpAe HTTP/1.1" 200 78
200.118.11.205 - - [26/Dec/2015:23:12:29 -0500] "POST /forms/lservlet;jsessionid=ac16012b30d776cf329062d948c6b710b4d8d809d8f6.e3iSbxaKaheRe38KbN0Rb34Mc3j0n6jAmljGr5XDqQLvpAe HTTP/1.1" 200 86
200.118.11.205 - - [26/Dec/2015:23:12:29 -0500] "POST /forms/lservlet;jsessionid=ac16012b30d776cf329062d948c6b710b4d8d809d8f6.e3iSbxaKaheRe38KbN0Rb34Mc3j0n6jAmljGr5XDqQLvpAe HTTP/1.1" 200 -
201.190.125.64 - - [26/Dec/2015:23:12:30 -0500] "GET /BLA/boletinlegal/js/jquery.scrollShow.js HTTP/1.1" 304 -
201.190.125.64 - - [26/Dec/2015:23:12:30 -0500] "GET /galeria/galeria/jquery.fancybox.js?v=2.1.5 HTTP/1.1" 304 -
201.190.125.64 - - [26/Dec/2015:23:12:31 -0500] "GET /galeria/galeria/jquery.fancybox.css?v=2.1.5 HTTP/1.1" 304 -
74.117.180.23 - - [26/Dec/2015:23:12:38 -0500] "HEAD /sig/MECI/ESTRUCTURA/EQUIPO%20DIRECTIVO%20SIG.pdf HTTP/1.1" 404 -
66.249.64.106 - - [26/Dec/2015:23:12:42 -0500] "GET /BLA/resoluciones/AUTOS%202009/0518.pdf HTTP/1.1" 200 192727
66.249.64.96 - - [26/Dec/2015:23:12:43 -0500] "GET /BLA/resoluciones/AUTOS%202014/1878.pdf HTTP/1.1" 200 350736
66.249.64.96 - - [26/Dec/2015:23:12:48 -0500] "GET /BLA/resoluciones/RESOLUCIONES%202010/1156.pdf HTTP/1.1" 200 98335
66.249.64.101 - - [26/Dec/2015:23:13:51 -0500] "GET /BLA/resoluciones/RESOLUCIONES%202007/RES%202007%204101%20AL%204200/RESOLUCION%204185%20DE%202007.pdf HTTP/1.1" 304 -
74.88.51.80 - - [26/Dec/2015:23:13:54 -0500] "POST /forms/lservlet;jsessionid=ac16012b30d740878043f87e4b25988f8f70ef519dba.e3iSbxaKaheRe38KbN0Rb34Mc3j0n6jAmljGr5XDqQLvpAe HTTP/1.1" 200 2
180.76.15.151 - - [26/Dec/2015:23:15:32 -0500] "GET / HTTP/1.1" 200 10190
66.249.64.96 - - [26/Dec/2015:23:15:42 -0500] "GET /BLA/resoluciones/RESOLUCIONES%202010/5557.pdf HTTP/1.1" 200 315481
180.76.15.149 - - [26/Dec/2015:23:15:44 -0500] "GET / HTTP/1.1" 200 10190
74.88.51.80 - - [26/Dec/2015:23:15:54 -0500] "POST /forms/lservlet;jsessionid=ac16012b30d740878043f87e4b25988f8f70ef519dba.e3iSbxaKaheRe38KbN0Rb34Mc3j0n6jAmljGr5XDqQLvpAe HTTP/1.1" 200 2
69.162.124.233 - - [26/Dec/2015:23:16:17 -0500] "HEAD / HTTP/1.1" 200 -
66.249.64.106 - - [26/Dec/2015:23:16:19 -0500] "GET /BLA/resoluciones/AUTOS%202011/7232.pdf HTTP/1.1" 304 -
66.249.64.96 - - [26/Dec/2015:23:17:18 -0500] "GET /BLA/resoluciones/RESOLUCIONES%202009/1281.pdf HTTP/1.1" 200 115808
74.88.51.80 - - [26/Dec/2015:23:17:55 -0500] "POST /forms/lservlet;jsessionid=ac16012b30d740878043f87e4b25988f8f70ef519dba.e3iSbxaKaheRe38KbN0Rb34Mc3j0n6jAmljGr5XDqQLvpAe HTTP/1.1" 200 2
66.249.64.101 - - [26/Dec/2015:23:18:17 -0500] "GET /BLA/resoluciones/AUTOS%202008/0575.pdf HTTP/1.1" 304 -
66.249.64.96 - - [26/Dec/2015:23:19:16 -0500] "GET /BLA/resoluciones/AUTOS%202014/1005.pdf HTTP/1.1" 200 410746
186.87.145.182 - - [26/Dec/2015:23:19:24 -0500] "GET /galeria/galeria/jquery.fancybox.css?v=2.1.5 HTTP/1.1" 200 4895
186.87.145.182 - - [26/Dec/2015:23:19:24 -0500] "GET /BLA/boletinlegal/js/jquery.scrollShow.js HTTP/1.1" 200 4586
186.87.145.182 - - [26/Dec/2015:23:19:24 -0500] "GET /galeria/galeria/jquery.fancybox.js?v=2.1.5 HTTP/1.1" 200 48706
179.33.68.8 - - [26/Dec/2015:23:19:46 -0500] "GET /galeria/galeria/jquery.fancybox.css?v=2.1.5 HTTP/1.1" 200 4895
179.33.68.8 - - [26/Dec/2015:23:19:46 -0500] "GET /galeria/galeria/jquery.fancybox.js?v=2.1.5 HTTP/1.1" 200 48706
179.33.68.8 - - [26/Dec/2015:23:19:46 -0500] "GET /BLA/boletinlegal/js/jquery.scrollShow.js HTTP/1.1" 200 4586
74.88.51.80 - - [26/Dec/2015:23:19:55 -0500] "POST /forms/lservlet;jsessionid=ac16012b30d740878043f87e4b25988f8f70ef519dba.e3iSbxaKaheRe38KbN0Rb34Mc3j0n6jAmljGr5XDqQLvpAe HTTP/1.1" 200 2
179.33.68.8 - - [26/Dec/2015:23:19:55 -0500] "GET /videos/CRRFFS.mp4 HTTP/1.1" 200 286784363
66.249.64.106 - - [26/Dec/2015:23:20:15 -0500] "GET /BLA/resoluciones/RESOLUCIONES%202010/6677.pdf HTTP/1.1" 200 606203
66.249.64.96 - - [26/Dec/2015:23:21:15 -0500] "GET /BLA/resoluciones/RESOLUCIONES%202007/RES%202007%201726%20AL%201800/RESOLUCION%201731%20DE%202007.pdf HTTP/1.1" 200 166623
69.162.124.233 - - [26/Dec/2015:23:21:17 -0500] "HEAD / HTTP/1.1" 200 -
66.249.64.106 - - [26/Dec/2015:23:21:19 -0500] "GET /galeria/nivo-slider/demo/images/ABC-Plan-de-contigencia.jpg HTTP/1.1" 304 -
74.88.51.80 - - [26/Dec/2015:23:21:56 -0500] "POST /forms/lservlet;jsessionid=ac16012b30d740878043f87e4b25988f8f70ef519dba.e3iSbxaKaheRe38KbN0Rb34Mc3j0n6jAmljGr5XDqQLvpAe HTTP/1.1" 200 2
66.249.64.101 - - [26/Dec/2015:23:22:14 -0500] "GET /BLA/resoluciones/RESOLUCIONES%202007/RES%202007%20501%20AL%20600/RESOLUCION%200573%20DE%202007.pdf HTTP/1.1" 200 717293
66.249.64.101 - - [26/Dec/2015:23:23:03 -0500] "GET /BLA/resoluciones/RESOLUCIONES%202009/7384.pdf HTTP/1.1" 200 1165313
186.29.43.10 - - [26/Dec/2015:23:23:03 -0500] "GET /galeria/galeria/jquery.fancybox.css?v=2.1.5 HTTP/1.1" 200 4895
186.29.43.10 - - [26/Dec/2015:23:23:03 -0500] "GET /BLA/boletinlegal/js/jquery.scrollShow.js HTTP/1.1" 200 4586
186.29.43.10 - - [26/Dec/2015:23:23:03 -0500] "GET /galeria/galeria/jquery.fancybox.js?v=2.1.5 HTTP/1.1" 200 48706
66.249.64.243 - - [26/Dec/2015:23:23:13 -0500] "GET /Autoliquidacion/index.php?dir=TR%C1MITES%20ACEITES-RESIDUOS-ESTACIONES/REG.%20GENERADOR/&sort=date&order=asc HTTP/1.1" 200 3498
74.88.51.80 - - [26/Dec/2015:23:23:56 -0500] "POST /forms/lservlet;jsessionid=ac16012b30d740878043f87e4b25988f8f70ef519dba.e3iSbxaKaheRe38KbN0Rb34Mc3j0n6jAmljGr5XDqQLvpAe HTTP/1.1" 200 2
66.249.64.243 - - [26/Dec/2015:23:24:12 -0500] "GET /galeria/nivo-slider/demo/images/AireSeptimaweb1.jpg HTTP/1.1" 200 60712
66.249.64.96 - - [26/Dec/2015:23:24:13 -0500] "GET /BLA/resoluciones/RESOLUCIONES%202011/5309.pdf HTTP/1.1" 200 622461
201.245.52.28 - - [26/Dec/2015:23:24:17 -0500] "GET /BLA/boletinlegal/js/jquery.scrollShow.js HTTP/1.1" 200 4586
201.245.52.28 - - [26/Dec/2015:23:24:17 -0500] "GET /galeria/galeria/jquery.fancybox.js?v=2.1.5 HTTP/1.1" 200 48706
201.245.52.28 - - [26/Dec/2015:23:24:18 -0500] "GET /galeria/galeria/jquery.fancybox.css?v=2.1.5 HTTP/1.1" 200 4895
186.31.13.37 - - [26/Dec/2015:23:24:21 -0500] "GET /BLA/resoluciones/AUTOS%202007/3551.pdf HTTP/1.1" 200 131252
201.245.52.28 - - [26/Dec/2015:23:24:28 -0500] "GET /BLA/boletinlegal/js/jquery.scrollShow.js HTTP/1.1" 304 -
201.245.52.28 - - [26/Dec/2015:23:24:28 -0500] "GET /galeria/galeria/jquery.fancybox.js?v=2.1.5 HTTP/1.1" 304 -
201.245.52.28 - - [26/Dec/2015:23:24:28 -0500] "GET /galeria/galeria/jquery.fancybox.css?v=2.1.5 HTTP/1.1" 304 -
66.249.64.101 - - [26/Dec/2015:23:25:11 -0500] "GET /BLA/resoluciones/RESOLUCIONES%202007/RES%202007%202201%20AL%202300/RESOLUCION%202279%20DE%202007.pdf HTTP/1.1" 200 987219
157.55.39.201 - - [26/Dec/2015:23:25:19 -0500] "GET /robots.txt HTTP/1.1" 301 334
157.55.39.201 - - [26/Dec/2015:23:25:40 -0500] "GET /estrategia-internacional/ HTTP/1.1" 301 349
74.88.51.80 - - [26/Dec/2015:23:25:57 -0500] "POST /forms/lservlet;jsessionid=ac16012b30d740878043f87e4b25988f8f70ef519dba.e3iSbxaKaheRe38KbN0Rb34Mc3j0n6jAmljGr5XDqQLvpAe HTTP/1.1" 200 2
66.249.64.101 - - [26/Dec/2015:23:26:10 -0500] "GET /BLA/resoluciones/AUTOS%202013/2141.pdf HTTP/1.1" 200 851815
69.162.124.233 - - [26/Dec/2015:23:26:17 -0500] "HEAD / HTTP/1.1" 200 -
186.81.98.22 - - [26/Dec/2015:23:26:44 -0500] "GET /galeria/galeria/jquery.fancybox.css?v=2.1.5 HTTP/1.1" 200 4895
186.81.98.22 - - [26/Dec/2015:23:26:44 -0500] "GET /BLA/boletinlegal/js/jquery.scrollShow.js HTTP/1.1" 200 4586
186.81.98.22 - - [26/Dec/2015:23:26:44 -0500] "GET /galeria/galeria/jquery.fancybox.js?v=2.1.5 HTTP/1.1" 200 48706
186.81.98.22 - - [26/Dec/2015:23:26:51 -0500] "GET /BLA/boletinlegal/images/pdf.gif HTTP/1.1" 200 567
186.81.98.22 - - [26/Dec/2015:23:26:51 -0500] "GET /BLA/boletinlegal/images/video.png HTTP/1.1" 200 57565
66.249.64.106 - - [26/Dec/2015:23:27:10 -0500] "GET /BLA/resoluciones/AUTOS%202007/2127.pdf HTTP/1.1" 200 90173
186.82.141.17 - - [26/Dec/2015:23:27:45 -0500] "GET /BLA/resoluciones/ HTTP/1.1" 200 7916
186.82.141.17 - - [26/Dec/2015:23:27:45 -0500] "GET /BLA/resoluciones/dlf/styles.css HTTP/1.1" 200 3049
186.82.141.17 - - [26/Dec/2015:23:27:45 -0500] "GET /BLA/resoluciones/dlf/folder.png HTTP/1.1" 200 410
186.82.141.17 - - [26/Dec/2015:23:27:45 -0500] "GET /BLA/resoluciones/dlf/bg.gif HTTP/1.1" 200 54
186.82.141.17 - - [26/Dec/2015:23:27:49 -0500] "GET /BLA/resoluciones/index.php?dir=RESOLUCIONES+2005%2F HTTP/1.1" 200 24431
186.82.141.17 - - [26/Dec/2015:23:27:49 -0500] "GET /BLA/resoluciones/dlf/dirup.png HTTP/1.1" 200 644
186.82.141.17 - - [26/Dec/2015:23:27:49 -0500] "GET /BLA/resoluciones/dlf/unknown.png HTTP/1.1" 200 266
74.88.51.80 - - [26/Dec/2015:23:27:57 -0500] "POST /forms/lservlet;jsessionid=ac16012b30d740878043f87e4b25988f8f70ef519dba.e3iSbxaKaheRe38KbN0Rb34Mc3j0n6jAmljGr5XDqQLvpAe HTTP/1.1" 200 2
186.82.141.17 - - [26/Dec/2015:23:27:58 -0500] "GET /BLA/resoluciones/index.php?dir=RESOLUCIONES+2005%2FRES+2005+2601-2650%2F HTTP/1.1" 200 12161
186.82.141.17 - - [26/Dec/2015:23:28:03 -0500] "GET /BLA/resoluciones/RESOLUCIONES%202005/RES%202005%202601-2650/00002636.tif HTTP/1.1" 200 197554
66.249.64.101 - - [26/Dec/2015:23:28:09 -0500] "GET /BLA/resoluciones/AUTOS%202014/6090.pdf HTTP/1.1" 200 592483
186.81.98.22 - - [26/Dec/2015:23:28:10 -0500] "GET /galeria/galeria/jquery.fancybox.css?v=2.1.5 HTTP/1.1" 304 -
186.81.98.22 - - [26/Dec/2015:23:28:10 -0500] "GET /galeria/galeria/jquery.fancybox.js?v=2.1.5 HTTP/1.1" 304 -
186.81.98.22 - - [26/Dec/2015:23:28:10 -0500] "GET /BLA/boletinlegal/js/jquery.scrollShow.js HTTP/1.1" 304 -
186.81.98.22 - - [26/Dec/2015:23:28:10 -0500] "GET /BLA/boletinlegal/images/video.png HTTP/1.1" 304 -
186.81.98.22 - - [26/Dec/2015:23:28:10 -0500] "GET /BLA/boletinlegal/images/pdf.gif HTTP/1.1" 304 -
186.81.98.22 - - [26/Dec/2015:23:28:12 -0500] "GET /BLA/boletinlegal/images/video.png HTTP/1.1" 304 -
186.30.60.1 - - [26/Dec/2015:23:28:39 -0500] "GET /BLA/boletinlegal/js/jquery.scrollShow.js HTTP/1.1" 200 4586
186.30.60.1 - - [26/Dec/2015:23:28:39 -0500] "GET /galeria/galeria/jquery.fancybox.js?v=2.1.5 HTTP/1.1" 200 48706
186.30.60.1 - - [26/Dec/2015:23:28:39 -0500] "GET /galeria/galeria/jquery.fancybox.css?v=2.1.5 HTTP/1.1" 200 4895
186.30.60.1 - - [26/Dec/2015:23:29:01 -0500] "GET /galeria/galeria/jquery.fancybox.css?v=2.1.5 HTTP/1.1" 304 -
186.30.60.1 - - [26/Dec/2015:23:29:01 -0500] "GET /BLA/boletinlegal/js/jquery.scrollShow.js HTTP/1.1" 304 -
186.30.60.1 - - [26/Dec/2015:23:29:01 -0500] "GET /galeria/galeria/jquery.fancybox.js?v=2.1.5 HTTP/1.1" 304 -
186.30.60.1 - - [26/Dec/2015:23:29:02 -0500] "GET /galeria/galeria/jquery.fancybox.js?v=2.1.5 HTTP/1.1" 304 -
186.30.60.1 - - [26/Dec/2015:23:29:02 -0500] "GET /galeria/galeria/jquery.fancybox.css?v=2.1.5 HTTP/1.1" 304 -
66.249.64.106 - - [26/Dec/2015:23:29:08 -0500] "GET /BLA/resoluciones/RESOLUCIONES%202013/2197.pdf HTTP/1.1" 200 7514014
74.88.51.80 - - [26/Dec/2015:23:29:57 -0500] "POST /forms/lservlet;jsessionid=ac16012b30d740878043f87e4b25988f8f70ef519dba.e3iSbxaKaheRe38KbN0Rb34Mc3j0n6jAmljGr5XDqQLvpAe HTTP/1.1" 200 2
66.249.64.101 - - [26/Dec/2015:23:30:07 -0500] "GET /BLA/resoluciones/RESOLUCIONES%202008/3889.pdf HTTP/1.1" 200 153599
66.249.64.101 - - [26/Dec/2015:23:31:06 -0500] "GET /BLA/resoluciones/AUTOS%202014/2337.pdf HTTP/1.1" 200 344459
69.162.124.233 - - [26/Dec/2015:23:31:17 -0500] "HEAD / HTTP/1.1" 200 -
186.114.49.7 - - [26/Dec/2015:23:31:32 -0500] "GET /BLA/boletinlegal/js/jquery.scrollShow.js HTTP/1.1" 200 4586
186.114.49.7 - - [26/Dec/2015:23:31:32 -0500] "GET /galeria/galeria/jquery.fancybox.js?v=2.1.5 HTTP/1.1" 200 48706
186.114.49.7 - - [26/Dec/2015:23:31:33 -0500] "GET /galeria/galeria/jquery.fancybox.css?v=2.1.5 HTTP/1.1" 200 4895
186.114.49.7 - - [26/Dec/2015:23:31:39 -0500] "GET /BLA/boletinlegal/js/jquery.scrollShow.js HTTP/1.1" 304 -
186.114.49.7 - - [26/Dec/2015:23:31:39 -0500] "GET /galeria/galeria/jquery.fancybox.js?v=2.1.5 HTTP/1.1" 304 -
186.114.49.7 - - [26/Dec/2015:23:31:39 -0500] "GET /galeria/galeria/jquery.fancybox.css?v=2.1.5 HTTP/1.1" 304 -
74.88.51.80 - - [26/Dec/2015:23:31:58 -0500] "POST /forms/lservlet;jsessionid=ac16012b30d740878043f87e4b25988f8f70ef519dba.e3iSbxaKaheRe38KbN0Rb34Mc3j0n6jAmljGr5XDqQLvpAe HTTP/1.1" 200 2
66.249.64.96 - - [26/Dec/2015:23:32:05 -0500] "GET /BLA/resoluciones/RESOLUCIONES%202007/RES%202007%202501%20AL%202600/RESOLUCION%202517%20DE%202007.pdf HTTP/1.1" 304 -
186.114.49.7 - - [26/Dec/2015:23:32:51 -0500] "GET /silvicultura/1.pdf HTTP/1.1" 404 1330
186.114.49.7 - - [26/Dec/2015:23:32:51 -0500] "GET /favicon.ico HTTP/1.1" 200 7782
186.114.49.7 - - [26/Dec/2015:23:32:54 -0500] "GET /silvicultura/6.pdf HTTP/1.1" 404 1330
66.249.64.106 - - [26/Dec/2015:23:33:05 -0500] "GET /BLA/resoluciones/AUTOS%202013/1083.pdf HTTP/1.1" 304 -
186.80.88.146 - - [26/Dec/2015:23:33:50 -0500] "GET /galeria/nivo-slider/demo/images/Tingua-azul.jpg HTTP/1.1" 200 307638
74.88.51.80 - - [26/Dec/2015:23:33:59 -0500] "POST /forms/lservlet;jsessionid=ac16012b30d740878043f87e4b25988f8f70ef519dba.e3iSbxaKaheRe38KbN0Rb34Mc3j0n6jAmljGr5XDqQLvpAe HTTP/1.1" 200 2
66.249.64.96 - - [26/Dec/2015:23:34:04 -0500] "GET /BLA/resoluciones/RESOLUCIONES%202015/1054.pdf HTTP/1.1" 304 -
186.114.49.7 - - [26/Dec/2015:23:34:08 -0500] "GET /silvicultura/1.pdf HTTP/1.1" 404 1120
66.249.64.96 - - [26/Dec/2015:23:35:03 -0500] "GET /BLA/resoluciones/AUTOS%202014/5962.pdf HTTP/1.1" 304 -
186.114.49.7 - - [26/Dec/2015:23:35:19 -0500] "GET / HTTP/1.1" 200 10190
186.114.49.7 - - [26/Dec/2015:23:35:19 -0500] "GET /css/bootstrap.min.css HTTP/1.1" 200 105939
186.114.49.7 - - [26/Dec/2015:23:35:19 -0500] "GET /css/style.css HTTP/1.1" 200 3610
186.114.49.7 - - [26/Dec/2015:23:35:19 -0500] "GET /js/jquery.js HTTP/1.1" 200 97120
186.114.49.7 - - [26/Dec/2015:23:35:19 -0500] "GET /js/bootstrap.min.js HTTP/1.1" 200 28538
181.51.192.103 - - [26/Dec/2015:23:35:20 -0500] "GET /BLA/resoluciones/RESOLUCIONES%202007/RES%202007%201501%20AL%201600/RESOLUCION%201577%20DE%202007.pdf HTTP/1.1" 200 532471
181.51.192.103 - - [26/Dec/2015:23:35:21 -0500] "GET /favicon.ico HTTP/1.1" 200 7782
186.114.49.7 - - [26/Dec/2015:23:35:22 -0500] "GET /images/SDA.jpg HTTP/1.1" 200 48976
186.114.49.7 - - [26/Dec/2015:23:35:22 -0500] "GET /images/INTRANET.jpg HTTP/1.1" 200 37297
186.114.49.7 - - [26/Dec/2015:23:35:22 -0500] "GET /images/LINEA.jpg HTTP/1.1" 200 33035
186.114.49.7 - - [26/Dec/2015:23:35:22 -0500] "GET /images/INTERNET.jpg HTTP/1.1" 200 34880
186.114.49.7 - - [26/Dec/2015:23:35:22 -0500] "GET /images/NINOS.jpg HTTP/1.1" 200 44828
186.114.49.7 - - [26/Dec/2015:23:35:22 -0500] "GET /images/FOREST.jpg HTTP/1.1" 200 33277
186.114.49.7 - - [26/Dec/2015:23:35:23 -0500] "GET /images/RMCAB.jpg HTTP/1.1" 200 49926
186.114.49.7 - - [26/Dec/2015:23:35:23 -0500] "GET /images/BLA.jpg HTTP/1.1" 200 34672
186.114.49.7 - - [26/Dec/2015:23:35:23 -0500] "GET /images/SDQS.jpg HTTP/1.1" 200 47976
186.114.49.7 - - [26/Dec/2015:23:35:24 -0500] "GET /images/CORREO.jpg HTTP/1.1" 200 39337
186.114.49.7 - - [26/Dec/2015:23:35:25 -0500] "GET /images/FORMATOS.jpg HTTP/1.1" 200 41585
186.114.49.7 - - [26/Dec/2015:23:35:25 -0500] "GET /images/CATALOGO.jpg HTTP/1.1" 200 35661
191.79.171.47 - - [26/Dec/2015:23:35:49 -0500] "GET /galeria/galeria/jquery.fancybox.css?v=2.1.5 HTTP/1.1" 200 4895
191.79.171.47 - - [26/Dec/2015:23:35:49 -0500] "GET /BLA/boletinlegal/js/jquery.scrollShow.js HTTP/1.1" 200 4586
191.79.171.47 - - [26/Dec/2015:23:35:49 -0500] "GET /galeria/galeria/jquery.fancybox.js?v=2.1.5 HTTP/1.1" 200 48706
74.88.51.80 - - [26/Dec/2015:23:35:59 -0500] "POST /forms/lservlet;jsessionid=ac16012b30d740878043f87e4b25988f8f70ef519dba.e3iSbxaKaheRe38KbN0Rb34Mc3j0n6jAmljGr5XDqQLvpAe HTTP/1.1" 200 2
69.162.124.233 - - [26/Dec/2015:23:36:17 -0500] "HEAD / HTTP/1.1" 200 -
66.249.64.238 - - [26/Dec/2015:23:36:18 -0500] "GET /galeria/nivo-slider/demo/images/bannerEcolecta2.jpg HTTP/1.1" 200 47163
66.249.64.96 - - [26/Dec/2015:23:36:52 -0500] "GET /galeria/nivo-slider/demo/images/caminata-ecologica.jpg HTTP/1.1" 304 -
66.249.64.106 - - [26/Dec/2015:23:37:01 -0500] "GET /BLA/resoluciones/RESOLUCIONES%202012/0195.pdf HTTP/1.1" 304 -
66.249.64.243 - - [26/Dec/2015:23:37:06 -0500] "GET / HTTP/1.1" 200 10190
186.114.49.7 - - [26/Dec/2015:23:37:38 -0500] "GET / HTTP/1.1" 304 -
74.88.51.80 - - [26/Dec/2015:23:38:00 -0500] "POST /forms/lservlet;jsessionid=ac16012b30d740878043f87e4b25988f8f70ef519dba.e3iSbxaKaheRe38KbN0Rb34Mc3j0n6jAmljGr5XDqQLvpAe HTTP/1.1" 200 2
66.249.64.106 - - [26/Dec/2015:23:38:01 -0500] "GET /BLA/resoluciones/RESOLUCIONES%202014/0933.pdf HTTP/1.1" 304 -
186.114.49.7 - - [26/Dec/2015:23:38:30 -0500] "GET /galeria/galeria/jquery.fancybox.css?v=2.1.5 HTTP/1.1" 304 -
186.114.49.7 - - [26/Dec/2015:23:38:30 -0500] "GET /BLA/boletinlegal/js/jquery.scrollShow.js HTTP/1.1" 304 -
186.114.49.7 - - [26/Dec/2015:23:38:30 -0500] "GET /galeria/galeria/jquery.fancybox.js?v=2.1.5 HTTP/1.1" 304 -
66.249.64.96 - - [26/Dec/2015:23:39:00 -0500] "GET /BLA/resoluciones/RESOLUCIONES%202009/0421.pdf HTTP/1.1" 200 246706
186.80.252.7 - - [26/Dec/2015:23:39:25 -0500] "GET /BLA/resoluciones/AUTOS%202011/0104.pdf HTTP/1.1" 200 203723
186.80.252.7 - - [26/Dec/2015:23:39:30 -0500] "GET /favicon.ico HTTP/1.1" 200 7782
186.80.252.7 - - [26/Dec/2015:23:39:30 -0500] "GET /BLA/resoluciones/AUTOS%202011/0104.pdf HTTP/1.1" 206 32768
186.80.252.7 - - [26/Dec/2015:23:39:31 -0500] "GET /BLA/resoluciones/AUTOS%202011/0104.pdf HTTP/1.1" 206 170955
66.249.64.238 - - [26/Dec/2015:23:39:59 -0500] "GET /Autoliquidacion/index.php?dir=Solicitudes%20relacionadas%20con%20calidad%20del%20aire%20auditiva%20y%20visual/Registro%20de%20Elementos%20de%20publicidad%20Exterior%20Visual/&sort=size&order=desc HTTP/1.1" 200 4012
74.88.51.80 - - [26/Dec/2015:23:40:00 -0500] "POST /forms/lservlet;jsessionid=ac16012b30d740878043f87e4b25988f8f70ef519dba.e3iSbxaKaheRe38KbN0Rb34Mc3j0n6jAmljGr5XDqQLvpAe HTTP/1.1" 200 2
66.249.64.96 - - [26/Dec/2015:23:40:51 -0500] "GET /BLA/boletinlegal/js/jquery.scrollShow.js HTTP/1.1" 200 4586
66.249.64.96 - - [26/Dec/2015:23:40:51 -0500] "GET /galeria/galeria/jquery.fancybox.js?v=2.1.5 HTTP/1.1" 200 48706
66.249.64.96 - - [26/Dec/2015:23:40:52 -0500] "GET /galeria/galeria/jquery.fancybox.css?v=2.1.5 HTTP/1.1" 200 4895
66.249.64.96 - - [26/Dec/2015:23:40:52 -0500] "GET /galeria/carrusel/Carrusel/jquery.thumbnailScroller.css HTTP/1.1" 200 2066
66.249.64.96 - - [26/Dec/2015:23:40:53 -0500] "GET /galeria/carrusel/Carrusel/jquery-ui-1.8.13.custom.min.js HTTP/1.1" 200 10800
66.249.64.96 - - [26/Dec/2015:23:40:53 -0500] "GET /galeria/carrusel/Carrusel/jquery.thumbnailScroller.js HTTP/1.1" 200 8157
66.249.64.101 - - [26/Dec/2015:23:40:58 -0500] "GET /BLA/resoluciones/AUTOS%202014/1566.pdf HTTP/1.1" 200 726573
66.249.64.96 - - [26/Dec/2015:23:41:14 -0500] "GET /galeria/nivo-slider/demo/demo.html HTTP/1.1" 200 4456
66.249.64.96 - - [26/Dec/2015:23:41:15 -0500] "GET /galeria/nivo-slider/themes/orman/orman.css HTTP/1.1" 200 2152
66.249.64.96 - - [26/Dec/2015:23:41:15 -0500] "GET /galeria/nivo-slider/themes/default/default.css HTTP/1.1" 200 1569
66.249.64.96 - - [26/Dec/2015:23:41:16 -0500] "GET /galeria/nivo-slider/themes/pascal/pascal.css HTTP/1.1" 200 2258
66.249.64.96 - - [26/Dec/2015:23:41:16 -0500] "GET /galeria/nivo-slider/demo/style.css HTTP/1.1" 200 2222
69.162.124.233 - - [26/Dec/2015:23:41:16 -0500] "HEAD / HTTP/1.1" 200 -
66.249.64.96 - - [26/Dec/2015:23:41:17 -0500] "GET /galeria/nivo-slider/nivo-slider.css HTTP/1.1" 200 1507
66.249.64.96 - - [26/Dec/2015:23:41:17 -0500] "GET /galeria/nivo-slider/jquery.nivo.slider.pack.js HTTP/1.1" 200 11561
66.249.64.96 - - [26/Dec/2015:23:41:18 -0500] "GET /galeria/nivo-slider/demo/scripts/jquery-1.7.1.min.js HTTP/1.1" 200 93868
66.249.64.96 - - [26/Dec/2015:23:41:54 -0500] "GET /BLA/resoluciones/RESOLUCIONES%202009/8561.pdf HTTP/1.1" 200 527271
74.88.51.80 - - [26/Dec/2015:23:42:01 -0500] "POST /forms/lservlet;jsessionid=ac16012b30d740878043f87e4b25988f8f70ef519dba.e3iSbxaKaheRe38KbN0Rb34Mc3j0n6jAmljGr5XDqQLvpAe HTTP/1.1" 200 2
66.249.64.101 - - [26/Dec/2015:23:42:38 -0500] "GET /BLA/resoluciones/RESOLUCIONES%202009/7257.pdf HTTP/1.1" 200 316693
66.249.64.106 - - [26/Dec/2015:23:43:28 -0500] "GET /BLA/resoluciones/AUTOS%202014/1306.pdf HTTP/1.1" 200 228917
74.88.51.80 - - [26/Dec/2015:23:44:01 -0500] "POST /forms/lservlet;jsessionid=ac16012b30d740878043f87e4b25988f8f70ef519dba.e3iSbxaKaheRe38KbN0Rb34Mc3j0n6jAmljGr5XDqQLvpAe HTTP/1.1" 200 2
66.249.64.96 - - [26/Dec/2015:23:44:18 -0500] "GET /BLA/resoluciones/RESOLUCIONES%202009/6301.pdf HTTP/1.1" 200 354445
190.84.185.90 - - [26/Dec/2015:23:45:50 -0500] "GET /galeria/galeria/jquery.fancybox.css?v=2.1.5 HTTP/1.1" 200 4895
190.84.185.90 - - [26/Dec/2015:23:45:50 -0500] "GET /BLA/boletinlegal/js/jquery.scrollShow.js HTTP/1.1" 200 4586
190.84.185.90 - - [26/Dec/2015:23:45:50 -0500] "GET /galeria/galeria/jquery.fancybox.js?v=2.1.5 HTTP/1.1" 200 48706
66.249.64.96 - - [26/Dec/2015:23:45:57 -0500] "GET /BLA/resoluciones/AUTOS%202007/3505.pdf HTTP/1.1" 200 170379
74.88.51.80 - - [26/Dec/2015:23:45:59 -0500] "POST /forms/lservlet;jsessionid=ac16012b30d740878043f87e4b25988f8f70ef519dba.e3iSbxaKaheRe38KbN0Rb34Mc3j0n6jAmljGr5XDqQLvpAe HTTP/1.1" 200 2
74.88.51.80 - - [26/Dec/2015:23:45:59 -0500] "POST /forms/lservlet;jsessionid=ac16012b30d740878043f87e4b25988f8f70ef519dba.e3iSbxaKaheRe38KbN0Rb34Mc3j0n6jAmljGr5XDqQLvpAe HTTP/1.1" 200 102
74.88.51.80 - - [26/Dec/2015:23:46:01 -0500] "POST /forms/lservlet;jsessionid=ac16012b30d740878043f87e4b25988f8f70ef519dba.e3iSbxaKaheRe38KbN0Rb34Mc3j0n6jAmljGr5XDqQLvpAe HTTP/1.1" 200 2
74.88.51.80 - - [26/Dec/2015:23:46:01 -0500] "POST /forms/lservlet;jsessionid=ac16012b30d740878043f87e4b25988f8f70ef519dba.e3iSbxaKaheRe38KbN0Rb34Mc3j0n6jAmljGr5XDqQLvpAe HTTP/1.1" 200 2
74.88.51.80 - - [26/Dec/2015:23:46:02 -0500] "POST /forms/lservlet;jsessionid=ac16012b30d740878043f87e4b25988f8f70ef519dba.e3iSbxaKaheRe38KbN0Rb34Mc3j0n6jAmljGr5XDqQLvpAe HTTP/1.1" 200 2
74.88.51.80 - - [26/Dec/2015:23:46:03 -0500] "POST /forms/lservlet;jsessionid=ac16012b30d740878043f87e4b25988f8f70ef519dba.e3iSbxaKaheRe38KbN0Rb34Mc3j0n6jAmljGr5XDqQLvpAe HTTP/1.1" 200 2029
74.88.51.80 - - [26/Dec/2015:23:46:04 -0500] "POST /forms/lservlet;jsessionid=ac16012b30d740878043f87e4b25988f8f70ef519dba.e3iSbxaKaheRe38KbN0Rb34Mc3j0n6jAmljGr5XDqQLvpAe HTTP/1.1" 200 78
74.88.51.80 - - [26/Dec/2015:23:46:05 -0500] "POST /forms/lservlet;jsessionid=ac16012b30d740878043f87e4b25988f8f70ef519dba.e3iSbxaKaheRe38KbN0Rb34Mc3j0n6jAmljGr5XDqQLvpAe HTTP/1.1" 200 86
74.88.51.80 - - [26/Dec/2015:23:46:06 -0500] "POST /forms/lservlet;jsessionid=ac16012b30d740878043f87e4b25988f8f70ef519dba.e3iSbxaKaheRe38KbN0Rb34Mc3j0n6jAmljGr5XDqQLvpAe HTTP/1.1" 200 -
69.162.124.233 - - [26/Dec/2015:23:46:16 -0500] "HEAD / HTTP/1.1" 200 -
66.249.64.106 - - [26/Dec/2015:23:46:47 -0500] "GET /BLA/resoluciones/AUTOS%202010/4391.pdf HTTP/1.1" 200 135435
77.153.200.127 - - [26/Dec/2015:23:47:10 -0500] "GET /webdav/x32.php?host=78.244.13.172&time=900&port=80 HTTP/1.1" 404 1018
66.249.64.101 - - [26/Dec/2015:23:47:37 -0500] "GET /BLA/resoluciones/RESOLUCIONES%202009/9583.pdf HTTP/1.1" 200 444845
181.147.109.60 - - [26/Dec/2015:23:48:14 -0500] "GET /galeria/nivo-slider/demo/demo.html HTTP/1.1" 304 -
181.147.109.60 - - [26/Dec/2015:23:48:17 -0500] "GET /galeria/nivo-slider/demo/images/ambientales.jpg HTTP/1.1" 304 -
181.147.109.60 - - [26/Dec/2015:23:48:17 -0500] "GET /galeria/nivo-slider/demo/images/Programacion-navidena.jpg HTTP/1.1" 304 -
