181.59.201.185 - - [27/Dec/2015:15:05:11 -0500] "GET /galeria/nivo-slider/demo/images/PREDAcamp.jpg HTTP/1.1" 200 295358
181.59.201.185 - - [27/Dec/2015:15:05:12 -0500] "GET /galeria/nivo-slider/demo/images/banner-llantas2.jpg HTTP/1.1" 200 204644
181.61.157.41 - - [27/Dec/2015:15:05:12 -0500] "GET /isolucionsda/Administracion/SalaEdicion/ArticuloMenu.asp?Palabra=&Buscar=Buscar&Letra=TODO HTTP/1.1" 200 55418
181.59.201.185 - - [27/Dec/2015:15:05:14 -0500] "GET /galeria/nivo-slider/demo/images/9Signos.jpg HTTP/1.1" 200 81776
181.59.201.185 - - [27/Dec/2015:15:05:14 -0500] "GET /galeria/nivo-slider/demo/images/Ruta-vertimientos-01.jpg HTTP/1.1" 200 130151
181.59.201.185 - - [27/Dec/2015:15:05:14 -0500] "GET /galeria/nivo-slider/demo/images/bolsas-06.jpg HTTP/1.1" 200 90982
181.59.201.185 - - [27/Dec/2015:15:05:14 -0500] "GET /galeria/nivo-slider/demo/images/Conoce-los-humedales.jpg HTTP/1.1" 200 294036
181.59.201.185 - - [27/Dec/2015:15:05:14 -0500] "GET /galeria/nivo-slider/demo/images/ecolecta-Dic2014.png HTTP/1.1" 200 288593
181.59.201.185 - - [27/Dec/2015:15:05:15 -0500] "GET /galeria/nivo-slider/themes/default/arrows.png HTTP/1.1" 200 824
181.59.201.185 - - [27/Dec/2015:15:05:15 -0500] "GET /galeria/nivo-slider/themes/default/bullets.png HTTP/1.1" 200 1281
181.61.157.41 - - [27/Dec/2015:15:05:18 -0500] "POST /isolucionsda/Administracion/SalaEdicion/ArticuloMenu.asp HTTP/1.1" 200 24487
181.61.157.41 - - [27/Dec/2015:15:05:21 -0500] "GET /IsolucionSDA/Jerarquia.asp?Tabla=Proceso&Form=ArticuloMenu&CampoDisplay=ProcesoDisplayObjetoProceso&CampoHidden=Proceso&bSubmit=True&items= HTTP/1.1" 200 10488
181.61.157.41 - - [27/Dec/2015:15:05:23 -0500] "POST /IsolucionSDA/Jerarquia.asp HTTP/1.1" 200 8015
181.61.157.41 - - [27/Dec/2015:15:05:23 -0500] "POST /isolucionsda/Administracion/SalaEdicion/ArticuloMenu.asp HTTP/1.1" 200 24990
66.249.64.106 - - [27/Dec/2015:15:05:42 -0500] "GET /Anexos%20estudio%20Organizacional%20SDA/dlf/styles.css HTTP/1.1" 200 3045
181.50.77.217 - - [27/Dec/2015:15:05:42 -0500] "POST /forms/lservlet;jsessionid=ac16012b30d7ee629dd079514031ab04b901dfb85966.e3iSbxaKaheRe38KbN0Rb34Mc3j0n6jAmljGr5XDqQLvpAe HTTP/1.1" 200 2
66.249.64.106 - - [27/Dec/2015:15:05:42 -0500] "GET /galeria/galeria/fotos/Pacto_Madera2G.jpg HTTP/1.1" 304 -
186.144.252.156 - - [27/Dec/2015:15:06:37 -0500] "POST /forms/lservlet;jsessionid=ac16012b30d76e656e15b82949d29f35abd43da72cb5.e3iSbxaKaheRe38KbN0Rb34Mc3j0n6jAmljGr5XDqQLvpAe HTTP/1.1" 200 2
191.98.29.37 - - [27/Dec/2015:15:06:48 -0500] "GET /BLA/boletinlegal/Circulares/2010/Circular%2006%20de%208%20de%20septiembre%20de%202010.pdf HTTP/1.1" 200 4657752
191.98.29.37 - - [27/Dec/2015:15:06:49 -0500] "GET /BLA/boletinlegal/Circulares/2010/Circular%2006%20de%208%20de%20septiembre%20de%202010.pdf HTTP/1.1" 206 4696
191.98.29.37 - - [27/Dec/2015:15:06:49 -0500] "GET /BLA/boletinlegal/Circulares/2010/Circular%2006%20de%208%20de%20septiembre%20de%202010.pdf HTTP/1.1" 206 65536
191.98.29.37 - - [27/Dec/2015:15:06:49 -0500] "GET /BLA/boletinlegal/Circulares/2010/Circular%2006%20de%208%20de%20septiembre%20de%202010.pdf HTTP/1.1" 206 65536
191.98.29.37 - - [27/Dec/2015:15:06:49 -0500] "GET /BLA/boletinlegal/Circulares/2010/Circular%2006%20de%208%20de%20septiembre%20de%202010.pdf HTTP/1.1" 206 65536
191.98.29.37 - - [27/Dec/2015:15:06:50 -0500] "GET /BLA/boletinlegal/Circulares/2010/Circular%2006%20de%208%20de%20septiembre%20de%202010.pdf HTTP/1.1" 206 65536
191.98.29.37 - - [27/Dec/2015:15:06:51 -0500] "GET /BLA/boletinlegal/Circulares/2010/Circular%2006%20de%208%20de%20septiembre%20de%202010.pdf HTTP/1.1" 206 65536
191.98.29.37 - - [27/Dec/2015:15:06:51 -0500] "GET /BLA/boletinlegal/Circulares/2010/Circular%2006%20de%208%20de%20septiembre%20de%202010.pdf HTTP/1.1" 206 65536
191.98.29.37 - - [27/Dec/2015:15:06:51 -0500] "GET /BLA/boletinlegal/Circulares/2010/Circular%2006%20de%208%20de%20septiembre%20de%202010.pdf HTTP/1.1" 206 65536
191.98.29.37 - - [27/Dec/2015:15:06:51 -0500] "GET /BLA/boletinlegal/Circulares/2010/Circular%2006%20de%208%20de%20septiembre%20de%202010.pdf HTTP/1.1" 206 65536
191.98.29.37 - - [27/Dec/2015:15:06:51 -0500] "GET /BLA/boletinlegal/Circulares/2010/Circular%2006%20de%208%20de%20septiembre%20de%202010.pdf HTTP/1.1" 206 65536
191.98.29.37 - - [27/Dec/2015:15:06:52 -0500] "GET /BLA/boletinlegal/Circulares/2010/Circular%2006%20de%208%20de%20septiembre%20de%202010.pdf HTTP/1.1" 206 65536
191.98.29.37 - - [27/Dec/2015:15:06:52 -0500] "GET /BLA/boletinlegal/Circulares/2010/Circular%2006%20de%208%20de%20septiembre%20de%202010.pdf HTTP/1.1" 206 65536
191.98.29.37 - - [27/Dec/2015:15:06:52 -0500] "GET /BLA/boletinlegal/Circulares/2010/Circular%2006%20de%208%20de%20septiembre%20de%202010.pdf HTTP/1.1" 206 65536
191.98.29.37 - - [27/Dec/2015:15:06:52 -0500] "GET /BLA/boletinlegal/Circulares/2010/Circular%2006%20de%208%20de%20septiembre%20de%202010.pdf HTTP/1.1" 206 65536
191.98.29.37 - - [27/Dec/2015:15:06:53 -0500] "GET /BLA/boletinlegal/Circulares/2010/Circular%2006%20de%208%20de%20septiembre%20de%202010.pdf HTTP/1.1" 206 65536
191.98.29.37 - - [27/Dec/2015:15:06:53 -0500] "GET /BLA/boletinlegal/Circulares/2010/Circular%2006%20de%208%20de%20septiembre%20de%202010.pdf HTTP/1.1" 206 65536
191.98.29.37 - - [27/Dec/2015:15:06:53 -0500] "GET /BLA/boletinlegal/Circulares/2010/Circular%2006%20de%208%20de%20septiembre%20de%202010.pdf HTTP/1.1" 206 65536
191.98.29.37 - - [27/Dec/2015:15:06:54 -0500] "GET /BLA/boletinlegal/Circulares/2010/Circular%2006%20de%208%20de%20septiembre%20de%202010.pdf HTTP/1.1" 206 65536
191.98.29.37 - - [27/Dec/2015:15:06:54 -0500] "GET /BLA/boletinlegal/Circulares/2010/Circular%2006%20de%208%20de%20septiembre%20de%202010.pdf HTTP/1.1" 206 65536
191.98.29.37 - - [27/Dec/2015:15:06:54 -0500] "GET /BLA/boletinlegal/Circulares/2010/Circular%2006%20de%208%20de%20septiembre%20de%202010.pdf HTTP/1.1" 206 65536
191.98.29.37 - - [27/Dec/2015:15:06:55 -0500] "GET /BLA/boletinlegal/Circulares/2010/Circular%2006%20de%208%20de%20septiembre%20de%202010.pdf HTTP/1.1" 206 65536
191.98.29.37 - - [27/Dec/2015:15:06:55 -0500] "GET /BLA/boletinlegal/Circulares/2010/Circular%2006%20de%208%20de%20septiembre%20de%202010.pdf HTTP/1.1" 206 65536
191.98.29.37 - - [27/Dec/2015:15:06:55 -0500] "GET /BLA/boletinlegal/Circulares/2010/Circular%2006%20de%208%20de%20septiembre%20de%202010.pdf HTTP/1.1" 206 65536
191.98.29.37 - - [27/Dec/2015:15:06:55 -0500] "GET /BLA/boletinlegal/Circulares/2010/Circular%2006%20de%208%20de%20septiembre%20de%202010.pdf HTTP/1.1" 206 65536
191.98.29.37 - - [27/Dec/2015:15:06:55 -0500] "GET /BLA/boletinlegal/Circulares/2010/Circular%2006%20de%208%20de%20septiembre%20de%202010.pdf HTTP/1.1" 206 65536
191.98.29.37 - - [27/Dec/2015:15:06:55 -0500] "GET /BLA/boletinlegal/Circulares/2010/Circular%2006%20de%208%20de%20septiembre%20de%202010.pdf HTTP/1.1" 206 65536
191.98.29.37 - - [27/Dec/2015:15:06:55 -0500] "GET /BLA/boletinlegal/Circulares/2010/Circular%2006%20de%208%20de%20septiembre%20de%202010.pdf HTTP/1.1" 206 65536
191.98.29.37 - - [27/Dec/2015:15:06:55 -0500] "GET /BLA/boletinlegal/Circulares/2010/Circular%2006%20de%208%20de%20septiembre%20de%202010.pdf HTTP/1.1" 206 65536
191.98.29.37 - - [27/Dec/2015:15:06:56 -0500] "GET /BLA/boletinlegal/Circulares/2010/Circular%2006%20de%208%20de%20septiembre%20de%202010.pdf HTTP/1.1" 206 65536
191.98.29.37 - - [27/Dec/2015:15:06:56 -0500] "GET /BLA/boletinlegal/Circulares/2010/Circular%2006%20de%208%20de%20septiembre%20de%202010.pdf HTTP/1.1" 206 65536
191.98.29.37 - - [27/Dec/2015:15:06:57 -0500] "GET /BLA/boletinlegal/Circulares/2010/Circular%2006%20de%208%20de%20septiembre%20de%202010.pdf HTTP/1.1" 206 65536
191.98.29.37 - - [27/Dec/2015:15:06:57 -0500] "GET /BLA/boletinlegal/Circulares/2010/Circular%2006%20de%208%20de%20septiembre%20de%202010.pdf HTTP/1.1" 206 65536
191.98.29.37 - - [27/Dec/2015:15:06:57 -0500] "GET /BLA/boletinlegal/Circulares/2010/Circular%2006%20de%208%20de%20septiembre%20de%202010.pdf HTTP/1.1" 206 65536
191.98.29.37 - - [27/Dec/2015:15:06:58 -0500] "GET /BLA/boletinlegal/Circulares/2010/Circular%2006%20de%208%20de%20septiembre%20de%202010.pdf HTTP/1.1" 206 65536
191.98.29.37 - - [27/Dec/2015:15:06:58 -0500] "GET /BLA/boletinlegal/Circulares/2010/Circular%2006%20de%208%20de%20septiembre%20de%202010.pdf HTTP/1.1" 206 65536
191.98.29.37 - - [27/Dec/2015:15:06:59 -0500] "GET /BLA/boletinlegal/Circulares/2010/Circular%2006%20de%208%20de%20septiembre%20de%202010.pdf HTTP/1.1" 206 65536
191.98.29.37 - - [27/Dec/2015:15:06:59 -0500] "GET /BLA/boletinlegal/Circulares/2010/Circular%2006%20de%208%20de%20septiembre%20de%202010.pdf HTTP/1.1" 206 65536
191.98.29.37 - - [27/Dec/2015:15:07:00 -0500] "GET /BLA/boletinlegal/Circulares/2010/Circular%2006%20de%208%20de%20septiembre%20de%202010.pdf HTTP/1.1" 206 65536
191.98.29.37 - - [27/Dec/2015:15:07:00 -0500] "GET /BLA/boletinlegal/Circulares/2010/Circular%2006%20de%208%20de%20septiembre%20de%202010.pdf HTTP/1.1" 206 65536
191.98.29.37 - - [27/Dec/2015:15:07:00 -0500] "GET /BLA/boletinlegal/Circulares/2010/Circular%2006%20de%208%20de%20septiembre%20de%202010.pdf HTTP/1.1" 206 65536
191.98.29.37 - - [27/Dec/2015:15:07:01 -0500] "GET /BLA/boletinlegal/Circulares/2010/Circular%2006%20de%208%20de%20septiembre%20de%202010.pdf HTTP/1.1" 206 65536
191.98.29.37 - - [27/Dec/2015:15:07:01 -0500] "GET /BLA/boletinlegal/Circulares/2010/Circular%2006%20de%208%20de%20septiembre%20de%202010.pdf HTTP/1.1" 206 65536
191.98.29.37 - - [27/Dec/2015:15:07:01 -0500] "GET /BLA/boletinlegal/Circulares/2010/Circular%2006%20de%208%20de%20septiembre%20de%202010.pdf HTTP/1.1" 206 65536
191.98.29.37 - - [27/Dec/2015:15:07:02 -0500] "GET /BLA/boletinlegal/Circulares/2010/Circular%2006%20de%208%20de%20septiembre%20de%202010.pdf HTTP/1.1" 206 65536
191.98.29.37 - - [27/Dec/2015:15:07:02 -0500] "GET /BLA/boletinlegal/Circulares/2010/Circular%2006%20de%208%20de%20septiembre%20de%202010.pdf HTTP/1.1" 206 65536
191.98.29.37 - - [27/Dec/2015:15:07:02 -0500] "GET /BLA/boletinlegal/Circulares/2010/Circular%2006%20de%208%20de%20septiembre%20de%202010.pdf HTTP/1.1" 206 65536
191.98.29.37 - - [27/Dec/2015:15:07:03 -0500] "GET /BLA/boletinlegal/Circulares/2010/Circular%2006%20de%208%20de%20septiembre%20de%202010.pdf HTTP/1.1" 206 65536
191.98.29.37 - - [27/Dec/2015:15:07:03 -0500] "GET /BLA/boletinlegal/Circulares/2010/Circular%2006%20de%208%20de%20septiembre%20de%202010.pdf HTTP/1.1" 206 65536
191.98.29.37 - - [27/Dec/2015:15:07:04 -0500] "GET /BLA/boletinlegal/Circulares/2010/Circular%2006%20de%208%20de%20septiembre%20de%202010.pdf HTTP/1.1" 206 65536
191.98.29.37 - - [27/Dec/2015:15:07:04 -0500] "GET /BLA/boletinlegal/Circulares/2010/Circular%2006%20de%208%20de%20septiembre%20de%202010.pdf HTTP/1.1" 206 65536
191.98.29.37 - - [27/Dec/2015:15:07:04 -0500] "GET /BLA/boletinlegal/Circulares/2010/Circular%2006%20de%208%20de%20septiembre%20de%202010.pdf HTTP/1.1" 206 65536
191.98.29.37 - - [27/Dec/2015:15:07:05 -0500] "GET /BLA/boletinlegal/Circulares/2010/Circular%2006%20de%208%20de%20septiembre%20de%202010.pdf HTTP/1.1" 206 65536
191.98.29.37 - - [27/Dec/2015:15:07:05 -0500] "GET /BLA/boletinlegal/Circulares/2010/Circular%2006%20de%208%20de%20septiembre%20de%202010.pdf HTTP/1.1" 206 65536
191.98.29.37 - - [27/Dec/2015:15:07:06 -0500] "GET /BLA/boletinlegal/Circulares/2010/Circular%2006%20de%208%20de%20septiembre%20de%202010.pdf HTTP/1.1" 206 65536
191.98.29.37 - - [27/Dec/2015:15:07:06 -0500] "GET /favicon.ico HTTP/1.1" 200 7782
69.162.124.233 - - [27/Dec/2015:15:07:12 -0500] "HEAD / HTTP/1.1" 200 -
66.249.64.101 - - [27/Dec/2015:15:07:20 -0500] "GET /BLA/resoluciones/RESOLUCIONES%202008/5661.pdf HTTP/1.1" 200 37294
181.50.77.217 - - [27/Dec/2015:15:07:43 -0500] "POST /forms/lservlet;jsessionid=ac16012b30d7ee629dd079514031ab04b901dfb85966.e3iSbxaKaheRe38KbN0Rb34Mc3j0n6jAmljGr5XDqQLvpAe HTTP/1.1" 200 2
186.144.252.156 - - [27/Dec/2015:15:08:37 -0500] "POST /forms/lservlet;jsessionid=ac16012b30d76e656e15b82949d29f35abd43da72cb5.e3iSbxaKaheRe38KbN0Rb34Mc3j0n6jAmljGr5XDqQLvpAe HTTP/1.1" 200 2
152.201.146.56 - - [27/Dec/2015:15:09:28 -0500] "GET /galeria/galeria/jquery.fancybox.css?v=2.1.5 HTTP/1.1" 200 4895
152.201.146.56 - - [27/Dec/2015:15:09:28 -0500] "GET /BLA/boletinlegal/js/jquery.scrollShow.js HTTP/1.1" 200 4586
152.201.146.56 - - [27/Dec/2015:15:09:28 -0500] "GET /galeria/galeria/jquery.fancybox.js?v=2.1.5 HTTP/1.1" 200 48706
181.50.77.217 - - [27/Dec/2015:15:09:43 -0500] "POST /forms/lservlet;jsessionid=ac16012b30d7ee629dd079514031ab04b901dfb85966.e3iSbxaKaheRe38KbN0Rb34Mc3j0n6jAmljGr5XDqQLvpAe HTTP/1.1" 200 2
201.234.75.11 - - [27/Dec/2015:15:09:43 -0500] "GET /galeria/nivo-slider/demo/images/ABC-Plan-de-contigencia.jpg HTTP/1.1" 304 -
66.249.64.96 - - [27/Dec/2015:15:09:51 -0500] "GET /BLA/boletinlegal/style.css HTTP/1.1" 200 9406
181.61.157.41 - - [27/Dec/2015:15:10:20 -0500] "POST /isolucionsda/Administracion/SalaEdicion/ArticuloMenu.asp HTTP/1.1" 200 32740
37.204.51.205 - - [27/Dec/2015:15:10:24 -0500] "GET / HTTP/1.1" 301 320
161.18.57.45 - - [27/Dec/2015:15:10:28 -0500] "GET /galeria/galeria/jquery.fancybox.css?v=2.1.5 HTTP/1.1" 304 -
161.18.57.45 - - [27/Dec/2015:15:10:28 -0500] "GET /BLA/boletinlegal/js/jquery.scrollShow.js HTTP/1.1" 304 -
161.18.57.45 - - [27/Dec/2015:15:10:28 -0500] "GET /galeria/galeria/jquery.fancybox.js?v=2.1.5 HTTP/1.1" 304 -
37.204.51.205 - - [27/Dec/2015:15:10:29 -0500] "GET /wp-content/uploads/2015/07/UNO.png HTTP/1.1" 301 358
37.204.51.205 - - [27/Dec/2015:15:10:29 -0500] "GET /wp-content/uploads/2015/07/TERCER.png HTTP/1.1" 301 361
37.204.51.205 - - [27/Dec/2015:15:10:29 -0500] "GET /wp-content/uploads/2015/07/DOS.png HTTP/1.1" 301 358
37.204.51.205 - - [27/Dec/2015:15:10:29 -0500] "GET /wp-content/uploads/2015/07/CUARTO.png HTTP/1.1" 301 361
66.249.64.106 - - [27/Dec/2015:15:10:30 -0500] "GET /BLA/resoluciones/AUTOS%202008/0364.pdf HTTP/1.1" 200 386943
181.61.157.41 - - [27/Dec/2015:15:10:30 -0500] "GET /isolucionsda/Administracion/SalaEdicion/Articulo.asp?Id_Articulo=5630 HTTP/1.1" 200 50274
181.61.157.41 - - [27/Dec/2015:15:10:31 -0500] "GET /isolucionsda/javascript/ClickValidation.js HTTP/1.1" 404 1245
181.61.157.41 - - [27/Dec/2015:15:10:31 -0500] "GET /isolucionsda/Administracion/Graficas/vacio1x1.gif HTTP/1.1" 404 1245
181.61.157.41 - - [27/Dec/2015:15:10:31 -0500] "GET /isolucionsda/Administracion/SalaEdicion/g/GifTransparente.gif HTTP/1.1" 404 1245
37.204.51.205 - - [27/Dec/2015:15:10:31 -0500] "GET /wp-content/uploads/2015/08/banner2.png HTTP/1.1" 301 362
37.204.51.205 - - [27/Dec/2015:15:10:31 -0500] "GET /wp-content/uploads/2015/08/danos.png HTTP/1.1" 301 360
181.61.157.41 - - [27/Dec/2015:15:10:33 -0500] "POST /isolucionsda/Administracion/SalaEdicion/Articulo.asp HTTP/1.1" 302 442
181.61.157.41 - - [27/Dec/2015:15:10:33 -0500] "GET /isolucionsda/Administracion/SalaEdicion/ArticuloCopiar.asp?Accion=Copiar&Version=Nueva&Articulo=Requerimiento+tecnico+%2D+registro+de+elementos+de+publicidad+exterior+visual%5Fv5&Nombre=Requerimiento+tecnico+%2D+registro+de+elementos+de+publicidad+exterior+visual%5Fv6&Mes=&Dia=&Ano=&Id_Articulo=5630&Plantilla=Modelo&Vineta= HTTP/1.1" 302 150
181.61.157.41 - - [27/Dec/2015:15:10:33 -0500] "GET /isolucionsda/javascript/ClickValidation.js HTTP/1.1" 404 1245
37.204.51.205 - - [27/Dec/2015:15:10:34 -0500] "GET /wp-content/uploads/2015/08/fotos1b.png HTTP/1.1" 301 362
37.204.51.205 - - [27/Dec/2015:15:10:34 -0500] "GET /wp-content/uploads/2015/08/fotos3b.png HTTP/1.1" 301 362
181.61.157.41 - - [27/Dec/2015:15:10:33 -0500] "GET /isolucionsda/Administracion/SalaEdicion/Articulo.asp?Id_Articulo=9572 HTTP/1.1" 200 51986
181.61.157.41 - - [27/Dec/2015:15:10:35 -0500] "GET /isolucionsda/Administracion/SalaEdicion/g/GifTransparente.gif HTTP/1.1" 404 1245
181.61.157.41 - - [27/Dec/2015:15:10:35 -0500] "GET /isolucionsda/Administracion/Graficas/vacio1x1.gif HTTP/1.1" 404 1245
37.204.51.205 - - [27/Dec/2015:15:10:37 -0500] "GET /wp-content/uploads/2015/08/fotos2b.png HTTP/1.1" 301 362
186.144.252.156 - - [27/Dec/2015:15:10:38 -0500] "POST /forms/lservlet;jsessionid=ac16012b30d76e656e15b82949d29f35abd43da72cb5.e3iSbxaKaheRe38KbN0Rb34Mc3j0n6jAmljGr5XDqQLvpAe HTTP/1.1" 200 2
181.61.157.41 - - [27/Dec/2015:15:10:40 -0500] "POST /isolucionsda/Administracion/SalaEdicion/Articulo.asp HTTP/1.1" 302 581
181.61.157.41 - - [27/Dec/2015:15:10:40 -0500] "GET /ISOlucionSDA//Administracion/Upload/Upload.asp?Id_Articulo=9572&UPLDQuerystring=Id_Articulo=9572&UPLDMODO=SubirArchivoADocumento&UPLDRuta=E:\\Isolucion\\Web\\BancoConocimiento\\R\\Requerimientotecnico-registrodeelementosdepublicidadexteriorvisual_v6\\&UPLDAtras=http://190.27.245.106/ISOlucionSDA/Administracion/SalaEdicion/Articulo.asp&UPLDAdelante=http://190.27.245.106/ISOlucionSDA/Administracion/SalaEdicion/Articulo.asp HTTP/1.1" 200 11711
137.183.232.27 - - [27/Dec/2015:15:10:41 -0500] "GET /galeria/galeria/jquery.fancybox.js?v=2.1.5 HTTP/1.1" 304 -
181.61.157.41 - - [27/Dec/2015:15:10:49 -0500] "POST /ISOlucionSDA//Administracion/Upload/UploadArchivo.asp HTTP/1.1" 302 212
181.61.157.41 - - [27/Dec/2015:15:10:50 -0500] "GET /ISOlucionSDA/Administracion/SalaEdicion/Articulo.asp?Id_Articulo=9572 HTTP/1.1" 200 52166
181.61.157.41 - - [27/Dec/2015:15:10:50 -0500] "GET /ISOlucionSDA/javascript/ClickValidation.js HTTP/1.1" 404 1245
181.61.157.41 - - [27/Dec/2015:15:10:50 -0500] "GET /ISOlucionSDA/Administracion/SalaEdicion/g/GifTransparente.gif HTTP/1.1" 404 1245
181.61.157.41 - - [27/Dec/2015:15:10:50 -0500] "GET /ISOlucionSDA/Administracion/Graficas/vacio1x1.gif HTTP/1.1" 404 1245
181.61.157.41 - - [27/Dec/2015:15:10:59 -0500] "POST /ISOlucionSDA/Administracion/SalaEdicion/Articulo.asp HTTP/1.1" 200 52166
181.61.157.41 - - [27/Dec/2015:15:10:59 -0500] "GET /ISOlucionSDA/javascript/ClickValidation.js HTTP/1.1" 404 1245
181.61.157.41 - - [27/Dec/2015:15:10:59 -0500] "GET /ISOlucionSDA/Administracion/SalaEdicion/g/GifTransparente.gif HTTP/1.1" 404 1245
181.61.157.41 - - [27/Dec/2015:15:10:59 -0500] "GET /ISOlucionSDA/Administracion/Graficas/vacio1x1.gif HTTP/1.1" 404 1245
82.49.7.2 - - [27/Dec/2015:15:11:00 -0500] "GET /webdav/ HTTP/1.1" 404 1018
181.61.157.41 - - [27/Dec/2015:15:11:06 -0500] "POST /ISOlucionSDA/Administracion/SalaEdicion/Articulo.asp HTTP/1.1" 302 320
181.61.157.41 - - [27/Dec/2015:15:11:06 -0500] "GET /ISOlucionSDA/Administracion/SalaEdicion/FrameSetVistaPrevia.asp?Articulo=R/Requerimientotecnico-registrodeelementosdepublicidadexteriorvisual_v6/Requerimientotecnico-registrodeelementosdepublicidadexteriorvisual_v6.asp&Id_Articulo=9572 HTTP/1.1" 200 6540
181.61.157.41 - - [27/Dec/2015:15:11:06 -0500] "GET /ISOlucionSDA/Administracion/SalaEdicion/VistaPreviaAtras.asp?Id_Articulo=9572 HTTP/1.1" 200 319
181.61.157.41 - - [27/Dec/2015:15:11:06 -0500] "GET /ISOlucionSDA/BancoConocimiento/R/Requerimientotecnico-registrodeelementosdepublicidadexteriorvisual_v6/Requerimientotecnico-registrodeelementosdepublicidadexteriorvisual_v6.asp?Debug=YES&Id_Articulo=9572&VistaPrevia= HTTP/1.1" 302 220
181.61.157.41 - - [27/Dec/2015:15:11:07 -0500] "GET /ISOlucionSDA/BancoConocimiento/R/Requerimientotecnico-registrodeelementosdepublicidadexteriorvisual_v6/modelo%20oficio%20respuesta%20desistimiento%20expreso%20cuando%20tramite%20no%20ha%20iniciado0.docx HTTP/1.1" 200 40997
181.61.157.41 - - [27/Dec/2015:15:11:09 -0500] "GET /ISOlucionSDA/Administracion/SalaEdicion/Articulo.asp?Id_Articulo=9572 HTTP/1.1" 200 52166
181.61.157.41 - - [27/Dec/2015:15:11:10 -0500] "GET /ISOlucionSDA/Administracion/SalaEdicion/g/GifTransparente.gif HTTP/1.1" 404 1245
181.61.157.41 - - [27/Dec/2015:15:11:10 -0500] "GET /ISOlucionSDA/javascript/ClickValidation.js HTTP/1.1" 404 1245
181.61.157.41 - - [27/Dec/2015:15:11:11 -0500] "GET /ISOlucionSDA/Administracion/Graficas/vacio1x1.gif HTTP/1.1" 404 1245
181.61.157.41 - - [27/Dec/2015:15:11:11 -0500] "GET /ISOlucionSDA/Administracion/SalaEdicion/g/GifTransparente.gif HTTP/1.1" 404 1245
181.61.157.41 - - [27/Dec/2015:15:11:14 -0500] "POST /ISOlucionSDA/Administracion/SalaEdicion/Articulo.asp HTTP/1.1" 302 168
181.61.157.41 - - [27/Dec/2015:15:11:14 -0500] "GET /ISOlucionSDA/Administracion/SalaEdicion/ArticuloRevisarAdicionando.asp?Id_Articulo=9572 HTTP/1.1" 302 206
181.61.157.41 - - [27/Dec/2015:15:11:14 -0500] "GET /ISOlucionSDA/Login.aspx?TARGET=FlujoRevisionYAprovacion.aspx&number=67686854545667494549 HTTP/1.1" 302 896
181.61.157.41 - - [27/Dec/2015:15:11:16 -0500] "GET /ISOlucionSDA/FlujoRevisionYAprovacion.aspx?Number=67686854545667494549 HTTP/1.1" 200 10824
181.61.157.41 - - [27/Dec/2015:15:11:27 -0500] "GET /ISOlucionSDA/BuscaUsuarios.aspx?modo=2&Letra=a&type=flow&actualIndex=0&stageId=RDD&number=RDD|3| HTTP/1.1" 200 22694
181.61.157.41 - - [27/Dec/2015:15:11:27 -0500] "POST /ISOlucionSDA/FlujoRevisionYAprovacion.aspx?Number=67686854545667494549 HTTP/1.1" 200 10911
181.61.157.41 - - [27/Dec/2015:15:11:29 -0500] "POST /ISOlucionSDA/BuscaUsuarios.aspx?modo=2&Letra=a&type=flow&actualIndex=0&stageId=RDD&number=RDD|3| HTTP/1.1" 200 22980
181.61.157.41 - - [27/Dec/2015:15:11:31 -0500] "POST /ISOlucionSDA/BuscaUsuarios.aspx?modo=2&Letra=a&type=flow&actualIndex=0&stageId=RDD&number=RDD|3| HTTP/1.1" 200 23108
181.61.157.41 - - [27/Dec/2015:15:11:32 -0500] "GET /ISOlucionSDA/FlujoRevisionYAprovacion.aspx?Number=67686854545667494549&doit=yes&Index=0 HTTP/1.1" 200 10998
181.61.157.41 - - [27/Dec/2015:15:11:37 -0500] "POST /ISOlucionSDA/FlujoRevisionYAprovacion.aspx?Number=67686854545667494549&doit=yes&Index=0 HTTP/1.1" 200 10866
181.50.77.217 - - [27/Dec/2015:15:11:43 -0500] "POST /forms/lservlet;jsessionid=ac16012b30d7ee629dd079514031ab04b901dfb85966.e3iSbxaKaheRe38KbN0Rb34Mc3j0n6jAmljGr5XDqQLvpAe HTTP/1.1" 200 2
181.61.157.41 - - [27/Dec/2015:15:11:46 -0500] "GET /ISOlucionSDA/BuscaUsuarios.aspx?modo=2&Letra=a&type=flow&actualIndex=1&stageId=AD&number=AD|3| HTTP/1.1" 200 22692
181.61.157.41 - - [27/Dec/2015:15:11:46 -0500] "POST /ISOlucionSDA/FlujoRevisionYAprovacion.aspx?Number=67686854545667494549&doit=yes&Index=0 HTTP/1.1" 200 10904
181.61.157.41 - - [27/Dec/2015:15:11:48 -0500] "POST /ISOlucionSDA/BuscaUsuarios.aspx?modo=2&Letra=a&type=flow&actualIndex=1&stageId=AD&number=AD|3| HTTP/1.1" 200 19566
181.61.157.41 - - [27/Dec/2015:15:11:52 -0500] "POST /ISOlucionSDA/BuscaUsuarios.aspx?modo=2&Letra=a&type=flow&actualIndex=1&stageId=AD&number=AD|3| HTTP/1.1" 200 19625
181.61.157.41 - - [27/Dec/2015:15:11:53 -0500] "POST /ISOlucionSDA/BuscaUsuarios.aspx?modo=2&Letra=a&type=flow&actualIndex=1&stageId=AD&number=AD|3| HTTP/1.1" 200 19753
181.61.157.41 - - [27/Dec/2015:15:11:53 -0500] "GET /ISOlucionSDA/FlujoRevisionYAprovacion.aspx?Number=67686854545667494549&doit=yes&Index=0&doit=yes&Index=1 HTTP/1.1" 200 11051
69.162.124.233 - - [27/Dec/2015:15:12:12 -0500] "HEAD / HTTP/1.1" 200 -
181.61.157.41 - - [27/Dec/2015:15:12:05 -0500] "POST /ISOlucionSDA/FlujoRevisionYAprovacion.aspx?Number=67686854545667494549&doit=yes&Index=0&doit=yes&Index=1 HTTP/1.1" 302 202
181.61.157.41 - - [27/Dec/2015:15:12:13 -0500] "GET /ISOlucionSDA/Confirmation.aspx?Number=1&mensaje=Ha%20enviado%20el%20documento%20a%20flujo. HTTP/1.1" 200 1941
186.144.252.156 - - [27/Dec/2015:15:12:38 -0500] "POST /forms/lservlet;jsessionid=ac16012b30d76e656e15b82949d29f35abd43da72cb5.e3iSbxaKaheRe38KbN0Rb34Mc3j0n6jAmljGr5XDqQLvpAe HTTP/1.1" 200 2
90.13.123.191 - - [27/Dec/2015:13:32:31 -0500] "PUT /webdav/private.php HTTP/1.1" 400 945
66.249.64.106 - - [27/Dec/2015:15:13:40 -0500] "GET /BLA/resoluciones/AUTOS%202007/2896.pdf HTTP/1.1" 200 127307
181.50.77.217 - - [27/Dec/2015:15:13:43 -0500] "POST /forms/lservlet;jsessionid=ac16012b30d7ee629dd079514031ab04b901dfb85966.e3iSbxaKaheRe38KbN0Rb34Mc3j0n6jAmljGr5XDqQLvpAe HTTP/1.1" 200 2
186.144.252.156 - - [27/Dec/2015:15:14:38 -0500] "POST /forms/lservlet;jsessionid=ac16012b30d76e656e15b82949d29f35abd43da72cb5.e3iSbxaKaheRe38KbN0Rb34Mc3j0n6jAmljGr5XDqQLvpAe HTTP/1.1" 200 2
186.87.46.40 - - [27/Dec/2015:15:15:22 -0500] "GET /dama/libreria/jpg/ecosistemas/aulas/aa2_1.jpg HTTP/1.1" 404 1315
186.87.46.40 - - [27/Dec/2015:15:15:23 -0500] "GET /dama/libreria/jpg/ecosistemas/aulas/aa2_1.jpg HTTP/1.1" 404 1315
181.50.77.217 - - [27/Dec/2015:15:15:43 -0500] "POST /forms/lservlet;jsessionid=ac16012b30d7ee629dd079514031ab04b901dfb85966.e3iSbxaKaheRe38KbN0Rb34Mc3j0n6jAmljGr5XDqQLvpAe HTTP/1.1" 200 2
66.249.64.96 - - [27/Dec/2015:15:16:08 -0500] "GET /galeria/nivo-slider/demo/demo.html HTTP/1.1" 200 4456
66.249.64.96 - - [27/Dec/2015:15:16:09 -0500] "GET /galeria/nivo-slider/themes/orman/orman.css HTTP/1.1" 200 2152
66.249.64.96 - - [27/Dec/2015:15:16:09 -0500] "GET /galeria/nivo-slider/themes/default/default.css HTTP/1.1" 200 1569
66.249.64.96 - - [27/Dec/2015:15:16:10 -0500] "GET /galeria/nivo-slider/themes/pascal/pascal.css HTTP/1.1" 200 2258
66.249.64.96 - - [27/Dec/2015:15:16:10 -0500] "GET /galeria/nivo-slider/nivo-slider.css HTTP/1.1" 200 1507
186.144.252.156 - - [27/Dec/2015:15:16:38 -0500] "POST /forms/lservlet;jsessionid=ac16012b30d76e656e15b82949d29f35abd43da72cb5.e3iSbxaKaheRe38KbN0Rb34Mc3j0n6jAmljGr5XDqQLvpAe HTTP/1.1" 200 2
69.162.124.233 - - [27/Dec/2015:15:17:12 -0500] "HEAD / HTTP/1.1" 200 -
66.249.64.238 - - [27/Dec/2015:15:17:44 -0500] "GET /galeria/nivo-slider/demo/images/banner_adopcion2.jpg HTTP/1.1" 200 136406
181.50.77.217 - - [27/Dec/2015:15:17:46 -0500] "POST /forms/lservlet;jsessionid=ac16012b30d7ee629dd079514031ab04b901dfb85966.e3iSbxaKaheRe38KbN0Rb34Mc3j0n6jAmljGr5XDqQLvpAe HTTP/1.1" 200 2
186.144.252.156 - - [27/Dec/2015:15:18:38 -0500] "POST /forms/lservlet;jsessionid=ac16012b30d76e656e15b82949d29f35abd43da72cb5.e3iSbxaKaheRe38KbN0Rb34Mc3j0n6jAmljGr5XDqQLvpAe HTTP/1.1" 200 2
90.13.123.191 - - [27/Dec/2015:13:38:37 -0500] "PUT /webdav/private.php HTTP/1.1" 400 945
66.249.64.106 - - [27/Dec/2015:15:18:59 -0500] "GET /BLA/resoluciones/AUTOS%202014/6159.pdf HTTP/1.1" 200 3268643
190.255.40.77 - - [27/Dec/2015:15:19:39 -0500] "GET /BLA/resoluciones/RESOLUCIONES%202007/RES%202007%202001%20AL%202100/RESOLUCION%202037%20DE%202007.pdf HTTP/1.1" 200 438015
190.255.40.77 - - [27/Dec/2015:15:19:42 -0500] "GET /favicon.ico HTTP/1.1" 200 7782
190.255.40.77 - - [27/Dec/2015:15:19:43 -0500] "GET /BLA/resoluciones/RESOLUCIONES%202007/RES%202007%202001%20AL%202100/RESOLUCION%202037%20DE%202007.pdf HTTP/1.1" 206 32768
190.255.40.77 - - [27/Dec/2015:15:19:43 -0500] "GET /BLA/resoluciones/RESOLUCIONES%202007/RES%202007%202001%20AL%202100/RESOLUCION%202037%20DE%202007.pdf HTTP/1.1" 206 405247
181.50.77.217 - - [27/Dec/2015:15:19:46 -0500] "POST /forms/lservlet;jsessionid=ac16012b30d7ee629dd079514031ab04b901dfb85966.e3iSbxaKaheRe38KbN0Rb34Mc3j0n6jAmljGr5XDqQLvpAe HTTP/1.1" 200 2
66.249.64.96 - - [27/Dec/2015:15:19:50 -0500] "GET /BLA/resoluciones/AUTOS%202014/0081.pdf HTTP/1.1" 200 519804
180.76.15.161 - - [27/Dec/2015:15:20:10 -0500] "GET / HTTP/1.1" 200 10190
180.76.15.153 - - [27/Dec/2015:15:20:28 -0500] "GET / HTTP/1.1" 200 10190
186.144.252.156 - - [27/Dec/2015:15:20:38 -0500] "POST /forms/lservlet;jsessionid=ac16012b30d76e656e15b82949d29f35abd43da72cb5.e3iSbxaKaheRe38KbN0Rb34Mc3j0n6jAmljGr5XDqQLvpAe HTTP/1.1" 200 2
190.131.194.135 - - [27/Dec/2015:15:21:10 -0500] "GET /galeria/nivo-slider/demo/images/Banner-ahorro-de-agua.jpg HTTP/1.1" 304 -
181.61.157.41 - - [27/Dec/2015:15:21:11 -0500] "GET /isolucionsda/Session.asp HTTP/1.1" 200 6197
181.61.157.41 - - [27/Dec/2015:15:21:11 -0500] "-" 408 -
181.50.77.217 - - [27/Dec/2015:15:21:46 -0500] "POST /forms/lservlet;jsessionid=ac16012b30d7ee629dd079514031ab04b901dfb85966.e3iSbxaKaheRe38KbN0Rb34Mc3j0n6jAmljGr5XDqQLvpAe HTTP/1.1" 200 2
40.77.167.50 - - [27/Dec/2015:15:21:56 -0500] "GET /robots.txt HTTP/1.1" 404 1018
40.77.167.50 - - [27/Dec/2015:15:21:58 -0500] "GET /BLA/resoluciones/AUTOS%202015/0175.pdf HTTP/1.1" 200 520027
69.162.124.233 - - [27/Dec/2015:15:22:12 -0500] "HEAD / HTTP/1.1" 200 -
186.144.252.156 - - [27/Dec/2015:15:22:38 -0500] "POST /forms/lservlet;jsessionid=ac16012b30d76e656e15b82949d29f35abd43da72cb5.e3iSbxaKaheRe38KbN0Rb34Mc3j0n6jAmljGr5XDqQLvpAe HTTP/1.1" 200 2
66.249.64.96 - - [27/Dec/2015:15:23:00 -0500] "GET /BLA/resoluciones/AUTOS%202011/1310.pdf HTTP/1.1" 200 165523
181.50.77.217 - - [27/Dec/2015:15:23:46 -0500] "POST /forms/lservlet;jsessionid=ac16012b30d7ee629dd079514031ab04b901dfb85966.e3iSbxaKaheRe38KbN0Rb34Mc3j0n6jAmljGr5XDqQLvpAe HTTP/1.1" 200 2
181.49.72.152 - - [27/Dec/2015:15:24:00 -0500] "GET /galeria/galeria/jquery.fancybox.css?v=2.1.5 HTTP/1.1" 200 4895
181.49.72.152 - - [27/Dec/2015:15:24:00 -0500] "GET /BLA/boletinlegal/js/jquery.scrollShow.js HTTP/1.1" 200 4586
181.49.72.152 - - [27/Dec/2015:15:24:00 -0500] "GET /galeria/galeria/jquery.fancybox.js?v=2.1.5 HTTP/1.1" 200 48706
181.49.72.152 - - [27/Dec/2015:15:24:06 -0500] "GET /BLA/boletinlegal/js/jquery.scrollShow.js HTTP/1.1" 200 4586
181.49.72.152 - - [27/Dec/2015:15:24:06 -0500] "GET /galeria/galeria/jquery.fancybox.js?v=2.1.5 HTTP/1.1" 200 48706
181.49.72.152 - - [27/Dec/2015:15:24:06 -0500] "GET /galeria/galeria/jquery.fancybox.css?v=2.1.5 HTTP/1.1" 200 4895
181.135.208.244 - - [27/Dec/2015:15:24:20 -0500] "GET /galeria/galeria/jquery.fancybox.js?v=2.1.5 HTTP/1.1" 304 -
181.135.208.244 - - [27/Dec/2015:15:24:20 -0500] "GET /galeria/galeria/jquery.fancybox.css?v=2.1.5 HTTP/1.1" 304 -
181.135.208.244 - - [27/Dec/2015:15:24:35 -0500] "GET /BLA/boletinlegal/js/jquery.scrollShow.js HTTP/1.1" 200 4586
181.135.208.244 - - [27/Dec/2015:15:24:35 -0500] "GET /galeria/galeria/jquery.fancybox.js?v=2.1.5 HTTP/1.1" 200 48706
181.135.208.244 - - [27/Dec/2015:15:24:35 -0500] "GET /galeria/galeria/jquery.fancybox.css?v=2.1.5 HTTP/1.1" 200 4895
186.144.252.156 - - [27/Dec/2015:15:24:38 -0500] "POST /forms/lservlet;jsessionid=ac16012b30d76e656e15b82949d29f35abd43da72cb5.e3iSbxaKaheRe38KbN0Rb34Mc3j0n6jAmljGr5XDqQLvpAe HTTP/1.1" 200 2
186.119.148.193 - - [27/Dec/2015:15:24:50 -0500] "GET /galeria/galeria/jquery.fancybox.css?v=2.1.5 HTTP/1.1" 200 4895
186.119.148.193 - - [27/Dec/2015:15:24:50 -0500] "GET /galeria/carrusel/Carrusel/jquery.thumbnailScroller.css HTTP/1.1" 200 2066
186.119.148.193 - - [27/Dec/2015:15:24:50 -0500] "GET /BLA/boletinlegal/js/jquery.scrollShow.js HTTP/1.1" 200 4586
186.119.148.193 - - [27/Dec/2015:15:24:50 -0500] "GET /galeria/galeria/jquery.fancybox.js?v=2.1.5 HTTP/1.1" 200 48706
186.119.148.193 - - [27/Dec/2015:15:24:50 -0500] "GET /galeria/carrusel/Carrusel/jquery-ui-1.8.13.custom.min.js HTTP/1.1" 200 10800
186.119.148.193 - - [27/Dec/2015:15:24:50 -0500] "GET /galeria/carrusel/Carrusel/jquery.thumbnailScroller.js HTTP/1.1" 200 8157
186.119.148.193 - - [27/Dec/2015:15:24:58 -0500] "GET /galeria/nivo-slider/demo/demo.html HTTP/1.1" 200 4456
186.119.148.193 - - [27/Dec/2015:15:25:02 -0500] "GET /galeria/nivo-slider/themes/default/default.css HTTP/1.1" 200 1569
186.119.148.193 - - [27/Dec/2015:15:25:02 -0500] "GET /galeria/nivo-slider/themes/pascal/pascal.css HTTP/1.1" 200 2258
186.119.148.193 - - [27/Dec/2015:15:25:02 -0500] "GET /galeria/nivo-slider/themes/orman/orman.css HTTP/1.1" 200 2152
186.119.148.193 - - [27/Dec/2015:15:25:02 -0500] "GET /galeria/nivo-slider/nivo-slider.css HTTP/1.1" 200 1507
186.119.148.193 - - [27/Dec/2015:15:25:02 -0500] "GET /galeria/nivo-slider/demo/style.css HTTP/1.1" 200 2222
186.119.148.193 - - [27/Dec/2015:15:25:02 -0500] "GET /galeria/nivo-slider/demo/scripts/jquery-1.7.1.min.js HTTP/1.1" 200 93868
186.119.148.193 - - [27/Dec/2015:15:25:02 -0500] "GET /galeria/nivo-slider/jquery.nivo.slider.pack.js HTTP/1.1" 200 11561
186.119.148.193 - - [27/Dec/2015:15:25:03 -0500] "GET /galeria/nivo-slider/demo/images/4Simple_Slider.png HTTP/1.1" 200 11722
186.119.148.193 - - [27/Dec/2015:15:25:03 -0500] "GET /galeria/nivo-slider/themes/default/loading.gif HTTP/1.1" 200 1737
186.119.148.193 - - [27/Dec/2015:15:25:03 -0500] "GET /galeria/nivo-slider/demo/images/ambientales.jpg HTTP/1.1" 200 397233
186.119.148.193 - - [27/Dec/2015:15:25:03 -0500] "GET /galeria/nivo-slider/demo/images/Programacion-navidena.jpg HTTP/1.1" 200 316038
186.119.148.193 - - [27/Dec/2015:15:25:03 -0500] "GET /galeria/nivo-slider/demo/images/2Banner-encuestaSDA.jpg HTTP/1.1" 200 208228
186.119.148.193 - - [27/Dec/2015:15:25:07 -0500] "GET /galeria/nivo-slider/demo/images/ABC-Plan-de-contigencia.jpg HTTP/1.1" 200 401853
186.119.148.193 - - [27/Dec/2015:15:25:09 -0500] "GET /galeria/nivo-slider/demo/images/banner-llantas2015.jpg HTTP/1.1" 200 185615
186.119.148.193 - - [27/Dec/2015:15:25:10 -0500] "GET /galeria/nivo-slider/demo/images/caminata-ecologica.jpg HTTP/1.1" 200 161069
186.119.148.193 - - [27/Dec/2015:15:25:12 -0500] "GET /galeria/nivo-slider/demo/images/Banner-ahorro-de-agua.jpg HTTP/1.1" 200 149141
186.119.148.193 - - [27/Dec/2015:15:25:12 -0500] "GET /galeria/nivo-slider/demo/images/Cmapana-onestidad.jpg HTTP/1.1" 200 141638
186.119.148.193 - - [27/Dec/2015:15:25:13 -0500] "GET /galeria/nivo-slider/demo/images/PREDAcamp.jpg HTTP/1.1" 200 295358
186.119.148.193 - - [27/Dec/2015:15:25:14 -0500] "GET /galeria/nivo-slider/demo/images/banner-llantas2.jpg HTTP/1.1" 200 204644
150.70.173.48 - - [27/Dec/2015:15:25:15 -0500] "GET /BLA/boletinlegal/js/jquery.scrollShow.js HTTP/1.1" 200 4586
186.119.148.193 - - [27/Dec/2015:15:25:16 -0500] "GET /galeria/nivo-slider/demo/images/9Signos.jpg HTTP/1.1" 200 81776
186.119.148.193 - - [27/Dec/2015:15:25:18 -0500] "GET /galeria/nivo-slider/demo/images/Ruta-vertimientos-01.jpg HTTP/1.1" 200 130151
186.119.148.193 - - [27/Dec/2015:15:25:26 -0500] "GET /galeria/nivo-slider/demo/images/bolsas-06.jpg HTTP/1.1" 200 90982
186.119.148.193 - - [27/Dec/2015:15:25:26 -0500] "GET /galeria/nivo-slider/demo/images/Conoce-los-humedales.jpg HTTP/1.1" 200 294036
186.119.148.193 - - [27/Dec/2015:15:25:27 -0500] "GET /galeria/nivo-slider/demo/images/ecolecta-Dic2014.png HTTP/1.1" 200 288593
150.70.173.6 - - [27/Dec/2015:15:25:38 -0500] "GET /galeria/galeria/jquery.fancybox.js?v=2.1.5 HTTP/1.1" 200 48706
181.50.77.217 - - [27/Dec/2015:15:25:46 -0500] "POST /forms/lservlet;jsessionid=ac16012b30d7ee629dd079514031ab04b901dfb85966.e3iSbxaKaheRe38KbN0Rb34Mc3j0n6jAmljGr5XDqQLvpAe HTTP/1.1" 200 2
66.249.64.101 - - [27/Dec/2015:15:26:11 -0500] "GET /BLA/resoluciones/RESOLUCIONES%202009/7839.pdf HTTP/1.1" 200 501220
181.55.141.63 - - [27/Dec/2015:15:26:23 -0500] "GET /galeria/galeria/jquery.fancybox.css?v=2.1.5 HTTP/1.1" 200 4895
181.55.141.63 - - [27/Dec/2015:15:26:23 -0500] "GET /BLA/boletinlegal/js/jquery.scrollShow.js HTTP/1.1" 200 4586
181.55.141.63 - - [27/Dec/2015:15:26:23 -0500] "GET /galeria/galeria/jquery.fancybox.js?v=2.1.5 HTTP/1.1" 200 48706
181.55.141.63 - - [27/Dec/2015:15:26:31 -0500] "GET /BLA/boletinlegal/js/jquery.scrollShow.js HTTP/1.1" 304 -
181.55.141.63 - - [27/Dec/2015:15:26:31 -0500] "GET /galeria/galeria/jquery.fancybox.js?v=2.1.5 HTTP/1.1" 304 -
181.55.141.63 - - [27/Dec/2015:15:26:31 -0500] "GET /galeria/galeria/jquery.fancybox.css?v=2.1.5 HTTP/1.1" 304 -
186.144.252.156 - - [27/Dec/2015:15:26:38 -0500] "POST /forms/lservlet;jsessionid=ac16012b30d76e656e15b82949d29f35abd43da72cb5.e3iSbxaKaheRe38KbN0Rb34Mc3j0n6jAmljGr5XDqQLvpAe HTTP/1.1" 200 2
69.162.124.233 - - [27/Dec/2015:15:27:12 -0500] "HEAD / HTTP/1.1" 200 -
186.119.148.193 - - [27/Dec/2015:15:27:42 -0500] "GET /galeria/galeria/jquery.fancybox.css?v=2.1.5 HTTP/1.1" 304 -
186.119.148.193 - - [27/Dec/2015:15:27:42 -0500] "GET /galeria/galeria/jquery.fancybox.js?v=2.1.5 HTTP/1.1" 304 -
186.119.148.193 - - [27/Dec/2015:15:27:42 -0500] "GET /BLA/boletinlegal/js/jquery.scrollShow.js HTTP/1.1" 304 -
181.50.77.217 - - [27/Dec/2015:15:27:46 -0500] "POST /forms/lservlet;jsessionid=ac16012b30d7ee629dd079514031ab04b901dfb85966.e3iSbxaKaheRe38KbN0Rb34Mc3j0n6jAmljGr5XDqQLvpAe HTTP/1.1" 200 2
186.144.252.156 - - [27/Dec/2015:15:28:38 -0500] "POST /forms/lservlet;jsessionid=ac16012b30d76e656e15b82949d29f35abd43da72cb5.e3iSbxaKaheRe38KbN0Rb34Mc3j0n6jAmljGr5XDqQLvpAe HTTP/1.1" 200 2
66.249.64.96 - - [27/Dec/2015:15:29:20 -0500] "GET /BLA/resoluciones/AUTOS%202013/1349.pdf HTTP/1.1" 200 2802313
181.50.77.217 - - [27/Dec/2015:15:29:46 -0500] "POST /forms/lservlet;jsessionid=ac16012b30d7ee629dd079514031ab04b901dfb85966.e3iSbxaKaheRe38KbN0Rb34Mc3j0n6jAmljGr5XDqQLvpAe HTTP/1.1" 200 2
186.144.252.156 - - [27/Dec/2015:15:30:38 -0500] "POST /forms/lservlet;jsessionid=ac16012b30d76e656e15b82949d29f35abd43da72cb5.e3iSbxaKaheRe38KbN0Rb34Mc3j0n6jAmljGr5XDqQLvpAe HTTP/1.1" 200 2
190.84.27.138 - - [27/Dec/2015:15:31:11 -0500] "GET /galeria/galeria/jquery.fancybox.js?v=2.1.5 HTTP/1.1" 200 48706
190.84.27.138 - - [27/Dec/2015:15:31:11 -0500] "GET /galeria/galeria/jquery.fancybox.css?v=2.1.5 HTTP/1.1" 200 4895
190.84.27.138 - - [27/Dec/2015:15:31:11 -0500] "GET /galeria/carrusel/Carrusel/jquery.thumbnailScroller.css HTTP/1.1" 200 2066
190.84.27.138 - - [27/Dec/2015:15:31:11 -0500] "GET /BLA/boletinlegal/js/jquery.scrollShow.js HTTP/1.1" 200 4586
190.84.27.138 - - [27/Dec/2015:15:31:11 -0500] "GET /galeria/carrusel/Carrusel/jquery-ui-1.8.13.custom.min.js HTTP/1.1" 200 10800
190.84.27.138 - - [27/Dec/2015:15:31:11 -0500] "GET /galeria/carrusel/Carrusel/jquery.thumbnailScroller.js HTTP/1.1" 200 8157
190.84.27.138 - - [27/Dec/2015:15:31:12 -0500] "GET /galeria/nivo-slider/demo/demo.html HTTP/1.1" 200 4456
190.84.27.138 - - [27/Dec/2015:15:31:15 -0500] "GET /galeria/nivo-slider/themes/default/default.css HTTP/1.1" 200 1569
190.84.27.138 - - [27/Dec/2015:15:31:15 -0500] "GET /galeria/nivo-slider/themes/pascal/pascal.css HTTP/1.1" 200 2258
190.84.27.138 - - [27/Dec/2015:15:31:15 -0500] "GET /galeria/nivo-slider/nivo-slider.css HTTP/1.1" 200 1507
190.84.27.138 - - [27/Dec/2015:15:31:15 -0500] "GET /galeria/nivo-slider/themes/orman/orman.css HTTP/1.1" 200 2152
190.84.27.138 - - [27/Dec/2015:15:31:15 -0500] "GET /galeria/nivo-slider/demo/images/ambientales.jpg HTTP/1.1" 200 397233
190.84.27.138 - - [27/Dec/2015:15:31:15 -0500] "GET /galeria/nivo-slider/demo/style.css HTTP/1.1" 200 2222
190.84.27.138 - - [27/Dec/2015:15:31:15 -0500] "GET /galeria/nivo-slider/demo/scripts/jquery-1.7.1.min.js HTTP/1.1" 200 93868
190.84.27.138 - - [27/Dec/2015:15:31:15 -0500] "GET /galeria/nivo-slider/jquery.nivo.slider.pack.js HTTP/1.1" 200 11561
190.84.27.138 - - [27/Dec/2015:15:31:15 -0500] "GET /galeria/nivo-slider/demo/images/Programacion-navidena.jpg HTTP/1.1" 200 316038
190.84.27.138 - - [27/Dec/2015:15:31:15 -0500] "GET /galeria/nivo-slider/demo/images/2Banner-encuestaSDA.jpg HTTP/1.1" 200 208228
190.84.27.138 - - [27/Dec/2015:15:31:15 -0500] "GET /galeria/nivo-slider/demo/images/4Simple_Slider.png HTTP/1.1" 200 11722
190.84.27.138 - - [27/Dec/2015:15:31:15 -0500] "GET /galeria/nivo-slider/themes/default/loading.gif HTTP/1.1" 200 1737
190.84.27.138 - - [27/Dec/2015:15:31:16 -0500] "GET /galeria/nivo-slider/demo/images/ABC-Plan-de-contigencia.jpg HTTP/1.1" 200 401853
190.84.27.138 - - [27/Dec/2015:15:31:16 -0500] "GET /galeria/nivo-slider/demo/images/banner-llantas2015.jpg HTTP/1.1" 200 185615
190.84.27.138 - - [27/Dec/2015:15:31:17 -0500] "GET /galeria/nivo-slider/demo/images/caminata-ecologica.jpg HTTP/1.1" 200 161069
190.84.27.138 - - [27/Dec/2015:15:31:18 -0500] "GET /galeria/nivo-slider/demo/images/Banner-ahorro-de-agua.jpg HTTP/1.1" 200 149141
190.84.27.138 - - [27/Dec/2015:15:31:18 -0500] "GET /galeria/nivo-slider/demo/images/Cmapana-onestidad.jpg HTTP/1.1" 200 141638
190.84.27.138 - - [27/Dec/2015:15:31:18 -0500] "GET /galeria/nivo-slider/demo/images/PREDAcamp.jpg HTTP/1.1" 200 295358
186.29.119.185 - - [27/Dec/2015:15:31:21 -0500] "GET /BLA/boletinlegal/js/jquery.scrollShow.js HTTP/1.1" 200 4586
186.29.119.185 - - [27/Dec/2015:15:31:21 -0500] "GET /galeria/galeria/jquery.fancybox.js?v=2.1.5 HTTP/1.1" 200 48706
186.29.119.185 - - [27/Dec/2015:15:31:21 -0500] "GET /galeria/galeria/jquery.fancybox.css?v=2.1.5 HTTP/1.1" 200 4895
186.29.119.185 - - [27/Dec/2015:15:31:21 -0500] "GET /galeria/carrusel/Carrusel/jquery.thumbnailScroller.css HTTP/1.1" 200 2066
186.29.119.185 - - [27/Dec/2015:15:31:21 -0500] "GET /galeria/carrusel/Carrusel/jquery-ui-1.8.13.custom.min.js HTTP/1.1" 200 10800
186.29.119.185 - - [27/Dec/2015:15:31:21 -0500] "GET /galeria/carrusel/Carrusel/jquery.thumbnailScroller.js HTTP/1.1" 200 8157
186.29.119.185 - - [27/Dec/2015:15:31:24 -0500] "GET /galeria/nivo-slider/demo/demo.html HTTP/1.1" 200 4456
186.29.119.185 - - [27/Dec/2015:15:31:24 -0500] "GET /galeria/nivo-slider/themes/default/default.css HTTP/1.1" 200 1569
186.29.119.185 - - [27/Dec/2015:15:31:24 -0500] "GET /galeria/nivo-slider/themes/pascal/pascal.css HTTP/1.1" 200 2258
186.29.119.185 - - [27/Dec/2015:15:31:24 -0500] "GET /galeria/nivo-slider/themes/orman/orman.css HTTP/1.1" 200 2152
186.29.119.185 - - [27/Dec/2015:15:31:24 -0500] "GET /galeria/nivo-slider/nivo-slider.css HTTP/1.1" 200 1507
186.29.119.185 - - [27/Dec/2015:15:31:24 -0500] "GET /galeria/nivo-slider/demo/style.css HTTP/1.1" 200 2222
186.29.119.185 - - [27/Dec/2015:15:31:24 -0500] "GET /galeria/nivo-slider/demo/scripts/jquery-1.7.1.min.js HTTP/1.1" 200 93868
186.29.119.185 - - [27/Dec/2015:15:31:24 -0500] "GET /galeria/nivo-slider/jquery.nivo.slider.pack.js HTTP/1.1" 200 11561
186.29.119.185 - - [27/Dec/2015:15:31:25 -0500] "GET /galeria/nivo-slider/demo/images/ambientales.jpg HTTP/1.1" 200 397233
186.29.119.185 - - [27/Dec/2015:15:31:25 -0500] "GET /galeria/nivo-slider/demo/images/Programacion-navidena.jpg HTTP/1.1" 200 316038
186.29.119.185 - - [27/Dec/2015:15:31:25 -0500] "GET /galeria/nivo-slider/demo/images/2Banner-encuestaSDA.jpg HTTP/1.1" 200 208228
186.29.119.185 - - [27/Dec/2015:15:31:25 -0500] "GET /galeria/nivo-slider/demo/images/ABC-Plan-de-contigencia.jpg HTTP/1.1" 200 401853
186.29.119.185 - - [27/Dec/2015:15:31:25 -0500] "GET /galeria/nivo-slider/demo/images/banner-llantas2015.jpg HTTP/1.1" 200 185615
190.157.234.74 - - [27/Dec/2015:15:31:28 -0500] "GET /galeria/galeria/jquery.fancybox.css?v=2.1.5 HTTP/1.1" 200 4895
190.157.234.74 - - [27/Dec/2015:15:31:28 -0500] "GET /BLA/boletinlegal/js/jquery.scrollShow.js HTTP/1.1" 200 4586
190.157.234.74 - - [27/Dec/2015:15:31:28 -0500] "GET /galeria/galeria/jquery.fancybox.js?v=2.1.5 HTTP/1.1" 200 48706
186.29.119.185 - - [27/Dec/2015:15:31:30 -0500] "GET /galeria/nivo-slider/demo/images/caminata-ecologica.jpg HTTP/1.1" 200 161069
186.29.119.185 - - [27/Dec/2015:15:31:38 -0500] "GET /galeria/nivo-slider/demo/images/Banner-ahorro-de-agua.jpg HTTP/1.1" 200 149141
186.29.119.185 - - [27/Dec/2015:15:31:39 -0500] "GET /galeria/nivo-slider/demo/images/Cmapana-onestidad.jpg HTTP/1.1" 200 141638
181.50.49.88 - - [27/Dec/2015:15:31:42 -0500] "GET /galeria/galeria/jquery.fancybox.css?v=2.1.5 HTTP/1.1" 200 4895
181.50.49.88 - - [27/Dec/2015:15:31:42 -0500] "GET /BLA/boletinlegal/js/jquery.scrollShow.js HTTP/1.1" 200 4586
181.50.49.88 - - [27/Dec/2015:15:31:42 -0500] "GET /galeria/galeria/jquery.fancybox.js?v=2.1.5 HTTP/1.1" 200 48706
186.29.119.185 - - [27/Dec/2015:15:31:42 -0500] "GET /galeria/nivo-slider/demo/images/PREDAcamp.jpg HTTP/1.1" 200 295358
186.29.119.185 - - [27/Dec/2015:15:31:42 -0500] "GET /galeria/nivo-slider/demo/images/banner-llantas2.jpg HTTP/1.1" 200 204644
181.50.49.88 - - [27/Dec/2015:15:31:43 -0500] "GET /huelladecarbono/soluciones3.html HTTP/1.1" 200 4631
181.50.49.88 - - [27/Dec/2015:15:31:44 -0500] "GET /huelladecarbono/estilos.css HTTP/1.1" 200 4034
181.50.49.88 - - [27/Dec/2015:15:31:44 -0500] "GET /huelladecarbono/Imagenes/btn_gris3.png HTTP/1.1" 200 4357
181.50.49.88 - - [27/Dec/2015:15:31:44 -0500] "GET /huelladecarbono/Imagenes/btn_gris2.png HTTP/1.1" 200 4298
181.50.49.88 - - [27/Dec/2015:15:31:44 -0500] "GET /huelladecarbono/Imagenes/btn_gris.png HTTP/1.1" 200 3006
181.50.49.88 - - [27/Dec/2015:15:31:44 -0500] "GET /huelladecarbono/Imagenes/btn_gris4.png HTTP/1.1" 200 2999
181.50.49.88 - - [27/Dec/2015:15:31:44 -0500] "GET /huelladecarbono/Imagenes/btn_gris5.png HTTP/1.1" 200 4459
181.50.49.88 - - [27/Dec/2015:15:31:44 -0500] "GET /huelladecarbono/Imagenes/TIPS2.jpg HTTP/1.1" 200 270181
181.50.49.88 - - [27/Dec/2015:15:31:47 -0500] "GET /huelladecarbono/Imagenes/fondo_header.jpg HTTP/1.1" 200 28877
181.50.49.88 - - [27/Dec/2015:15:31:47 -0500] "GET /huelladecarbono/Imagenes/SOLUCION_TITLE.jpg HTTP/1.1" 200 5274
186.29.119.185 - - [27/Dec/2015:15:31:47 -0500] "GET /galeria/nivo-slider/demo/images/9Signos.jpg HTTP/1.1" 200 81776
186.29.119.185 - - [27/Dec/2015:15:31:47 -0500] "GET /galeria/nivo-slider/demo/images/Ruta-vertimientos-01.jpg HTTP/1.1" 200 130151
186.29.119.185 - - [27/Dec/2015:15:31:47 -0500] "GET /galeria/nivo-slider/demo/images/bolsas-06.jpg HTTP/1.1" 200 90982
186.29.119.185 - - [27/Dec/2015:15:31:47 -0500] "GET /galeria/nivo-slider/demo/images/Conoce-los-humedales.jpg HTTP/1.1" 200 294036
181.50.49.88 - - [27/Dec/2015:15:31:49 -0500] "GET /huelladecarbono/Imagenes/btn_verde.png HTTP/1.1" 200 3266
181.50.49.88 - - [27/Dec/2015:15:31:49 -0500] "GET /huelladecarbono/Imagenes/btn_verde3.png HTTP/1.1" 200 4302
181.50.49.88 - - [27/Dec/2015:15:31:49 -0500] "GET /huelladecarbono/Imagenes/btn_verde4.png HTTP/1.1" 200 3343
181.50.49.88 - - [27/Dec/2015:15:31:49 -0500] "GET /huelladecarbono/Imagenes/btn_verde5.png HTTP/1.1" 200 4384
181.50.49.88 - - [27/Dec/2015:15:31:49 -0500] "GET /huelladecarbono/Imagenes/btn_verde2.png HTTP/1.1" 200 4064
181.50.77.217 - - [27/Dec/2015:15:31:49 -0500] "POST /forms/lservlet;jsessionid=ac16012b30d7ee629dd079514031ab04b901dfb85966.e3iSbxaKaheRe38KbN0Rb34Mc3j0n6jAmljGr5XDqQLvpAe HTTP/1.1" 200 2
186.29.119.185 - - [27/Dec/2015:15:31:52 -0500] "GET /galeria/nivo-slider/demo/images/ecolecta-Dic2014.png HTTP/1.1" 200 288593
186.29.119.185 - - [27/Dec/2015:15:31:53 -0500] "GET /galeria/nivo-slider/demo/images/4Simple_Slider.png HTTP/1.1" 200 11722
186.29.119.185 - - [27/Dec/2015:15:31:53 -0500] "GET /galeria/nivo-slider/themes/default/loading.gif HTTP/1.1" 200 1737
186.29.119.185 - - [27/Dec/2015:15:32:03 -0500] "GET /galeria/nivo-slider/themes/default/arrows.png HTTP/1.1" 200 824
186.29.119.185 - - [27/Dec/2015:15:32:03 -0500] "GET /galeria/nivo-slider/themes/default/bullets.png HTTP/1.1" 200 1281
190.157.234.74 - - [27/Dec/2015:15:32:06 -0500] "GET /videos/ArchivoSDA.flv HTTP/1.1" 200 31205279
69.162.124.233 - - [27/Dec/2015:15:32:12 -0500] "HEAD / HTTP/1.1" 200 -
66.249.64.106 - - [27/Dec/2015:15:32:30 -0500] "GET /BLA/resoluciones/AUTOS%202014/1517.pdf HTTP/1.1" 200 590522
66.249.64.96 - - [27/Dec/2015:15:32:33 -0500] "GET /BLA/resoluciones/AUTOS%202013/1702.pdf HTTP/1.1" 200 165427
186.144.252.156 - - [27/Dec/2015:15:32:38 -0500] "POST /forms/lservlet;jsessionid=ac16012b30d76e656e15b82949d29f35abd43da72cb5.e3iSbxaKaheRe38KbN0Rb34Mc3j0n6jAmljGr5XDqQLvpAe HTTP/1.1" 200 2
66.249.64.106 - - [27/Dec/2015:15:33:42 -0500] "GET / HTTP/1.1" 200 10190
181.50.77.217 - - [27/Dec/2015:15:33:49 -0500] "POST /forms/lservlet;jsessionid=ac16012b30d7ee629dd079514031ab04b901dfb85966.e3iSbxaKaheRe38KbN0Rb34Mc3j0n6jAmljGr5XDqQLvpAe HTTP/1.1" 200 2
186.32.170.127 - - [27/Dec/2015:15:33:52 -0500] "GET /galeria/galeria/jquery.fancybox.css?v=2.1.5 HTTP/1.1" 200 4895
186.32.170.127 - - [27/Dec/2015:15:33:52 -0500] "GET /BLA/boletinlegal/js/jquery.scrollShow.js HTTP/1.1" 200 4586
186.32.170.127 - - [27/Dec/2015:15:33:52 -0500] "GET /galeria/carrusel/Carrusel/jquery.thumbnailScroller.css HTTP/1.1" 200 2066
186.32.170.127 - - [27/Dec/2015:15:33:52 -0500] "GET /galeria/galeria/jquery.fancybox.js?v=2.1.5 HTTP/1.1" 200 48706
186.32.170.127 - - [27/Dec/2015:15:33:52 -0500] "GET /galeria/carrusel/Carrusel/jquery-ui-1.8.13.custom.min.js HTTP/1.1" 200 10800
186.32.170.127 - - [27/Dec/2015:15:33:52 -0500] "GET /galeria/carrusel/Carrusel/jquery.thumbnailScroller.js HTTP/1.1" 200 8157
186.32.170.127 - - [27/Dec/2015:15:33:55 -0500] "GET /galeria/nivo-slider/demo/demo.html HTTP/1.1" 200 4456
186.32.170.127 - - [27/Dec/2015:15:34:00 -0500] "GET /galeria/nivo-slider/themes/default/default.css HTTP/1.1" 200 1569
186.32.170.127 - - [27/Dec/2015:15:34:00 -0500] "GET /galeria/nivo-slider/themes/orman/orman.css HTTP/1.1" 200 2152
186.32.170.127 - - [27/Dec/2015:15:34:00 -0500] "GET /galeria/nivo-slider/themes/pascal/pascal.css HTTP/1.1" 200 2258
186.32.170.127 - - [27/Dec/2015:15:34:00 -0500] "GET /galeria/nivo-slider/demo/style.css HTTP/1.1" 200 2222
186.32.170.127 - - [27/Dec/2015:15:34:00 -0500] "GET /galeria/nivo-slider/demo/images/ambientales.jpg HTTP/1.1" 200 397233
186.32.170.127 - - [27/Dec/2015:15:34:00 -0500] "GET /galeria/nivo-slider/nivo-slider.css HTTP/1.1" 200 1507
186.32.170.127 - - [27/Dec/2015:15:34:00 -0500] "GET /galeria/nivo-slider/demo/images/Programacion-navidena.jpg HTTP/1.1" 200 316038
186.32.170.127 - - [27/Dec/2015:15:34:00 -0500] "GET /galeria/nivo-slider/demo/images/ABC-Plan-de-contigencia.jpg HTTP/1.1" 200 401853
186.32.170.127 - - [27/Dec/2015:15:34:00 -0500] "GET /galeria/nivo-slider/demo/scripts/jquery-1.7.1.min.js HTTP/1.1" 200 93868
186.32.170.127 - - [27/Dec/2015:15:34:00 -0500] "GET /galeria/nivo-slider/demo/images/2Banner-encuestaSDA.jpg HTTP/1.1" 200 208228
186.32.170.127 - - [27/Dec/2015:15:34:00 -0500] "GET /galeria/nivo-slider/jquery.nivo.slider.pack.js HTTP/1.1" 200 11561
186.32.170.127 - - [27/Dec/2015:15:34:03 -0500] "GET /galeria/nivo-slider/demo/images/4Simple_Slider.png HTTP/1.1" 200 11722
186.32.170.127 - - [27/Dec/2015:15:34:06 -0500] "GET /galeria/nivo-slider/themes/default/loading.gif HTTP/1.1" 200 1737
186.32.170.127 - - [27/Dec/2015:15:34:10 -0500] "GET /galeria/nivo-slider/demo/images/banner-llantas2015.jpg HTTP/1.1" 200 185615
186.32.170.127 - - [27/Dec/2015:15:34:10 -0500] "GET /galeria/nivo-slider/demo/images/caminata-ecologica.jpg HTTP/1.1" 200 161069
186.32.170.127 - - [27/Dec/2015:15:34:10 -0500] "GET /galeria/nivo-slider/demo/images/Banner-ahorro-de-agua.jpg HTTP/1.1" 200 149141
186.32.170.127 - - [27/Dec/2015:15:34:13 -0500] "GET /galeria/nivo-slider/demo/images/Cmapana-onestidad.jpg HTTP/1.1" 200 141638
186.32.170.127 - - [27/Dec/2015:15:34:13 -0500] "GET /galeria/nivo-slider/demo/images/PREDAcamp.jpg HTTP/1.1" 200 295358
