181.50.77.217 - - [27/Dec/2015:19:06:06 -0500] "POST /forms/lservlet;jsessionid=ac16012b30d7ee629dd079514031ab04b901dfb85966.e3iSbxaKaheRe38KbN0Rb34Mc3j0n6jAmljGr5XDqQLvpAe HTTP/1.1" 200 2
144.76.7.107 - - [27/Dec/2015:19:06:08 -0500] "GET /Autoliquidacion/index.php?dir=PERMISO%20DE%20OCUPACION%20DE%20SUELO/&sort=name&order=asc HTTP/1.0" 200 2343
144.76.7.107 - - [27/Dec/2015:19:06:10 -0500] "GET /Autoliquidacion/index.php?dir=PERMISO%20DE%20OCUPACION%20DE%20SUELO/&sort=size&order=asc HTTP/1.0" 200 2343
144.76.7.107 - - [27/Dec/2015:19:06:12 -0500] "GET /Autoliquidacion/index.php?dir=Plan%20de%20manejo%20ambiental%20para%20sitios%20de%20aprovechamiento%20y%20o%20disposicion%20final%20de%20escombros/&sort=date&order=desc HTTP/1.0" 200 2471
144.76.7.107 - - [27/Dec/2015:19:06:14 -0500] "GET /Autoliquidacion/index.php?dir=Plan%20de%20manejo%20ambiental%20para%20sitios%20de%20aprovechamiento%20y%20o%20disposicion%20final%20de%20escombros/&sort=name&order=asc HTTP/1.0" 200 2472
144.76.7.107 - - [27/Dec/2015:19:06:15 -0500] "GET /Autoliquidacion/index.php?dir=Plan%20de%20manejo%20ambiental%20para%20sitios%20de%20aprovechamiento%20y%20o%20disposicion%20final%20de%20escombros/&sort=size&order=asc HTTP/1.0" 200 2472
144.76.7.107 - - [27/Dec/2015:19:06:17 -0500] "GET /Autoliquidacion/index.php?dir=Solicitud%20de%20Licencia%20Ambiental/&sort=date&order=asc HTTP/1.0" 200 2615
144.76.7.107 - - [27/Dec/2015:19:06:19 -0500] "GET /Autoliquidacion/index.php?dir=Solicitud%20de%20Licencia%20Ambiental/&sort=name&order=asc HTTP/1.0" 200 2615
144.76.7.107 - - [27/Dec/2015:19:06:22 -0500] "GET /Autoliquidacion/index.php?dir=Solicitud%20de%20Licencia%20Ambiental/&sort=size&order=desc HTTP/1.0" 200 2614
144.76.7.107 - - [27/Dec/2015:19:06:24 -0500] "GET /Autoliquidacion/index.php?dir=Solicitudes%20relacionadas%20con%20calidad%20del%20aire%20auditiva%20y%20visual/Registro%20de%20Elementos%20de%20publicidad%20Exterior%20Visual/&sort=date&order=desc HTTP/1.0" 200 4012
144.76.7.107 - - [27/Dec/2015:19:06:26 -0500] "GET /Autoliquidacion/index.php?dir=Solicitudes%20relacionadas%20con%20calidad%20del%20aire%20auditiva%20y%20visual/Registro%20de%20Elementos%20de%20publicidad%20Exterior%20Visual/&sort=name&order=asc HTTP/1.0" 200 4013
66.249.64.101 - - [27/Dec/2015:19:06:42 -0500] "GET /BLA/resoluciones/RESOLUCIONES%202010/5882.pdf HTTP/1.1" 200 82345
186.144.252.156 - - [27/Dec/2015:19:06:49 -0500] "POST /forms/lservlet;jsessionid=ac16012b30d76e656e15b82949d29f35abd43da72cb5.e3iSbxaKaheRe38KbN0Rb34Mc3j0n6jAmljGr5XDqQLvpAe HTTP/1.1" 200 2
201.234.75.11 - - [27/Dec/2015:19:06:51 -0500] "GET /galeria/galeria/fotos/Movilizacion6P.jpg HTTP/1.1" 304 -
144.76.7.107 - - [27/Dec/2015:19:07:10 -0500] "GET /POT-2013/index.php?dir=memoria%20justificativa/&sort=date&order=asc HTTP/1.0" 200 2484
69.162.124.233 - - [27/Dec/2015:19:07:11 -0500] "HEAD / HTTP/1.1" 200 -
144.76.7.107 - - [27/Dec/2015:19:07:12 -0500] "GET /POT-2013/index.php?dir=memoria%20justificativa/&sort=size&order=asc HTTP/1.0" 200 2484
66.249.64.96 - - [27/Dec/2015:19:07:33 -0500] "GET /BLA/boletinlegal/js/jquery.scrollShow.js HTTP/1.1" 200 4586
66.249.64.96 - - [27/Dec/2015:19:07:34 -0500] "GET /galeria/galeria/jquery.fancybox.css?v=2.1.5 HTTP/1.1" 200 4895
66.249.64.96 - - [27/Dec/2015:19:07:34 -0500] "GET /galeria/galeria/jquery.fancybox.js?v=2.1.5 HTTP/1.1" 200 48706
190.84.194.122 - - [27/Dec/2015:19:07:43 -0500] "GET /galeria/galeria/jquery.fancybox.js?v=2.1.5 HTTP/1.1" 200 48706
190.84.194.122 - - [27/Dec/2015:19:07:43 -0500] "GET /BLA/boletinlegal/js/jquery.scrollShow.js HTTP/1.1" 200 4586
190.84.194.122 - - [27/Dec/2015:19:07:43 -0500] "GET /galeria/galeria/jquery.fancybox.css?v=2.1.5 HTTP/1.1" 200 4895
181.50.77.217 - - [27/Dec/2015:19:08:06 -0500] "POST /forms/lservlet;jsessionid=ac16012b30d7ee629dd079514031ab04b901dfb85966.e3iSbxaKaheRe38KbN0Rb34Mc3j0n6jAmljGr5XDqQLvpAe HTTP/1.1" 200 2
66.249.64.106 - - [27/Dec/2015:19:08:23 -0500] "GET /BLA/resoluciones/RESOLUCIONES%202008/5038.pdf HTTP/1.1" 200 240571
66.249.64.96 - - [27/Dec/2015:19:08:26 -0500] "GET /BLA/resoluciones/RESOLUCIONES%202010/0953.pdf HTTP/1.1" 200 435983
186.144.252.156 - - [27/Dec/2015:19:08:49 -0500] "POST /forms/lservlet;jsessionid=ac16012b30d76e656e15b82949d29f35abd43da72cb5.e3iSbxaKaheRe38KbN0Rb34Mc3j0n6jAmljGr5XDqQLvpAe HTTP/1.1" 200 2
186.80.131.115 - - [27/Dec/2015:19:08:51 -0500] "GET /BLA/boletinlegal/js/jquery.scrollShow.js HTTP/1.1" 200 4586
186.80.131.115 - - [27/Dec/2015:19:08:51 -0500] "GET /galeria/carrusel/Carrusel/jquery.thumbnailScroller.js HTTP/1.1" 200 8157
186.80.131.115 - - [27/Dec/2015:19:08:51 -0500] "GET /galeria/galeria/jquery.fancybox.css?v=2.1.5 HTTP/1.1" 200 4895
186.80.131.115 - - [27/Dec/2015:19:08:51 -0500] "GET /galeria/carrusel/Carrusel/jquery-ui-1.8.13.custom.min.js HTTP/1.1" 200 10800
186.80.131.115 - - [27/Dec/2015:19:08:51 -0500] "GET /galeria/galeria/jquery.fancybox.js?v=2.1.5 HTTP/1.1" 200 48706
186.80.131.115 - - [27/Dec/2015:19:08:51 -0500] "GET /galeria/carrusel/Carrusel/jquery.thumbnailScroller.css HTTP/1.1" 200 2066
186.80.131.115 - - [27/Dec/2015:19:08:52 -0500] "GET /galeria/nivo-slider/demo/demo.html HTTP/1.1" 200 4456
186.80.131.115 - - [27/Dec/2015:19:08:53 -0500] "GET /galeria/nivo-slider/nivo-slider.css HTTP/1.1" 200 1507
186.80.131.115 - - [27/Dec/2015:19:08:53 -0500] "GET /galeria/nivo-slider/themes/orman/orman.css HTTP/1.1" 200 2152
186.80.131.115 - - [27/Dec/2015:19:08:53 -0500] "GET /galeria/nivo-slider/themes/default/default.css HTTP/1.1" 200 1569
186.80.131.115 - - [27/Dec/2015:19:08:53 -0500] "GET /galeria/nivo-slider/themes/pascal/pascal.css HTTP/1.1" 200 2258
186.80.131.115 - - [27/Dec/2015:19:08:53 -0500] "GET /galeria/nivo-slider/demo/images/ambientales.jpg HTTP/1.1" 200 397233
186.80.131.115 - - [27/Dec/2015:19:08:53 -0500] "GET /galeria/nivo-slider/demo/style.css HTTP/1.1" 200 2222
186.80.131.115 - - [27/Dec/2015:19:08:53 -0500] "GET /galeria/nivo-slider/jquery.nivo.slider.pack.js HTTP/1.1" 200 11561
186.80.131.115 - - [27/Dec/2015:19:08:53 -0500] "GET /galeria/nivo-slider/demo/scripts/jquery-1.7.1.min.js HTTP/1.1" 200 93868
186.80.131.115 - - [27/Dec/2015:19:08:53 -0500] "GET /galeria/nivo-slider/demo/images/Programacion-navidena.jpg HTTP/1.1" 200 316038
186.80.131.115 - - [27/Dec/2015:19:08:54 -0500] "GET /galeria/nivo-slider/demo/images/2Banner-encuestaSDA.jpg HTTP/1.1" 200 208228
186.80.131.115 - - [27/Dec/2015:19:08:54 -0500] "GET /galeria/nivo-slider/demo/images/banner-llantas2015.jpg HTTP/1.1" 200 185615
186.80.131.115 - - [27/Dec/2015:19:08:54 -0500] "GET /galeria/nivo-slider/demo/images/caminata-ecologica.jpg HTTP/1.1" 200 161069
186.80.131.115 - - [27/Dec/2015:19:08:55 -0500] "GET /galeria/nivo-slider/demo/images/Banner-ahorro-de-agua.jpg HTTP/1.1" 200 149141
186.80.131.115 - - [27/Dec/2015:19:08:55 -0500] "GET /galeria/nivo-slider/demo/images/ABC-Plan-de-contigencia.jpg HTTP/1.1" 200 401853
186.80.131.115 - - [27/Dec/2015:19:08:56 -0500] "GET /galeria/nivo-slider/demo/images/Cmapana-onestidad.jpg HTTP/1.1" 200 141638
186.80.131.115 - - [27/Dec/2015:19:08:56 -0500] "GET /galeria/nivo-slider/demo/images/PREDAcamp.jpg HTTP/1.1" 200 295358
186.80.131.115 - - [27/Dec/2015:19:08:57 -0500] "GET /galeria/nivo-slider/demo/images/banner-llantas2.jpg HTTP/1.1" 200 204644
186.80.131.115 - - [27/Dec/2015:19:08:57 -0500] "GET /galeria/nivo-slider/demo/images/9Signos.jpg HTTP/1.1" 200 81776
186.80.131.115 - - [27/Dec/2015:19:08:57 -0500] "GET /galeria/nivo-slider/demo/images/Ruta-vertimientos-01.jpg HTTP/1.1" 200 130151
186.80.131.115 - - [27/Dec/2015:19:08:58 -0500] "GET /galeria/nivo-slider/demo/images/bolsas-06.jpg HTTP/1.1" 200 90982
186.80.131.115 - - [27/Dec/2015:19:08:58 -0500] "GET /galeria/nivo-slider/demo/images/Conoce-los-humedales.jpg HTTP/1.1" 200 294036
186.80.131.115 - - [27/Dec/2015:19:08:58 -0500] "GET /galeria/nivo-slider/demo/images/ecolecta-Dic2014.png HTTP/1.1" 200 288593
186.80.131.115 - - [27/Dec/2015:19:08:59 -0500] "GET /galeria/nivo-slider/demo/images/4Simple_Slider.png HTTP/1.1" 200 11722
186.80.131.115 - - [27/Dec/2015:19:08:59 -0500] "GET /galeria/nivo-slider/themes/default/loading.gif HTTP/1.1" 200 1737
186.80.131.115 - - [27/Dec/2015:19:09:00 -0500] "GET /galeria/nivo-slider/themes/default/bullets.png HTTP/1.1" 200 1281
186.80.131.115 - - [27/Dec/2015:19:09:00 -0500] "GET /galeria/nivo-slider/themes/default/arrows.png HTTP/1.1" 200 824
190.242.74.184 - - [27/Dec/2015:19:09:08 -0500] "GET /galeria/galeria/jquery.fancybox.css?v=2.1.5 HTTP/1.1" 200 4895
190.242.74.184 - - [27/Dec/2015:19:09:08 -0500] "GET /BLA/boletinlegal/js/jquery.scrollShow.js HTTP/1.1" 200 4586
190.242.74.184 - - [27/Dec/2015:19:09:08 -0500] "GET /galeria/galeria/jquery.fancybox.js?v=2.1.5 HTTP/1.1" 200 48706
66.249.64.101 - - [27/Dec/2015:19:09:40 -0500] "GET /BLA/resoluciones/RESOLUCIONES%202007/RES%202007%202501%20AL%202600/RESOLUCION%202580%20DE%202007.pdf HTTP/1.1" 200 736714
190.242.74.184 - - [27/Dec/2015:19:09:46 -0500] "GET /galeria/galeria/jquery.fancybox.css?v=2.1.5 HTTP/1.1" 304 -
190.242.74.184 - - [27/Dec/2015:19:09:46 -0500] "GET /BLA/boletinlegal/js/jquery.scrollShow.js HTTP/1.1" 304 -
190.242.74.184 - - [27/Dec/2015:19:09:46 -0500] "GET /galeria/galeria/jquery.fancybox.js?v=2.1.5 HTTP/1.1" 304 -
181.50.77.217 - - [27/Dec/2015:19:10:09 -0500] "POST /forms/lservlet;jsessionid=ac16012b30d7ee629dd079514031ab04b901dfb85966.e3iSbxaKaheRe38KbN0Rb34Mc3j0n6jAmljGr5XDqQLvpAe HTTP/1.1" 200 2
186.144.252.156 - - [27/Dec/2015:19:10:49 -0500] "POST /forms/lservlet;jsessionid=ac16012b30d76e656e15b82949d29f35abd43da72cb5.e3iSbxaKaheRe38KbN0Rb34Mc3j0n6jAmljGr5XDqQLvpAe HTTP/1.1" 200 2
62.210.248.185 - - [27/Dec/2015:19:11:21 -0500] "GET /galeria/galeria/jquery.fancybox.css?v=2.1.5 HTTP/1.1" 200 4895
66.249.64.101 - - [27/Dec/2015:19:11:33 -0500] "GET /BLA/resoluciones/RESOLUCIONES%202010/6767.pdf HTTP/1.1" 200 384300
66.249.64.238 - - [27/Dec/2015:19:11:36 -0500] "GET /POT-2013/index.php?dir=memoria%20justificativa/&sort=size&order=asc HTTP/1.1" 200 2484
181.50.77.217 - - [27/Dec/2015:19:12:09 -0500] "POST /forms/lservlet;jsessionid=ac16012b30d7ee629dd079514031ab04b901dfb85966.e3iSbxaKaheRe38KbN0Rb34Mc3j0n6jAmljGr5XDqQLvpAe HTTP/1.1" 200 2
69.162.124.233 - - [27/Dec/2015:19:12:11 -0500] "HEAD / HTTP/1.1" 200 -
66.249.64.106 - - [27/Dec/2015:19:12:28 -0500] "GET /galeria/galeria/fotos/7.jpg HTTP/1.1" 304 -
66.249.64.106 - - [27/Dec/2015:19:12:38 -0500] "GET /BLA/resoluciones/RESOLUCIONES%202008/3132.pdf HTTP/1.1" 200 214854
186.144.252.156 - - [27/Dec/2015:19:12:49 -0500] "POST /forms/lservlet;jsessionid=ac16012b30d76e656e15b82949d29f35abd43da72cb5.e3iSbxaKaheRe38KbN0Rb34Mc3j0n6jAmljGr5XDqQLvpAe HTTP/1.1" 200 2
190.70.67.190 - - [27/Dec/2015:19:13:20 -0500] "GET /galeria/galeria/jquery.fancybox.js?v=2.1.5 HTTP/1.1" 200 48706
190.70.67.190 - - [27/Dec/2015:19:13:20 -0500] "GET /BLA/boletinlegal/js/jquery.scrollShow.js HTTP/1.1" 200 4586
190.70.67.190 - - [27/Dec/2015:19:13:20 -0500] "GET /galeria/galeria/jquery.fancybox.css?v=2.1.5 HTTP/1.1" 200 4895
190.70.67.190 - - [27/Dec/2015:19:13:30 -0500] "GET /galeria/galeria/jquery.fancybox.css?v=2.1.5 HTTP/1.1" 304 -
190.70.67.190 - - [27/Dec/2015:19:13:30 -0500] "GET /BLA/boletinlegal/js/jquery.scrollShow.js HTTP/1.1" 304 -
190.70.67.190 - - [27/Dec/2015:19:13:30 -0500] "GET /galeria/galeria/jquery.fancybox.js?v=2.1.5 HTTP/1.1" 304 -
181.50.77.217 - - [27/Dec/2015:19:14:12 -0500] "POST /forms/lservlet;jsessionid=ac16012b30d7ee629dd079514031ab04b901dfb85966.e3iSbxaKaheRe38KbN0Rb34Mc3j0n6jAmljGr5XDqQLvpAe HTTP/1.1" 200 2
66.249.64.106 - - [27/Dec/2015:19:14:33 -0500] "GET /BLA/resoluciones/RESOLUCIONES%202008/1821.pdf HTTP/1.1" 200 185959
186.144.252.156 - - [27/Dec/2015:19:14:51 -0500] "POST /forms/lservlet;jsessionid=ac16012b30d76e656e15b82949d29f35abd43da72cb5.e3iSbxaKaheRe38KbN0Rb34Mc3j0n6jAmljGr5XDqQLvpAe HTTP/1.1" 200 2
190.24.58.187 - - [27/Dec/2015:19:14:55 -0500] "GET /galeria/nivo-slider/demo/images/4Simple_Slider.png HTTP/1.1" 200 11722
190.24.58.187 - - [27/Dec/2015:19:14:55 -0500] "GET /galeria/nivo-slider/themes/default/loading.gif HTTP/1.1" 200 1737
190.24.58.187 - - [27/Dec/2015:19:14:55 -0500] "GET /galeria/nivo-slider/demo/images/ambientales.jpg HTTP/1.1" 200 397233
190.24.58.187 - - [27/Dec/2015:19:14:55 -0500] "GET /galeria/nivo-slider/demo/images/Programacion-navidena.jpg HTTP/1.1" 200 316038
190.24.58.187 - - [27/Dec/2015:19:14:55 -0500] "GET /galeria/nivo-slider/demo/images/2Banner-encuestaSDA.jpg HTTP/1.1" 200 208228
190.24.58.187 - - [27/Dec/2015:19:14:55 -0500] "GET /galeria/nivo-slider/demo/images/ABC-Plan-de-contigencia.jpg HTTP/1.1" 200 401853
190.24.58.187 - - [27/Dec/2015:19:14:55 -0500] "GET /galeria/nivo-slider/demo/images/banner-llantas2015.jpg HTTP/1.1" 200 185615
190.24.58.187 - - [27/Dec/2015:19:14:55 -0500] "GET /galeria/nivo-slider/demo/images/caminata-ecologica.jpg HTTP/1.1" 200 161069
190.24.58.187 - - [27/Dec/2015:19:14:58 -0500] "GET /galeria/nivo-slider/demo/images/Banner-ahorro-de-agua.jpg HTTP/1.1" 200 149141
190.24.58.187 - - [27/Dec/2015:19:14:59 -0500] "GET /galeria/nivo-slider/demo/images/Cmapana-onestidad.jpg HTTP/1.1" 200 141638
190.24.58.187 - - [27/Dec/2015:19:14:59 -0500] "GET /galeria/nivo-slider/demo/images/PREDAcamp.jpg HTTP/1.1" 200 295358
190.24.58.187 - - [27/Dec/2015:19:14:59 -0500] "GET /galeria/nivo-slider/demo/images/banner-llantas2.jpg HTTP/1.1" 200 204644
190.24.58.187 - - [27/Dec/2015:19:14:59 -0500] "GET /galeria/nivo-slider/demo/images/9Signos.jpg HTTP/1.1" 200 81776
190.24.58.187 - - [27/Dec/2015:19:15:00 -0500] "GET /galeria/nivo-slider/demo/images/Ruta-vertimientos-01.jpg HTTP/1.1" 200 130151
190.24.58.187 - - [27/Dec/2015:19:15:01 -0500] "GET /galeria/nivo-slider/demo/images/bolsas-06.jpg HTTP/1.1" 200 90982
190.24.58.187 - - [27/Dec/2015:19:15:01 -0500] "GET /galeria/nivo-slider/demo/images/Conoce-los-humedales.jpg HTTP/1.1" 200 294036
190.24.58.187 - - [27/Dec/2015:19:15:01 -0500] "GET /galeria/nivo-slider/demo/images/ecolecta-Dic2014.png HTTP/1.1" 200 288593
190.24.58.187 - - [27/Dec/2015:19:15:03 -0500] "GET /galeria/nivo-slider/themes/default/arrows.png HTTP/1.1" 200 824
190.24.58.187 - - [27/Dec/2015:19:15:03 -0500] "GET /galeria/nivo-slider/themes/default/bullets.png HTTP/1.1" 200 1281
66.249.64.101 - - [27/Dec/2015:19:15:35 -0500] "GET /BLA/resoluciones/RESOLUCIONES%202012/1491.pdf HTTP/1.1" 200 3970144
181.50.77.217 - - [27/Dec/2015:19:16:12 -0500] "POST /forms/lservlet;jsessionid=ac16012b30d7ee629dd079514031ab04b901dfb85966.e3iSbxaKaheRe38KbN0Rb34Mc3j0n6jAmljGr5XDqQLvpAe HTTP/1.1" 200 2
186.144.252.156 - - [27/Dec/2015:19:16:51 -0500] "POST /forms/lservlet;jsessionid=ac16012b30d76e656e15b82949d29f35abd43da72cb5.e3iSbxaKaheRe38KbN0Rb34Mc3j0n6jAmljGr5XDqQLvpAe HTTP/1.1" 200 2
69.162.124.233 - - [27/Dec/2015:19:17:11 -0500] "HEAD / HTTP/1.1" 200 -
152.201.31.169 - - [27/Dec/2015:19:17:38 -0500] "GET /BLA/resoluciones/RESOLUCIONES%202007/RES%202007%201401%20AL%201500/RESOLUCION%201483%20DE%202007.pdf HTTP/1.1" 200 260598
152.201.31.169 - - [27/Dec/2015:19:17:38 -0500] "GET /BLA/resoluciones/RESOLUCIONES%202007/RES%202007%201401%20AL%201500/RESOLUCION%201483%20DE%202007.pdf HTTP/1.1" 200 260598
66.249.64.238 - - [27/Dec/2015:19:17:43 -0500] "GET /portalsiaccapacitaciones/Soportes%20Capacitaciones%202014/0115.%20Presentaci%C3%B3n%20Guia%20Techos%20Verdes%20y%20Jardines%20Verticales%2011-11-14.pdf HTTP/1.1" 404 1019
66.249.64.101 - - [27/Dec/2015:19:17:45 -0500] "GET /galeria/carrusel/Carrusel/jquery-ui-1.8.13.custom.min.js HTTP/1.1" 200 10800
66.249.64.96 - - [27/Dec/2015:19:17:46 -0500] "GET /galeria/carrusel/Carrusel/jquery.thumbnailScroller.css HTTP/1.1" 200 2066
66.249.64.96 - - [27/Dec/2015:19:17:47 -0500] "GET /galeria/carrusel/Carrusel/jquery.thumbnailScroller.js HTTP/1.1" 200 8157
66.249.64.96 - - [27/Dec/2015:19:17:48 -0500] "GET /galeria/galeria/jquery.fancybox.js?v=2.1.5 HTTP/1.1" 200 48706
66.249.64.96 - - [27/Dec/2015:19:17:49 -0500] "GET /galeria/galeria/jquery.fancybox.css?v=2.1.5 HTTP/1.1" 200 4895
66.249.64.96 - - [27/Dec/2015:19:17:57 -0500] "GET /galeria/nivo-slider/demo/demo.html HTTP/1.1" 200 4456
66.249.64.96 - - [27/Dec/2015:19:17:58 -0500] "GET /galeria/nivo-slider/demo/scripts/jquery-1.7.1.min.js HTTP/1.1" 200 93868
66.249.64.96 - - [27/Dec/2015:19:17:58 -0500] "GET /galeria/nivo-slider/jquery.nivo.slider.pack.js HTTP/1.1" 200 11561
66.249.64.96 - - [27/Dec/2015:19:17:59 -0500] "GET /galeria/nivo-slider/demo/style.css HTTP/1.1" 200 2222
66.249.64.96 - - [27/Dec/2015:19:17:59 -0500] "GET /galeria/nivo-slider/themes/default/default.css HTTP/1.1" 200 1569
66.249.64.96 - - [27/Dec/2015:19:18:00 -0500] "GET /galeria/nivo-slider/themes/pascal/pascal.css HTTP/1.1" 200 2258
66.249.64.96 - - [27/Dec/2015:19:18:00 -0500] "GET /galeria/nivo-slider/themes/orman/orman.css HTTP/1.1" 200 2152
66.249.64.96 - - [27/Dec/2015:19:18:01 -0500] "GET /galeria/nivo-slider/nivo-slider.css HTTP/1.1" 200 1507
186.80.182.250 - - [27/Dec/2015:19:18:02 -0500] "GET /galeria/galeria/jquery.fancybox.css?v=2.1.5 HTTP/1.1" 304 -
186.80.182.250 - - [27/Dec/2015:19:18:02 -0500] "GET /BLA/boletinlegal/js/jquery.scrollShow.js HTTP/1.1" 304 -
186.80.182.250 - - [27/Dec/2015:19:18:02 -0500] "GET /galeria/galeria/jquery.fancybox.js?v=2.1.5 HTTP/1.1" 304 -
186.144.248.163 - - [27/Dec/2015:19:18:07 -0500] "GET /galeria/carrusel/Carrusel/jquery.thumbnailScroller.js HTTP/1.1" 200 8157
181.50.77.217 - - [27/Dec/2015:19:18:13 -0500] "POST /forms/lservlet;jsessionid=ac16012b30d7ee629dd079514031ab04b901dfb85966.e3iSbxaKaheRe38KbN0Rb34Mc3j0n6jAmljGr5XDqQLvpAe HTTP/1.1" 200 2
186.80.182.250 - - [27/Dec/2015:19:18:17 -0500] "GET /BLA/boletinlegal/js/jquery.scrollShow.js HTTP/1.1" 304 -
186.80.182.250 - - [27/Dec/2015:19:18:17 -0500] "GET /galeria/galeria/jquery.fancybox.js?v=2.1.5 HTTP/1.1" 304 -
186.80.182.250 - - [27/Dec/2015:19:18:17 -0500] "GET /galeria/galeria/jquery.fancybox.css?v=2.1.5 HTTP/1.1" 304 -
66.249.64.101 - - [27/Dec/2015:19:18:32 -0500] "GET /BLA/resoluciones/RESOLUCIONES%202008/1736.pdf HTTP/1.1" 200 349237
186.144.252.156 - - [27/Dec/2015:19:18:51 -0500] "POST /forms/lservlet;jsessionid=ac16012b30d76e656e15b82949d29f35abd43da72cb5.e3iSbxaKaheRe38KbN0Rb34Mc3j0n6jAmljGr5XDqQLvpAe HTTP/1.1" 200 2
181.50.77.217 - - [27/Dec/2015:19:20:16 -0500] "POST /forms/lservlet;jsessionid=ac16012b30d7ee629dd079514031ab04b901dfb85966.e3iSbxaKaheRe38KbN0Rb34Mc3j0n6jAmljGr5XDqQLvpAe HTTP/1.1" 200 2
181.249.251.19 - - [27/Dec/2015:19:20:23 -0500] "GET /galeria/galeria/jquery.fancybox.css?v=2.1.5 HTTP/1.1" 200 4895
181.249.251.19 - - [27/Dec/2015:19:20:23 -0500] "GET /BLA/boletinlegal/js/jquery.scrollShow.js HTTP/1.1" 200 4586
181.249.251.19 - - [27/Dec/2015:19:20:23 -0500] "GET /galeria/galeria/jquery.fancybox.js?v=2.1.5 HTTP/1.1" 200 48706
180.76.15.140 - - [27/Dec/2015:19:20:36 -0500] "GET / HTTP/1.1" 200 10190
66.249.64.106 - - [27/Dec/2015:19:20:43 -0500] "GET /BLA/resoluciones/RESOLUCIONES%202008/5102.pdf HTTP/1.1" 200 412041
186.144.252.156 - - [27/Dec/2015:19:20:51 -0500] "POST /forms/lservlet;jsessionid=ac16012b30d76e656e15b82949d29f35abd43da72cb5.e3iSbxaKaheRe38KbN0Rb34Mc3j0n6jAmljGr5XDqQLvpAe HTTP/1.1" 200 2
181.249.251.19 - - [27/Dec/2015:19:21:08 -0500] "GET /galeria/galeria/jquery.fancybox.css?v=2.1.5 HTTP/1.1" 304 -
181.249.251.19 - - [27/Dec/2015:19:21:08 -0500] "GET /BLA/boletinlegal/js/jquery.scrollShow.js HTTP/1.1" 304 -
181.249.251.19 - - [27/Dec/2015:19:21:08 -0500] "GET /galeria/galeria/jquery.fancybox.js?v=2.1.5 HTTP/1.1" 304 -
66.249.69.108 - - [27/Dec/2015:19:21:30 -0500] "GET /BLA/resoluciones/RESOLUCIONES%202009/6725.pdf HTTP/1.1" 200 538151
69.162.124.233 - - [27/Dec/2015:19:22:11 -0500] "HEAD / HTTP/1.1" 200 -
181.50.77.217 - - [27/Dec/2015:19:22:16 -0500] "POST /forms/lservlet;jsessionid=ac16012b30d7ee629dd079514031ab04b901dfb85966.e3iSbxaKaheRe38KbN0Rb34Mc3j0n6jAmljGr5XDqQLvpAe HTTP/1.1" 200 2
200.106.214.247 - - [27/Dec/2015:19:22:30 -0500] "GET /galeria/galeria/jquery.fancybox.css?v=2.1.5 HTTP/1.1" 200 4895
200.106.214.247 - - [27/Dec/2015:19:22:30 -0500] "GET /BLA/boletinlegal/js/jquery.scrollShow.js HTTP/1.1" 200 4586
200.106.214.247 - - [27/Dec/2015:19:22:30 -0500] "GET /galeria/galeria/jquery.fancybox.js?v=2.1.5 HTTP/1.1" 200 48706
200.106.214.247 - - [27/Dec/2015:19:22:30 -0500] "GET /BLA/boletinlegal/images/pdf.gif HTTP/1.1" 200 567
200.106.214.247 - - [27/Dec/2015:19:22:31 -0500] "GET /BLA/boletinlegal/images/video.png HTTP/1.1" 200 57565
186.144.252.156 - - [27/Dec/2015:19:22:40 -0500] "POST /forms/lservlet;jsessionid=ac16012b30d76e656e15b82949d29f35abd43da72cb5.e3iSbxaKaheRe38KbN0Rb34Mc3j0n6jAmljGr5XDqQLvpAe HTTP/1.1" 200 2333
186.144.252.156 - - [27/Dec/2015:19:22:48 -0500] "POST /forms/lservlet;jsessionid=ac16012b30d76e656e15b82949d29f35abd43da72cb5.e3iSbxaKaheRe38KbN0Rb34Mc3j0n6jAmljGr5XDqQLvpAe HTTP/1.1" 200 3774
200.106.214.247 - - [27/Dec/2015:19:22:49 -0500] "GET /galeria/galeria/jquery.fancybox.css?v=2.1.5 HTTP/1.1" 304 -
200.106.214.247 - - [27/Dec/2015:19:22:49 -0500] "GET /BLA/boletinlegal/js/jquery.scrollShow.js HTTP/1.1" 304 -
200.106.214.247 - - [27/Dec/2015:19:22:49 -0500] "GET /galeria/galeria/jquery.fancybox.js?v=2.1.5 HTTP/1.1" 304 -
200.106.214.247 - - [27/Dec/2015:19:22:50 -0500] "GET /BLA/boletinlegal/images/pdf.gif HTTP/1.1" 304 -
200.106.214.247 - - [27/Dec/2015:19:22:50 -0500] "GET /BLA/boletinlegal/images/video.png HTTP/1.1" 304 -
107.167.112.73 - - [27/Dec/2015:19:22:51 -0500] "GET /galeria/galeria/jquery.fancybox.js?v=2.1.5 HTTP/1.1" 200 48706
107.167.112.73 - - [27/Dec/2015:19:22:51 -0500] "GET /galeria/galeria/jquery.fancybox.css?v=2.1.5 HTTP/1.1" 200 4895
107.167.112.73 - - [27/Dec/2015:19:22:51 -0500] "GET /galeria/juegos/ear/ HTTP/1.1" 200 1093
186.144.252.156 - - [27/Dec/2015:19:22:51 -0500] "POST /forms/lservlet;jsessionid=ac16012b30d76e656e15b82949d29f35abd43da72cb5.e3iSbxaKaheRe38KbN0Rb34Mc3j0n6jAmljGr5XDqQLvpAe HTTP/1.1" 200 2
186.144.252.156 - - [27/Dec/2015:19:22:51 -0500] "POST /forms/lservlet;jsessionid=ac16012b30d76e656e15b82949d29f35abd43da72cb5.e3iSbxaKaheRe38KbN0Rb34Mc3j0n6jAmljGr5XDqQLvpAe HTTP/1.1" 200 14
186.144.252.156 - - [27/Dec/2015:19:22:52 -0500] "POST /forms/lservlet;jsessionid=ac16012b30d76e656e15b82949d29f35abd43da72cb5.e3iSbxaKaheRe38KbN0Rb34Mc3j0n6jAmljGr5XDqQLvpAe HTTP/1.1" 200 14
186.144.252.156 - - [27/Dec/2015:19:22:54 -0500] "POST /forms/lservlet;jsessionid=ac16012b30d76e656e15b82949d29f35abd43da72cb5.e3iSbxaKaheRe38KbN0Rb34Mc3j0n6jAmljGr5XDqQLvpAe HTTP/1.1" 200 14
186.144.252.156 - - [27/Dec/2015:19:22:55 -0500] "POST /forms/lservlet;jsessionid=ac16012b30d76e656e15b82949d29f35abd43da72cb5.e3iSbxaKaheRe38KbN0Rb34Mc3j0n6jAmljGr5XDqQLvpAe HTTP/1.1" 200 114
186.144.252.156 - - [27/Dec/2015:19:22:56 -0500] "POST /forms/lservlet;jsessionid=ac16012b30d76e656e15b82949d29f35abd43da72cb5.e3iSbxaKaheRe38KbN0Rb34Mc3j0n6jAmljGr5XDqQLvpAe HTTP/1.1" 200 2
207.46.13.79 - - [27/Dec/2015:19:22:57 -0500] "GET /robots.txt HTTP/1.1" 404 1018
186.144.252.156 - - [27/Dec/2015:19:22:59 -0500] "GET /reports/rwservlet/getjobid368018?server=rep_srvapsda HTTP/1.1" 200 47614
66.249.64.106 - - [27/Dec/2015:19:23:53 -0500] "GET /BLA/resoluciones/AUTOS%202011/2641.pdf HTTP/1.1" 200 133954
181.50.77.217 - - [27/Dec/2015:19:24:16 -0500] "POST /forms/lservlet;jsessionid=ac16012b30d7ee629dd079514031ab04b901dfb85966.e3iSbxaKaheRe38KbN0Rb34Mc3j0n6jAmljGr5XDqQLvpAe HTTP/1.1" 200 2
66.249.64.243 - - [27/Dec/2015:19:24:27 -0500] "GET /galeria/nivo-slider/demo/images/Jornada-adopcion.jpg HTTP/1.1" 200 79705
66.249.64.96 - - [27/Dec/2015:19:24:28 -0500] "GET /BLA/resoluciones/RESOLUCIONES%202010/7754.pdf HTTP/1.1" 200 561517
186.144.252.156 - - [27/Dec/2015:19:24:52 -0500] "POST /forms/lservlet;jsessionid=ac16012b30d76e656e15b82949d29f35abd43da72cb5.e3iSbxaKaheRe38KbN0Rb34Mc3j0n6jAmljGr5XDqQLvpAe HTTP/1.1" 200 2
191.95.247.159 - - [27/Dec/2015:19:25:42 -0500] "GET /galeria/galeria/fotos/Entrenube2G.jpg HTTP/1.1" 200 111422
191.95.247.159 - - [27/Dec/2015:19:25:55 -0500] "GET /galeria/galeria/fotos/Entrenube3G.jpg HTTP/1.1" 200 138221
181.50.77.217 - - [27/Dec/2015:19:26:16 -0500] "POST /forms/lservlet;jsessionid=ac16012b30d7ee629dd079514031ab04b901dfb85966.e3iSbxaKaheRe38KbN0Rb34Mc3j0n6jAmljGr5XDqQLvpAe HTTP/1.1" 200 2
186.29.97.236 - - [27/Dec/2015:19:26:21 -0500] "GET /dama/libreria/jpg/ecosistemas/aulas/aa2_1.jpg HTTP/1.1" 404 1315
152.201.29.15 - - [27/Dec/2015:19:26:49 -0500] "GET /BLA/resoluciones/AUTOS%202013/2058.pdf HTTP/1.1" 200 1867532
152.201.29.15 - - [27/Dec/2015:19:26:49 -0500] "GET /BLA/resoluciones/AUTOS%202013/2058.pdf HTTP/1.1" 200 1867532
186.144.252.156 - - [27/Dec/2015:19:26:52 -0500] "POST /forms/lservlet;jsessionid=ac16012b30d76e656e15b82949d29f35abd43da72cb5.e3iSbxaKaheRe38KbN0Rb34Mc3j0n6jAmljGr5XDqQLvpAe HTTP/1.1" 200 2
66.249.64.106 - - [27/Dec/2015:19:27:04 -0500] "GET /BLA/resoluciones/RESOLUCIONES%202007/RES%202007%20101%20AL%20200/RESOLUCION%200139%20%20DE%202007.pdf HTTP/1.1" 304 -
66.249.64.96 - - [27/Dec/2015:19:27:07 -0500] "GET /BLA/resoluciones/RESOLUCIONES%202011/3530.pdf HTTP/1.1" 200 407548
69.162.124.233 - - [27/Dec/2015:19:27:11 -0500] "HEAD / HTTP/1.1" 200 -
66.249.64.101 - - [27/Dec/2015:19:27:25 -0500] "GET /BLA/resoluciones/RESOLUCIONES%202010/4361.pdf HTTP/1.1" 200 489653
181.50.77.217 - - [27/Dec/2015:19:28:16 -0500] "POST /forms/lservlet;jsessionid=ac16012b30d7ee629dd079514031ab04b901dfb85966.e3iSbxaKaheRe38KbN0Rb34Mc3j0n6jAmljGr5XDqQLvpAe HTTP/1.1" 200 2
186.144.252.156 - - [27/Dec/2015:19:28:52 -0500] "POST /forms/lservlet;jsessionid=ac16012b30d76e656e15b82949d29f35abd43da72cb5.e3iSbxaKaheRe38KbN0Rb34Mc3j0n6jAmljGr5XDqQLvpAe HTTP/1.1" 200 2
201.245.208.59 - - [27/Dec/2015:19:29:16 -0500] "GET /BLA/boletinlegal/js/jquery.scrollShow.js HTTP/1.1" 200 4586
201.245.208.59 - - [27/Dec/2015:19:29:17 -0500] "GET /galeria/galeria/jquery.fancybox.css?v=2.1.5 HTTP/1.1" 200 4895
201.245.208.59 - - [27/Dec/2015:19:29:17 -0500] "GET /galeria/galeria/jquery.fancybox.js?v=2.1.5 HTTP/1.1" 200 48706
181.225.25.13 - - [27/Dec/2015:19:29:49 -0500] "GET /galeria/galeria/jquery.fancybox.css?v=2.1.5 HTTP/1.1" 200 4895
181.225.25.13 - - [27/Dec/2015:19:29:49 -0500] "GET /BLA/boletinlegal/js/jquery.scrollShow.js HTTP/1.1" 200 4586
181.225.25.13 - - [27/Dec/2015:19:29:49 -0500] "GET /galeria/galeria/jquery.fancybox.js?v=2.1.5 HTTP/1.1" 200 48706
186.113.202.41 - - [27/Dec/2015:19:30:02 -0500] "GET /BLA/resoluciones/RESOLUCIONES%202007/RES%202007%201401%20AL%201500/RESOLUCION%201473%20DE%202007.pdf HTTP/1.1" 200 304300
66.249.64.96 - - [27/Dec/2015:19:30:03 -0500] "GET /BLA/resoluciones/AUTOS%202013/0324.pdf HTTP/1.1" 304 -
66.249.64.96 - - [27/Dec/2015:19:30:06 -0500] "GET /BLA/resoluciones/RESOLUCIONES%202008/5090.pdf HTTP/1.1" 200 312698
181.225.25.13 - - [27/Dec/2015:19:30:15 -0500] "GET /BLA/boletinlegal/js/jquery.scrollShow.js HTTP/1.1" 304 -
181.225.25.13 - - [27/Dec/2015:19:30:15 -0500] "GET /galeria/galeria/jquery.fancybox.js?v=2.1.5 HTTP/1.1" 304 -
181.225.25.13 - - [27/Dec/2015:19:30:15 -0500] "GET /galeria/galeria/jquery.fancybox.css?v=2.1.5 HTTP/1.1" 304 -
181.50.77.217 - - [27/Dec/2015:19:30:16 -0500] "POST /forms/lservlet;jsessionid=ac16012b30d7ee629dd079514031ab04b901dfb85966.e3iSbxaKaheRe38KbN0Rb34Mc3j0n6jAmljGr5XDqQLvpAe HTTP/1.1" 200 2
66.249.64.106 - - [27/Dec/2015:19:30:23 -0500] "GET /BLA/resoluciones/RESOLUCIONES%202009/9789.pdf HTTP/1.1" 200 518477
190.158.3.93 - - [27/Dec/2015:19:30:35 -0500] "GET /galeria/galeria/fotos/mirador3G.jpg HTTP/1.1" 200 131992
66.249.64.101 - - [27/Dec/2015:19:30:41 -0500] "GET /BLA/resoluciones/RESOLUCIONES%202007/RES%202007%203101%20AL%203200/RESOLUCION%203119%20DE%202007.pdf HTTP/1.1" 200 756207
201.245.208.59 - - [27/Dec/2015:19:30:50 -0500] "GET /galeria/galeria/jquery.fancybox.css?v=2.1.5 HTTP/1.1" 304 -
201.245.208.59 - - [27/Dec/2015:19:30:50 -0500] "GET /BLA/boletinlegal/js/jquery.scrollShow.js HTTP/1.1" 304 -
201.245.208.59 - - [27/Dec/2015:19:30:50 -0500] "GET /galeria/galeria/jquery.fancybox.js?v=2.1.5 HTTP/1.1" 304 -
186.144.252.156 - - [27/Dec/2015:19:30:52 -0500] "POST /forms/lservlet;jsessionid=ac16012b30d76e656e15b82949d29f35abd43da72cb5.e3iSbxaKaheRe38KbN0Rb34Mc3j0n6jAmljGr5XDqQLvpAe HTTP/1.1" 200 2
66.249.64.248 - - [27/Dec/2015:19:31:35 -0500] "GET / HTTP/1.1" 200 10190
190.24.59.15 - - [27/Dec/2015:19:32:07 -0500] "GET /BLA/resoluciones/RESOLUCIONES%202012/0639.pdf HTTP/1.1" 200 575409
190.24.59.15 - - [27/Dec/2015:19:32:07 -0500] "GET /favicon.ico HTTP/1.1" 200 7782
69.162.124.233 - - [27/Dec/2015:19:32:11 -0500] "HEAD / HTTP/1.1" 200 -
181.50.77.217 - - [27/Dec/2015:19:32:16 -0500] "POST /forms/lservlet;jsessionid=ac16012b30d7ee629dd079514031ab04b901dfb85966.e3iSbxaKaheRe38KbN0Rb34Mc3j0n6jAmljGr5XDqQLvpAe HTTP/1.1" 200 2
186.144.252.156 - - [27/Dec/2015:19:32:52 -0500] "POST /forms/lservlet;jsessionid=ac16012b30d76e656e15b82949d29f35abd43da72cb5.e3iSbxaKaheRe38KbN0Rb34Mc3j0n6jAmljGr5XDqQLvpAe HTTP/1.1" 200 2
66.249.64.101 - - [27/Dec/2015:19:33:03 -0500] "GET /BLA/resoluciones/AUTOS%202014/1497.pdf HTTP/1.1" 200 682830
66.249.64.101 - - [27/Dec/2015:19:33:20 -0500] "GET /BLA/resoluciones/AUTOS%202014/7040.pdf HTTP/1.1" 200 244022
200.119.222.131 - - [27/Dec/2015:19:33:57 -0500] "GET /galeria/galeria/jquery.fancybox.css?v=2.1.5 HTTP/1.1" 304 -
200.119.222.131 - - [27/Dec/2015:19:33:59 -0500] "GET /BLA/boletinlegal/js/jquery.scrollShow.js HTTP/1.1" 304 -
200.119.222.131 - - [27/Dec/2015:19:33:59 -0500] "GET /galeria/galeria/jquery.fancybox.js?v=2.1.5 HTTP/1.1" 304 -
181.49.74.129 - - [27/Dec/2015:19:34:20 -0500] "GET /galeria/galeria/jquery.fancybox.js?v=2.1.5 HTTP/1.1" 200 48706
181.49.74.129 - - [27/Dec/2015:19:34:20 -0500] "GET /galeria/galeria/jquery.fancybox.css?v=2.1.5 HTTP/1.1" 200 4895
181.49.74.129 - - [27/Dec/2015:19:34:20 -0500] "GET /BLA/boletinlegal/js/jquery.scrollShow.js HTTP/1.1" 200 4586
66.249.64.248 - - [27/Dec/2015:19:34:21 -0500] "GET /re/Talleres/plastico/imagenes%20plastico/plastico%20link.htm HTTP/1.1" 404 1019
186.85.76.249 - - [27/Dec/2015:19:34:22 -0500] "GET /galeria/galeria/jquery.fancybox.js?v=2.1.5 HTTP/1.1" 304 -
186.85.76.249 - - [27/Dec/2015:19:34:22 -0500] "GET /galeria/galeria/jquery.fancybox.css?v=2.1.5 HTTP/1.1" 304 -
181.50.77.217 - - [27/Dec/2015:19:34:31 -0500] "POST /forms/lservlet;jsessionid=ac16012b30d7ee629dd079514031ab04b901dfb85966.e3iSbxaKaheRe38KbN0Rb34Mc3j0n6jAmljGr5XDqQLvpAe HTTP/1.1" 200 2
186.144.252.156 - - [27/Dec/2015:19:34:53 -0500] "POST /forms/lservlet;jsessionid=ac16012b30d76e656e15b82949d29f35abd43da72cb5.e3iSbxaKaheRe38KbN0Rb34Mc3j0n6jAmljGr5XDqQLvpAe HTTP/1.1" 200 2
186.85.76.249 - - [27/Dec/2015:19:35:18 -0500] "GET /galeria/galeria/jquery.fancybox.js?v=2.1.5 HTTP/1.1" 304 -
186.85.76.249 - - [27/Dec/2015:19:35:18 -0500] "GET /galeria/galeria/jquery.fancybox.css?v=2.1.5 HTTP/1.1" 304 -
186.85.76.249 - - [27/Dec/2015:19:36:01 -0500] "GET /galeria/galeria/jquery.fancybox.js?v=2.1.5 HTTP/1.1" 304 -
186.85.76.249 - - [27/Dec/2015:19:36:01 -0500] "GET /galeria/galeria/jquery.fancybox.css?v=2.1.5 HTTP/1.1" 304 -
66.249.64.96 - - [27/Dec/2015:19:36:03 -0500] "GET /BLA/resoluciones/AUTOS%202011/6293.pdf HTTP/1.1" 200 316949
181.129.96.50 - - [27/Dec/2015:19:36:16 -0500] "GET /BLA/resoluciones/RESOLUCIONES%202011/0295.pdf HTTP/1.1" 200 539885
66.249.64.101 - - [27/Dec/2015:19:36:17 -0500] "GET /BLA/resoluciones/AUTOS%202012/0556.pdf HTTP/1.1" 200 230764
181.129.96.50 - - [27/Dec/2015:19:36:20 -0500] "GET /favicon.ico HTTP/1.1" 200 7782
186.144.252.156 - - [27/Dec/2015:19:36:23 -0500] "POST /forms/lservlet;jsessionid=ac16012b30d76e656e15b82949d29f35abd43da72cb5.e3iSbxaKaheRe38KbN0Rb34Mc3j0n6jAmljGr5XDqQLvpAe HTTP/1.1" 200 2333
186.144.252.156 - - [27/Dec/2015:19:36:30 -0500] "POST /forms/lservlet;jsessionid=ac16012b30d76e656e15b82949d29f35abd43da72cb5.e3iSbxaKaheRe38KbN0Rb34Mc3j0n6jAmljGr5XDqQLvpAe HTTP/1.1" 200 4194
181.50.77.217 - - [27/Dec/2015:19:36:31 -0500] "POST /forms/lservlet;jsessionid=ac16012b30d7ee629dd079514031ab04b901dfb85966.e3iSbxaKaheRe38KbN0Rb34Mc3j0n6jAmljGr5XDqQLvpAe HTTP/1.1" 200 2
186.144.252.156 - - [27/Dec/2015:19:36:34 -0500] "POST /forms/lservlet;jsessionid=ac16012b30d76e656e15b82949d29f35abd43da72cb5.e3iSbxaKaheRe38KbN0Rb34Mc3j0n6jAmljGr5XDqQLvpAe HTTP/1.1" 200 2
186.144.252.156 - - [27/Dec/2015:19:36:34 -0500] "POST /forms/lservlet;jsessionid=ac16012b30d76e656e15b82949d29f35abd43da72cb5.e3iSbxaKaheRe38KbN0Rb34Mc3j0n6jAmljGr5XDqQLvpAe HTTP/1.1" 200 14
186.144.252.156 - - [27/Dec/2015:19:36:35 -0500] "POST /forms/lservlet;jsessionid=ac16012b30d76e656e15b82949d29f35abd43da72cb5.e3iSbxaKaheRe38KbN0Rb34Mc3j0n6jAmljGr5XDqQLvpAe HTTP/1.1" 200 14
186.144.252.156 - - [27/Dec/2015:19:36:36 -0500] "POST /forms/lservlet;jsessionid=ac16012b30d76e656e15b82949d29f35abd43da72cb5.e3iSbxaKaheRe38KbN0Rb34Mc3j0n6jAmljGr5XDqQLvpAe HTTP/1.1" 200 114
186.144.252.156 - - [27/Dec/2015:19:36:36 -0500] "POST /forms/lservlet;jsessionid=ac16012b30d76e656e15b82949d29f35abd43da72cb5.e3iSbxaKaheRe38KbN0Rb34Mc3j0n6jAmljGr5XDqQLvpAe HTTP/1.1" 200 2
186.144.252.156 - - [27/Dec/2015:19:36:36 -0500] "GET /reports/rwservlet/getjobid368019?server=rep_srvapsda HTTP/1.1" 200 47825
190.157.141.145 - - [27/Dec/2015:19:36:41 -0500] "GET /BLA/boletinlegal/js/jquery.scrollShow.js HTTP/1.1" 200 4586
190.157.141.145 - - [27/Dec/2015:19:36:41 -0500] "GET /galeria/galeria/jquery.fancybox.js?v=2.1.5 HTTP/1.1" 200 48706
190.157.141.145 - - [27/Dec/2015:19:36:41 -0500] "GET /galeria/galeria/jquery.fancybox.css?v=2.1.5 HTTP/1.1" 200 4895
190.157.141.145 - - [27/Dec/2015:19:36:42 -0500] "GET /BLA/boletinlegal/images/pdf.gif HTTP/1.1" 200 567
190.157.141.145 - - [27/Dec/2015:19:36:42 -0500] "GET /BLA/boletinlegal/images/video.png HTTP/1.1" 200 57565
190.157.141.145 - - [27/Dec/2015:19:36:52 -0500] "GET /galeria/galeria/jquery.fancybox.js?v=2.1.5 HTTP/1.1" 304 -
190.157.141.145 - - [27/Dec/2015:19:36:52 -0500] "GET /BLA/boletinlegal/js/jquery.scrollShow.js HTTP/1.1" 304 -
190.157.141.145 - - [27/Dec/2015:19:36:52 -0500] "GET /galeria/galeria/jquery.fancybox.css?v=2.1.5 HTTP/1.1" 304 -
190.157.141.145 - - [27/Dec/2015:19:36:52 -0500] "GET /BLA/boletinlegal/images/pdf.gif HTTP/1.1" 304 -
190.157.141.145 - - [27/Dec/2015:19:36:52 -0500] "GET /BLA/boletinlegal/images/video.png HTTP/1.1" 304 -
186.144.252.156 - - [27/Dec/2015:19:36:53 -0500] "POST /forms/lservlet;jsessionid=ac16012b30d76e656e15b82949d29f35abd43da72cb5.e3iSbxaKaheRe38KbN0Rb34Mc3j0n6jAmljGr5XDqQLvpAe HTTP/1.1" 200 2
69.162.124.233 - - [27/Dec/2015:19:37:11 -0500] "HEAD / HTTP/1.1" 200 -
73.136.160.186 - - [27/Dec/2015:19:37:36 -0500] "GET /webdav/x32.php?host=192.168.0.6&time=60&port=80 HTTP/1.1" 404 1018
186.119.147.183 - - [27/Dec/2015:19:37:48 -0500] "GET /BLA/resoluciones/AUTOS%202013/0128.pdf HTTP/1.1" 200 2158572
186.119.147.183 - - [27/Dec/2015:19:37:54 -0500] "GET /favicon.ico HTTP/1.1" 200 7782
181.50.77.217 - - [27/Dec/2015:19:38:32 -0500] "POST /forms/lservlet;jsessionid=ac16012b30d7ee629dd079514031ab04b901dfb85966.e3iSbxaKaheRe38KbN0Rb34Mc3j0n6jAmljGr5XDqQLvpAe HTTP/1.1" 200 2
181.49.79.80 - - [27/Dec/2015:19:38:48 -0500] "GET /videos/ArchivoSDA.flv HTTP/1.1" 200 31205279
186.144.252.156 - - [27/Dec/2015:19:38:53 -0500] "POST /forms/lservlet;jsessionid=ac16012b30d76e656e15b82949d29f35abd43da72cb5.e3iSbxaKaheRe38KbN0Rb34Mc3j0n6jAmljGr5XDqQLvpAe HTTP/1.1" 200 2
181.49.79.80 - - [27/Dec/2015:19:39:00 -0500] "GET /galeria/galeria/jquery.fancybox.css?v=2.1.5 HTTP/1.1" 200 4895
181.49.79.80 - - [27/Dec/2015:19:39:00 -0500] "GET /BLA/boletinlegal/js/jquery.scrollShow.js HTTP/1.1" 200 4586
181.49.79.80 - - [27/Dec/2015:19:39:00 -0500] "GET /galeria/galeria/jquery.fancybox.js?v=2.1.5 HTTP/1.1" 200 48706
66.249.64.106 - - [27/Dec/2015:19:39:15 -0500] "GET /BLA/resoluciones/RESOLUCIONES%202011/5563.pdf HTTP/1.1" 200 527245
181.49.79.80 - - [27/Dec/2015:19:39:18 -0500] "GET /BLA/boletinlegal/js/jquery.scrollShow.js HTTP/1.1" 304 -
181.49.79.80 - - [27/Dec/2015:19:39:18 -0500] "GET /galeria/galeria/jquery.fancybox.css?v=2.1.5 HTTP/1.1" 304 -
181.49.79.80 - - [27/Dec/2015:19:39:18 -0500] "GET /galeria/galeria/jquery.fancybox.js?v=2.1.5 HTTP/1.1" 304 -
201.245.208.59 - - [27/Dec/2015:19:40:03 -0500] "GET /BLA/boletinlegal/js/jquery.scrollShow.js HTTP/1.1" 304 -
201.245.208.59 - - [27/Dec/2015:19:40:03 -0500] "GET /galeria/galeria/jquery.fancybox.css?v=2.1.5 HTTP/1.1" 304 -
201.245.208.59 - - [27/Dec/2015:19:40:03 -0500] "GET /galeria/galeria/jquery.fancybox.js?v=2.1.5 HTTP/1.1" 304 -
181.49.79.80 - - [27/Dec/2015:19:40:23 -0500] "GET /videos/ArchivoSDA.flv HTTP/1.1" 206 1
181.49.79.80 - - [27/Dec/2015:19:40:24 -0500] "GET /videos/ArchivoSDA.flv HTTP/1.1" 206 29986451
181.50.77.217 - - [27/Dec/2015:19:40:32 -0500] "POST /forms/lservlet;jsessionid=ac16012b30d7ee629dd079514031ab04b901dfb85966.e3iSbxaKaheRe38KbN0Rb34Mc3j0n6jAmljGr5XDqQLvpAe HTTP/1.1" 200 2
190.12.131.75 - - [27/Dec/2015:19:40:48 -0500] "GET /galeria/galeria/jquery.fancybox.js?v=2.1.5 HTTP/1.1" 200 48706
190.12.131.75 - - [27/Dec/2015:19:40:48 -0500] "GET /galeria/galeria/jquery.fancybox.css?v=2.1.5 HTTP/1.1" 200 4895
190.12.131.75 - - [27/Dec/2015:19:40:48 -0500] "GET /BLA/boletinlegal/js/jquery.scrollShow.js HTTP/1.1" 200 4586
189.172.76.52 - - [27/Dec/2015:19:40:48 -0500] "GET /BLA/boletinlegal/js/jquery.scrollShow.js HTTP/1.1" 200 4586
189.172.76.52 - - [27/Dec/2015:19:40:50 -0500] "GET /galeria/galeria/jquery.fancybox.js?v=2.1.5 HTTP/1.1" 200 48706
189.172.76.52 - - [27/Dec/2015:19:40:50 -0500] "GET /galeria/galeria/jquery.fancybox.css?v=2.1.5 HTTP/1.1" 200 4895
186.144.252.156 - - [27/Dec/2015:19:40:53 -0500] "POST /forms/lservlet;jsessionid=ac16012b30d76e656e15b82949d29f35abd43da72cb5.e3iSbxaKaheRe38KbN0Rb34Mc3j0n6jAmljGr5XDqQLvpAe HTTP/1.1" 200 2
190.12.131.75 - - [27/Dec/2015:19:41:35 -0500] "GET /galeria/galeria/jquery.fancybox.css?v=2.1.5 HTTP/1.1" 304 -
190.12.131.75 - - [27/Dec/2015:19:41:35 -0500] "GET /BLA/boletinlegal/js/jquery.scrollShow.js HTTP/1.1" 304 -
190.12.131.75 - - [27/Dec/2015:19:41:35 -0500] "GET /galeria/galeria/jquery.fancybox.js?v=2.1.5 HTTP/1.1" 304 -
190.25.94.127 - - [27/Dec/2015:19:41:46 -0500] "GET /BLA/boletinlegal/js/jquery.scrollShow.js HTTP/1.1" 200 4586
190.25.94.127 - - [27/Dec/2015:19:41:46 -0500] "GET /galeria/galeria/jquery.fancybox.js?v=2.1.5 HTTP/1.1" 200 48706
190.25.94.127 - - [27/Dec/2015:19:41:46 -0500] "GET /galeria/galeria/jquery.fancybox.css?v=2.1.5 HTTP/1.1" 200 4895
190.25.94.127 - - [27/Dec/2015:19:41:46 -0500] "GET /galeria/carrusel/Carrusel/jquery.thumbnailScroller.css HTTP/1.1" 200 2066
190.25.94.127 - - [27/Dec/2015:19:41:47 -0500] "GET /galeria/carrusel/Carrusel/jquery-ui-1.8.13.custom.min.js HTTP/1.1" 200 10800
190.25.94.127 - - [27/Dec/2015:19:41:47 -0500] "GET /galeria/carrusel/Carrusel/jquery.thumbnailScroller.js HTTP/1.1" 200 8157
190.25.94.127 - - [27/Dec/2015:19:41:55 -0500] "GET /galeria/nivo-slider/demo/demo.html HTTP/1.1" 200 4456
190.25.94.127 - - [27/Dec/2015:19:41:55 -0500] "GET /galeria/nivo-slider/themes/default/default.css HTTP/1.1" 200 1569
190.25.94.127 - - [27/Dec/2015:19:41:55 -0500] "GET /galeria/nivo-slider/themes/pascal/pascal.css HTTP/1.1" 200 2258
190.25.94.127 - - [27/Dec/2015:19:41:55 -0500] "GET /galeria/nivo-slider/themes/orman/orman.css HTTP/1.1" 200 2152
190.25.94.127 - - [27/Dec/2015:19:41:55 -0500] "GET /galeria/nivo-slider/demo/style.css HTTP/1.1" 200 2222
190.25.94.127 - - [27/Dec/2015:19:41:55 -0500] "GET /galeria/nivo-slider/nivo-slider.css HTTP/1.1" 200 1507
190.25.94.127 - - [27/Dec/2015:19:41:55 -0500] "GET /galeria/nivo-slider/demo/scripts/jquery-1.7.1.min.js HTTP/1.1" 200 93868
190.25.94.127 - - [27/Dec/2015:19:41:55 -0500] "GET /galeria/nivo-slider/jquery.nivo.slider.pack.js HTTP/1.1" 200 11561
190.25.94.127 - - [27/Dec/2015:19:41:55 -0500] "GET /galeria/nivo-slider/demo/images/ambientales.jpg HTTP/1.1" 200 397233
190.25.94.127 - - [27/Dec/2015:19:41:55 -0500] "GET /galeria/nivo-slider/demo/images/Programacion-navidena.jpg HTTP/1.1" 200 316038
190.25.94.127 - - [27/Dec/2015:19:41:55 -0500] "GET /galeria/nivo-slider/demo/images/2Banner-encuestaSDA.jpg HTTP/1.1" 200 208228
190.25.94.127 - - [27/Dec/2015:19:41:55 -0500] "GET /galeria/nivo-slider/demo/images/4Simple_Slider.png HTTP/1.1" 200 11722
190.25.94.127 - - [27/Dec/2015:19:41:55 -0500] "GET /galeria/nivo-slider/themes/default/loading.gif HTTP/1.1" 200 1737
190.25.94.127 - - [27/Dec/2015:19:41:56 -0500] "GET /galeria/nivo-slider/demo/images/ABC-Plan-de-contigencia.jpg HTTP/1.1" 200 401853
190.25.94.127 - - [27/Dec/2015:19:41:56 -0500] "GET /galeria/nivo-slider/demo/images/banner-llantas2015.jpg HTTP/1.1" 200 185615
190.25.94.127 - - [27/Dec/2015:19:41:59 -0500] "GET /galeria/nivo-slider/demo/images/caminata-ecologica.jpg HTTP/1.1" 200 161069
190.25.94.127 - - [27/Dec/2015:19:42:00 -0500] "GET /galeria/nivo-slider/demo/images/Banner-ahorro-de-agua.jpg HTTP/1.1" 200 149141
190.25.94.127 - - [27/Dec/2015:19:42:03 -0500] "GET /galeria/nivo-slider/demo/images/Cmapana-onestidad.jpg HTTP/1.1" 200 141638
190.25.94.127 - - [27/Dec/2015:19:42:05 -0500] "GET /galeria/nivo-slider/demo/images/PREDAcamp.jpg HTTP/1.1" 200 295358
190.25.94.127 - - [27/Dec/2015:19:42:06 -0500] "GET /galeria/nivo-slider/demo/images/banner-llantas2.jpg HTTP/1.1" 200 204644
190.25.94.127 - - [27/Dec/2015:19:42:06 -0500] "GET /galeria/nivo-slider/demo/images/9Signos.jpg HTTP/1.1" 200 81776
190.25.94.127 - - [27/Dec/2015:19:42:08 -0500] "GET /galeria/nivo-slider/demo/images/Ruta-vertimientos-01.jpg HTTP/1.1" 200 130151
190.25.94.127 - - [27/Dec/2015:19:42:10 -0500] "GET /galeria/nivo-slider/demo/images/bolsas-06.jpg HTTP/1.1" 200 90982
190.25.94.127 - - [27/Dec/2015:19:42:10 -0500] "GET /galeria/nivo-slider/demo/images/Conoce-los-humedales.jpg HTTP/1.1" 200 294036
69.162.124.233 - - [27/Dec/2015:19:42:11 -0500] "HEAD / HTTP/1.1" 200 -
190.25.94.127 - - [27/Dec/2015:19:42:11 -0500] "GET /galeria/nivo-slider/demo/images/ecolecta-Dic2014.png HTTP/1.1" 200 288593
189.172.76.52 - - [27/Dec/2015:19:42:12 -0500] "GET /galeria/galeria/jquery.fancybox.js?v=2.1.5 HTTP/1.1" 200 48706
66.249.64.106 - - [27/Dec/2015:19:42:13 -0500] "GET /BLA/resoluciones/RESOLUCIONES%202010/6930.pdf HTTP/1.1" 200 289999
190.25.94.127 - - [27/Dec/2015:19:42:16 -0500] "GET /galeria/nivo-slider/themes/default/arrows.png HTTP/1.1" 200 824
190.25.94.127 - - [27/Dec/2015:19:42:16 -0500] "GET /galeria/nivo-slider/themes/default/bullets.png HTTP/1.1" 200 1281
66.249.64.96 - - [27/Dec/2015:19:42:24 -0500] "GET /BLA/resoluciones/AUTOS%202012/2801.pdf HTTP/1.1" 200 474868
66.249.64.96 - - [27/Dec/2015:19:42:27 -0500] "GET /BLA/resoluciones/AUTOS%202014/6265.pdf HTTP/1.1" 200 430470
181.50.77.217 - - [27/Dec/2015:19:42:32 -0500] "POST /forms/lservlet;jsessionid=ac16012b30d7ee629dd079514031ab04b901dfb85966.e3iSbxaKaheRe38KbN0Rb34Mc3j0n6jAmljGr5XDqQLvpAe HTTP/1.1" 200 2
186.144.252.156 - - [27/Dec/2015:19:42:53 -0500] "POST /forms/lservlet;jsessionid=ac16012b30d76e656e15b82949d29f35abd43da72cb5.e3iSbxaKaheRe38KbN0Rb34Mc3j0n6jAmljGr5XDqQLvpAe HTTP/1.1" 200 2
186.144.252.156 - - [27/Dec/2015:19:42:58 -0500] "POST /forms/lservlet;jsessionid=ac16012b30d76e656e15b82949d29f35abd43da72cb5.e3iSbxaKaheRe38KbN0Rb34Mc3j0n6jAmljGr5XDqQLvpAe HTTP/1.1" 200 2356
186.121.123.248 - - [27/Dec/2015:19:43:04 -0500] "GET /StormSDA/StormUser21.jarjnlp HTTP/1.1" 404 1018
186.144.252.156 - - [27/Dec/2015:19:43:05 -0500] "POST /forms/lservlet;jsessionid=ac16012b30d76e656e15b82949d29f35abd43da72cb5.e3iSbxaKaheRe38KbN0Rb34Mc3j0n6jAmljGr5XDqQLvpAe HTTP/1.1" 200 3847
186.144.252.156 - - [27/Dec/2015:19:43:07 -0500] "POST /forms/lservlet;jsessionid=ac16012b30d76e656e15b82949d29f35abd43da72cb5.e3iSbxaKaheRe38KbN0Rb34Mc3j0n6jAmljGr5XDqQLvpAe HTTP/1.1" 200 2
186.144.252.156 - - [27/Dec/2015:19:43:07 -0500] "POST /forms/lservlet;jsessionid=ac16012b30d76e656e15b82949d29f35abd43da72cb5.e3iSbxaKaheRe38KbN0Rb34Mc3j0n6jAmljGr5XDqQLvpAe HTTP/1.1" 200 14
186.144.252.156 - - [27/Dec/2015:19:43:08 -0500] "POST /forms/lservlet;jsessionid=ac16012b30d76e656e15b82949d29f35abd43da72cb5.e3iSbxaKaheRe38KbN0Rb34Mc3j0n6jAmljGr5XDqQLvpAe HTTP/1.1" 200 14
186.144.252.156 - - [27/Dec/2015:19:43:10 -0500] "POST /forms/lservlet;jsessionid=ac16012b30d76e656e15b82949d29f35abd43da72cb5.e3iSbxaKaheRe38KbN0Rb34Mc3j0n6jAmljGr5XDqQLvpAe HTTP/1.1" 200 114
186.144.252.156 - - [27/Dec/2015:19:43:10 -0500] "POST /forms/lservlet;jsessionid=ac16012b30d76e656e15b82949d29f35abd43da72cb5.e3iSbxaKaheRe38KbN0Rb34Mc3j0n6jAmljGr5XDqQLvpAe HTTP/1.1" 200 2
186.144.252.156 - - [27/Dec/2015:19:43:10 -0500] "GET /reports/rwservlet/getjobid368020?server=rep_srvapsda HTTP/1.1" 200 47790
186.145.59.141 - - [27/Dec/2015:19:43:23 -0500] "GET /BLA/boletinlegal/js/jquery.scrollShow.js HTTP/1.1" 200 4586
186.145.59.141 - - [27/Dec/2015:19:43:23 -0500] "GET /galeria/galeria/jquery.fancybox.css?v=2.1.5 HTTP/1.1" 200 4895
186.145.59.141 - - [27/Dec/2015:19:43:23 -0500] "GET /galeria/galeria/jquery.fancybox.js?v=2.1.5 HTTP/1.1" 200 48706
66.249.64.106 - - [27/Dec/2015:19:43:31 -0500] "GET /galeria/nivo-slider/demo/images/ecolecta-Dic2014.png HTTP/1.1" 304 -
186.145.59.141 - - [27/Dec/2015:19:43:31 -0500] "GET /BLA/boletinlegal/js/jquery.scrollShow.js HTTP/1.1" 304 -
186.145.59.141 - - [27/Dec/2015:19:43:31 -0500] "GET /galeria/galeria/jquery.fancybox.css?v=2.1.5 HTTP/1.1" 304 -
186.145.59.141 - - [27/Dec/2015:19:43:31 -0500] "GET /galeria/galeria/jquery.fancybox.js?v=2.1.5 HTTP/1.1" 304 -
186.121.123.248 - - [27/Dec/2015:19:43:45 -0500] "GET /StormSDA/StormUser21.jarjnlp HTTP/1.1" 404 1018
181.49.79.80 - - [27/Dec/2015:19:43:45 -0500] "GET /galeria/carrusel/Carrusel/jquery.thumbnailScroller.css HTTP/1.1" 200 2066
181.49.79.80 - - [27/Dec/2015:19:43:45 -0500] "GET /galeria/carrusel/Carrusel/jquery-ui-1.8.13.custom.min.js HTTP/1.1" 200 10800
181.49.79.80 - - [27/Dec/2015:19:43:45 -0500] "GET /galeria/nivo-slider/demo/demo.html HTTP/1.1" 200 4456
181.49.79.80 - - [27/Dec/2015:19:43:45 -0500] "GET /galeria/nivo-slider/themes/default/default.css HTTP/1.1" 200 1569
181.49.79.80 - - [27/Dec/2015:19:43:45 -0500] "GET /galeria/nivo-slider/demo/style.css HTTP/1.1" 200 2222
181.49.79.80 - - [27/Dec/2015:19:43:45 -0500] "GET /galeria/nivo-slider/themes/orman/orman.css HTTP/1.1" 200 2152
181.49.79.80 - - [27/Dec/2015:19:43:45 -0500] "GET /galeria/nivo-slider/nivo-slider.css HTTP/1.1" 200 1507
181.49.79.80 - - [27/Dec/2015:19:43:45 -0500] "GET /galeria/nivo-slider/themes/pascal/pascal.css HTTP/1.1" 200 2258
181.49.79.80 - - [27/Dec/2015:19:43:45 -0500] "GET /galeria/carrusel/Carrusel/jquery.thumbnailScroller.js HTTP/1.1" 200 8157
181.49.79.80 - - [27/Dec/2015:19:43:45 -0500] "GET /galeria/nivo-slider/demo/scripts/jquery-1.7.1.min.js HTTP/1.1" 200 93868
181.49.79.80 - - [27/Dec/2015:19:43:45 -0500] "GET /galeria/nivo-slider/jquery.nivo.slider.pack.js HTTP/1.1" 200 11561
181.49.79.80 - - [27/Dec/2015:19:43:45 -0500] "GET /galeria/nivo-slider/demo/images/ambientales.jpg HTTP/1.1" 200 397233
181.49.79.80 - - [27/Dec/2015:19:43:45 -0500] "GET /galeria/nivo-slider/demo/images/Programacion-navidena.jpg HTTP/1.1" 200 316038
181.49.79.80 - - [27/Dec/2015:19:43:46 -0500] "GET /galeria/nivo-slider/demo/images/4Simple_Slider.png HTTP/1.1" 200 11722
181.49.79.80 - - [27/Dec/2015:19:43:46 -0500] "GET /galeria/nivo-slider/themes/default/loading.gif HTTP/1.1" 200 1737
181.49.79.80 - - [27/Dec/2015:19:43:46 -0500] "GET /galeria/nivo-slider/demo/images/2Banner-encuestaSDA.jpg HTTP/1.1" 200 208228
181.49.79.80 - - [27/Dec/2015:19:43:52 -0500] "GET /galeria/nivo-slider/demo/images/ABC-Plan-de-contigencia.jpg HTTP/1.1" 200 401853
181.49.79.80 - - [27/Dec/2015:19:43:55 -0500] "GET /galeria/nivo-slider/demo/images/banner-llantas2015.jpg HTTP/1.1" 200 185615
181.49.79.80 - - [27/Dec/2015:19:44:00 -0500] "GET /galeria/nivo-slider/demo/images/caminata-ecologica.jpg HTTP/1.1" 200 161069
181.49.79.80 - - [27/Dec/2015:19:44:05 -0500] "GET /galeria/nivo-slider/demo/images/Banner-ahorro-de-agua.jpg HTTP/1.1" 200 149141
181.49.79.80 - - [27/Dec/2015:19:44:05 -0500] "GET /galeria/nivo-slider/demo/images/Cmapana-onestidad.jpg HTTP/1.1" 200 141638
66.249.64.238 - - [27/Dec/2015:19:44:24 -0500] "GET /galeria/nivo-slider/demo/images/aviso-cierre8nov.jpg HTTP/1.1" 200 64176
181.50.77.217 - - [27/Dec/2015:19:44:32 -0500] "POST /forms/lservlet;jsessionid=ac16012b30d7ee629dd079514031ab04b901dfb85966.e3iSbxaKaheRe38KbN0Rb34Mc3j0n6jAmljGr5XDqQLvpAe HTTP/1.1" 200 2
186.144.252.156 - - [27/Dec/2015:19:44:53 -0500] "POST /forms/lservlet;jsessionid=ac16012b30d76e656e15b82949d29f35abd43da72cb5.e3iSbxaKaheRe38KbN0Rb34Mc3j0n6jAmljGr5XDqQLvpAe HTTP/1.1" 200 2
181.49.79.80 - - [27/Dec/2015:19:44:55 -0500] "GET /BLA/resoluciones/RESOLUCIONES%202009/3957.pdf HTTP/1.1" 200 948979
181.49.79.80 - - [27/Dec/2015:19:44:55 -0500] "GET /favicon.ico HTTP/1.1" 200 7782
181.49.79.80 - - [27/Dec/2015:19:44:55 -0500] "GET /BLA/resoluciones/RESOLUCIONES%202009/3957.pdf HTTP/1.1" 206 32768
181.49.79.80 - - [27/Dec/2015:19:44:56 -0500] "GET /BLA/resoluciones/RESOLUCIONES%202009/3957.pdf HTTP/1.1" 206 916211
66.249.64.96 - - [27/Dec/2015:19:45:10 -0500] "GET /BLA/resoluciones/RESOLUCIONES%202008/4601.pdf HTTP/1.1" 200 553070
66.249.64.101 - - [27/Dec/2015:19:45:24 -0500] "GET /BLA/resoluciones/Notificaciones/AUTOS%202014/1915.doc HTTP/1.1" 200 224768
181.50.77.217 - - [27/Dec/2015:19:46:32 -0500] "POST /forms/lservlet;jsessionid=ac16012b30d7ee629dd079514031ab04b901dfb85966.e3iSbxaKaheRe38KbN0Rb34Mc3j0n6jAmljGr5XDqQLvpAe HTTP/1.1" 200 2
181.49.79.80 - - [27/Dec/2015:19:46:51 -0500] "GET /galeria/galeria/jquery.fancybox.css?v=2.1.5 HTTP/1.1" 304 -
181.49.79.80 - - [27/Dec/2015:19:46:51 -0500] "GET /BLA/boletinlegal/js/jquery.scrollShow.js HTTP/1.1" 304 -
181.49.79.80 - - [27/Dec/2015:19:46:51 -0500] "GET /galeria/galeria/jquery.fancybox.js?v=2.1.5 HTTP/1.1" 304 -
186.144.252.156 - - [27/Dec/2015:19:46:53 -0500] "POST /forms/lservlet;jsessionid=ac16012b30d76e656e15b82949d29f35abd43da72cb5.e3iSbxaKaheRe38KbN0Rb34Mc3j0n6jAmljGr5XDqQLvpAe HTTP/1.1" 200 2
69.162.124.233 - - [27/Dec/2015:19:47:11 -0500] "HEAD / HTTP/1.1" 200 -
