186.80.63.36 - - [27/Dec/2015:22:05:32 -0500] "GET /galeria/nivo-slider/nivo-slider.css HTTP/1.1" 200 1507
186.80.63.36 - - [27/Dec/2015:22:05:32 -0500] "GET /galeria/nivo-slider/demo/images/ambientales.jpg HTTP/1.1" 200 397233
186.80.63.36 - - [27/Dec/2015:22:05:32 -0500] "GET /galeria/nivo-slider/themes/default/default.css HTTP/1.1" 200 1569
186.80.63.36 - - [27/Dec/2015:22:05:32 -0500] "GET /galeria/nivo-slider/themes/pascal/pascal.css HTTP/1.1" 200 2258
186.80.63.36 - - [27/Dec/2015:22:05:32 -0500] "GET /galeria/nivo-slider/demo/style.css HTTP/1.1" 200 2222
186.80.63.36 - - [27/Dec/2015:22:05:32 -0500] "GET /galeria/nivo-slider/themes/orman/orman.css HTTP/1.1" 200 2152
186.80.63.36 - - [27/Dec/2015:22:05:32 -0500] "GET /galeria/nivo-slider/demo/scripts/jquery-1.7.1.min.js HTTP/1.1" 200 93868
186.80.63.36 - - [27/Dec/2015:22:05:32 -0500] "GET /galeria/nivo-slider/jquery.nivo.slider.pack.js HTTP/1.1" 200 11561
186.80.63.36 - - [27/Dec/2015:22:05:32 -0500] "GET /galeria/nivo-slider/demo/images/Programacion-navidena.jpg HTTP/1.1" 200 316038
186.80.63.36 - - [27/Dec/2015:22:05:32 -0500] "GET /galeria/nivo-slider/demo/images/2Banner-encuestaSDA.jpg HTTP/1.1" 200 208228
186.80.63.36 - - [27/Dec/2015:22:05:32 -0500] "GET /galeria/nivo-slider/demo/images/ABC-Plan-de-contigencia.jpg HTTP/1.1" 200 401853
186.80.63.36 - - [27/Dec/2015:22:05:32 -0500] "GET /galeria/nivo-slider/demo/images/banner-llantas2015.jpg HTTP/1.1" 200 185615
186.80.63.36 - - [27/Dec/2015:22:05:33 -0500] "GET /galeria/nivo-slider/demo/images/4Simple_Slider.png HTTP/1.1" 200 11722
186.80.63.36 - - [27/Dec/2015:22:05:34 -0500] "GET /galeria/nivo-slider/themes/default/loading.gif HTTP/1.1" 200 1737
186.80.63.36 - - [27/Dec/2015:22:05:34 -0500] "GET /galeria/nivo-slider/demo/images/Banner-ahorro-de-agua.jpg HTTP/1.1" 200 149141
186.80.63.36 - - [27/Dec/2015:22:05:34 -0500] "GET /galeria/nivo-slider/demo/images/caminata-ecologica.jpg HTTP/1.1" 200 161069
186.80.63.36 - - [27/Dec/2015:22:05:34 -0500] "GET /galeria/nivo-slider/demo/images/Cmapana-onestidad.jpg HTTP/1.1" 200 141638
186.80.63.36 - - [27/Dec/2015:22:05:34 -0500] "GET /galeria/nivo-slider/demo/images/PREDAcamp.jpg HTTP/1.1" 200 295358
186.80.63.36 - - [27/Dec/2015:22:05:36 -0500] "GET /galeria/nivo-slider/demo/images/banner-llantas2.jpg HTTP/1.1" 200 204644
186.80.63.36 - - [27/Dec/2015:22:05:36 -0500] "GET /galeria/nivo-slider/demo/images/9Signos.jpg HTTP/1.1" 200 81776
186.80.63.36 - - [27/Dec/2015:22:05:36 -0500] "GET /galeria/nivo-slider/demo/images/Ruta-vertimientos-01.jpg HTTP/1.1" 200 130151
186.80.63.36 - - [27/Dec/2015:22:05:36 -0500] "GET /galeria/nivo-slider/demo/images/bolsas-06.jpg HTTP/1.1" 200 90982
186.80.63.36 - - [27/Dec/2015:22:05:36 -0500] "GET /galeria/nivo-slider/demo/images/Conoce-los-humedales.jpg HTTP/1.1" 200 294036
186.80.63.36 - - [27/Dec/2015:22:05:36 -0500] "GET /galeria/nivo-slider/demo/images/ecolecta-Dic2014.png HTTP/1.1" 200 288593
190.156.36.147 - - [27/Dec/2015:22:05:38 -0500] "GET /BLA/boletinlegal/js/jquery.scrollShow.js HTTP/1.1" 304 -
190.156.36.147 - - [27/Dec/2015:22:05:38 -0500] "GET /galeria/galeria/jquery.fancybox.js?v=2.1.5 HTTP/1.1" 304 -
190.156.36.147 - - [27/Dec/2015:22:05:38 -0500] "GET /galeria/galeria/jquery.fancybox.css?v=2.1.5 HTTP/1.1" 304 -
190.156.36.147 - - [27/Dec/2015:22:05:39 -0500] "GET /BLA/boletinlegal/images/pdf.gif HTTP/1.1" 304 -
190.156.36.147 - - [27/Dec/2015:22:05:39 -0500] "GET /BLA/boletinlegal/images/video.png HTTP/1.1" 304 -
186.80.63.36 - - [27/Dec/2015:22:05:42 -0500] "GET /BLA/boletinlegal/js/jquery.scrollShow.js HTTP/1.1" 304 -
186.80.63.36 - - [27/Dec/2015:22:05:42 -0500] "GET /galeria/galeria/jquery.fancybox.js?v=2.1.5 HTTP/1.1" 304 -
186.80.63.36 - - [27/Dec/2015:22:05:42 -0500] "GET /galeria/galeria/jquery.fancybox.css?v=2.1.5 HTTP/1.1" 304 -
152.201.180.108 - - [27/Dec/2015:22:05:49 -0500] "GET /galeria/galeria/fotos/Soratama2G.jpg HTTP/1.1" 200 167638
152.201.180.108 - - [27/Dec/2015:22:05:53 -0500] "GET /galeria/galeria/fotos/Soratama3G.jpg HTTP/1.1" 200 159434
152.201.180.108 - - [27/Dec/2015:22:05:54 -0500] "GET /galeria/galeria/fotos/Soratama1G.jpg HTTP/1.1" 200 127762
181.59.159.9 - - [27/Dec/2015:22:06:17 -0500] "GET /BLA/boletinlegal/js/jquery.scrollShow.js HTTP/1.1" 200 4586
181.59.159.9 - - [27/Dec/2015:22:06:17 -0500] "GET /galeria/galeria/jquery.fancybox.css?v=2.1.5 HTTP/1.1" 200 4895
181.59.159.9 - - [27/Dec/2015:22:06:17 -0500] "GET /galeria/galeria/jquery.fancybox.js?v=2.1.5 HTTP/1.1" 200 48706
181.59.159.9 - - [27/Dec/2015:22:06:25 -0500] "GET /BLA/boletinlegal/js/jquery.scrollShow.js HTTP/1.1" 304 -
181.59.159.9 - - [27/Dec/2015:22:06:25 -0500] "GET /galeria/galeria/jquery.fancybox.js?v=2.1.5 HTTP/1.1" 304 -
181.59.159.9 - - [27/Dec/2015:22:06:25 -0500] "GET /galeria/galeria/jquery.fancybox.css?v=2.1.5 HTTP/1.1" 304 -
186.144.252.156 - - [27/Dec/2015:22:06:57 -0500] "POST /forms/lservlet;jsessionid=ac16012b30d76e656e15b82949d29f35abd43da72cb5.e3iSbxaKaheRe38KbN0Rb34Mc3j0n6jAmljGr5XDqQLvpAe HTTP/1.1" 200 2
66.249.64.106 - - [27/Dec/2015:22:07:10 -0500] "GET /BLA/resoluciones/AUTOS%202011/7374.pdf HTTP/1.1" 200 193700
69.162.124.233 - - [27/Dec/2015:22:07:11 -0500] "HEAD / HTTP/1.1" 200 -
66.249.64.106 - - [27/Dec/2015:22:07:12 -0500] "GET /BLA/resoluciones/RESOLUCIONES%202009/3447.pdf HTTP/1.1" 200 614493
181.50.77.217 - - [27/Dec/2015:22:07:27 -0500] "POST /forms/lservlet;jsessionid=ac16012b30d7ee629dd079514031ab04b901dfb85966.e3iSbxaKaheRe38KbN0Rb34Mc3j0n6jAmljGr5XDqQLvpAe HTTP/1.1" 200 2
62.210.248.185 - - [27/Dec/2015:22:07:41 -0500] "GET /galeria/galeria/jquery.fancybox.css?v=2.1.5 HTTP/1.1" 200 4895
200.118.145.208 - - [27/Dec/2015:22:07:55 -0500] "GET /BLA/boletinlegal/js/jquery.scrollShow.js HTTP/1.1" 200 4586
200.118.145.208 - - [27/Dec/2015:22:07:55 -0500] "GET /galeria/galeria/jquery.fancybox.js?v=2.1.5 HTTP/1.1" 200 48706
200.118.145.208 - - [27/Dec/2015:22:07:55 -0500] "GET /galeria/galeria/jquery.fancybox.css?v=2.1.5 HTTP/1.1" 200 4895
195.154.172.143 - - [27/Dec/2015:22:08:00 -0500] "GET /galeria/galeria/jquery.fancybox.css?v=2.1.5 HTTP/1.1" 200 4895
200.118.145.208 - - [27/Dec/2015:22:08:07 -0500] "GET /BLA/boletinlegal/js/jquery.scrollShow.js HTTP/1.1" 304 -
200.118.145.208 - - [27/Dec/2015:22:08:07 -0500] "GET /galeria/galeria/jquery.fancybox.css?v=2.1.5 HTTP/1.1" 304 -
200.118.145.208 - - [27/Dec/2015:22:08:07 -0500] "GET /galeria/galeria/jquery.fancybox.js?v=2.1.5 HTTP/1.1" 304 -
200.118.84.162 - - [27/Dec/2015:22:08:28 -0500] "GET /BLA/boletinlegal/js/jquery.scrollShow.js HTTP/1.1" 200 4586
200.118.84.162 - - [27/Dec/2015:22:08:28 -0500] "GET /galeria/galeria/jquery.fancybox.css?v=2.1.5 HTTP/1.1" 200 4895
200.118.84.162 - - [27/Dec/2015:22:08:28 -0500] "GET /galeria/galeria/jquery.fancybox.js?v=2.1.5 HTTP/1.1" 200 48706
200.118.84.162 - - [27/Dec/2015:22:08:33 -0500] "GET /BLA/boletinlegal/js/jquery.scrollShow.js HTTP/1.1" 304 -
200.118.84.162 - - [27/Dec/2015:22:08:33 -0500] "GET /galeria/galeria/jquery.fancybox.css?v=2.1.5 HTTP/1.1" 304 -
200.118.84.162 - - [27/Dec/2015:22:08:33 -0500] "GET /galeria/galeria/jquery.fancybox.js?v=2.1.5 HTTP/1.1" 304 -
46.229.164.99 - - [27/Dec/2015:22:08:50 -0500] "GET /robots.txt HTTP/1.1" 302 312
46.229.164.99 - - [27/Dec/2015:22:08:56 -0500] "GET /robots.txt HTTP/1.1" 301 334
186.144.252.156 - - [27/Dec/2015:22:08:57 -0500] "POST /forms/lservlet;jsessionid=ac16012b30d76e656e15b82949d29f35abd43da72cb5.e3iSbxaKaheRe38KbN0Rb34Mc3j0n6jAmljGr5XDqQLvpAe HTTP/1.1" 200 2
181.50.77.217 - - [27/Dec/2015:22:09:27 -0500] "POST /forms/lservlet;jsessionid=ac16012b30d7ee629dd079514031ab04b901dfb85966.e3iSbxaKaheRe38KbN0Rb34Mc3j0n6jAmljGr5XDqQLvpAe HTTP/1.1" 200 2
66.249.64.101 - - [27/Dec/2015:22:10:09 -0500] "GET /BLA/resoluciones/RESOLUCIONES%202011/0874.pdf HTTP/1.1" 200 293889
66.249.64.96 - - [27/Dec/2015:22:10:23 -0500] "GET /BLA/resoluciones/RESOLUCIONES%202010/2992.pdf HTTP/1.1" 200 3174926
186.144.252.156 - - [27/Dec/2015:22:10:57 -0500] "POST /forms/lservlet;jsessionid=ac16012b30d76e656e15b82949d29f35abd43da72cb5.e3iSbxaKaheRe38KbN0Rb34Mc3j0n6jAmljGr5XDqQLvpAe HTTP/1.1" 200 2
181.50.77.217 - - [27/Dec/2015:22:11:27 -0500] "POST /forms/lservlet;jsessionid=ac16012b30d7ee629dd079514031ab04b901dfb85966.e3iSbxaKaheRe38KbN0Rb34Mc3j0n6jAmljGr5XDqQLvpAe HTTP/1.1" 200 2
69.162.124.233 - - [27/Dec/2015:22:12:11 -0500] "HEAD / HTTP/1.1" 200 -
190.25.101.131 - - [27/Dec/2015:22:12:26 -0500] "GET /BLA/resoluciones/RESOLUCIONES%202007/RES%202007%203501%20AL%203600/RESOLUCION%203517%20DE%202007.pdf HTTP/1.1" 200 53512
190.25.101.131 - - [27/Dec/2015:22:12:26 -0500] "GET /favicon.ico HTTP/1.1" 200 7782
190.26.44.139 - - [27/Dec/2015:22:12:54 -0500] "GET /galeria/galeria/jquery.fancybox.css?v=2.1.5 HTTP/1.1" 304 -
190.26.44.139 - - [27/Dec/2015:22:12:54 -0500] "GET /BLA/boletinlegal/js/jquery.scrollShow.js HTTP/1.1" 304 -
190.26.44.139 - - [27/Dec/2015:22:12:54 -0500] "GET /galeria/galeria/jquery.fancybox.js?v=2.1.5 HTTP/1.1" 304 -
186.144.252.156 - - [27/Dec/2015:22:12:57 -0500] "POST /forms/lservlet;jsessionid=ac16012b30d76e656e15b82949d29f35abd43da72cb5.e3iSbxaKaheRe38KbN0Rb34Mc3j0n6jAmljGr5XDqQLvpAe HTTP/1.1" 200 2
66.249.64.106 - - [27/Dec/2015:22:13:06 -0500] "GET /BLA/resoluciones/RESOLUCIONES%202011/0863.pdf HTTP/1.1" 200 210321
181.135.213.21 - - [27/Dec/2015:22:13:12 -0500] "GET /galeria/galeria/jquery.fancybox.js?v=2.1.5 HTTP/1.1" 200 48706
181.135.213.21 - - [27/Dec/2015:22:13:12 -0500] "GET /galeria/galeria/jquery.fancybox.css?v=2.1.5 HTTP/1.1" 200 4895
181.135.213.21 - - [27/Dec/2015:22:13:12 -0500] "GET /galeria/carrusel/Carrusel/jquery.thumbnailScroller.css HTTP/1.1" 200 2066
181.135.213.21 - - [27/Dec/2015:22:13:12 -0500] "GET /BLA/boletinlegal/js/jquery.scrollShow.js HTTP/1.1" 200 4586
181.135.213.21 - - [27/Dec/2015:22:13:12 -0500] "GET /galeria/carrusel/Carrusel/jquery.thumbnailScroller.js HTTP/1.1" 200 8157
181.135.213.21 - - [27/Dec/2015:22:13:12 -0500] "GET /galeria/carrusel/Carrusel/jquery-ui-1.8.13.custom.min.js HTTP/1.1" 200 10800
181.135.213.21 - - [27/Dec/2015:22:13:15 -0500] "GET /galeria/nivo-slider/demo/demo.html HTTP/1.1" 200 4456
181.135.213.21 - - [27/Dec/2015:22:13:19 -0500] "GET /galeria/nivo-slider/nivo-slider.css HTTP/1.1" 200 1507
181.135.213.21 - - [27/Dec/2015:22:13:19 -0500] "GET /galeria/nivo-slider/themes/default/default.css HTTP/1.1" 200 1569
181.135.213.21 - - [27/Dec/2015:22:13:19 -0500] "GET /galeria/nivo-slider/themes/pascal/pascal.css HTTP/1.1" 200 2258
181.135.213.21 - - [27/Dec/2015:22:13:19 -0500] "GET /galeria/nivo-slider/demo/style.css HTTP/1.1" 200 2222
181.135.213.21 - - [27/Dec/2015:22:13:19 -0500] "GET /galeria/nivo-slider/themes/orman/orman.css HTTP/1.1" 200 2152
181.135.213.21 - - [27/Dec/2015:22:13:19 -0500] "GET /galeria/nivo-slider/demo/scripts/jquery-1.7.1.min.js HTTP/1.1" 200 93868
181.135.213.21 - - [27/Dec/2015:22:13:19 -0500] "GET /galeria/nivo-slider/jquery.nivo.slider.pack.js HTTP/1.1" 200 11561
181.135.213.21 - - [27/Dec/2015:22:13:19 -0500] "GET /galeria/nivo-slider/demo/images/ABC-Plan-de-contigencia.jpg HTTP/1.1" 200 401853
181.135.213.21 - - [27/Dec/2015:22:13:19 -0500] "GET /galeria/nivo-slider/demo/images/2Banner-encuestaSDA.jpg HTTP/1.1" 200 208228
181.135.213.21 - - [27/Dec/2015:22:13:19 -0500] "GET /galeria/nivo-slider/demo/images/ambientales.jpg HTTP/1.1" 200 397233
181.135.213.21 - - [27/Dec/2015:22:13:19 -0500] "GET /galeria/nivo-slider/demo/images/Programacion-navidena.jpg HTTP/1.1" 200 316038
181.135.213.21 - - [27/Dec/2015:22:13:20 -0500] "GET /galeria/nivo-slider/demo/images/banner-llantas2015.jpg HTTP/1.1" 200 185615
181.135.213.21 - - [27/Dec/2015:22:13:25 -0500] "GET /galeria/nivo-slider/demo/images/4Simple_Slider.png HTTP/1.1" 200 11722
181.135.213.21 - - [27/Dec/2015:22:13:25 -0500] "GET /galeria/nivo-slider/themes/default/loading.gif HTTP/1.1" 200 1737
181.50.77.217 - - [27/Dec/2015:22:13:28 -0500] "POST /forms/lservlet;jsessionid=ac16012b30d7ee629dd079514031ab04b901dfb85966.e3iSbxaKaheRe38KbN0Rb34Mc3j0n6jAmljGr5XDqQLvpAe HTTP/1.1" 200 2
181.135.213.21 - - [27/Dec/2015:22:13:29 -0500] "GET /galeria/galeria/jquery.fancybox.css?v=2.1.5 HTTP/1.1" 304 -
181.135.213.21 - - [27/Dec/2015:22:13:29 -0500] "GET /galeria/galeria/jquery.fancybox.js?v=2.1.5 HTTP/1.1" 304 -
181.135.213.21 - - [27/Dec/2015:22:13:29 -0500] "GET /galeria/nivo-slider/demo/images/Programacion-navidena.jpg HTTP/1.1" 200 316038
181.135.213.21 - - [27/Dec/2015:22:13:29 -0500] "GET /galeria/nivo-slider/demo/images/ambientales.jpg HTTP/1.1" 200 397233
181.135.213.21 - - [27/Dec/2015:22:13:29 -0500] "GET /galeria/nivo-slider/demo/images/2Banner-encuestaSDA.jpg HTTP/1.1" 200 208228
181.135.213.21 - - [27/Dec/2015:22:13:29 -0500] "GET /galeria/nivo-slider/demo/scripts/jquery-1.7.1.min.js HTTP/1.1" 200 93868
181.135.213.21 - - [27/Dec/2015:22:13:29 -0500] "GET /galeria/nivo-slider/demo/images/ABC-Plan-de-contigencia.jpg HTTP/1.1" 200 401853
181.135.213.21 - - [27/Dec/2015:22:13:29 -0500] "GET /galeria/nivo-slider/demo/images/banner-llantas2015.jpg HTTP/1.1" 200 185615
66.249.64.101 - - [27/Dec/2015:22:13:33 -0500] "GET /BLA/resoluciones/RESOLUCIONES%202008/4203.pdf HTTP/1.1" 200 202631
181.135.213.21 - - [27/Dec/2015:22:13:33 -0500] "GET /galeria/galeria/jquery.fancybox.js?v=2.1.5 HTTP/1.1" 304 -
181.135.213.21 - - [27/Dec/2015:22:13:33 -0500] "GET /galeria/galeria/jquery.fancybox.css?v=2.1.5 HTTP/1.1" 304 -
201.216.12.18 - - [27/Dec/2015:22:13:41 -0500] "GET /galeria/galeria/jquery.fancybox.css?v=2.1.5 HTTP/1.1" 304 -
201.216.12.18 - - [27/Dec/2015:22:13:41 -0500] "GET /BLA/boletinlegal/js/jquery.scrollShow.js HTTP/1.1" 304 -
201.216.12.18 - - [27/Dec/2015:22:13:41 -0500] "GET /galeria/galeria/jquery.fancybox.js?v=2.1.5 HTTP/1.1" 304 -
180.76.15.158 - - [27/Dec/2015:22:14:27 -0500] "GET / HTTP/1.1" 301 324
181.135.213.21 - - [27/Dec/2015:22:14:27 -0500] "GET /galeria/nivo-slider/demo/images/ABC-Plan-de-contigencia.jpg HTTP/1.1" 200 401853
181.135.213.21 - - [27/Dec/2015:22:14:27 -0500] "GET /galeria/nivo-slider/demo/images/Programacion-navidena.jpg HTTP/1.1" 200 316038
181.135.213.21 - - [27/Dec/2015:22:14:27 -0500] "GET /galeria/nivo-slider/demo/images/caminata-ecologica.jpg HTTP/1.1" 200 161069
181.135.213.21 - - [27/Dec/2015:22:14:27 -0500] "GET /galeria/nivo-slider/demo/images/2Banner-encuestaSDA.jpg HTTP/1.1" 200 208228
181.135.213.21 - - [27/Dec/2015:22:14:27 -0500] "GET /galeria/nivo-slider/demo/images/ambientales.jpg HTTP/1.1" 200 397233
181.135.213.21 - - [27/Dec/2015:22:14:27 -0500] "GET /galeria/nivo-slider/demo/images/banner-llantas2015.jpg HTTP/1.1" 200 185615
180.76.15.18 - - [27/Dec/2015:22:14:33 -0500] "GET / HTTP/1.1" 301 324
181.135.213.21 - - [27/Dec/2015:22:14:38 -0500] "GET /galeria/galeria/jquery.fancybox.css?v=2.1.5 HTTP/1.1" 304 -
181.135.213.21 - - [27/Dec/2015:22:14:38 -0500] "GET /galeria/galeria/jquery.fancybox.js?v=2.1.5 HTTP/1.1" 304 -
186.113.224.131 - - [27/Dec/2015:22:14:50 -0500] "GET /BLA/boletinlegal/js/jquery.scrollShow.js HTTP/1.1" 200 4586
186.113.224.131 - - [27/Dec/2015:22:14:50 -0500] "GET /galeria/galeria/jquery.fancybox.js?v=2.1.5 HTTP/1.1" 200 48706
186.113.224.131 - - [27/Dec/2015:22:14:50 -0500] "GET /galeria/galeria/jquery.fancybox.css?v=2.1.5 HTTP/1.1" 200 4895
181.135.213.21 - - [27/Dec/2015:22:14:52 -0500] "GET /galeria/galeria/jquery.fancybox.js?v=2.1.5 HTTP/1.1" 304 -
181.135.213.21 - - [27/Dec/2015:22:14:52 -0500] "GET /galeria/galeria/jquery.fancybox.css?v=2.1.5 HTTP/1.1" 304 -
186.113.224.131 - - [27/Dec/2015:22:14:56 -0500] "GET /BLA/boletinlegal/js/jquery.scrollShow.js HTTP/1.1" 304 -
186.113.224.131 - - [27/Dec/2015:22:14:56 -0500] "GET /galeria/galeria/jquery.fancybox.js?v=2.1.5 HTTP/1.1" 304 -
186.113.224.131 - - [27/Dec/2015:22:14:56 -0500] "GET /galeria/galeria/jquery.fancybox.css?v=2.1.5 HTTP/1.1" 304 -
186.113.224.131 - - [27/Dec/2015:22:14:56 -0500] "GET /BLA/boletinlegal/js/jquery.scrollShow.js HTTP/1.1" 304 -
186.113.224.131 - - [27/Dec/2015:22:14:57 -0500] "GET /galeria/galeria/jquery.fancybox.js?v=2.1.5 HTTP/1.1" 304 -
186.113.224.131 - - [27/Dec/2015:22:14:57 -0500] "GET /galeria/galeria/jquery.fancybox.css?v=2.1.5 HTTP/1.1" 304 -
186.144.252.156 - - [27/Dec/2015:22:14:57 -0500] "POST /forms/lservlet;jsessionid=ac16012b30d76e656e15b82949d29f35abd43da72cb5.e3iSbxaKaheRe38KbN0Rb34Mc3j0n6jAmljGr5XDqQLvpAe HTTP/1.1" 200 2
181.50.77.217 - - [27/Dec/2015:22:15:28 -0500] "POST /forms/lservlet;jsessionid=ac16012b30d7ee629dd079514031ab04b901dfb85966.e3iSbxaKaheRe38KbN0Rb34Mc3j0n6jAmljGr5XDqQLvpAe HTTP/1.1" 200 2
186.113.224.131 - - [27/Dec/2015:22:15:58 -0500] "GET /galeria/galeria/fancybox_loading.gif HTTP/1.1" 200 6567
186.113.224.131 - - [27/Dec/2015:22:15:58 -0500] "GET /galeria/galeria/fancybox_overlay.png HTTP/1.1" 200 1003
186.113.224.131 - - [27/Dec/2015:22:15:58 -0500] "GET /galeria/galeria/fancybox_sprite.png HTTP/1.1" 200 1362
186.113.224.131 - - [27/Dec/2015:22:15:58 -0500] "GET /galeria/galeria/fotos/8.jpg HTTP/1.1" 200 229056
66.249.64.96 - - [27/Dec/2015:22:16:04 -0500] "GET /BLA/resoluciones/RESOLUCIONES%202009/6512.pdf HTTP/1.1" 200 430247
40.117.237.201 - - [27/Dec/2015:22:16:27 -0500] "HEAD / HTTP/1.1" 301 -
66.249.64.96 - - [27/Dec/2015:22:16:43 -0500] "GET /BLA/resoluciones/RESOLUCIONES%202014/1414.pdf HTTP/1.1" 200 543605
186.144.252.156 - - [27/Dec/2015:22:16:57 -0500] "POST /forms/lservlet;jsessionid=ac16012b30d76e656e15b82949d29f35abd43da72cb5.e3iSbxaKaheRe38KbN0Rb34Mc3j0n6jAmljGr5XDqQLvpAe HTTP/1.1" 200 2
181.60.200.199 - - [27/Dec/2015:22:17:01 -0500] "GET /galeria/galeria/fotos/Humedal-Santa-Mar%C3%ADa-del-Lago4G.jpg HTTP/1.1" 200 361652
181.60.200.199 - - [27/Dec/2015:22:17:05 -0500] "GET /galeria/galeria/fotos/Humedal-Santa-Mar%C3%ADa-del-Lago1G.jpg HTTP/1.1" 200 290867
69.162.124.233 - - [27/Dec/2015:22:17:11 -0500] "HEAD / HTTP/1.1" 200 -
181.50.77.217 - - [27/Dec/2015:22:17:34 -0500] "POST /forms/lservlet;jsessionid=ac16012b30d7ee629dd079514031ab04b901dfb85966.e3iSbxaKaheRe38KbN0Rb34Mc3j0n6jAmljGr5XDqQLvpAe HTTP/1.1" 200 2
186.113.224.131 - - [27/Dec/2015:22:17:57 -0500] "GET /galeria/galeria/fotos/9.jpg HTTP/1.1" 200 206239
181.67.211.200 - - [27/Dec/2015:22:18:34 -0500] "GET /galeria/galeria/jquery.fancybox.css?v=2.1.5 HTTP/1.1" 200 4895
181.67.211.200 - - [27/Dec/2015:22:18:34 -0500] "GET /BLA/boletinlegal/js/jquery.scrollShow.js HTTP/1.1" 200 4586
181.67.211.200 - - [27/Dec/2015:22:18:34 -0500] "GET /galeria/galeria/jquery.fancybox.js?v=2.1.5 HTTP/1.1" 200 48706
186.147.40.114 - - [27/Dec/2015:22:18:51 -0500] "GET /galeria/galeria/jquery.fancybox.css?v=2.1.5 HTTP/1.1" 200 4895
186.147.40.114 - - [27/Dec/2015:22:18:51 -0500] "GET /BLA/boletinlegal/js/jquery.scrollShow.js HTTP/1.1" 200 4586
186.147.40.114 - - [27/Dec/2015:22:18:51 -0500] "GET /galeria/carrusel/Carrusel/jquery.thumbnailScroller.css HTTP/1.1" 200 2066
186.147.40.114 - - [27/Dec/2015:22:18:51 -0500] "GET /galeria/galeria/jquery.fancybox.js?v=2.1.5 HTTP/1.1" 200 48706
186.147.40.114 - - [27/Dec/2015:22:18:51 -0500] "GET /galeria/carrusel/Carrusel/jquery-ui-1.8.13.custom.min.js HTTP/1.1" 200 10800
186.147.40.114 - - [27/Dec/2015:22:18:51 -0500] "GET /galeria/carrusel/Carrusel/jquery.thumbnailScroller.js HTTP/1.1" 200 8157
186.147.40.114 - - [27/Dec/2015:22:18:53 -0500] "GET /galeria/nivo-slider/demo/demo.html HTTP/1.1" 200 4456
186.147.40.114 - - [27/Dec/2015:22:18:53 -0500] "GET /galeria/nivo-slider/themes/default/default.css HTTP/1.1" 200 1569
186.147.40.114 - - [27/Dec/2015:22:18:53 -0500] "GET /galeria/nivo-slider/themes/pascal/pascal.css HTTP/1.1" 200 2258
186.147.40.114 - - [27/Dec/2015:22:18:53 -0500] "GET /galeria/nivo-slider/themes/orman/orman.css HTTP/1.1" 200 2152
186.147.40.114 - - [27/Dec/2015:22:18:53 -0500] "GET /galeria/nivo-slider/nivo-slider.css HTTP/1.1" 200 1507
186.147.40.114 - - [27/Dec/2015:22:18:53 -0500] "GET /galeria/nivo-slider/demo/style.css HTTP/1.1" 200 2222
186.147.40.114 - - [27/Dec/2015:22:18:53 -0500] "GET /galeria/nivo-slider/demo/scripts/jquery-1.7.1.min.js HTTP/1.1" 200 93868
186.147.40.114 - - [27/Dec/2015:22:18:53 -0500] "GET /galeria/nivo-slider/jquery.nivo.slider.pack.js HTTP/1.1" 200 11561
186.147.40.114 - - [27/Dec/2015:22:18:54 -0500] "GET /galeria/nivo-slider/demo/images/4Simple_Slider.png HTTP/1.1" 200 11722
186.147.40.114 - - [27/Dec/2015:22:18:54 -0500] "GET /galeria/nivo-slider/themes/default/loading.gif HTTP/1.1" 200 1737
186.147.40.114 - - [27/Dec/2015:22:18:54 -0500] "GET /galeria/nivo-slider/demo/images/ambientales.jpg HTTP/1.1" 200 397233
186.147.40.114 - - [27/Dec/2015:22:18:54 -0500] "GET /galeria/nivo-slider/demo/images/ABC-Plan-de-contigencia.jpg HTTP/1.1" 200 401853
186.147.40.114 - - [27/Dec/2015:22:18:54 -0500] "GET /galeria/nivo-slider/demo/images/2Banner-encuestaSDA.jpg HTTP/1.1" 200 208228
186.147.40.114 - - [27/Dec/2015:22:18:54 -0500] "GET /galeria/nivo-slider/demo/images/Programacion-navidena.jpg HTTP/1.1" 200 316038
186.147.40.114 - - [27/Dec/2015:22:18:57 -0500] "GET /galeria/nivo-slider/demo/images/banner-llantas2015.jpg HTTP/1.1" 200 185615
186.147.40.114 - - [27/Dec/2015:22:18:57 -0500] "GET /galeria/nivo-slider/demo/images/caminata-ecologica.jpg HTTP/1.1" 200 161069
186.147.40.114 - - [27/Dec/2015:22:18:57 -0500] "GET /galeria/nivo-slider/demo/images/Banner-ahorro-de-agua.jpg HTTP/1.1" 200 149141
186.144.252.156 - - [27/Dec/2015:22:18:58 -0500] "POST /forms/lservlet;jsessionid=ac16012b30d76e656e15b82949d29f35abd43da72cb5.e3iSbxaKaheRe38KbN0Rb34Mc3j0n6jAmljGr5XDqQLvpAe HTTP/1.1" 200 2
186.147.40.114 - - [27/Dec/2015:22:18:58 -0500] "GET /galeria/nivo-slider/demo/images/Cmapana-onestidad.jpg HTTP/1.1" 200 141638
186.147.40.114 - - [27/Dec/2015:22:18:58 -0500] "GET /galeria/nivo-slider/demo/images/PREDAcamp.jpg HTTP/1.1" 200 295358
186.147.40.114 - - [27/Dec/2015:22:18:58 -0500] "GET /galeria/nivo-slider/demo/images/banner-llantas2.jpg HTTP/1.1" 200 204644
186.147.40.114 - - [27/Dec/2015:22:18:58 -0500] "GET /galeria/nivo-slider/demo/images/9Signos.jpg HTTP/1.1" 200 81776
186.147.40.114 - - [27/Dec/2015:22:18:58 -0500] "GET /galeria/nivo-slider/demo/images/Ruta-vertimientos-01.jpg HTTP/1.1" 200 130151
186.147.40.114 - - [27/Dec/2015:22:18:59 -0500] "GET /galeria/nivo-slider/demo/images/bolsas-06.jpg HTTP/1.1" 200 90982
186.147.40.114 - - [27/Dec/2015:22:18:59 -0500] "GET /galeria/nivo-slider/demo/images/Conoce-los-humedales.jpg HTTP/1.1" 200 294036
186.147.40.114 - - [27/Dec/2015:22:18:59 -0500] "GET /galeria/nivo-slider/demo/images/ecolecta-Dic2014.png HTTP/1.1" 200 288593
66.249.64.101 - - [27/Dec/2015:22:19:00 -0500] "GET /BLA/resoluciones/RESOLUCIONES%202013/0070.pdf HTTP/1.1" 200 711932
186.147.40.114 - - [27/Dec/2015:22:19:02 -0500] "GET /galeria/nivo-slider/themes/default/arrows.png HTTP/1.1" 200 824
186.147.40.114 - - [27/Dec/2015:22:19:02 -0500] "GET /galeria/nivo-slider/themes/default/bullets.png HTTP/1.1" 200 1281
181.135.213.21 - - [27/Dec/2015:22:19:15 -0500] "GET /galeria/galeria/jquery.fancybox.css?v=2.1.5 HTTP/1.1" 304 -
181.135.213.21 - - [27/Dec/2015:22:19:15 -0500] "GET /galeria/galeria/jquery.fancybox.js?v=2.1.5 HTTP/1.1" 304 -
181.135.213.21 - - [27/Dec/2015:22:19:15 -0500] "GET /galeria/galeria/fotos/Movilizacion12P.jpg HTTP/1.1" 200 9230
181.135.213.21 - - [27/Dec/2015:22:19:15 -0500] "GET /galeria/galeria/fotos/Movilizacion2P.jpg HTTP/1.1" 200 8550
181.135.213.21 - - [27/Dec/2015:22:19:15 -0500] "GET /galeria/galeria/fotos/Movilizacion6P.jpg HTTP/1.1" 200 9026
181.135.213.21 - - [27/Dec/2015:22:19:15 -0500] "GET /galeria/galeria/fotos/Movilizacion5P.jpg HTTP/1.1" 200 8859
181.135.213.21 - - [27/Dec/2015:22:19:15 -0500] "GET /galeria/galeria/fotos/Movilizacion7P.jpg HTTP/1.1" 200 8214
181.135.213.21 - - [27/Dec/2015:22:19:15 -0500] "GET /galeria/galeria/fotos/Movilizacion4P.jpg HTTP/1.1" 200 8828
181.135.213.21 - - [27/Dec/2015:22:19:15 -0500] "GET /galeria/galeria/fotos/Movilizacion8P.jpg HTTP/1.1" 200 8171
181.135.213.21 - - [27/Dec/2015:22:19:15 -0500] "GET /galeria/galeria/fotos/Movilizacion9P.jpg HTTP/1.1" 200 7086
181.135.213.21 - - [27/Dec/2015:22:19:15 -0500] "GET /galeria/galeria/fotos/Movilizacion13P.jpg HTTP/1.1" 200 8760
181.135.213.21 - - [27/Dec/2015:22:19:15 -0500] "GET /galeria/galeria/fotos/Movilizacion11P.jpg HTTP/1.1" 200 9318
181.135.213.21 - - [27/Dec/2015:22:19:15 -0500] "GET /galeria/galeria/fotos/Movilizacion10P.jpg HTTP/1.1" 200 8536
181.135.213.21 - - [27/Dec/2015:22:19:15 -0500] "GET /galeria/galeria/fotos/Movilizacion14P.jpg HTTP/1.1" 200 9394
181.135.213.21 - - [27/Dec/2015:22:19:15 -0500] "GET /galeria/galeria/fotos/Movilizacio-por-el-agua1P.jpg HTTP/1.1" 200 7549
181.135.213.21 - - [27/Dec/2015:22:19:15 -0500] "GET /galeria/galeria/fotos/Movilizacio-por-el-agua2P.jpg HTTP/1.1" 200 8044
181.135.213.21 - - [27/Dec/2015:22:19:15 -0500] "GET /galeria/galeria/fotos/Movilizacio-por-el-agua3P.jpg HTTP/1.1" 200 8058
181.135.213.21 - - [27/Dec/2015:22:19:15 -0500] "GET /galeria/galeria/fotos/Movilizacio-por-el-agua4P.jpg HTTP/1.1" 200 10828
181.135.213.21 - - [27/Dec/2015:22:19:15 -0500] "GET /galeria/galeria/fotos/Caminando-la-tierra1P.jpg HTTP/1.1" 200 10414
181.135.213.21 - - [27/Dec/2015:22:19:15 -0500] "GET /galeria/galeria/fotos/Movilizacio-por-el-agua5P.jpg HTTP/1.1" 200 11066
181.135.213.21 - - [27/Dec/2015:22:19:15 -0500] "GET /galeria/galeria/fotos/Caminando-la-tierra2P.jpg HTTP/1.1" 200 9994
181.135.213.21 - - [27/Dec/2015:22:19:15 -0500] "GET /galeria/galeria/fotos/Caminando-la-tierra3P.jpg HTTP/1.1" 200 10203
181.135.213.21 - - [27/Dec/2015:22:19:15 -0500] "GET /galeria/galeria/fotos/Caminando-la-tierra4P.jpg HTTP/1.1" 200 10853
181.135.213.21 - - [27/Dec/2015:22:19:15 -0500] "GET /galeria/galeria/fotos/Caminando-la-tierra5P.jpg HTTP/1.1" 200 11967
181.135.213.21 - - [27/Dec/2015:22:19:15 -0500] "GET /galeria/galeria/fotos/Encuentro-de-Movimientos6P.jpg HTTP/1.1" 200 8320
181.135.213.21 - - [27/Dec/2015:22:19:15 -0500] "GET /galeria/galeria/fotos/Encuentro-de-Movimientos7P.jpg HTTP/1.1" 200 11052
181.135.213.21 - - [27/Dec/2015:22:19:15 -0500] "GET /galeria/galeria/fotos/Encuentro-de-Movimientos8P.jpg HTTP/1.1" 200 11333
181.135.213.21 - - [27/Dec/2015:22:19:15 -0500] "GET /galeria/galeria/fotos/Encuentro-de-Movimientos10P.jpg HTTP/1.1" 200 11491
181.135.213.21 - - [27/Dec/2015:22:19:15 -0500] "GET /galeria/galeria/fotos/Encuentro-de-Movimientos9P.jpg HTTP/1.1" 200 12419
181.135.213.21 - - [27/Dec/2015:22:19:15 -0500] "GET /galeria/galeria/fotos/Encuentro-de-Movimientos11P.jpg HTTP/1.1" 200 10157
181.135.213.21 - - [27/Dec/2015:22:19:15 -0500] "GET /galeria/galeria/fotos/Encuentro-de-Movimientos12P.jpg HTTP/1.1" 200 11262
181.135.213.21 - - [27/Dec/2015:22:19:15 -0500] "GET /galeria/galeria/fotos/Encuentro-de-Movimientos13P.jpg HTTP/1.1" 200 10757
181.135.213.21 - - [27/Dec/2015:22:19:15 -0500] "GET /galeria/galeria/fotos/Encuentro-de-Movimientos14P.jpg HTTP/1.1" 200 10359
181.135.213.21 - - [27/Dec/2015:22:19:15 -0500] "GET /galeria/galeria/fotos/Encuentro-de-Movimientos-sociales1P.jpg HTTP/1.1" 200 10577
181.135.213.21 - - [27/Dec/2015:22:19:16 -0500] "GET /galeria/galeria/fotos/Encuentro-de-Movimientos-sociales2P.jpg HTTP/1.1" 200 11104
181.135.213.21 - - [27/Dec/2015:22:19:16 -0500] "GET /galeria/galeria/fotos/Encuentro-de-Movimientos-sociales4P.jpg HTTP/1.1" 200 10754
181.135.213.21 - - [27/Dec/2015:22:19:16 -0500] "GET /galeria/galeria/fotos/Encuentro-de-Movimientos-sociales3P.jpg HTTP/1.1" 200 9964
181.135.213.21 - - [27/Dec/2015:22:19:16 -0500] "GET /galeria/galeria/fotos/Encuentro-de-Movimientos-sociales5P.jpg HTTP/1.1" 200 10619
181.135.213.21 - - [27/Dec/2015:22:19:16 -0500] "GET /galeria/galeria/fotos/Encuentro-de-Movimientos-sociales6P.jpg HTTP/1.1" 200 9873
181.50.77.217 - - [27/Dec/2015:22:19:35 -0500] "POST /forms/lservlet;jsessionid=ac16012b30d7ee629dd079514031ab04b901dfb85966.e3iSbxaKaheRe38KbN0Rb34Mc3j0n6jAmljGr5XDqQLvpAe HTTP/1.1" 200 2
66.249.64.243 - - [27/Dec/2015:22:19:43 -0500] "GET /BLA/boletinlegal/jurisprudencia/analisis/analisis%20sentencia%20C%20401%20de%202010.doc HTTP/1.1" 304 -
66.249.64.96 - - [27/Dec/2015:22:19:49 -0500] "GET /BLA/resoluciones/RESOLUCIONES%202010/4341.pdf HTTP/1.1" 200 497605
186.113.224.131 - - [27/Dec/2015:22:20:36 -0500] "GET /galeria/galeria/fotos/18.jpg HTTP/1.1" 200 279741
181.135.213.21 - - [27/Dec/2015:22:20:36 -0500] "GET /galeria/galeria/jquery.fancybox.js?v=2.1.5 HTTP/1.1" 304 -
181.135.213.21 - - [27/Dec/2015:22:20:36 -0500] "GET /galeria/galeria/jquery.fancybox.css?v=2.1.5 HTTP/1.1" 304 -
186.144.252.156 - - [27/Dec/2015:22:20:58 -0500] "POST /forms/lservlet;jsessionid=ac16012b30d76e656e15b82949d29f35abd43da72cb5.e3iSbxaKaheRe38KbN0Rb34Mc3j0n6jAmljGr5XDqQLvpAe HTTP/1.1" 200 2
186.113.224.131 - - [27/Dec/2015:22:21:23 -0500] "GET /galeria/galeria/fotos/7.jpg HTTP/1.1" 200 190908
181.50.77.217 - - [27/Dec/2015:22:21:35 -0500] "POST /forms/lservlet;jsessionid=ac16012b30d7ee629dd079514031ab04b901dfb85966.e3iSbxaKaheRe38KbN0Rb34Mc3j0n6jAmljGr5XDqQLvpAe HTTP/1.1" 200 2
186.155.114.243 - - [27/Dec/2015:22:21:36 -0500] "-" 408 -
186.155.114.243 - - [27/Dec/2015:22:21:36 -0500] "-" 408 -
186.155.114.243 - - [27/Dec/2015:22:21:36 -0500] "-" 408 -
181.60.200.199 - - [27/Dec/2015:22:21:43 -0500] "GET /galeria/galeria/fotos/1humedal-Burro1G.jpg HTTP/1.1" 200 132804
181.60.200.199 - - [27/Dec/2015:22:21:47 -0500] "GET /galeria/galeria/fotos/humedal-Burro4G.jpg HTTP/1.1" 200 436973
66.249.64.101 - - [27/Dec/2015:22:21:59 -0500] "GET /BLA/resoluciones/RESOLUCIONES%202010/7207.pdf HTTP/1.1" 200 998588
69.162.124.233 - - [27/Dec/2015:22:22:11 -0500] "HEAD / HTTP/1.1" 200 -
66.249.64.238 - - [27/Dec/2015:22:22:43 -0500] "GET /Autoliquidacion/ HTTP/1.1" 200 6375
186.144.252.156 - - [27/Dec/2015:22:22:58 -0500] "POST /forms/lservlet;jsessionid=ac16012b30d76e656e15b82949d29f35abd43da72cb5.e3iSbxaKaheRe38KbN0Rb34Mc3j0n6jAmljGr5XDqQLvpAe HTTP/1.1" 200 2
181.50.77.217 - - [27/Dec/2015:22:23:35 -0500] "POST /forms/lservlet;jsessionid=ac16012b30d7ee629dd079514031ab04b901dfb85966.e3iSbxaKaheRe38KbN0Rb34Mc3j0n6jAmljGr5XDqQLvpAe HTTP/1.1" 200 2
66.249.64.248 - - [27/Dec/2015:22:24:17 -0500] "GET /galeria/nivo-slider/demo/images/Banner-resilencia.jpg HTTP/1.1" 200 83388
66.249.64.101 - - [27/Dec/2015:22:24:56 -0500] "GET /BLA/resoluciones/RESOLUCIONES%202011/5916.pdf HTTP/1.1" 200 184831
186.144.252.156 - - [27/Dec/2015:22:24:58 -0500] "POST /forms/lservlet;jsessionid=ac16012b30d76e656e15b82949d29f35abd43da72cb5.e3iSbxaKaheRe38KbN0Rb34Mc3j0n6jAmljGr5XDqQLvpAe HTTP/1.1" 200 2
186.145.44.65 - - [27/Dec/2015:22:25:19 -0500] "GET /BLA/boletinlegal/js/jquery.scrollShow.js HTTP/1.1" 200 4586
186.145.44.65 - - [27/Dec/2015:22:25:19 -0500] "GET /galeria/galeria/jquery.fancybox.js?v=2.1.5 HTTP/1.1" 200 48706
186.145.44.65 - - [27/Dec/2015:22:25:20 -0500] "GET /galeria/galeria/jquery.fancybox.css?v=2.1.5 HTTP/1.1" 200 4895
181.50.77.217 - - [27/Dec/2015:22:25:35 -0500] "POST /forms/lservlet;jsessionid=ac16012b30d7ee629dd079514031ab04b901dfb85966.e3iSbxaKaheRe38KbN0Rb34Mc3j0n6jAmljGr5XDqQLvpAe HTTP/1.1" 200 2
66.249.64.106 - - [27/Dec/2015:22:25:43 -0500] "GET /BLA/resoluciones/RESOLUCIONES%202007/RES%202007%204101%20AL%204200/RESOLUCION%204140%20DE%202007.pdf HTTP/1.1" 200 735991
181.135.138.73 - - [27/Dec/2015:22:25:51 -0500] "GET /galeria/galeria/jquery.fancybox.js?v=2.1.5 HTTP/1.1" 200 48706
181.135.138.73 - - [27/Dec/2015:22:25:52 -0500] "GET /galeria/galeria/jquery.fancybox.css?v=2.1.5 HTTP/1.1" 200 4895
181.135.138.73 - - [27/Dec/2015:22:25:52 -0500] "GET /BLA/boletinlegal/js/jquery.scrollShow.js HTTP/1.1" 200 4586
186.145.44.65 - - [27/Dec/2015:22:26:24 -0500] "GET /galeria/galeria/jquery.fancybox.css?v=2.1.5 HTTP/1.1" 304 -
186.145.44.65 - - [27/Dec/2015:22:26:24 -0500] "GET /BLA/boletinlegal/js/jquery.scrollShow.js HTTP/1.1" 304 -
186.145.44.65 - - [27/Dec/2015:22:26:24 -0500] "GET /galeria/galeria/jquery.fancybox.js?v=2.1.5 HTTP/1.1" 304 -
186.144.252.156 - - [27/Dec/2015:22:26:58 -0500] "POST /forms/lservlet;jsessionid=ac16012b30d76e656e15b82949d29f35abd43da72cb5.e3iSbxaKaheRe38KbN0Rb34Mc3j0n6jAmljGr5XDqQLvpAe HTTP/1.1" 200 2
69.162.124.233 - - [27/Dec/2015:22:27:11 -0500] "HEAD / HTTP/1.1" 200 -
181.50.77.217 - - [27/Dec/2015:22:27:36 -0500] "POST /forms/lservlet;jsessionid=ac16012b30d7ee629dd079514031ab04b901dfb85966.e3iSbxaKaheRe38KbN0Rb34Mc3j0n6jAmljGr5XDqQLvpAe HTTP/1.1" 200 2
66.249.64.96 - - [27/Dec/2015:22:27:52 -0500] "GET /BLA/resoluciones/RESOLUCIONES%202007/RES%202007%201201%20AL%201300/RESOLUCION%201248%20DE%202007.pdf HTTP/1.1" 200 978304
186.144.252.156 - - [27/Dec/2015:22:28:58 -0500] "POST /forms/lservlet;jsessionid=ac16012b30d76e656e15b82949d29f35abd43da72cb5.e3iSbxaKaheRe38KbN0Rb34Mc3j0n6jAmljGr5XDqQLvpAe HTTP/1.1" 200 2
181.50.77.217 - - [27/Dec/2015:22:29:36 -0500] "POST /forms/lservlet;jsessionid=ac16012b30d7ee629dd079514031ab04b901dfb85966.e3iSbxaKaheRe38KbN0Rb34Mc3j0n6jAmljGr5XDqQLvpAe HTTP/1.1" 200 2
66.249.64.101 - - [27/Dec/2015:22:30:51 -0500] "GET /BLA/resoluciones/RESOLUCIONES%202011/4607.pdf HTTP/1.1" 200 554443
186.144.252.156 - - [27/Dec/2015:22:30:58 -0500] "POST /forms/lservlet;jsessionid=ac16012b30d76e656e15b82949d29f35abd43da72cb5.e3iSbxaKaheRe38KbN0Rb34Mc3j0n6jAmljGr5XDqQLvpAe HTTP/1.1" 200 2
186.147.124.102 - - [27/Dec/2015:22:31:09 -0500] "GET /galeria/galeria/jquery.fancybox.js?v=2.1.5 HTTP/1.1" 200 48706
186.147.124.102 - - [27/Dec/2015:22:31:09 -0500] "GET /galeria/galeria/jquery.fancybox.css?v=2.1.5 HTTP/1.1" 200 4895
186.147.124.102 - - [27/Dec/2015:22:31:09 -0500] "GET /BLA/boletinlegal/js/jquery.scrollShow.js HTTP/1.1" 200 4586
181.50.77.217 - - [27/Dec/2015:22:31:36 -0500] "POST /forms/lservlet;jsessionid=ac16012b30d7ee629dd079514031ab04b901dfb85966.e3iSbxaKaheRe38KbN0Rb34Mc3j0n6jAmljGr5XDqQLvpAe HTTP/1.1" 200 2
66.249.64.238 - - [27/Dec/2015:22:31:53 -0500] "GET /BLA/boletinlegal/Circulares/2010/Circular%2002%20de%2025%20de%20febrero%20de%202010.pdf HTTP/1.1" 200 233254
69.162.124.233 - - [27/Dec/2015:22:32:11 -0500] "HEAD / HTTP/1.1" 200 -
186.113.10.143 - - [27/Dec/2015:22:32:49 -0500] "GET /galeria/nivo-slider/demo/images/caminata-ecologica.jpg HTTP/1.1" 304 -
186.144.252.156 - - [27/Dec/2015:22:32:58 -0500] "POST /forms/lservlet;jsessionid=ac16012b30d76e656e15b82949d29f35abd43da72cb5.e3iSbxaKaheRe38KbN0Rb34Mc3j0n6jAmljGr5XDqQLvpAe HTTP/1.1" 200 2
181.50.77.217 - - [27/Dec/2015:22:33:36 -0500] "POST /forms/lservlet;jsessionid=ac16012b30d7ee629dd079514031ab04b901dfb85966.e3iSbxaKaheRe38KbN0Rb34Mc3j0n6jAmljGr5XDqQLvpAe HTTP/1.1" 200 2
66.249.64.96 - - [27/Dec/2015:22:33:49 -0500] "GET /BLA/resoluciones/RESOLUCIONES%202008/0900.pdf HTTP/1.1" 200 354100
189.209.71.4 - - [27/Dec/2015:22:34:25 -0500] "GET /BLA/resoluciones/AUTOS%202012/3053.pdf HTTP/1.1" 200 1964385
186.84.37.154 - - [27/Dec/2015:22:34:46 -0500] "GET /galeria/galeria/jquery.fancybox.js?v=2.1.5 HTTP/1.1" 200 48706
186.84.37.154 - - [27/Dec/2015:22:34:46 -0500] "GET /BLA/boletinlegal/js/jquery.scrollShow.js HTTP/1.1" 200 4586
186.84.37.154 - - [27/Dec/2015:22:34:47 -0500] "GET /galeria/galeria/jquery.fancybox.css?v=2.1.5 HTTP/1.1" 200 4895
66.249.64.106 - - [27/Dec/2015:22:34:53 -0500] "GET /BLA/resoluciones/RESOLUCIONES%202014/2084.pdf HTTP/1.1" 404 1018
186.84.37.154 - - [27/Dec/2015:22:34:56 -0500] "GET /BLA/boletinlegal/js/jquery.scrollShow.js HTTP/1.1" 304 -
186.84.37.154 - - [27/Dec/2015:22:34:56 -0500] "GET /galeria/galeria/jquery.fancybox.js?v=2.1.5 HTTP/1.1" 304 -
186.84.37.154 - - [27/Dec/2015:22:34:56 -0500] "GET /galeria/galeria/jquery.fancybox.css?v=2.1.5 HTTP/1.1" 304 -
186.144.252.156 - - [27/Dec/2015:22:34:58 -0500] "POST /forms/lservlet;jsessionid=ac16012b30d76e656e15b82949d29f35abd43da72cb5.e3iSbxaKaheRe38KbN0Rb34Mc3j0n6jAmljGr5XDqQLvpAe HTTP/1.1" 200 2
181.130.0.121 - - [27/Dec/2015:22:35:18 -0500] "GET /galeria/carrusel/Carrusel/jquery.thumbnailScroller.css HTTP/1.1" 200 2066
181.130.0.121 - - [27/Dec/2015:22:35:18 -0500] "GET /galeria/galeria/jquery.fancybox.css?v=2.1.5 HTTP/1.1" 200 4895
181.130.0.121 - - [27/Dec/2015:22:35:18 -0500] "GET /galeria/galeria/jquery.fancybox.js?v=2.1.5 HTTP/1.1" 200 48706
181.130.0.121 - - [27/Dec/2015:22:35:18 -0500] "GET /BLA/boletinlegal/js/jquery.scrollShow.js HTTP/1.1" 200 4586
181.130.0.121 - - [27/Dec/2015:22:35:18 -0500] "GET /galeria/carrusel/Carrusel/jquery-ui-1.8.13.custom.min.js HTTP/1.1" 200 10800
181.130.0.121 - - [27/Dec/2015:22:35:18 -0500] "GET /galeria/carrusel/Carrusel/jquery.thumbnailScroller.js HTTP/1.1" 200 8157
181.130.0.121 - - [27/Dec/2015:22:35:20 -0500] "GET /galeria/nivo-slider/demo/demo.html HTTP/1.1" 200 4456
181.130.0.121 - - [27/Dec/2015:22:35:23 -0500] "GET /galeria/nivo-slider/themes/default/default.css HTTP/1.1" 200 1569
181.130.0.121 - - [27/Dec/2015:22:35:23 -0500] "GET /galeria/nivo-slider/nivo-slider.css HTTP/1.1" 200 1507
181.130.0.121 - - [27/Dec/2015:22:35:23 -0500] "GET /galeria/nivo-slider/demo/style.css HTTP/1.1" 200 2222
181.130.0.121 - - [27/Dec/2015:22:35:23 -0500] "GET /galeria/nivo-slider/themes/orman/orman.css HTTP/1.1" 200 2152
181.130.0.121 - - [27/Dec/2015:22:35:23 -0500] "GET /galeria/nivo-slider/themes/pascal/pascal.css HTTP/1.1" 200 2258
181.130.0.121 - - [27/Dec/2015:22:35:23 -0500] "GET /galeria/nivo-slider/demo/images/ambientales.jpg HTTP/1.1" 200 397233
181.130.0.121 - - [27/Dec/2015:22:35:23 -0500] "GET /galeria/nivo-slider/demo/images/Programacion-navidena.jpg HTTP/1.1" 200 316038
181.130.0.121 - - [27/Dec/2015:22:35:23 -0500] "GET /galeria/nivo-slider/demo/scripts/jquery-1.7.1.min.js HTTP/1.1" 200 93868
181.130.0.121 - - [27/Dec/2015:22:35:23 -0500] "GET /galeria/nivo-slider/jquery.nivo.slider.pack.js HTTP/1.1" 200 11561
181.130.0.121 - - [27/Dec/2015:22:35:23 -0500] "GET /galeria/nivo-slider/demo/images/2Banner-encuestaSDA.jpg HTTP/1.1" 200 208228
181.130.0.121 - - [27/Dec/2015:22:35:23 -0500] "GET /galeria/nivo-slider/demo/images/ABC-Plan-de-contigencia.jpg HTTP/1.1" 200 401853
181.130.0.121 - - [27/Dec/2015:22:35:23 -0500] "GET /galeria/nivo-slider/demo/images/banner-llantas2015.jpg HTTP/1.1" 200 185615
181.130.0.121 - - [27/Dec/2015:22:35:24 -0500] "GET /galeria/nivo-slider/demo/images/caminata-ecologica.jpg HTTP/1.1" 200 161069
181.130.0.121 - - [27/Dec/2015:22:35:25 -0500] "GET /galeria/nivo-slider/demo/images/4Simple_Slider.png HTTP/1.1" 200 11722
181.130.0.121 - - [27/Dec/2015:22:35:25 -0500] "GET /galeria/nivo-slider/themes/default/loading.gif HTTP/1.1" 200 1737
181.130.0.121 - - [27/Dec/2015:22:35:25 -0500] "GET /galeria/nivo-slider/demo/images/Banner-ahorro-de-agua.jpg HTTP/1.1" 200 149141
181.130.0.121 - - [27/Dec/2015:22:35:26 -0500] "GET /galeria/nivo-slider/demo/images/Cmapana-onestidad.jpg HTTP/1.1" 200 141638
181.130.0.121 - - [27/Dec/2015:22:35:26 -0500] "GET /galeria/nivo-slider/demo/images/PREDAcamp.jpg HTTP/1.1" 200 295358
181.130.0.121 - - [27/Dec/2015:22:35:26 -0500] "GET /galeria/nivo-slider/demo/images/banner-llantas2.jpg HTTP/1.1" 200 204644
181.130.0.121 - - [27/Dec/2015:22:35:27 -0500] "GET /galeria/nivo-slider/demo/images/9Signos.jpg HTTP/1.1" 200 81776
181.130.0.121 - - [27/Dec/2015:22:35:27 -0500] "GET /galeria/nivo-slider/demo/images/Ruta-vertimientos-01.jpg HTTP/1.1" 200 130151
181.130.0.121 - - [27/Dec/2015:22:35:27 -0500] "GET /galeria/nivo-slider/demo/images/bolsas-06.jpg HTTP/1.1" 200 90982
181.130.0.121 - - [27/Dec/2015:22:35:28 -0500] "GET /galeria/nivo-slider/demo/images/Conoce-los-humedales.jpg HTTP/1.1" 200 294036
181.130.0.121 - - [27/Dec/2015:22:35:28 -0500] "GET /galeria/nivo-slider/demo/images/ecolecta-Dic2014.png HTTP/1.1" 200 288593
181.130.0.121 - - [27/Dec/2015:22:35:31 -0500] "GET /galeria/nivo-slider/themes/default/arrows.png HTTP/1.1" 200 824
181.130.0.121 - - [27/Dec/2015:22:35:31 -0500] "GET /galeria/nivo-slider/themes/default/bullets.png HTTP/1.1" 200 1281
181.50.77.217 - - [27/Dec/2015:22:35:36 -0500] "POST /forms/lservlet;jsessionid=ac16012b30d7ee629dd079514031ab04b901dfb85966.e3iSbxaKaheRe38KbN0Rb34Mc3j0n6jAmljGr5XDqQLvpAe HTTP/1.1" 200 2
190.84.179.135 - - [27/Dec/2015:22:36:33 -0500] "GET /galeria/galeria/jquery.fancybox.css?v=2.1.5 HTTP/1.1" 200 4895
190.84.179.135 - - [27/Dec/2015:22:36:33 -0500] "GET /galeria/carrusel/Carrusel/jquery.thumbnailScroller.css HTTP/1.1" 200 2066
190.84.179.135 - - [27/Dec/2015:22:36:33 -0500] "GET /BLA/boletinlegal/js/jquery.scrollShow.js HTTP/1.1" 200 4586
190.84.179.135 - - [27/Dec/2015:22:36:33 -0500] "GET /galeria/galeria/jquery.fancybox.js?v=2.1.5 HTTP/1.1" 200 48706
190.84.179.135 - - [27/Dec/2015:22:36:33 -0500] "GET /galeria/carrusel/Carrusel/jquery-ui-1.8.13.custom.min.js HTTP/1.1" 200 10800
190.84.179.135 - - [27/Dec/2015:22:36:34 -0500] "GET /galeria/carrusel/Carrusel/jquery.thumbnailScroller.js HTTP/1.1" 200 8157
66.249.64.106 - - [27/Dec/2015:22:36:45 -0500] "GET /BLA/resoluciones/RESOLUCIONES%202009/2846.pdf HTTP/1.1" 200 298847
190.84.179.135 - - [27/Dec/2015:22:36:58 -0500] "GET /galeria/nivo-slider/demo/demo.html HTTP/1.1" 200 4456
186.144.252.156 - - [27/Dec/2015:22:36:58 -0500] "POST /forms/lservlet;jsessionid=ac16012b30d76e656e15b82949d29f35abd43da72cb5.e3iSbxaKaheRe38KbN0Rb34Mc3j0n6jAmljGr5XDqQLvpAe HTTP/1.1" 200 2
190.84.179.135 - - [27/Dec/2015:22:37:01 -0500] "GET /galeria/nivo-slider/themes/default/default.css HTTP/1.1" 200 1569
190.84.179.135 - - [27/Dec/2015:22:37:01 -0500] "GET /galeria/nivo-slider/themes/pascal/pascal.css HTTP/1.1" 200 2258
190.84.179.135 - - [27/Dec/2015:22:37:03 -0500] "GET /galeria/nivo-slider/themes/orman/orman.css HTTP/1.1" 200 2152
190.84.179.135 - - [27/Dec/2015:22:37:03 -0500] "GET /galeria/nivo-slider/nivo-slider.css HTTP/1.1" 200 1507
190.84.179.135 - - [27/Dec/2015:22:37:03 -0500] "GET /galeria/nivo-slider/demo/style.css HTTP/1.1" 200 2222
190.84.179.135 - - [27/Dec/2015:22:37:03 -0500] "GET /galeria/nivo-slider/demo/scripts/jquery-1.7.1.min.js HTTP/1.1" 200 93868
190.84.179.135 - - [27/Dec/2015:22:37:03 -0500] "GET /galeria/nivo-slider/jquery.nivo.slider.pack.js HTTP/1.1" 200 11561
190.84.179.135 - - [27/Dec/2015:22:37:07 -0500] "GET /galeria/nivo-slider/demo/images/ambientales.jpg HTTP/1.1" 200 397233
190.84.179.135 - - [27/Dec/2015:22:37:09 -0500] "GET /galeria/nivo-slider/demo/images/Programacion-navidena.jpg HTTP/1.1" 200 316038
69.162.124.233 - - [27/Dec/2015:22:37:11 -0500] "HEAD / HTTP/1.1" 200 -
190.84.179.135 - - [27/Dec/2015:22:37:11 -0500] "GET /galeria/nivo-slider/demo/images/2Banner-encuestaSDA.jpg HTTP/1.1" 200 208228
190.84.179.135 - - [27/Dec/2015:22:37:16 -0500] "GET /galeria/nivo-slider/demo/images/4Simple_Slider.png HTTP/1.1" 200 11722
212.86.219.134 - - [27/Dec/2015:22:37:18 -0500] "GET /robots.txt HTTP/1.1" 404 1015
212.86.219.134 - - [27/Dec/2015:22:37:18 -0500] "GET /robots.txt HTTP/1.1" 404 1019
190.84.179.135 - - [27/Dec/2015:22:37:19 -0500] "GET /galeria/nivo-slider/themes/default/loading.gif HTTP/1.1" 200 1737
212.86.219.134 - - [27/Dec/2015:22:37:19 -0500] "GET / HTTP/1.1" 200 10190
190.84.179.135 - - [27/Dec/2015:22:37:24 -0500] "GET /galeria/nivo-slider/demo/images/ABC-Plan-de-contigencia.jpg HTTP/1.1" 200 401853
181.50.77.217 - - [27/Dec/2015:22:37:36 -0500] "POST /forms/lservlet;jsessionid=ac16012b30d7ee629dd079514031ab04b901dfb85966.e3iSbxaKaheRe38KbN0Rb34Mc3j0n6jAmljGr5XDqQLvpAe HTTP/1.1" 200 2
66.249.64.101 - - [27/Dec/2015:22:37:53 -0500] "GET /BLA/resoluciones/AUTOS%202011/0665.pdf HTTP/1.1" 200 158951
200.118.240.199 - - [27/Dec/2015:22:37:53 -0500] "GET /galeria/galeria/jquery.fancybox.css?v=2.1.5 HTTP/1.1" 200 4895
200.118.240.199 - - [27/Dec/2015:22:37:53 -0500] "GET /galeria/galeria/jquery.fancybox.js?v=2.1.5 HTTP/1.1" 200 48706
200.118.240.199 - - [27/Dec/2015:22:37:53 -0500] "GET /BLA/boletinlegal/js/jquery.scrollShow.js HTTP/1.1" 200 4586
66.249.64.248 - - [27/Dec/2015:22:37:53 -0500] "GET /Anexos%20estudio%20Organizacional%20SDA/index.php?dir=ANEXO%20No.%201-%20NORMAS%20LEGALES%20DE%20ESTRUCTURA%20Y%20PLANTA/Decreto%20561%20de%202006%20-%20Establece%20estructura%20de%20la%20SDA.jsp_files/&sort=date&order=asc HTTP/1.1" 200 10617
190.84.179.135 - - [27/Dec/2015:22:37:56 -0500] "GET /galeria/nivo-slider/demo/images/banner-llantas2015.jpg HTTP/1.1" 200 185615
190.84.179.135 - - [27/Dec/2015:22:37:57 -0500] "GET /galeria/nivo-slider/demo/images/caminata-ecologica.jpg HTTP/1.1" 200 161069
190.84.179.135 - - [27/Dec/2015:22:37:59 -0500] "GET /galeria/nivo-slider/demo/images/Banner-ahorro-de-agua.jpg HTTP/1.1" 200 149141
190.84.179.135 - - [27/Dec/2015:22:38:14 -0500] "GET /galeria/nivo-slider/demo/images/Cmapana-onestidad.jpg HTTP/1.1" 200 141638
190.84.179.135 - - [27/Dec/2015:22:38:30 -0500] "GET /galeria/nivo-slider/demo/images/PREDAcamp.jpg HTTP/1.1" 200 295358
190.84.179.135 - - [27/Dec/2015:22:38:30 -0500] "GET /galeria/nivo-slider/demo/images/banner-llantas2.jpg HTTP/1.1" 200 204644
190.84.179.135 - - [27/Dec/2015:22:38:31 -0500] "GET /galeria/nivo-slider/demo/images/9Signos.jpg HTTP/1.1" 200 81776
190.84.179.135 - - [27/Dec/2015:22:38:31 -0500] "GET /galeria/nivo-slider/demo/images/Ruta-vertimientos-01.jpg HTTP/1.1" 200 130151
190.84.179.135 - - [27/Dec/2015:22:38:33 -0500] "GET /galeria/nivo-slider/demo/images/bolsas-06.jpg HTTP/1.1" 200 90982
190.84.179.135 - - [27/Dec/2015:22:38:33 -0500] "GET /galeria/nivo-slider/demo/images/Conoce-los-humedales.jpg HTTP/1.1" 200 294036
190.84.179.135 - - [27/Dec/2015:22:38:37 -0500] "GET /galeria/nivo-slider/demo/images/ecolecta-Dic2014.png HTTP/1.1" 200 288593
190.84.179.135 - - [27/Dec/2015:22:38:46 -0500] "GET /galeria/nivo-slider/themes/default/arrows.png HTTP/1.1" 200 824
190.84.179.135 - - [27/Dec/2015:22:38:46 -0500] "GET /galeria/nivo-slider/themes/default/bullets.png HTTP/1.1" 200 1281
186.144.252.156 - - [27/Dec/2015:22:38:58 -0500] "POST /forms/lservlet;jsessionid=ac16012b30d76e656e15b82949d29f35abd43da72cb5.e3iSbxaKaheRe38KbN0Rb34Mc3j0n6jAmljGr5XDqQLvpAe HTTP/1.1" 200 2
190.8.231.213 - - [27/Dec/2015:22:39:05 -0500] "GET /webfile/img/spacer.gif HTTP/1.1" 404 1366
190.8.231.213 - - [27/Dec/2015:22:39:05 -0500] "GET /webfile/1ibre/images/spacer.gif HTTP/1.1" 404 1366
190.8.231.213 - - [27/Dec/2015:22:39:06 -0500] "GET /webfile/skins/gdocs-jar/img/iconAddress.png HTTP/1.1" 404 1366
190.8.231.213 - - [27/Dec/2015:22:39:06 -0500] "GET /webfile/skins/gdocs-jar/img/plus.gif HTTP/1.1" 404 1366
190.8.231.213 - - [27/Dec/2015:22:39:07 -0500] "GET /webfile/skins/gdocs-jar/img/pencil.png HTTP/1.1" 404 1366
190.8.231.213 - - [27/Dec/2015:22:39:07 -0500] "GET /webfile/skins/gdocs-jar/img/minus.png HTTP/1.1" 404 1366
190.8.231.213 - - [27/Dec/2015:22:39:07 -0500] "GET /webfile/skins/gdocs-jar/img/upload_file_icon.gif HTTP/1.1" 404 1366
190.8.231.213 - - [27/Dec/2015:22:39:07 -0500] "GET /webfile/skins/gdocs-jar/img/icons/pdf.gif HTTP/1.1" 404 1366
190.8.231.213 - - [27/Dec/2015:22:39:08 -0500] "GET /webfile/skins/gdocs-jar/img/error.gif HTTP/1.1" 404 1366
190.8.231.213 - - [27/Dec/2015:22:39:08 -0500] "GET /webfile/skins/gdocs-jar/img/edit2.gif HTTP/1.1" 404 1366
190.8.231.213 - - [27/Dec/2015:22:39:08 -0500] "GET /webfile/skins/gdocs-jar/img/icons/docx.gif HTTP/1.1" 404 1366
190.8.231.213 - - [27/Dec/2015:22:39:09 -0500] "GET /webfile/1ibre/jscalendar/img.gif HTTP/1.1" 404 1366
190.8.231.213 - - [27/Dec/2015:22:39:09 -0500] "GET /webfile/skins/gdocs-jar/img/alert.gif HTTP/1.1" 404 1366
190.8.231.213 - - [27/Dec/2015:22:39:09 -0500] "GET /webfile/skins/gdocs-jar/img/disk.png HTTP/1.1" 404 1366
190.8.231.213 - - [27/Dec/2015:22:39:10 -0500] "GET /webfile/skins/gdocs-jar/img/control-double.png HTTP/1.1" 404 1366
190.8.231.213 - - [27/Dec/2015:22:39:10 -0500] "GET /webfile/1ibre/images/spacer.gif HTTP/1.1" 404 1366
190.8.231.213 - - [27/Dec/2015:22:39:10 -0500] "GET /webfile/img/spacer.gif HTTP/1.1" 404 1366
190.8.231.213 - - [27/Dec/2015:22:39:11 -0500] "GET /webfile/skins/gdocs-jar/img/iconAddress.png HTTP/1.1" 404 1366
190.8.231.213 - - [27/Dec/2015:22:39:11 -0500] "GET /webfile/skins/gdocs-jar/img/plus.gif HTTP/1.1" 404 1366
190.8.231.213 - - [27/Dec/2015:22:39:11 -0500] "GET /webfile/skins/gdocs-jar/img/pencil.png HTTP/1.1" 404 1366
190.8.231.213 - - [27/Dec/2015:22:39:11 -0500] "GET /webfile/skins/gdocs-jar/img/upload_file_icon.gif HTTP/1.1" 404 1366
190.8.231.213 - - [27/Dec/2015:22:39:11 -0500] "GET /webfile/skins/gdocs-jar/img/minus.png HTTP/1.1" 404 1366
190.8.231.213 - - [27/Dec/2015:22:39:11 -0500] "GET /webfile/skins/gdocs-jar/img/icons/pdf.gif HTTP/1.1" 404 1366
190.8.231.213 - - [27/Dec/2015:22:39:11 -0500] "GET /webfile/skins/gdocs-jar/img/error.gif HTTP/1.1" 404 1366
190.8.231.213 - - [27/Dec/2015:22:39:11 -0500] "GET /webfile/skins/gdocs-jar/img/icons/docx.gif HTTP/1.1" 404 1366
190.8.231.213 - - [27/Dec/2015:22:39:11 -0500] "GET /webfile/skins/gdocs-jar/img/edit2.gif HTTP/1.1" 404 1366
190.8.231.213 - - [27/Dec/2015:22:39:11 -0500] "GET /webfile/1ibre/jscalendar/img.gif HTTP/1.1" 404 1366
190.8.231.213 - - [27/Dec/2015:22:39:11 -0500] "GET /webfile/skins/gdocs-jar/img/alert.gif HTTP/1.1" 404 1366
190.8.231.213 - - [27/Dec/2015:22:39:11 -0500] "GET /webfile/skins/gdocs-jar/img/disk.png HTTP/1.1" 404 1366
190.8.231.213 - - [27/Dec/2015:22:39:11 -0500] "GET /webfile/skins/gdocs-jar/img/control-double.png HTTP/1.1" 404 1366
201.234.75.11 - - [27/Dec/2015:22:39:24 -0500] "GET /galeria/galeria/fotos/Movilizacion4P.jpg HTTP/1.1" 304 -
181.50.77.217 - - [27/Dec/2015:22:39:36 -0500] "POST /forms/lservlet;jsessionid=ac16012b30d7ee629dd079514031ab04b901dfb85966.e3iSbxaKaheRe38KbN0Rb34Mc3j0n6jAmljGr5XDqQLvpAe HTTP/1.1" 200 2
66.249.64.106 - - [27/Dec/2015:22:39:44 -0500] "GET /BLA/resoluciones/RESOLUCIONES%202011/1660.pdf HTTP/1.1" 200 289947
181.245.180.28 - - [27/Dec/2015:22:40:09 -0500] "GET /BLA/boletinlegal/js/jquery.scrollShow.js HTTP/1.1" 200 4586
181.245.180.28 - - [27/Dec/2015:22:40:09 -0500] "GET /galeria/galeria/jquery.fancybox.css?v=2.1.5 HTTP/1.1" 200 4895
181.245.180.28 - - [27/Dec/2015:22:40:09 -0500] "GET /galeria/galeria/jquery.fancybox.js?v=2.1.5 HTTP/1.1" 200 48706
181.245.180.28 - - [27/Dec/2015:22:40:17 -0500] "GET /BLA/boletinlegal/js/jquery.scrollShow.js HTTP/1.1" 304 -
181.245.180.28 - - [27/Dec/2015:22:40:17 -0500] "GET /galeria/galeria/jquery.fancybox.js?v=2.1.5 HTTP/1.1" 304 -
