181.61.157.41 - - [27/Dec/2015:18:08:30 -0500] "GET /IsolucionSDA/Administracion/SalaEdicion/ArticuloAdicionarTipo.asp?Redirigido=1&Id_Articulo=9578&Contenido=ContenidoDefiniciones&OrdenTipo=165&Tipo=Definicion&Cantidad=1&NumTipos=1&Accion=Agregar HTTP/1.1" 302 270
181.61.157.41 - - [27/Dec/2015:18:08:30 -0500] "GET /IsolucionSDA/Administracion/SalaEdicion/ArticuloSeleccionarTipo.asp?Redirigido=1&Id_Articulo=9578&Contenido=ContenidoDefiniciones&OrdenTipo=165&NumTipos=1&Accion=Agregar HTTP/1.1" 302 182
181.61.157.41 - - [27/Dec/2015:18:08:30 -0500] "GET /IsolucionSDA/javascript/ClickValidation.js HTTP/1.1" 404 1245
181.61.157.41 - - [27/Dec/2015:18:08:30 -0500] "GET /IsolucionSDA/Administracion/SalaEdicion/g/GifTransparente.gif HTTP/1.1" 404 1245
181.61.157.41 - - [27/Dec/2015:18:08:30 -0500] "GET /IsolucionSDA/Administracion/Graficas/vacio1x1.gif HTTP/1.1" 404 1245
181.61.157.41 - - [27/Dec/2015:18:08:30 -0500] "GET /IsolucionSDA/Administracion/SalaEdicion/Articulo.asp?Id_Articulo=9578&Ancla=ContenidoDefiniciones HTTP/1.1" 200 949104
191.79.206.37 - - [27/Dec/2015:18:08:45 -0500] "GET /galeria/galeria/jquery.fancybox.css?v=2.1.5 HTTP/1.1" 200 4895
191.79.206.37 - - [27/Dec/2015:18:08:45 -0500] "GET /BLA/boletinlegal/js/jquery.scrollShow.js HTTP/1.1" 200 4586
191.79.206.37 - - [27/Dec/2015:18:08:45 -0500] "GET /galeria/galeria/jquery.fancybox.js?v=2.1.5 HTTP/1.1" 200 48706
186.144.252.156 - - [27/Dec/2015:18:08:48 -0500] "POST /forms/lservlet;jsessionid=ac16012b30d76e656e15b82949d29f35abd43da72cb5.e3iSbxaKaheRe38KbN0Rb34Mc3j0n6jAmljGr5XDqQLvpAe HTTP/1.1" 200 2
191.79.206.37 - - [27/Dec/2015:18:08:52 -0500] "GET /BLA/boletinlegal/js/jquery.scrollShow.js HTTP/1.1" 304 -
191.79.206.37 - - [27/Dec/2015:18:08:52 -0500] "GET /galeria/galeria/jquery.fancybox.js?v=2.1.5 HTTP/1.1" 304 -
191.79.206.37 - - [27/Dec/2015:18:08:52 -0500] "GET /galeria/galeria/jquery.fancybox.css?v=2.1.5 HTTP/1.1" 304 -
181.61.157.41 - - [27/Dec/2015:18:09:05 -0500] "GET /IsolucionSDA/g/Ico_CopiarDocOver.gif HTTP/1.1" 200 184
181.61.157.41 - - [27/Dec/2015:18:09:07 -0500] "GET /IsolucionSDA/Administracion/SalaEdicion/ArticuloBorrarObjetos.asp?Id_Articulo=9578&Objetos=165 HTTP/1.1" 200 7557
181.61.157.41 - - [27/Dec/2015:18:09:09 -0500] "POST /IsolucionSDA/Administracion/SalaEdicion/ArticuloBorrarObjetos.asp HTTP/1.1" 302 150
181.61.157.41 - - [27/Dec/2015:18:09:09 -0500] "GET /IsolucionSDA/javascript/ClickValidation.js HTTP/1.1" 404 1245
181.61.157.41 - - [27/Dec/2015:18:09:09 -0500] "GET /IsolucionSDA/Administracion/SalaEdicion/g/GifTransparente.gif HTTP/1.1" 404 1245
181.61.157.41 - - [27/Dec/2015:18:09:09 -0500] "GET /IsolucionSDA/Administracion/Graficas/vacio1x1.gif HTTP/1.1" 404 1245
181.61.157.41 - - [27/Dec/2015:18:09:09 -0500] "GET /IsolucionSDA/Administracion/SalaEdicion/Articulo.asp?Id_Articulo=9578 HTTP/1.1" 200 946525
186.84.148.76 - - [27/Dec/2015:18:09:23 -0500] "GET /BLA/boletinlegal/conceptos.php HTTP/1.1" 200 6122
186.84.148.76 - - [27/Dec/2015:18:09:23 -0500] "GET /BLA/boletinlegal/styles2.css HTTP/1.1" 200 1838
186.84.148.76 - - [27/Dec/2015:18:09:23 -0500] "GET /BLA/boletinlegal/js/ajax_conceptos.js HTTP/1.1" 200 1326
186.84.148.76 - - [27/Dec/2015:18:09:23 -0500] "GET /BLA/boletinlegal/niceforms.js HTTP/1.1" 200 22876
186.84.148.76 - - [27/Dec/2015:18:09:23 -0500] "GET /BLA/boletinlegal/niceforms-default.css HTTP/1.1" 200 6694
186.84.148.76 - - [27/Dec/2015:18:09:23 -0500] "GET /BLA/boletinlegal/style.css HTTP/1.1" 200 9406
186.84.148.76 - - [27/Dec/2015:18:09:23 -0500] "GET /favicon.ico HTTP/1.1" 200 7782
186.84.148.76 - - [27/Dec/2015:18:09:26 -0500] "GET /BLA/boletinlegal/consulta_conceptos.php?no=&solicitante=&radicado_entrada=&fecha_concepto=2015&objeto= HTTP/1.1" 200 84184
186.84.148.76 - - [27/Dec/2015:18:09:26 -0500] "GET /BLA/boletinlegal/images/background.gif HTTP/1.1" 200 -
139.20.163.137 - - [27/Dec/2015:18:09:28 -0500] "GET /galeria/galeria/jquery.fancybox.js?v=2.1.5 HTTP/1.1" 200 48706
139.20.163.137 - - [27/Dec/2015:18:09:28 -0500] "GET /BLA/boletinlegal/js/jquery.scrollShow.js HTTP/1.1" 200 4586
139.20.163.137 - - [27/Dec/2015:18:09:28 -0500] "GET /galeria/galeria/jquery.fancybox.css?v=2.1.5 HTTP/1.1" 200 4895
139.20.163.137 - - [27/Dec/2015:18:09:39 -0500] "GET /BLA/boletinlegal/js/jquery.scrollShow.js HTTP/1.1" 304 -
139.20.163.137 - - [27/Dec/2015:18:09:39 -0500] "GET /galeria/galeria/jquery.fancybox.js?v=2.1.5 HTTP/1.1" 304 -
139.20.163.137 - - [27/Dec/2015:18:09:39 -0500] "GET /galeria/galeria/jquery.fancybox.css?v=2.1.5 HTTP/1.1" 304 -
181.50.77.217 - - [27/Dec/2015:18:10:04 -0500] "POST /forms/lservlet;jsessionid=ac16012b30d7ee629dd079514031ab04b901dfb85966.e3iSbxaKaheRe38KbN0Rb34Mc3j0n6jAmljGr5XDqQLvpAe HTTP/1.1" 200 2
181.61.157.41 - - [27/Dec/2015:18:09:54 -0500] "POST /IsolucionSDA/Administracion/SalaEdicion/Articulo.asp HTTP/1.1" 302 219
181.61.157.41 - - [27/Dec/2015:18:10:11 -0500] "GET /IsolucionSDA/Administracion/SalaEdicion/ArticuloSeleccionarTipo.asp?Id_Articulo=9578&Contenido=ContenidoDefiniciones&OrdenTipo=163 HTTP/1.1" 200 9063
181.61.157.41 - - [27/Dec/2015:18:10:18 -0500] "POST /IsolucionSDA/Administracion/SalaEdicion/ArticuloSeleccionarTipo.asp HTTP/1.1" 302 303
181.61.157.41 - - [27/Dec/2015:18:10:18 -0500] "GET /IsolucionSDA/Administracion/SalaEdicion/ArticuloAdicionarTipo.asp?Redirigido=1&Id_Articulo=9578&Contenido=ContenidoDefiniciones&OrdenTipo=163&Tipo=Definicion&Cantidad=4&NumTipos=1&Accion=Agregar HTTP/1.1" 302 270
181.61.157.41 - - [27/Dec/2015:18:10:19 -0500] "GET /IsolucionSDA/Administracion/SalaEdicion/ArticuloSeleccionarTipo.asp?Redirigido=1&Id_Articulo=9578&Contenido=ContenidoDefiniciones&OrdenTipo=163&NumTipos=1&Accion=Agregar HTTP/1.1" 302 182
181.61.157.41 - - [27/Dec/2015:18:10:19 -0500] "GET /IsolucionSDA/javascript/ClickValidation.js HTTP/1.1" 404 1245
181.61.157.41 - - [27/Dec/2015:18:10:19 -0500] "GET /IsolucionSDA/Administracion/SalaEdicion/g/GifTransparente.gif HTTP/1.1" 404 1245
181.61.157.41 - - [27/Dec/2015:18:10:19 -0500] "GET /IsolucionSDA/Administracion/Graficas/vacio1x1.gif HTTP/1.1" 404 1245
181.61.157.41 - - [27/Dec/2015:18:10:19 -0500] "GET /IsolucionSDA/Administracion/SalaEdicion/Articulo.asp?Id_Articulo=9578&Ancla=ContenidoDefiniciones HTTP/1.1" 200 956382
66.249.64.101 - - [27/Dec/2015:18:10:30 -0500] "GET /BLA/resoluciones/AUTOS%202009/0723.pdf HTTP/1.1" 200 169410
66.249.64.96 - - [27/Dec/2015:18:10:33 -0500] "GET /galeria/galeria/fotos/14.jpg HTTP/1.1" 304 -
181.61.157.41 - - [27/Dec/2015:18:10:44 -0500] "GET /IsolucionSDA/Administracion/SalaEdicion/Buscar.asp?Form=Admon&Campo2=Objeto163_1&tabla=Definicion&ListaSucursales=1 HTTP/1.1" 200 39533
181.61.157.41 - - [27/Dec/2015:18:10:47 -0500] "POST /IsolucionSDA/Administracion/SalaEdicion/Buscar.asp HTTP/1.1" 200 30773
186.144.252.156 - - [27/Dec/2015:18:10:48 -0500] "POST /forms/lservlet;jsessionid=ac16012b30d76e656e15b82949d29f35abd43da72cb5.e3iSbxaKaheRe38KbN0Rb34Mc3j0n6jAmljGr5XDqQLvpAe HTTP/1.1" 200 2
181.61.157.41 - - [27/Dec/2015:18:10:59 -0500] "GET /IsolucionSDA/Administracion/SalaEdicion/Buscar.asp?Form=Admon&Campo2=Objeto164_1&tabla=Definicion&ListaSucursales=1 HTTP/1.1" 200 39533
181.61.157.41 - - [27/Dec/2015:18:11:03 -0500] "POST /IsolucionSDA/Administracion/SalaEdicion/Buscar.asp HTTP/1.1" 200 30773
181.61.157.41 - - [27/Dec/2015:18:11:12 -0500] "GET /IsolucionSDA/Administracion/SalaEdicion/Buscar.asp?Form=Admon&Campo2=Objeto165_1&tabla=Definicion&ListaSucursales=1 HTTP/1.1" 200 39533
181.61.157.41 - - [27/Dec/2015:18:11:14 -0500] "POST /IsolucionSDA/Administracion/SalaEdicion/Buscar.asp HTTP/1.1" 200 30773
181.61.157.41 - - [27/Dec/2015:18:11:23 -0500] "GET /IsolucionSDA/Administracion/SalaEdicion/Buscar.asp?Form=Admon&Campo2=Objeto166_1&tabla=Definicion&ListaSucursales=1 HTTP/1.1" 200 39533
181.61.157.41 - - [27/Dec/2015:18:11:28 -0500] "POST /IsolucionSDA/Administracion/SalaEdicion/Buscar.asp HTTP/1.1" 200 12462
191.102.114.237 - - [27/Dec/2015:18:12:04 -0500] "GET /BLA/boletinlegal/js/jquery.scrollShow.js HTTP/1.1" 200 4586
191.102.114.237 - - [27/Dec/2015:18:12:04 -0500] "GET /galeria/galeria/jquery.fancybox.js?v=2.1.5 HTTP/1.1" 200 48706
191.102.114.237 - - [27/Dec/2015:18:12:04 -0500] "GET /galeria/galeria/jquery.fancybox.css?v=2.1.5 HTTP/1.1" 200 4895
181.50.77.217 - - [27/Dec/2015:18:12:04 -0500] "POST /forms/lservlet;jsessionid=ac16012b30d7ee629dd079514031ab04b901dfb85966.e3iSbxaKaheRe38KbN0Rb34Mc3j0n6jAmljGr5XDqQLvpAe HTTP/1.1" 200 2
181.61.157.41 - - [27/Dec/2015:18:12:09 -0500] "GET /IsolucionSDA/javascript/ClickValidation.js HTTP/1.1" 404 1245
181.61.157.41 - - [27/Dec/2015:18:12:09 -0500] "GET /IsolucionSDA/Administracion/SalaEdicion/g/GifTransparente.gif HTTP/1.1" 404 1245
181.61.157.41 - - [27/Dec/2015:18:12:09 -0500] "GET /IsolucionSDA/Administracion/Graficas/vacio1x1.gif HTTP/1.1" 404 1245
69.162.124.233 - - [27/Dec/2015:18:12:11 -0500] "HEAD / HTTP/1.1" 200 -
181.61.157.41 - - [27/Dec/2015:18:11:52 -0500] "POST /IsolucionSDA/Administracion/SalaEdicion/Articulo.asp HTTP/1.1" 200 956279
186.144.252.156 - - [27/Dec/2015:18:12:48 -0500] "POST /forms/lservlet;jsessionid=ac16012b30d76e656e15b82949d29f35abd43da72cb5.e3iSbxaKaheRe38KbN0Rb34Mc3j0n6jAmljGr5XDqQLvpAe HTTP/1.1" 200 2
66.249.64.106 - - [27/Dec/2015:18:12:59 -0500] "GET /BLA/resoluciones/RESOLUCIONES%202008/2873.pdf HTTP/1.1" 304 -
66.249.64.96 - - [27/Dec/2015:18:13:14 -0500] "GET /BLA/resoluciones/RESOLUCIONES%202007/RES%202007%202501%20AL%202600/RESOLUCION%202543%20%20DE%202007.pdf HTTP/1.1" 304 -
66.249.64.106 - - [27/Dec/2015:18:13:28 -0500] "GET /BLA/resoluciones/RESOLUCIONES%202007/RES%202007%20201%20AL%20300/RESOLUCION%200229%20DE%202007.pdf HTTP/1.1" 200 275992
180.76.15.161 - - [27/Dec/2015:18:13:49 -0500] "GET / HTTP/1.1" 301 324
181.50.77.217 - - [27/Dec/2015:18:14:04 -0500] "POST /forms/lservlet;jsessionid=ac16012b30d7ee629dd079514031ab04b901dfb85966.e3iSbxaKaheRe38KbN0Rb34Mc3j0n6jAmljGr5XDqQLvpAe HTTP/1.1" 200 2
91.208.99.2 - - [27/Dec/2015:18:14:06 -0500] "GET /wp/wp-admin/ HTTP/1.1" 404 1018
186.144.252.156 - - [27/Dec/2015:18:14:48 -0500] "POST /forms/lservlet;jsessionid=ac16012b30d76e656e15b82949d29f35abd43da72cb5.e3iSbxaKaheRe38KbN0Rb34Mc3j0n6jAmljGr5XDqQLvpAe HTTP/1.1" 200 2
181.61.157.41 - - [27/Dec/2015:18:15:04 -0500] "GET /IsolucionSDA/Session.asp HTTP/1.1" 200 6197
181.50.77.217 - - [27/Dec/2015:18:16:04 -0500] "POST /forms/lservlet;jsessionid=ac16012b30d7ee629dd079514031ab04b901dfb85966.e3iSbxaKaheRe38KbN0Rb34Mc3j0n6jAmljGr5XDqQLvpAe HTTP/1.1" 200 2
181.61.157.41 - - [27/Dec/2015:18:16:10 -0500] "GET /IsolucionSDA/Administracion/Graficas/vacio1x1.gif HTTP/1.1" 404 1245
66.249.64.101 - - [27/Dec/2015:18:16:13 -0500] "GET /BLA/resoluciones/AUTOS%202013/0324.pdf HTTP/1.1" 304 -
66.249.64.96 - - [27/Dec/2015:18:16:16 -0500] "GET /BLA/resoluciones/RESOLUCIONES%202010/0768.pdf HTTP/1.1" 200 111392
181.61.157.41 - - [27/Dec/2015:18:15:53 -0500] "POST /IsolucionSDA/Administracion/SalaEdicion/Articulo.asp HTTP/1.1" 200 957369
66.249.64.243 - - [27/Dec/2015:18:16:23 -0500] "GET /galeria/nivo-slider/demo/images/banner-conejera1.jpg HTTP/1.1" 200 136228
66.249.64.106 - - [27/Dec/2015:18:16:24 -0500] "GET /BLA/resoluciones/RESOLUCIONES%202008/3920.pdf HTTP/1.1" 200 255914
181.61.157.41 - - [27/Dec/2015:18:16:10 -0500] "GET /IsolucionSDA/Administracion/SalaEdicion/g/GifTransparente.gif HTTP/1.1" 502 1422
181.61.157.41 - - [27/Dec/2015:18:16:10 -0500] "GET /IsolucionSDA/javascript/ClickValidation.js HTTP/1.1" 502 1384
181.61.157.41 - - [27/Dec/2015:18:16:29 -0500] "GET /IsolucionSDA/Administracion/SalaEdicion/g/GifTransparente.gif HTTP/1.1" 404 1245
181.61.157.41 - - [27/Dec/2015:18:16:29 -0500] "GET /IsolucionSDA/Administracion/Graficas/vacio1x1.gif HTTP/1.1" 404 1245
186.144.252.156 - - [27/Dec/2015:18:16:48 -0500] "POST /forms/lservlet;jsessionid=ac16012b30d76e656e15b82949d29f35abd43da72cb5.e3iSbxaKaheRe38KbN0Rb34Mc3j0n6jAmljGr5XDqQLvpAe HTTP/1.1" 200 2
69.162.124.233 - - [27/Dec/2015:18:17:11 -0500] "HEAD / HTTP/1.1" 200 -
152.200.4.5 - - [27/Dec/2015:18:18:00 -0500] "GET /galeria/galeria/fotos/Entrenube2G.jpg HTTP/1.1" 200 111422
181.50.77.217 - - [27/Dec/2015:18:18:04 -0500] "POST /forms/lservlet;jsessionid=ac16012b30d7ee629dd079514031ab04b901dfb85966.e3iSbxaKaheRe38KbN0Rb34Mc3j0n6jAmljGr5XDqQLvpAe HTTP/1.1" 200 2
190.147.69.62 - - [27/Dec/2015:18:18:14 -0500] "GET /BLA/resoluciones/RESOLUCIONES%202007/RES%202007%201101%20AL%201200/RESOLUCION%201182%20DE%202007.pdf HTTP/1.1" 200 338024
190.147.69.62 - - [27/Dec/2015:18:18:14 -0500] "GET /BLA/resoluciones/RESOLUCIONES%202007/RES%202007%201101%20AL%201200/RESOLUCION%201182%20DE%202007.pdf HTTP/1.1" 206 32768
190.147.69.62 - - [27/Dec/2015:18:18:14 -0500] "GET /BLA/resoluciones/RESOLUCIONES%202007/RES%202007%201101%20AL%201200/RESOLUCION%201182%20DE%202007.pdf HTTP/1.1" 206 305256
190.147.69.62 - - [27/Dec/2015:18:18:15 -0500] "GET /favicon.ico HTTP/1.1" 200 7782
152.200.4.5 - - [27/Dec/2015:18:18:16 -0500] "GET /galeria/galeria/fotos/Entrenube3G.jpg HTTP/1.1" 200 138221
186.87.87.129 - - [27/Dec/2015:18:18:21 -0500] "GET /BLA/boletinlegal/js/jquery.scrollShow.js HTTP/1.1" 200 4586
186.87.87.129 - - [27/Dec/2015:18:18:21 -0500] "GET /galeria/galeria/jquery.fancybox.css?v=2.1.5 HTTP/1.1" 200 4895
186.87.87.129 - - [27/Dec/2015:18:18:21 -0500] "GET /galeria/galeria/jquery.fancybox.js?v=2.1.5 HTTP/1.1" 200 48706
186.87.87.129 - - [27/Dec/2015:18:18:27 -0500] "GET /BLA/boletinlegal/js/jquery.scrollShow.js HTTP/1.1" 304 -
186.87.87.129 - - [27/Dec/2015:18:18:27 -0500] "GET /galeria/galeria/jquery.fancybox.js?v=2.1.5 HTTP/1.1" 304 -
186.87.87.129 - - [27/Dec/2015:18:18:27 -0500] "GET /galeria/galeria/jquery.fancybox.css?v=2.1.5 HTTP/1.1" 304 -
152.200.4.5 - - [27/Dec/2015:18:18:35 -0500] "GET /galeria/galeria/jquery.fancybox.js?v=2.1.5 HTTP/1.1" 200 48706
152.200.4.5 - - [27/Dec/2015:18:18:35 -0500] "GET /BLA/boletinlegal/js/jquery.scrollShow.js HTTP/1.1" 200 4586
152.200.4.5 - - [27/Dec/2015:18:18:35 -0500] "GET /galeria/galeria/jquery.fancybox.css?v=2.1.5 HTTP/1.1" 200 4895
152.200.4.5 - - [27/Dec/2015:18:18:48 -0500] "GET /BLA/boletinlegal/js/jquery.scrollShow.js HTTP/1.1" 304 -
152.200.4.5 - - [27/Dec/2015:18:18:48 -0500] "GET /galeria/galeria/jquery.fancybox.css?v=2.1.5 HTTP/1.1" 304 -
152.200.4.5 - - [27/Dec/2015:18:18:48 -0500] "GET /galeria/galeria/jquery.fancybox.js?v=2.1.5 HTTP/1.1" 304 -
186.144.252.156 - - [27/Dec/2015:18:18:48 -0500] "POST /forms/lservlet;jsessionid=ac16012b30d76e656e15b82949d29f35abd43da72cb5.e3iSbxaKaheRe38KbN0Rb34Mc3j0n6jAmljGr5XDqQLvpAe HTTP/1.1" 200 2
66.249.64.96 - - [27/Dec/2015:18:19:23 -0500] "GET /BLA/resoluciones/RESOLUCIONES%202009/4032.pdf HTTP/1.1" 200 247953
66.249.64.106 - - [27/Dec/2015:18:19:24 -0500] "GET /BLA/resoluciones/RESOLUCIONES%202007/RES%202007%204101%20AL%204200/RESOLUCION%204124%20DE%202007.pdf HTTP/1.1" 200 611677
181.61.157.41 - - [27/Dec/2015:18:19:19 -0500] "POST /IsolucionSDA/Administracion/SalaEdicion/Articulo.asp HTTP/1.1" 302 260
181.61.157.41 - - [27/Dec/2015:18:19:35 -0500] "GET /IsolucionSDA/Administracion/SalaEdicion/FrameSetVistaPrevia.asp?Articulo=R/Registrodelapublicidadexteriorvisual_v6/Registrodelapublicidadexteriorvisual_v6.asp&Id_Articulo=9578 HTTP/1.1" 200 6480
181.61.157.41 - - [27/Dec/2015:18:19:36 -0500] "GET /IsolucionSDA/Administracion/SalaEdicion/VistaPreviaAtras.asp?Id_Articulo=9578 HTTP/1.1" 200 319
181.61.157.41 - - [27/Dec/2015:18:19:36 -0500] "GET /ISOlucionSDA/BancoConocimiento/R/Registrodelapublicidadexteriorvisual_v6/Registrodelapublicidadexteriorvisual_v6.asp?Debug=YES&Id_Articulo=9578&VistaPrevia= HTTP/1.1" 200 193964
91.208.99.2 - - [27/Dec/2015:18:19:54 -0500] "GET /old/wp-admin/ HTTP/1.1" 404 1018
181.50.77.217 - - [27/Dec/2015:18:20:04 -0500] "POST /forms/lservlet;jsessionid=ac16012b30d7ee629dd079514031ab04b901dfb85966.e3iSbxaKaheRe38KbN0Rb34Mc3j0n6jAmljGr5XDqQLvpAe HTTP/1.1" 200 2
181.61.157.41 - - [27/Dec/2015:18:20:10 -0500] "GET /IsolucionSDA/javascript/ClickValidation.js HTTP/1.1" 404 1245
181.61.157.41 - - [27/Dec/2015:18:20:10 -0500] "GET /IsolucionSDA/Administracion/SalaEdicion/g/GifTransparente.gif HTTP/1.1" 404 1245
181.61.157.41 - - [27/Dec/2015:18:20:10 -0500] "GET /IsolucionSDA/Administracion/Graficas/vacio1x1.gif HTTP/1.1" 404 1245
181.61.157.41 - - [27/Dec/2015:18:20:10 -0500] "GET /IsolucionSDA/Administracion/SalaEdicion/Articulo.asp?Id_Articulo=9578 HTTP/1.1" 200 957369
190.156.32.203 - - [27/Dec/2015:18:20:35 -0500] "GET /galeria/galeria/jquery.fancybox.js?v=2.1.5 HTTP/1.1" 200 48706
190.156.32.203 - - [27/Dec/2015:18:20:35 -0500] "GET /BLA/boletinlegal/js/jquery.scrollShow.js HTTP/1.1" 200 4586
190.156.32.203 - - [27/Dec/2015:18:20:36 -0500] "GET /galeria/galeria/jquery.fancybox.css?v=2.1.5 HTTP/1.1" 200 4895
190.156.32.203 - - [27/Dec/2015:18:20:36 -0500] "GET /galeria/carrusel/Carrusel/jquery.thumbnailScroller.css HTTP/1.1" 200 2066
190.156.32.203 - - [27/Dec/2015:18:20:36 -0500] "GET /galeria/carrusel/Carrusel/jquery-ui-1.8.13.custom.min.js HTTP/1.1" 200 10800
190.156.32.203 - - [27/Dec/2015:18:20:36 -0500] "GET /galeria/carrusel/Carrusel/jquery.thumbnailScroller.js HTTP/1.1" 200 8157
190.156.32.203 - - [27/Dec/2015:18:20:43 -0500] "GET /galeria/nivo-slider/demo/demo.html HTTP/1.1" 200 4456
190.156.32.203 - - [27/Dec/2015:18:20:43 -0500] "GET /galeria/nivo-slider/themes/default/default.css HTTP/1.1" 200 1569
190.156.32.203 - - [27/Dec/2015:18:20:43 -0500] "GET /galeria/nivo-slider/themes/pascal/pascal.css HTTP/1.1" 200 2258
190.156.32.203 - - [27/Dec/2015:18:20:44 -0500] "GET /galeria/nivo-slider/themes/orman/orman.css HTTP/1.1" 200 2152
190.156.32.203 - - [27/Dec/2015:18:20:44 -0500] "GET /galeria/nivo-slider/nivo-slider.css HTTP/1.1" 200 1507
190.156.32.203 - - [27/Dec/2015:18:20:44 -0500] "GET /galeria/nivo-slider/demo/style.css HTTP/1.1" 200 2222
190.156.32.203 - - [27/Dec/2015:18:20:44 -0500] "GET /galeria/nivo-slider/demo/scripts/jquery-1.7.1.min.js HTTP/1.1" 200 93868
190.156.32.203 - - [27/Dec/2015:18:20:44 -0500] "GET /galeria/nivo-slider/jquery.nivo.slider.pack.js HTTP/1.1" 200 11561
190.156.32.203 - - [27/Dec/2015:18:20:44 -0500] "GET /galeria/nivo-slider/demo/images/ambientales.jpg HTTP/1.1" 200 397233
190.156.32.203 - - [27/Dec/2015:18:20:44 -0500] "GET /galeria/nivo-slider/demo/images/2Banner-encuestaSDA.jpg HTTP/1.1" 200 208228
190.156.32.203 - - [27/Dec/2015:18:20:44 -0500] "GET /galeria/nivo-slider/demo/images/Programacion-navidena.jpg HTTP/1.1" 200 316038
190.156.32.203 - - [27/Dec/2015:18:20:45 -0500] "GET /galeria/nivo-slider/demo/images/ABC-Plan-de-contigencia.jpg HTTP/1.1" 200 401853
190.156.32.203 - - [27/Dec/2015:18:20:45 -0500] "GET /galeria/nivo-slider/demo/images/banner-llantas2015.jpg HTTP/1.1" 200 185615
190.156.32.203 - - [27/Dec/2015:18:20:45 -0500] "GET /galeria/nivo-slider/demo/images/caminata-ecologica.jpg HTTP/1.1" 200 161069
190.156.32.203 - - [27/Dec/2015:18:20:45 -0500] "GET /galeria/nivo-slider/demo/images/Banner-ahorro-de-agua.jpg HTTP/1.1" 200 149141
190.156.32.203 - - [27/Dec/2015:18:20:45 -0500] "GET /galeria/nivo-slider/demo/images/Cmapana-onestidad.jpg HTTP/1.1" 200 141638
190.156.32.203 - - [27/Dec/2015:18:20:47 -0500] "GET /galeria/nivo-slider/demo/images/PREDAcamp.jpg HTTP/1.1" 200 295358
190.156.32.203 - - [27/Dec/2015:18:20:48 -0500] "GET /galeria/nivo-slider/demo/images/banner-llantas2.jpg HTTP/1.1" 200 204644
186.144.252.156 - - [27/Dec/2015:18:20:48 -0500] "POST /forms/lservlet;jsessionid=ac16012b30d76e656e15b82949d29f35abd43da72cb5.e3iSbxaKaheRe38KbN0Rb34Mc3j0n6jAmljGr5XDqQLvpAe HTTP/1.1" 200 2
190.156.32.203 - - [27/Dec/2015:18:20:50 -0500] "GET /galeria/nivo-slider/demo/images/9Signos.jpg HTTP/1.1" 200 81776
190.156.32.203 - - [27/Dec/2015:18:20:53 -0500] "GET /galeria/nivo-slider/demo/images/Ruta-vertimientos-01.jpg HTTP/1.1" 200 130151
190.156.32.203 - - [27/Dec/2015:18:20:54 -0500] "GET /galeria/nivo-slider/demo/images/Conoce-los-humedales.jpg HTTP/1.1" 200 294036
190.156.32.203 - - [27/Dec/2015:18:20:54 -0500] "GET /galeria/nivo-slider/demo/images/bolsas-06.jpg HTTP/1.1" 200 90982
190.156.32.203 - - [27/Dec/2015:18:20:54 -0500] "GET /galeria/nivo-slider/demo/images/ecolecta-Dic2014.png HTTP/1.1" 200 288593
190.156.32.203 - - [27/Dec/2015:18:20:54 -0500] "GET /galeria/nivo-slider/demo/images/4Simple_Slider.png HTTP/1.1" 200 11722
190.156.32.203 - - [27/Dec/2015:18:20:55 -0500] "GET /galeria/nivo-slider/themes/default/loading.gif HTTP/1.1" 200 1737
190.156.32.203 - - [27/Dec/2015:18:21:03 -0500] "GET /galeria/nivo-slider/themes/default/arrows.png HTTP/1.1" 200 824
190.156.32.203 - - [27/Dec/2015:18:21:03 -0500] "GET /galeria/nivo-slider/themes/default/bullets.png HTTP/1.1" 200 1281
190.156.9.207 - - [27/Dec/2015:18:21:26 -0500] "GET /galeria/nivo-slider/demo/images/ambientales.jpg HTTP/1.1" 304 -
181.61.157.41 - - [27/Dec/2015:18:21:39 -0500] "GET /IsolucionSDA/javascript/ClickValidation.js HTTP/1.1" 404 1245
181.61.157.41 - - [27/Dec/2015:18:21:39 -0500] "GET /IsolucionSDA/Administracion/SalaEdicion/g/GifTransparente.gif HTTP/1.1" 404 1245
181.61.157.41 - - [27/Dec/2015:18:21:39 -0500] "GET /IsolucionSDA/Administracion/Graficas/vacio1x1.gif HTTP/1.1" 404 1245
181.61.157.41 - - [27/Dec/2015:18:21:22 -0500] "POST /IsolucionSDA/Administracion/SalaEdicion/Articulo.asp HTTP/1.1" 200 957366
181.50.77.217 - - [27/Dec/2015:18:22:05 -0500] "POST /forms/lservlet;jsessionid=ac16012b30d7ee629dd079514031ab04b901dfb85966.e3iSbxaKaheRe38KbN0Rb34Mc3j0n6jAmljGr5XDqQLvpAe HTTP/1.1" 200 2
181.61.157.41 - - [27/Dec/2015:18:21:53 -0500] "POST /IsolucionSDA/Administracion/SalaEdicion/Articulo.asp HTTP/1.1" 302 260
181.61.157.41 - - [27/Dec/2015:18:22:10 -0500] "GET /IsolucionSDA/Administracion/SalaEdicion/FrameSetVistaPrevia.asp?Articulo=R/Registrodelapublicidadexteriorvisual_v6/Registrodelapublicidadexteriorvisual_v6.asp&Id_Articulo=9578 HTTP/1.1" 200 6480
181.61.157.41 - - [27/Dec/2015:18:22:10 -0500] "GET /IsolucionSDA/Administracion/SalaEdicion/VistaPreviaAtras.asp?Id_Articulo=9578 HTTP/1.1" 200 319
181.61.157.41 - - [27/Dec/2015:18:22:10 -0500] "GET /ISOlucionSDA/BancoConocimiento/R/Registrodelapublicidadexteriorvisual_v6/Registrodelapublicidadexteriorvisual_v6.asp?Debug=YES&Id_Articulo=9578&VistaPrevia= HTTP/1.1" 200 193960
69.162.124.233 - - [27/Dec/2015:18:22:11 -0500] "HEAD / HTTP/1.1" 200 -
66.249.64.101 - - [27/Dec/2015:18:22:20 -0500] "GET /BLA/resoluciones/RESOLUCIONES%202010/1592.pdf HTTP/1.1" 200 384276
66.249.64.106 - - [27/Dec/2015:18:22:24 -0500] "GET /BLA/resoluciones/RESOLUCIONES%202011/2342.pdf HTTP/1.1" 200 259928
66.249.64.106 - - [27/Dec/2015:18:22:24 -0500] "GET /BLA/resoluciones/RESOLUCIONES%202011/0314.pdf HTTP/1.1" 304 -
66.249.64.238 - - [27/Dec/2015:18:22:30 -0500] "GET /dama/libreria/pdf/res1190_sept_27_2006.pdf HTTP/1.1" 404 1019
186.144.252.156 - - [27/Dec/2015:18:22:48 -0500] "POST /forms/lservlet;jsessionid=ac16012b30d76e656e15b82949d29f35abd43da72cb5.e3iSbxaKaheRe38KbN0Rb34Mc3j0n6jAmljGr5XDqQLvpAe HTTP/1.1" 200 2
137.183.232.27 - - [27/Dec/2015:18:23:03 -0500] "GET /galeria/galeria/jquery.fancybox.css?v=2.1.5 HTTP/1.1" 304 -
181.61.157.41 - - [27/Dec/2015:18:23:09 -0500] "GET /IsolucionSDA/javascript/ClickValidation.js HTTP/1.1" 404 1245
181.61.157.41 - - [27/Dec/2015:18:23:09 -0500] "GET /IsolucionSDA/Administracion/SalaEdicion/g/GifTransparente.gif HTTP/1.1" 404 1245
181.61.157.41 - - [27/Dec/2015:18:23:09 -0500] "GET /IsolucionSDA/Administracion/Graficas/vacio1x1.gif HTTP/1.1" 404 1245
100.43.91.6 - - [27/Dec/2015:18:23:16 -0500] "GET /robots.txt HTTP/1.1" 404 1019
152.200.187.117 - - [27/Dec/2015:18:23:19 -0500] "GET /BLA/boletinlegal/js/jquery.scrollShow.js HTTP/1.1" 200 4586
181.61.157.41 - - [27/Dec/2015:18:22:52 -0500] "POST /IsolucionSDA/Administracion/SalaEdicion/Articulo.asp HTTP/1.1" 200 957372
152.200.187.117 - - [27/Dec/2015:18:23:19 -0500] "GET /galeria/galeria/jquery.fancybox.js?v=2.1.5 HTTP/1.1" 200 48706
152.200.187.117 - - [27/Dec/2015:18:23:19 -0500] "GET /galeria/carrusel/Carrusel/jquery.thumbnailScroller.css HTTP/1.1" 200 2066
152.200.187.117 - - [27/Dec/2015:18:23:20 -0500] "GET /galeria/galeria/jquery.fancybox.css?v=2.1.5 HTTP/1.1" 200 4895
152.200.187.117 - - [27/Dec/2015:18:23:20 -0500] "GET /galeria/carrusel/Carrusel/jquery-ui-1.8.13.custom.min.js HTTP/1.1" 200 10800
152.200.187.117 - - [27/Dec/2015:18:23:20 -0500] "GET /galeria/carrusel/Carrusel/jquery.thumbnailScroller.js HTTP/1.1" 200 8157
152.200.187.117 - - [27/Dec/2015:18:23:37 -0500] "GET /galeria/nivo-slider/demo/demo.html HTTP/1.1" 200 4456
181.61.157.41 - - [27/Dec/2015:18:23:22 -0500] "POST /IsolucionSDA/Administracion/SalaEdicion/Articulo.asp HTTP/1.1" 302 260
181.61.157.41 - - [27/Dec/2015:18:23:38 -0500] "GET /IsolucionSDA/Administracion/SalaEdicion/FrameSetVistaPrevia.asp?Articulo=R/Registrodelapublicidadexteriorvisual_v6/Registrodelapublicidadexteriorvisual_v6.asp&Id_Articulo=9578 HTTP/1.1" 200 6480
181.61.157.41 - - [27/Dec/2015:18:23:38 -0500] "GET /IsolucionSDA/Administracion/SalaEdicion/VistaPreviaAtras.asp?Id_Articulo=9578 HTTP/1.1" 200 319
181.61.157.41 - - [27/Dec/2015:18:23:39 -0500] "GET /ISOlucionSDA/BancoConocimiento/R/Registrodelapublicidadexteriorvisual_v6/Registrodelapublicidadexteriorvisual_v6.asp?Debug=YES&Id_Articulo=9578&VistaPrevia= HTTP/1.1" 200 193966
152.200.187.117 - - [27/Dec/2015:18:23:40 -0500] "GET /galeria/nivo-slider/themes/default/default.css HTTP/1.1" 200 1569
152.200.187.117 - - [27/Dec/2015:18:23:40 -0500] "GET /galeria/nivo-slider/themes/pascal/pascal.css HTTP/1.1" 200 2258
152.200.187.117 - - [27/Dec/2015:18:23:40 -0500] "GET /galeria/nivo-slider/demo/scripts/jquery-1.7.1.min.js HTTP/1.1" 200 93868
152.200.187.117 - - [27/Dec/2015:18:23:40 -0500] "GET /galeria/nivo-slider/jquery.nivo.slider.pack.js HTTP/1.1" 200 11561
152.200.187.117 - - [27/Dec/2015:18:23:40 -0500] "GET /galeria/nivo-slider/themes/orman/orman.css HTTP/1.1" 200 2152
152.200.187.117 - - [27/Dec/2015:18:23:40 -0500] "GET /galeria/nivo-slider/demo/images/2Banner-encuestaSDA.jpg HTTP/1.1" 200 208228
152.200.187.117 - - [27/Dec/2015:18:23:40 -0500] "GET /galeria/nivo-slider/demo/style.css HTTP/1.1" 200 2222
152.200.187.117 - - [27/Dec/2015:18:23:40 -0500] "GET /galeria/nivo-slider/demo/images/caminata-ecologica.jpg HTTP/1.1" 200 161069
152.200.187.117 - - [27/Dec/2015:18:23:40 -0500] "GET /galeria/nivo-slider/demo/images/Banner-ahorro-de-agua.jpg HTTP/1.1" 200 149141
152.200.187.117 - - [27/Dec/2015:18:23:40 -0500] "GET /galeria/nivo-slider/nivo-slider.css HTTP/1.1" 200 1507
152.200.187.117 - - [27/Dec/2015:18:23:40 -0500] "GET /galeria/nivo-slider/demo/images/PREDAcamp.jpg HTTP/1.1" 200 295358
152.200.187.117 - - [27/Dec/2015:18:23:40 -0500] "GET /galeria/nivo-slider/demo/images/Programacion-navidena.jpg HTTP/1.1" 200 316038
152.200.187.117 - - [27/Dec/2015:18:23:40 -0500] "GET /galeria/nivo-slider/demo/images/ABC-Plan-de-contigencia.jpg HTTP/1.1" 200 401853
152.200.187.117 - - [27/Dec/2015:18:23:40 -0500] "GET /galeria/nivo-slider/demo/images/banner-llantas2015.jpg HTTP/1.1" 200 185615
152.200.187.117 - - [27/Dec/2015:18:23:40 -0500] "GET /galeria/nivo-slider/demo/images/ambientales.jpg HTTP/1.1" 200 397233
152.200.187.117 - - [27/Dec/2015:18:23:40 -0500] "GET /galeria/nivo-slider/demo/images/Ruta-vertimientos-01.jpg HTTP/1.1" 200 130151
152.200.187.117 - - [27/Dec/2015:18:23:40 -0500] "GET /galeria/nivo-slider/demo/images/Cmapana-onestidad.jpg HTTP/1.1" 200 141638
152.200.187.117 - - [27/Dec/2015:18:23:40 -0500] "GET /galeria/nivo-slider/demo/images/banner-llantas2.jpg HTTP/1.1" 200 204644
152.200.187.117 - - [27/Dec/2015:18:23:42 -0500] "GET /galeria/nivo-slider/demo/images/9Signos.jpg HTTP/1.1" 200 81776
152.200.187.117 - - [27/Dec/2015:18:23:40 -0500] "GET /galeria/nivo-slider/demo/images/bolsas-06.jpg HTTP/1.1" 200 90982
152.200.187.117 - - [27/Dec/2015:18:23:42 -0500] "GET /galeria/nivo-slider/demo/images/Conoce-los-humedales.jpg HTTP/1.1" 200 294036
181.60.194.93 - - [27/Dec/2015:18:23:56 -0500] "GET /BLA/boletinlegal/js/jquery.scrollShow.js HTTP/1.1" 200 4586
181.60.194.93 - - [27/Dec/2015:18:23:56 -0500] "GET /galeria/galeria/jquery.fancybox.js?v=2.1.5 HTTP/1.1" 200 48706
181.61.157.41 - - [27/Dec/2015:18:23:56 -0500] "GET /IsolucionSDA/g/Bot_SiguienteOver.jpg HTTP/1.1" 200 1668
181.60.194.93 - - [27/Dec/2015:18:23:58 -0500] "GET /galeria/galeria/jquery.fancybox.css?v=2.1.5 HTTP/1.1" 200 4895
152.200.187.117 - - [27/Dec/2015:18:24:00 -0500] "GET /galeria/nivo-slider/themes/default/loading.gif HTTP/1.1" 200 1737
152.200.187.117 - - [27/Dec/2015:18:24:00 -0500] "GET /galeria/nivo-slider/demo/images/ecolecta-Dic2014.png HTTP/1.1" 200 288593
152.200.187.117 - - [27/Dec/2015:18:24:01 -0500] "GET /galeria/nivo-slider/demo/images/4Simple_Slider.png HTTP/1.1" 200 11722
152.200.187.117 - - [27/Dec/2015:18:24:03 -0500] "GET /galeria/nivo-slider/themes/default/arrows.png HTTP/1.1" 200 824
152.200.187.117 - - [27/Dec/2015:18:24:04 -0500] "GET /galeria/nivo-slider/themes/default/bullets.png HTTP/1.1" 200 1281
181.50.77.217 - - [27/Dec/2015:18:24:05 -0500] "POST /forms/lservlet;jsessionid=ac16012b30d7ee629dd079514031ab04b901dfb85966.e3iSbxaKaheRe38KbN0Rb34Mc3j0n6jAmljGr5XDqQLvpAe HTTP/1.1" 200 2
181.60.194.93 - - [27/Dec/2015:18:24:05 -0500] "GET /galeria/galeria/jquery.fancybox.css?v=2.1.5 HTTP/1.1" 304 -
181.60.194.93 - - [27/Dec/2015:18:24:05 -0500] "GET /BLA/boletinlegal/js/jquery.scrollShow.js HTTP/1.1" 304 -
181.60.194.93 - - [27/Dec/2015:18:24:05 -0500] "GET /galeria/galeria/jquery.fancybox.js?v=2.1.5 HTTP/1.1" 304 -
181.60.194.93 - - [27/Dec/2015:18:24:06 -0500] "GET /BLA/boletinlegal/js/jquery.scrollShow.js HTTP/1.1" 304 -
181.60.194.93 - - [27/Dec/2015:18:24:06 -0500] "GET /galeria/galeria/jquery.fancybox.js?v=2.1.5 HTTP/1.1" 304 -
181.60.194.93 - - [27/Dec/2015:18:24:06 -0500] "GET /galeria/galeria/jquery.fancybox.css?v=2.1.5 HTTP/1.1" 304 -
181.61.157.41 - - [27/Dec/2015:18:24:14 -0500] "GET /IsolucionSDA/g/Ico_EnviarFlujoOver.gif HTTP/1.1" 200 192
181.61.157.41 - - [27/Dec/2015:18:24:33 -0500] "GET /IsolucionSDA/javascript/ClickValidation.js HTTP/1.1" 404 1245
181.61.157.41 - - [27/Dec/2015:18:24:33 -0500] "GET /IsolucionSDA/Administracion/SalaEdicion/g/GifTransparente.gif HTTP/1.1" 404 1245
181.61.157.41 - - [27/Dec/2015:18:24:33 -0500] "GET /IsolucionSDA/Administracion/Graficas/vacio1x1.gif HTTP/1.1" 404 1245
66.249.64.101 - - [27/Dec/2015:18:24:33 -0500] "GET /BLA/resoluciones/RESOLUCIONES%202007/RES%202007%20601%20AL%20700/RESOLUCION%200688%20DE%202007.pdf HTTP/1.1" 200 1588303
181.61.157.41 - - [27/Dec/2015:18:24:16 -0500] "POST /IsolucionSDA/Administracion/SalaEdicion/Articulo.asp HTTP/1.1" 200 957361
186.144.252.156 - - [27/Dec/2015:18:24:48 -0500] "POST /forms/lservlet;jsessionid=ac16012b30d76e656e15b82949d29f35abd43da72cb5.e3iSbxaKaheRe38KbN0Rb34Mc3j0n6jAmljGr5XDqQLvpAe HTTP/1.1" 200 2
190.156.32.203 - - [27/Dec/2015:18:24:51 -0500] "GET /galeria/galeria/jquery.fancybox.js?v=2.1.5 HTTP/1.1" 304 -
190.156.32.203 - - [27/Dec/2015:18:24:51 -0500] "GET /galeria/galeria/jquery.fancybox.css?v=2.1.5 HTTP/1.1" 304 -
186.154.134.69 - - [27/Dec/2015:18:24:54 -0500] "GET /BLA/resoluciones/AUTOS%202009/1251.pdf HTTP/1.1" 200 110480
186.154.134.69 - - [27/Dec/2015:18:24:55 -0500] "GET /favicon.ico HTTP/1.1" 200 7782
66.249.64.101 - - [27/Dec/2015:18:25:18 -0500] "GET /BLA/resoluciones/RESOLUCIONES%202010/0777.pdf HTTP/1.1" 200 129924
66.249.64.101 - - [27/Dec/2015:18:25:23 -0500] "GET /BLA/resoluciones/RESOLUCIONES%202014/0933.pdf HTTP/1.1" 304 -
66.249.64.96 - - [27/Dec/2015:18:25:24 -0500] "GET /BLA/resoluciones/RESOLUCIONES%202012/0195.pdf HTTP/1.1" 304 -
66.249.64.96 - - [27/Dec/2015:18:25:30 -0500] "GET /BLA/resoluciones/AUTOS%202008/0261.pdf HTTP/1.1" 200 137312
187.136.44.151 - - [27/Dec/2015:18:25:52 -0500] "GET /BLA/boletinlegal/js/jquery.scrollShow.js HTTP/1.1" 200 4586
187.136.44.151 - - [27/Dec/2015:18:25:53 -0500] "GET /galeria/galeria/jquery.fancybox.css?v=2.1.5 HTTP/1.1" 200 4895
187.136.44.151 - - [27/Dec/2015:18:25:53 -0500] "GET /galeria/galeria/jquery.fancybox.js?v=2.1.5 HTTP/1.1" 200 48706
187.136.44.151 - - [27/Dec/2015:18:25:53 -0500] "GET /galeria/galeria/jquery.fancybox.js?v=2.1.5 HTTP/1.1" 206 128
152.200.187.117 - - [27/Dec/2015:18:25:58 -0500] "GET /BLA/boletinlegal/js/jquery.scrollShow.js HTTP/1.1" 304 -
152.200.187.117 - - [27/Dec/2015:18:25:58 -0500] "GET /galeria/galeria/jquery.fancybox.css?v=2.1.5 HTTP/1.1" 304 -
152.200.187.117 - - [27/Dec/2015:18:25:58 -0500] "GET /galeria/galeria/jquery.fancybox.js?v=2.1.5 HTTP/1.1" 304 -
181.50.77.217 - - [27/Dec/2015:18:26:05 -0500] "POST /forms/lservlet;jsessionid=ac16012b30d7ee629dd079514031ab04b901dfb85966.e3iSbxaKaheRe38KbN0Rb34Mc3j0n6jAmljGr5XDqQLvpAe HTTP/1.1" 200 2
66.249.88.223 - - [27/Dec/2015:18:26:14 -0500] "GET /BLA/boletinlegal/js/jquery.scrollShow.js HTTP/1.1" 200 4586
187.136.44.151 - - [27/Dec/2015:18:26:02 -0500] "GET /videos/CRRFFS.mp4 HTTP/1.1" 200 286784363
66.249.88.228 - - [27/Dec/2015:18:26:14 -0500] "GET /galeria/galeria/jquery.fancybox.js?v=2.1.5 HTTP/1.1" 200 48706
66.249.88.233 - - [27/Dec/2015:18:26:14 -0500] "GET /galeria/galeria/jquery.fancybox.css?v=2.1.5 HTTP/1.1" 200 4895
66.249.88.228 - - [27/Dec/2015:18:26:20 -0500] "GET /BLA/boletinlegal/js/jquery.scrollShow.js HTTP/1.1" 304 -
66.249.88.228 - - [27/Dec/2015:18:26:20 -0500] "GET /galeria/galeria/jquery.fancybox.css?v=2.1.5 HTTP/1.1" 304 -
66.249.88.228 - - [27/Dec/2015:18:26:20 -0500] "GET /galeria/galeria/jquery.fancybox.js?v=2.1.5 HTTP/1.1" 304 -
186.80.29.243 - - [27/Dec/2015:18:26:32 -0500] "GET /BLA/resoluciones/AUTOS%202013/0368.pdf HTTP/1.1" 200 608200
186.144.252.156 - - [27/Dec/2015:18:26:48 -0500] "POST /forms/lservlet;jsessionid=ac16012b30d76e656e15b82949d29f35abd43da72cb5.e3iSbxaKaheRe38KbN0Rb34Mc3j0n6jAmljGr5XDqQLvpAe HTTP/1.1" 200 2
46.229.164.100 - - [27/Dec/2015:18:27:00 -0500] "GET /robots.txt HTTP/1.1" 404 1018
69.162.124.233 - - [27/Dec/2015:18:27:11 -0500] "HEAD / HTTP/1.1" 200 -
181.50.77.217 - - [27/Dec/2015:18:28:05 -0500] "POST /forms/lservlet;jsessionid=ac16012b30d7ee629dd079514031ab04b901dfb85966.e3iSbxaKaheRe38KbN0Rb34Mc3j0n6jAmljGr5XDqQLvpAe HTTP/1.1" 200 2
66.249.64.96 - - [27/Dec/2015:18:28:14 -0500] "GET /BLA/resoluciones/AUTOS%202008/1599.pdf HTTP/1.1" 200 140804
66.249.64.101 - - [27/Dec/2015:18:28:33 -0500] "GET /BLA/resoluciones/RESOLUCIONES%202008/4161.pdf HTTP/1.1" 200 263277
181.61.157.41 - - [27/Dec/2015:18:28:42 -0500] "GET /IsolucionSDA/javascript/ClickValidation.js HTTP/1.1" 404 1245
181.61.157.41 - - [27/Dec/2015:18:28:42 -0500] "GET /IsolucionSDA/Administracion/SalaEdicion/g/GifTransparente.gif HTTP/1.1" 404 1245
181.61.157.41 - - [27/Dec/2015:18:28:42 -0500] "GET /IsolucionSDA/Administracion/Graficas/vacio1x1.gif HTTP/1.1" 404 1245
186.144.252.156 - - [27/Dec/2015:18:28:48 -0500] "POST /forms/lservlet;jsessionid=ac16012b30d76e656e15b82949d29f35abd43da72cb5.e3iSbxaKaheRe38KbN0Rb34Mc3j0n6jAmljGr5XDqQLvpAe HTTP/1.1" 200 2
181.61.157.41 - - [27/Dec/2015:18:28:24 -0500] "POST /IsolucionSDA/Administracion/SalaEdicion/Articulo.asp HTTP/1.1" 200 958282
46.148.22.18 - - [27/Dec/2015:18:29:51 -0500] "GET /xmlrpc.php HTTP/1.1" 301 330
181.50.77.217 - - [27/Dec/2015:18:30:05 -0500] "POST /forms/lservlet;jsessionid=ac16012b30d7ee629dd079514031ab04b901dfb85966.e3iSbxaKaheRe38KbN0Rb34Mc3j0n6jAmljGr5XDqQLvpAe HTTP/1.1" 200 2
46.148.22.18 - - [27/Dec/2015:18:30:31 -0500] "GET /?author=1 HTTP/1.1" 301 329
186.144.252.156 - - [27/Dec/2015:18:30:48 -0500] "POST /forms/lservlet;jsessionid=ac16012b30d76e656e15b82949d29f35abd43da72cb5.e3iSbxaKaheRe38KbN0Rb34Mc3j0n6jAmljGr5XDqQLvpAe HTTP/1.1" 200 2
201.244.228.75 - - [27/Dec/2015:18:30:52 -0500] "GET /galeria/galeria/jquery.fancybox.js?v=2.1.5 HTTP/1.1" 200 48706
201.244.228.75 - - [27/Dec/2015:18:30:52 -0500] "GET /BLA/boletinlegal/js/jquery.scrollShow.js HTTP/1.1" 200 4586
201.244.228.75 - - [27/Dec/2015:18:30:52 -0500] "GET /galeria/galeria/jquery.fancybox.css?v=2.1.5 HTTP/1.1" 200 4895
181.61.157.41 - - [27/Dec/2015:18:31:04 -0500] "GET /IsolucionSDA/Session.asp HTTP/1.1" 200 6278
181.61.157.41 - - [27/Dec/2015:18:31:05 -0500] "GET /IsolucionSDA/SesionExpira.asp HTTP/1.1" 200 7310
181.61.157.41 - - [27/Dec/2015:18:31:05 -0500] "GET /IsolucionSDA/SesionNeutra.asp HTTP/1.1" 200 243
181.61.157.41 - - [27/Dec/2015:18:31:09 -0500] "GET /IsolucionSDA/Session.asp?Continue=1 HTTP/1.1" 200 6195
201.244.228.75 - - [27/Dec/2015:18:31:11 -0500] "GET /BLA/boletinlegal/js/jquery.scrollShow.js HTTP/1.1" 200 4586
201.244.228.75 - - [27/Dec/2015:18:31:11 -0500] "GET /galeria/galeria/jquery.fancybox.js?v=2.1.5 HTTP/1.1" 200 48706
201.244.228.75 - - [27/Dec/2015:18:31:11 -0500] "GET /galeria/galeria/jquery.fancybox.css?v=2.1.5 HTTP/1.1" 200 4895
66.249.64.96 - - [27/Dec/2015:18:31:13 -0500] "GET /BLA/resoluciones/RESOLUCIONES%202014/1341.pdf HTTP/1.1" 200 364873
66.249.64.96 - - [27/Dec/2015:18:31:44 -0500] "GET /BLA/resoluciones/AUTOS%202008/0001.pdf HTTP/1.1" 200 91188
66.249.64.96 - - [27/Dec/2015:18:31:47 -0500] "GET /BLA/resoluciones/RESOLUCIONES%202007/RES%202007%201901%20AL%202000/RESOLUCION%201924%20DE%202007.pdf HTTP/1.1" 200 705388
181.50.77.217 - - [27/Dec/2015:18:32:05 -0500] "POST /forms/lservlet;jsessionid=ac16012b30d7ee629dd079514031ab04b901dfb85966.e3iSbxaKaheRe38KbN0Rb34Mc3j0n6jAmljGr5XDqQLvpAe HTTP/1.1" 200 2
69.162.124.233 - - [27/Dec/2015:18:32:11 -0500] "HEAD / HTTP/1.1" 200 -
186.144.252.156 - - [27/Dec/2015:18:32:48 -0500] "POST /forms/lservlet;jsessionid=ac16012b30d76e656e15b82949d29f35abd43da72cb5.e3iSbxaKaheRe38KbN0Rb34Mc3j0n6jAmljGr5XDqQLvpAe HTTP/1.1" 200 2
190.156.32.203 - - [27/Dec/2015:18:32:59 -0500] "GET /galeria/galeria/jquery.fancybox.js?v=2.1.5 HTTP/1.1" 304 -
190.156.32.203 - - [27/Dec/2015:18:32:59 -0500] "GET /galeria/galeria/jquery.fancybox.css?v=2.1.5 HTTP/1.1" 304 -
181.61.157.41 - - [27/Dec/2015:18:33:10 -0500] "GET /IsolucionSDA/javascript/ClickValidation.js HTTP/1.1" 404 1245
181.61.157.41 - - [27/Dec/2015:18:33:10 -0500] "GET /IsolucionSDA/Administracion/SalaEdicion/g/GifTransparente.gif HTTP/1.1" 404 1245
181.61.157.41 - - [27/Dec/2015:18:33:10 -0500] "GET /IsolucionSDA/Administracion/Graficas/vacio1x1.gif HTTP/1.1" 404 1245
181.61.157.41 - - [27/Dec/2015:18:32:53 -0500] "POST /IsolucionSDA/Administracion/SalaEdicion/Articulo.asp HTTP/1.1" 200 957952
181.247.31.172 - - [27/Dec/2015:18:33:21 -0500] "GET /galeria/galeria/jquery.fancybox.css?v=2.1.5 HTTP/1.1" 200 4895
181.247.31.172 - - [27/Dec/2015:18:33:21 -0500] "GET /BLA/boletinlegal/js/jquery.scrollShow.js HTTP/1.1" 200 4586
181.247.31.172 - - [27/Dec/2015:18:33:21 -0500] "GET /galeria/galeria/jquery.fancybox.js?v=2.1.5 HTTP/1.1" 200 48706
181.247.31.172 - - [27/Dec/2015:18:33:34 -0500] "GET /BLA/boletinlegal/js/jquery.scrollShow.js HTTP/1.1" 304 -
181.247.31.172 - - [27/Dec/2015:18:33:34 -0500] "GET /galeria/galeria/jquery.fancybox.js?v=2.1.5 HTTP/1.1" 304 -
181.247.31.172 - - [27/Dec/2015:18:33:34 -0500] "GET /galeria/galeria/jquery.fancybox.css?v=2.1.5 HTTP/1.1" 304 -
181.247.31.172 - - [27/Dec/2015:18:33:36 -0500] "GET /BLA/boletinlegal/js/jquery.scrollShow.js HTTP/1.1" 304 -
181.247.31.172 - - [27/Dec/2015:18:33:36 -0500] "GET /galeria/galeria/jquery.fancybox.js?v=2.1.5 HTTP/1.1" 304 -
181.247.31.172 - - [27/Dec/2015:18:33:36 -0500] "GET /galeria/galeria/jquery.fancybox.css?v=2.1.5 HTTP/1.1" 304 -
181.50.77.217 - - [27/Dec/2015:18:34:05 -0500] "POST /forms/lservlet;jsessionid=ac16012b30d7ee629dd079514031ab04b901dfb85966.e3iSbxaKaheRe38KbN0Rb34Mc3j0n6jAmljGr5XDqQLvpAe HTTP/1.1" 200 2
66.249.64.106 - - [27/Dec/2015:18:34:10 -0500] "GET /BLA/resoluciones/AUTOS%202014/6519.pdf HTTP/1.1" 200 430771
66.249.64.96 - - [27/Dec/2015:18:34:44 -0500] "GET /BLA/resoluciones/AUTOS%202008/1185.pdf HTTP/1.1" 200 121816
186.144.252.156 - - [27/Dec/2015:18:34:48 -0500] "POST /forms/lservlet;jsessionid=ac16012b30d76e656e15b82949d29f35abd43da72cb5.e3iSbxaKaheRe38KbN0Rb34Mc3j0n6jAmljGr5XDqQLvpAe HTTP/1.1" 200 2
190.156.50.102 - - [27/Dec/2015:18:35:33 -0500] "GET /BLA/boletinlegal/js/jquery.scrollShow.js HTTP/1.1" 200 4586
190.156.50.102 - - [27/Dec/2015:18:35:33 -0500] "GET /galeria/galeria/jquery.fancybox.js?v=2.1.5 HTTP/1.1" 200 48706
190.156.50.102 - - [27/Dec/2015:18:35:33 -0500] "GET /BLA/boletinlegal/images/video.png HTTP/1.1" 200 57565
190.156.50.102 - - [27/Dec/2015:18:35:33 -0500] "GET /galeria/galeria/jquery.fancybox.css?v=2.1.5 HTTP/1.1" 200 4895
190.156.50.102 - - [27/Dec/2015:18:35:33 -0500] "GET /BLA/boletinlegal/images/pdf.gif HTTP/1.1" 200 567
190.156.50.102 - - [27/Dec/2015:18:35:39 -0500] "GET /BLA/boletinlegal/js/jquery.scrollShow.js HTTP/1.1" 304 -
190.156.50.102 - - [27/Dec/2015:18:35:39 -0500] "GET /galeria/galeria/jquery.fancybox.js?v=2.1.5 HTTP/1.1" 304 -
190.156.50.102 - - [27/Dec/2015:18:35:39 -0500] "GET /galeria/galeria/jquery.fancybox.css?v=2.1.5 HTTP/1.1" 304 -
190.156.50.102 - - [27/Dec/2015:18:35:39 -0500] "GET /BLA/boletinlegal/images/video.png HTTP/1.1" 304 -
190.156.50.102 - - [27/Dec/2015:18:35:39 -0500] "GET /BLA/boletinlegal/images/pdf.gif HTTP/1.1" 304 -
181.50.77.217 - - [27/Dec/2015:18:36:05 -0500] "POST /forms/lservlet;jsessionid=ac16012b30d7ee629dd079514031ab04b901dfb85966.e3iSbxaKaheRe38KbN0Rb34Mc3j0n6jAmljGr5XDqQLvpAe HTTP/1.1" 200 2
186.144.252.156 - - [27/Dec/2015:18:36:48 -0500] "POST /forms/lservlet;jsessionid=ac16012b30d76e656e15b82949d29f35abd43da72cb5.e3iSbxaKaheRe38KbN0Rb34Mc3j0n6jAmljGr5XDqQLvpAe HTTP/1.1" 200 2
190.26.210.162 - - [27/Dec/2015:18:36:52 -0500] "GET /BLA/boletinlegal/js/jquery.scrollShow.js HTTP/1.1" 200 4586
190.26.210.162 - - [27/Dec/2015:18:36:52 -0500] "GET /BLA/boletinlegal/js/jquery.scrollTo-min.js HTTP/1.1" 200 1150
190.26.210.162 - - [27/Dec/2015:18:36:52 -0500] "GET /galeria/galeria/jquery.fancybox.js?v=2.1.5 HTTP/1.1" 200 48706
190.26.210.162 - - [27/Dec/2015:18:36:52 -0500] "GET /galeria/galeria/jquery.fancybox.css?v=2.1.5 HTTP/1.1" 200 4895
190.26.210.162 - - [27/Dec/2015:18:37:11 -0500] "GET /galeria/nivo-slider/demo/demo.html HTTP/1.1" 200 4456
190.26.210.162 - - [27/Dec/2015:18:37:11 -0500] "GET /galeria/carrusel/Carrusel/jquery.thumbnailScroller.css HTTP/1.1" 200 2066
69.162.124.233 - - [27/Dec/2015:18:37:11 -0500] "HEAD / HTTP/1.1" 200 -
190.26.210.162 - - [27/Dec/2015:18:37:11 -0500] "GET /galeria/carrusel/Carrusel/jquery-ui- HTTP/1.1" 404 1018
190.26.210.162 - - [27/Dec/2015:18:37:14 -0500] "GET /galeria/carrusel/Carrusel/jquery.thumbnailScroller.js HTTP/1.1" 200 8157
190.26.210.162 - - [27/Dec/2015:18:37:25 -0500] "GET /galeria/nivo-slider/demo/ HTTP/1.1" 200 2278
190.156.13.159 - - [27/Dec/2015:18:37:27 -0500] "GET /BLA/boletinlegal/style.css HTTP/1.1" 200 9406
190.156.13.159 - - [27/Dec/2015:18:37:27 -0500] "GET /BLA/boletinlegal/styles2.css HTTP/1.1" 200 1838
190.156.13.159 - - [27/Dec/2015:18:37:27 -0500] "GET /BLA/boletinlegal/js/jquery.js HTTP/1.1" 200 57254
190.156.13.159 - - [27/Dec/2015:18:37:27 -0500] "GET /BLA/boletinlegal/js/jquery.scrollShow.js HTTP/1.1" 200 4586
190.156.13.159 - - [27/Dec/2015:18:37:27 -0500] "GET /BLA/boletinlegal/js/jquery.scrollTo-min.js HTTP/1.1" 200 1150
190.156.13.159 - - [27/Dec/2015:18:37:27 -0500] "GET /BLA/boletinlegal/images/cabezote%20BLEGAL.jpg HTTP/1.1" 200 118164
190.156.13.159 - - [27/Dec/2015:18:37:27 -0500] "GET /BLA/boletinlegal/images/nuevo.gif HTTP/1.1" 200 26475
190.156.13.159 - - [27/Dec/2015:18:37:27 -0500] "GET /BLA/boletinlegal/images/arr_l.jpg HTTP/1.1" 200 1979
190.156.13.159 - - [27/Dec/2015:18:37:27 -0500] "GET /BLA/boletinlegal/images/subscribe-icon-big.png HTTP/1.1" 200 47702
190.156.13.159 - - [27/Dec/2015:18:37:27 -0500] "GET /BLA/boletinlegal/images/screen_1.png HTTP/1.1" 200 202547
190.156.13.159 - - [27/Dec/2015:18:37:27 -0500] "GET /BLA/boletinlegal/images/launch.jpg HTTP/1.1" 200 14577
190.156.13.159 - - [27/Dec/2015:18:37:27 -0500] "GET /BLA/boletinlegal/images/screen_2.png HTTP/1.1" 200 362502
190.156.13.159 - - [27/Dec/2015:18:37:27 -0500] "GET /BLA/boletinlegal/images/body_bg.jpg HTTP/1.1" 200 1601
190.156.13.159 - - [27/Dec/2015:18:37:27 -0500] "GET /BLA/boletinlegal/images/menu_rght.gif HTTP/1.1" 200 1627
190.156.13.159 - - [27/Dec/2015:18:37:27 -0500] "GET /BLA/boletinlegal/images/menu_lft.gif HTTP/1.1" 200 1713
190.156.13.159 - - [27/Dec/2015:18:37:27 -0500] "GET /BLA/boletinlegal/images/menu_bg.jpg HTTP/1.1" 200 620
190.156.13.159 - - [27/Dec/2015:18:37:27 -0500] "GET /BLA/boletinlegal/images/bg_top.jpg HTTP/1.1" 200 522
190.156.13.159 - - [27/Dec/2015:18:37:27 -0500] "GET /BLA/boletinlegal/images/text.jpg HTTP/1.1" 200 568
190.156.13.159 - - [27/Dec/2015:18:37:27 -0500] "GET /BLA/boletinlegal/images/hover.jpg HTTP/1.1" 200 640
190.156.13.159 - - [27/Dec/2015:18:37:27 -0500] "GET /BLA/boletinlegal/images/historia.png HTTP/1.1" 200 52775
190.156.13.159 - - [27/Dec/2015:18:37:30 -0500] "GET /BLA/boletinlegal/actos.php HTTP/1.1" 200 7620
190.156.13.159 - - [27/Dec/2015:18:37:30 -0500] "GET /BLA/boletinlegal/niceforms.js HTTP/1.1" 200 22876
190.156.13.159 - - [27/Dec/2015:18:37:30 -0500] "GET /BLA/boletinlegal/js/popup.js HTTP/1.1" 200 1270
190.156.13.159 - - [27/Dec/2015:18:37:30 -0500] "GET /BLA/boletinlegal/niceforms-default.css HTTP/1.1" 200 6694
190.156.13.159 - - [27/Dec/2015:18:37:30 -0500] "GET /BLA/boletinlegal/js/lib.js HTTP/1.1" 200 6474
190.156.13.159 - - [27/Dec/2015:18:37:30 -0500] "GET /BLA/boletinlegal/js/ajax_actos.js HTTP/1.1" 200 1322
190.156.13.159 - - [27/Dec/2015:18:37:30 -0500] "GET /BLA/boletinlegal/js/jquery1.js HTTP/1.1" 200 29846
190.156.13.159 - - [27/Dec/2015:18:37:30 -0500] "GET /BLA/boletinlegal/images/green-yellow-blue-pink-th.png HTTP/1.1" 200 7394
190.156.13.159 - - [27/Dec/2015:18:37:30 -0500] "GET /BLA/boletinlegal/images/abajo.png HTTP/1.1" 200 96676
190.156.13.159 - - [27/Dec/2015:18:37:31 -0500] "GET /BLA/boletinlegal/images/footer_bg_l.jpg HTTP/1.1" 200 776
190.156.13.159 - - [27/Dec/2015:18:37:31 -0500] "GET /BLA/boletinlegal/images/footer_bg.jpg HTTP/1.1" 200 586
190.156.13.159 - - [27/Dec/2015:18:37:31 -0500] "GET /BLA/boletinlegal/img/0.png HTTP/1.1" 200 110
190.156.13.159 - - [27/Dec/2015:18:37:31 -0500] "GET /BLA/boletinlegal/img/button-right.png HTTP/1.1" 200 57878
190.156.13.159 - - [27/Dec/2015:18:37:31 -0500] "GET /BLA/boletinlegal/img/select-left.png HTTP/1.1" 200 263
190.156.13.159 - - [27/Dec/2015:18:37:31 -0500] "GET /BLA/boletinlegal/img/select-right.png HTTP/1.1" 200 44019
190.156.13.159 - - [27/Dec/2015:18:37:31 -0500] "GET /BLA/boletinlegal/img/button.png HTTP/1.1" 200 43241
190.156.13.159 - - [27/Dec/2015:18:37:31 -0500] "GET /BLA/boletinlegal/img/button-left.png HTTP/1.1" 200 57071
190.156.13.159 - - [27/Dec/2015:18:37:31 -0500] "GET /favicon.ico HTTP/1.1" 200 7782
190.156.13.159 - - [27/Dec/2015:18:37:33 -0500] "GET /BLA/resoluciones/ HTTP/1.1" 200 7916
190.156.13.159 - - [27/Dec/2015:18:37:33 -0500] "GET /BLA/resoluciones/dlf/styles.css HTTP/1.1" 200 3049
190.156.13.159 - - [27/Dec/2015:18:37:33 -0500] "GET /BLA/resoluciones/dlf/folder.png HTTP/1.1" 200 410
190.156.13.159 - - [27/Dec/2015:18:37:33 -0500] "GET /BLA/resoluciones/dlf/bg.gif HTTP/1.1" 200 54
190.156.13.159 - - [27/Dec/2015:18:37:39 -0500] "GET /BLA/resoluciones/dlf/dirup.png HTTP/1.1" 200 644
190.156.13.159 - - [27/Dec/2015:18:37:39 -0500] "GET /BLA/resoluciones/dlf/pdf.gif HTTP/1.1" 200 272
190.156.13.159 - - [27/Dec/2015:18:37:39 -0500] "GET /BLA/resoluciones/index.php?dir=RESOLUCIONES+2015%2F HTTP/1.1" 200 45968
190.156.13.159 - - [27/Dec/2015:18:37:27 -0500] "GET /BLA/boletinlegal/ HTTP/1.1" 200 16331
66.249.64.101 - - [27/Dec/2015:18:37:43 -0500] "GET /BLA/resoluciones/RESOLUCIONES%202010/3849.pdf HTTP/1.1" 304 -
66.249.64.96 - - [27/Dec/2015:18:37:47 -0500] "GET /BLA/resoluciones/RESOLUCIONES%202010/3463.pdf HTTP/1.1" 200 526875
181.50.77.217 - - [27/Dec/2015:18:38:05 -0500] "POST /forms/lservlet;jsessionid=ac16012b30d7ee629dd079514031ab04b901dfb85966.e3iSbxaKaheRe38KbN0Rb34Mc3j0n6jAmljGr5XDqQLvpAe HTTP/1.1" 200 2
190.26.210.162 - - [27/Dec/2015:18:37:11 -0500] "GET /BLA/boletinlegal/index.php? HTTP/1.1" 200 51063
186.144.252.156 - - [27/Dec/2015:18:38:49 -0500] "POST /forms/lservlet;jsessionid=ac16012b30d76e656e15b82949d29f35abd43da72cb5.e3iSbxaKaheRe38KbN0Rb34Mc3j0n6jAmljGr5XDqQLvpAe HTTP/1.1" 200 2
66.249.64.243 - - [27/Dec/2015:18:39:25 -0500] "GET /galeria/nivo-slider/demo/images/FiestaMulticolor.jpg HTTP/1.1" 200 187433
181.61.157.41 - - [27/Dec/2015:18:39:26 -0500] "GET /IsolucionSDA/javascript/ClickValidation.js HTTP/1.1" 404 1245
181.61.157.41 - - [27/Dec/2015:18:39:26 -0500] "GET /IsolucionSDA/Administracion/SalaEdicion/g/GifTransparente.gif HTTP/1.1" 404 1245
181.61.157.41 - - [27/Dec/2015:18:39:26 -0500] "GET /IsolucionSDA/Administracion/Graficas/vacio1x1.gif HTTP/1.1" 404 1245
181.61.157.41 - - [27/Dec/2015:18:39:09 -0500] "POST /IsolucionSDA/Administracion/SalaEdicion/Articulo.asp HTTP/1.1" 200 958025
181.50.77.217 - - [27/Dec/2015:18:40:05 -0500] "POST /forms/lservlet;jsessionid=ac16012b30d7ee629dd079514031ab04b901dfb85966.e3iSbxaKaheRe38KbN0Rb34Mc3j0n6jAmljGr5XDqQLvpAe HTTP/1.1" 200 2
66.249.64.238 - - [27/Dec/2015:18:40:05 -0500] "GET /SIG/Gestion%20Recursos%20Financieros/126PA02-PR19%20CAUSACION%20Y%20PAGO%20NOMINA.pdf HTTP/1.1" 200 182603
186.155.114.243 - - [27/Dec/2015:18:40:12 -0500] "GET /galeria/galeria/jquery.fancybox.css?v=2.1.5 HTTP/1.1" 200 4895
186.155.114.243 - - [27/Dec/2015:18:40:12 -0500] "GET /BLA/boletinlegal/js/jquery.scrollShow.js HTTP/1.1" 200 4586
186.155.114.243 - - [27/Dec/2015:18:40:12 -0500] "GET /galeria/galeria/jquery.fancybox.js?v=2.1.5 HTTP/1.1" 200 48706
181.61.157.41 - - [27/Dec/2015:18:40:26 -0500] "GET /IsolucionSDA/g/Ico_ComentarioOver.gif HTTP/1.1" 200 182
181.61.157.41 - - [27/Dec/2015:18:40:27 -0500] "GET /IsolucionSDA/g/Ico_ComentarioOver.gif HTTP/1.1" 200 182
181.61.157.41 - - [27/Dec/2015:18:40:25 -0500] "POST /IsolucionSDA/Administracion/SalaEdicion/Articulo.asp HTTP/1.1" 302 260
181.61.157.41 - - [27/Dec/2015:18:40:42 -0500] "GET /IsolucionSDA/Administracion/SalaEdicion/FrameSetVistaPrevia.asp?Articulo=R/Registrodelapublicidadexteriorvisual_v6/Registrodelapublicidadexteriorvisual_v6.asp&Id_Articulo=9578 HTTP/1.1" 200 6480
