208.30.41.59 - - [30/Dec/2015:10:40:47 -0500] "GET /galeria/nivo-slider/demo/images/PREDAcamp.jpg HTTP/1.1" 200 295358
208.30.41.59 - - [30/Dec/2015:10:40:48 -0500] "GET /galeria/nivo-slider/demo/images/banner-llantas2.jpg HTTP/1.1" 200 204644
208.30.41.59 - - [30/Dec/2015:10:40:48 -0500] "GET /galeria/nivo-slider/demo/images/9Signos.jpg HTTP/1.1" 200 81776
208.30.41.59 - - [30/Dec/2015:10:40:48 -0500] "GET /galeria/nivo-slider/demo/images/Ruta-vertimientos-01.jpg HTTP/1.1" 200 130151
69.162.124.233 - - [30/Dec/2015:10:40:48 -0500] "HEAD / HTTP/1.1" 200 -
208.30.41.59 - - [30/Dec/2015:10:40:48 -0500] "GET /galeria/nivo-slider/demo/images/bolsas-06.jpg HTTP/1.1" 200 90982
208.30.41.59 - - [30/Dec/2015:10:40:48 -0500] "GET /galeria/nivo-slider/demo/images/Conoce-los-humedales.jpg HTTP/1.1" 200 294036
208.30.41.59 - - [30/Dec/2015:10:40:48 -0500] "GET /galeria/nivo-slider/demo/images/ecolecta-Dic2014.png HTTP/1.1" 200 288593
66.249.64.96 - - [30/Dec/2015:10:40:49 -0500] "GET /BLA/resoluciones/RESOLUCIONES%202005/RES%202005%20601-650/00000650.tif HTTP/1.1" 200 103680
208.30.41.59 - - [30/Dec/2015:10:40:50 -0500] "GET /galeria/nivo-slider/themes/default/arrows.png HTTP/1.1" 200 824
208.30.41.59 - - [30/Dec/2015:10:40:50 -0500] "GET /galeria/nivo-slider/themes/default/bullets.png HTTP/1.1" 200 1281
66.249.64.96 - - [30/Dec/2015:10:40:54 -0500] "GET /BLA/resoluciones/RESOLUCIONES%202005/RES%202005%20601-650/00000645.tif HTTP/1.1" 200 40118
66.249.64.96 - - [30/Dec/2015:10:40:59 -0500] "GET /BLA/resoluciones/RESOLUCIONES%202005/RES%202005%20601-650/00000601.tif HTTP/1.1" 200 211810
201.245.192.253 - - [30/Dec/2015:10:41:02 -0500] "GET /IsolucionSDA/Administracion/SalaEdicion/BuscarVarios.asp?Form=Admon&Campo1=textoObjeto43_9&Campo2=Objeto43_9&ListaSucursales=1&items=&tabla=Cargo&primeravez=true HTTP/1.1" 200 48014
186.155.241.34 - - [30/Dec/2015:10:41:03 -0500] "GET /dama/libreria/jpg/sec_amb.jpg HTTP/1.1" 404 1019
186.155.241.34 - - [30/Dec/2015:10:41:04 -0500] "GET /dama/libreria/jpg/sec_amb.jpg HTTP/1.1" 404 1019
186.155.241.34 - - [30/Dec/2015:10:41:04 -0500] "GET /dama/libreria/jpg/sec_amb.jpg HTTP/1.1" 404 1019
186.155.241.34 - - [30/Dec/2015:10:41:04 -0500] "GET /dama/libreria/jpg/sec_amb.jpg HTTP/1.1" 404 1019
66.249.64.96 - - [30/Dec/2015:10:41:04 -0500] "GET /BLA/resoluciones/RESOLUCIONES%202005/RES%202005%20601-650/00000638.tif HTTP/1.1" 200 245434
186.155.241.34 - - [30/Dec/2015:10:41:04 -0500] "GET /dama/libreria/jpg/sec_amb.jpg HTTP/1.1" 404 1019
186.155.241.34 - - [30/Dec/2015:10:41:04 -0500] "GET /dama/libreria/jpg/sec_amb.jpg HTTP/1.1" 404 1019
186.155.241.34 - - [30/Dec/2015:10:41:04 -0500] "GET /dama/libreria/jpg/sec_amb.jpg HTTP/1.1" 404 1019
186.155.241.34 - - [30/Dec/2015:10:41:04 -0500] "GET /dama/libreria/jpg/sec_amb.jpg HTTP/1.1" 404 1019
201.245.192.253 - - [30/Dec/2015:10:41:04 -0500] "POST /IsolucionSDA/Administracion/SalaEdicion/BuscarVarios.asp HTTP/1.1" 200 18082
186.155.241.34 - - [30/Dec/2015:10:41:06 -0500] "GET /dama/libreria/jpg/sec_amb.jpg HTTP/1.1" 404 1019
186.155.241.34 - - [30/Dec/2015:10:41:06 -0500] "GET /dama/libreria/jpg/sec_amb.jpg HTTP/1.1" 404 1019
186.155.241.34 - - [30/Dec/2015:10:41:06 -0500] "GET /dama/libreria/jpg/sec_amb.jpg HTTP/1.1" 404 1019
186.155.241.34 - - [30/Dec/2015:10:41:06 -0500] "GET /dama/libreria/jpg/sec_amb.jpg HTTP/1.1" 404 1019
201.245.192.253 - - [30/Dec/2015:10:41:06 -0500] "GET /galeria/galeria/jquery.fancybox.js?v=2.1.5 HTTP/1.1" 304 -
201.245.192.253 - - [30/Dec/2015:10:41:06 -0500] "GET /galeria/galeria/jquery.fancybox.css?v=2.1.5 HTTP/1.1" 304 -
186.155.241.34 - - [30/Dec/2015:10:41:06 -0500] "GET /dama/libreria/jpg/sec_amb.jpg HTTP/1.1" 404 1019
186.155.241.34 - - [30/Dec/2015:10:41:06 -0500] "GET /dama/libreria/jpg/sec_amb.jpg HTTP/1.1" 404 1019
186.155.241.34 - - [30/Dec/2015:10:41:07 -0500] "GET /dama/libreria/jpg/sec_amb.jpg HTTP/1.1" 404 1019
186.155.241.34 - - [30/Dec/2015:10:41:07 -0500] "GET /dama/libreria/jpg/sec_amb.jpg HTTP/1.1" 404 1019
201.245.192.253 - - [30/Dec/2015:10:41:08 -0500] "GET /galeria/nivo-slider/demo/demo.html HTTP/1.1" 304 -
66.249.64.96 - - [30/Dec/2015:10:41:08 -0500] "GET /BLA/resoluciones/RESOLUCIONES%202005/RES%202005%20601-650/00000642.tif HTTP/1.1" 200 228574
201.245.192.253 - - [30/Dec/2015:10:41:09 -0500] "GET /galeria/nivo-slider/demo/images/ambientales.jpg HTTP/1.1" 304 -
201.245.192.253 - - [30/Dec/2015:10:41:09 -0500] "GET /galeria/nivo-slider/demo/images/Cmapana-onestidad.jpg HTTP/1.1" 304 -
201.245.192.253 - - [30/Dec/2015:10:41:09 -0500] "GET /galeria/nivo-slider/demo/images/PREDAcamp.jpg HTTP/1.1" 304 -
66.249.64.96 - - [30/Dec/2015:10:41:13 -0500] "GET /BLA/resoluciones/RESOLUCIONES%202005/RES%202005%20601-650/00000607.tif HTTP/1.1" 200 179936
190.85.120.34 - - [30/Dec/2015:10:41:17 -0500] "GET /BLA/resoluciones/RESOLUCIONES%202012/1281.pdf HTTP/1.1" 200 1105786
190.85.120.34 - - [30/Dec/2015:10:41:17 -0500] "GET /favicon.ico HTTP/1.1" 200 7782
66.249.64.96 - - [30/Dec/2015:10:41:18 -0500] "GET /BLA/resoluciones/RESOLUCIONES%202005/RES%202005%20601-650/00000622.tif HTTP/1.1" 200 37386
190.85.120.34 - - [30/Dec/2015:10:41:18 -0500] "GET /BLA/resoluciones/RESOLUCIONES%202012/1281.pdf HTTP/1.1" 206 32768
190.85.120.34 - - [30/Dec/2015:10:41:18 -0500] "GET /BLA/resoluciones/RESOLUCIONES%202012/1281.pdf HTTP/1.1" 206 1073018
181.48.169.170 - - [30/Dec/2015:10:41:19 -0500] "GET /galeria/galeria/jquery.fancybox.css?v=2.1.5 HTTP/1.1" 304 -
181.48.169.170 - - [30/Dec/2015:10:41:19 -0500] "GET /BLA/boletinlegal/js/jquery.scrollShow.js HTTP/1.1" 304 -
181.48.169.170 - - [30/Dec/2015:10:41:19 -0500] "GET /galeria/galeria/jquery.fancybox.js?v=2.1.5 HTTP/1.1" 304 -
201.245.192.253 - - [30/Dec/2015:10:41:22 -0500] "POST /IsolucionSDA/Administracion/SalaEdicion/BuscarVarios.asp HTTP/1.1" 200 21644
66.249.64.96 - - [30/Dec/2015:10:41:22 -0500] "GET /BLA/resoluciones/RESOLUCIONES%202005/RES%202005%20601-650/00000612.tif HTTP/1.1" 200 226748
208.30.41.59 - - [30/Dec/2015:10:41:26 -0500] "GET /galeria/galeria/jquery.fancybox.js?v=2.1.5 HTTP/1.1" 304 -
208.30.41.59 - - [30/Dec/2015:10:41:26 -0500] "GET /BLA/boletinlegal/js/jquery.scrollShow.js HTTP/1.1" 304 -
208.30.41.59 - - [30/Dec/2015:10:41:26 -0500] "GET /galeria/galeria/jquery.fancybox.css?v=2.1.5 HTTP/1.1" 304 -
66.249.64.96 - - [30/Dec/2015:10:41:27 -0500] "GET /BLA/resoluciones/RESOLUCIONES%202005/RES%202005%20601-650/00000625.tif HTTP/1.1" 200 147916
66.249.64.96 - - [30/Dec/2015:10:41:32 -0500] "GET /BLA/resoluciones/RESOLUCIONES%202005/RES%202005%20601-650/00000648.tif HTTP/1.1" 200 86742
181.48.169.170 - - [30/Dec/2015:10:41:34 -0500] "GET /transparencia/directorioservidores/diciembre2015.xlsx HTTP/1.1" 200 37314
66.249.64.96 - - [30/Dec/2015:10:41:36 -0500] "GET /BLA/resoluciones/RESOLUCIONES%202005/RES%202005%20601-650/00000634.tif HTTP/1.1" 200 240226
201.245.192.253 - - [30/Dec/2015:10:41:38 -0500] "GET /isolucionsda/Administracion/SalaEdicion/ArticuloSeleccion.asp?Admin=1&Form=Admon&Campo=Objeto28_1 HTTP/1.1" 200 107979
66.249.64.96 - - [30/Dec/2015:10:41:41 -0500] "GET /BLA/resoluciones/RESOLUCIONES%202005/RES%202005%20601-650/00000623.tif HTTP/1.1" 200 8262
201.245.192.253 - - [30/Dec/2015:10:41:43 -0500] "POST /isolucionsda/Administracion/SalaEdicion/ArticuloSeleccion.asp?Admin=1&Form=Admon&Campo=Objeto28_1 HTTP/1.1" 200 11332
201.245.192.253 - - [30/Dec/2015:10:41:45 -0500] "POST /isolucionsda/Administracion/SalaEdicion/ArticuloSeleccion.asp?Admin=1&Form=Admon&Campo=Objeto28_1 HTTP/1.1" 200 11333
66.249.64.96 - - [30/Dec/2015:10:41:46 -0500] "GET /BLA/resoluciones/RESOLUCIONES%202005/RES%202005%20601-650/00000626.tif HTTP/1.1" 200 288974
201.245.192.253 - - [30/Dec/2015:10:41:48 -0500] "POST /isolucionsda/Administracion/SalaEdicion/ArticuloSeleccion.asp?Admin=1&Form=Admon&Campo=Objeto28_1 HTTP/1.1" 200 11557
66.249.64.96 - - [30/Dec/2015:10:41:50 -0500] "GET /BLA/resoluciones/RESOLUCIONES%202005/RES%202005%20601-650/00000615.tif HTTP/1.1" 200 226324
201.245.192.253 - - [30/Dec/2015:10:41:54 -0500] "GET /IsolucionSDA/Buscar.asp?Tabla=ObjetivoProceso&Form=Admon&CampoDisplay=CodObjetivoProcesoDisplay&CampoHidden=CodObjetivoProceso&items=&primeravez=true&QueryString=%5B%5B%5D%5DCodProceso=3 HTTP/1.1" 200 10978
66.249.64.96 - - [30/Dec/2015:10:41:55 -0500] "GET /BLA/resoluciones/RESOLUCIONES%202005/RES%202005%20601-650/00000617.tif HTTP/1.1" 200 229448
201.245.192.253 - - [30/Dec/2015:10:41:53 -0500] "POST /isolucionsda/Administracion/SalaEdicion/Articulo.asp HTTP/1.1" 302 245
201.245.192.253 - - [30/Dec/2015:10:41:56 -0500] "GET /isolucionsda/Administracion/SalaEdicion/ArticuloAdicionarTipo.asp?Id_Articulo=9471&Contenido=ContenidoNormatividad&OrdenTipo=31&Tipo=Link&Cantidad=1 HTTP/1.1" 302 182
201.245.192.253 - - [30/Dec/2015:10:41:57 -0500] "POST /IsolucionSDA/Buscar.asp?Tabla=ObjetivoProceso&Form=Admon&CampoDisplay=CodObjetivoProcesoDisplay&CampoHidden=CodObjetivoProceso&items=&primeravez=true&QueryString=%5B%5B%5D%5DCodProceso=3 HTTP/1.1" 200 10979
201.245.192.253 - - [30/Dec/2015:10:41:56 -0500] "GET /isolucionsda/Administracion/SalaEdicion/Articulo.asp?Id_Articulo=9471&Ancla=ContenidoNormatividad HTTP/1.1" 200 261125
201.245.192.253 - - [30/Dec/2015:10:41:58 -0500] "GET /isolucionsda/javascript/ClickValidation.js HTTP/1.1" 404 1245
201.245.192.253 - - [30/Dec/2015:10:41:58 -0500] "GET /isolucionsda/Administracion/SalaEdicion/g/GifTransparente.gif HTTP/1.1" 404 1245
201.245.192.253 - - [30/Dec/2015:10:41:58 -0500] "GET /isolucionsda/Administracion/Graficas/vacio1x1.gif HTTP/1.1" 404 1245
66.249.64.96 - - [30/Dec/2015:10:42:00 -0500] "GET /BLA/resoluciones/RESOLUCIONES%202005/RES%202005%20601-650/00000630.tif HTTP/1.1" 200 226050
201.245.192.253 - - [30/Dec/2015:10:42:00 -0500] "GET /IsolucionSDA/Administracion/SalaEdicion/BuscarVarios.asp?Form=Admon&Campo1=textoObjeto44_8&Campo2=Objeto44_8&ListaSucursales=1&items=&tabla=Area&primeravez=true HTTP/1.1" 200 26604
201.245.192.253 - - [30/Dec/2015:10:42:02 -0500] "POST /IsolucionSDA/Administracion/SalaEdicion/BuscarVarios.asp HTTP/1.1" 200 16670
66.249.64.96 - - [30/Dec/2015:10:42:04 -0500] "GET /BLA/resoluciones/RESOLUCIONES%202005/RES%202005%20601-650/00000641.tif HTTP/1.1" 200 211460
201.245.192.253 - - [30/Dec/2015:10:42:04 -0500] "POST /isolucionsda/Administracion/SalaEdicion/Articulo.asp HTTP/1.1" 302 252
201.245.192.253 - - [30/Dec/2015:10:42:06 -0500] "GET /IsolucionSDA/Administracion/SalaEdicion/BuscarVarios.asp?Form=Admon&Campo1=textoObjeto44_9&Campo2=Objeto44_9&ListaSucursales=1&items=&tabla=Cargo&primeravez=true HTTP/1.1" 200 48014
201.245.192.253 - - [30/Dec/2015:10:42:06 -0500] "GET /isolucionsda/Administracion/SalaEdicion/ArticuloAdicionarTipo.asp?Id_Articulo=9471&Contenido=ContenidoNormatividad&OrdenTipo=32&Tipo=Descripcion&Cantidad=1 HTTP/1.1" 302 182
201.245.192.253 - - [30/Dec/2015:10:42:08 -0500] "POST /IsolucionSDA/Administracion/SalaEdicion/BuscarVarios.asp HTTP/1.1" 200 18964
201.245.192.253 - - [30/Dec/2015:10:42:06 -0500] "GET /isolucionsda/Administracion/SalaEdicion/Articulo.asp?Id_Articulo=9471&Ancla=ContenidoNormatividad HTTP/1.1" 200 263384
201.245.192.253 - - [30/Dec/2015:10:42:08 -0500] "GET /isolucionsda/javascript/ClickValidation.js HTTP/1.1" 404 1245
201.245.192.253 - - [30/Dec/2015:10:42:08 -0500] "GET /isolucionsda/Administracion/SalaEdicion/g/GifTransparente.gif HTTP/1.1" 404 1245
201.245.192.253 - - [30/Dec/2015:10:42:09 -0500] "GET /isolucionsda/Administracion/Graficas/vacio1x1.gif HTTP/1.1" 404 1245
66.249.64.96 - - [30/Dec/2015:10:42:09 -0500] "GET /BLA/resoluciones/RESOLUCIONES%202005/RES%202005%20601-650/00000624.tif HTTP/1.1" 200 101910
201.245.192.253 - - [30/Dec/2015:10:42:13 -0500] "POST /IsolucionSDA/Buscar.asp?Tabla=ObjetivoProceso&Form=Admon&CampoDisplay=CodObjetivoProcesoDisplay&CampoHidden=CodObjetivoProceso&items=&primeravez=true&QueryString=%5B%5B%5D%5DCodProceso=3 HTTP/1.1" 200 11007
66.249.64.96 - - [30/Dec/2015:10:42:14 -0500] "GET /BLA/resoluciones/RESOLUCIONES%202005/RES%202005%20601-650/00000603.tif HTTP/1.1" 200 227736
201.245.192.253 - - [30/Dec/2015:10:42:14 -0500] "POST /isolucionsda/Administracion/SalaEdicion/Articulo.asp HTTP/1.1" 302 250
201.245.192.253 - - [30/Dec/2015:10:42:17 -0500] "GET /isolucionsda/Administracion/SalaEdicion/ArticuloAdicionarTipo.asp?Id_Articulo=9471&Contenido=ContenidoNormatividad&OrdenTipo=33&Tipo=Separador&Cantidad=1 HTTP/1.1" 302 182
66.249.64.96 - - [30/Dec/2015:10:42:18 -0500] "GET /BLA/resoluciones/RESOLUCIONES%202005/RES%202005%20601-650/00000629.tif HTTP/1.1" 200 233480
201.245.192.253 - - [30/Dec/2015:10:42:17 -0500] "GET /isolucionsda/Administracion/SalaEdicion/Articulo.asp?Id_Articulo=9471&Ancla=ContenidoNormatividad HTTP/1.1" 200 265462
201.245.192.253 - - [30/Dec/2015:10:42:19 -0500] "GET /isolucionsda/javascript/ClickValidation.js HTTP/1.1" 404 1245
201.245.192.253 - - [30/Dec/2015:10:42:19 -0500] "GET /isolucionsda/Administracion/SalaEdicion/g/GifTransparente.gif HTTP/1.1" 404 1245
201.245.192.253 - - [30/Dec/2015:10:42:19 -0500] "GET /isolucionsda/Administracion/Graficas/vacio1x1.gif HTTP/1.1" 404 1245
66.249.64.96 - - [30/Dec/2015:10:42:23 -0500] "GET /BLA/resoluciones/RESOLUCIONES%202005/RES%202005%20601-650/00000616.tif HTTP/1.1" 200 274164
201.245.192.253 - - [30/Dec/2015:10:42:24 -0500] "POST /IsolucionSDA/Buscar.asp?Tabla=ObjetivoProceso&Form=Admon&CampoDisplay=CodObjetivoProcesoDisplay&CampoHidden=CodObjetivoProceso&items=&primeravez=true&QueryString=%5B%5B%5D%5DCodProceso=3 HTTP/1.1" 200 11007
201.245.192.253 - - [30/Dec/2015:10:42:24 -0500] "POST /isolucionsda/Administracion/SalaEdicion/Articulo.asp HTTP/1.1" 302 245
201.245.192.253 - - [30/Dec/2015:10:42:26 -0500] "GET /isolucionsda/Administracion/SalaEdicion/ArticuloAdicionarTipo.asp?Id_Articulo=9471&Contenido=ContenidoNormatividad&OrdenTipo=34&Tipo=Link&Cantidad=1 HTTP/1.1" 302 182
66.249.64.96 - - [30/Dec/2015:10:42:28 -0500] "GET /BLA/resoluciones/RESOLUCIONES%202005/RES%202005%20601-650/00000628.tif HTTP/1.1" 200 226276
201.245.192.253 - - [30/Dec/2015:10:42:28 -0500] "POST /IsolucionSDA/Buscar.asp?Tabla=ObjetivoProceso&Form=Admon&CampoDisplay=CodObjetivoProcesoDisplay&CampoHidden=CodObjetivoProceso&items=&primeravez=true&QueryString=%5B%5B%5D%5DCodProceso=3 HTTP/1.1" 200 11007
201.245.192.253 - - [30/Dec/2015:10:42:26 -0500] "GET /isolucionsda/Administracion/SalaEdicion/Articulo.asp?Id_Articulo=9471&Ancla=ContenidoNormatividad HTTP/1.1" 200 268203
201.245.192.253 - - [30/Dec/2015:10:42:28 -0500] "GET /isolucionsda/javascript/ClickValidation.js HTTP/1.1" 404 1245
201.245.192.253 - - [30/Dec/2015:10:42:28 -0500] "GET /isolucionsda/Administracion/SalaEdicion/g/GifTransparente.gif HTTP/1.1" 404 1245
201.245.192.253 - - [30/Dec/2015:10:42:28 -0500] "GET /isolucionsda/Administracion/Graficas/vacio1x1.gif HTTP/1.1" 404 1245
201.184.43.92 - - [30/Dec/2015:10:42:31 -0500] "GET /galeria/galeria/jquery.fancybox.css?v=2.1.5 HTTP/1.1" 200 4895
201.184.43.92 - - [30/Dec/2015:10:42:31 -0500] "GET /galeria/carrusel/Carrusel/jquery.thumbnailScroller.css HTTP/1.1" 200 2066
201.184.43.92 - - [30/Dec/2015:10:42:31 -0500] "GET /BLA/boletinlegal/js/jquery.scrollShow.js HTTP/1.1" 200 4586
201.184.43.92 - - [30/Dec/2015:10:42:31 -0500] "GET /galeria/galeria/jquery.fancybox.js?v=2.1.5 HTTP/1.1" 200 48706
201.184.43.92 - - [30/Dec/2015:10:42:31 -0500] "GET /galeria/carrusel/Carrusel/jquery-ui-1.8.13.custom.min.js HTTP/1.1" 200 10800
201.184.43.92 - - [30/Dec/2015:10:42:31 -0500] "GET /galeria/carrusel/Carrusel/jquery.thumbnailScroller.js HTTP/1.1" 200 8157
201.184.43.92 - - [30/Dec/2015:10:42:32 -0500] "GET /galeria/nivo-slider/demo/demo.html HTTP/1.1" 200 4456
66.249.64.96 - - [30/Dec/2015:10:42:32 -0500] "GET /BLA/resoluciones/RESOLUCIONES%202005/RES%202005%20601-650/00000647.tif HTTP/1.1" 200 205506
201.245.192.253 - - [30/Dec/2015:10:42:33 -0500] "GET /IsolucionSDA/Administracion/SalaEdicion/BuscarVarios.asp?Form=Admon&Campo1=textoObjeto45_8&Campo2=Objeto45_8&ListaSucursales=1&items=&tabla=Area&primeravez=true HTTP/1.1" 200 26604
201.184.43.92 - - [30/Dec/2015:10:42:33 -0500] "GET /galeria/nivo-slider/themes/default/default.css HTTP/1.1" 200 1569
201.184.43.92 - - [30/Dec/2015:10:42:33 -0500] "GET /galeria/nivo-slider/themes/pascal/pascal.css HTTP/1.1" 200 2258
201.184.43.92 - - [30/Dec/2015:10:42:33 -0500] "GET /galeria/nivo-slider/themes/orman/orman.css HTTP/1.1" 200 2152
201.184.43.92 - - [30/Dec/2015:10:42:33 -0500] "GET /galeria/nivo-slider/nivo-slider.css HTTP/1.1" 200 1507
201.184.43.92 - - [30/Dec/2015:10:42:33 -0500] "GET /galeria/nivo-slider/demo/style.css HTTP/1.1" 200 2222
201.184.43.92 - - [30/Dec/2015:10:42:33 -0500] "GET /galeria/nivo-slider/demo/images/ambientales.jpg HTTP/1.1" 200 397233
201.184.43.92 - - [30/Dec/2015:10:42:33 -0500] "GET /galeria/nivo-slider/demo/scripts/jquery-1.7.1.min.js HTTP/1.1" 200 93868
201.184.43.92 - - [30/Dec/2015:10:42:33 -0500] "GET /galeria/nivo-slider/jquery.nivo.slider.pack.js HTTP/1.1" 200 11561
201.184.43.92 - - [30/Dec/2015:10:42:33 -0500] "GET /galeria/nivo-slider/demo/images/Programacion-navidena.jpg HTTP/1.1" 200 316038
201.184.43.92 - - [30/Dec/2015:10:42:33 -0500] "GET /galeria/nivo-slider/demo/images/2Banner-encuestaSDA.jpg HTTP/1.1" 200 208228
201.184.43.92 - - [30/Dec/2015:10:42:33 -0500] "GET /galeria/nivo-slider/demo/images/ABC-Plan-de-contigencia.jpg HTTP/1.1" 200 401853
201.184.43.92 - - [30/Dec/2015:10:42:33 -0500] "GET /galeria/nivo-slider/demo/images/4Simple_Slider.png HTTP/1.1" 200 11722
201.184.43.92 - - [30/Dec/2015:10:42:33 -0500] "GET /galeria/nivo-slider/themes/default/loading.gif HTTP/1.1" 200 1737
201.245.192.253 - - [30/Dec/2015:10:42:34 -0500] "POST /IsolucionSDA/Administracion/SalaEdicion/BuscarVarios.asp HTTP/1.1" 200 16670
201.184.43.92 - - [30/Dec/2015:10:42:35 -0500] "GET /galeria/nivo-slider/demo/images/banner-llantas2015.jpg HTTP/1.1" 200 185615
201.184.43.92 - - [30/Dec/2015:10:42:36 -0500] "GET /galeria/nivo-slider/demo/images/caminata-ecologica.jpg HTTP/1.1" 200 161069
201.184.43.92 - - [30/Dec/2015:10:42:37 -0500] "GET /galeria/nivo-slider/demo/images/Banner-ahorro-de-agua.jpg HTTP/1.1" 200 149141
201.184.43.92 - - [30/Dec/2015:10:42:37 -0500] "GET /galeria/nivo-slider/demo/images/Cmapana-onestidad.jpg HTTP/1.1" 200 141638
201.184.43.92 - - [30/Dec/2015:10:42:37 -0500] "GET /galeria/nivo-slider/demo/images/PREDAcamp.jpg HTTP/1.1" 200 295358
201.184.43.92 - - [30/Dec/2015:10:42:37 -0500] "GET /galeria/nivo-slider/demo/images/banner-llantas2.jpg HTTP/1.1" 200 204644
66.249.64.96 - - [30/Dec/2015:10:42:37 -0500] "GET /BLA/resoluciones/RESOLUCIONES%202005/RES%202005%20601-650/00000627.tif HTTP/1.1" 200 283488
201.184.43.92 - - [30/Dec/2015:10:42:37 -0500] "GET /galeria/nivo-slider/demo/images/9Signos.jpg HTTP/1.1" 200 81776
201.245.192.253 - - [30/Dec/2015:10:42:35 -0500] "POST /isolucionsda/Administracion/SalaEdicion/Articulo.asp HTTP/1.1" 302 252
201.245.192.253 - - [30/Dec/2015:10:42:37 -0500] "GET /isolucionsda/Administracion/SalaEdicion/ArticuloAdicionarTipo.asp?Id_Articulo=9471&Contenido=ContenidoNormatividad&OrdenTipo=35&Tipo=Descripcion&Cantidad=1 HTTP/1.1" 302 182
201.184.43.92 - - [30/Dec/2015:10:42:38 -0500] "GET /galeria/nivo-slider/demo/images/Ruta-vertimientos-01.jpg HTTP/1.1" 200 130151
201.184.43.92 - - [30/Dec/2015:10:42:38 -0500] "GET /galeria/nivo-slider/demo/images/bolsas-06.jpg HTTP/1.1" 200 90982
201.184.43.92 - - [30/Dec/2015:10:42:38 -0500] "GET /galeria/nivo-slider/demo/images/Conoce-los-humedales.jpg HTTP/1.1" 200 294036
201.245.192.253 - - [30/Dec/2015:10:42:38 -0500] "GET /IsolucionSDA/Administracion/SalaEdicion/BuscarVarios.asp?Form=Admon&Campo1=textoObjeto45_9&Campo2=Objeto45_9&ListaSucursales=1&items=&tabla=Cargo&primeravez=true HTTP/1.1" 200 48014
201.184.43.92 - - [30/Dec/2015:10:42:38 -0500] "GET /galeria/nivo-slider/demo/images/ecolecta-Dic2014.png HTTP/1.1" 200 288593
201.245.192.253 - - [30/Dec/2015:10:42:37 -0500] "GET /isolucionsda/Administracion/SalaEdicion/Articulo.asp?Id_Articulo=9471&Ancla=ContenidoNormatividad HTTP/1.1" 200 270462
201.245.192.253 - - [30/Dec/2015:10:42:39 -0500] "GET /isolucionsda/javascript/ClickValidation.js HTTP/1.1" 404 1245
201.245.192.253 - - [30/Dec/2015:10:42:40 -0500] "GET /isolucionsda/Administracion/SalaEdicion/g/GifTransparente.gif HTTP/1.1" 404 1245
201.245.192.253 - - [30/Dec/2015:10:42:40 -0500] "GET /isolucionsda/Administracion/Graficas/vacio1x1.gif HTTP/1.1" 404 1245
201.245.192.253 - - [30/Dec/2015:10:42:40 -0500] "GET /IsolucionSDA/Buscar.asp?Tabla=ObjetivoProceso&Form=Admon&CampoDisplay=CodObjetivoProcesoDisplay&CampoHidden=CodObjetivoProceso&items=&primeravez=true&QueryString=%5B%5B%5D%5DCodProceso=3 HTTP/1.1" 200 10978
201.184.43.92 - - [30/Dec/2015:10:42:40 -0500] "GET /galeria/nivo-slider/themes/default/arrows.png HTTP/1.1" 200 824
201.184.43.92 - - [30/Dec/2015:10:42:40 -0500] "GET /galeria/nivo-slider/themes/default/bullets.png HTTP/1.1" 200 1281
201.245.192.253 - - [30/Dec/2015:10:42:40 -0500] "POST /IsolucionSDA/Administracion/SalaEdicion/BuscarVarios.asp HTTP/1.1" 200 18964
66.249.64.96 - - [30/Dec/2015:10:42:42 -0500] "GET /BLA/resoluciones/RESOLUCIONES%202005/RES%202005%20601-650/00000643.tif HTTP/1.1" 200 167998
201.245.192.253 - - [30/Dec/2015:10:42:42 -0500] "POST /IsolucionSDA/Buscar.asp?Tabla=ObjetivoProceso&Form=Admon&CampoDisplay=CodObjetivoProcesoDisplay&CampoHidden=CodObjetivoProceso&items=&primeravez=true&QueryString=%5B%5B%5D%5DCodProceso=3 HTTP/1.1" 200 10979
201.245.192.253 - - [30/Dec/2015:10:42:44 -0500] "POST /IsolucionSDA/Buscar.asp?Tabla=ObjetivoProceso&Form=Admon&CampoDisplay=CodObjetivoProcesoDisplay&CampoHidden=CodObjetivoProceso&items=&primeravez=true&QueryString=%5B%5B%5D%5DCodProceso=3 HTTP/1.1" 200 10979
66.249.64.96 - - [30/Dec/2015:10:42:47 -0500] "GET /BLA/resoluciones/RESOLUCIONES%202005/RES%202005%20601-650/00000602.tif HTTP/1.1" 200 552020
201.245.192.253 - - [30/Dec/2015:10:42:46 -0500] "POST /isolucionsda/Administracion/SalaEdicion/Articulo.asp HTTP/1.1" 302 250
201.245.192.253 - - [30/Dec/2015:10:42:49 -0500] "GET /isolucionsda/Administracion/SalaEdicion/ArticuloAdicionarTipo.asp?Id_Articulo=9471&Contenido=ContenidoNormatividad&OrdenTipo=36&Tipo=Separador&Cantidad=1 HTTP/1.1" 302 182
208.30.41.59 - - [30/Dec/2015:10:42:51 -0500] "GET /BLA/boletinlegal/js/jquery.scrollShow.js HTTP/1.1" 304 -
208.30.41.59 - - [30/Dec/2015:10:42:51 -0500] "GET /galeria/galeria/jquery.fancybox.css?v=2.1.5 HTTP/1.1" 304 -
66.249.64.96 - - [30/Dec/2015:10:42:51 -0500] "GET /BLA/resoluciones/RESOLUCIONES%202005/RES%202005%20601-650/00000644.tif HTTP/1.1" 200 376584
208.30.41.59 - - [30/Dec/2015:10:42:51 -0500] "GET /galeria/galeria/jquery.fancybox.js?v=2.1.5 HTTP/1.1" 304 -
201.245.192.253 - - [30/Dec/2015:10:42:49 -0500] "GET /isolucionsda/Administracion/SalaEdicion/Articulo.asp?Id_Articulo=9471&Ancla=ContenidoNormatividad HTTP/1.1" 200 272540
201.245.192.253 - - [30/Dec/2015:10:42:51 -0500] "GET /isolucionsda/javascript/ClickValidation.js HTTP/1.1" 404 1245
201.245.192.253 - - [30/Dec/2015:10:42:51 -0500] "GET /isolucionsda/Administracion/Graficas/vacio1x1.gif HTTP/1.1" 404 1245
201.245.192.253 - - [30/Dec/2015:10:42:51 -0500] "GET /isolucionsda/Administracion/SalaEdicion/g/GifTransparente.gif HTTP/1.1" 404 1245
201.245.192.253 - - [30/Dec/2015:10:42:54 -0500] "GET /IsolucionSDA/Buscar.asp?Tabla=ObjetivoProceso&Form=Admon&CampoDisplay=CodObjetivoProcesoDisplay&CampoHidden=CodObjetivoProceso&items=&primeravez=true&QueryString=%5B%5B%5D%5DCodProceso=3 HTTP/1.1" 200 10978
66.249.64.96 - - [30/Dec/2015:10:42:56 -0500] "GET /BLA/resoluciones/RESOLUCIONES%202005/RES%202005%20601-650/00000619.tif HTTP/1.1" 200 220502
201.245.192.253 - - [30/Dec/2015:10:42:57 -0500] "POST /IsolucionSDA/Buscar.asp?Tabla=ObjetivoProceso&Form=Admon&CampoDisplay=CodObjetivoProcesoDisplay&CampoHidden=CodObjetivoProceso&items=&primeravez=true&QueryString=%5B%5B%5D%5DCodProceso=3 HTTP/1.1" 200 10979
201.245.192.253 - - [30/Dec/2015:10:42:57 -0500] "GET /galeria/nivo-slider/demo/demo.html HTTP/1.1" 304 -
201.245.192.253 - - [30/Dec/2015:10:42:58 -0500] "GET /galeria/nivo-slider/demo/images/ambientales.jpg HTTP/1.1" 304 -
201.245.192.253 - - [30/Dec/2015:10:42:58 -0500] "GET /galeria/nivo-slider/demo/images/Ruta-vertimientos-01.jpg HTTP/1.1" 304 -
201.245.192.253 - - [30/Dec/2015:10:42:58 -0500] "GET /galeria/nivo-slider/demo/images/bolsas-06.jpg HTTP/1.1" 304 -
186.113.83.225 - - [30/Dec/2015:10:43:00 -0500] "GET /BLA/boletinlegal/js/jquery.scrollShow.js HTTP/1.1" 200 4586
186.113.83.225 - - [30/Dec/2015:10:43:00 -0500] "GET /galeria/galeria/jquery.fancybox.js?v=2.1.5 HTTP/1.1" 200 48706
186.113.83.225 - - [30/Dec/2015:10:43:00 -0500] "GET /galeria/galeria/jquery.fancybox.css?v=2.1.5 HTTP/1.1" 200 4895
201.184.43.92 - - [30/Dec/2015:10:43:00 -0500] "GET /galeria/galeria/jquery.fancybox.css?v=2.1.5 HTTP/1.1" 304 -
201.184.43.92 - - [30/Dec/2015:10:43:00 -0500] "GET /BLA/boletinlegal/js/jquery.scrollShow.js HTTP/1.1" 304 -
201.184.43.92 - - [30/Dec/2015:10:43:00 -0500] "GET /galeria/galeria/jquery.fancybox.js?v=2.1.5 HTTP/1.1" 304 -
66.249.64.96 - - [30/Dec/2015:10:43:01 -0500] "GET /BLA/resoluciones/RESOLUCIONES%202005/RES%202005%20601-650/00000635.tif HTTP/1.1" 200 254476
201.245.192.253 - - [30/Dec/2015:10:43:01 -0500] "POST /IsolucionSDA/Buscar.asp?Tabla=ObjetivoProceso&Form=Admon&CampoDisplay=CodObjetivoProcesoDisplay&CampoHidden=CodObjetivoProceso&items=&primeravez=true&QueryString=%5B%5B%5D%5DCodProceso=3 HTTP/1.1" 200 10979
201.245.192.253 - - [30/Dec/2015:10:42:57 -0500] "POST /isolucionsda/Administracion/SalaEdicion/Articulo.asp HTTP/1.1" 302 245
201.245.192.253 - - [30/Dec/2015:10:43:02 -0500] "GET /isolucionsda/Administracion/SalaEdicion/ArticuloAdicionarTipo.asp?Id_Articulo=9471&Contenido=ContenidoNormatividad&OrdenTipo=37&Tipo=Link&Cantidad=1 HTTP/1.1" 302 182
201.245.192.253 - - [30/Dec/2015:10:42:53 -0500] "POST /IsolucionSDA/Administracion/SalaEdicion/Articulo.asp HTTP/1.1" 200 275726
201.245.192.253 - - [30/Dec/2015:10:43:02 -0500] "GET /IsolucionSDA/Administracion/SalaEdicion/g/GifTransparente.gif HTTP/1.1" 404 1245
201.245.192.253 - - [30/Dec/2015:10:43:02 -0500] "GET /IsolucionSDA/Administracion/Graficas/vacio1x1.gif HTTP/1.1" 404 1245
201.245.192.253 - - [30/Dec/2015:10:43:02 -0500] "GET /IsolucionSDA/javascript/ClickValidation.js HTTP/1.1" 404 1245
201.245.192.253 - - [30/Dec/2015:10:43:02 -0500] "GET /IsolucionSDA/Administracion/SalaEdicion/g/GifTransparente.gif HTTP/1.1" 404 1245
201.245.192.253 - - [30/Dec/2015:10:43:02 -0500] "GET /IsolucionSDA/Administracion/Graficas/vacio1x1.gif HTTP/1.1" 404 1245
201.245.192.253 - - [30/Dec/2015:10:43:02 -0500] "GET /isolucionsda/Administracion/SalaEdicion/Articulo.asp?Id_Articulo=9471&Ancla=ContenidoNormatividad HTTP/1.1" 200 275281
201.245.192.253 - - [30/Dec/2015:10:43:04 -0500] "GET /isolucionsda/javascript/ClickValidation.js HTTP/1.1" 404 1245
201.245.192.253 - - [30/Dec/2015:10:43:04 -0500] "GET /isolucionsda/Administracion/SalaEdicion/g/GifTransparente.gif HTTP/1.1" 404 1245
201.245.192.253 - - [30/Dec/2015:10:43:04 -0500] "GET /isolucionsda/Administracion/Graficas/vacio1x1.gif HTTP/1.1" 404 1245
201.245.192.253 - - [30/Dec/2015:10:43:05 -0500] "GET /IsolucionSDA/FrameSetGeneral.asp?Pagina=Menu.asp&IdModulo=7 HTTP/1.1" 200 6455
201.245.192.253 - - [30/Dec/2015:10:43:05 -0500] "GET /IsolucionSDA/Encabezado.asp?Pagina=Menu.asp&IdModulo=7 HTTP/1.1" 200 15489
201.245.192.253 - - [30/Dec/2015:10:43:05 -0500] "GET /IsolucionSDA/BarraTitulos.asp?Pagina=Menu.asp&IdModulo=7 HTTP/1.1" 200 6865
201.245.192.253 - - [30/Dec/2015:10:43:05 -0500] "GET /IsolucionSDA/Session.asp?Continue=1 HTTP/1.1" 200 6195
201.245.192.253 - - [30/Dec/2015:10:43:05 -0500] "GET /IsolucionSDA/BarraFavoritos.asp HTTP/1.1" 200 911
201.245.192.253 - - [30/Dec/2015:10:43:05 -0500] "GET /IsolucionSDA/Menu.asp?Pagina=Menu.asp&IdModulo=7 HTTP/1.1" 200 33610
66.249.64.96 - - [30/Dec/2015:10:43:05 -0500] "GET /BLA/resoluciones/RESOLUCIONES%202005/RES%202005%20601-650/00000614.tif HTTP/1.1" 200 337334
186.113.83.225 - - [30/Dec/2015:10:43:07 -0500] "GET /BLA/boletinlegal/js/jquery.scrollShow.js HTTP/1.1" 304 -
186.113.83.225 - - [30/Dec/2015:10:43:07 -0500] "GET /galeria/galeria/jquery.fancybox.css?v=2.1.5 HTTP/1.1" 304 -
186.113.83.225 - - [30/Dec/2015:10:43:07 -0500] "GET /galeria/galeria/jquery.fancybox.js?v=2.1.5 HTTP/1.1" 304 -
66.249.64.96 - - [30/Dec/2015:10:43:10 -0500] "GET /BLA/resoluciones/RESOLUCIONES%202005/RES%202005%20601-650/00000631.tif HTTP/1.1" 200 257444
201.245.192.253 - - [30/Dec/2015:10:43:09 -0500] "POST /isolucionsda/Administracion/SalaEdicion/Articulo.asp HTTP/1.1" 302 252
201.245.192.253 - - [30/Dec/2015:10:43:11 -0500] "GET /isolucionsda/Administracion/SalaEdicion/ArticuloAdicionarTipo.asp?Id_Articulo=9471&Contenido=ContenidoNormatividad&OrdenTipo=38&Tipo=Descripcion&Cantidad=1 HTTP/1.1" 302 182
181.143.224.204 - - [30/Dec/2015:10:43:12 -0500] "GET /BLA/boletinlegal/js/jquery.scrollShow.js HTTP/1.1" 200 4586
181.143.224.204 - - [30/Dec/2015:10:43:13 -0500] "GET /galeria/galeria/jquery.fancybox.css?v=2.1.5 HTTP/1.1" 200 4895
181.143.224.204 - - [30/Dec/2015:10:43:13 -0500] "GET /galeria/galeria/jquery.fancybox.js?v=2.1.5 HTTP/1.1" 200 48706
201.245.192.253 - - [30/Dec/2015:10:43:11 -0500] "GET /isolucionsda/Administracion/SalaEdicion/Articulo.asp?Id_Articulo=9471&Ancla=ContenidoNormatividad HTTP/1.1" 200 277540
201.245.192.253 - - [30/Dec/2015:10:43:14 -0500] "GET /isolucionsda/javascript/ClickValidation.js HTTP/1.1" 404 1245
201.245.192.253 - - [30/Dec/2015:10:43:14 -0500] "GET /isolucionsda/Administracion/SalaEdicion/g/GifTransparente.gif HTTP/1.1" 404 1245
201.245.192.253 - - [30/Dec/2015:10:43:14 -0500] "GET /isolucionsda/Administracion/Graficas/vacio1x1.gif HTTP/1.1" 404 1245
66.249.64.96 - - [30/Dec/2015:10:43:15 -0500] "GET /BLA/resoluciones/RESOLUCIONES%202005/RES%202005%20601-650/00000609.tif HTTP/1.1" 200 276798
190.24.142.90 - - [30/Dec/2015:10:43:18 -0500] "GET /galeria/galeria/jquery.fancybox.css?v=2.1.5 HTTP/1.1" 200 4895
190.24.142.90 - - [30/Dec/2015:10:43:18 -0500] "GET /galeria/galeria/jquery.fancybox.js?v=2.1.5 HTTP/1.1" 200 48706
190.24.142.90 - - [30/Dec/2015:10:43:18 -0500] "GET /BLA/boletinlegal/js/jquery.scrollShow.js HTTP/1.1" 200 4586
66.249.64.96 - - [30/Dec/2015:10:43:19 -0500] "GET /BLA/resoluciones/RESOLUCIONES%202005/RES%202005%20601-650/00000649.tif HTTP/1.1" 200 40636
201.245.192.253 - - [30/Dec/2015:10:43:18 -0500] "POST /isolucionsda/Administracion/SalaEdicion/Articulo.asp HTTP/1.1" 302 250
201.245.192.253 - - [30/Dec/2015:10:43:21 -0500] "GET /isolucionsda/Administracion/SalaEdicion/ArticuloAdicionarTipo.asp?Id_Articulo=9471&Contenido=ContenidoNormatividad&OrdenTipo=39&Tipo=Separador&Cantidad=1 HTTP/1.1" 302 182
181.143.224.204 - - [30/Dec/2015:10:43:23 -0500] "GET /BLA/boletinlegal/js/jquery.scrollShow.js HTTP/1.1" 304 -
181.143.224.204 - - [30/Dec/2015:10:43:23 -0500] "GET /galeria/galeria/jquery.fancybox.css?v=2.1.5 HTTP/1.1" 304 -
181.143.224.204 - - [30/Dec/2015:10:43:23 -0500] "GET /galeria/galeria/jquery.fancybox.js?v=2.1.5 HTTP/1.1" 304 -
201.245.192.253 - - [30/Dec/2015:10:43:21 -0500] "GET /isolucionsda/Administracion/SalaEdicion/Articulo.asp?Id_Articulo=9471&Ancla=ContenidoNormatividad HTTP/1.1" 200 279619
201.245.192.253 - - [30/Dec/2015:10:43:23 -0500] "GET /isolucionsda/javascript/ClickValidation.js HTTP/1.1" 404 1245
201.245.192.253 - - [30/Dec/2015:10:43:23 -0500] "GET /isolucionsda/Administracion/SalaEdicion/g/GifTransparente.gif HTTP/1.1" 404 1245
201.245.192.253 - - [30/Dec/2015:10:43:23 -0500] "GET /isolucionsda/Administracion/Graficas/vacio1x1.gif HTTP/1.1" 404 1245
186.170.41.57 - - [30/Dec/2015:10:43:24 -0500] "GET /galeria/galeria/jquery.fancybox.css?v=2.1.5 HTTP/1.1" 304 -
186.170.41.57 - - [30/Dec/2015:10:43:24 -0500] "GET /galeria/galeria/jquery.fancybox.js?v=2.1.5 HTTP/1.1" 304 -
186.170.41.57 - - [30/Dec/2015:10:43:24 -0500] "GET /BLA/boletinlegal/js/jquery.scrollShow.js HTTP/1.1" 304 -
66.249.64.96 - - [30/Dec/2015:10:43:24 -0500] "GET /BLA/resoluciones/RESOLUCIONES%202005/RES%202005%20601-650/00000632.tif HTTP/1.1" 200 386854
201.245.192.253 - - [30/Dec/2015:10:43:26 -0500] "GET /IsolucionSDA/Buscar.asp?Tabla=ObjetivoProceso&Form=Admon&CampoDisplay=CodObjetivoProcesoDisplay&CampoHidden=CodObjetivoProceso&items=&primeravez=true&QueryString=%5B%5B%5D%5DCodProceso=3 HTTP/1.1" 200 10978
190.24.142.90 - - [30/Dec/2015:10:43:26 -0500] "GET /BLA/boletinlegal/js/jquery.scrollShow.js HTTP/1.1" 304 -
190.24.142.90 - - [30/Dec/2015:10:43:26 -0500] "GET /galeria/galeria/jquery.fancybox.js?v=2.1.5 HTTP/1.1" 304 -
190.24.142.90 - - [30/Dec/2015:10:43:26 -0500] "GET /galeria/galeria/jquery.fancybox.css?v=2.1.5 HTTP/1.1" 304 -
66.249.64.96 - - [30/Dec/2015:10:43:29 -0500] "GET /BLA/resoluciones/RESOLUCIONES%202005/RES%202005%20601-650/00000639.tif HTTP/1.1" 200 182474
201.245.192.253 - - [30/Dec/2015:10:43:31 -0500] "POST /IsolucionSDA/Buscar.asp?Tabla=ObjetivoProceso&Form=Admon&CampoDisplay=CodObjetivoProcesoDisplay&CampoHidden=CodObjetivoProceso&items=&primeravez=true&QueryString=%5B%5B%5D%5DCodProceso=3 HTTP/1.1" 200 11817
201.245.192.253 - - [30/Dec/2015:10:43:29 -0500] "POST /isolucionsda/Administracion/SalaEdicion/Articulo.asp HTTP/1.1" 302 245
201.245.192.253 - - [30/Dec/2015:10:43:32 -0500] "GET /isolucionsda/Administracion/SalaEdicion/ArticuloAdicionarTipo.asp?Id_Articulo=9471&Contenido=ContenidoNormatividad&OrdenTipo=40&Tipo=Link&Cantidad=1 HTTP/1.1" 302 182
66.249.64.96 - - [30/Dec/2015:10:43:34 -0500] "GET /BLA/resoluciones/RESOLUCIONES%202005/RES%202005%20601-650/00000610.tif HTTP/1.1" 200 276040
201.245.192.253 - - [30/Dec/2015:10:43:32 -0500] "GET /isolucionsda/Administracion/SalaEdicion/Articulo.asp?Id_Articulo=9471&Ancla=ContenidoNormatividad HTTP/1.1" 200 282360
201.245.192.253 - - [30/Dec/2015:10:43:34 -0500] "GET /isolucionsda/javascript/ClickValidation.js HTTP/1.1" 404 1245
201.245.192.253 - - [30/Dec/2015:10:43:34 -0500] "GET /isolucionsda/Administracion/SalaEdicion/g/GifTransparente.gif HTTP/1.1" 404 1245
201.245.192.253 - - [30/Dec/2015:10:43:34 -0500] "GET /isolucionsda/Administracion/Graficas/vacio1x1.gif HTTP/1.1" 404 1245
66.249.64.96 - - [30/Dec/2015:10:43:38 -0500] "GET /BLA/resoluciones/RESOLUCIONES%202005/RES%202005%20601-650/00000640.tif HTTP/1.1" 200 252126
201.245.192.253 - - [30/Dec/2015:10:43:40 -0500] "POST /isolucionsda/Administracion/SalaEdicion/Articulo.asp HTTP/1.1" 302 252
201.245.192.253 - - [30/Dec/2015:10:43:43 -0500] "GET /isolucionsda/Administracion/SalaEdicion/ArticuloAdicionarTipo.asp?Id_Articulo=9471&Contenido=ContenidoNormatividad&OrdenTipo=41&Tipo=Descripcion&Cantidad=1 HTTP/1.1" 302 182
66.249.64.96 - - [30/Dec/2015:10:43:43 -0500] "GET /BLA/resoluciones/RESOLUCIONES%202005/RES%202005%20601-650/00000618.tif HTTP/1.1" 200 235304
201.245.192.253 - - [30/Dec/2015:10:43:43 -0500] "GET /isolucionsda/Administracion/SalaEdicion/Articulo.asp?Id_Articulo=9471&Ancla=ContenidoNormatividad HTTP/1.1" 200 284619
201.245.192.253 - - [30/Dec/2015:10:43:45 -0500] "GET /isolucionsda/Administracion/Graficas/vacio1x1.gif HTTP/1.1" 404 1245
201.245.192.253 - - [30/Dec/2015:10:43:45 -0500] "GET /isolucionsda/javascript/ClickValidation.js HTTP/1.1" 404 1245
201.245.192.253 - - [30/Dec/2015:10:43:45 -0500] "GET /isolucionsda/Administracion/SalaEdicion/g/GifTransparente.gif HTTP/1.1" 404 1245
201.245.192.253 - - [30/Dec/2015:10:43:45 -0500] "GET /isolucionsda/Administracion/Graficas/vacio1x1.gif HTTP/1.1" 404 1245
201.245.192.253 - - [30/Dec/2015:10:43:45 -0500] "GET /isolucionsda/Session.asp HTTP/1.1" 200 6197
201.245.192.253 - - [30/Dec/2015:10:43:47 -0500] "GET /IsolucionSDA/Buscar.asp?Tabla=ObjetivoProceso&Form=Admon&CampoDisplay=CodObjetivoProcesoDisplay&CampoHidden=CodObjetivoProceso&items=&primeravez=true&QueryString=%5B%5B%5D%5DCodProceso=3 HTTP/1.1" 200 10978
66.249.64.96 - - [30/Dec/2015:10:43:48 -0500] "GET /BLA/resoluciones/RESOLUCIONES%202005/RES%202005%20601-650/00000605.tif HTTP/1.1" 200 194906
201.245.192.253 - - [30/Dec/2015:10:43:48 -0500] "POST /IsolucionSDA/Buscar.asp?Tabla=ObjetivoProceso&Form=Admon&CampoDisplay=CodObjetivoProcesoDisplay&CampoHidden=CodObjetivoProceso&items=&primeravez=true&QueryString=%5B%5B%5D%5DCodProceso=3 HTTP/1.1" 200 11817
186.30.68.39 - - [30/Dec/2015:10:43:51 -0500] "GET /galeria/galeria/jquery.fancybox.css?v=2.1.5 HTTP/1.1" 200 4895
186.30.68.39 - - [30/Dec/2015:10:43:51 -0500] "GET /galeria/carrusel/Carrusel/jquery.thumbnailScroller.css HTTP/1.1" 200 2066
186.30.68.39 - - [30/Dec/2015:10:43:51 -0500] "GET /BLA/boletinlegal/js/jquery.scrollShow.js HTTP/1.1" 200 4586
186.30.68.39 - - [30/Dec/2015:10:43:51 -0500] "GET /galeria/galeria/jquery.fancybox.js?v=2.1.5 HTTP/1.1" 200 48706
186.30.68.39 - - [30/Dec/2015:10:43:51 -0500] "GET /galeria/carrusel/Carrusel/jquery-ui-1.8.13.custom.min.js HTTP/1.1" 200 10800
186.30.68.39 - - [30/Dec/2015:10:43:51 -0500] "GET /galeria/carrusel/Carrusel/jquery.thumbnailScroller.js HTTP/1.1" 200 8157
201.245.192.253 - - [30/Dec/2015:10:43:51 -0500] "POST /IsolucionSDA/Buscar.asp?Tabla=ObjetivoProceso&Form=Admon&CampoDisplay=CodObjetivoProcesoDisplay&CampoHidden=CodObjetivoProceso&items=&primeravez=true&QueryString=%5B%5B%5D%5DCodProceso=3 HTTP/1.1" 200 11817
66.249.64.96 - - [30/Dec/2015:10:43:53 -0500] "GET /BLA/resoluciones/RESOLUCIONES%202005/RES%202005%20601-650/00000636.tif HTTP/1.1" 200 261646
201.245.192.253 - - [30/Dec/2015:10:43:52 -0500] "POST /isolucionsda/Administracion/SalaEdicion/Articulo.asp HTTP/1.1" 302 250
201.245.192.253 - - [30/Dec/2015:10:43:54 -0500] "GET /isolucionsda/Administracion/SalaEdicion/ArticuloAdicionarTipo.asp?Id_Articulo=9471&Contenido=ContenidoNormatividad&OrdenTipo=42&Tipo=Separador&Cantidad=1 HTTP/1.1" 302 182
190.24.142.90 - - [30/Dec/2015:10:43:55 -0500] "GET /autoliquidacion HTTP/1.1" 301 310
190.24.142.90 - - [30/Dec/2015:10:43:55 -0500] "GET /autoliquidacion/ HTTP/1.1" 200 6375
190.24.142.90 - - [30/Dec/2015:10:43:55 -0500] "GET /autoliquidacion/dlf/styles.css HTTP/1.1" 200 3045
190.24.142.90 - - [30/Dec/2015:10:43:55 -0500] "GET /autoliquidacion/dlf/bg.gif HTTP/1.1" 200 54
190.24.142.90 - - [30/Dec/2015:10:43:55 -0500] "GET /autoliquidacion/dlf/folder.png HTTP/1.1" 200 410
201.245.192.253 - - [30/Dec/2015:10:43:54 -0500] "GET /isolucionsda/Administracion/SalaEdicion/Articulo.asp?Id_Articulo=9471&Ancla=ContenidoNormatividad HTTP/1.1" 200 286697
201.245.192.253 - - [30/Dec/2015:10:43:57 -0500] "GET /isolucionsda/javascript/ClickValidation.js HTTP/1.1" 404 1245
201.245.192.253 - - [30/Dec/2015:10:43:57 -0500] "GET /isolucionsda/Administracion/SalaEdicion/g/GifTransparente.gif HTTP/1.1" 404 1245
201.245.192.253 - - [30/Dec/2015:10:43:57 -0500] "GET /isolucionsda/Administracion/Graficas/vacio1x1.gif HTTP/1.1" 404 1245
190.24.142.90 - - [30/Dec/2015:10:43:58 -0500] "GET /BLA/boletinlegal/js/jquery.scrollShow.js HTTP/1.1" 304 -
190.24.142.90 - - [30/Dec/2015:10:43:58 -0500] "GET /galeria/galeria/jquery.fancybox.js?v=2.1.5 HTTP/1.1" 304 -
190.24.142.90 - - [30/Dec/2015:10:43:58 -0500] "GET /galeria/galeria/jquery.fancybox.css?v=2.1.5 HTTP/1.1" 304 -
190.24.142.90 - - [30/Dec/2015:10:43:58 -0500] "GET /autoliquidacion HTTP/1.1" 301 310
190.24.142.90 - - [30/Dec/2015:10:43:58 -0500] "GET /autoliquidacion/ HTTP/1.1" 200 6375
190.24.142.90 - - [30/Dec/2015:10:43:58 -0500] "GET /autoliquidacion/dlf/folder.png HTTP/1.1" 304 -
190.24.142.90 - - [30/Dec/2015:10:43:58 -0500] "GET /autoliquidacion/dlf/styles.css HTTP/1.1" 304 -
66.249.64.96 - - [30/Dec/2015:10:43:59 -0500] "GET /BLA/resoluciones/RESOLUCIONES%202005/RES%202005%20601-650/00000613.tif HTTP/1.1" 200 238194
201.245.192.253 - - [30/Dec/2015:10:44:00 -0500] "GET /IsolucionSDA/Administracion/SalaEdicion/BuscarVarios.asp?Form=Admon&Campo1=textoObjeto46_8&Campo2=Objeto46_8&ListaSucursales=1&items=&tabla=Area&primeravez=true HTTP/1.1" 200 26604
201.245.192.253 - - [30/Dec/2015:10:44:01 -0500] "POST /isolucionsda/riesgosdafp/riesgoidentificacion.asp?Accion=Guardar HTTP/1.1" 200 15915
201.245.192.253 - - [30/Dec/2015:10:44:03 -0500] "POST /IsolucionSDA/Administracion/SalaEdicion/BuscarVarios.asp HTTP/1.1" 200 16670
201.245.192.253 - - [30/Dec/2015:10:44:02 -0500] "POST /isolucionsda/Administracion/SalaEdicion/Articulo.asp HTTP/1.1" 302 245
201.245.192.253 - - [30/Dec/2015:10:44:05 -0500] "GET /isolucionsda/Administracion/SalaEdicion/ArticuloAdicionarTipo.asp?Id_Articulo=9471&Contenido=ContenidoNormatividad&OrdenTipo=43&Tipo=Link&Cantidad=1 HTTP/1.1" 302 182
201.245.192.253 - - [30/Dec/2015:10:44:05 -0500] "GET /isolucionsda/Administracion/SalaEdicion/Articulo.asp?Id_Articulo=9471&Ancla=ContenidoNormatividad HTTP/1.1" 200 289438
201.245.192.253 - - [30/Dec/2015:10:44:07 -0500] "GET /isolucionsda/javascript/ClickValidation.js HTTP/1.1" 404 1245
201.245.192.253 - - [30/Dec/2015:10:44:07 -0500] "GET /isolucionsda/Administracion/SalaEdicion/g/GifTransparente.gif HTTP/1.1" 404 1245
201.245.192.253 - - [30/Dec/2015:10:44:07 -0500] "GET /isolucionsda/Administracion/Graficas/vacio1x1.gif HTTP/1.1" 404 1245
201.245.192.253 - - [30/Dec/2015:10:44:07 -0500] "GET /IsolucionSDA/Administracion/SalaEdicion/BuscarVarios.asp?Form=Admon&Campo1=textoObjeto46_9&Campo2=Objeto46_9&ListaSucursales=1&items=&tabla=Cargo&primeravez=true HTTP/1.1" 200 48014
201.245.192.253 - - [30/Dec/2015:10:44:12 -0500] "GET /IsolucionSDA/Administracion/SalaEdicion/BuscarVarios.asp?Form=Admon&Campo1=textoObjeto46_9&Campo2=Objeto46_9&ListaSucursales=1&items=&tabla=Cargo&primeravez=true HTTP/1.1" 200 48014
201.245.192.253 - - [30/Dec/2015:10:44:14 -0500] "GET /isolucionsda/Session.asp HTTP/1.1" 200 6197
201.245.192.253 - - [30/Dec/2015:10:44:15 -0500] "GET /IsolucionSDA/Session.asp HTTP/1.1" 200 6197
201.245.192.253 - - [30/Dec/2015:10:44:12 -0500] "POST /isolucionsda/Administracion/SalaEdicion/Articulo.asp HTTP/1.1" 302 252
201.245.192.253 - - [30/Dec/2015:10:44:15 -0500] "GET /isolucionsda/Administracion/SalaEdicion/ArticuloAdicionarTipo.asp?Id_Articulo=9471&Contenido=ContenidoNormatividad&OrdenTipo=44&Tipo=Descripcion&Cantidad=1 HTTP/1.1" 302 182
201.245.192.253 - - [30/Dec/2015:10:44:15 -0500] "GET /isolucionsda/Administracion/SalaEdicion/Articulo.asp?Id_Articulo=9471&Ancla=ContenidoNormatividad HTTP/1.1" 200 291697
201.245.192.253 - - [30/Dec/2015:10:44:17 -0500] "GET /isolucionsda/javascript/ClickValidation.js HTTP/1.1" 404 1245
201.245.192.253 - - [30/Dec/2015:10:44:17 -0500] "GET /isolucionsda/Administracion/SalaEdicion/g/GifTransparente.gif HTTP/1.1" 404 1245
201.245.192.253 - - [30/Dec/2015:10:44:17 -0500] "GET /isolucionsda/Administracion/Graficas/vacio1x1.gif HTTP/1.1" 404 1245
186.30.68.39 - - [30/Dec/2015:10:44:18 -0500] "GET /galeria/nivo-slider/demo/demo.html HTTP/1.1" 200 4456
201.245.192.253 - - [30/Dec/2015:10:44:18 -0500] "POST /isolucionsda/riesgosdafp/riesgoidentificacion.asp HTTP/1.1" 200 15858
186.30.68.39 - - [30/Dec/2015:10:44:19 -0500] "GET /galeria/nivo-slider/themes/default/default.css HTTP/1.1" 200 1569
186.30.68.39 - - [30/Dec/2015:10:44:19 -0500] "GET /galeria/nivo-slider/themes/pascal/pascal.css HTTP/1.1" 200 2258
186.30.68.39 - - [30/Dec/2015:10:44:20 -0500] "GET /galeria/nivo-slider/themes/orman/orman.css HTTP/1.1" 200 2152
186.30.68.39 - - [30/Dec/2015:10:44:20 -0500] "GET /galeria/nivo-slider/nivo-slider.css HTTP/1.1" 200 1507
186.30.68.39 - - [30/Dec/2015:10:44:20 -0500] "GET /galeria/nivo-slider/demo/style.css HTTP/1.1" 200 2222
186.30.68.39 - - [30/Dec/2015:10:44:20 -0500] "GET /galeria/nivo-slider/demo/scripts/jquery-1.7.1.min.js HTTP/1.1" 200 93868
186.30.68.39 - - [30/Dec/2015:10:44:20 -0500] "GET /galeria/nivo-slider/jquery.nivo.slider.pack.js HTTP/1.1" 200 11561
186.30.68.39 - - [30/Dec/2015:10:44:20 -0500] "GET /galeria/nivo-slider/demo/images/ambientales.jpg HTTP/1.1" 200 397233
186.30.68.39 - - [30/Dec/2015:10:44:20 -0500] "GET /galeria/nivo-slider/themes/default/loading.gif HTTP/1.1" 200 1737
186.30.68.39 - - [30/Dec/2015:10:44:21 -0500] "GET /galeria/nivo-slider/demo/images/Programacion-navidena.jpg HTTP/1.1" 200 316038
186.30.68.39 - - [30/Dec/2015:10:44:23 -0500] "GET /galeria/nivo-slider/demo/images/2Banner-encuestaSDA.jpg HTTP/1.1" 200 208228
186.30.68.39 - - [30/Dec/2015:10:44:23 -0500] "GET /galeria/nivo-slider/demo/images/ABC-Plan-de-contigencia.jpg HTTP/1.1" 200 401853
201.245.192.253 - - [30/Dec/2015:10:44:24 -0500] "POST /isolucionsda/Administracion/SalaEdicion/Articulo.asp HTTP/1.1" 302 250
201.245.192.253 - - [30/Dec/2015:10:44:26 -0500] "GET /isolucionsda/Administracion/SalaEdicion/ArticuloAdicionarTipo.asp?Id_Articulo=9471&Contenido=ContenidoNormatividad&OrdenTipo=45&Tipo=Separador&Cantidad=1 HTTP/1.1" 302 182
186.30.68.39 - - [30/Dec/2015:10:44:27 -0500] "GET /galeria/nivo-slider/demo/images/4Simple_Slider.png HTTP/1.1" 200 11722
201.245.192.253 - - [30/Dec/2015:10:44:28 -0500] "GET /isolucionsda/riesgosdafp/riesgoidentificacion.asp?Accion=Nuevo HTTP/1.1" 200 19657
201.245.192.253 - - [30/Dec/2015:10:44:26 -0500] "GET /isolucionsda/Administracion/SalaEdicion/Articulo.asp?Id_Articulo=9471&Ancla=ContenidoNormatividad HTTP/1.1" 200 293775
201.245.192.253 - - [30/Dec/2015:10:44:29 -0500] "GET /isolucionsda/javascript/ClickValidation.js HTTP/1.1" 404 1245
201.245.192.253 - - [30/Dec/2015:10:44:29 -0500] "GET /isolucionsda/Administracion/SalaEdicion/g/GifTransparente.gif HTTP/1.1" 404 1245
201.245.192.253 - - [30/Dec/2015:10:44:29 -0500] "GET /isolucionsda/Administracion/Graficas/vacio1x1.gif HTTP/1.1" 404 1245
186.30.68.39 - - [30/Dec/2015:10:44:30 -0500] "GET /galeria/nivo-slider/demo/images/banner-llantas2015.jpg HTTP/1.1" 200 185615
181.48.193.26 - - [30/Dec/2015:10:44:32 -0500] "GET /galeria/galeria/jquery.fancybox.css?v=2.1.5 HTTP/1.1" 200 4895
181.48.193.26 - - [30/Dec/2015:10:44:32 -0500] "GET /BLA/boletinlegal/js/jquery.scrollShow.js HTTP/1.1" 200 4586
181.48.193.26 - - [30/Dec/2015:10:44:32 -0500] "GET /galeria/galeria/jquery.fancybox.js?v=2.1.5 HTTP/1.1" 200 48706
201.245.192.253 - - [30/Dec/2015:10:44:36 -0500] "GET /ISOlucionSDA/CalendarioDisplayHidden.asp?Form=Admon&Campo=FechaRiesgoFin&Campo1=FechaRiesgoFin_Display&MONTH=12&YEAR=2015 HTTP/1.1" 200 15656
201.245.192.253 - - [30/Dec/2015:10:44:36 -0500] "GET /ISOlucionSDA/Graficas/line.gif HTTP/1.1" 404 1245
201.245.192.253 - - [30/Dec/2015:10:44:35 -0500] "POST /isolucionsda/Administracion/SalaEdicion/Articulo.asp HTTP/1.1" 302 245
201.245.192.253 - - [30/Dec/2015:10:44:38 -0500] "GET /isolucionsda/Administracion/SalaEdicion/ArticuloAdicionarTipo.asp?Id_Articulo=9471&Contenido=ContenidoNormatividad&OrdenTipo=46&Tipo=Link&Cantidad=1 HTTP/1.1" 302 182
201.245.192.253 - - [30/Dec/2015:10:44:38 -0500] "GET /ISOlucionSDA/CalendarioDisplayHidden.asp?Form=Admon&Campo=FechaRiesgoFin&Campo1=FechaRiesgoFin_Display&month=1&year=2016 HTTP/1.1" 200 16205
201.245.192.253 - - [30/Dec/2015:10:44:38 -0500] "GET /ISOlucionSDA/Graficas/line.gif HTTP/1.1" 404 1245
201.245.192.253 - - [30/Dec/2015:10:44:38 -0500] "GET /isolucionsda/Administracion/SalaEdicion/Articulo.asp?Id_Articulo=9471&Ancla=ContenidoNormatividad HTTP/1.1" 200 296516
201.245.192.253 - - [30/Dec/2015:10:44:40 -0500] "GET /isolucionsda/javascript/ClickValidation.js HTTP/1.1" 404 1245
201.245.192.253 - - [30/Dec/2015:10:44:40 -0500] "GET /isolucionsda/Administracion/SalaEdicion/g/GifTransparente.gif HTTP/1.1" 404 1245
201.245.192.253 - - [30/Dec/2015:10:44:40 -0500] "GET /isolucionsda/Administracion/Graficas/vacio1x1.gif HTTP/1.1" 404 1245
201.245.192.253 - - [30/Dec/2015:10:44:43 -0500] "GET /galeria/nivo-slider/demo/demo.html HTTP/1.1" 304 -
201.245.192.253 - - [30/Dec/2015:10:44:44 -0500] "GET /galeria/nivo-slider/themes/default/default.css HTTP/1.1" 304 -
201.245.192.253 - - [30/Dec/2015:10:44:44 -0500] "GET /galeria/nivo-slider/demo/images/ambientales.jpg HTTP/1.1" 304 -
201.245.192.253 - - [30/Dec/2015:10:44:44 -0500] "GET /galeria/nivo-slider/demo/images/2Banner-encuestaSDA.jpg HTTP/1.1" 304 -
201.245.192.253 - - [30/Dec/2015:10:44:44 -0500] "GET /galeria/nivo-slider/demo/images/banner-llantas2015.jpg HTTP/1.1" 304 -
201.245.192.253 - - [30/Dec/2015:10:44:44 -0500] "GET /galeria/nivo-slider/demo/images/Programacion-navidena.jpg HTTP/1.1" 304 -
201.245.192.253 - - [30/Dec/2015:10:44:44 -0500] "GET /galeria/nivo-slider/demo/images/ABC-Plan-de-contigencia.jpg HTTP/1.1" 304 -
201.245.192.253 - - [30/Dec/2015:10:44:44 -0500] "GET /galeria/nivo-slider/demo/images/caminata-ecologica.jpg HTTP/1.1" 304 -
201.245.192.253 - - [30/Dec/2015:10:44:44 -0500] "GET /galeria/nivo-slider/demo/images/Banner-ahorro-de-agua.jpg HTTP/1.1" 304 -
201.245.192.253 - - [30/Dec/2015:10:44:44 -0500] "GET /galeria/nivo-slider/demo/images/PREDAcamp.jpg HTTP/1.1" 200 295358
201.245.192.253 - - [30/Dec/2015:10:44:44 -0500] "GET /galeria/nivo-slider/demo/images/Cmapana-onestidad.jpg HTTP/1.1" 304 -
201.245.192.253 - - [30/Dec/2015:10:44:44 -0500] "GET /galeria/nivo-slider/demo/images/Conoce-los-humedales.jpg HTTP/1.1" 200 294036
201.245.192.253 - - [30/Dec/2015:10:44:44 -0500] "GET /galeria/nivo-slider/demo/images/bolsas-06.jpg HTTP/1.1" 200 90982
201.245.192.253 - - [30/Dec/2015:10:44:44 -0500] "GET /galeria/nivo-slider/demo/images/ecolecta-Dic2014.png HTTP/1.1" 200 288593
201.245.192.253 - - [30/Dec/2015:10:44:45 -0500] "GET /galeria/nivo-slider/themes/default/arrows.png HTTP/1.1" 200 824
201.245.192.253 - - [30/Dec/2015:10:44:45 -0500] "GET /galeria/nivo-slider/themes/default/bullets.png HTTP/1.1" 200 1281
201.245.192.253 - - [30/Dec/2015:10:44:47 -0500] "GET /videos/ArchivoSDA.flv HTTP/1.1" 200 31205279
186.30.68.39 - - [30/Dec/2015:10:44:47 -0500] "GET /galeria/nivo-slider/demo/images/caminata-ecologica.jpg HTTP/1.1" 200 161069
201.245.192.253 - - [30/Dec/2015:10:44:49 -0500] "GET /IsolucionSDA/Administracion/SalaEdicion/BuscarVarios.asp?Form=Admon&Campo1=textoObjeto47_9&Campo2=Objeto47_9&ListaSucursales=1&items=&tabla=Cargo&primeravez=true HTTP/1.1" 200 48014
201.245.192.253 - - [30/Dec/2015:10:44:46 -0500] "POST /isolucionsda/Administracion/SalaEdicion/Articulo.asp HTTP/1.1" 302 252
