77.248.252.113 - - [13/Jan/2016:07:18:09 -0500] "GET /Anexos%20estudio%20Organizacional%20SDA/index.php?dir=ANEXO%20No.%2010%20-%20COSTO%20DETALLADO%20PLANTA%20DE%20CARGOS%20ACTUAL/&sort=date&order=desc HTTP/1.0" 200 2420
136.243.103.165 - - [13/Jan/2016:07:18:11 -0500] "GET /StormSDA/userFiles/user_files/85/?C=N;O=D HTTP/1.0" 200 817
77.248.252.113 - - [13/Jan/2016:07:18:11 -0500] "GET /Anexos%20estudio%20Organizacional%20SDA/index.php?dir=ANEXO%20No.%2010%20-%20COSTO%20DETALLADO%20PLANTA%20DE%20CARGOS%20ACTUAL/&sort=size&order=desc HTTP/1.0" 200 2420
77.248.252.113 - - [13/Jan/2016:07:18:13 -0500] "GET /Anexos%20estudio%20Organizacional%20SDA/index.php?dir=ANEXO%20No.%202%20-%20EJECUCIONES%20PRESUPUESTALES%202008-2011%20Y%20PRESUPUESTO%202012/&sort=date&order=desc HTTP/1.0" 200 3707
77.248.252.113 - - [13/Jan/2016:07:18:17 -0500] "GET /Anexos%20estudio%20Organizacional%20SDA/index.php?dir=ANEXO%20No.%202%20-%20EJECUCIONES%20PRESUPUESTALES%202008-2011%20Y%20PRESUPUESTO%202012/&sort=size&order=desc HTTP/1.0" 200 3707
77.248.252.113 - - [13/Jan/2016:07:18:19 -0500] "GET /Anexos%20estudio%20Organizacional%20SDA/index.php?dir=ANEXO%20No.%205%20-%20ESTUDIO%20Y%20PROPUESTA%20SERAMB%20IENTE/&sort=date&order=desc HTTP/1.0" 200 3622
136.243.103.165 - - [13/Jan/2016:07:18:20 -0500] "GET /StormSDA/userFiles/user_files/85/?C=S;O=A HTTP/1.0" 200 817
77.248.252.113 - - [13/Jan/2016:07:18:21 -0500] "GET /Anexos%20estudio%20Organizacional%20SDA/index.php?dir=ANEXO%20No.%205%20-%20ESTUDIO%20Y%20PROPUESTA%20SERAMB%20IENTE/&sort=size&order=desc HTTP/1.0" 200 3622
136.243.103.165 - - [13/Jan/2016:07:18:22 -0500] "GET /StormSDA/userFiles/user_files/86/?C=D;O=A HTTP/1.0" 200 817
77.248.252.113 - - [13/Jan/2016:07:18:23 -0500] "GET /Anexos%20estudio%20Organizacional%20SDA/index.php?dir=ANEXO%20No.%207%20-%20PROYECTO%20DE%20DECRETO%20MODIFICATORIO%20DE%20ESTRUCTURA%20DE%20LA%20SDA/&sort=date&order=desc HTTP/1.0" 200 2593
77.248.252.113 - - [13/Jan/2016:07:18:26 -0500] "GET /Anexos%20estudio%20Organizacional%20SDA/index.php?dir=ANEXO%20No.%207%20-%20PROYECTO%20DE%20DECRETO%20MODIFICATORIO%20DE%20ESTRUCTURA%20DE%20LA%20SDA/&sort=size&order=desc HTTP/1.0" 200 2593
136.243.103.165 - - [13/Jan/2016:07:18:26 -0500] "GET /StormSDA/userFiles/user_files/86/?C=M;O=A HTTP/1.0" 200 817
77.248.252.113 - - [13/Jan/2016:07:18:29 -0500] "GET /Anexos%20estudio%20Organizacional%20SDA/index.php?dir=ANEXO%20No.11-PROYECTO%20DE%20DECRETO%20MODIFICATORIO%20PLANTA%20DE%20CARGOS%20SDA/&sort=date&order=desc HTTP/1.0" 200 2568
77.248.252.113 - - [13/Jan/2016:07:18:31 -0500] "GET /Anexos%20estudio%20Organizacional%20SDA/index.php?dir=ANEXO%20No.11-PROYECTO%20DE%20DECRETO%20MODIFICATORIO%20PLANTA%20DE%20CARGOS%20SDA/&sort=size&order=desc HTTP/1.0" 200 2568
136.243.103.165 - - [13/Jan/2016:07:18:32 -0500] "GET /StormSDA/userFiles/user_files/86/?C=N;O=D HTTP/1.0" 200 817
77.248.252.113 - - [13/Jan/2016:07:18:32 -0500] "GET /Anexos%20estudio%20Organizacional%20SDA/index.php?dir=ANEXO%20No.12-PROYECTO%20ACTUALIZACION%20MANUAL%20DE%20FUNCIONES%20SDA/&sort=date&order=desc HTTP/1.0" 200 2514
77.248.252.113 - - [13/Jan/2016:07:18:34 -0500] "GET /Anexos%20estudio%20Organizacional%20SDA/index.php?dir=ANEXO%20No.12-PROYECTO%20ACTUALIZACION%20MANUAL%20DE%20FUNCIONES%20SDA/&sort=size&order=desc HTTP/1.0" 200 2514
77.248.252.113 - - [13/Jan/2016:07:18:37 -0500] "GET /Autoliquidacion/index.php HTTP/1.0" 200 6375
77.248.252.113 - - [13/Jan/2016:07:18:39 -0500] "GET /Autoliquidacion/index.php?dir=Cobro%20Clasificacion%20Uso%20De%20Vivenda%20En%20Suelo%20Restringido/ HTTP/1.0" 200 2731
77.248.252.113 - - [13/Jan/2016:07:18:41 -0500] "GET /Autoliquidacion/index.php?dir=Cobro%20Clasificacion%20Uso%20De%20Vivenda%20En%20Suelo%20Restringido/COMPATIBILIDAD%20USO%20DE%20VIVIENDA/ HTTP/1.0" 200 2813
136.243.103.165 - - [13/Jan/2016:07:18:42 -0500] "GET /StormSDA/userFiles/user_files/86/?C=S;O=A HTTP/1.0" 200 817
77.248.252.113 - - [13/Jan/2016:07:18:44 -0500] "GET /Autoliquidacion/index.php?dir=Cobro%20Clasificacion%20Uso%20De%20Vivenda%20En%20Suelo%20Restringido/COMPATIBILIDAD%20USO%20DE%20VIVIENDA/&sort=date&order=asc HTTP/1.0" 200 2813
136.243.103.165 - - [13/Jan/2016:07:18:45 -0500] "GET /StormSDA/userFiles/user_files/87/?C=D;O=A HTTP/1.0" 200 817
77.248.252.113 - - [13/Jan/2016:07:18:47 -0500] "GET /Autoliquidacion/index.php?dir=Cobro%20Clasificacion%20Uso%20De%20Vivenda%20En%20Suelo%20Restringido/COMPATIBILIDAD%20USO%20DE%20VIVIENDA/&sort=name&order=desc HTTP/1.0" 200 2812
136.243.103.165 - - [13/Jan/2016:07:18:49 -0500] "GET /StormSDA/userFiles/user_files/87/?C=M;O=A HTTP/1.0" 200 817
77.248.252.113 - - [13/Jan/2016:07:18:50 -0500] "GET /Autoliquidacion/index.php?dir=Cobro%20Clasificacion%20Uso%20De%20Vivenda%20En%20Suelo%20Restringido/COMPATIBILIDAD%20USO%20DE%20VIVIENDA/&sort=size&order=asc HTTP/1.0" 200 2813
200.75.51.148 - - [13/Jan/2016:07:18:50 -0500] "GET /galeria/nivo-slider/demo/demo.html HTTP/1.1" 304 -
200.75.51.148 - - [13/Jan/2016:07:18:50 -0500] "GET /galeria/nivo-slider/demo/images/ABC-Plan-de-contigencia.jpg HTTP/1.1" 304 -
200.75.51.148 - - [13/Jan/2016:07:18:50 -0500] "GET /galeria/nivo-slider/demo/images/banner-llantas2015.jpg HTTP/1.1" 304 -
200.75.51.148 - - [13/Jan/2016:07:18:50 -0500] "GET /galeria/nivo-slider/demo/images/caminata-ecologica.jpg HTTP/1.1" 304 -
200.75.51.148 - - [13/Jan/2016:07:18:50 -0500] "GET /galeria/nivo-slider/demo/images/banner-llantas2.jpg HTTP/1.1" 304 -
136.243.103.165 - - [13/Jan/2016:07:18:53 -0500] "GET /StormSDA/userFiles/user_files/87/?C=N;O=D HTTP/1.0" 200 817
201.245.192.253 - - [13/Jan/2016:07:18:55 -0500] "GET /catalogoisis/ HTTP/1.1" 200 8575
136.243.103.165 - - [13/Jan/2016:07:18:57 -0500] "GET /StormSDA/userFiles/user_files/87/?C=S;O=A HTTP/1.0" 200 817
77.248.252.113 - - [13/Jan/2016:07:18:59 -0500] "GET /Autoliquidacion/index.php?dir=Solicitudes%20relacionadas%20con%20calidad%20del%20aire%20auditiva%20y%20visual/ HTTP/1.0" 200 5748
77.248.252.113 - - [13/Jan/2016:07:19:01 -0500] "GET /Autoliquidacion/index.php?dir=Solicitudes%20relacionadas%20con%20calidad%20del%20aire%20auditiva%20y%20visual/Registro%20de%20Elementos%20de%20publicidad%20Exterior%20Visual/ HTTP/1.0" 200 4013
77.248.252.113 - - [13/Jan/2016:07:19:03 -0500] "GET /Autoliquidacion/index.php?dir=Solicitudes%20relacionadas%20con%20calidad%20del%20aire%20auditiva%20y%20visual/Registro%20de%20Elementos%20de%20publicidad%20Exterior%20Visual/&sort=date&order=asc HTTP/1.0" 200 4013
136.243.103.165 - - [13/Jan/2016:07:19:04 -0500] "GET /StormSDA/userFiles/user_files/88/?C=D;O=A HTTP/1.0" 200 817
77.248.252.113 - - [13/Jan/2016:07:19:06 -0500] "GET /Autoliquidacion/index.php?dir=Solicitudes%20relacionadas%20con%20calidad%20del%20aire%20auditiva%20y%20visual/Registro%20de%20Elementos%20de%20publicidad%20Exterior%20Visual/&sort=name&order=desc HTTP/1.0" 200 4012
136.243.103.165 - - [13/Jan/2016:07:19:08 -0500] "GET /StormSDA/userFiles/user_files/88/?C=M;O=A HTTP/1.0" 200 817
200.75.51.148 - - [13/Jan/2016:07:19:08 -0500] "GET /ecodirectorio/? HTTP/1.1" 200 4751
200.75.51.148 - - [13/Jan/2016:07:19:08 -0500] "GET /ecodirectorio/files/js/swfobject.js HTTP/1.1" 200 10220
200.75.51.148 - - [13/Jan/2016:07:19:08 -0500] "GET /ecodirectorio/files/js/swfaddress.js HTTP/1.1" 200 15916
77.248.252.113 - - [13/Jan/2016:07:19:09 -0500] "GET /Autoliquidacion/index.php?dir=Solicitudes%20relacionadas%20con%20calidad%20del%20aire%20auditiva%20y%20visual/Registro%20de%20Elementos%20de%20publicidad%20Exterior%20Visual/&sort=size&order=asc HTTP/1.0" 200 4013
200.75.51.148 - - [13/Jan/2016:07:19:09 -0500] "GET /ecodirectorio/files/book.swf HTTP/1.1" 200 4581
200.75.51.148 - - [13/Jan/2016:07:19:09 -0500] "GET /ecodirectorio/files/framework.swf HTTP/1.1" 200 567171
200.75.51.148 - - [13/Jan/2016:07:19:10 -0500] "GET /ecodirectorio/files/res/other/mag.swf HTTP/1.1" 200 214525
200.75.51.148 - - [13/Jan/2016:07:19:10 -0500] "GET /ecodirectorio/files/res/other/toolbar.swf HTTP/1.1" 200 7919
200.75.51.148 - - [13/Jan/2016:07:19:10 -0500] "GET /ecodirectorio/files/res/languages/en/magazine.xml HTTP/1.1" 200 473
200.75.51.148 - - [13/Jan/2016:07:19:10 -0500] "GET /ecodirectorio/files/res/languages/es/magazine.xml HTTP/1.1" 200 497
200.75.51.148 - - [13/Jan/2016:07:19:10 -0500] "GET /ecodirectorio/files/res/languages/fr/magazine.xml HTTP/1.1" 200 497
200.75.51.148 - - [13/Jan/2016:07:19:10 -0500] "GET /ecodirectorio/files/res/languages/ar/magazine.xml HTTP/1.1" 200 354
200.75.51.148 - - [13/Jan/2016:07:19:10 -0500] "GET /ecodirectorio/files/res/languages/de/magazine.xml HTTP/1.1" 200 479
200.75.51.148 - - [13/Jan/2016:07:19:10 -0500] "GET /ecodirectorio/files/res/languages/it/magazine.xml HTTP/1.1" 200 474
200.75.51.148 - - [13/Jan/2016:07:19:10 -0500] "GET /ecodirectorio/files/res/languages/jp/magazine.xml HTTP/1.1" 200 483
200.75.51.148 - - [13/Jan/2016:07:19:10 -0500] "GET /ecodirectorio/files/res/languages/fr/bookmarks.xml HTTP/1.1" 200 646
200.75.51.148 - - [13/Jan/2016:07:19:10 -0500] "GET /ecodirectorio/files/res/languages/es/bookmarks.xml HTTP/1.1" 200 647
200.75.51.148 - - [13/Jan/2016:07:19:10 -0500] "GET /ecodirectorio/files/res/languages/en/bookmarks.xml HTTP/1.1" 200 631
200.75.51.148 - - [13/Jan/2016:07:19:10 -0500] "GET /ecodirectorio/files/res/languages/pl/magazine.xml HTTP/1.1" 200 521
200.75.51.148 - - [13/Jan/2016:07:19:10 -0500] "GET /ecodirectorio/files/res/languages/ar/bookmarks.xml HTTP/1.1" 200 687
200.75.51.148 - - [13/Jan/2016:07:19:10 -0500] "GET /ecodirectorio/files/res/languages/de/bookmarks.xml HTTP/1.1" 200 656
200.75.51.148 - - [13/Jan/2016:07:19:10 -0500] "GET /ecodirectorio/files/res/languages/it/bookmarks.xml HTTP/1.1" 200 651
200.75.51.148 - - [13/Jan/2016:07:19:10 -0500] "GET /ecodirectorio/files/res/languages/jp/bookmarks.xml HTTP/1.1" 200 656
200.75.51.148 - - [13/Jan/2016:07:19:10 -0500] "GET /ecodirectorio/files/res/languages/pl/bookmarks.xml HTTP/1.1" 200 650
200.75.51.148 - - [13/Jan/2016:07:19:10 -0500] "GET /ecodirectorio/files/res/languages/es/download.xml HTTP/1.1" 200 385
200.75.51.148 - - [13/Jan/2016:07:19:10 -0500] "GET /ecodirectorio/files/res/languages/de/download.xml HTTP/1.1" 200 381
200.75.51.148 - - [13/Jan/2016:07:19:10 -0500] "GET /ecodirectorio/files/res/languages/fr/download.xml HTTP/1.1" 200 401
200.75.51.148 - - [13/Jan/2016:07:19:10 -0500] "GET /ecodirectorio/files/res/languages/ar/download.xml HTTP/1.1" 200 397
200.75.51.148 - - [13/Jan/2016:07:19:10 -0500] "GET /ecodirectorio/files/res/languages/jp/download.xml HTTP/1.1" 200 414
200.75.51.148 - - [13/Jan/2016:07:19:10 -0500] "GET /ecodirectorio/files/res/languages/en/download.xml HTTP/1.1" 200 371
200.75.51.148 - - [13/Jan/2016:07:19:10 -0500] "GET /ecodirectorio/files/res/languages/it/download.xml HTTP/1.1" 200 379
200.75.51.148 - - [13/Jan/2016:07:19:10 -0500] "GET /ecodirectorio/files/res/languages/pl/download.xml HTTP/1.1" 200 374
200.75.51.148 - - [13/Jan/2016:07:19:10 -0500] "GET /ecodirectorio/files/res/languages/en/password.xml HTTP/1.1" 200 123
200.75.51.148 - - [13/Jan/2016:07:19:10 -0500] "GET /ecodirectorio/files/res/languages/de/password.xml HTTP/1.1" 200 123
200.75.51.148 - - [13/Jan/2016:07:19:10 -0500] "GET /ecodirectorio/files/res/languages/fr/password.xml HTTP/1.1" 200 127
200.75.51.148 - - [13/Jan/2016:07:19:10 -0500] "GET /ecodirectorio/files/res/languages/ar/password.xml HTTP/1.1" 200 132
200.75.51.148 - - [13/Jan/2016:07:19:10 -0500] "GET /ecodirectorio/files/res/languages/es/password.xml HTTP/1.1" 200 126
200.75.51.148 - - [13/Jan/2016:07:19:10 -0500] "GET /ecodirectorio/files/res/languages/it/password.xml HTTP/1.1" 200 123
200.75.51.148 - - [13/Jan/2016:07:19:10 -0500] "GET /ecodirectorio/files/res/languages/pl/password.xml HTTP/1.1" 200 121
200.75.51.148 - - [13/Jan/2016:07:19:10 -0500] "GET /ecodirectorio/files/res/languages/jp/password.xml HTTP/1.1" 200 130
200.75.51.148 - - [13/Jan/2016:07:19:10 -0500] "GET /ecodirectorio/files/res/languages/es/print.xml HTTP/1.1" 200 907
200.75.51.148 - - [13/Jan/2016:07:19:10 -0500] "GET /ecodirectorio/files/res/languages/en/print.xml HTTP/1.1" 200 879
200.75.51.148 - - [13/Jan/2016:07:19:10 -0500] "GET /ecodirectorio/files/res/languages/fr/print.xml HTTP/1.1" 200 930
200.75.51.148 - - [13/Jan/2016:07:19:10 -0500] "GET /ecodirectorio/files/res/languages/ar/print.xml HTTP/1.1" 200 921
200.75.51.148 - - [13/Jan/2016:07:19:10 -0500] "GET /ecodirectorio/files/res/languages/it/print.xml HTTP/1.1" 200 933
200.75.51.148 - - [13/Jan/2016:07:19:10 -0500] "GET /ecodirectorio/files/res/languages/de/print.xml HTTP/1.1" 200 932
200.75.51.148 - - [13/Jan/2016:07:19:10 -0500] "GET /ecodirectorio/files/res/languages/jp/print.xml HTTP/1.1" 200 715
200.75.51.148 - - [13/Jan/2016:07:19:10 -0500] "GET /ecodirectorio/files/res/languages/pl/print.xml HTTP/1.1" 200 916
200.75.51.148 - - [13/Jan/2016:07:19:10 -0500] "GET /ecodirectorio/files/res/languages/es/searchbox.xml HTTP/1.1" 200 286
200.75.51.148 - - [13/Jan/2016:07:19:10 -0500] "GET /ecodirectorio/files/res/languages/en/searchbox.xml HTTP/1.1" 200 281
200.75.51.148 - - [13/Jan/2016:07:19:10 -0500] "GET /ecodirectorio/files/res/languages/fr/searchbox.xml HTTP/1.1" 200 293
200.75.51.148 - - [13/Jan/2016:07:19:10 -0500] "GET /ecodirectorio/files/res/languages/ar/searchbox.xml HTTP/1.1" 200 293
200.75.51.148 - - [13/Jan/2016:07:19:10 -0500] "GET /ecodirectorio/files/res/languages/de/searchbox.xml HTTP/1.1" 200 273
200.75.51.148 - - [13/Jan/2016:07:19:10 -0500] "GET /ecodirectorio/files/res/languages/it/searchbox.xml HTTP/1.1" 200 289
200.75.51.148 - - [13/Jan/2016:07:19:10 -0500] "GET /ecodirectorio/files/res/languages/jp/searchbox.xml HTTP/1.1" 200 285
200.75.51.148 - - [13/Jan/2016:07:19:10 -0500] "GET /ecodirectorio/files/res/languages/pl/searchbox.xml HTTP/1.1" 200 298
200.75.51.148 - - [13/Jan/2016:07:19:10 -0500] "GET /ecodirectorio/files/res/languages/es/share.xml HTTP/1.1" 200 669
200.75.51.148 - - [13/Jan/2016:07:19:10 -0500] "GET /ecodirectorio/files/res/languages/en/share.xml HTTP/1.1" 200 658
200.75.51.148 - - [13/Jan/2016:07:19:10 -0500] "GET /ecodirectorio/files/res/languages/fr/share.xml HTTP/1.1" 200 660
200.75.51.148 - - [13/Jan/2016:07:19:10 -0500] "GET /ecodirectorio/files/res/languages/ar/share.xml HTTP/1.1" 200 749
200.75.51.148 - - [13/Jan/2016:07:19:10 -0500] "GET /ecodirectorio/files/res/languages/de/share.xml HTTP/1.1" 200 671
200.75.51.148 - - [13/Jan/2016:07:19:10 -0500] "GET /ecodirectorio/files/res/languages/it/share.xml HTTP/1.1" 200 659
200.75.51.148 - - [13/Jan/2016:07:19:10 -0500] "GET /ecodirectorio/files/res/languages/pl/share.xml HTTP/1.1" 200 677
200.75.51.148 - - [13/Jan/2016:07:19:10 -0500] "GET /ecodirectorio/files/res/languages/jp/share.xml HTTP/1.1" 200 676
200.75.51.148 - - [13/Jan/2016:07:19:10 -0500] "GET /ecodirectorio/files/res/languages/es/slideshow.xml HTTP/1.1" 200 233
200.75.51.148 - - [13/Jan/2016:07:19:10 -0500] "GET /ecodirectorio/files/res/languages/fr/slideshow.xml HTTP/1.1" 200 236
200.75.51.148 - - [13/Jan/2016:07:19:10 -0500] "GET /ecodirectorio/files/res/languages/en/slideshow.xml HTTP/1.1" 200 222
200.75.51.148 - - [13/Jan/2016:07:19:10 -0500] "GET /ecodirectorio/files/res/languages/ar/slideshow.xml HTTP/1.1" 200 240
200.75.51.148 - - [13/Jan/2016:07:19:10 -0500] "GET /ecodirectorio/files/res/languages/de/slideshow.xml HTTP/1.1" 200 224
200.75.51.148 - - [13/Jan/2016:07:19:10 -0500] "GET /ecodirectorio/files/res/languages/it/slideshow.xml HTTP/1.1" 200 231
200.75.51.148 - - [13/Jan/2016:07:19:10 -0500] "GET /ecodirectorio/files/res/languages/jp/slideshow.xml HTTP/1.1" 200 247
200.75.51.148 - - [13/Jan/2016:07:19:10 -0500] "GET /ecodirectorio/files/res/languages/pl/slideshow.xml HTTP/1.1" 200 240
200.75.51.148 - - [13/Jan/2016:07:19:10 -0500] "GET /ecodirectorio/files/res/languages/es/thumbnails.xml HTTP/1.1" 200 296
200.75.51.148 - - [13/Jan/2016:07:19:10 -0500] "GET /ecodirectorio/files/res/languages/en/thumbnails.xml HTTP/1.1" 200 284
200.75.51.148 - - [13/Jan/2016:07:19:10 -0500] "GET /ecodirectorio/files/res/languages/fr/thumbnails.xml HTTP/1.1" 200 298
200.75.51.148 - - [13/Jan/2016:07:19:10 -0500] "GET /ecodirectorio/files/res/languages/ar/thumbnails.xml HTTP/1.1" 200 323
200.75.51.148 - - [13/Jan/2016:07:19:10 -0500] "GET /ecodirectorio/files/res/languages/de/thumbnails.xml HTTP/1.1" 200 291
200.75.51.148 - - [13/Jan/2016:07:19:10 -0500] "GET /ecodirectorio/files/res/languages/it/thumbnails.xml HTTP/1.1" 200 297
200.75.51.148 - - [13/Jan/2016:07:19:10 -0500] "GET /ecodirectorio/files/res/languages/jp/thumbnails.xml HTTP/1.1" 200 277
200.75.51.148 - - [13/Jan/2016:07:19:10 -0500] "GET /ecodirectorio/files/res/languages/pl/thumbnails.xml HTTP/1.1" 200 290
200.75.51.148 - - [13/Jan/2016:07:19:10 -0500] "GET /ecodirectorio/files/res/languages/en/toc.xml HTTP/1.1" 200 133
200.75.51.148 - - [13/Jan/2016:07:19:10 -0500] "GET /ecodirectorio/files/res/languages/es/toc.xml HTTP/1.1" 200 135
200.75.51.148 - - [13/Jan/2016:07:19:10 -0500] "GET /ecodirectorio/files/res/languages/fr/toc.xml HTTP/1.1" 200 135
200.75.51.148 - - [13/Jan/2016:07:19:10 -0500] "GET /ecodirectorio/files/res/languages/de/toc.xml HTTP/1.1" 200 132
200.75.51.148 - - [13/Jan/2016:07:19:10 -0500] "GET /ecodirectorio/files/res/languages/ar/toc.xml HTTP/1.1" 200 143
200.75.51.148 - - [13/Jan/2016:07:19:10 -0500] "GET /ecodirectorio/files/res/languages/it/toc.xml HTTP/1.1" 200 136
200.75.51.148 - - [13/Jan/2016:07:19:10 -0500] "GET /ecodirectorio/files/res/languages/en/toolbar.xml HTTP/1.1" 200 1594
200.75.51.148 - - [13/Jan/2016:07:19:10 -0500] "GET /ecodirectorio/files/res/languages/jp/toc.xml HTTP/1.1" 200 122
200.75.51.148 - - [13/Jan/2016:07:19:10 -0500] "GET /ecodirectorio/files/res/languages/fr/toolbar.xml HTTP/1.1" 200 1632
200.75.51.148 - - [13/Jan/2016:07:19:10 -0500] "GET /ecodirectorio/files/res/languages/es/toolbar.xml HTTP/1.1" 200 1666
200.75.51.148 - - [13/Jan/2016:07:19:10 -0500] "GET /ecodirectorio/files/res/languages/pl/toc.xml HTTP/1.1" 200 126
200.75.51.148 - - [13/Jan/2016:07:19:10 -0500] "GET /ecodirectorio/files/res/languages/de/toolbar.xml HTTP/1.1" 200 1617
200.75.51.148 - - [13/Jan/2016:07:19:10 -0500] "GET /ecodirectorio/files/res/languages/ar/toolbar.xml HTTP/1.1" 200 1799
200.75.51.148 - - [13/Jan/2016:07:19:10 -0500] "GET /ecodirectorio/files/res/languages/it/toolbar.xml HTTP/1.1" 200 1634
200.75.51.148 - - [13/Jan/2016:07:19:10 -0500] "GET /ecodirectorio/files/res/languages/jp/toolbar.xml HTTP/1.1" 200 1598
200.75.51.148 - - [13/Jan/2016:07:19:11 -0500] "GET /ecodirectorio/files/res/languages/pl/toolbar.xml HTTP/1.1" 200 1637
77.248.252.113 - - [13/Jan/2016:07:19:11 -0500] "GET /Metadatos_final_2014/?C=M;O=D HTTP/1.0" 200 3486
200.75.51.148 - - [13/Jan/2016:07:19:11 -0500] "GET /ecodirectorio/res/thumbnails/thumb_3.png HTTP/1.1" 404 1283
200.75.51.148 - - [13/Jan/2016:07:19:11 -0500] "GET /ecodirectorio/res/thumbnails/thumb_0.png HTTP/1.1" 404 1283
200.75.51.148 - - [13/Jan/2016:07:19:11 -0500] "GET /ecodirectorio/res/thumbnails/thumb_1.png HTTP/1.1" 404 1283
200.75.51.148 - - [13/Jan/2016:07:19:11 -0500] "GET /ecodirectorio/res/thumbnails/thumb_2.png HTTP/1.1" 404 1283
200.75.51.148 - - [13/Jan/2016:07:19:11 -0500] "GET /ecodirectorio/res/thumbnails/thumb_4.png HTTP/1.1" 404 1283
200.75.51.148 - - [13/Jan/2016:07:19:11 -0500] "GET /ecodirectorio/res/thumbnails/thumb_6.png HTTP/1.1" 404 1283
200.75.51.148 - - [13/Jan/2016:07:19:11 -0500] "GET /ecodirectorio/res/thumbnails/thumb_5.png HTTP/1.1" 404 1283
200.75.51.148 - - [13/Jan/2016:07:19:11 -0500] "GET /ecodirectorio/res/thumbnails/thumb_7.png HTTP/1.1" 404 1283
200.75.51.148 - - [13/Jan/2016:07:19:11 -0500] "GET /ecodirectorio/res/thumbnails/thumb_8.png HTTP/1.1" 404 1283
200.75.51.148 - - [13/Jan/2016:07:19:11 -0500] "GET /ecodirectorio/res/thumbnails/thumb_10.png HTTP/1.1" 404 1283
200.75.51.148 - - [13/Jan/2016:07:19:11 -0500] "GET /ecodirectorio/res/thumbnails/thumb_11.png HTTP/1.1" 404 1283
200.75.51.148 - - [13/Jan/2016:07:19:11 -0500] "GET /ecodirectorio/res/thumbnails/thumb_9.png HTTP/1.1" 404 1283
200.75.51.148 - - [13/Jan/2016:07:19:11 -0500] "GET /ecodirectorio/files/res/other/toc.xml HTTP/1.1" 200 1530
200.75.51.148 - - [13/Jan/2016:07:19:11 -0500] "GET /ecodirectorio/files/res/other/search.txt HTTP/1.1" 200 91128
200.75.51.148 - - [13/Jan/2016:07:19:12 -0500] "GET /ecodirectorio/res/thumbnails/thumb_13.png HTTP/1.1" 404 1283
200.75.51.148 - - [13/Jan/2016:07:19:12 -0500] "GET /ecodirectorio/res/thumbnails/thumb_14.png HTTP/1.1" 404 1283
200.75.51.148 - - [13/Jan/2016:07:19:12 -0500] "GET /ecodirectorio/res/thumbnails/thumb_15.png HTTP/1.1" 404 1283
200.75.51.148 - - [13/Jan/2016:07:19:12 -0500] "GET /ecodirectorio/res/thumbnails/thumb_12.png HTTP/1.1" 404 1283
181.54.159.205 - - [13/Jan/2016:07:19:12 -0500] "GET /galeria/galeria/jquery.fancybox.css?v=2.1.5 HTTP/1.1" 304 -
181.54.159.205 - - [13/Jan/2016:07:19:12 -0500] "GET /BLA/boletinlegal/js/jquery.scrollShow.js HTTP/1.1" 304 -
200.75.51.148 - - [13/Jan/2016:07:19:12 -0500] "GET /ecodirectorio/files/res/pages/page_0001.swf HTTP/1.1" 200 341339
200.75.51.148 - - [13/Jan/2016:07:19:12 -0500] "GET /ecodirectorio/files/res/pages/page_0000.swf HTTP/1.1" 200 425550
181.54.159.205 - - [13/Jan/2016:07:19:12 -0500] "GET /galeria/galeria/jquery.fancybox.js?v=2.1.5 HTTP/1.1" 304 -
200.75.51.148 - - [13/Jan/2016:07:19:12 -0500] "GET /ecodirectorio/res/thumbnails/thumb_17.png HTTP/1.1" 404 1283
200.75.51.148 - - [13/Jan/2016:07:19:12 -0500] "GET /ecodirectorio/res/thumbnails/thumb_18.png HTTP/1.1" 404 1283
200.75.51.148 - - [13/Jan/2016:07:19:12 -0500] "GET /ecodirectorio/res/thumbnails/thumb_16.png HTTP/1.1" 404 1283
200.75.51.148 - - [13/Jan/2016:07:19:12 -0500] "GET /ecodirectorio/res/thumbnails/thumb_19.png HTTP/1.1" 404 1283
200.75.51.148 - - [13/Jan/2016:07:19:12 -0500] "GET /ecodirectorio/res/thumbnails/thumb_20.png HTTP/1.1" 404 1283
200.75.51.148 - - [13/Jan/2016:07:19:12 -0500] "GET /ecodirectorio/res/thumbnails/thumb_23.png HTTP/1.1" 404 1283
200.75.51.148 - - [13/Jan/2016:07:19:12 -0500] "GET /ecodirectorio/res/thumbnails/thumb_24.png HTTP/1.1" 404 1283
200.75.51.148 - - [13/Jan/2016:07:19:12 -0500] "GET /ecodirectorio/res/thumbnails/thumb_22.png HTTP/1.1" 404 1283
200.75.51.148 - - [13/Jan/2016:07:19:12 -0500] "GET /ecodirectorio/res/thumbnails/thumb_21.png HTTP/1.1" 404 1283
200.75.51.148 - - [13/Jan/2016:07:19:12 -0500] "GET /ecodirectorio/res/thumbnails/thumb_25.png HTTP/1.1" 404 1283
200.75.51.148 - - [13/Jan/2016:07:19:12 -0500] "GET /ecodirectorio/res/thumbnails/thumb_27.png HTTP/1.1" 404 1283
200.75.51.148 - - [13/Jan/2016:07:19:12 -0500] "GET /ecodirectorio/res/thumbnails/thumb_26.png HTTP/1.1" 404 1283
200.75.51.148 - - [13/Jan/2016:07:19:12 -0500] "GET /ecodirectorio/res/thumbnails/thumb_28.png HTTP/1.1" 404 1283
200.75.51.148 - - [13/Jan/2016:07:19:12 -0500] "GET /ecodirectorio/res/thumbnails/thumb_29.png HTTP/1.1" 404 1283
200.75.51.148 - - [13/Jan/2016:07:19:12 -0500] "GET /ecodirectorio/res/thumbnails/thumb_30.png HTTP/1.1" 404 1283
200.75.51.148 - - [13/Jan/2016:07:19:12 -0500] "GET /ecodirectorio/res/thumbnails/thumb_31.png HTTP/1.1" 404 1283
200.75.51.148 - - [13/Jan/2016:07:19:12 -0500] "GET /ecodirectorio/res/thumbnails/thumb_32.png HTTP/1.1" 404 1283
200.75.51.148 - - [13/Jan/2016:07:19:12 -0500] "GET /ecodirectorio/res/thumbnails/thumb_33.png HTTP/1.1" 404 1283
200.75.51.148 - - [13/Jan/2016:07:19:12 -0500] "GET /ecodirectorio/res/thumbnails/thumb_34.png HTTP/1.1" 404 1283
200.75.51.148 - - [13/Jan/2016:07:19:12 -0500] "GET /ecodirectorio/res/thumbnails/thumb_35.png HTTP/1.1" 404 1283
200.75.51.148 - - [13/Jan/2016:07:19:12 -0500] "GET /ecodirectorio/res/thumbnails/thumb_36.png HTTP/1.1" 404 1283
200.75.51.148 - - [13/Jan/2016:07:19:12 -0500] "GET /ecodirectorio/res/thumbnails/thumb_40.png HTTP/1.1" 404 1283
200.75.51.148 - - [13/Jan/2016:07:19:12 -0500] "GET /ecodirectorio/res/thumbnails/thumb_39.png HTTP/1.1" 404 1283
200.75.51.148 - - [13/Jan/2016:07:19:12 -0500] "GET /ecodirectorio/res/thumbnails/thumb_38.png HTTP/1.1" 404 1283
200.75.51.148 - - [13/Jan/2016:07:19:12 -0500] "GET /ecodirectorio/res/thumbnails/thumb_37.png HTTP/1.1" 404 1283
136.243.103.165 - - [13/Jan/2016:07:19:12 -0500] "GET /StormSDA/userFiles/user_files/88/?C=N;O=D HTTP/1.0" 200 817
200.75.51.148 - - [13/Jan/2016:07:19:12 -0500] "GET /ecodirectorio/res/thumbnails/thumb_41.png HTTP/1.1" 404 1283
200.75.51.148 - - [13/Jan/2016:07:19:12 -0500] "GET /ecodirectorio/res/thumbnails/thumb_42.png HTTP/1.1" 404 1283
200.75.51.148 - - [13/Jan/2016:07:19:12 -0500] "GET /ecodirectorio/res/thumbnails/thumb_44.png HTTP/1.1" 404 1283
200.75.51.148 - - [13/Jan/2016:07:19:12 -0500] "GET /ecodirectorio/res/thumbnails/thumb_43.png HTTP/1.1" 404 1283
200.75.51.148 - - [13/Jan/2016:07:19:13 -0500] "GET /ecodirectorio/res/thumbnails/thumb_45.png HTTP/1.1" 404 1283
200.75.51.148 - - [13/Jan/2016:07:19:13 -0500] "GET /ecodirectorio/res/thumbnails/thumb_48.png HTTP/1.1" 404 1283
200.75.51.148 - - [13/Jan/2016:07:19:13 -0500] "GET /ecodirectorio/res/thumbnails/thumb_47.png HTTP/1.1" 404 1283
200.75.51.148 - - [13/Jan/2016:07:19:13 -0500] "GET /ecodirectorio/res/thumbnails/thumb_46.png HTTP/1.1" 404 1283
200.75.51.148 - - [13/Jan/2016:07:19:13 -0500] "GET /ecodirectorio/res/thumbnails/thumb_49.png HTTP/1.1" 404 1283
200.75.51.148 - - [13/Jan/2016:07:19:13 -0500] "GET /ecodirectorio/res/thumbnails/thumb_52.png HTTP/1.1" 404 1283
200.75.51.148 - - [13/Jan/2016:07:19:13 -0500] "GET /ecodirectorio/res/thumbnails/thumb_50.png HTTP/1.1" 404 1283
200.75.51.148 - - [13/Jan/2016:07:19:13 -0500] "GET /ecodirectorio/res/thumbnails/thumb_51.png HTTP/1.1" 404 1283
77.248.252.113 - - [13/Jan/2016:07:19:13 -0500] "GET /Metadatos_final_2014/?C=N;O=D HTTP/1.0" 200 3486
200.75.51.148 - - [13/Jan/2016:07:19:13 -0500] "GET /ecodirectorio/res/thumbnails/thumb_56.png HTTP/1.1" 404 1283
200.75.51.148 - - [13/Jan/2016:07:19:13 -0500] "GET /ecodirectorio/files/res/pages/page_0002.swf HTTP/1.1" 200 297557
200.75.51.148 - - [13/Jan/2016:07:19:13 -0500] "GET /ecodirectorio/res/thumbnails/thumb_54.png HTTP/1.1" 404 1283
200.75.51.148 - - [13/Jan/2016:07:19:13 -0500] "GET /ecodirectorio/res/thumbnails/thumb_53.png HTTP/1.1" 404 1283
200.75.51.148 - - [13/Jan/2016:07:19:13 -0500] "GET /ecodirectorio/res/thumbnails/thumb_55.png HTTP/1.1" 404 1283
200.75.51.148 - - [13/Jan/2016:07:19:13 -0500] "GET /ecodirectorio/res/thumbnails/thumb_57.png HTTP/1.1" 404 1283
200.75.51.148 - - [13/Jan/2016:07:19:13 -0500] "GET /ecodirectorio/res/thumbnails/thumb_58.png HTTP/1.1" 404 1283
200.75.51.148 - - [13/Jan/2016:07:19:13 -0500] "GET /ecodirectorio/res/thumbnails/thumb_59.png HTTP/1.1" 404 1283
200.75.51.148 - - [13/Jan/2016:07:19:13 -0500] "GET /ecodirectorio/res/thumbnails/thumb_63.png HTTP/1.1" 404 1283
200.75.51.148 - - [13/Jan/2016:07:19:13 -0500] "GET /ecodirectorio/res/thumbnails/thumb_61.png HTTP/1.1" 404 1283
200.75.51.148 - - [13/Jan/2016:07:19:13 -0500] "GET /ecodirectorio/res/thumbnails/thumb_60.png HTTP/1.1" 404 1283
200.75.51.148 - - [13/Jan/2016:07:19:13 -0500] "GET /ecodirectorio/res/thumbnails/thumb_62.png HTTP/1.1" 404 1283
200.75.51.148 - - [13/Jan/2016:07:19:13 -0500] "GET /ecodirectorio/files/res/pages/page_0003.swf HTTP/1.1" 200 296415
200.75.51.148 - - [13/Jan/2016:07:19:13 -0500] "GET /ecodirectorio/res/thumbnails/thumb_67.png HTTP/1.1" 404 1283
200.75.51.148 - - [13/Jan/2016:07:19:13 -0500] "GET /ecodirectorio/res/thumbnails/thumb_64.png HTTP/1.1" 404 1283
200.75.51.148 - - [13/Jan/2016:07:19:13 -0500] "GET /ecodirectorio/res/thumbnails/thumb_65.png HTTP/1.1" 404 1283
200.75.51.148 - - [13/Jan/2016:07:19:13 -0500] "GET /ecodirectorio/res/thumbnails/thumb_66.png HTTP/1.1" 404 1283
200.75.51.148 - - [13/Jan/2016:07:19:13 -0500] "GET /ecodirectorio/res/thumbnails/thumb_68.png HTTP/1.1" 404 1283
200.75.51.148 - - [13/Jan/2016:07:19:13 -0500] "GET /ecodirectorio/res/thumbnails/thumb_70.png HTTP/1.1" 404 1283
200.75.51.148 - - [13/Jan/2016:07:19:13 -0500] "GET /ecodirectorio/res/thumbnails/thumb_69.png HTTP/1.1" 404 1283
200.75.51.148 - - [13/Jan/2016:07:19:13 -0500] "GET /ecodirectorio/res/thumbnails/thumb_72.png HTTP/1.1" 404 1283
200.75.51.148 - - [13/Jan/2016:07:19:13 -0500] "GET /ecodirectorio/res/thumbnails/thumb_71.png HTTP/1.1" 404 1283
200.75.51.148 - - [13/Jan/2016:07:19:13 -0500] "GET /ecodirectorio/res/thumbnails/thumb_73.png HTTP/1.1" 404 1283
200.75.51.148 - - [13/Jan/2016:07:19:13 -0500] "GET /ecodirectorio/res/thumbnails/thumb_74.png HTTP/1.1" 404 1283
200.75.51.148 - - [13/Jan/2016:07:19:13 -0500] "GET /ecodirectorio/res/thumbnails/thumb_77.png HTTP/1.1" 404 1283
200.75.51.148 - - [13/Jan/2016:07:19:13 -0500] "GET /ecodirectorio/res/thumbnails/thumb_75.png HTTP/1.1" 404 1283
200.75.51.148 - - [13/Jan/2016:07:19:13 -0500] "GET /ecodirectorio/res/thumbnails/thumb_78.png HTTP/1.1" 404 1283
200.75.51.148 - - [13/Jan/2016:07:19:13 -0500] "GET /ecodirectorio/res/thumbnails/thumb_76.png HTTP/1.1" 404 1283
200.75.51.148 - - [13/Jan/2016:07:19:13 -0500] "GET /ecodirectorio/files/res/pages/page_0004.swf HTTP/1.1" 200 533861
200.75.51.148 - - [13/Jan/2016:07:19:13 -0500] "GET /ecodirectorio/res/thumbnails/thumb_81.png HTTP/1.1" 404 1283
200.75.51.148 - - [13/Jan/2016:07:19:13 -0500] "GET /ecodirectorio/res/thumbnails/thumb_79.png HTTP/1.1" 404 1283
200.75.51.148 - - [13/Jan/2016:07:19:13 -0500] "GET /ecodirectorio/res/thumbnails/thumb_80.png HTTP/1.1" 404 1283
200.75.51.148 - - [13/Jan/2016:07:19:13 -0500] "GET /ecodirectorio/res/thumbnails/thumb_82.png HTTP/1.1" 404 1283
200.75.51.148 - - [13/Jan/2016:07:19:14 -0500] "GET /ecodirectorio/res/thumbnails/thumb_86.png HTTP/1.1" 404 1283
200.75.51.148 - - [13/Jan/2016:07:19:14 -0500] "GET /ecodirectorio/res/thumbnails/thumb_83.png HTTP/1.1" 404 1283
200.75.51.148 - - [13/Jan/2016:07:19:14 -0500] "GET /ecodirectorio/res/thumbnails/thumb_84.png HTTP/1.1" 404 1283
200.75.51.148 - - [13/Jan/2016:07:19:14 -0500] "GET /ecodirectorio/res/thumbnails/thumb_85.png HTTP/1.1" 404 1283
200.75.51.148 - - [13/Jan/2016:07:19:14 -0500] "GET /ecodirectorio/files/res/pages/page_0005.swf HTTP/1.1" 200 530185
200.75.51.148 - - [13/Jan/2016:07:19:14 -0500] "GET /ecodirectorio/res/thumbnails/thumb_87.png HTTP/1.1" 404 1283
200.75.51.148 - - [13/Jan/2016:07:19:14 -0500] "GET /ecodirectorio/res/thumbnails/thumb_89.png HTTP/1.1" 404 1283
200.75.51.148 - - [13/Jan/2016:07:19:14 -0500] "GET /ecodirectorio/res/thumbnails/thumb_90.png HTTP/1.1" 404 1283
200.75.51.148 - - [13/Jan/2016:07:19:14 -0500] "GET /ecodirectorio/res/thumbnails/thumb_88.png HTTP/1.1" 404 1283
200.75.51.148 - - [13/Jan/2016:07:19:14 -0500] "GET /ecodirectorio/res/thumbnails/thumb_91.png HTTP/1.1" 404 1283
200.75.51.148 - - [13/Jan/2016:07:19:14 -0500] "GET /ecodirectorio/res/thumbnails/thumb_94.png HTTP/1.1" 404 1283
200.75.51.148 - - [13/Jan/2016:07:19:14 -0500] "GET /ecodirectorio/res/thumbnails/thumb_93.png HTTP/1.1" 404 1283
200.75.51.148 - - [13/Jan/2016:07:19:14 -0500] "GET /ecodirectorio/res/thumbnails/thumb_92.png HTTP/1.1" 404 1283
200.75.51.148 - - [13/Jan/2016:07:19:14 -0500] "GET /ecodirectorio/res/thumbnails/thumb_96.png HTTP/1.1" 404 1283
200.75.51.148 - - [13/Jan/2016:07:19:14 -0500] "GET /ecodirectorio/res/thumbnails/thumb_97.png HTTP/1.1" 404 1283
200.75.51.148 - - [13/Jan/2016:07:19:14 -0500] "GET /ecodirectorio/res/thumbnails/thumb_95.png HTTP/1.1" 404 1283
200.75.51.148 - - [13/Jan/2016:07:19:14 -0500] "GET /ecodirectorio/res/thumbnails/thumb_98.png HTTP/1.1" 404 1283
200.75.51.148 - - [13/Jan/2016:07:19:14 -0500] "GET /ecodirectorio/res/thumbnails/thumb_100.png HTTP/1.1" 404 1283
200.75.51.148 - - [13/Jan/2016:07:19:14 -0500] "GET /ecodirectorio/res/thumbnails/thumb_99.png HTTP/1.1" 404 1283
200.75.51.148 - - [13/Jan/2016:07:19:14 -0500] "GET /ecodirectorio/res/thumbnails/thumb_101.png HTTP/1.1" 404 1283
200.75.51.148 - - [13/Jan/2016:07:19:14 -0500] "GET /ecodirectorio/res/thumbnails/thumb_102.png HTTP/1.1" 404 1283
200.75.51.148 - - [13/Jan/2016:07:19:14 -0500] "GET /ecodirectorio/res/thumbnails/thumb_103.png HTTP/1.1" 404 1283
200.75.51.148 - - [13/Jan/2016:07:19:14 -0500] "GET /ecodirectorio/res/thumbnails/thumb_104.png HTTP/1.1" 404 1283
200.75.51.148 - - [13/Jan/2016:07:19:14 -0500] "GET /ecodirectorio/res/thumbnails/thumb_105.png HTTP/1.1" 404 1283
200.75.51.148 - - [13/Jan/2016:07:19:14 -0500] "GET /ecodirectorio/res/thumbnails/thumb_106.png HTTP/1.1" 404 1283
200.75.51.148 - - [13/Jan/2016:07:19:14 -0500] "GET /ecodirectorio/res/thumbnails/thumb_107.png HTTP/1.1" 404 1283
200.75.51.148 - - [13/Jan/2016:07:19:14 -0500] "GET /ecodirectorio/res/thumbnails/thumb_108.png HTTP/1.1" 404 1283
200.75.51.148 - - [13/Jan/2016:07:19:14 -0500] "GET /ecodirectorio/res/thumbnails/thumb_109.png HTTP/1.1" 404 1283
200.75.51.148 - - [13/Jan/2016:07:19:14 -0500] "GET /ecodirectorio/res/thumbnails/thumb_110.png HTTP/1.1" 404 1283
200.75.51.148 - - [13/Jan/2016:07:19:14 -0500] "GET /ecodirectorio/res/thumbnails/thumb_111.png HTTP/1.1" 404 1283
200.75.51.148 - - [13/Jan/2016:07:19:14 -0500] "GET /ecodirectorio/res/thumbnails/thumb_112.png HTTP/1.1" 404 1283
200.75.51.148 - - [13/Jan/2016:07:19:14 -0500] "GET /ecodirectorio/res/thumbnails/thumb_114.png HTTP/1.1" 404 1283
200.75.51.148 - - [13/Jan/2016:07:19:14 -0500] "GET /ecodirectorio/res/thumbnails/thumb_113.png HTTP/1.1" 404 1283
200.75.51.148 - - [13/Jan/2016:07:19:14 -0500] "GET /ecodirectorio/res/thumbnails/thumb_115.png HTTP/1.1" 404 1283
200.75.51.148 - - [13/Jan/2016:07:19:14 -0500] "GET /ecodirectorio/res/thumbnails/thumb_116.png HTTP/1.1" 404 1283
200.75.51.148 - - [13/Jan/2016:07:19:14 -0500] "GET /ecodirectorio/files/res/pages/page_0006.swf HTTP/1.1" 200 224315
200.75.51.148 - - [13/Jan/2016:07:19:14 -0500] "GET /ecodirectorio/res/thumbnails/thumb_117.png HTTP/1.1" 404 1283
77.248.252.113 - - [13/Jan/2016:07:19:15 -0500] "GET /Metadatos_final_2014/?C=S;O=A HTTP/1.0" 200 3486
77.248.252.113 - - [13/Jan/2016:07:19:17 -0500] "GET /Metadatos_final_2014/Agente_Part_Amb.xml HTTP/1.0" 200 32407
136.243.103.165 - - [13/Jan/2016:07:19:18 -0500] "GET /StormSDA/userFiles/user_files/88/?C=S;O=A HTTP/1.0" 200 817
200.75.47.130 - - [13/Jan/2016:07:19:19 -0500] "GET /BLA/resoluciones/RESOLUCIONES%202010/4526.pdf HTTP/1.1" 200 331031
200.75.47.130 - - [13/Jan/2016:07:19:19 -0500] "GET /favicon.ico HTTP/1.1" 200 7782
77.248.252.113 - - [13/Jan/2016:07:19:20 -0500] "GET /Metadatos_final_2014/Estacion_CalAgua.xml HTTP/1.0" 200 29752
208.42.251.123 - - [13/Jan/2016:07:19:20 -0500] "GET /galeria/carrusel/Carrusel/jquery.thumbnailScroller.css HTTP/1.1" 200 2066
208.42.251.123 - - [13/Jan/2016:07:19:20 -0500] "GET /galeria/galeria/jquery.fancybox.css?v=2.1.5 HTTP/1.1" 200 4895
208.42.251.123 - - [13/Jan/2016:07:19:20 -0500] "GET /galeria/galeria/jquery.fancybox.js?v=2.1.5 HTTP/1.1" 200 48706
208.42.251.123 - - [13/Jan/2016:07:19:20 -0500] "GET /BLA/boletinlegal/js/jquery.scrollShow.js HTTP/1.1" 200 4586
208.42.251.123 - - [13/Jan/2016:07:19:21 -0500] "GET /galeria/carrusel/Carrusel/jquery-ui-1.8.13.custom.min.js HTTP/1.1" 200 10800
208.42.251.123 - - [13/Jan/2016:07:19:21 -0500] "GET /galeria/carrusel/Carrusel/jquery.thumbnailScroller.js HTTP/1.1" 200 8157
77.248.252.113 - - [13/Jan/2016:07:19:22 -0500] "GET /Metadatos_final_2014/Gen_Respel_Hosp.xml HTTP/1.0" 200 32839
136.243.103.165 - - [13/Jan/2016:07:19:23 -0500] "GET /StormSDA/userFiles/user_files/89/?C=D;O=A HTTP/1.0" 200 817
208.42.251.123 - - [13/Jan/2016:07:19:24 -0500] "GET /galeria/nivo-slider/demo/demo.html HTTP/1.1" 200 3489
77.248.252.113 - - [13/Jan/2016:07:19:24 -0500] "GET /Metadatos_final_2014/Gen_Respel_Indust.xml HTTP/1.0" 200 33121
208.42.251.123 - - [13/Jan/2016:07:19:25 -0500] "GET /galeria/nivo-slider/themes/default/default.css HTTP/1.1" 200 1569
208.42.251.123 - - [13/Jan/2016:07:19:25 -0500] "GET /galeria/nivo-slider/themes/pascal/pascal.css HTTP/1.1" 200 2258
208.42.251.123 - - [13/Jan/2016:07:19:25 -0500] "GET /galeria/nivo-slider/themes/orman/orman.css HTTP/1.1" 200 2152
208.42.251.123 - - [13/Jan/2016:07:19:25 -0500] "GET /galeria/nivo-slider/demo/style.css HTTP/1.1" 200 2222
208.42.251.123 - - [13/Jan/2016:07:19:25 -0500] "GET /galeria/nivo-slider/nivo-slider.css HTTP/1.1" 200 1507
136.243.103.165 - - [13/Jan/2016:07:19:25 -0500] "GET /StormSDA/userFiles/user_files/89/?C=M;O=A HTTP/1.0" 200 817
208.42.251.123 - - [13/Jan/2016:07:19:25 -0500] "GET /galeria/nivo-slider/demo/images/ABC-Plan-de-contigencia.jpg HTTP/1.1" 200 421236
208.42.251.123 - - [13/Jan/2016:07:19:25 -0500] "GET /galeria/nivo-slider/demo/scripts/jquery-1.7.1.min.js HTTP/1.1" 200 93868
208.42.251.123 - - [13/Jan/2016:07:19:25 -0500] "GET /galeria/nivo-slider/jquery.nivo.slider.pack.js HTTP/1.1" 200 11561
208.42.251.123 - - [13/Jan/2016:07:19:25 -0500] "GET /galeria/nivo-slider/demo/images/banner-llantas2015.jpg HTTP/1.1" 200 256057
208.42.251.123 - - [13/Jan/2016:07:19:25 -0500] "GET /galeria/nivo-slider/demo/images/caminata-ecologica.jpg HTTP/1.1" 200 193175
208.42.251.123 - - [13/Jan/2016:07:19:25 -0500] "GET /galeria/nivo-slider/demo/images/4Simple_Slider.png HTTP/1.1" 200 11722
208.42.251.123 - - [13/Jan/2016:07:19:26 -0500] "GET /galeria/nivo-slider/themes/default/loading.gif HTTP/1.1" 200 1737
66.249.66.117 - - [13/Jan/2016:07:19:27 -0500] "GET /BLA/resoluciones/RESOLUCIONES%202008/2264.pdf HTTP/1.1" 200 201404
208.42.251.123 - - [13/Jan/2016:07:19:27 -0500] "GET /galeria/nivo-slider/demo/images/Cmapana-onestidad.jpg HTTP/1.1" 200 141638
77.248.252.113 - - [13/Jan/2016:07:19:28 -0500] "GET /Metadatos_final_2014/Proy_Const_Gen_RCD.xml HTTP/1.0" 200 31240
136.243.103.165 - - [13/Jan/2016:07:19:29 -0500] "GET /StormSDA/userFiles/user_files/89/?C=N;O=D HTTP/1.0" 200 817
208.42.251.123 - - [13/Jan/2016:07:19:30 -0500] "GET /galeria/nivo-slider/demo/images/PREDAcamp.jpg HTTP/1.1" 200 295358
208.42.251.123 - - [13/Jan/2016:07:19:30 -0500] "GET /galeria/nivo-slider/demo/images/banner-llantas2.jpg HTTP/1.1" 200 234766
208.42.251.123 - - [13/Jan/2016:07:19:30 -0500] "GET /galeria/nivo-slider/demo/images/9Signos.jpg HTTP/1.1" 200 81776
208.42.251.123 - - [13/Jan/2016:07:19:30 -0500] "GET /galeria/nivo-slider/demo/images/Ruta-vertimientos-01.jpg HTTP/1.1" 200 130151
208.42.251.123 - - [13/Jan/2016:07:19:31 -0500] "GET /galeria/nivo-slider/demo/images/bolsas-06.jpg HTTP/1.1" 200 217273
77.248.252.113 - - [13/Jan/2016:07:19:31 -0500] "GET /Metadatos_final_2014/Punto_Capt_Agua_Subte.xml HTTP/1.0" 200 32896
208.42.251.123 - - [13/Jan/2016:07:19:31 -0500] "GET /galeria/nivo-slider/demo/images/ecolecta-Dic2014.png HTTP/1.1" 200 821919
136.243.103.165 - - [13/Jan/2016:07:19:33 -0500] "GET /StormSDA/userFiles/user_files/89/?C=S;O=A HTTP/1.0" 200 817
77.248.252.113 - - [13/Jan/2016:07:19:33 -0500] "GET /Metadatos_final_2014/Punto_Capt_Agua_Superf.xml HTTP/1.0" 200 32481
208.42.251.123 - - [13/Jan/2016:07:19:35 -0500] "GET /galeria/nivo-slider/themes/default/arrows.png HTTP/1.1" 200 824
208.42.251.123 - - [13/Jan/2016:07:19:35 -0500] "GET /galeria/nivo-slider/themes/default/bullets.png HTTP/1.1" 200 1281
136.243.103.165 - - [13/Jan/2016:07:19:35 -0500] "GET /StormSDA/userFiles/user_files/90/?C=D;O=A HTTP/1.0" 200 817
77.248.252.113 - - [13/Jan/2016:07:19:36 -0500] "GET /PORTAL_SIAC/?C=D;O=A HTTP/1.0" 200 1215
77.248.252.113 - - [13/Jan/2016:07:19:37 -0500] "GET /PORTAL_SIAC/?C=M;O=A HTTP/1.0" 200 1215
136.243.103.165 - - [13/Jan/2016:07:19:38 -0500] "GET /StormSDA/userFiles/user_files/90/?C=M;O=A HTTP/1.0" 200 817
77.248.252.113 - - [13/Jan/2016:07:19:39 -0500] "GET /PORTAL_SIAC/?C=N;O=D HTTP/1.0" 200 1215
190.158.147.163 - - [13/Jan/2016:07:19:40 -0500] "GET /BLA/boletinlegal/js/jquery.scrollShow.js HTTP/1.1" 200 4586
190.158.147.163 - - [13/Jan/2016:07:19:40 -0500] "GET /galeria/galeria/jquery.fancybox.js?v=2.1.5 HTTP/1.1" 200 48706
190.158.147.163 - - [13/Jan/2016:07:19:40 -0500] "GET /galeria/galeria/jquery.fancybox.css?v=2.1.5 HTTP/1.1" 200 4895
77.248.252.113 - - [13/Jan/2016:07:19:41 -0500] "GET /PORTAL_SIAC/?C=S;O=A HTTP/1.0" 200 1215
77.248.252.113 - - [13/Jan/2016:07:19:43 -0500] "GET /POT-2013/index.php?dir=&sort=date&order=asc HTTP/1.0" 200 2679
186.29.210.66 - - [13/Jan/2016:07:19:43 -0500] "GET /galeria/nivo-slider/demo/demo.html HTTP/1.1" 304 -
186.29.210.66 - - [13/Jan/2016:07:19:43 -0500] "GET /galeria/nivo-slider/demo/images/ABC-Plan-de-contigencia.jpg HTTP/1.1" 304 -
186.29.210.66 - - [13/Jan/2016:07:19:44 -0500] "GET /galeria/nivo-slider/demo/images/banner-llantas2015.jpg HTTP/1.1" 304 -
186.29.210.66 - - [13/Jan/2016:07:19:44 -0500] "GET /galeria/nivo-slider/demo/images/caminata-ecologica.jpg HTTP/1.1" 304 -
136.243.103.165 - - [13/Jan/2016:07:19:44 -0500] "GET /StormSDA/userFiles/user_files/90/?C=N;O=D HTTP/1.0" 200 817
77.248.252.113 - - [13/Jan/2016:07:19:45 -0500] "GET /POT-2013/index.php?dir=&sort=name&order=desc HTTP/1.0" 200 2678
186.29.210.66 - - [13/Jan/2016:07:19:45 -0500] "GET /galeria/nivo-slider/demo/images/Cmapana-onestidad.jpg HTTP/1.1" 304 -
186.29.210.66 - - [13/Jan/2016:07:19:45 -0500] "GET /galeria/nivo-slider/demo/images/bolsas-06.jpg HTTP/1.1" 304 -
186.29.210.66 - - [13/Jan/2016:07:19:46 -0500] "GET /galeria/nivo-slider/demo/images/ecolecta-Dic2014.png HTTP/1.1" 304 -
77.248.252.113 - - [13/Jan/2016:07:19:47 -0500] "GET /POT-2013/index.php?dir=&sort=size&order=asc HTTP/1.0" 200 2679
77.248.252.113 - - [13/Jan/2016:07:19:48 -0500] "GET /POT-2013/index.php?dir=Cartografia/ HTTP/1.0" 200 11465
200.118.231.32 - - [13/Jan/2016:07:19:49 -0500] "GET /BLA/resoluciones/index.php?dir=RESOLUCIONES+2002%2F HTTP/1.1" 200 11295
136.243.103.165 - - [13/Jan/2016:07:19:51 -0500] "GET /StormSDA/userFiles/user_files/90/?C=S;O=A HTTP/1.0" 200 817
77.248.252.113 - - [13/Jan/2016:07:19:51 -0500] "GET /POT-2013/index.php?dir=Cartografia/&sort=date&order=asc HTTP/1.0" 200 11465
77.248.252.113 - - [13/Jan/2016:07:19:53 -0500] "GET /POT-2013/index.php?dir=Cartografia/&sort=name&order=asc HTTP/1.0" 200 11465
77.248.252.113 - - [13/Jan/2016:07:19:55 -0500] "GET /POT-2013/index.php?dir=DTS/ HTTP/1.0" 200 1771
77.248.252.113 - - [13/Jan/2016:07:19:57 -0500] "GET /POT-2013/index.php?dir=DTS/&sort=date&order=desc HTTP/1.0" 200 1770
136.243.103.165 - - [13/Jan/2016:07:19:57 -0500] "GET /StormSDA/userFiles/user_files/91/?C=D;O=A HTTP/1.0" 200 817
77.248.252.113 - - [13/Jan/2016:07:19:59 -0500] "GET /POT-2013/index.php?dir=DTS/&sort=size&order=desc HTTP/1.0" 200 1770
77.248.252.113 - - [13/Jan/2016:07:20:01 -0500] "GET /POT-2013/index.php?dir=SEGUIMIENTO/ HTTP/1.0" 200 2147
136.243.103.165 - - [13/Jan/2016:07:20:02 -0500] "GET /StormSDA/userFiles/user_files/91/?C=M;O=A HTTP/1.0" 200 817
77.248.252.113 - - [13/Jan/2016:07:20:03 -0500] "GET /POT-2013/index.php?dir=SEGUIMIENTO/&sort=date&order=desc HTTP/1.0" 200 2146
77.248.252.113 - - [13/Jan/2016:07:20:04 -0500] "GET /POT-2013/index.php?dir=SEGUIMIENTO/&sort=size&order=desc HTTP/1.0" 200 2146
136.243.103.165 - - [13/Jan/2016:07:20:05 -0500] "GET /StormSDA/userFiles/user_files/91/?C=N;O=D HTTP/1.0" 200 817
77.248.252.113 - - [13/Jan/2016:07:20:06 -0500] "GET /POT-2013/index.php?dir=expediente/ HTTP/1.0" 200 1903
200.118.231.32 - - [13/Jan/2016:07:20:08 -0500] "GET /BLA/resoluciones/index.php?dir=RESOLUCIONES+2002%2FRES+2002+201-250%2F HTTP/1.1" 200 12325
77.248.252.113 - - [13/Jan/2016:07:20:08 -0500] "GET /POT-2013/index.php?dir=expediente/&sort=size&order=desc HTTP/1.0" 200 1902
208.42.251.123 - - [13/Jan/2016:07:20:09 -0500] "GET /BLA/boletinlegal/js/jquery.scrollShow.js HTTP/1.1" 304 -
208.42.251.123 - - [13/Jan/2016:07:20:09 -0500] "GET /galeria/galeria/jquery.fancybox.js?v=2.1.5 HTTP/1.1" 304 -
208.42.251.123 - - [13/Jan/2016:07:20:09 -0500] "GET /galeria/galeria/jquery.fancybox.css?v=2.1.5 HTTP/1.1" 304 -
136.243.103.165 - - [13/Jan/2016:07:20:09 -0500] "GET /StormSDA/userFiles/user_files/91/?C=S;O=A HTTP/1.0" 200 817
77.248.252.113 - - [13/Jan/2016:07:20:10 -0500] "GET /POT-2013/index.php?dir=memoria%20justificativa/ HTTP/1.0" 200 2484
77.248.252.113 - - [13/Jan/2016:07:20:12 -0500] "GET /POT-2013/index.php?dir=memoria%20justificativa/&sort=date&order=desc HTTP/1.0" 200 2483
77.248.252.113 - - [13/Jan/2016:07:20:14 -0500] "GET /POT-2013/index.php?dir=memoria%20justificativa/&sort=size&order=desc HTTP/1.0" 200 2483
136.243.103.165 - - [13/Jan/2016:07:20:14 -0500] "GET /StormSDA/userFiles/user_files/92/?C=D;O=A HTTP/1.0" 200 817
200.118.231.32 - - [13/Jan/2016:07:20:15 -0500] "GET /BLA/resoluciones/RESOLUCIONES%202002/RES%202002%20201-250/2002RES233.tif HTTP/1.1" 200 199296
77.248.252.113 - - [13/Jan/2016:07:20:16 -0500] "GET /PruebasSTORM/?C=D;O=A HTTP/1.0" 200 1839
77.248.252.113 - - [13/Jan/2016:07:20:18 -0500] "GET /PruebasSTORM/?C=M;O=A HTTP/1.0" 200 1839
77.248.252.113 - - [13/Jan/2016:07:20:19 -0500] "GET /PruebasSTORM/?C=N;O=D HTTP/1.0" 200 1839
77.248.252.113 - - [13/Jan/2016:07:20:21 -0500] "GET /PruebasSTORM/?C=S;O=A HTTP/1.0" 200 1839
136.243.103.165 - - [13/Jan/2016:07:20:21 -0500] "GET /StormSDA/userFiles/user_files/92/?C=M;O=A HTTP/1.0" 200 817
77.248.252.113 - - [13/Jan/2016:07:20:23 -0500] "GET /PruebasSTORM/StormSDA_pruebas/?C=D;O=A HTTP/1.0" 200 3555
77.248.252.113 - - [13/Jan/2016:07:20:25 -0500] "GET /PruebasSTORM/StormSDA_pruebas/?C=D;O=D HTTP/1.0" 200 3555
136.243.103.165 - - [13/Jan/2016:07:20:27 -0500] "GET /StormSDA/userFiles/user_files/92/?C=N;O=D HTTP/1.0" 200 817
77.248.252.113 - - [13/Jan/2016:07:20:28 -0500] "GET /PruebasSTORM/StormSDA_pruebas/?C=M;O=A HTTP/1.0" 200 3555
77.248.252.113 - - [13/Jan/2016:07:20:30 -0500] "GET /PruebasSTORM/StormSDA_pruebas/?C=M;O=D HTTP/1.0" 200 3555
136.243.103.165 - - [13/Jan/2016:07:20:31 -0500] "GET /StormSDA/userFiles/user_files/92/?C=S;O=A HTTP/1.0" 200 817
77.248.252.113 - - [13/Jan/2016:07:20:31 -0500] "GET /PruebasSTORM/StormSDA_pruebas/?C=N;O=A HTTP/1.0" 200 3555
77.248.252.113 - - [13/Jan/2016:07:20:33 -0500] "GET /PruebasSTORM/StormSDA_pruebas/?C=N;O=D HTTP/1.0" 200 3555
136.243.103.165 - - [13/Jan/2016:07:20:36 -0500] "GET /StormSDA/userFiles/user_files/93/?C=D;O=A HTTP/1.0" 200 817
77.248.252.113 - - [13/Jan/2016:07:20:36 -0500] "GET /PruebasSTORM/StormSDA_pruebas/?C=S;O=A HTTP/1.0" 200 3555
77.248.252.113 - - [13/Jan/2016:07:20:39 -0500] "GET /PruebasSTORM/StormSDA_pruebas/?C=S;O=D HTTP/1.0" 200 3555
77.248.252.113 - - [13/Jan/2016:07:20:41 -0500] "GET /PruebasSTORM/StormSDA_pruebas/forms/?C=D;O=D HTTP/1.0" 200 3534
66.249.66.121 - - [13/Jan/2016:07:20:41 -0500] "GET /BLA/resoluciones/RESOLUCIONES%202009/5686.pdf HTTP/1.1" 304 -
77.248.252.113 - - [13/Jan/2016:07:20:43 -0500] "GET /PruebasSTORM/StormSDA_pruebas/forms/?C=M;O=D HTTP/1.0" 200 3534
136.243.103.165 - - [13/Jan/2016:07:20:43 -0500] "GET /StormSDA/userFiles/user_files/93/?C=M;O=A HTTP/1.0" 200 817
77.248.252.113 - - [13/Jan/2016:07:20:45 -0500] "GET /PruebasSTORM/StormSDA_pruebas/forms/?C=N;O=A HTTP/1.0" 200 3534
77.248.252.113 - - [13/Jan/2016:07:20:47 -0500] "GET /PruebasSTORM/StormSDA_pruebas/forms/?C=S;O=D HTTP/1.0" 200 3534
136.243.103.165 - - [13/Jan/2016:07:20:47 -0500] "GET /StormSDA/userFiles/user_files/93/?C=N;O=D HTTP/1.0" 200 817
201.245.192.253 - - [13/Jan/2016:07:20:48 -0500] "GET /galeria/galeria/jquery.fancybox.js?v=2.1.5 HTTP/1.1" 304 -
201.245.192.253 - - [13/Jan/2016:07:20:48 -0500] "GET /galeria/galeria/jquery.fancybox.css?v=2.1.5 HTTP/1.1" 304 -
201.245.192.253 - - [13/Jan/2016:07:20:48 -0500] "GET /galeria/nivo-slider/demo/demo.html HTTP/1.1" 304 -
77.248.252.113 - - [13/Jan/2016:07:20:49 -0500] "GET /PruebasSTORM/StormSDA_pruebas/lib/?C=D;O=A HTTP/1.0" 200 6441
201.245.192.253 - - [13/Jan/2016:07:20:49 -0500] "GET /galeria/nivo-slider/demo/images/ABC-Plan-de-contigencia.jpg HTTP/1.1" 304 -
201.245.192.253 - - [13/Jan/2016:07:20:50 -0500] "GET /galeria/nivo-slider/demo/images/banner-llantas2015.jpg HTTP/1.1" 304 -
201.245.192.253 - - [13/Jan/2016:07:20:50 -0500] "GET /galeria/nivo-slider/demo/images/caminata-ecologica.jpg HTTP/1.1" 304 -
77.248.252.113 - - [13/Jan/2016:07:20:51 -0500] "GET /PruebasSTORM/StormSDA_pruebas/lib/?C=M;O=A HTTP/1.0" 200 6441
136.243.103.165 - - [13/Jan/2016:07:20:53 -0500] "GET /StormSDA/userFiles/user_files/93/?C=S;O=A HTTP/1.0" 200 817
77.248.252.113 - - [13/Jan/2016:07:20:53 -0500] "GET /PruebasSTORM/StormSDA_pruebas/lib/?C=N;O=D HTTP/1.0" 200 6441
77.248.252.113 - - [13/Jan/2016:07:20:55 -0500] "GET /PruebasSTORM/StormSDA_pruebas/lib/?C=S;O=A HTTP/1.0" 200 6441
136.243.103.165 - - [13/Jan/2016:07:20:56 -0500] "GET /StormSDA/userFiles/user_files/94/?C=D;O=A HTTP/1.0" 200 817
77.248.252.113 - - [13/Jan/2016:07:20:57 -0500] "GET /PruebasSTORM/StormSDA_pruebas/lib/myKeystore HTTP/1.0" 200 1254
190.158.147.163 - - [13/Jan/2016:07:20:58 -0500] "GET /BLA/boletinlegal/js/jquery.scrollShow.js HTTP/1.1" 304 -
190.158.147.163 - - [13/Jan/2016:07:20:58 -0500] "GET /galeria/galeria/jquery.fancybox.js?v=2.1.5 HTTP/1.1" 304 -
190.158.147.163 - - [13/Jan/2016:07:20:58 -0500] "GET /galeria/galeria/jquery.fancybox.css?v=2.1.5 HTTP/1.1" 304 -
77.248.252.113 - - [13/Jan/2016:07:20:59 -0500] "GET /PruebasSTORM/StormSDA_pruebas/nsjars/?C=D;O=A HTTP/1.0" 200 4112
187.189.208.235 - - [13/Jan/2016:07:20:59 -0500] "GET /galeria/galeria/jquery.fancybox.css?v=2.1.5 HTTP/1.1" 200 4895
187.189.208.235 - - [13/Jan/2016:07:20:59 -0500] "GET /galeria/carrusel/Carrusel/jquery.thumbnailScroller.css HTTP/1.1" 200 2066
187.189.208.235 - - [13/Jan/2016:07:20:59 -0500] "GET /BLA/boletinlegal/js/jquery.scrollShow.js HTTP/1.1" 200 4586
187.189.208.235 - - [13/Jan/2016:07:20:59 -0500] "GET /galeria/galeria/jquery.fancybox.js?v=2.1.5 HTTP/1.1" 200 48706
187.189.208.235 - - [13/Jan/2016:07:20:59 -0500] "GET /galeria/carrusel/Carrusel/jquery-ui-1.8.13.custom.min.js HTTP/1.1" 200 10800
187.189.208.235 - - [13/Jan/2016:07:20:59 -0500] "GET /galeria/carrusel/Carrusel/jquery.thumbnailScroller.js HTTP/1.1" 200 8157
77.248.252.113 - - [13/Jan/2016:07:21:01 -0500] "GET /PruebasSTORM/StormSDA_pruebas/nsjars/?C=M;O=A HTTP/1.0" 200 4112
77.248.252.113 - - [13/Jan/2016:07:21:03 -0500] "GET /PruebasSTORM/StormSDA_pruebas/nsjars/?C=N;O=D HTTP/1.0" 200 4112
