190.26.185.4 - - [19/Jan/2016:00:42:51 -0500] "GET /galeria/nivo-slider/demo/images/9Signos.jpg HTTP/1.1" 200 81776
190.26.185.4 - - [19/Jan/2016:00:42:53 -0500] "GET /galeria/nivo-slider/demo/images/Ruta-vertimientos-01.jpg HTTP/1.1" 200 130151
190.26.185.4 - - [19/Jan/2016:00:42:53 -0500] "GET /galeria/nivo-slider/demo/images/bolsas-06.jpg HTTP/1.1" 200 210950
190.26.185.4 - - [19/Jan/2016:00:42:55 -0500] "GET /galeria/nivo-slider/demo/images/ecolecta-Dic2014.png HTTP/1.1" 200 856487
190.26.185.4 - - [19/Jan/2016:00:42:55 -0500] "GET /galeria/nivo-slider/demo/images/4Simple_Slider.png HTTP/1.1" 200 11722
190.26.185.4 - - [19/Jan/2016:00:42:56 -0500] "GET /galeria/nivo-slider/themes/default/loading.gif HTTP/1.1" 200 1737
190.26.185.4 - - [19/Jan/2016:00:43:02 -0500] "GET /galeria/nivo-slider/themes/default/arrows.png HTTP/1.1" 200 824
190.26.185.4 - - [19/Jan/2016:00:43:02 -0500] "GET /galeria/nivo-slider/themes/default/bullets.png HTTP/1.1" 200 1281
69.162.124.233 - - [19/Jan/2016:00:43:15 -0500] "HEAD / HTTP/1.1" 200 -
190.25.157.12 - - [19/Jan/2016:00:43:19 -0500] "POST /forms/lservlet;jsessionid=ac16012b30d73246728272a14518b416e3133013d3aa.e3iSbxaKaheRe38KbN0Rb34Mc3j0n6jAmljGr5XDqQLvpAe HTTP/1.1" 200 2
66.249.66.121 - - [19/Jan/2016:00:43:41 -0500] "GET /BLA/resoluciones/RESOLUCIONES%202010/1306.pdf HTTP/1.1" 200 98315
136.243.154.91 - - [19/Jan/2016:00:43:48 -0500] "GET /BLA/resoluciones/RESOLUCIONES%202004/RES%202004%202101-2150/00002130.tif HTTP/1.1" 200 110050
181.61.46.47 - - [19/Jan/2016:00:43:49 -0500] "POST /forms/lservlet;jsessionid=ac16012b30d701a7c6af59774816a4e1cb78613c7683.e3iSbxaKaheRe38KbN0Rb34Mc3j0n6jAmljGr5XDqQLvpAe HTTP/1.1" 200 2
66.249.66.121 - - [19/Jan/2016:00:44:43 -0500] "GET /BLA/resoluciones/AUTOS%202011/7638.pdf HTTP/1.1" 200 230797
190.25.157.12 - - [19/Jan/2016:00:45:19 -0500] "POST /forms/lservlet;jsessionid=ac16012b30d73246728272a14518b416e3133013d3aa.e3iSbxaKaheRe38KbN0Rb34Mc3j0n6jAmljGr5XDqQLvpAe HTTP/1.1" 200 2
66.249.66.117 - - [19/Jan/2016:00:45:44 -0500] "GET /BLA/resoluciones/AUTOS%202011/7070.pdf HTTP/1.1" 200 238623
181.61.46.47 - - [19/Jan/2016:00:45:51 -0500] "POST /forms/lservlet;jsessionid=ac16012b30d701a7c6af59774816a4e1cb78613c7683.e3iSbxaKaheRe38KbN0Rb34Mc3j0n6jAmljGr5XDqQLvpAe HTTP/1.1" 200 2
201.234.75.11 - - [19/Jan/2016:00:46:25 -0500] "GET /galeria/galeria/fotos/Movilizacion6P.jpg HTTP/1.1" 304 -
66.249.66.121 - - [19/Jan/2016:00:46:46 -0500] "GET /BLA/resoluciones/AUTOS%202008/2534.pdf HTTP/1.1" 200 85663
190.25.157.12 - - [19/Jan/2016:00:47:19 -0500] "POST /forms/lservlet;jsessionid=ac16012b30d73246728272a14518b416e3133013d3aa.e3iSbxaKaheRe38KbN0Rb34Mc3j0n6jAmljGr5XDqQLvpAe HTTP/1.1" 200 2
66.249.66.119 - - [19/Jan/2016:00:47:47 -0500] "GET /BLA/resoluciones/RESOLUCIONES%202008/0823.pdf HTTP/1.1" 200 198255
181.61.46.47 - - [19/Jan/2016:00:47:58 -0500] "POST /forms/lservlet;jsessionid=ac16012b30d701a7c6af59774816a4e1cb78613c7683.e3iSbxaKaheRe38KbN0Rb34Mc3j0n6jAmljGr5XDqQLvpAe HTTP/1.1" 200 2
136.243.151.106 - - [19/Jan/2016:00:48:09 -0500] "GET /BLA/resoluciones/RESOLUCIONES%202000/2000%201450-1499.tif HTTP/1.1" 200 4800883
69.162.124.233 - - [19/Jan/2016:00:48:15 -0500] "HEAD / HTTP/1.1" 200 -
191.116.241.248 - - [19/Jan/2016:00:48:49 -0500] "GET /galeria/galeria/fotos/GuaymaralTorca3G.jpg HTTP/1.1" 200 330310
66.249.66.119 - - [19/Jan/2016:00:48:49 -0500] "GET /BLA/resoluciones/AUTOS%202011/7641.pdf HTTP/1.1" 200 263204
190.25.157.12 - - [19/Jan/2016:00:49:19 -0500] "POST /forms/lservlet;jsessionid=ac16012b30d73246728272a14518b416e3133013d3aa.e3iSbxaKaheRe38KbN0Rb34Mc3j0n6jAmljGr5XDqQLvpAe HTTP/1.1" 200 2
68.180.230.190 - - [19/Jan/2016:00:49:27 -0500] "GET /php/CarreraAdministrativa/RESOLUCION_208_2010_CNSC.pdf HTTP/1.1" 404 1018
136.243.155.36 - - [19/Jan/2016:00:49:35 -0500] "GET /BLA/resoluciones/AUTOS%202006/AUTOS%202006%201701%20-%201800/00001718.tif HTTP/1.1" 200 43552
66.249.66.117 - - [19/Jan/2016:00:49:50 -0500] "GET /BLA/resoluciones/AUTOS%202011/0248.pdf HTTP/1.1" 200 190456
66.249.66.121 - - [19/Jan/2016:00:50:00 -0500] "GET /BLA/resoluciones/RESOLUCIONES%202008/5652.pdf HTTP/1.1" 200 297230
181.61.46.47 - - [19/Jan/2016:00:50:04 -0500] "POST /forms/lservlet;jsessionid=ac16012b30d701a7c6af59774816a4e1cb78613c7683.e3iSbxaKaheRe38KbN0Rb34Mc3j0n6jAmljGr5XDqQLvpAe HTTP/1.1" 200 2
136.243.151.100 - - [19/Jan/2016:00:50:33 -0500] "GET /BLA/resoluciones/RESOLUCIONES%202003/RES%202003%202101-2150/20032138.tif HTTP/1.1" 200 80238
66.249.66.119 - - [19/Jan/2016:00:50:52 -0500] "GET /BLA/resoluciones/AUTOS%202009/2281.pdf HTTP/1.1" 200 122261
190.25.157.12 - - [19/Jan/2016:00:51:19 -0500] "POST /forms/lservlet;jsessionid=ac16012b30d73246728272a14518b416e3133013d3aa.e3iSbxaKaheRe38KbN0Rb34Mc3j0n6jAmljGr5XDqQLvpAe HTTP/1.1" 200 2
85.93.91.84 - - [19/Jan/2016:00:51:24 -0500] "GET /Residuos/maderas/maderas.html HTTP/1.0" 200 1957
136.243.151.130 - - [19/Jan/2016:00:51:24 -0500] "GET /BLA/resoluciones/index.php?dir=RESOLUCIONES%202003/RES%202003%20801-850/&sort=size&order=desc HTTP/1.1" 200 11307
66.249.66.44 - - [19/Jan/2016:00:51:30 -0500] "GET /cyber/ecour/eco9aa.htm HTTP/1.1" 404 1019
52.90.171.27 - - [19/Jan/2016:00:51:36 -0500] "GET /robots.txt HTTP/1.0" 404 1114
136.243.151.169 - - [19/Jan/2016:00:51:49 -0500] "GET /BLA/resoluciones/RESOLUCIONES%202004/RES%202004%20101-150/00000134.tif HTTP/1.1" 200 96770
66.249.66.119 - - [19/Jan/2016:00:51:54 -0500] "GET /BLA/resoluciones/AUTOS%202008/2240.pdf HTTP/1.1" 200 155651
181.61.46.47 - - [19/Jan/2016:00:52:06 -0500] "POST /forms/lservlet;jsessionid=ac16012b30d701a7c6af59774816a4e1cb78613c7683.e3iSbxaKaheRe38KbN0Rb34Mc3j0n6jAmljGr5XDqQLvpAe HTTP/1.1" 200 2
52.90.171.27 - - [19/Jan/2016:00:51:36 -0500] "GET /BLA/boletinlegal/ HTTP/1.0" 200 51284
66.249.66.121 - - [19/Jan/2016:00:52:55 -0500] "GET /BLA/resoluciones/AUTOS%202008/2435.pdf HTTP/1.1" 200 188654
66.249.66.119 - - [19/Jan/2016:00:52:55 -0500] "GET /robots.txt HTTP/1.1" 404 1018
69.162.124.233 - - [19/Jan/2016:00:53:15 -0500] "HEAD / HTTP/1.1" 200 -
190.25.157.12 - - [19/Jan/2016:00:53:19 -0500] "POST /forms/lservlet;jsessionid=ac16012b30d73246728272a14518b416e3133013d3aa.e3iSbxaKaheRe38KbN0Rb34Mc3j0n6jAmljGr5XDqQLvpAe HTTP/1.1" 200 2
66.249.66.121 - - [19/Jan/2016:00:53:55 -0500] "GET /galeria/galeria/fotos/Humedal-Tibanica3G.jpg HTTP/1.1" 304 -
66.249.66.117 - - [19/Jan/2016:00:53:57 -0500] "GET /BLA/resoluciones/RESOLUCIONES%202009/9284.pdf HTTP/1.1" 200 515573
181.61.46.47 - - [19/Jan/2016:00:54:09 -0500] "POST /forms/lservlet;jsessionid=ac16012b30d701a7c6af59774816a4e1cb78613c7683.e3iSbxaKaheRe38KbN0Rb34Mc3j0n6jAmljGr5XDqQLvpAe HTTP/1.1" 200 2
66.249.66.117 - - [19/Jan/2016:00:54:58 -0500] "GET /BLA/resoluciones/AUTOS%202012/2174.pdf HTTP/1.1" 200 154188
190.25.157.12 - - [19/Jan/2016:00:55:19 -0500] "POST /forms/lservlet;jsessionid=ac16012b30d73246728272a14518b416e3133013d3aa.e3iSbxaKaheRe38KbN0Rb34Mc3j0n6jAmljGr5XDqQLvpAe HTTP/1.1" 200 2
66.249.66.119 - - [19/Jan/2016:00:56:00 -0500] "GET /BLA/resoluciones/RESOLUCIONES%202009/3144.pdf HTTP/1.1" 200 476543
181.61.46.47 - - [19/Jan/2016:00:56:11 -0500] "POST /forms/lservlet;jsessionid=ac16012b30d701a7c6af59774816a4e1cb78613c7683.e3iSbxaKaheRe38KbN0Rb34Mc3j0n6jAmljGr5XDqQLvpAe HTTP/1.1" 200 2
66.249.66.121 - - [19/Jan/2016:00:57:01 -0500] "GET /BLA/resoluciones/AUTOS%202008/3263.pdf HTTP/1.1" 200 148591
190.25.157.12 - - [19/Jan/2016:00:57:19 -0500] "POST /forms/lservlet;jsessionid=ac16012b30d73246728272a14518b416e3133013d3aa.e3iSbxaKaheRe38KbN0Rb34Mc3j0n6jAmljGr5XDqQLvpAe HTTP/1.1" 200 2
201.234.75.11 - - [19/Jan/2016:00:57:52 -0500] "GET /videos/Spot1Humedales.flv HTTP/1.1" 304 -
66.249.66.117 - - [19/Jan/2016:00:58:00 -0500] "GET /BLA/resoluciones/RESOLUCIONES%202010/4133.pdf HTTP/1.1" 200 759265
66.249.66.119 - - [19/Jan/2016:00:58:03 -0500] "GET /BLA/resoluciones/AUTOS%202008/0030.pdf HTTP/1.1" 200 178431
181.61.46.47 - - [19/Jan/2016:00:58:11 -0500] "POST /forms/lservlet;jsessionid=ac16012b30d701a7c6af59774816a4e1cb78613c7683.e3iSbxaKaheRe38KbN0Rb34Mc3j0n6jAmljGr5XDqQLvpAe HTTP/1.1" 200 2
69.162.124.233 - - [19/Jan/2016:00:58:15 -0500] "HEAD / HTTP/1.1" 200 -
66.249.66.117 - - [19/Jan/2016:00:59:04 -0500] "GET /BLA/resoluciones/RESOLUCIONES%202009/8458.pdf HTTP/1.1" 200 47530
190.25.157.12 - - [19/Jan/2016:00:59:19 -0500] "POST /forms/lservlet;jsessionid=ac16012b30d73246728272a14518b416e3133013d3aa.e3iSbxaKaheRe38KbN0Rb34Mc3j0n6jAmljGr5XDqQLvpAe HTTP/1.1" 200 2
201.234.75.11 - - [19/Jan/2016:00:59:23 -0500] "GET /videos/Spot_DiadelatierraHD_1min.flv HTTP/1.1" 304 -
190.24.109.225 - - [19/Jan/2016:00:59:29 -0500] "GET /galeria/galeria/jquery.fancybox.js?v=2.1.5 HTTP/1.1" 200 48706
190.24.109.225 - - [19/Jan/2016:00:59:29 -0500] "GET /galeria/galeria/jquery.fancybox.css?v=2.1.5 HTTP/1.1" 200 4895
190.24.109.225 - - [19/Jan/2016:00:59:29 -0500] "GET /BLA/boletinlegal/js/jquery.scrollShow.js HTTP/1.1" 200 4586
190.24.109.225 - - [19/Jan/2016:00:59:48 -0500] "GET /BLA/boletinlegal/js/jquery.scrollShow.js HTTP/1.1" 304 -
190.24.109.225 - - [19/Jan/2016:00:59:48 -0500] "GET /galeria/galeria/jquery.fancybox.js?v=2.1.5 HTTP/1.1" 304 -
190.24.109.225 - - [19/Jan/2016:00:59:48 -0500] "GET /galeria/galeria/jquery.fancybox.css?v=2.1.5 HTTP/1.1" 304 -
66.249.66.121 - - [19/Jan/2016:01:00:06 -0500] "GET /BLA/resoluciones/RESOLUCIONES%202011/0014.pdf HTTP/1.1" 200 721354
181.61.46.47 - - [19/Jan/2016:01:00:11 -0500] "POST /forms/lservlet;jsessionid=ac16012b30d701a7c6af59774816a4e1cb78613c7683.e3iSbxaKaheRe38KbN0Rb34Mc3j0n6jAmljGr5XDqQLvpAe HTTP/1.1" 200 2
66.249.66.117 - - [19/Jan/2016:01:01:07 -0500] "GET /BLA/resoluciones/RESOLUCIONES%202009/4478.pdf HTTP/1.1" 304 -
157.55.39.155 - - [19/Jan/2016:01:01:16 -0500] "GET /galeria/galeria/jquery.fancybox.css?v=2.1.5 HTTP/1.1" 200 4895
190.25.157.12 - - [19/Jan/2016:01:01:19 -0500] "POST /forms/lservlet;jsessionid=ac16012b30d73246728272a14518b416e3133013d3aa.e3iSbxaKaheRe38KbN0Rb34Mc3j0n6jAmljGr5XDqQLvpAe HTTP/1.1" 200 2
190.90.71.23 - - [19/Jan/2016:01:01:53 -0500] "GET /galeria/galeria/jquery.fancybox.css?v=2.1.5 HTTP/1.1" 200 4895
190.90.71.23 - - [19/Jan/2016:01:01:53 -0500] "GET /BLA/boletinlegal/js/jquery.scrollShow.js HTTP/1.1" 200 4586
190.90.71.23 - - [19/Jan/2016:01:01:53 -0500] "GET /galeria/galeria/jquery.fancybox.js?v=2.1.5 HTTP/1.1" 200 48706
66.249.66.121 - - [19/Jan/2016:01:02:09 -0500] "GET /BLA/resoluciones/RESOLUCIONES%202009/8671.pdf HTTP/1.1" 304 -
181.61.46.47 - - [19/Jan/2016:01:02:11 -0500] "POST /forms/lservlet;jsessionid=ac16012b30d701a7c6af59774816a4e1cb78613c7683.e3iSbxaKaheRe38KbN0Rb34Mc3j0n6jAmljGr5XDqQLvpAe HTTP/1.1" 200 2
190.90.71.23 - - [19/Jan/2016:01:02:35 -0500] "GET /galeria/galeria/jquery.fancybox.css?v=2.1.5 HTTP/1.1" 304 -
190.90.71.23 - - [19/Jan/2016:01:02:35 -0500] "GET /BLA/boletinlegal/js/jquery.scrollShow.js HTTP/1.1" 304 -
190.90.71.23 - - [19/Jan/2016:01:02:35 -0500] "GET /galeria/galeria/jquery.fancybox.js?v=2.1.5 HTTP/1.1" 304 -
186.29.228.158 - - [19/Jan/2016:01:02:47 -0500] "GET /BLA/resoluciones/RESOLUCIONES%202011/0157.pdf HTTP/1.1" 200 275643
186.29.228.158 - - [19/Jan/2016:01:02:47 -0500] "GET /favicon.ico HTTP/1.1" 200 7782
66.249.66.119 - - [19/Jan/2016:01:03:10 -0500] "GET /BLA/resoluciones/RESOLUCIONES%202009/0380.pdf HTTP/1.1" 200 225547
69.162.124.233 - - [19/Jan/2016:01:03:15 -0500] "HEAD / HTTP/1.1" 200 -
190.25.157.12 - - [19/Jan/2016:01:03:19 -0500] "POST /forms/lservlet;jsessionid=ac16012b30d73246728272a14518b416e3133013d3aa.e3iSbxaKaheRe38KbN0Rb34Mc3j0n6jAmljGr5XDqQLvpAe HTTP/1.1" 200 2
136.243.155.41 - - [19/Jan/2016:01:03:22 -0500] "GET /BLA/resoluciones/RESOLUCIONES%202005/RES%202005%201151-1200/00001169.tif HTTP/1.1" 200 103136
181.61.46.47 - - [19/Jan/2016:01:04:11 -0500] "POST /forms/lservlet;jsessionid=ac16012b30d701a7c6af59774816a4e1cb78613c7683.e3iSbxaKaheRe38KbN0Rb34Mc3j0n6jAmljGr5XDqQLvpAe HTTP/1.1" 200 2
201.234.75.11 - - [19/Jan/2016:01:05:12 -0500] "GET /galeria/nivo-slider/demo/images/Banner-comparendo.jpg HTTP/1.1" 304 -
66.249.66.117 - - [19/Jan/2016:01:05:13 -0500] "GET /Anexos%20estudio%20Organizacional%20SDA/ANEXO%20No.%205%20-%20ESTUDIO%20Y%20PROPUESTA%20SERAMB%20IENTE/Serambiente%20%20Oficio%20presentaci%C3%B2n%20propuesta.pdf HTTP/1.1" 200 949425
190.25.157.12 - - [19/Jan/2016:01:05:19 -0500] "POST /forms/lservlet;jsessionid=ac16012b30d73246728272a14518b416e3133013d3aa.e3iSbxaKaheRe38KbN0Rb34Mc3j0n6jAmljGr5XDqQLvpAe HTTP/1.1" 200 2
66.249.66.121 - - [19/Jan/2016:01:06:01 -0500] "GET /BLA/resoluciones/RESOLUCIONES%202011/4771.pdf HTTP/1.1" 200 550236
181.61.46.47 - - [19/Jan/2016:01:06:11 -0500] "POST /forms/lservlet;jsessionid=ac16012b30d701a7c6af59774816a4e1cb78613c7683.e3iSbxaKaheRe38KbN0Rb34Mc3j0n6jAmljGr5XDqQLvpAe HTTP/1.1" 200 2
196.27.77.211 - - [19/Jan/2016:01:06:12 -0500] "GET /galeria/carrusel/Carrusel/jquery.thumbnailScroller.js HTTP/1.0" 200 8157
196.27.77.211 - - [19/Jan/2016:01:06:12 -0500] "GET /galeria/carrusel/Carrusel/jquery-ui-1.8.13.custom.min.js HTTP/1.0" 200 10800
196.27.77.211 - - [19/Jan/2016:01:06:12 -0500] "GET /galeria/galeria/jquery.fancybox.css?v=2.1.5 HTTP/1.0" 200 4895
196.27.77.211 - - [19/Jan/2016:01:06:12 -0500] "GET /BLA/boletinlegal/js/jquery.scrollShow.js HTTP/1.0" 200 4586
196.27.77.211 - - [19/Jan/2016:01:06:12 -0500] "GET /galeria/carrusel/Carrusel/jquery.thumbnailScroller.css HTTP/1.0" 200 2066
196.27.77.211 - - [19/Jan/2016:01:06:12 -0500] "GET /galeria/galeria/jquery.fancybox.js?v=2.1.5 HTTP/1.0" 200 48706
66.249.66.121 - - [19/Jan/2016:01:06:15 -0500] "GET /BLA/resoluciones/AUTOS%202007/1202.pdf HTTP/1.1" 200 39239
136.243.154.90 - - [19/Jan/2016:01:06:49 -0500] "GET /BLA/resoluciones/RESOLUCIONES%202005/RES%202005%202301-2350/00002329.tif HTTP/1.1" 200 422154
196.27.77.211 - - [19/Jan/2016:01:06:55 -0500] "GET /galeria/nivo-slider/demo/demo.html HTTP/1.0" 200 3703
196.27.77.211 - - [19/Jan/2016:01:06:58 -0500] "GET /galeria/nivo-slider/themes/default/default.css HTTP/1.0" 200 1569
196.27.77.211 - - [19/Jan/2016:01:06:59 -0500] "GET /galeria/nivo-slider/themes/pascal/pascal.css HTTP/1.0" 200 2258
196.27.77.211 - - [19/Jan/2016:01:06:59 -0500] "GET /galeria/nivo-slider/demo/style.css HTTP/1.0" 200 2222
196.27.77.211 - - [19/Jan/2016:01:07:01 -0500] "GET /galeria/nivo-slider/demo/images/ABC-Plan-de-contigencia.jpg HTTP/1.0" 200 423297
196.27.77.211 - - [19/Jan/2016:01:07:01 -0500] "GET /galeria/nivo-slider/themes/orman/orman.css HTTP/1.0" 200 2152
196.27.77.211 - - [19/Jan/2016:01:07:01 -0500] "GET /galeria/nivo-slider/nivo-slider.css HTTP/1.0" 200 1507
196.27.77.211 - - [19/Jan/2016:01:07:01 -0500] "GET /galeria/nivo-slider/demo/images/Convocatoria-CTPD-curvas-01.png HTTP/1.0" 200 565805
196.27.77.211 - - [19/Jan/2016:01:07:01 -0500] "GET /galeria/nivo-slider/demo/scripts/jquery-1.7.1.min.js HTTP/1.0" 200 93868
196.27.77.211 - - [19/Jan/2016:01:07:01 -0500] "GET /galeria/nivo-slider/jquery.nivo.slider.pack.js HTTP/1.0" 200 11561
196.27.77.211 - - [19/Jan/2016:01:07:03 -0500] "GET /galeria/nivo-slider/demo/images/banner-llantas2015.jpg HTTP/1.0" 200 268366
196.27.77.211 - - [19/Jan/2016:01:07:04 -0500] "GET /galeria/nivo-slider/demo/images/caminata-ecologica.jpg HTTP/1.0" 200 192926
66.249.66.117 - - [19/Jan/2016:01:07:17 -0500] "GET /BLA/resoluciones/AUTOS%202008/0830.pdf HTTP/1.1" 200 223879
190.25.157.12 - - [19/Jan/2016:01:07:19 -0500] "POST /forms/lservlet;jsessionid=ac16012b30d73246728272a14518b416e3133013d3aa.e3iSbxaKaheRe38KbN0Rb34Mc3j0n6jAmljGr5XDqQLvpAe HTTP/1.1" 200 2
196.27.77.211 - - [19/Jan/2016:01:07:24 -0500] "GET /galeria/nivo-slider/demo/images/4Simple_Slider.png HTTP/1.0" 200 11722
196.27.77.211 - - [19/Jan/2016:01:07:30 -0500] "GET /galeria/nivo-slider/themes/default/loading.gif HTTP/1.0" 200 1737
196.27.77.211 - - [19/Jan/2016:01:07:54 -0500] "GET /galeria/nivo-slider/demo/images/Cmapana-onestidad.jpg HTTP/1.0" 200 141638
181.61.46.47 - - [19/Jan/2016:01:08:11 -0500] "POST /forms/lservlet;jsessionid=ac16012b30d701a7c6af59774816a4e1cb78613c7683.e3iSbxaKaheRe38KbN0Rb34Mc3j0n6jAmljGr5XDqQLvpAe HTTP/1.1" 200 2
196.27.77.211 - - [19/Jan/2016:01:08:14 -0500] "GET /galeria/nivo-slider/demo/images/Cmapana-onestidad.jpg HTTP/1.0" 200 141638
196.27.77.211 - - [19/Jan/2016:01:08:14 -0500] "GET /galeria/nivo-slider/demo/images/ABC-Plan-de-contigencia.jpg HTTP/1.0" 200 423297
69.162.124.233 - - [19/Jan/2016:01:08:15 -0500] "HEAD / HTTP/1.1" 200 -
66.249.66.119 - - [19/Jan/2016:01:08:18 -0500] "GET /BLA/resoluciones/AUTOS%202012/0468.pdf HTTP/1.1" 200 327658
196.27.77.211 - - [19/Jan/2016:01:08:35 -0500] "GET /galeria/nivo-slider/demo/images/PREDAcamp.jpg HTTP/1.0" 200 295358
196.27.77.211 - - [19/Jan/2016:01:08:35 -0500] "GET /galeria/nivo-slider/demo/images/caminata-ecologica.jpg HTTP/1.0" 200 192926
196.27.77.211 - - [19/Jan/2016:01:08:35 -0500] "GET /galeria/nivo-slider/demo/images/banner-llantas2.jpg HTTP/1.0" 200 234514
196.27.77.211 - - [19/Jan/2016:01:08:38 -0500] "GET /galeria/nivo-slider/demo/images/9Signos.jpg HTTP/1.0" 200 81776
189.129.84.169 - - [19/Jan/2016:01:08:40 -0500] "GET /galeria/galeria/jquery.fancybox.js?v=2.1.5 HTTP/1.1" 200 48706
189.129.84.169 - - [19/Jan/2016:01:08:40 -0500] "GET /BLA/boletinlegal/js/jquery.scrollShow.js HTTP/1.1" 200 4586
189.129.84.169 - - [19/Jan/2016:01:08:41 -0500] "GET /galeria/galeria/jquery.fancybox.css?v=2.1.5 HTTP/1.1" 200 4895
189.129.84.169 - - [19/Jan/2016:01:09:13 -0500] "GET /galeria/galeria/jquery.fancybox.css?v=2.1.5 HTTP/1.1" 304 -
189.129.84.169 - - [19/Jan/2016:01:09:13 -0500] "GET /BLA/boletinlegal/js/jquery.scrollShow.js HTTP/1.1" 304 -
189.129.84.169 - - [19/Jan/2016:01:09:13 -0500] "GET /galeria/galeria/jquery.fancybox.js?v=2.1.5 HTTP/1.1" 304 -
190.25.157.12 - - [19/Jan/2016:01:09:19 -0500] "POST /forms/lservlet;jsessionid=ac16012b30d73246728272a14518b416e3133013d3aa.e3iSbxaKaheRe38KbN0Rb34Mc3j0n6jAmljGr5XDqQLvpAe HTTP/1.1" 200 2
66.249.66.121 - - [19/Jan/2016:01:09:20 -0500] "GET /BLA/resoluciones/RESOLUCIONES%202007/RES%202007%204301%20AL%204352/RESOLUCION%204319%20DE%202007.pdf HTTP/1.1" 200 540007
181.61.46.47 - - [19/Jan/2016:01:10:11 -0500] "POST /forms/lservlet;jsessionid=ac16012b30d701a7c6af59774816a4e1cb78613c7683.e3iSbxaKaheRe38KbN0Rb34Mc3j0n6jAmljGr5XDqQLvpAe HTTP/1.1" 200 2
201.234.75.11 - - [19/Jan/2016:01:10:15 -0500] "GET /galeria/nivo-slider/demo/images/comparendo.jpg HTTP/1.1" 304 -
190.25.157.12 - - [19/Jan/2016:01:11:19 -0500] "POST /forms/lservlet;jsessionid=ac16012b30d73246728272a14518b416e3133013d3aa.e3iSbxaKaheRe38KbN0Rb34Mc3j0n6jAmljGr5XDqQLvpAe HTTP/1.1" 200 2
66.249.66.117 - - [19/Jan/2016:01:11:23 -0500] "GET /BLA/resoluciones/AUTOS%202007/2477.pdf HTTP/1.1" 200 309109
181.61.46.47 - - [19/Jan/2016:01:12:11 -0500] "POST /forms/lservlet;jsessionid=ac16012b30d701a7c6af59774816a4e1cb78613c7683.e3iSbxaKaheRe38KbN0Rb34Mc3j0n6jAmljGr5XDqQLvpAe HTTP/1.1" 200 2
66.249.66.119 - - [19/Jan/2016:01:12:24 -0500] "GET /BLA/resoluciones/RESOLUCIONES%202008/2277.pdf HTTP/1.1" 200 201242
62.149.143.185 - - [19/Jan/2016:01:12:37 -0500] "POST /wp-login.php HTTP/1.1" 301 332
69.162.124.233 - - [19/Jan/2016:01:13:15 -0500] "HEAD / HTTP/1.1" 200 -
190.25.157.12 - - [19/Jan/2016:01:13:19 -0500] "POST /forms/lservlet;jsessionid=ac16012b30d73246728272a14518b416e3133013d3aa.e3iSbxaKaheRe38KbN0Rb34Mc3j0n6jAmljGr5XDqQLvpAe HTTP/1.1" 200 2
66.249.66.119 - - [19/Jan/2016:01:13:26 -0500] "GET /BLA/resoluciones/RESOLUCIONES%202008/3837.pdf HTTP/1.1" 200 975919
66.249.66.121 - - [19/Jan/2016:01:13:46 -0500] "GET /galeria/nivo-slider/demo/images/9Signos.jpg HTTP/1.1" 304 -
66.249.66.117 - - [19/Jan/2016:01:14:03 -0500] "GET /BLA/resoluciones/RESOLUCIONES%202013/1489.pdf HTTP/1.1" 200 426498
181.61.46.47 - - [19/Jan/2016:01:14:11 -0500] "POST /forms/lservlet;jsessionid=ac16012b30d701a7c6af59774816a4e1cb78613c7683.e3iSbxaKaheRe38KbN0Rb34Mc3j0n6jAmljGr5XDqQLvpAe HTTP/1.1" 200 2
66.249.66.119 - - [19/Jan/2016:01:14:27 -0500] "GET /BLA/resoluciones/RESOLUCIONES%202008/2487.pdf HTTP/1.1" 200 271431
190.25.157.12 - - [19/Jan/2016:01:15:20 -0500] "POST /forms/lservlet;jsessionid=ac16012b30d73246728272a14518b416e3133013d3aa.e3iSbxaKaheRe38KbN0Rb34Mc3j0n6jAmljGr5XDqQLvpAe HTTP/1.1" 200 2
66.249.66.119 - - [19/Jan/2016:01:15:29 -0500] "GET /BLA/resoluciones/RESOLUCIONES%202010/7549.pdf HTTP/1.1" 200 280774
181.61.46.47 - - [19/Jan/2016:01:16:11 -0500] "POST /forms/lservlet;jsessionid=ac16012b30d701a7c6af59774816a4e1cb78613c7683.e3iSbxaKaheRe38KbN0Rb34Mc3j0n6jAmljGr5XDqQLvpAe HTTP/1.1" 200 2
136.243.154.104 - - [19/Jan/2016:01:16:26 -0500] "GET /BLA/resoluciones/AUTOS%202006/AUTOS%202006%20601-700/00000629.tif HTTP/1.1" 200 56346
66.249.66.119 - - [19/Jan/2016:01:16:30 -0500] "GET /BLA/resoluciones/RESOLUCIONES%202007/RES%202007%20201%20AL%20300/RESOLUCION%200219%20DE%202007.pdf HTTP/1.1" 200 279885
152.61.193.99 - - [19/Jan/2016:01:16:31 -0500] "HEAD / HTTP/1.1" 200 -
136.243.151.130 - - [19/Jan/2016:01:16:34 -0500] "GET /BLA/resoluciones/AUTOS%202006/AUTOS%202006%202901%20-%203000/00002951.tif HTTP/1.1" 200 55094
152.61.193.99 - - [19/Jan/2016:01:16:31 -0500] "GET /arcgis/services/Calidad_del_Agua_WQI/MapServer/WMSServer?request=GetCapabilities&service=WMS HTTP/1.1" 503 1020
152.61.193.99 - - [19/Jan/2016:01:16:53 -0500] "GET /arcgis/services/Calidad_del_Agua_WQI/MapServer/WMSServer?SERVICE=WMS&REQUEST=GetCapabilities HTTP/1.1" 503 1020
152.61.193.99 - - [19/Jan/2016:01:16:53 -0500] "GET /arcgis/services/Calidad_del_Agua_WQI/MapServer/WMSServer?SERVICE=WMS&REQUEST=GetCapabilities HTTP/1.1" 503 1020
152.61.193.99 - - [19/Jan/2016:01:16:53 -0500] "GET /arcgis/services/Calidad_del_Agua_WQI/MapServer/WMSServer?SERVICE=WMS&REQUEST=GetCapabilities HTTP/1.1" 503 1020
152.61.193.99 - - [19/Jan/2016:01:16:53 -0500] "GET /arcgis/services/Calidad_del_Agua_WQI/MapServer/WMSServer?WMTVER=1.0.0&REQUEST=capabilities HTTP/1.1" 503 1020
152.61.193.99 - - [19/Jan/2016:01:16:54 -0500] "GET /arcgis/services/Calidad_del_Agua_WQI/MapServer/WMSServer?SERVICE=WMS&REQUEST=GetCapabilities HTTP/1.1" 503 1020
190.25.157.12 - - [19/Jan/2016:01:17:20 -0500] "POST /forms/lservlet;jsessionid=ac16012b30d73246728272a14518b416e3133013d3aa.e3iSbxaKaheRe38KbN0Rb34Mc3j0n6jAmljGr5XDqQLvpAe HTTP/1.1" 200 2
201.234.75.11 - - [19/Jan/2016:01:17:31 -0500] "GET /galeria/nivo-slider/demo/images/Banner_Sec.jpg HTTP/1.1" 304 -
66.249.66.117 - - [19/Jan/2016:01:17:32 -0500] "GET /BLA/resoluciones/RESOLUCIONES%202009/9325.pdf HTTP/1.1" 200 1363634
181.61.46.47 - - [19/Jan/2016:01:18:12 -0500] "POST /forms/lservlet;jsessionid=ac16012b30d701a7c6af59774816a4e1cb78613c7683.e3iSbxaKaheRe38KbN0Rb34Mc3j0n6jAmljGr5XDqQLvpAe HTTP/1.1" 200 2
69.162.124.233 - - [19/Jan/2016:01:18:15 -0500] "HEAD / HTTP/1.1" 200 -
66.249.66.121 - - [19/Jan/2016:01:18:33 -0500] "GET /BLA/resoluciones/RESOLUCIONES%202010/0074.pdf HTTP/1.1" 200 526700
136.243.154.147 - - [19/Jan/2016:01:18:48 -0500] "GET /BLA/resoluciones/RESOLUCIONES%202006/RES%202006%20%202901-2950/00002935.tif HTTP/1.1" 200 200042
136.243.154.26 - - [19/Jan/2016:01:19:12 -0500] "GET /BLA/resoluciones/index.php?dir=RESOLUCIONES%202003/RES%202003%20351-400/&sort=size&order=desc HTTP/1.1" 200 11304
190.25.157.12 - - [19/Jan/2016:01:19:20 -0500] "POST /forms/lservlet;jsessionid=ac16012b30d73246728272a14518b416e3133013d3aa.e3iSbxaKaheRe38KbN0Rb34Mc3j0n6jAmljGr5XDqQLvpAe HTTP/1.1" 200 2
66.249.66.117 - - [19/Jan/2016:01:19:35 -0500] "GET /BLA/resoluciones/AUTOS%202008/2742.pdf HTTP/1.1" 200 85374
181.61.46.47 - - [19/Jan/2016:01:20:12 -0500] "POST /forms/lservlet;jsessionid=ac16012b30d701a7c6af59774816a4e1cb78613c7683.e3iSbxaKaheRe38KbN0Rb34Mc3j0n6jAmljGr5XDqQLvpAe HTTP/1.1" 200 2
186.28.152.94 - - [19/Jan/2016:01:20:36 -0500] "GET /galeria/galeria/jquery.fancybox.css?v=2.1.5 HTTP/1.1" 200 4895
186.28.152.94 - - [19/Jan/2016:01:20:36 -0500] "GET /galeria/carrusel/Carrusel/jquery.thumbnailScroller.css HTTP/1.1" 200 2066
186.28.152.94 - - [19/Jan/2016:01:20:36 -0500] "GET /BLA/boletinlegal/js/jquery.scrollShow.js HTTP/1.1" 200 4586
186.28.152.94 - - [19/Jan/2016:01:20:36 -0500] "GET /galeria/carrusel/Carrusel/jquery-ui-1.8.13.custom.min.js HTTP/1.1" 200 10800
186.28.152.94 - - [19/Jan/2016:01:20:36 -0500] "GET /galeria/galeria/jquery.fancybox.js?v=2.1.5 HTTP/1.1" 200 48706
186.28.152.94 - - [19/Jan/2016:01:20:36 -0500] "GET /galeria/carrusel/Carrusel/jquery.thumbnailScroller.js HTTP/1.1" 200 8157
66.249.66.117 - - [19/Jan/2016:01:20:36 -0500] "GET /BLA/resoluciones/AUTOS%202012/3020.pdf HTTP/1.1" 200 174146
186.28.152.94 - - [19/Jan/2016:01:20:37 -0500] "GET /galeria/nivo-slider/demo/demo.html HTTP/1.1" 200 3703
186.28.152.94 - - [19/Jan/2016:01:20:37 -0500] "GET /galeria/nivo-slider/themes/default/default.css HTTP/1.1" 200 1569
186.28.152.94 - - [19/Jan/2016:01:20:37 -0500] "GET /galeria/nivo-slider/nivo-slider.css HTTP/1.1" 200 1507
186.28.152.94 - - [19/Jan/2016:01:20:37 -0500] "GET /galeria/nivo-slider/demo/style.css HTTP/1.1" 200 2222
186.28.152.94 - - [19/Jan/2016:01:20:37 -0500] "GET /galeria/nivo-slider/demo/images/Convocatoria-CTPD-curvas-01.png HTTP/1.1" 200 565805
186.28.152.94 - - [19/Jan/2016:01:20:37 -0500] "GET /galeria/nivo-slider/themes/orman/orman.css HTTP/1.1" 200 2152
186.28.152.94 - - [19/Jan/2016:01:20:37 -0500] "GET /galeria/nivo-slider/demo/scripts/jquery-1.7.1.min.js HTTP/1.1" 200 93868
186.28.152.94 - - [19/Jan/2016:01:20:37 -0500] "GET /galeria/nivo-slider/jquery.nivo.slider.pack.js HTTP/1.1" 200 11561
186.28.152.94 - - [19/Jan/2016:01:20:37 -0500] "GET /galeria/nivo-slider/demo/images/ABC-Plan-de-contigencia.jpg HTTP/1.1" 200 423297
186.28.152.94 - - [19/Jan/2016:01:20:37 -0500] "GET /galeria/nivo-slider/demo/images/banner-llantas2015.jpg HTTP/1.1" 200 268366
186.28.152.94 - - [19/Jan/2016:01:20:37 -0500] "GET /galeria/nivo-slider/demo/images/caminata-ecologica.jpg HTTP/1.1" 200 192926
186.28.152.94 - - [19/Jan/2016:01:20:37 -0500] "GET /galeria/nivo-slider/themes/pascal/pascal.css HTTP/1.1" 200 2258
186.28.152.94 - - [19/Jan/2016:01:20:38 -0500] "GET /galeria/nivo-slider/demo/images/4Simple_Slider.png HTTP/1.1" 200 11722
186.28.152.94 - - [19/Jan/2016:01:20:38 -0500] "GET /galeria/nivo-slider/themes/default/loading.gif HTTP/1.1" 200 1737
186.28.152.94 - - [19/Jan/2016:01:20:39 -0500] "GET /galeria/nivo-slider/demo/images/Cmapana-onestidad.jpg HTTP/1.1" 200 141638
186.28.152.94 - - [19/Jan/2016:01:20:39 -0500] "GET /galeria/nivo-slider/demo/images/PREDAcamp.jpg HTTP/1.1" 200 295358
186.28.152.94 - - [19/Jan/2016:01:20:40 -0500] "GET /galeria/nivo-slider/demo/images/banner-llantas2.jpg HTTP/1.1" 200 234514
186.28.152.94 - - [19/Jan/2016:01:20:40 -0500] "GET /galeria/nivo-slider/demo/images/9Signos.jpg HTTP/1.1" 200 81776
186.28.152.94 - - [19/Jan/2016:01:20:40 -0500] "GET /galeria/nivo-slider/demo/images/Ruta-vertimientos-01.jpg HTTP/1.1" 200 130151
186.28.152.94 - - [19/Jan/2016:01:20:41 -0500] "GET /galeria/nivo-slider/demo/images/bolsas-06.jpg HTTP/1.1" 200 210950
186.28.152.94 - - [19/Jan/2016:01:20:42 -0500] "GET /galeria/nivo-slider/demo/images/ecolecta-Dic2014.png HTTP/1.1" 200 856487
186.28.152.94 - - [19/Jan/2016:01:20:45 -0500] "GET /galeria/nivo-slider/themes/default/bullets.png HTTP/1.1" 200 1281
186.28.152.94 - - [19/Jan/2016:01:20:47 -0500] "GET /galeria/nivo-slider/themes/default/arrows.png HTTP/1.1" 200 824
180.76.15.8 - - [19/Jan/2016:01:20:57 -0500] "GET /PruebasSTORM/StormSDA_pruebas/storm/ HTTP/1.1" 200 5623
190.25.157.12 - - [19/Jan/2016:01:21:20 -0500] "POST /forms/lservlet;jsessionid=ac16012b30d73246728272a14518b416e3133013d3aa.e3iSbxaKaheRe38KbN0Rb34Mc3j0n6jAmljGr5XDqQLvpAe HTTP/1.1" 200 2
66.249.66.119 - - [19/Jan/2016:01:21:38 -0500] "GET /BLA/resoluciones/AUTOS%202012/0210.pdf HTTP/1.1" 200 162319
186.28.152.94 - - [19/Jan/2016:01:22:02 -0500] "GET /galeria/galeria/jquery.fancybox.css?v=2.1.5 HTTP/1.1" 304 -
186.28.152.94 - - [19/Jan/2016:01:22:02 -0500] "GET /BLA/boletinlegal/js/jquery.scrollShow.js HTTP/1.1" 304 -
186.28.152.94 - - [19/Jan/2016:01:22:02 -0500] "GET /galeria/galeria/jquery.fancybox.js?v=2.1.5 HTTP/1.1" 304 -
66.249.66.117 - - [19/Jan/2016:01:22:05 -0500] "GET /BLA/resoluciones/RESOLUCIONES%202007/RES%202007%202401%20AL%202500/RESOLUCION%202401%20DE%202007.pdf HTTP/1.1" 200 2002833
66.249.66.121 - - [19/Jan/2016:01:22:28 -0500] "GET /BLA/resoluciones/AUTOS%202012/2728.pdf HTTP/1.1" 200 788277
69.162.124.233 - - [19/Jan/2016:01:23:15 -0500] "HEAD / HTTP/1.1" 200 -
190.25.157.12 - - [19/Jan/2016:01:23:20 -0500] "POST /forms/lservlet;jsessionid=ac16012b30d73246728272a14518b416e3133013d3aa.e3iSbxaKaheRe38KbN0Rb34Mc3j0n6jAmljGr5XDqQLvpAe HTTP/1.1" 200 2
157.55.39.15 - - [19/Jan/2016:01:23:23 -0500] "GET /robots.txt HTTP/1.1" 404 1019
66.249.66.121 - - [19/Jan/2016:01:23:24 -0500] "GET /BLA/resoluciones/AUTOS%202014/3864.pdf HTTP/1.1" 200 485896
66.249.66.117 - - [19/Jan/2016:01:24:20 -0500] "GET /BLA/resoluciones/RESOLUCIONES%202008/0494.pdf HTTP/1.1" 200 119828
66.249.66.117 - - [19/Jan/2016:01:25:16 -0500] "GET /BLA/resoluciones/RESOLUCIONES%202010/7660.pdf HTTP/1.1" 200 319179
190.25.157.12 - - [19/Jan/2016:01:25:20 -0500] "POST /forms/lservlet;jsessionid=ac16012b30d73246728272a14518b416e3133013d3aa.e3iSbxaKaheRe38KbN0Rb34Mc3j0n6jAmljGr5XDqQLvpAe HTTP/1.1" 200 2
66.249.66.119 - - [19/Jan/2016:01:26:12 -0500] "GET /BLA/resoluciones/RESOLUCIONES%202008/4785.pdf HTTP/1.1" 200 157402
66.249.66.117 - - [19/Jan/2016:01:27:08 -0500] "GET /BLA/resoluciones/RESOLUCIONES%202010/4566.pdf HTTP/1.1" 200 590507
190.25.157.12 - - [19/Jan/2016:01:27:20 -0500] "POST /forms/lservlet;jsessionid=ac16012b30d73246728272a14518b416e3133013d3aa.e3iSbxaKaheRe38KbN0Rb34Mc3j0n6jAmljGr5XDqQLvpAe HTTP/1.1" 200 2
186.31.150.206 - - [19/Jan/2016:01:27:58 -0500] "GET /galeria/galeria/jquery.fancybox.css?v=2.1.5 HTTP/1.1" 200 4895
186.31.150.206 - - [19/Jan/2016:01:27:58 -0500] "GET /BLA/boletinlegal/js/jquery.scrollShow.js HTTP/1.1" 200 4586
186.31.150.206 - - [19/Jan/2016:01:27:58 -0500] "GET /galeria/galeria/jquery.fancybox.js?v=2.1.5 HTTP/1.1" 200 48706
66.249.66.121 - - [19/Jan/2016:01:28:04 -0500] "GET /BLA/resoluciones/RESOLUCIONES%202010/4887.pdf HTTP/1.1" 200 740135
69.162.124.233 - - [19/Jan/2016:01:28:15 -0500] "HEAD / HTTP/1.1" 200 -
136.243.155.42 - - [19/Jan/2016:01:28:24 -0500] "GET /BLA/resoluciones/RESOLUCIONES%202004/RES%202004%20701-750/00000748.tif HTTP/1.1" 200 51892
66.249.66.119 - - [19/Jan/2016:01:29:00 -0500] "GET /BLA/resoluciones/RESOLUCIONES%202009/7758.pdf HTTP/1.1" 200 223655
190.25.157.12 - - [19/Jan/2016:01:29:20 -0500] "POST /forms/lservlet;jsessionid=ac16012b30d73246728272a14518b416e3133013d3aa.e3iSbxaKaheRe38KbN0Rb34Mc3j0n6jAmljGr5XDqQLvpAe HTTP/1.1" 200 2
66.249.66.44 - - [19/Jan/2016:01:29:23 -0500] "GET /cyber/ecour/ecoeco.htm HTTP/1.1" 404 1019
136.243.150.34 - - [19/Jan/2016:01:29:36 -0500] "GET /BLA/resoluciones/AUTOS%202006/AUTOS%202006%20401-500/00000469.tif HTTP/1.1" 200 49568
66.249.66.117 - - [19/Jan/2016:01:29:56 -0500] "GET /BLA/resoluciones/RESOLUCIONES%202011/1185.pdf HTTP/1.1" 200 282978
66.249.66.117 - - [19/Jan/2016:01:30:09 -0500] "GET /BLA/resoluciones/AUTOS%202014/1660.pdf HTTP/1.1" 200 427273
201.234.75.11 - - [19/Jan/2016:01:30:18 -0500] "GET /galeria/nivo-slider/demo/images/Banner-Lanzamiento-PDA.jpg HTTP/1.1" 304 -
136.243.153.233 - - [19/Jan/2016:01:30:19 -0500] "GET /BLA/resoluciones/RESOLUCIONES%202003/RES%202003%20301-350/311.tif HTTP/1.1" 200 1563796
66.249.66.119 - - [19/Jan/2016:01:30:52 -0500] "GET /BLA/resoluciones/RESOLUCIONES%202009/7725.pdf HTTP/1.1" 304 -
136.243.151.102 - - [19/Jan/2016:01:31:04 -0500] "GET /BLA/resoluciones/RESOLUCIONES%202005/RES%202005%202201-2250/00002205.tif HTTP/1.1" 200 114036
190.25.157.12 - - [19/Jan/2016:01:31:20 -0500] "POST /forms/lservlet;jsessionid=ac16012b30d73246728272a14518b416e3133013d3aa.e3iSbxaKaheRe38KbN0Rb34Mc3j0n6jAmljGr5XDqQLvpAe HTTP/1.1" 200 2
66.249.66.44 - - [19/Jan/2016:01:31:48 -0500] "GET /kmz/politica.kmz HTTP/1.1" 200 4553443
66.249.66.50 - - [19/Jan/2016:01:31:53 -0500] "GET /dama/libreria/php/decide.php?patron=03.1305020113&numm=33 HTTP/1.1" 404 1019
201.234.75.11 - - [19/Jan/2016:01:32:22 -0500] "GET /galeria/nivo-slider/demo/images/Ecolecta-banner2.jpg HTTP/1.1" 304 -
201.234.75.11 - - [19/Jan/2016:01:32:38 -0500] "GET /galeria/nivo-slider/demo/images/caballos2a.jpg HTTP/1.1" 304 -
152.61.192.232 - - [19/Jan/2016:01:32:39 -0500] "HEAD / HTTP/1.1" 200 -
80.82.65.82 - - [19/Jan/2016:01:32:42 -0500] "GET /agenda-ingles/ HTTP/1.0" 301 338
66.249.66.119 - - [19/Jan/2016:01:32:44 -0500] "GET /BLA/resoluciones/RESOLUCIONES%202009/3960.pdf HTTP/1.1" 200 684399
136.243.154.169 - - [19/Jan/2016:01:32:44 -0500] "GET /BLA/resoluciones/RESOLUCIONES%202003/RES%202003%201201-1250/2003RES1249.tif HTTP/1.1" 200 148240
66.249.66.117 - - [19/Jan/2016:01:32:57 -0500] "GET /galeria/nivo-slider/demo/images/ecolecta-Dic2014.png HTTP/1.1" 304 -
152.61.192.232 - - [19/Jan/2016:01:32:40 -0500] "GET /arcgis/services/Calidad_del_Agua_WQI/MapServer/WMSServer?SERVICE=WMS&REQUEST=GetCapabilities HTTP/1.1" 503 1020
152.61.192.232 - - [19/Jan/2016:01:33:01 -0500] "GET /arcgis/services/Calidad_del_Agua_WQI/MapServer/WMSServer?WMTVER=1.0.0&REQUEST=capabilities HTTP/1.1" 503 1020
69.162.124.233 - - [19/Jan/2016:01:33:15 -0500] "HEAD / HTTP/1.1" 200 -
190.25.157.12 - - [19/Jan/2016:01:33:20 -0500] "POST /forms/lservlet;jsessionid=ac16012b30d73246728272a14518b416e3133013d3aa.e3iSbxaKaheRe38KbN0Rb34Mc3j0n6jAmljGr5XDqQLvpAe HTTP/1.1" 200 2
180.76.15.148 - - [19/Jan/2016:01:33:27 -0500] "GET / HTTP/1.1" 200 10190
66.249.66.121 - - [19/Jan/2016:01:33:40 -0500] "GET /BLA/resoluciones/RESOLUCIONES%202007/RES%202007%202501%20AL%202600/RESOLUCION%202502%20DE%202007.pdf HTTP/1.1" 200 90069
136.243.154.107 - - [19/Jan/2016:01:34:01 -0500] "GET /BLA/resoluciones/RESOLUCIONES%202005/RES%202005%20351-400/00000359.tif HTTP/1.1" 200 1362722
180.76.15.20 - - [19/Jan/2016:01:34:15 -0500] "GET / HTTP/1.1" 200 10190
66.249.66.119 - - [19/Jan/2016:01:34:36 -0500] "GET /BLA/resoluciones/AUTOS%202012/0175.pdf HTTP/1.1" 200 186579
136.243.151.103 - - [19/Jan/2016:01:34:50 -0500] "GET /BLA/resoluciones/RESOLUCIONES%202003/RES%202003%20901-950/908.tif HTTP/1.1" 200 371032
136.243.155.22 - - [19/Jan/2016:01:35:00 -0500] "GET /BLA/resoluciones/RESOLUCIONES%202003/RES%202003%202151-2189/20032179.tif HTTP/1.1" 200 60558
136.243.155.131 - - [19/Jan/2016:01:35:18 -0500] "GET /BLA/resoluciones/index.php?dir=RESOLUCIONES%202004/RES%202004%20701-750/&sort=date&order=desc HTTP/1.1" 200 12058
190.25.157.12 - - [19/Jan/2016:01:35:20 -0500] "POST /forms/lservlet;jsessionid=ac16012b30d73246728272a14518b416e3133013d3aa.e3iSbxaKaheRe38KbN0Rb34Mc3j0n6jAmljGr5XDqQLvpAe HTTP/1.1" 200 2
201.185.84.167 - - [19/Jan/2016:01:35:29 -0500] "GET /BLA/resoluciones/RESOLUCIONES%202011/0384.pdf HTTP/1.1" 200 83425
201.185.84.167 - - [19/Jan/2016:01:35:29 -0500] "GET /favicon.ico HTTP/1.1" 200 7782
66.249.66.119 - - [19/Jan/2016:01:35:32 -0500] "GET /BLA/resoluciones/AUTOS%202008/1626.pdf HTTP/1.1" 200 67743
201.234.75.11 - - [19/Jan/2016:01:36:00 -0500] "GET /galeria/nivo-slider/demo/images/bannerEcolecta2.jpg HTTP/1.1" 304 -
201.185.84.167 - - [19/Jan/2016:01:36:06 -0500] "GET /BLA/resoluciones/RESOLUCIONES%202010/5764.pdf HTTP/1.1" 200 300278
66.249.66.121 - - [19/Jan/2016:01:36:28 -0500] "GET /BLA/resoluciones/AUTOS%202008/0710.pdf HTTP/1.1" 200 83682
185.81.43.227 - - [19/Jan/2016:01:36:56 -0500] "GET / HTTP/1.1" 200 10190
190.25.157.12 - - [19/Jan/2016:01:37:20 -0500] "POST /forms/lservlet;jsessionid=ac16012b30d73246728272a14518b416e3133013d3aa.e3iSbxaKaheRe38KbN0Rb34Mc3j0n6jAmljGr5XDqQLvpAe HTTP/1.1" 200 2
66.249.66.121 - - [19/Jan/2016:01:37:24 -0500] "GET /BLA/resoluciones/AUTOS%202008/2320.pdf HTTP/1.1" 200 139301
136.243.153.175 - - [19/Jan/2016:01:37:32 -0500] "GET /BLA/resoluciones/RESOLUCIONES%202003/RES%202003%201601-1650/20031625.tif HTTP/1.1" 200 35448
136.243.144.201 - - [19/Jan/2016:01:37:37 -0500] "GET /BLA/resoluciones/RESOLUCIONES%202004/RES%202004%2051-100/00000098.tif HTTP/1.1" 200 99158
66.249.66.121 - - [19/Jan/2016:01:38:10 -0500] "GET /BLA/resoluciones/RESOLUCIONES%202010/4626.pdf HTTP/1.1" 200 2291622
69.162.124.233 - - [19/Jan/2016:01:38:15 -0500] "HEAD / HTTP/1.1" 200 -
66.249.66.117 - - [19/Jan/2016:01:38:20 -0500] "GET /BLA/resoluciones/AUTOS%202011/5864.pdf HTTP/1.1" 200 673737
201.234.75.11 - - [19/Jan/2016:01:38:59 -0500] "GET /galeria/nivo-slider/demo/images/GAE-banner.jpg HTTP/1.1" 304 -
66.249.66.117 - - [19/Jan/2016:01:39:16 -0500] "GET /BLA/resoluciones/AUTOS%202008/1870.pdf HTTP/1.1" 200 42035
152.61.193.99 - - [19/Jan/2016:01:39:18 -0500] "HEAD / HTTP/1.1" 200 -
190.25.157.12 - - [19/Jan/2016:01:39:20 -0500] "POST /forms/lservlet;jsessionid=ac16012b30d73246728272a14518b416e3133013d3aa.e3iSbxaKaheRe38KbN0Rb34Mc3j0n6jAmljGr5XDqQLvpAe HTTP/1.1" 200 2
136.243.151.224 - - [19/Jan/2016:01:39:28 -0500] "GET /BLA/resoluciones/RESOLUCIONES%202005/RES%202005%201451-1500/00001492.tif HTTP/1.1" 200 166296
152.61.193.99 - - [19/Jan/2016:01:39:18 -0500] "GET /arcgis/services/Calidad_del_Agua_WQI/MapServer/WMSServer?SERVICE=WMS&REQUEST=GetCapabilities HTTP/1.1" 503 1020
152.61.193.99 - - [19/Jan/2016:01:39:40 -0500] "GET /arcgis/services/Calidad_del_Agua_WQI/MapServer/WMSServer?SERVICE=WMS&REQUEST=GetCapabilities HTTP/1.1" 503 1020
152.61.193.99 - - [19/Jan/2016:01:39:40 -0500] "GET /arcgis/services/Calidad_del_Agua_WQI/MapServer/WMSServer?SERVICE=WMS&REQUEST=GetCapabilities HTTP/1.1" 503 1020
152.61.193.99 - - [19/Jan/2016:01:39:40 -0500] "GET /arcgis/services/Calidad_del_Agua_WQI/MapServer/WMSServer?WMTVER=1.0.0&REQUEST=capabilities HTTP/1.1" 503 1020
152.61.193.99 - - [19/Jan/2016:01:39:40 -0500] "GET /arcgis/services/Calidad_del_Agua_WQI/MapServer/WMSServer?SERVICE=WMS&REQUEST=GetCapabilities HTTP/1.1" 503 1020
136.243.151.229 - - [19/Jan/2016:01:39:43 -0500] "GET /BLA/resoluciones/RESOLUCIONES%202002/RES%202002%201351-1400/20021384.tif HTTP/1.1" 200 39694
136.243.155.79 - - [19/Jan/2016:01:39:56 -0500] "GET /BLA/resoluciones/RESOLUCIONES%202002/RES%202002%201301-1350/20021318.tif HTTP/1.1" 200 91610
136.243.155.176 - - [19/Jan/2016:01:40:07 -0500] "GET /BLA/resoluciones/RESOLUCIONES%202003/RES%202003%201601-1650/20031642.tif HTTP/1.1" 200 94050
66.249.66.119 - - [19/Jan/2016:01:40:12 -0500] "GET /BLA/resoluciones/AUTOS%202008/1982.pdf HTTP/1.1" 200 98226
136.243.151.220 - - [19/Jan/2016:01:40:12 -0500] "GET /BLA/resoluciones/RESOLUCIONES%202003/RES%202003%201801-1850/20031809.tif HTTP/1.1" 200 45356
136.243.151.162 - - [19/Jan/2016:01:40:22 -0500] "GET /BLA/resoluciones/index.php?dir=RESOLUCIONES%202003/RES%202003%201651-1700/&sort=size&order=desc HTTP/1.1" 200 12147
136.243.151.162 - - [19/Jan/2016:01:40:54 -0500] "GET /BLA/resoluciones/RESOLUCIONES%202004/RES%202004%201601-1650/00001628.tif HTTP/1.1" 200 289888
66.249.66.121 - - [19/Jan/2016:01:41:08 -0500] "GET /BLA/resoluciones/AUTOS%202008/0742.pdf HTTP/1.1" 200 139416
190.25.157.12 - - [19/Jan/2016:01:41:20 -0500] "POST /forms/lservlet;jsessionid=ac16012b30d73246728272a14518b416e3133013d3aa.e3iSbxaKaheRe38KbN0Rb34Mc3j0n6jAmljGr5XDqQLvpAe HTTP/1.1" 200 2
136.243.154.130 - - [19/Jan/2016:01:42:02 -0500] "GET /BLA/resoluciones/RESOLUCIONES%202006/RES%202006%202651-2700/00002669.tif HTTP/1.1" 200 110112
66.249.66.117 - - [19/Jan/2016:01:42:03 -0500] "GET /BLA/resoluciones/RESOLUCIONES%202010/1145.pdf HTTP/1.1" 200 100125
66.249.66.121 - - [19/Jan/2016:01:42:15 -0500] "GET /BLA/resoluciones/RESOLUCIONES%202014/2744.pdf HTTP/1.1" 200 774658
136.243.151.90 - - [19/Jan/2016:01:42:26 -0500] "GET /BLA/resoluciones/RESOLUCIONES%202004/RES%202004%201651-1700/00001665.tif HTTP/1.1" 200 329918
66.249.66.117 - - [19/Jan/2016:01:42:59 -0500] "GET /BLA/resoluciones/AUTOS%202008/0062.pdf HTTP/1.1" 200 115304
69.162.124.233 - - [19/Jan/2016:01:43:15 -0500] "HEAD / HTTP/1.1" 200 -
190.25.157.12 - - [19/Jan/2016:01:43:20 -0500] "POST /forms/lservlet;jsessionid=ac16012b30d73246728272a14518b416e3133013d3aa.e3iSbxaKaheRe38KbN0Rb34Mc3j0n6jAmljGr5XDqQLvpAe HTTP/1.1" 200 2
136.243.151.91 - - [19/Jan/2016:01:43:45 -0500] "GET /BLA/resoluciones/RESOLUCIONES%202002/RES%202002%201551-1600/20021564.tif HTTP/1.1" 200 125260
136.243.151.70 - - [19/Jan/2016:01:43:49 -0500] "GET /BLA/resoluciones/index.php?dir=RESOLUCIONES%202003/RES%202003%20001-050/&sort=size&order=asc HTTP/1.1" 200 12161
66.249.66.121 - - [19/Jan/2016:01:43:55 -0500] "GET /galeria/nivo-slider/themes/ HTTP/1.1" 200 1424
66.249.66.121 - - [19/Jan/2016:01:44:22 -0500] "GET /BLA/resoluciones/RESOLUCIONES%202014/0275.pdf HTTP/1.1" 200 918004
136.243.153.175 - - [19/Jan/2016:01:44:40 -0500] "GET /BLA/boletinlegal/documentos-importantes.php HTTP/1.1" 200 4822
66.249.66.121 - - [19/Jan/2016:01:44:51 -0500] "GET /BLA/resoluciones/AUTOS%202008/0536.pdf HTTP/1.1" 200 173328
181.61.6.254 - - [19/Jan/2016:01:45:03 -0500] "GET /BLA/boletinlegal/js/jquery.scrollShow.js HTTP/1.1" 200 4586
181.61.6.254 - - [19/Jan/2016:01:45:03 -0500] "GET /galeria/galeria/jquery.fancybox.css?v=2.1.5 HTTP/1.1" 200 4895
181.61.6.254 - - [19/Jan/2016:01:45:03 -0500] "GET /galeria/galeria/jquery.fancybox.js?v=2.1.5 HTTP/1.1" 200 48706
136.243.155.176 - - [19/Jan/2016:01:45:10 -0500] "GET /BLA/resoluciones/index.php?dir=RESOLUCIONES%202002/RES%202002%2001-50/&sort=name&order=desc HTTP/1.1" 200 12044
190.25.157.12 - - [19/Jan/2016:01:45:20 -0500] "POST /forms/lservlet;jsessionid=ac16012b30d73246728272a14518b416e3133013d3aa.e3iSbxaKaheRe38KbN0Rb34Mc3j0n6jAmljGr5XDqQLvpAe HTTP/1.1" 200 2
66.249.66.121 - - [19/Jan/2016:01:45:21 -0500] "GET /BLA/resoluciones/RESOLUCIONES%202013/2315.pdf HTTP/1.1" 200 688475
66.249.66.119 - - [19/Jan/2016:01:45:47 -0500] "GET /BLA/resoluciones/AUTOS%202010/5496.pdf HTTP/1.1" 200 216627
66.249.66.119 - - [19/Jan/2016:01:46:10 -0500] "GET /BLA/resoluciones/RESOLUCIONES%202012/0877.pdf HTTP/1.1" 200 573045
66.249.66.119 - - [19/Jan/2016:01:46:25 -0500] "GET /BLA/resoluciones/RESOLUCIONES%202014/0278.pdf HTTP/1.1" 200 1319143
136.243.147.200 - - [19/Jan/2016:01:46:28 -0500] "GET /BLA/resoluciones/index.php?dir=RESOLUCIONES%202002/RES%202002%20501-550/&sort=size&order=desc HTTP/1.1" 200 12028
66.249.66.119 - - [19/Jan/2016:01:46:43 -0500] "GET /BLA/resoluciones/AUTOS%202007/2522.pdf HTTP/1.1" 200 182116
201.234.75.11 - - [19/Jan/2016:01:46:50 -0500] "GET /galeria/nivo-slider/demo/images/Plan-Quinquenal.jpg HTTP/1.1" 304 -
200.121.203.174 - - [19/Jan/2016:01:46:57 -0500] "GET /galeria/galeria/jquery.fancybox.css?v=2.1.5 HTTP/1.1" 200 4895
200.121.203.174 - - [19/Jan/2016:01:46:57 -0500] "GET /BLA/boletinlegal/js/jquery.scrollShow.js HTTP/1.1" 200 4586
200.121.203.174 - - [19/Jan/2016:01:46:57 -0500] "GET /galeria/galeria/jquery.fancybox.js?v=2.1.5 HTTP/1.1" 200 48706
136.243.155.41 - - [19/Jan/2016:01:47:08 -0500] "GET /BLA/resoluciones/RESOLUCIONES%202004/RES%202004%201251-1300/00001263.tif HTTP/1.1" 200 129030
136.243.154.26 - - [19/Jan/2016:01:47:10 -0500] "GET /BLA/resoluciones/AUTOS%202006/AUTOS%202006%201301-1400/00001329.tif HTTP/1.1" 200 194574
190.25.157.12 - - [19/Jan/2016:01:47:20 -0500] "POST /forms/lservlet;jsessionid=ac16012b30d73246728272a14518b416e3133013d3aa.e3iSbxaKaheRe38KbN0Rb34Mc3j0n6jAmljGr5XDqQLvpAe HTTP/1.1" 200 2
201.234.75.11 - - [19/Jan/2016:01:47:37 -0500] "GET /galeria/nivo-slider/demo/images/inscripvolque1.jpg HTTP/1.1" 304 -
181.61.6.254 - - [19/Jan/2016:01:47:38 -0500] "GET /galeria/galeria/jquery.fancybox.js?v=2.1.5 HTTP/1.1" 304 -
181.61.6.254 - - [19/Jan/2016:01:47:38 -0500] "GET /galeria/galeria/jquery.fancybox.css?v=2.1.5 HTTP/1.1" 304 -
181.61.6.254 - - [19/Jan/2016:01:47:38 -0500] "GET /BLA/boletinlegal/js/jquery.scrollShow.js HTTP/1.1" 304 -
66.249.66.121 - - [19/Jan/2016:01:47:39 -0500] "GET /BLA/resoluciones/index.php?dir=RESOLUCIONES%202007/RES%202007%20201%20AL%20300/&sort=date&order=asc HTTP/1.1" 200 27110
201.234.75.11 - - [19/Jan/2016:01:48:02 -0500] "GET /galeria/nivo-slider/demo/images/caminata-ecologica.jpg HTTP/1.1" 304 -
136.243.151.231 - - [19/Jan/2016:01:48:03 -0500] "GET /galeria/galeria/fotos/Capellania4G.jpg HTTP/1.1" 200 567842
136.243.151.215 - - [19/Jan/2016:01:48:05 -0500] "GET /BLA/resoluciones/RESOLUCIONES%202006/RES%202006%201651-1700/INDEX.DAT HTTP/1.1" 200 2000
69.162.124.233 - - [19/Jan/2016:01:48:15 -0500] "HEAD / HTTP/1.1" 200 -
200.121.203.174 - - [19/Jan/2016:01:48:21 -0500] "GET /galeria/galeria/jquery.fancybox.css?v=2.1.5 HTTP/1.1" 304 -
200.121.203.174 - - [19/Jan/2016:01:48:21 -0500] "GET /BLA/boletinlegal/js/jquery.scrollShow.js HTTP/1.1" 304 -
200.121.203.174 - - [19/Jan/2016:01:48:21 -0500] "GET /galeria/galeria/jquery.fancybox.js?v=2.1.5 HTTP/1.1" 304 -
66.249.66.121 - - [19/Jan/2016:01:48:23 -0500] "GET /BLA/resoluciones/RESOLUCIONES%202014/1483.pdf HTTP/1.1" 200 379505
152.201.208.44 - - [19/Jan/2016:01:48:30 -0500] "GET /BLA/resoluciones/AUTOS%202013/1944.pdf HTTP/1.1" 200 1960047
66.249.66.117 - - [19/Jan/2016:01:48:31 -0500] "GET /BLA/resoluciones/RESOLUCIONES%202014/0636.pdf HTTP/1.1" 200 2143197
66.249.66.117 - - [19/Jan/2016:01:48:35 -0500] "GET /BLA/resoluciones/RESOLUCIONES%202013/2167.pdf HTTP/1.1" 200 695108
66.249.66.117 - - [19/Jan/2016:01:48:41 -0500] "GET /BLA/resoluciones/RESOLUCIONES%202014/3058.pdf HTTP/1.1" 200 418242
66.249.66.117 - - [19/Jan/2016:01:48:52 -0500] "GET /BLA/resoluciones/RESOLUCIONES%202014/0419.pdf HTTP/1.1" 200 919945
66.249.66.117 - - [19/Jan/2016:01:48:59 -0500] "GET /BLA/resoluciones/RESOLUCIONES%202014/1597.pdf HTTP/1.1" 200 468890
190.25.157.12 - - [19/Jan/2016:01:49:20 -0500] "POST /forms/lservlet;jsessionid=ac16012b30d73246728272a14518b416e3133013d3aa.e3iSbxaKaheRe38KbN0Rb34Mc3j0n6jAmljGr5XDqQLvpAe HTTP/1.1" 200 2
66.249.66.121 - - [19/Jan/2016:01:49:31 -0500] "GET /BLA/resoluciones/RESOLUCIONES%202008/4529.pdf HTTP/1.1" 200 485754
152.61.128.66 - - [19/Jan/2016:01:49:43 -0500] "HEAD / HTTP/1.1" 200 -
152.61.128.66 - - [19/Jan/2016:01:49:43 -0500] "GET /arcgis/services/Calidad_del_Agua_WQI/MapServer/WMSServer?request=GetCapabilities&service=WMS HTTP/1.1" 503 1020
152.61.128.66 - - [19/Jan/2016:01:50:04 -0500] "GET /arcgis/services/Calidad_del_Agua_WQI/MapServer/WMSServer?SERVICE=WMS&REQUEST=GetCapabilities HTTP/1.1" 503 1020
152.61.128.66 - - [19/Jan/2016:01:50:04 -0500] "GET /arcgis/services/Calidad_del_Agua_WQI/MapServer/WMSServer?SERVICE=WMS&REQUEST=GetCapabilities HTTP/1.1" 503 1020
152.61.128.66 - - [19/Jan/2016:01:50:05 -0500] "GET /arcgis/services/Calidad_del_Agua_WQI/MapServer/WMSServer?SERVICE=WMS&REQUEST=GetCapabilities HTTP/1.1" 503 1020
152.61.128.66 - - [19/Jan/2016:01:50:05 -0500] "GET /arcgis/services/Calidad_del_Agua_WQI/MapServer/WMSServer?WMTVER=1.0.0&REQUEST=capabilities HTTP/1.1" 503 1020
152.61.128.66 - - [19/Jan/2016:01:50:05 -0500] "GET /arcgis/services/Calidad_del_Agua_WQI/MapServer/WMSServer?SERVICE=WMS&REQUEST=GetCapabilities HTTP/1.1" 503 1020
66.249.66.119 - - [19/Jan/2016:01:50:06 -0500] "GET /BLA/resoluciones/RESOLUCIONES%202014/2562.pdf HTTP/1.1" 200 199768
66.249.66.119 - - [19/Jan/2016:01:50:27 -0500] "GET /BLA/resoluciones/RESOLUCIONES%202010/1565.pdf HTTP/1.1" 200 597158
66.249.66.121 - - [19/Jan/2016:01:50:32 -0500] "GET /BLA/resoluciones/RESOLUCIONES%202014/1525.pdf HTTP/1.1" 200 348118
66.249.66.117 - - [19/Jan/2016:01:50:36 -0500] "GET /resoluciones/RESOLUCIONES%202008/2514.pdf HTTP/1.1" 404 1018
66.249.66.117 - - [19/Jan/2016:01:50:52 -0500] "GET /BLA/resoluciones/RESOLUCIONES%202014/2112.pdf HTTP/1.1" 200 309573
66.249.66.117 - - [19/Jan/2016:01:50:52 -0500] "GET /resoluciones/RESOLUCIONES%202008/1740.pdf HTTP/1.1" 404 1018
66.249.66.117 - - [19/Jan/2016:01:50:55 -0500] "GET /BLA/resoluciones/RESOLUCIONES%202014/2704.pdf HTTP/1.1" 200 279848
66.249.66.117 - - [19/Jan/2016:01:51:08 -0500] "GET /BLA/resoluciones/RESOLUCIONES%202014/1296.pdf HTTP/1.1" 200 947255
190.25.157.12 - - [19/Jan/2016:01:51:20 -0500] "POST /forms/lservlet;jsessionid=ac16012b30d73246728272a14518b416e3133013d3aa.e3iSbxaKaheRe38KbN0Rb34Mc3j0n6jAmljGr5XDqQLvpAe HTTP/1.1" 200 2
66.249.66.119 - - [19/Jan/2016:01:51:23 -0500] "GET /BLA/resoluciones/AUTOS%202008/3190.pdf HTTP/1.1" 200 186083
136.243.155.44 - - [19/Jan/2016:01:51:27 -0500] "GET /BLA/resoluciones/index.php?dir=RESOLUCIONES%202005/RES%202005%203001-3050/&sort=size&order=desc HTTP/1.1" 200 12363
66.249.66.121 - - [19/Jan/2016:01:51:42 -0500] "GET /BLA/resoluciones/RESOLUCIONES%202014/0966.pdf HTTP/1.1" 200 724786
66.249.66.117 - - [19/Jan/2016:01:51:50 -0500] "GET /BLA/resoluciones/RESOLUCIONES%202014/2123.pdf HTTP/1.1" 200 803647
66.249.66.117 - - [19/Jan/2016:01:52:12 -0500] "GET /BLA/resoluciones/RESOLUCIONES%202014/0990.pdf HTTP/1.1" 200 1104687
66.249.66.117 - - [19/Jan/2016:01:52:19 -0500] "GET /BLA/resoluciones/AUTOS%202012/2848.pdf HTTP/1.1" 200 174442
66.249.66.117 - - [19/Jan/2016:01:52:27 -0500] "GET /BLA/resoluciones/RESOLUCIONES%202014/1301.pdf HTTP/1.1" 200 1681060
66.249.66.117 - - [19/Jan/2016:01:52:42 -0500] "GET /BLA/resoluciones/RESOLUCIONES%202014/2460.pdf HTTP/1.1" 200 312002
66.249.66.117 - - [19/Jan/2016:01:52:44 -0500] "GET /BLA/resoluciones/RESOLUCIONES%202014/1469.pdf HTTP/1.1" 200 469737
66.249.66.117 - - [19/Jan/2016:01:52:45 -0500] "GET /BLA/resoluciones/RESOLUCIONES%202014/1001.pdf HTTP/1.1" 200 944907
136.243.148.105 - - [19/Jan/2016:01:52:58 -0500] "GET /BLA/resoluciones/AUTOS%202006/AUTOS%202006%20501-600/00000569.tif HTTP/1.1" 200 61350
66.249.66.117 - - [19/Jan/2016:01:53:00 -0500] "GET /BLA/resoluciones/RESOLUCIONES%202014/2235.pdf HTTP/1.1" 200 569801
66.249.66.119 - - [19/Jan/2016:01:53:15 -0500] "GET /BLA/resoluciones/AUTOS%202012/2754.pdf HTTP/1.1" 200 827689
69.162.124.233 - - [19/Jan/2016:01:53:15 -0500] "HEAD / HTTP/1.1" 200 -
66.249.66.117 - - [19/Jan/2016:01:53:17 -0500] "GET /BLA/resoluciones/AUTOS%202009/1322.pdf HTTP/1.1" 200 128388
190.25.157.12 - - [19/Jan/2016:01:53:20 -0500] "POST /forms/lservlet;jsessionid=ac16012b30d73246728272a14518b416e3133013d3aa.e3iSbxaKaheRe38KbN0Rb34Mc3j0n6jAmljGr5XDqQLvpAe HTTP/1.1" 200 2
66.249.66.119 - - [19/Jan/2016:01:53:42 -0500] "GET /BLA/resoluciones/RESOLUCIONES%202014/0738.pdf HTTP/1.1" 200 1143701
