81.43.64.180 - - [19/Jan/2016:03:04:01 -0500] "GET /galeria/galeria/jquery.fancybox.css?v=2.1.5 HTTP/1.1" 304 -
81.43.64.180 - - [19/Jan/2016:03:04:07 -0500] "GET /galeria/galeria/jquery.fancybox.js?v=2.1.5 HTTP/1.1" 304 -
81.43.64.180 - - [19/Jan/2016:03:04:07 -0500] "GET /galeria/galeria/jquery.fancybox.css?v=2.1.5 HTTP/1.1" 304 -
66.249.66.119 - - [19/Jan/2016:03:04:08 -0500] "GET /BLA/resoluciones/AUTOS%202008/3478.pdf HTTP/1.1" 200 111769
66.249.66.117 - - [19/Jan/2016:03:04:16 -0500] "GET /BLA/boletinlegal/js/jquery.scrollShow.js HTTP/1.1" 200 4586
66.249.66.117 - - [19/Jan/2016:03:04:17 -0500] "GET /galeria/galeria/jquery.fancybox.css?v=2.1.5 HTTP/1.1" 200 4895
66.249.66.117 - - [19/Jan/2016:03:04:18 -0500] "GET /galeria/galeria/jquery.fancybox.js?v=2.1.5 HTTP/1.1" 200 48706
81.43.64.180 - - [19/Jan/2016:03:04:31 -0500] "GET /galeria/galeria/jquery.fancybox.js?v=2.1.5 HTTP/1.1" 304 -
81.43.64.180 - - [19/Jan/2016:03:04:31 -0500] "GET /galeria/galeria/jquery.fancybox.css?v=2.1.5 HTTP/1.1" 304 -
81.43.64.180 - - [19/Jan/2016:03:04:39 -0500] "GET /galeria/galeria/jquery.fancybox.css?v=2.1.5 HTTP/1.1" 304 -
81.43.64.180 - - [19/Jan/2016:03:04:39 -0500] "GET /galeria/galeria/jquery.fancybox.js?v=2.1.5 HTTP/1.1" 304 -
66.249.66.117 - - [19/Jan/2016:03:04:41 -0500] "GET /BLA/resoluciones/RESOLUCIONES%202014/2052.pdf HTTP/1.1" 200 941153
66.249.66.117 - - [19/Jan/2016:03:04:46 -0500] "GET /BLA/resoluciones/Autos%202008/0352.pdf HTTP/1.1" 200 223169
81.43.64.180 - - [19/Jan/2016:03:04:50 -0500] "GET /galeria/galeria/jquery.fancybox.css?v=2.1.5 HTTP/1.1" 304 -
81.43.64.180 - - [19/Jan/2016:03:04:50 -0500] "GET /galeria/galeria/jquery.fancybox.js?v=2.1.5 HTTP/1.1" 304 -
66.249.66.117 - - [19/Jan/2016:03:04:55 -0500] "GET /BLA/resoluciones/AUTOS%202011/2673.pdf HTTP/1.1" 200 119885
66.249.66.121 - - [19/Jan/2016:03:05:04 -0500] "GET /BLA/resoluciones/AUTOS%202008/3247.pdf HTTP/1.1" 200 74184
81.43.64.180 - - [19/Jan/2016:03:05:07 -0500] "GET /galeria/galeria/jquery.fancybox.css?v=2.1.5 HTTP/1.1" 304 -
81.43.64.180 - - [19/Jan/2016:03:05:07 -0500] "GET /galeria/galeria/jquery.fancybox.js?v=2.1.5 HTTP/1.1" 304 -
136.243.154.158 - - [19/Jan/2016:03:05:08 -0500] "GET /BLA/resoluciones/index.php?dir=RESOLUCIONES+2006%2FRES+2006++2951-3000%2F HTTP/1.1" 200 12390
190.25.157.12 - - [19/Jan/2016:03:05:21 -0500] "POST /forms/lservlet;jsessionid=ac16012b30d73246728272a14518b416e3133013d3aa.e3iSbxaKaheRe38KbN0Rb34Mc3j0n6jAmljGr5XDqQLvpAe HTTP/1.1" 200 2
66.249.66.117 - - [19/Jan/2016:03:05:46 -0500] "GET /BLA/resoluciones/RESOLUCIONES%202014/1823.pdf HTTP/1.1" 200 312100
81.43.64.180 - - [19/Jan/2016:03:05:56 -0500] "GET /galeria/galeria/jquery.fancybox.css?v=2.1.5 HTTP/1.1" 304 -
81.43.64.180 - - [19/Jan/2016:03:05:56 -0500] "GET /galeria/galeria/jquery.fancybox.js?v=2.1.5 HTTP/1.1" 304 -
66.249.66.119 - - [19/Jan/2016:03:06:00 -0500] "GET /BLA/resoluciones/AUTOS%202008/3236.pdf HTTP/1.1" 200 64927
81.43.64.180 - - [19/Jan/2016:03:06:04 -0500] "GET /galeria/galeria/jquery.fancybox.js?v=2.1.5 HTTP/1.1" 304 -
81.43.64.180 - - [19/Jan/2016:03:06:04 -0500] "GET /galeria/galeria/jquery.fancybox.css?v=2.1.5 HTTP/1.1" 304 -
136.243.151.162 - - [19/Jan/2016:03:06:11 -0500] "GET /BLA/resoluciones/RESOLUCIONES%202005/RES%202005%201001-1050/00001023.tif HTTP/1.1" 200 390854
81.43.64.180 - - [19/Jan/2016:03:06:12 -0500] "GET /galeria/galeria/jquery.fancybox.js?v=2.1.5 HTTP/1.1" 304 -
81.43.64.180 - - [19/Jan/2016:03:06:12 -0500] "GET /galeria/galeria/jquery.fancybox.css?v=2.1.5 HTTP/1.1" 304 -
66.249.66.117 - - [19/Jan/2016:03:06:12 -0500] "GET /BLA/resoluciones/Autos%202008/1348.pdf HTTP/1.1" 200 64889
190.9.203.22 - - [19/Jan/2016:03:06:15 -0500] "GET /BLA/resoluciones/AUTOS%202014/0860.pdf HTTP/1.1" 200 738639
66.249.66.121 - - [19/Jan/2016:03:06:27 -0500] "GET /BLA/resoluciones/RESOLUCIONES%202009/5985.pdf HTTP/1.1" 200 430922
81.43.64.180 - - [19/Jan/2016:03:06:46 -0500] "GET /galeria/galeria/jquery.fancybox.css?v=2.1.5 HTTP/1.1" 304 -
81.43.64.180 - - [19/Jan/2016:03:06:46 -0500] "GET /galeria/galeria/jquery.fancybox.js?v=2.1.5 HTTP/1.1" 304 -
66.249.66.119 - - [19/Jan/2016:03:06:55 -0500] "GET /BLA/resoluciones/AUTOS%202008/2999.pdf HTTP/1.1" 200 143805
81.43.64.180 - - [19/Jan/2016:03:07:08 -0500] "GET /galeria/galeria/jquery.fancybox.js?v=2.1.5 HTTP/1.1" 304 -
81.43.64.180 - - [19/Jan/2016:03:07:08 -0500] "GET /galeria/galeria/jquery.fancybox.css?v=2.1.5 HTTP/1.1" 304 -
190.25.157.12 - - [19/Jan/2016:03:07:21 -0500] "POST /forms/lservlet;jsessionid=ac16012b30d73246728272a14518b416e3133013d3aa.e3iSbxaKaheRe38KbN0Rb34Mc3j0n6jAmljGr5XDqQLvpAe HTTP/1.1" 200 2
66.249.66.121 - - [19/Jan/2016:03:07:51 -0500] "GET /BLA/resoluciones/RESOLUCIONES%202007/RES%202007%20201%20AL%20300/RESOLUCION%20030%20DE%202007.pdf HTTP/1.1" 200 435705
69.162.124.233 - - [19/Jan/2016:03:08:15 -0500] "HEAD / HTTP/1.1" 200 -
81.43.64.180 - - [19/Jan/2016:03:08:29 -0500] "GET /galeria/galeria/jquery.fancybox.js?v=2.1.5 HTTP/1.1" 304 -
81.43.64.180 - - [19/Jan/2016:03:08:29 -0500] "GET /galeria/galeria/jquery.fancybox.css?v=2.1.5 HTTP/1.1" 304 -
66.249.66.117 - - [19/Jan/2016:03:08:47 -0500] "GET /BLA/resoluciones/RESOLUCIONES%202008/3425.pdf HTTP/1.1" 200 317625
81.43.64.180 - - [19/Jan/2016:03:08:56 -0500] "GET /galeria/galeria/jquery.fancybox.js?v=2.1.5 HTTP/1.1" 304 -
81.43.64.180 - - [19/Jan/2016:03:08:56 -0500] "GET /galeria/galeria/jquery.fancybox.css?v=2.1.5 HTTP/1.1" 304 -
201.234.75.11 - - [19/Jan/2016:03:09:13 -0500] "GET /galeria/nivo-slider/demo/images/JornadaAdopcion.jpg HTTP/1.1" 304 -
190.25.157.12 - - [19/Jan/2016:03:09:21 -0500] "POST /forms/lservlet;jsessionid=ac16012b30d73246728272a14518b416e3133013d3aa.e3iSbxaKaheRe38KbN0Rb34Mc3j0n6jAmljGr5XDqQLvpAe HTTP/1.1" 200 2
68.180.230.190 - - [19/Jan/2016:03:09:22 -0500] "GET /robots.txt HTTP/1.1" 404 1018
66.249.66.117 - - [19/Jan/2016:03:09:43 -0500] "GET /BLA/resoluciones/AUTOS%202012/2244.pdf HTTP/1.1" 200 282527
66.249.66.121 - - [19/Jan/2016:03:09:45 -0500] "GET /BLA/resoluciones/AUTOS%202013/1380.pdf HTTP/1.1" 200 1651680
66.249.66.117 - - [19/Jan/2016:03:09:50 -0500] "GET /BLA/resoluciones/RESOLUCIONES%202014/0154.pdf HTTP/1.1" 200 710188
66.249.66.117 - - [19/Jan/2016:03:10:00 -0500] "GET /BLA/resoluciones/Autos%202008/1150.pdf HTTP/1.1" 200 96013
66.249.66.117 - - [19/Jan/2016:03:10:35 -0500] "GET /BLA/resoluciones/RESOLUCIONES%202014/2387.pdf HTTP/1.1" 200 353655
66.249.66.121 - - [19/Jan/2016:03:10:39 -0500] "GET /BLA/resoluciones/AUTOS%202011/7516.pdf HTTP/1.1" 200 199816
136.243.150.209 - - [19/Jan/2016:03:10:44 -0500] "GET /BLA/resoluciones/RESOLUCIONES%202003/RES%202003%202001-2051/20032045.tif HTTP/1.1" 200 1538300
66.249.66.117 - - [19/Jan/2016:03:11:10 -0500] "GET /BLA/resoluciones/Autos%202008/1100.pdf HTTP/1.1" 200 87573
190.25.157.12 - - [19/Jan/2016:03:11:21 -0500] "POST /forms/lservlet;jsessionid=ac16012b30d73246728272a14518b416e3133013d3aa.e3iSbxaKaheRe38KbN0Rb34Mc3j0n6jAmljGr5XDqQLvpAe HTTP/1.1" 200 2
66.249.66.117 - - [19/Jan/2016:03:11:35 -0500] "GET /BLA/resoluciones/RESOLUCIONES%202012/1283.pdf HTTP/1.1" 200 943626
66.249.66.121 - - [19/Jan/2016:03:11:59 -0500] "GET /BLA/resoluciones/RESOLUCIONES%202014/1466.pdf HTTP/1.1" 200 415216
66.249.66.117 - - [19/Jan/2016:03:12:11 -0500] "GET /BLA/resoluciones/RESOLUCIONES%202014/2601.pdf HTTP/1.1" 200 925008
66.249.66.117 - - [19/Jan/2016:03:12:17 -0500] "GET /BLA/resoluciones/RESOLUCIONES%202014/2444.pdf HTTP/1.1" 200 298318
66.249.66.119 - - [19/Jan/2016:03:12:31 -0500] "GET /BLA/resoluciones/AUTOS%202012/2592.pdf HTTP/1.1" 200 270789
66.249.66.119 - - [19/Jan/2016:03:12:36 -0500] "GET /BLA/resoluciones/RESOLUCIONES%202014/2584.pdf HTTP/1.1" 200 281525
69.162.124.233 - - [19/Jan/2016:03:13:15 -0500] "HEAD / HTTP/1.1" 200 -
190.25.157.12 - - [19/Jan/2016:03:13:21 -0500] "POST /forms/lservlet;jsessionid=ac16012b30d73246728272a14518b416e3133013d3aa.e3iSbxaKaheRe38KbN0Rb34Mc3j0n6jAmljGr5XDqQLvpAe HTTP/1.1" 200 2
201.234.75.11 - - [19/Jan/2016:03:13:23 -0500] "GET /galeria/nivo-slider/demo/images/juanAmarillo7.jpg HTTP/1.1" 304 -
66.249.66.121 - - [19/Jan/2016:03:13:26 -0500] "GET /BLA/resoluciones/RESOLUCIONES%202014/2746.pdf HTTP/1.1" 200 186499
66.249.66.119 - - [19/Jan/2016:03:13:27 -0500] "GET /BLA/resoluciones/RESOLUCIONES%202014/1021.pdf HTTP/1.1" 200 574353
207.46.13.169 - - [19/Jan/2016:03:13:45 -0500] "GET /dama/libreria/php/frame_detalle.php?h_id=763 HTTP/1.1" 404 1019
66.249.66.119 - - [19/Jan/2016:03:14:23 -0500] "GET /BLA/resoluciones/RESOLUCIONES%202008/3045.pdf HTTP/1.1" 200 265988
66.249.66.117 - - [19/Jan/2016:03:14:29 -0500] "GET /BLA/resoluciones/AUTOS%202012/2957.pdf HTTP/1.1" 200 1861325
136.243.155.131 - - [19/Jan/2016:03:14:34 -0500] "GET /BLA/resoluciones/RESOLUCIONES%202002/RES%202002%20351-400/00000388.tif HTTP/1.1" 200 59806
136.243.153.233 - - [19/Jan/2016:03:14:44 -0500] "GET /BLA/resoluciones/RESOLUCIONES%202003/RES%202003%201601-1650/20031646.tif HTTP/1.1" 200 285342
207.46.13.173 - - [19/Jan/2016:03:14:51 -0500] "GET /robots.txt HTTP/1.1" 404 1018
40.77.167.37 - - [19/Jan/2016:03:14:56 -0500] "GET /BLA/boletinlegal/js/jquery.scrollShow.js HTTP/1.1" 200 4586
136.243.154.96 - - [19/Jan/2016:03:15:15 -0500] "GET /BLA/resoluciones/RESOLUCIONES%202006/RES%202006%20951-1000/00000990.tif HTTP/1.1" 200 212458
66.249.66.117 - - [19/Jan/2016:03:15:19 -0500] "GET /BLA/resoluciones/AUTOS%202010/6401.pdf HTTP/1.1" 200 160180
190.25.157.12 - - [19/Jan/2016:03:15:21 -0500] "POST /forms/lservlet;jsessionid=ac16012b30d73246728272a14518b416e3133013d3aa.e3iSbxaKaheRe38KbN0Rb34Mc3j0n6jAmljGr5XDqQLvpAe HTTP/1.1" 200 2
66.249.66.117 - - [19/Jan/2016:03:16:15 -0500] "GET /BLA/resoluciones/RESOLUCIONES%202009/2798.pdf HTTP/1.1" 200 604807
66.249.66.117 - - [19/Jan/2016:03:17:11 -0500] "GET /BLA/resoluciones/AUTOS%202007/1904.pdf HTTP/1.1" 200 48373
190.25.157.12 - - [19/Jan/2016:03:17:21 -0500] "POST /forms/lservlet;jsessionid=ac16012b30d73246728272a14518b416e3133013d3aa.e3iSbxaKaheRe38KbN0Rb34Mc3j0n6jAmljGr5XDqQLvpAe HTTP/1.1" 200 2
66.249.66.117 - - [19/Jan/2016:03:17:31 -0500] "GET /BLA/resoluciones/AUTOS%202011/2393.pdf HTTP/1.1" 200 137823
66.249.66.117 - - [19/Jan/2016:03:18:07 -0500] "GET /BLA/resoluciones/RESOLUCIONES%202008/0210.pdf HTTP/1.1" 200 405882
69.162.124.233 - - [19/Jan/2016:03:18:15 -0500] "HEAD / HTTP/1.1" 200 -
180.76.15.10 - - [19/Jan/2016:03:18:52 -0500] "GET / HTTP/1.1" 200 10190
66.249.66.119 - - [19/Jan/2016:03:19:03 -0500] "GET /BLA/resoluciones/RESOLUCIONES%202010/2439.pdf HTTP/1.1" 200 501615
180.76.15.135 - - [19/Jan/2016:03:19:07 -0500] "GET / HTTP/1.1" 200 10190
190.25.157.12 - - [19/Jan/2016:03:19:21 -0500] "POST /forms/lservlet;jsessionid=ac16012b30d73246728272a14518b416e3133013d3aa.e3iSbxaKaheRe38KbN0Rb34Mc3j0n6jAmljGr5XDqQLvpAe HTTP/1.1" 200 2
66.249.66.119 - - [19/Jan/2016:03:19:40 -0500] "GET /BLA/resoluciones/AUTOS%202013/2079.pdf HTTP/1.1" 200 1838085
136.243.152.9 - - [19/Jan/2016:03:19:56 -0500] "GET /BLA/resoluciones/AUTOS%202006/AUTOS%202006%201501%20-%201600/00001525.tif HTTP/1.1" 200 104296
201.234.75.11 - - [19/Jan/2016:03:19:56 -0500] "GET /galeria/galeria/fotos/Movilizacion12P.jpg HTTP/1.1" 304 -
66.249.66.117 - - [19/Jan/2016:03:19:59 -0500] "GET /BLA/resoluciones/AUTOS%202012/2755.pdf HTTP/1.1" 200 228395
66.249.66.117 - - [19/Jan/2016:03:20:05 -0500] "GET /BLA/resoluciones/RESOLUCIONES%202014/2370.pdf HTTP/1.1" 200 351445
66.249.66.117 - - [19/Jan/2016:03:20:14 -0500] "GET /BLA/resoluciones/RESOLUCIONES%202014/0762.pdf HTTP/1.1" 200 1051494
66.249.66.117 - - [19/Jan/2016:03:20:21 -0500] "GET /BLA/resoluciones/RESOLUCIONES%202014/1676.pdf HTTP/1.1" 200 324441
136.243.154.96 - - [19/Jan/2016:03:20:35 -0500] "GET /BLA/resoluciones/RESOLUCIONES%202006/RES%202006%20101-150/00000138.tif HTTP/1.1" 200 176100
52.91.12.124 - - [19/Jan/2016:03:20:39 -0500] "GET /robots.txt HTTP/1.0" 404 1114
52.91.12.124 - - [19/Jan/2016:03:20:39 -0500] "GET /BLA/boletinlegal/Circulares/2009/Circular No. 35 del 24 de Diciembre de 2009.pdf HTTP/1.0" 404 1114
52.91.12.124 - - [19/Jan/2016:03:20:44 -0500] "GET /BLA/boletinlegal/Directivas/2011/Directiva No. 11 del 27 de Diciembre de 2011.pdf HTTP/1.0" 404 1114
52.91.12.124 - - [19/Jan/2016:03:20:49 -0500] "GET /BLA/boletinlegal/Circulares/2014/Circular No. 3 del 14 de Noviembre de 2014.pdf HTTP/1.0" 404 1114
136.243.154.99 - - [19/Jan/2016:03:20:52 -0500] "GET /BLA/resoluciones/AUTOS%202006/AUTOS%202006%201501%20-%201600/00001569.tif HTTP/1.1" 200 141000
52.91.12.124 - - [19/Jan/2016:03:20:54 -0500] "GET /BLA/boletinlegal/Circulares/2012/Circular No. 12 del 28 de Agosto de 2012.pdf HTTP/1.0" 404 1114
66.249.66.117 - - [19/Jan/2016:03:20:55 -0500] "GET /BLA/resoluciones/AUTOS%202007/3857.pdf HTTP/1.1" 200 127732
52.91.12.124 - - [19/Jan/2016:03:21:11 -0500] "GET /BLA/boletinlegal/Directivas/2011/Directiva No. 5 del 29 de Agosto de 2011.pdf HTTP/1.0" 404 1114
190.25.157.12 - - [19/Jan/2016:03:21:21 -0500] "POST /forms/lservlet;jsessionid=ac16012b30d73246728272a14518b416e3133013d3aa.e3iSbxaKaheRe38KbN0Rb34Mc3j0n6jAmljGr5XDqQLvpAe HTTP/1.1" 200 2
66.249.66.117 - - [19/Jan/2016:03:21:24 -0500] "GET /BLA/resoluciones/RESOLUCIONES%202014/2556.pdf HTTP/1.1" 200 311321
52.91.12.124 - - [19/Jan/2016:03:21:30 -0500] "GET /BLA/boletinlegal/Directivas/2013/Directiva No. 3 del 16 de julio de 2013.pdf HTTP/1.0" 404 1114
66.249.66.117 - - [19/Jan/2016:03:21:38 -0500] "GET /BLA/resoluciones/AUTOS%202013/2851.pdf HTTP/1.1" 200 2263434
66.249.66.117 - - [19/Jan/2016:03:21:51 -0500] "GET /BLA/resoluciones/RESOLUCIONES%202008/0348.pdf HTTP/1.1" 200 245925
136.243.151.159 - - [19/Jan/2016:03:22:12 -0500] "GET /BLA/resoluciones/RESOLUCIONES%202006/RES%202006%202651-2700/00002655.tif HTTP/1.1" 200 53688
201.234.75.11 - - [19/Jan/2016:03:22:18 -0500] "GET /galeria/nivo-slider/demo/images/mmarchaxelclima1.jpg HTTP/1.1" 304 -
136.243.150.137 - - [19/Jan/2016:03:22:20 -0500] "GET /BLA/resoluciones/RESOLUCIONES%202002/RES%202002%201951-1971/20021967.tif HTTP/1.1" 200 70110
66.249.66.119 - - [19/Jan/2016:03:22:31 -0500] "GET /BLA/resoluciones/RESOLUCIONES%202010/6128.pdf HTTP/1.1" 200 5905072
66.249.66.117 - - [19/Jan/2016:03:22:47 -0500] "GET /BLA/resoluciones/RESOLUCIONES%202009/2591.pdf HTTP/1.1" 200 705451
52.91.12.124 - - [19/Jan/2016:03:22:50 -0500] "GET /BLA/boletinlegal/Circulares/2011/Circular No. 3 del 23 de Junio de 2011.pdf HTTP/1.0" 404 1114
66.249.66.184 - - [19/Jan/2016:03:23:02 -0500] "GET /robots.txt HTTP/1.1" 301 334
52.91.12.124 - - [19/Jan/2016:03:23:13 -0500] "GET /BLA/boletinlegal/Circulares/2014/Circular No. 1 del 08 de Mayo de 2014.pdf HTTP/1.0" 404 1114
69.162.124.233 - - [19/Jan/2016:03:23:15 -0500] "HEAD / HTTP/1.1" 200 -
190.25.157.12 - - [19/Jan/2016:03:23:21 -0500] "POST /forms/lservlet;jsessionid=ac16012b30d73246728272a14518b416e3133013d3aa.e3iSbxaKaheRe38KbN0Rb34Mc3j0n6jAmljGr5XDqQLvpAe HTTP/1.1" 200 2
190.242.75.198 - - [19/Jan/2016:03:23:35 -0500] "GET /BLA/boletinlegal/js/jquery.scrollShow.js HTTP/1.1" 200 4586
66.249.66.121 - - [19/Jan/2016:03:23:35 -0500] "GET /BLA/resoluciones/AUTOS%202013/1294.pdf HTTP/1.1" 200 2723037
190.242.75.198 - - [19/Jan/2016:03:23:36 -0500] "GET /galeria/galeria/jquery.fancybox.css?v=2.1.5 HTTP/1.1" 200 4895
190.242.75.198 - - [19/Jan/2016:03:23:36 -0500] "GET /galeria/galeria/jquery.fancybox.js?v=2.1.5 HTTP/1.1" 200 48706
66.249.66.117 - - [19/Jan/2016:03:23:43 -0500] "GET /BLA/resoluciones/RESOLUCIONES%202009/9578.pdf HTTP/1.1" 200 288469
52.91.12.124 - - [19/Jan/2016:03:23:49 -0500] "GET /BLA/boletinlegal/actas/acta de acuerdo 01 adop regla inter CISPAER.pdf HTTP/1.0" 404 1114
136.243.150.148 - - [19/Jan/2016:03:23:50 -0500] "GET /BLA/resoluciones/RESOLUCIONES%202002/RES%202002%20851-900/00000897.tif HTTP/1.1" 200 128438
190.242.75.198 - - [19/Jan/2016:03:24:03 -0500] "GET /BLA/boletinlegal/js/jquery.scrollShow.js HTTP/1.1" 304 -
190.242.75.198 - - [19/Jan/2016:03:24:10 -0500] "GET /galeria/galeria/jquery.fancybox.js?v=2.1.5 HTTP/1.1" 304 -
190.242.75.198 - - [19/Jan/2016:03:24:10 -0500] "GET /galeria/galeria/jquery.fancybox.css?v=2.1.5 HTTP/1.1" 304 -
66.249.66.119 - - [19/Jan/2016:03:24:39 -0500] "GET /BLA/resoluciones/AUTOS%202012/0531.pdf HTTP/1.1" 200 239302
52.91.12.124 - - [19/Jan/2016:03:24:40 -0500] "GET /BLA/boletinlegal/Circulares/2012/Circular No. 9 del 21 de Agosto de 2012.pdf HTTP/1.0" 404 1114
66.249.66.119 - - [19/Jan/2016:03:25:04 -0500] "GET /BLA/resoluciones/Autos%202008/1832.pdf HTTP/1.1" 200 239049
72.167.183.50 - - [19/Jan/2016:03:25:07 -0500] "POST /wp-login.php HTTP/1.1" 301 332
190.25.157.12 - - [19/Jan/2016:03:25:21 -0500] "POST /forms/lservlet;jsessionid=ac16012b30d73246728272a14518b416e3133013d3aa.e3iSbxaKaheRe38KbN0Rb34Mc3j0n6jAmljGr5XDqQLvpAe HTTP/1.1" 200 2
66.249.66.121 - - [19/Jan/2016:03:25:35 -0500] "GET /BLA/resoluciones/AUTOS%202012/2613.pdf HTTP/1.1" 200 223164
136.243.154.164 - - [19/Jan/2016:03:25:53 -0500] "GET /BLA/resoluciones/RESOLUCIONES%202002/RES%202002%2001-50/2002RES9.tif HTTP/1.1" 200 113464
66.249.66.117 - - [19/Jan/2016:03:25:53 -0500] "GET /BLA/resoluciones/RESOLUCIONES%202014/1462.pdf HTTP/1.1" 200 812972
66.249.66.117 - - [19/Jan/2016:03:26:11 -0500] "GET /BLA/resoluciones/AUTOS%202013/0190.pdf HTTP/1.1" 200 3325531
136.243.147.200 - - [19/Jan/2016:03:26:30 -0500] "GET /BLA/resoluciones/RESOLUCIONES%202004/RES%202004%201801-1850/00001809.tif HTTP/1.1" 200 450690
66.249.66.119 - - [19/Jan/2016:03:26:31 -0500] "GET /BLA/resoluciones/AUTOS%202012/2741.pdf HTTP/1.1" 200 233534
190.25.157.12 - - [19/Jan/2016:03:27:21 -0500] "POST /forms/lservlet;jsessionid=ac16012b30d73246728272a14518b416e3133013d3aa.e3iSbxaKaheRe38KbN0Rb34Mc3j0n6jAmljGr5XDqQLvpAe HTTP/1.1" 200 2
136.243.155.176 - - [19/Jan/2016:03:27:21 -0500] "GET /BLA/resoluciones/index.php?dir=RESOLUCIONES%202003/RES%202003%20051-100/&sort=size&order=asc HTTP/1.1" 200 11998
66.249.66.119 - - [19/Jan/2016:03:27:27 -0500] "GET /BLA/resoluciones/RESOLUCIONES%202014/3274.pdf HTTP/1.1" 200 646499
66.249.66.117 - - [19/Jan/2016:03:27:34 -0500] "GET /BLA/resoluciones/AUTOS%202013/1944.pdf HTTP/1.1" 200 1960047
136.243.151.93 - - [19/Jan/2016:03:27:48 -0500] "GET /BLA/resoluciones/index.php?dir=RESOLUCIONES%202002/RES%202002%20551-600/&sort=name&order=desc HTTP/1.1" 200 12227
52.91.12.124 - - [19/Jan/2016:03:28:11 -0500] "GET /BLA/boletinlegal/Circulares/2012/Circular No. 2 del 14 de Marzo de 2012.pdf HTTP/1.0" 404 1114
69.162.124.233 - - [19/Jan/2016:03:28:15 -0500] "HEAD / HTTP/1.1" 200 -
66.249.66.121 - - [19/Jan/2016:03:28:22 -0500] "GET /BLA/resoluciones/AUTOS%202012/2267.pdf HTTP/1.1" 200 199716
136.243.151.93 - - [19/Jan/2016:03:28:44 -0500] "GET /BLA/resoluciones/RESOLUCIONES%202003/RES%202003%20551-600/596.tif HTTP/1.1" 200 120056
66.249.66.121 - - [19/Jan/2016:03:29:10 -0500] "GET /BLA/resoluciones/AUTOS%202013/2428.pdf HTTP/1.1" 200 1776930
201.234.75.11 - - [19/Jan/2016:03:29:13 -0500] "GET /galeria/nivo-slider/demo/images/ABC-Plan-de-contigencia.jpg HTTP/1.1" 304 -
66.249.66.117 - - [19/Jan/2016:03:29:18 -0500] "GET /BLA/resoluciones/AUTOS%202013/0709.pdf HTTP/1.1" 200 823018
190.25.157.12 - - [19/Jan/2016:03:29:21 -0500] "POST /forms/lservlet;jsessionid=ac16012b30d73246728272a14518b416e3133013d3aa.e3iSbxaKaheRe38KbN0Rb34Mc3j0n6jAmljGr5XDqQLvpAe HTTP/1.1" 200 2
201.234.75.11 - - [19/Jan/2016:03:29:37 -0500] "GET /galeria/nivo-slider/demo/images/pev7deagosto2.jpg HTTP/1.1" 304 -
66.249.66.117 - - [19/Jan/2016:03:30:14 -0500] "GET /BLA/resoluciones/AUTOS%202008/3153.pdf HTTP/1.1" 200 105520
66.249.66.119 - - [19/Jan/2016:03:30:36 -0500] "GET /BLA/resoluciones/RESOLUCIONES%202007/RES%202007%203201%20AL%203300/RESOLUCION%203228%20DE%202007.pdf HTTP/1.1" 200 853973
52.91.12.124 - - [19/Jan/2016:03:30:46 -0500] "GET /BLA/boletinlegal/Directivas/2015/Directiva No. 01 del 14 de Enero de 2015.pdf HTTP/1.0" 404 1114
136.243.152.9 - - [19/Jan/2016:03:30:49 -0500] "GET /BLA/resoluciones/RESOLUCIONES%202002/RES%202002%20551-600/00000582.tif HTTP/1.1" 200 104870
66.249.66.117 - - [19/Jan/2016:03:31:10 -0500] "GET /BLA/resoluciones/RESOLUCIONES%202007/RES%202007%202201%20AL%202300/RESOLUCION%202292%20DE%202007.pdf HTTP/1.1" 200 888165
66.249.66.121 - - [19/Jan/2016:03:31:12 -0500] "GET /BLA/resoluciones/AUTOS%202013/2386.pdf HTTP/1.1" 200 1764932
66.249.66.117 - - [19/Jan/2016:03:31:14 -0500] "GET /BLA/resoluciones/RESOLUCIONES%202014/2454.pdf HTTP/1.1" 200 279758
190.25.157.12 - - [19/Jan/2016:03:31:21 -0500] "POST /forms/lservlet;jsessionid=ac16012b30d73246728272a14518b416e3133013d3aa.e3iSbxaKaheRe38KbN0Rb34Mc3j0n6jAmljGr5XDqQLvpAe HTTP/1.1" 200 2
52.91.12.124 - - [19/Jan/2016:03:31:22 -0500] "GET /BLA/boletinlegal/Circulares/2012/Circular No. 10 del 22 de Agosto de 2012.pdf HTTP/1.0" 404 1114
52.91.12.124 - - [19/Jan/2016:03:31:34 -0500] "GET /BLA/boletinlegal/Circulares/2010/Circular 04 de 21 de abril de 2010.pdf HTTP/1.0" 404 1114
52.91.12.124 - - [19/Jan/2016:03:31:57 -0500] "GET /BLA/boletinlegal/Circulares/2013/Circular No. 3 del 05 de abril de 2013.pdf HTTP/1.0" 404 1114
66.249.66.119 - - [19/Jan/2016:03:32:06 -0500] "GET /BLA/resoluciones/RESOLUCIONES%202014/0704.pdf HTTP/1.1" 200 216566
66.249.66.119 - - [19/Jan/2016:03:33:02 -0500] "GET /BLA/resoluciones/AUTOS%202012/3085.pdf HTTP/1.1" 200 220913
52.91.12.124 - - [19/Jan/2016:03:33:08 -0500] "GET /BLA/boletinlegal/Circulares/2011/Circular No. 2 del 26 de Mayo de 2011.pdf HTTP/1.0" 404 1114
69.162.124.233 - - [19/Jan/2016:03:33:15 -0500] "HEAD / HTTP/1.1" 200 -
190.25.157.12 - - [19/Jan/2016:03:33:21 -0500] "POST /forms/lservlet;jsessionid=ac16012b30d73246728272a14518b416e3133013d3aa.e3iSbxaKaheRe38KbN0Rb34Mc3j0n6jAmljGr5XDqQLvpAe HTTP/1.1" 200 2
157.55.39.150 - - [19/Jan/2016:03:33:46 -0500] "GET /BLA/resoluciones/RESOLUCIONES%202012/?C=S;O=A HTTP/1.1" 200 165810
66.249.66.117 - - [19/Jan/2016:03:33:58 -0500] "GET /BLA/resoluciones/AUTOS%202012/2615.pdf HTTP/1.1" 200 260732
136.243.151.100 - - [19/Jan/2016:03:34:26 -0500] "GET /BLA/resoluciones/index.php?dir=AUTOS%202006/AUTOS%202006%202301%20-%202400/&sort=date&order=desc HTTP/1.1" 200 22196
157.55.39.150 - - [19/Jan/2016:03:33:48 -0500] "GET /BLA/boletinlegal/ HTTP/1.1" 200 51284
66.249.66.121 - - [19/Jan/2016:03:34:54 -0500] "GET /BLA/resoluciones/AUTOS%202012/2956.pdf HTTP/1.1" 200 198608
52.91.12.124 - - [19/Jan/2016:03:35:11 -0500] "GET /BLA/boletinlegal/Directivas/2013/Directiva No. 2 del 04 de Abril de 2013.pdf HTTP/1.0" 404 1114
52.91.12.124 - - [19/Jan/2016:03:35:21 -0500] "GET /BLA/boletinlegal/Directivas/2012/Directiva No. 1 del 30 de octubre de 2012.pdf HTTP/1.0" 404 1114
190.25.157.12 - - [19/Jan/2016:03:35:21 -0500] "POST /forms/lservlet;jsessionid=ac16012b30d73246728272a14518b416e3133013d3aa.e3iSbxaKaheRe38KbN0Rb34Mc3j0n6jAmljGr5XDqQLvpAe HTTP/1.1" 200 2
136.243.150.149 - - [19/Jan/2016:03:35:44 -0500] "GET /BLA/resoluciones/RESOLUCIONES%202003/RES%202003%201051-1100/1060.tif HTTP/1.1" 200 139972
52.91.12.124 - - [19/Jan/2016:03:35:45 -0500] "GET /BLA/boletinlegal/Circulares/2011/Circular No. 1 del 23 de Febrero de 2011.pdf HTTP/1.0" 404 1114
66.249.66.117 - - [19/Jan/2016:03:35:50 -0500] "GET /BLA/resoluciones/AUTOS%202012/2849.pdf HTTP/1.1" 200 223274
136.243.151.220 - - [19/Jan/2016:03:36:37 -0500] "GET /BLA/resoluciones/RESOLUCIONES%202004/RES%202004%20301-350/00000343.tif HTTP/1.1" 200 137494
66.249.66.121 - - [19/Jan/2016:03:36:46 -0500] "GET /BLA/resoluciones/RESOLUCIONES%202009/5388.pdf HTTP/1.1" 200 385010
157.55.39.23 - - [19/Jan/2016:03:36:54 -0500] "GET /dama/libreria/pdf/SAS/DX%20salud.pdf HTTP/1.1" 404 1015
190.25.157.12 - - [19/Jan/2016:03:37:21 -0500] "POST /forms/lservlet;jsessionid=ac16012b30d73246728272a14518b416e3133013d3aa.e3iSbxaKaheRe38KbN0Rb34Mc3j0n6jAmljGr5XDqQLvpAe HTTP/1.1" 200 2
136.243.151.215 - - [19/Jan/2016:03:37:37 -0500] "GET /BLA/resoluciones/RESOLUCIONES%202006/RES%202006%201651-1700/00001684.tif HTTP/1.1" 200 215816
66.249.66.121 - - [19/Jan/2016:03:37:42 -0500] "GET /BLA/resoluciones/RESOLUCIONES%202014/0393.pdf HTTP/1.1" 200 515733
136.243.154.23 - - [19/Jan/2016:03:37:50 -0500] "GET /BLA/resoluciones/index.php?dir=RESOLUCIONES+2002%2FRES+2002+551-600%2F HTTP/1.1" 200 12228
69.162.124.233 - - [19/Jan/2016:03:38:15 -0500] "HEAD / HTTP/1.1" 200 -
201.234.75.11 - - [19/Jan/2016:03:38:29 -0500] "GET /galeria/nivo-slider/demo/images/expertos-delicias2.jpg HTTP/1.1" 304 -
66.249.66.121 - - [19/Jan/2016:03:38:37 -0500] "GET /BLA/resoluciones/RESOLUCIONES%202009/3938.pdf HTTP/1.1" 200 783472
66.249.66.119 - - [19/Jan/2016:03:38:38 -0500] "GET /BLA/resoluciones/AUTOS%202012/1471.pdf HTTP/1.1" 200 574655
201.234.75.11 - - [19/Jan/2016:03:38:50 -0500] "GET /galeria/nivo-slider/demo/images/banner-llantas2015.jpg HTTP/1.1" 304 -
190.25.157.12 - - [19/Jan/2016:03:39:22 -0500] "POST /forms/lservlet;jsessionid=ac16012b30d73246728272a14518b416e3133013d3aa.e3iSbxaKaheRe38KbN0Rb34Mc3j0n6jAmljGr5XDqQLvpAe HTTP/1.1" 200 2
66.249.66.121 - - [19/Jan/2016:03:39:34 -0500] "GET /BLA/resoluciones/AUTOS%202008/3058.pdf HTTP/1.1" 200 82499
201.234.75.11 - - [19/Jan/2016:03:39:51 -0500] "GET /videos/SpotJardines4.flv HTTP/1.1" 304 -
201.234.75.11 - - [19/Jan/2016:03:39:59 -0500] "GET /galeria/nivo-slider/demo/images/Dia-del-agua2.jpg HTTP/1.1" 304 -
136.243.152.28 - - [19/Jan/2016:03:40:07 -0500] "GET /SIG/index.php?dir=Control+Disciplinario%2F HTTP/1.1" 200 2704
66.249.66.121 - - [19/Jan/2016:03:40:30 -0500] "GET /BLA/resoluciones/AUTOS%202010/6918.pdf HTTP/1.1" 200 162547
157.55.39.150 - - [19/Jan/2016:03:40:48 -0500] "GET /BLA/resoluciones/AUTOS%202007/?C=M;O=A HTTP/1.1" 200 665480
157.55.39.149 - - [19/Jan/2016:03:40:52 -0500] "GET /galeria/nivo-slider/demo/demo.html HTTP/1.1" 200 3703
157.55.39.149 - - [19/Jan/2016:03:40:53 -0500] "GET /BLA/resoluciones/AUTOS%202009/?C=S;O=D HTTP/1.1" 200 511202
157.55.39.149 - - [19/Jan/2016:03:40:57 -0500] "GET /BLA/resoluciones/AUTOS%202011/?C=S;O=A HTTP/1.1" 200 726211
157.55.39.149 - - [19/Jan/2016:03:41:01 -0500] "GET /BLA/resoluciones/RESOLUCIONES%202007/RES%202007%203401%20AL%203500/?C=M;O=A HTTP/1.1" 200 24547
157.55.39.149 - - [19/Jan/2016:03:41:01 -0500] "GET /BLA/resoluciones/index.php?dir=RESOLUCIONES+2013%2F HTTP/1.1" 200 224655
190.25.157.12 - - [19/Jan/2016:03:41:22 -0500] "POST /forms/lservlet;jsessionid=ac16012b30d73246728272a14518b416e3133013d3aa.e3iSbxaKaheRe38KbN0Rb34Mc3j0n6jAmljGr5XDqQLvpAe HTTP/1.1" 200 2
66.249.66.117 - - [19/Jan/2016:03:41:26 -0500] "GET /BLA/resoluciones/RESOLUCIONES%202009/0304.pdf HTTP/1.1" 200 267164
66.249.66.119 - - [19/Jan/2016:03:42:22 -0500] "GET /BLA/resoluciones/RESOLUCIONES%202009/7995.pdf HTTP/1.1" 200 120124
69.162.124.233 - - [19/Jan/2016:03:43:15 -0500] "HEAD / HTTP/1.1" 200 -
136.243.154.169 - - [19/Jan/2016:03:43:17 -0500] "GET /BLA/resoluciones/RESOLUCIONES%202004/RES%202004%201651-1700/00001655.tif HTTP/1.1" 200 301524
66.249.66.117 - - [19/Jan/2016:03:43:18 -0500] "GET /BLA/resoluciones/RESOLUCIONES%202007/RES%202007%204101%20AL%204200/RESOLUCION%204173%20DE%202007.pdf HTTP/1.1" 200 86595
190.25.157.12 - - [19/Jan/2016:03:43:22 -0500] "POST /forms/lservlet;jsessionid=ac16012b30d73246728272a14518b416e3133013d3aa.e3iSbxaKaheRe38KbN0Rb34Mc3j0n6jAmljGr5XDqQLvpAe HTTP/1.1" 200 2
66.249.66.117 - - [19/Jan/2016:03:44:14 -0500] "GET /BLA/resoluciones/RESOLUCIONES%202007/RES%202007%201%20AL%20100/RESOLUCION%200100%20DE%202007.pdf HTTP/1.1" 200 299754
66.249.66.121 - - [19/Jan/2016:03:45:10 -0500] "GET /BLA/resoluciones/RESOLUCIONES%202008/3383.pdf HTTP/1.1" 200 355947
190.25.157.12 - - [19/Jan/2016:03:45:22 -0500] "POST /forms/lservlet;jsessionid=ac16012b30d73246728272a14518b416e3133013d3aa.e3iSbxaKaheRe38KbN0Rb34Mc3j0n6jAmljGr5XDqQLvpAe HTTP/1.1" 200 2
201.234.75.11 - - [19/Jan/2016:03:46:02 -0500] "GET /galeria/nivo-slider/demo/images/juanAmarillo1.jpg HTTP/1.1" 304 -
66.249.66.117 - - [19/Jan/2016:03:46:06 -0500] "GET /BLA/resoluciones/RESOLUCIONES%202008/0121.pdf HTTP/1.1" 200 302997
66.249.66.119 - - [19/Jan/2016:03:46:36 -0500] "GET /BLA/resoluciones/AUTOS%202014/0835.pdf HTTP/1.1" 200 284943
190.158.62.152 - - [19/Jan/2016:03:46:44 -0500] "GET /BLA/resoluciones/RESOLUCIONES%202010/4484.pdf HTTP/1.1" 200 785043
190.158.62.152 - - [19/Jan/2016:03:46:44 -0500] "GET /favicon.ico HTTP/1.1" 200 7782
190.158.62.152 - - [19/Jan/2016:03:46:45 -0500] "GET /BLA/resoluciones/RESOLUCIONES%202010/4484.pdf HTTP/1.1" 206 32768
190.158.62.152 - - [19/Jan/2016:03:46:45 -0500] "GET /BLA/resoluciones/RESOLUCIONES%202010/4484.pdf HTTP/1.1" 206 752275
136.243.151.93 - - [19/Jan/2016:03:46:57 -0500] "GET /BLA/resoluciones/RESOLUCIONES%202004/RES%202004%201351-1400/00001398.tif HTTP/1.1" 200 136010
66.249.66.117 - - [19/Jan/2016:03:47:02 -0500] "GET /BLA/resoluciones/RESOLUCIONES%202008/0715.pdf HTTP/1.1" 200 443118
190.25.157.12 - - [19/Jan/2016:03:47:22 -0500] "POST /forms/lservlet;jsessionid=ac16012b30d73246728272a14518b416e3133013d3aa.e3iSbxaKaheRe38KbN0Rb34Mc3j0n6jAmljGr5XDqQLvpAe HTTP/1.1" 200 2
66.249.66.117 - - [19/Jan/2016:03:47:58 -0500] "GET /BLA/resoluciones/RESOLUCIONES%202008/0019.pdf HTTP/1.1" 200 233917
136.243.149.234 - - [19/Jan/2016:03:47:59 -0500] "GET /BLA/resoluciones/AUTOS%202006/AUTOS%202006%201901%20-%202000/00001985.tif HTTP/1.1" 200 58034
69.162.124.233 - - [19/Jan/2016:03:48:15 -0500] "HEAD / HTTP/1.1" 200 -
66.249.66.117 - - [19/Jan/2016:03:48:54 -0500] "GET /BLA/resoluciones/AUTOS%202008/0007.pdf HTTP/1.1" 200 84145
136.243.151.173 - - [19/Jan/2016:03:48:56 -0500] "GET /BLA/resoluciones/index.php?dir=AUTOS%202006/AUTOS%202006%20901-1000/&sort=date&order=desc HTTP/1.1" 200 21876
157.55.39.149 - - [19/Jan/2016:03:49:12 -0500] "GET /BLA/resoluciones/index.php?dir=RESOLUCIONES%202011/&sort=size&order=desc HTTP/1.1" 200 683502
190.25.157.12 - - [19/Jan/2016:03:49:22 -0500] "POST /forms/lservlet;jsessionid=ac16012b30d73246728272a14518b416e3133013d3aa.e3iSbxaKaheRe38KbN0Rb34Mc3j0n6jAmljGr5XDqQLvpAe HTTP/1.1" 200 2
66.249.66.121 - - [19/Jan/2016:03:49:49 -0500] "GET /BLA/resoluciones/AUTOS%202011/7747.pdf HTTP/1.1" 200 237338
66.249.66.117 - - [19/Jan/2016:03:50:45 -0500] "GET /BLA/resoluciones/AUTOS%202008/2012.pdf HTTP/1.1" 200 82718
157.55.39.155 - - [19/Jan/2016:03:51:03 -0500] "GET /BLA/resoluciones/AUTOS%202014/1963.pdf HTTP/1.1" 200 171970
190.25.157.12 - - [19/Jan/2016:03:51:22 -0500] "POST /forms/lservlet;jsessionid=ac16012b30d73246728272a14518b416e3133013d3aa.e3iSbxaKaheRe38KbN0Rb34Mc3j0n6jAmljGr5XDqQLvpAe HTTP/1.1" 200 2
136.243.151.71 - - [19/Jan/2016:03:51:26 -0500] "GET /BLA/resoluciones/RESOLUCIONES%202006/RES%202006%20801-850/00000848.tif HTTP/1.1" 200 288010
66.249.66.117 - - [19/Jan/2016:03:51:41 -0500] "GET /BLA/resoluciones/AUTOS%202008/0605.pdf HTTP/1.1" 200 265335
66.249.66.117 - - [19/Jan/2016:03:52:37 -0500] "GET /BLA/resoluciones/RESOLUCIONES%202011/1809.pdf HTTP/1.1" 200 514254
136.243.151.80 - - [19/Jan/2016:03:53:11 -0500] "GET /BLA/resoluciones/AUTOS%202006/AUTOS%202006%20101-200/00000141.tif HTTP/1.1" 200 39736
69.162.124.233 - - [19/Jan/2016:03:53:15 -0500] "HEAD / HTTP/1.1" 200 -
136.243.151.236 - - [19/Jan/2016:03:53:16 -0500] "GET /BLA/resoluciones/RESOLUCIONES%202005/RES%202005%202151-2200/00002178.tif HTTP/1.1" 200 225488
190.25.157.12 - - [19/Jan/2016:03:53:22 -0500] "POST /forms/lservlet;jsessionid=ac16012b30d73246728272a14518b416e3133013d3aa.e3iSbxaKaheRe38KbN0Rb34Mc3j0n6jAmljGr5XDqQLvpAe HTTP/1.1" 200 2
136.243.155.93 - - [19/Jan/2016:03:53:24 -0500] "GET /BLA/resoluciones/RESOLUCIONES%202005/RES%202005%201201-1250/00001244.tif HTTP/1.1" 200 223584
66.249.66.117 - - [19/Jan/2016:03:53:33 -0500] "GET /BLA/resoluciones/AUTOS%202007/1250.pdf HTTP/1.1" 200 92726
66.249.66.121 - - [19/Jan/2016:03:54:29 -0500] "GET /BLA/resoluciones/AUTOS%202012/0655.pdf HTTP/1.1" 200 326089
66.249.66.50 - - [19/Jan/2016:03:54:38 -0500] "GET /SIG/ECS/126PM04-PR34.pdf HTTP/1.1" 200 1987791
136.243.144.205 - - [19/Jan/2016:03:54:55 -0500] "GET /BLA/resoluciones/RESOLUCIONES%202005/RES%202005%20951-1000/00001000.tif HTTP/1.1" 200 264908
136.243.151.80 - - [19/Jan/2016:03:55:01 -0500] "GET /BLA/resoluciones/RESOLUCIONES%202006/RES%202006%20251-300/00000288.tif HTTP/1.1" 200 35074
190.25.157.12 - - [19/Jan/2016:03:55:22 -0500] "POST /forms/lservlet;jsessionid=ac16012b30d73246728272a14518b416e3133013d3aa.e3iSbxaKaheRe38KbN0Rb34Mc3j0n6jAmljGr5XDqQLvpAe HTTP/1.1" 200 2
66.249.66.119 - - [19/Jan/2016:03:55:25 -0500] "GET /BLA/resoluciones/RESOLUCIONES%202010/4440.pdf HTTP/1.1" 200 523625
46.4.32.75 - - [19/Jan/2016:03:55:54 -0500] "GET /robots.txt HTTP/1.0" 301 334
46.4.32.75 - - [19/Jan/2016:03:55:57 -0500] "GET /noticias/06fd97d1a9c3b7cd4972cbc549bfbc92d2hmRCRD.html HTTP/1.0" 301 378
191.102.114.55 - - [19/Jan/2016:03:55:59 -0500] "GET /BLA/boletinlegal/js/jquery.scrollShow.js HTTP/1.1" 200 4586
191.102.114.55 - - [19/Jan/2016:03:56:01 -0500] "GET /galeria/galeria/jquery.fancybox.js?v=2.1.5 HTTP/1.1" 200 48706
191.102.114.55 - - [19/Jan/2016:03:56:01 -0500] "GET /galeria/galeria/jquery.fancybox.css?v=2.1.5 HTTP/1.1" 200 4895
46.4.32.75 - - [19/Jan/2016:03:56:03 -0500] "GET /noticias/feed/ HTTP/1.0" 301 338
46.4.32.75 - - [19/Jan/2016:03:56:08 -0500] "GET /para-saber/ HTTP/1.0" 301 335
136.243.154.34 - - [19/Jan/2016:03:56:12 -0500] "GET /BLA/resoluciones/RESOLUCIONES%202006/RES%202006%201501-1550/00001501.tif HTTP/1.1" 200 163694
66.249.66.119 - - [19/Jan/2016:03:56:21 -0500] "GET /BLA/resoluciones/AUTOS%202012/2948.pdf HTTP/1.1" 200 190328
136.243.154.37 - - [19/Jan/2016:03:56:28 -0500] "GET /BLA/resoluciones/RESOLUCIONES%202006/RES%202006%201851-1900/00001870.tif HTTP/1.1" 200 12400
136.243.151.234 - - [19/Jan/2016:03:57:16 -0500] "GET /BLA/resoluciones/RESOLUCIONES%202006/RES%202006%201451-1500/00001456.tif HTTP/1.1" 200 178232
66.249.66.117 - - [19/Jan/2016:03:57:17 -0500] "GET /BLA/resoluciones/RESOLUCIONES%202009/5175.pdf HTTP/1.1" 200 630058
190.25.157.12 - - [19/Jan/2016:03:57:22 -0500] "POST /forms/lservlet;jsessionid=ac16012b30d73246728272a14518b416e3133013d3aa.e3iSbxaKaheRe38KbN0Rb34Mc3j0n6jAmljGr5XDqQLvpAe HTTP/1.1" 200 2
136.243.151.233 - - [19/Jan/2016:03:59:08 -0500] "GET /BLA/resoluciones/RESOLUCIONES%202002/RES%202002%201451-1500/20021466.tif HTTP/1.1" 200 96956
66.249.66.117 - - [19/Jan/2016:03:59:09 -0500] "GET /BLA/resoluciones/RESOLUCIONES%202011/7759.pdf HTTP/1.1" 200 220626
136.243.155.111 - - [19/Jan/2016:03:59:16 -0500] "GET /BLA/resoluciones/AUTOS%202006/AUTOS%202006%20401-500/00000415.tif HTTP/1.1" 200 217506
190.25.157.12 - - [19/Jan/2016:03:59:22 -0500] "POST /forms/lservlet;jsessionid=ac16012b30d73246728272a14518b416e3133013d3aa.e3iSbxaKaheRe38KbN0Rb34Mc3j0n6jAmljGr5XDqQLvpAe HTTP/1.1" 200 2
136.243.151.238 - - [19/Jan/2016:03:59:43 -0500] "GET /BLA/resoluciones/RESOLUCIONES%202004/RES%202004%20451-500/00000464.tif HTTP/1.1" 200 55908
136.243.155.141 - - [19/Jan/2016:03:59:45 -0500] "GET /BLA/resoluciones/index.php?dir=RESOLUCIONES%202006/RES%202006%201001-1050/&sort=name&order=desc HTTP/1.1" 200 12340
66.249.66.121 - - [19/Jan/2016:04:00:05 -0500] "GET /BLA/resoluciones/AUTOS%202011/1544.pdf HTTP/1.1" 200 154349
136.243.151.232 - - [19/Jan/2016:04:00:08 -0500] "GET /BLA/resoluciones/AUTOS%202006/AUTOS%202006%20701-800/00000783.tif HTTP/1.1" 200 133574
66.249.66.50 - - [19/Jan/2016:04:00:55 -0500] "GET /videos/SpotJardines4.flv HTTP/1.1" 200 5220687
136.243.151.194 - - [19/Jan/2016:04:00:55 -0500] "GET /BLA/resoluciones/RESOLUCIONES%202006/RES%202006%202501-2550/00002545.tif HTTP/1.1" 200 229224
66.249.66.119 - - [19/Jan/2016:04:01:02 -0500] "GET /BLA/resoluciones/RESOLUCIONES%202008/1122.pdf HTTP/1.1" 200 48317
190.25.157.12 - - [19/Jan/2016:04:01:22 -0500] "POST /forms/lservlet;jsessionid=ac16012b30d73246728272a14518b416e3133013d3aa.e3iSbxaKaheRe38KbN0Rb34Mc3j0n6jAmljGr5XDqQLvpAe HTTP/1.1" 200 2
66.249.66.50 - - [19/Jan/2016:04:01:57 -0500] "GET /portalsiaccapacitaciones/Soportes%20Capacitaciones%202014/0108.%20Presentaci%C3%B3n%20PEV%2014-10-14.pdf HTTP/1.1" 404 1019
208.113.153.225 - - [19/Jan/2016:04:02:17 -0500] "POST /wp-login.php HTTP/1.1" 301 332
66.249.66.50 - - [19/Jan/2016:04:02:40 -0500] "GET /SIG/ECS/126PM04-PR56.pdf HTTP/1.1" 200 3757388
66.249.66.117 - - [19/Jan/2016:04:02:53 -0500] "GET /BLA/resoluciones/RESOLUCIONES%202007/RES%202007%201%20AL%20100/RESOLUCION%200063%20DE%202007.pdf HTTP/1.1" 200 114373
190.25.157.12 - - [19/Jan/2016:04:03:22 -0500] "POST /forms/lservlet;jsessionid=ac16012b30d73246728272a14518b416e3133013d3aa.e3iSbxaKaheRe38KbN0Rb34Mc3j0n6jAmljGr5XDqQLvpAe HTTP/1.1" 200 2
136.243.154.72 - - [19/Jan/2016:04:03:22 -0500] "GET /BLA/resoluciones/RESOLUCIONES%202002/RES%202002%201201-1250/20021211.tif HTTP/1.1" 200 118320
136.243.147.215 - - [19/Jan/2016:04:03:26 -0500] "GET /BLA/resoluciones/RESOLUCIONES%202005/RES%202005%201951-2000/00001970.tif HTTP/1.1" 200 162548
66.249.66.119 - - [19/Jan/2016:04:03:49 -0500] "GET /BLA/resoluciones/RESOLUCIONES%202007/RES%202007%203001%20AL%203100/RESOLUCION%203028%20DE%202007.pdf HTTP/1.1" 200 204300
66.249.66.117 - - [19/Jan/2016:04:04:45 -0500] "GET /BLA/resoluciones/RESOLUCIONES%202008/2187.pdf HTTP/1.1" 200 368752
190.25.157.12 - - [19/Jan/2016:04:05:22 -0500] "POST /forms/lservlet;jsessionid=ac16012b30d73246728272a14518b416e3133013d3aa.e3iSbxaKaheRe38KbN0Rb34Mc3j0n6jAmljGr5XDqQLvpAe HTTP/1.1" 200 2
66.249.66.119 - - [19/Jan/2016:04:05:41 -0500] "GET /BLA/resoluciones/AUTOS%202008/3446.pdf HTTP/1.1" 200 184849
69.162.124.233 - - [19/Jan/2016:04:06:15 -0500] "HEAD / HTTP/1.1" 200 -
66.249.66.119 - - [19/Jan/2016:04:06:37 -0500] "GET /BLA/resoluciones/RESOLUCIONES%202009/5622.pdf HTTP/1.1" 200 6903021
190.25.157.12 - - [19/Jan/2016:04:07:22 -0500] "POST /forms/lservlet;jsessionid=ac16012b30d73246728272a14518b416e3133013d3aa.e3iSbxaKaheRe38KbN0Rb34Mc3j0n6jAmljGr5XDqQLvpAe HTTP/1.1" 200 2
66.249.66.117 - - [19/Jan/2016:04:07:33 -0500] "GET /BLA/resoluciones/AUTOS%202008/0889.pdf HTTP/1.1" 200 206837
66.249.66.121 - - [19/Jan/2016:04:08:29 -0500] "GET /BLA/resoluciones/AUTOS%202012/3014.pdf HTTP/1.1" 200 259135
190.25.157.12 - - [19/Jan/2016:04:09:22 -0500] "POST /forms/lservlet;jsessionid=ac16012b30d73246728272a14518b416e3133013d3aa.e3iSbxaKaheRe38KbN0Rb34Mc3j0n6jAmljGr5XDqQLvpAe HTTP/1.1" 200 2
66.249.66.119 - - [19/Jan/2016:04:09:25 -0500] "GET /BLA/resoluciones/RESOLUCIONES%202012/0609.pdf HTTP/1.1" 200 340495
136.243.154.158 - - [19/Jan/2016:04:09:42 -0500] "GET /BLA/resoluciones/RESOLUCIONES%202004/RES%202004%20201-250/00000221.tif HTTP/1.1" 200 130806
68.180.230.190 - - [19/Jan/2016:04:10:00 -0500] "GET /BLA/boletinlegal/registro/index.php HTTP/1.1" 200 2721
66.249.66.121 - - [19/Jan/2016:04:10:21 -0500] "GET /BLA/resoluciones/RESOLUCIONES%202010/1513.pdf HTTP/1.1" 200 481679
136.243.150.149 - - [19/Jan/2016:04:10:32 -0500] "GET /BLA/resoluciones/RESOLUCIONES%202005/RES%202005%20351-400/00000393.tif HTTP/1.1" 200 175398
131.253.24.143 - - [19/Jan/2016:04:10:33 -0500] "GET /galeria/galeria/jquery.fancybox.js?v=2.1.5 HTTP/1.1" 200 48706
65.55.212.72 - - [19/Jan/2016:04:10:33 -0500] "GET /BLA/boletinlegal/js/jquery.scrollShow.js HTTP/1.1" 200 4586
65.55.212.72 - - [19/Jan/2016:04:10:33 -0500] "GET /galeria/galeria/jquery.fancybox.css?v=2.1.5 HTTP/1.1" 200 4895
66.249.66.47 - - [19/Jan/2016:04:10:45 -0500] "GET /SIG/ECS/126PM04-PR33.pdf HTTP/1.1" 200 4036222
131.253.26.232 - - [19/Jan/2016:04:11:12 -0500] "GET /galeria/galeria/jquery.fancybox.js?v=2.1.5 HTTP/1.1" 200 48706
131.253.26.223 - - [19/Jan/2016:04:11:12 -0500] "GET /BLA/boletinlegal/js/jquery.scrollShow.js HTTP/1.1" 200 4586
131.253.26.223 - - [19/Jan/2016:04:11:12 -0500] "GET /galeria/galeria/jquery.fancybox.css?v=2.1.5 HTTP/1.1" 200 4895
69.162.124.233 - - [19/Jan/2016:04:11:15 -0500] "HEAD / HTTP/1.1" 200 -
66.249.66.117 - - [19/Jan/2016:04:11:16 -0500] "GET /BLA/resoluciones/RESOLUCIONES%202010/4293.pdf HTTP/1.1" 200 489801
190.25.157.12 - - [19/Jan/2016:04:11:22 -0500] "POST /forms/lservlet;jsessionid=ac16012b30d73246728272a14518b416e3133013d3aa.e3iSbxaKaheRe38KbN0Rb34Mc3j0n6jAmljGr5XDqQLvpAe HTTP/1.1" 200 2
136.243.151.219 - - [19/Jan/2016:04:11:26 -0500] "GET /BLA/resoluciones/RESOLUCIONES%202005/RES%202005%202551-2600/00002593.tif HTTP/1.1" 200 191238
66.249.66.119 - - [19/Jan/2016:04:12:12 -0500] "GET /BLA/resoluciones/AUTOS%202007/3102.pdf HTTP/1.1" 200 173929
186.155.19.102 - - [19/Jan/2016:04:12:22 -0500] "GET /BLA/boletinlegal/js/jquery.scrollShow.js HTTP/1.1" 200 4586
186.155.19.102 - - [19/Jan/2016:04:12:22 -0500] "GET /galeria/galeria/jquery.fancybox.js?v=2.1.5 HTTP/1.1" 200 48706
186.155.19.102 - - [19/Jan/2016:04:12:22 -0500] "GET /galeria/galeria/jquery.fancybox.css?v=2.1.5 HTTP/1.1" 200 4895
186.155.19.102 - - [19/Jan/2016:04:12:27 -0500] "GET /BLA/boletinlegal/js/jquery.scrollShow.js HTTP/1.1" 304 -
186.155.19.102 - - [19/Jan/2016:04:12:27 -0500] "GET /galeria/galeria/jquery.fancybox.css?v=2.1.5 HTTP/1.1" 304 -
186.155.19.102 - - [19/Jan/2016:04:12:27 -0500] "GET /galeria/galeria/jquery.fancybox.js?v=2.1.5 HTTP/1.1" 304 -
136.243.154.221 - - [19/Jan/2016:04:12:38 -0500] "GET /BLA/resoluciones/RESOLUCIONES%202002/RES%202002%20151-200/2002RES198.tif HTTP/1.1" 200 154054
66.249.66.119 - - [19/Jan/2016:04:13:08 -0500] "GET /BLA/resoluciones/AUTOS%202011/4085.pdf HTTP/1.1" 200 234685
190.25.157.12 - - [19/Jan/2016:04:13:22 -0500] "POST /forms/lservlet;jsessionid=ac16012b30d73246728272a14518b416e3133013d3aa.e3iSbxaKaheRe38KbN0Rb34Mc3j0n6jAmljGr5XDqQLvpAe HTTP/1.1" 200 2
136.243.155.42 - - [19/Jan/2016:04:13:23 -0500] "GET /BLA/resoluciones/RESOLUCIONES%202003/RES%202003%201151-1200/1182.tif HTTP/1.1" 200 195024
66.249.66.121 - - [19/Jan/2016:04:14:04 -0500] "GET /BLA/resoluciones/AUTOS%202008/1812.pdf HTTP/1.1" 200 118806
66.249.66.117 - - [19/Jan/2016:04:15:00 -0500] "GET /BLA/resoluciones/RESOLUCIONES%202014/0534.pdf HTTP/1.1" 200 875473
136.243.151.159 - - [19/Jan/2016:04:15:11 -0500] "GET /BLA/resoluciones/index.php?dir=RESOLUCIONES%202003/RES%202003%20251-300/&sort=size&order=asc HTTP/1.1" 200 11115
190.25.157.12 - - [19/Jan/2016:04:15:22 -0500] "POST /forms/lservlet;jsessionid=ac16012b30d73246728272a14518b416e3133013d3aa.e3iSbxaKaheRe38KbN0Rb34Mc3j0n6jAmljGr5XDqQLvpAe HTTP/1.1" 200 2
66.249.66.44 - - [19/Jan/2016:04:15:51 -0500] "GET /SIG/dlf/styles.css HTTP/1.1" 200 3045
66.249.66.119 - - [19/Jan/2016:04:15:56 -0500] "GET /BLA/resoluciones/AUTOS%202008/1676.pdf HTTP/1.1" 200 175501
201.234.75.11 - - [19/Jan/2016:04:16:03 -0500] "GET /galeria/nivo-slider/demo/images/luciernaga6.jpg HTTP/1.1" 304 -
69.162.124.233 - - [19/Jan/2016:04:16:15 -0500] "HEAD / HTTP/1.1" 200 -
120.37.236.103 - - [19/Jan/2016:04:16:39 -0500] "GET /bla/ HTTP/1.1" 200 538
66.249.66.119 - - [19/Jan/2016:04:16:52 -0500] "GET /BLA/resoluciones/AUTOS%202012/2652.pdf HTTP/1.1" 200 239563
136.243.154.98 - - [19/Jan/2016:04:16:56 -0500] "GET /BLA/resoluciones/RESOLUCIONES%202005/RES%202005%201901-1950/00001930.tif HTTP/1.1" 200 132586
50.62.161.162 - - [19/Jan/2016:04:17:02 -0500] "POST /wp-login.php HTTP/1.1" 301 332
190.25.157.12 - - [19/Jan/2016:04:17:22 -0500] "POST /forms/lservlet;jsessionid=ac16012b30d73246728272a14518b416e3133013d3aa.e3iSbxaKaheRe38KbN0Rb34Mc3j0n6jAmljGr5XDqQLvpAe HTTP/1.1" 200 2
66.249.66.121 - - [19/Jan/2016:04:17:48 -0500] "GET /BLA/resoluciones/RESOLUCIONES%202008/2794.pdf HTTP/1.1" 200 197068
66.249.66.119 - - [19/Jan/2016:04:18:44 -0500] "GET /BLA/resoluciones/AUTOS%202011/0047.pdf HTTP/1.1" 200 129232
66.249.66.47 - - [19/Jan/2016:04:18:46 -0500] "GET /SIG/ECS/126PM04-PR04.pdf HTTP/1.1" 200 2983801
201.234.75.11 - - [19/Jan/2016:04:18:58 -0500] "GET /galeria/galeria/fotos/Movilizacion4P.jpg HTTP/1.1" 304 -
190.25.157.12 - - [19/Jan/2016:04:19:22 -0500] "POST /forms/lservlet;jsessionid=ac16012b30d73246728272a14518b416e3133013d3aa.e3iSbxaKaheRe38KbN0Rb34Mc3j0n6jAmljGr5XDqQLvpAe HTTP/1.1" 200 2
66.249.66.119 - - [19/Jan/2016:04:19:40 -0500] "GET /BLA/resoluciones/AUTOS%202011/0956.pdf HTTP/1.1" 200 227136
66.249.66.121 - - [19/Jan/2016:04:20:36 -0500] "GET /BLA/resoluciones/RESOLUCIONES%202010/0505.pdf HTTP/1.1" 200 111666
69.162.124.233 - - [19/Jan/2016:04:21:15 -0500] "HEAD / HTTP/1.1" 200 -
190.25.157.12 - - [19/Jan/2016:04:21:22 -0500] "POST /forms/lservlet;jsessionid=ac16012b30d73246728272a14518b416e3133013d3aa.e3iSbxaKaheRe38KbN0Rb34Mc3j0n6jAmljGr5XDqQLvpAe HTTP/1.1" 200 2
66.249.66.121 - - [19/Jan/2016:04:21:32 -0500] "GET /BLA/resoluciones/AUTOS%202008/1785.pdf HTTP/1.1" 200 297749
50.62.161.162 - - [19/Jan/2016:04:21:36 -0500] "POST /wp-login.php HTTP/1.1" 301 332
66.249.66.119 - - [19/Jan/2016:04:22:28 -0500] "GET /BLA/resoluciones/AUTOS%202009/1381.pdf HTTP/1.1" 200 123179
190.25.157.12 - - [19/Jan/2016:04:23:22 -0500] "POST /forms/lservlet;jsessionid=ac16012b30d73246728272a14518b416e3133013d3aa.e3iSbxaKaheRe38KbN0Rb34Mc3j0n6jAmljGr5XDqQLvpAe HTTP/1.1" 200 2
66.249.66.121 - - [19/Jan/2016:04:23:24 -0500] "GET /BLA/resoluciones/AUTOS%202007/3669.pdf HTTP/1.1" 200 220434
136.243.154.29 - - [19/Jan/2016:04:23:47 -0500] "GET /BLA/resoluciones/index.php?dir=RESOLUCIONES%202004/RES%202004%20451-500/&sort=name&order=desc HTTP/1.1" 200 12036
66.249.66.117 - - [19/Jan/2016:04:24:20 -0500] "GET /BLA/resoluciones/RESOLUCIONES%202009/3948.pdf HTTP/1.1" 200 59166
66.249.66.117 - - [19/Jan/2016:04:25:16 -0500] "GET /BLA/resoluciones/AUTOS%202008/1840.pdf HTTP/1.1" 200 299238
180.76.15.6 - - [19/Jan/2016:04:25:21 -0500] "GET / HTTP/1.1" 200 10190
190.25.157.12 - - [19/Jan/2016:04:25:22 -0500] "POST /forms/lservlet;jsessionid=ac16012b30d73246728272a14518b416e3133013d3aa.e3iSbxaKaheRe38KbN0Rb34Mc3j0n6jAmljGr5XDqQLvpAe HTTP/1.1" 200 2
180.76.15.140 - - [19/Jan/2016:04:25:51 -0500] "GET / HTTP/1.1" 200 10190
136.243.153.230 - - [19/Jan/2016:04:26:03 -0500] "GET /BLA/resoluciones/RESOLUCIONES%202005/RES%202005%202101-2150/00002148.tif HTTP/1.1" 200 785734
66.249.66.117 - - [19/Jan/2016:04:26:12 -0500] "GET /BLA/resoluciones/RESOLUCIONES%202010/0107.pdf HTTP/1.1" 200 509462
69.162.124.233 - - [19/Jan/2016:04:26:15 -0500] "HEAD / HTTP/1.1" 200 -
66.249.66.117 - - [19/Jan/2016:04:26:45 -0500] "GET /BLA/resoluciones/RESOLUCIONES%202014/0029.pdf HTTP/1.1" 200 317073
201.234.75.11 - - [19/Jan/2016:04:26:59 -0500] "GET /galeria/nivo-slider/demo/images/web-de-ninos-v2.jpg HTTP/1.1" 304 -
66.249.66.121 - - [19/Jan/2016:04:27:08 -0500] "GET /BLA/resoluciones/AUTOS%202012/2761.pdf HTTP/1.1" 200 218010
190.25.157.12 - - [19/Jan/2016:04:27:22 -0500] "POST /forms/lservlet;jsessionid=ac16012b30d73246728272a14518b416e3133013d3aa.e3iSbxaKaheRe38KbN0Rb34Mc3j0n6jAmljGr5XDqQLvpAe HTTP/1.1" 200 2
66.249.66.117 - - [19/Jan/2016:04:28:04 -0500] "GET /BLA/resoluciones/RESOLUCIONES%202008/1326.pdf HTTP/1.1" 200 558511
136.243.154.221 - - [19/Jan/2016:04:28:45 -0500] "GET /BLA/resoluciones/RESOLUCIONES%202003/RES%202003%201251-1300/20031291.tif HTTP/1.1" 200 334382
207.46.13.111 - - [19/Jan/2016:04:28:46 -0500] "GET /POT-2013/index.php?dir=&sort=date&order=asc HTTP/1.1" 200 2679
66.249.66.117 - - [19/Jan/2016:04:29:00 -0500] "GET /BLA/resoluciones/AUTOS%202011/4142.pdf HTTP/1.1" 200 165965
190.25.157.12 - - [19/Jan/2016:04:29:22 -0500] "POST /forms/lservlet;jsessionid=ac16012b30d73246728272a14518b416e3133013d3aa.e3iSbxaKaheRe38KbN0Rb34Mc3j0n6jAmljGr5XDqQLvpAe HTTP/1.1" 200 2
201.234.75.11 - - [19/Jan/2016:04:29:42 -0500] "GET /galeria/nivo-slider/demo/images/luciernaga5.jpg HTTP/1.1" 304 -
66.249.66.119 - - [19/Jan/2016:04:29:56 -0500] "GET /BLA/resoluciones/AUTOS%202011/3093.pdf HTTP/1.1" 200 348243
201.234.75.11 - - [19/Jan/2016:04:30:44 -0500] "GET /galeria/nivo-slider/demo/images/La-SDA-se-suma-a-la-Gran-Movilizacion.jpg HTTP/1.1" 304 -
136.243.151.78 - - [19/Jan/2016:04:30:46 -0500] "GET /BLA/resoluciones/RESOLUCIONES%202002/RES%202002%20751-800/2002RES795.tif HTTP/1.1" 200 305088
136.243.154.166 - - [19/Jan/2016:04:30:50 -0500] "GET /BLA/resoluciones/index.php?dir=RESOLUCIONES+2006%2FRES+2006+851-900%2F HTTP/1.1" 200 12234
66.249.66.117 - - [19/Jan/2016:04:30:52 -0500] "GET /BLA/resoluciones/AUTOS%202012/2718.pdf HTTP/1.1" 200 350826
136.243.151.94 - - [19/Jan/2016:04:31:10 -0500] "GET /BLA/resoluciones/RESOLUCIONES%202005/RES%202005%20751-800/00000789.tif HTTP/1.1" 200 147578
136.243.153.233 - - [19/Jan/2016:04:31:14 -0500] "GET /BLA/resoluciones/RESOLUCIONES%202003/RES%202003%201751-1800/20031770.tif HTTP/1.1" 200 107644
69.162.124.233 - - [19/Jan/2016:04:31:15 -0500] "HEAD / HTTP/1.1" 200 -
190.25.157.12 - - [19/Jan/2016:04:31:22 -0500] "POST /forms/lservlet;jsessionid=ac16012b30d73246728272a14518b416e3133013d3aa.e3iSbxaKaheRe38KbN0Rb34Mc3j0n6jAmljGr5XDqQLvpAe HTTP/1.1" 200 2
136.243.151.162 - - [19/Jan/2016:04:31:46 -0500] "GET /BLA/resoluciones/RESOLUCIONES%202005/RES%202005%202201-2250/00002220.tif HTTP/1.1" 200 90176
66.249.66.121 - - [19/Jan/2016:04:31:48 -0500] "GET /BLA/resoluciones/RESOLUCIONES%202008/2078.pdf HTTP/1.1" 200 215402
201.234.75.11 - - [19/Jan/2016:04:31:54 -0500] "GET /galeria/nivo-slider/demo/images/Canino2.jpg HTTP/1.1" 304 -
136.243.150.139 - - [19/Jan/2016:04:32:27 -0500] "GET /BLA/resoluciones/RESOLUCIONES%202004/RES%202004%201651-1700/00001685.tif HTTP/1.1" 200 146560
136.243.144.146 - - [19/Jan/2016:04:32:55 -0500] "GET /BLA/resoluciones/RESOLUCIONES%202005/RES%202005%20451-500/00000469.tif HTTP/1.1" 200 1046310
192.157.227.153 - - [19/Jan/2016:04:33:12 -0500] "GET /Anexos%20estudio%20Organizacional%20SDA/ANEXO%20No.%203-%20CONTRATACI%C3%93N%20%20OPS%C2%B4s%202008-2012/CONTRATOS%20SDA%202009%20POR%20DEPENDENCIA%20(1).xls HTTP/1.1" 200 461824
136.243.151.159 - - [19/Jan/2016:04:33:13 -0500] "GET /BLA/resoluciones/RESOLUCIONES%202005/RES%202005%202401-2450/00002432.tif HTTP/1.1" 200 38638
190.25.157.12 - - [19/Jan/2016:04:33:22 -0500] "POST /forms/lservlet;jsessionid=ac16012b30d73246728272a14518b416e3133013d3aa.e3iSbxaKaheRe38KbN0Rb34Mc3j0n6jAmljGr5XDqQLvpAe HTTP/1.1" 200 2
66.249.66.117 - - [19/Jan/2016:04:33:39 -0500] "GET /BLA/resoluciones/AUTOS%202008/0681.pdf HTTP/1.1" 200 232279
66.249.66.121 - - [19/Jan/2016:04:34:35 -0500] "GET /BLA/resoluciones/AUTOS%202008/1526.pdf HTTP/1.1" 200 447955
