!C99Shell v. 1.0 pre-release build #13!

Software: Apache. PHP/5.5.15 

uname -a: Windows NT SVR-DMZ 6.1 build 7600 (Windows Server 2008 R2 Enterprise Edition) i586 

SYSTEM 

Safe-mode: OFF (not secure)

E:\nuevo\apache\logs\   drwxrwxrwx
Free 9.41 GB of 239.26 GB (3.93%)
Detected drives: [ a ] [ c ] [ d ] [ e ] [ f ]
Home    Back    Forward    UPDIR    Refresh    Search    Buffer    Encoder    Tools    Proc.    FTP brute    Sec.    SQL    PHP-code    Update    Feedback    Self remove    Logout    


Viewing file:     access.2016.01.19.log (8.63 MB)      -rw-rw-rw-
Select action/file-type:
(+) | (+) | (+) | Code (+) | Session (+) | (+) | SDB (+) | (+) | (+) | (+) | (+) | (+) |
68.180.228.54 - - [19/Jan/2016:00:00:09 -0500] "GET /dama/libreria/php/decide.php?patron=03.1305020113&numm=41 HTTP/1.1" 404 1019
201.234.75.11 - - [19/Jan/2016:00:00:28 -0500] "GET /galeria/nivo-slider/demo/images/12milLlantas.png HTTP/1.1" 304 -
66.249.66.119 - - [19/Jan/2016:00:00:37 -0500] "GET /BLA/resoluciones/AUTOS%202012/2767.pdf HTTP/1.1" 200 416417
181.61.46.47 - - [19/Jan/2016:00:00:46 -0500] "POST /forms/lservlet;jsessionid=ac16012b30d701a7c6af59774816a4e1cb78613c7683.e3iSbxaKaheRe38KbN0Rb34Mc3j0n6jAmljGr5XDqQLvpAe HTTP/1.1" 200 2307
181.61.46.47 - - [19/Jan/2016:00:00:48 -0500] "POST /forms/lservlet;jsessionid=ac16012b30d701a7c6af59774816a4e1cb78613c7683.e3iSbxaKaheRe38KbN0Rb34Mc3j0n6jAmljGr5XDqQLvpAe HTTP/1.1" 200 24
181.61.46.47 - - [19/Jan/2016:00:00:48 -0500] "POST /forms/lservlet;jsessionid=ac16012b30d701a7c6af59774816a4e1cb78613c7683.e3iSbxaKaheRe38KbN0Rb34Mc3j0n6jAmljGr5XDqQLvpAe HTTP/1.1" 200 4119
181.61.46.47 - - [19/Jan/2016:00:00:49 -0500] "POST /forms/lservlet;jsessionid=ac16012b30d701a7c6af59774816a4e1cb78613c7683.e3iSbxaKaheRe38KbN0Rb34Mc3j0n6jAmljGr5XDqQLvpAe HTTP/1.1" 200 2
181.61.46.47 - - [19/Jan/2016:00:00:53 -0500] "POST /forms/lservlet;jsessionid=ac16012b30d701a7c6af59774816a4e1cb78613c7683.e3iSbxaKaheRe38KbN0Rb34Mc3j0n6jAmljGr5XDqQLvpAe HTTP/1.1" 200 2
181.61.46.47 - - [19/Jan/2016:00:00:53 -0500] "POST /forms/lservlet;jsessionid=ac16012b30d701a7c6af59774816a4e1cb78613c7683.e3iSbxaKaheRe38KbN0Rb34Mc3j0n6jAmljGr5XDqQLvpAe HTTP/1.1" 200 14
181.61.46.47 - - [19/Jan/2016:00:00:54 -0500] "POST /forms/lservlet;jsessionid=ac16012b30d701a7c6af59774816a4e1cb78613c7683.e3iSbxaKaheRe38KbN0Rb34Mc3j0n6jAmljGr5XDqQLvpAe HTTP/1.1" 200 14
181.61.46.47 - - [19/Jan/2016:00:00:56 -0500] "POST /forms/lservlet;jsessionid=ac16012b30d701a7c6af59774816a4e1cb78613c7683.e3iSbxaKaheRe38KbN0Rb34Mc3j0n6jAmljGr5XDqQLvpAe HTTP/1.1" 200 112
181.61.46.47 - - [19/Jan/2016:00:00:57 -0500] "POST /forms/lservlet;jsessionid=ac16012b30d701a7c6af59774816a4e1cb78613c7683.e3iSbxaKaheRe38KbN0Rb34Mc3j0n6jAmljGr5XDqQLvpAe HTTP/1.1" 200 2
181.61.46.47 - - [19/Jan/2016:00:00:57 -0500] "POST /forms/lservlet;jsessionid=ac16012b30d701a7c6af59774816a4e1cb78613c7683.e3iSbxaKaheRe38KbN0Rb34Mc3j0n6jAmljGr5XDqQLvpAe HTTP/1.1" 200 2
181.61.46.47 - - [19/Jan/2016:00:00:57 -0500] "POST /forms/lservlet;jsessionid=ac16012b30d701a7c6af59774816a4e1cb78613c7683.e3iSbxaKaheRe38KbN0Rb34Mc3j0n6jAmljGr5XDqQLvpAe HTTP/1.1" 200 14
181.61.46.47 - - [19/Jan/2016:00:00:58 -0500] "POST /forms/lservlet;jsessionid=ac16012b30d701a7c6af59774816a4e1cb78613c7683.e3iSbxaKaheRe38KbN0Rb34Mc3j0n6jAmljGr5XDqQLvpAe HTTP/1.1" 200 14
181.61.46.47 - - [19/Jan/2016:00:00:59 -0500] "POST /forms/lservlet;jsessionid=ac16012b30d701a7c6af59774816a4e1cb78613c7683.e3iSbxaKaheRe38KbN0Rb34Mc3j0n6jAmljGr5XDqQLvpAe HTTP/1.1" 200 116
181.61.46.47 - - [19/Jan/2016:00:01:00 -0500] "POST /forms/lservlet;jsessionid=ac16012b30d701a7c6af59774816a4e1cb78613c7683.e3iSbxaKaheRe38KbN0Rb34Mc3j0n6jAmljGr5XDqQLvpAe HTTP/1.1" 200 2
181.61.46.47 - - [19/Jan/2016:00:00:57 -0500] "GET /reports/rwservlet/getjobid369366?server=rep_srvapsda HTTP/1.1" 200 2403831
181.61.46.47 - - [19/Jan/2016:00:01:00 -0500] "GET /reports/rwservlet/getjobid369367?server=rep_srvapsda HTTP/1.1" 200 945912
190.25.157.12 - - [19/Jan/2016:00:01:19 -0500] "POST /forms/lservlet;jsessionid=ac16012b30d73246728272a14518b416e3133013d3aa.e3iSbxaKaheRe38KbN0Rb34Mc3j0n6jAmljGr5XDqQLvpAe HTTP/1.1" 200 2
190.25.113.102 - - [19/Jan/2016:00:01:34 -0500] "GET /BLA/resoluciones/RESOLUCIONES%202007/RES%202007%202201%20AL%202300/RESOLUCION%202293%20DE%202007.pdf HTTP/1.1" 200 763025
190.25.113.102 - - [19/Jan/2016:00:01:34 -0500] "GET /favicon.ico HTTP/1.1" 200 7782
66.249.66.121 - - [19/Jan/2016:00:01:38 -0500] "GET /BLA/resoluciones/RESOLUCIONES%202007/RES%202007%20101%20AL%20200/RESOLUCION%200184%20DE%202007.pdf HTTP/1.1" 200 131557
181.61.46.47 - - [19/Jan/2016:00:01:39 -0500] "POST /forms/lservlet;jsessionid=ac16012b30d701a7c6af59774816a4e1cb78613c7683.e3iSbxaKaheRe38KbN0Rb34Mc3j0n6jAmljGr5XDqQLvpAe HTTP/1.1" 200 2
66.249.66.129 - - [19/Jan/2016:00:01:52 -0500] "GET / HTTP/1.1" 301 324
66.249.66.121 - - [19/Jan/2016:00:02:40 -0500] "GET /BLA/resoluciones/AUTOS%202011/7440.pdf HTTP/1.1" 200 143094
66.249.66.44 - - [19/Jan/2016:00:02:46 -0500] "GET /cyber/ecour/eco13a.htm HTTP/1.1" 404 1019
69.162.124.233 - - [19/Jan/2016:00:03:09 -0500] "HEAD / HTTP/1.1" 200 -
190.25.157.12 - - [19/Jan/2016:00:03:19 -0500] "POST /forms/lservlet;jsessionid=ac16012b30d73246728272a14518b416e3133013d3aa.e3iSbxaKaheRe38KbN0Rb34Mc3j0n6jAmljGr5XDqQLvpAe HTTP/1.1" 200 2
181.61.46.47 - - [19/Jan/2016:00:03:39 -0500] "POST /forms/lservlet;jsessionid=ac16012b30d701a7c6af59774816a4e1cb78613c7683.e3iSbxaKaheRe38KbN0Rb34Mc3j0n6jAmljGr5XDqQLvpAe HTTP/1.1" 200 2
136.243.154.83 - - [19/Jan/2016:00:04:06 -0500] "GET /BLA/resoluciones/RESOLUCIONES%202002/RES%202002%20951-1000/00000954.tif HTTP/1.1" 200 91308
190.25.157.12 - - [19/Jan/2016:00:05:19 -0500] "POST /forms/lservlet;jsessionid=ac16012b30d73246728272a14518b416e3133013d3aa.e3iSbxaKaheRe38KbN0Rb34Mc3j0n6jAmljGr5XDqQLvpAe HTTP/1.1" 200 2
136.243.150.171 - - [19/Jan/2016:00:05:30 -0500] "GET /galeria/galeria/fotos/Soratama3G.jpg HTTP/1.1" 200 159434
181.61.46.47 - - [19/Jan/2016:00:05:39 -0500] "POST /forms/lservlet;jsessionid=ac16012b30d701a7c6af59774816a4e1cb78613c7683.e3iSbxaKaheRe38KbN0Rb34Mc3j0n6jAmljGr5XDqQLvpAe HTTP/1.1" 200 2
66.249.66.117 - - [19/Jan/2016:00:05:44 -0500] "GET /BLA/resoluciones/RESOLUCIONES%202007/RES%202007%203901%20AL%204000/RESOLUCION%203946%20DE%202007.pdf HTTP/1.1" 200 281815
66.249.66.117 - - [19/Jan/2016:00:06:46 -0500] "GET /BLA/resoluciones/RESOLUCIONES%202011/1840.pdf HTTP/1.1" 200 515688
190.25.157.12 - - [19/Jan/2016:00:07:19 -0500] "POST /forms/lservlet;jsessionid=ac16012b30d73246728272a14518b416e3133013d3aa.e3iSbxaKaheRe38KbN0Rb34Mc3j0n6jAmljGr5XDqQLvpAe HTTP/1.1" 200 2
181.61.46.47 - - [19/Jan/2016:00:07:39 -0500] "POST /forms/lservlet;jsessionid=ac16012b30d701a7c6af59774816a4e1cb78613c7683.e3iSbxaKaheRe38KbN0Rb34Mc3j0n6jAmljGr5XDqQLvpAe HTTP/1.1" 200 2
66.249.66.119 - - [19/Jan/2016:00:07:47 -0500] "GET /BLA/resoluciones/AUTOS%202012/1806.pdf HTTP/1.1" 200 273852
69.162.124.233 - - [19/Jan/2016:00:08:09 -0500] "HEAD / HTTP/1.1" 200 -
66.249.66.121 - - [19/Jan/2016:00:08:49 -0500] "GET /BLA/resoluciones/RESOLUCIONES%202011/5034.pdf HTTP/1.1" 200 534278
190.25.157.12 - - [19/Jan/2016:00:09:19 -0500] "POST /forms/lservlet;jsessionid=ac16012b30d73246728272a14518b416e3133013d3aa.e3iSbxaKaheRe38KbN0Rb34Mc3j0n6jAmljGr5XDqQLvpAe HTTP/1.1" 200 2
181.61.46.47 - - [19/Jan/2016:00:09:39 -0500] "POST /forms/lservlet;jsessionid=ac16012b30d701a7c6af59774816a4e1cb78613c7683.e3iSbxaKaheRe38KbN0Rb34Mc3j0n6jAmljGr5XDqQLvpAe HTTP/1.1" 200 2
66.249.66.119 - - [19/Jan/2016:00:09:50 -0500] "GET /BLA/resoluciones/RESOLUCIONES%202008/5385.pdf HTTP/1.1" 200 215667
66.249.66.121 - - [19/Jan/2016:00:09:51 -0500] "GET /BLA/resoluciones/AUTOS%202014/1007.pdf HTTP/1.1" 200 575488
157.55.39.155 - - [19/Jan/2016:00:10:17 -0500] "GET /galeria/galeria/jquery.fancybox.css?v=2.1.5 HTTP/1.1" 200 4895
66.249.66.117 - - [19/Jan/2016:00:10:52 -0500] "GET /BLA/resoluciones/RESOLUCIONES%202009/7623.pdf HTTP/1.1" 200 730404
190.25.157.12 - - [19/Jan/2016:00:11:19 -0500] "POST /forms/lservlet;jsessionid=ac16012b30d73246728272a14518b416e3133013d3aa.e3iSbxaKaheRe38KbN0Rb34Mc3j0n6jAmljGr5XDqQLvpAe HTTP/1.1" 200 2
181.61.46.47 - - [19/Jan/2016:00:11:39 -0500] "POST /forms/lservlet;jsessionid=ac16012b30d701a7c6af59774816a4e1cb78613c7683.e3iSbxaKaheRe38KbN0Rb34Mc3j0n6jAmljGr5XDqQLvpAe HTTP/1.1" 200 2
66.249.66.121 - - [19/Jan/2016:00:11:54 -0500] "GET /BLA/resoluciones/AUTOS%202008/1145.pdf HTTP/1.1" 200 54606
66.249.66.117 - - [19/Jan/2016:00:12:55 -0500] "GET /BLA/resoluciones/RESOLUCIONES%202011/3340.pdf HTTP/1.1" 200 613208
69.162.124.233 - - [19/Jan/2016:00:13:09 -0500] "HEAD / HTTP/1.1" 200 -
190.24.76.13 - - [19/Jan/2016:00:13:13 -0500] "GET /BLA/boletinlegal/js/jquery.scrollShow.js HTTP/1.1" 200 4586
190.24.76.13 - - [19/Jan/2016:00:13:13 -0500] "GET /galeria/galeria/jquery.fancybox.js?v=2.1.5 HTTP/1.1" 200 48706
190.24.76.13 - - [19/Jan/2016:00:13:13 -0500] "GET /galeria/galeria/jquery.fancybox.css?v=2.1.5 HTTP/1.1" 200 4895
190.25.157.12 - - [19/Jan/2016:00:13:19 -0500] "POST /forms/lservlet;jsessionid=ac16012b30d73246728272a14518b416e3133013d3aa.e3iSbxaKaheRe38KbN0Rb34Mc3j0n6jAmljGr5XDqQLvpAe HTTP/1.1" 200 2
201.234.75.11 - - [19/Jan/2016:00:13:21 -0500] "GET /galeria/nivo-slider/demo/images/tercer-conversatorio-01.jpg HTTP/1.1" 304 -
201.234.75.11 - - [19/Jan/2016:00:13:30 -0500] "GET /galeria/nivo-slider/demo/images/arbol-caido.jpg HTTP/1.1" 304 -
190.24.76.13 - - [19/Jan/2016:00:13:30 -0500] "GET /galeria/galeria/jquery.fancybox.css?v=2.1.5 HTTP/1.1" 304 -
190.24.76.13 - - [19/Jan/2016:00:13:30 -0500] "GET /BLA/boletinlegal/js/jquery.scrollShow.js HTTP/1.1" 304 -
190.24.76.13 - - [19/Jan/2016:00:13:30 -0500] "GET /galeria/galeria/jquery.fancybox.js?v=2.1.5 HTTP/1.1" 304 -
181.61.46.47 - - [19/Jan/2016:00:13:39 -0500] "POST /forms/lservlet;jsessionid=ac16012b30d701a7c6af59774816a4e1cb78613c7683.e3iSbxaKaheRe38KbN0Rb34Mc3j0n6jAmljGr5XDqQLvpAe HTTP/1.1" 200 2
66.249.66.117 - - [19/Jan/2016:00:13:41 -0500] "GET /galeria/nivo-slider/demo/images/Banner-Ecourbanismo.jpg HTTP/1.1" 304 -
66.249.66.121 - - [19/Jan/2016:00:13:57 -0500] "GET /BLA/resoluciones/RESOLUCIONES%202011/5032.pdf HTTP/1.1" 200 425285
66.249.66.117 - - [19/Jan/2016:00:14:58 -0500] "GET /BLA/resoluciones/AUTOS%202008/0376.pdf HTTP/1.1" 200 245039
190.25.157.12 - - [19/Jan/2016:00:15:19 -0500] "POST /forms/lservlet;jsessionid=ac16012b30d73246728272a14518b416e3133013d3aa.e3iSbxaKaheRe38KbN0Rb34Mc3j0n6jAmljGr5XDqQLvpAe HTTP/1.1" 200 2
136.243.151.90 - - [19/Jan/2016:00:15:29 -0500] "GET /autoliquidacion/index.php?dir=TR%C3%81MITES%20MINER%C3%8DA/&sort=date&order=asc HTTP/1.1" 200 6584
201.234.75.11 - - [19/Jan/2016:00:15:32 -0500] "GET /galeria/nivo-slider/demo/images/inscripvolque3.jpg HTTP/1.1" 304 -
187.190.157.49 - - [19/Jan/2016:00:15:34 -0500] "GET /BLA/boletinlegal/js/jquery.scrollShow.js HTTP/1.1" 200 4586
187.190.157.49 - - [19/Jan/2016:00:15:34 -0500] "GET /galeria/galeria/jquery.fancybox.css?v=2.1.5 HTTP/1.1" 200 4895
187.190.157.49 - - [19/Jan/2016:00:15:34 -0500] "GET /galeria/galeria/jquery.fancybox.js?v=2.1.5 HTTP/1.1" 200 48706
181.61.46.47 - - [19/Jan/2016:00:15:39 -0500] "POST /forms/lservlet;jsessionid=ac16012b30d701a7c6af59774816a4e1cb78613c7683.e3iSbxaKaheRe38KbN0Rb34Mc3j0n6jAmljGr5XDqQLvpAe HTTP/1.1" 200 2
187.190.157.49 - - [19/Jan/2016:00:15:48 -0500] "GET /BLA/boletinlegal/js/jquery.scrollShow.js HTTP/1.1" 200 4586
187.190.157.49 - - [19/Jan/2016:00:15:48 -0500] "GET /galeria/galeria/jquery.fancybox.css?v=2.1.5 HTTP/1.1" 200 4895
187.190.157.49 - - [19/Jan/2016:00:15:48 -0500] "GET /galeria/galeria/jquery.fancybox.js?v=2.1.5 HTTP/1.1" 200 48706
66.249.66.121 - - [19/Jan/2016:00:16:00 -0500] "GET /BLA/resoluciones/AUTOS%202011/4528.pdf HTTP/1.1" 200 218282
66.249.66.121 - - [19/Jan/2016:00:17:01 -0500] "GET /BLA/resoluciones/RESOLUCIONES%202007/RES%202007%202401%20AL%202500/RESOLUCION%202470%20DE%202007.pdf HTTP/1.1" 200 32862
190.25.157.12 - - [19/Jan/2016:00:17:19 -0500] "POST /forms/lservlet;jsessionid=ac16012b30d73246728272a14518b416e3133013d3aa.e3iSbxaKaheRe38KbN0Rb34Mc3j0n6jAmljGr5XDqQLvpAe HTTP/1.1" 200 2
181.61.46.47 - - [19/Jan/2016:00:17:39 -0500] "POST /forms/lservlet;jsessionid=ac16012b30d701a7c6af59774816a4e1cb78613c7683.e3iSbxaKaheRe38KbN0Rb34Mc3j0n6jAmljGr5XDqQLvpAe HTTP/1.1" 200 2
136.243.151.78 - - [19/Jan/2016:00:17:41 -0500] "GET /BLA/resoluciones/AUTOS%202006/AUTOS%202006%20701-800/00000721.tif HTTP/1.1" 200 56690
66.249.66.121 - - [19/Jan/2016:00:17:52 -0500] "GET /BLA/resoluciones/RESOLUCIONES%202009/4698.pdf HTTP/1.1" 200 326782
66.249.66.119 - - [19/Jan/2016:00:18:03 -0500] "GET /BLA/resoluciones/RESOLUCIONES%202010/2816.pdf HTTP/1.1" 200 1011887
69.162.124.233 - - [19/Jan/2016:00:18:09 -0500] "HEAD / HTTP/1.1" 200 -
66.249.66.119 - - [19/Jan/2016:00:19:04 -0500] "GET /BLA/resoluciones/AUTOS%202008/1533.pdf HTTP/1.1" 200 143682
190.25.157.12 - - [19/Jan/2016:00:19:19 -0500] "POST /forms/lservlet;jsessionid=ac16012b30d73246728272a14518b416e3133013d3aa.e3iSbxaKaheRe38KbN0Rb34Mc3j0n6jAmljGr5XDqQLvpAe HTTP/1.1" 200 2
51.255.36.84 - - [19/Jan/2016:00:19:30 -0500] "GET /robots.txt HTTP/1.0" 301 334
51.255.36.84 - - [19/Jan/2016:00:19:33 -0500] "GET /bienvenido-a-bogota/ HTTP/1.0" 301 344
181.61.46.47 - - [19/Jan/2016:00:19:39 -0500] "POST /forms/lservlet;jsessionid=ac16012b30d701a7c6af59774816a4e1cb78613c7683.e3iSbxaKaheRe38KbN0Rb34Mc3j0n6jAmljGr5XDqQLvpAe HTTP/1.1" 200 2
201.234.75.11 - - [19/Jan/2016:00:20:04 -0500] "GET /galeria/nivo-slider/demo/images/EscombrosC-Bolivar1.jpg HTTP/1.1" 304 -
66.249.66.119 - - [19/Jan/2016:00:20:06 -0500] "GET /BLA/resoluciones/AUTOS%202008/3376.pdf HTTP/1.1" 200 174440
181.56.249.98 - - [19/Jan/2016:00:20:29 -0500] "GET /BLA/resoluciones/RESOLUCIONES%202009/9245.pdf HTTP/1.1" 200 500385
181.56.249.98 - - [19/Jan/2016:00:20:29 -0500] "GET /BLA/resoluciones/RESOLUCIONES%202009/9245.pdf HTTP/1.1" 200 500385
181.56.249.98 - - [19/Jan/2016:00:20:41 -0500] "GET /BLA/resoluciones/RESOLUCIONES%202009/9245.pdf HTTP/1.1" 200 500385
181.56.249.98 - - [19/Jan/2016:00:20:41 -0500] "GET /BLA/resoluciones/RESOLUCIONES%202009/9245.pdf HTTP/1.1" 200 500385
66.249.66.117 - - [19/Jan/2016:00:21:07 -0500] "GET /BLA/resoluciones/RESOLUCIONES%202011/1826.pdf HTTP/1.1" 200 502728
190.25.157.12 - - [19/Jan/2016:00:21:19 -0500] "POST /forms/lservlet;jsessionid=ac16012b30d73246728272a14518b416e3133013d3aa.e3iSbxaKaheRe38KbN0Rb34Mc3j0n6jAmljGr5XDqQLvpAe HTTP/1.1" 200 2
181.61.46.47 - - [19/Jan/2016:00:21:39 -0500] "POST /forms/lservlet;jsessionid=ac16012b30d701a7c6af59774816a4e1cb78613c7683.e3iSbxaKaheRe38KbN0Rb34Mc3j0n6jAmljGr5XDqQLvpAe HTTP/1.1" 200 2
66.249.66.117 - - [19/Jan/2016:00:22:09 -0500] "GET /BLA/resoluciones/AUTOS%202008/2724.pdf HTTP/1.1" 200 157917
186.147.104.218 - - [19/Jan/2016:00:22:55 -0500] "-" 408 -
186.147.104.218 - - [19/Jan/2016:00:22:55 -0500] "-" 408 -
69.162.124.233 - - [19/Jan/2016:00:23:09 -0500] "HEAD / HTTP/1.1" 200 -
66.249.66.121 - - [19/Jan/2016:00:23:10 -0500] "GET /BLA/resoluciones/RESOLUCIONES%202011/5729.pdf HTTP/1.1" 200 527817
190.25.157.12 - - [19/Jan/2016:00:23:19 -0500] "POST /forms/lservlet;jsessionid=ac16012b30d73246728272a14518b416e3133013d3aa.e3iSbxaKaheRe38KbN0Rb34Mc3j0n6jAmljGr5XDqQLvpAe HTTP/1.1" 200 2
181.61.46.47 - - [19/Jan/2016:00:23:39 -0500] "POST /forms/lservlet;jsessionid=ac16012b30d701a7c6af59774816a4e1cb78613c7683.e3iSbxaKaheRe38KbN0Rb34Mc3j0n6jAmljGr5XDqQLvpAe HTTP/1.1" 200 2
180.76.15.135 - - [19/Jan/2016:00:23:46 -0500] "GET / HTTP/1.1" 200 10190
207.46.13.173 - - [19/Jan/2016:00:23:51 -0500] "GET /BLA/resoluciones/index.php?dir=RESOLUCIONES+2011%2F HTTP/1.1" 200 647115
207.46.13.173 - - [19/Jan/2016:00:23:55 -0500] "GET /robots.txt HTTP/1.1" 404 1018
207.46.13.173 - - [19/Jan/2016:00:23:54 -0500] "GET /BLA/resoluciones/index.php?dir=RESOLUCIONES%202011/&sort=name&order=asc HTTP/1.1" 200 610251
207.46.13.173 - - [19/Jan/2016:00:23:57 -0500] "GET /sia/ HTTP/1.1" 200 2661
157.55.39.155 - - [19/Jan/2016:00:24:01 -0500] "GET /BLA/resoluciones/index.php?dir=RESOLUCIONES%202011/&sort=date&order=desc HTTP/1.1" 200 602059
157.55.39.155 - - [19/Jan/2016:00:24:05 -0500] "GET /videos/galeria-cronicas/2playlist.htm HTTP/1.1" 200 5449
157.55.39.155 - - [19/Jan/2016:00:24:05 -0500] "GET / HTTP/1.1" 200 10190
157.55.39.155 - - [19/Jan/2016:00:24:06 -0500] "GET /BLA/resoluciones/RESOLUCIONES%202007/RES%202007%203401%20AL%203500/?C=N;O=D HTTP/1.1" 200 24547
157.55.39.155 - - [19/Jan/2016:00:24:06 -0500] "GET /BLA/resoluciones/AUTOS%202011/?C=D;O=A HTTP/1.1" 200 601336
180.76.15.18 - - [19/Jan/2016:00:24:11 -0500] "GET / HTTP/1.1" 200 10190
66.249.66.119 - - [19/Jan/2016:00:24:12 -0500] "GET /BLA/resoluciones/RESOLUCIONES%202011/1986.pdf HTTP/1.1" 200 498278
157.55.39.155 - - [19/Jan/2016:00:24:09 -0500] "GET /BLA/resoluciones/AUTOS%202011/?C=N;O=A HTTP/1.1" 200 593318
157.55.39.155 - - [19/Jan/2016:00:24:13 -0500] "GET /BLA/resoluciones/RESOLUCIONES%202010/ HTTP/1.1" 200 593332
157.55.39.155 - - [19/Jan/2016:00:24:17 -0500] "GET /BLA/resoluciones/RESOLUCIONES%202012/?C=D;O=A HTTP/1.1" 200 165810
157.55.39.155 - - [19/Jan/2016:00:24:18 -0500] "GET /BLA/resoluciones/RESOLUCIONES%202012/?C=N;O=A HTTP/1.1" 200 165810
157.55.39.155 - - [19/Jan/2016:00:24:19 -0500] "GET /BLA/resoluciones/index.php?dir=RESOLUCIONES+2010%2F HTTP/1.1" 200 602059
157.55.39.155 - - [19/Jan/2016:00:24:20 -0500] "GET /BLA/resoluciones/AUTOS%202009/?C=D;O=D HTTP/1.1" 200 511202
186.114.46.190 - - [19/Jan/2016:00:24:37 -0500] "GET /galeria/galeria/jquery.fancybox.css?v=2.1.5 HTTP/1.1" 200 4895
186.114.46.190 - - [19/Jan/2016:00:24:37 -0500] "GET /galeria/carrusel/Carrusel/jquery.thumbnailScroller.css HTTP/1.1" 200 2066
186.114.46.190 - - [19/Jan/2016:00:24:37 -0500] "GET /BLA/boletinlegal/js/jquery.scrollShow.js HTTP/1.1" 200 4586
186.114.46.190 - - [19/Jan/2016:00:24:37 -0500] "GET /galeria/galeria/jquery.fancybox.js?v=2.1.5 HTTP/1.1" 200 48706
186.114.46.190 - - [19/Jan/2016:00:24:37 -0500] "GET /galeria/carrusel/Carrusel/jquery-ui-1.8.13.custom.min.js HTTP/1.1" 200 10800
186.114.46.190 - - [19/Jan/2016:00:24:37 -0500] "GET /galeria/carrusel/Carrusel/jquery.thumbnailScroller.js HTTP/1.1" 200 8157
186.114.46.190 - - [19/Jan/2016:00:24:42 -0500] "GET /galeria/nivo-slider/demo/demo.html HTTP/1.1" 200 3703
186.114.46.190 - - [19/Jan/2016:00:24:43 -0500] "GET /galeria/nivo-slider/themes/pascal/pascal.css HTTP/1.1" 200 2258
186.114.46.190 - - [19/Jan/2016:00:24:43 -0500] "GET /galeria/nivo-slider/themes/orman/orman.css HTTP/1.1" 200 2152
186.114.46.190 - - [19/Jan/2016:00:24:43 -0500] "GET /galeria/nivo-slider/nivo-slider.css HTTP/1.1" 200 1507
186.114.46.190 - - [19/Jan/2016:00:24:43 -0500] "GET /galeria/nivo-slider/demo/style.css HTTP/1.1" 200 2222
186.114.46.190 - - [19/Jan/2016:00:24:43 -0500] "GET /galeria/nivo-slider/demo/images/Convocatoria-CTPD-curvas-01.png HTTP/1.1" 200 565805
186.114.46.190 - - [19/Jan/2016:00:24:43 -0500] "GET /galeria/nivo-slider/themes/default/default.css HTTP/1.1" 200 1569
186.114.46.190 - - [19/Jan/2016:00:24:43 -0500] "GET /galeria/nivo-slider/jquery.nivo.slider.pack.js HTTP/1.1" 200 11561
186.114.46.190 - - [19/Jan/2016:00:24:43 -0500] "GET /galeria/nivo-slider/demo/scripts/jquery-1.7.1.min.js HTTP/1.1" 200 93868
186.114.46.190 - - [19/Jan/2016:00:24:43 -0500] "GET /galeria/nivo-slider/demo/images/ABC-Plan-de-contigencia.jpg HTTP/1.1" 200 423297
186.114.46.190 - - [19/Jan/2016:00:24:43 -0500] "GET /galeria/nivo-slider/demo/images/banner-llantas2015.jpg HTTP/1.1" 200 268366
186.114.46.190 - - [19/Jan/2016:00:24:44 -0500] "GET /galeria/nivo-slider/demo/images/4Simple_Slider.png HTTP/1.1" 200 11722
186.114.46.190 - - [19/Jan/2016:00:24:44 -0500] "GET /galeria/nivo-slider/themes/default/loading.gif HTTP/1.1" 200 1737
186.114.46.190 - - [19/Jan/2016:00:24:45 -0500] "GET /galeria/nivo-slider/demo/images/caminata-ecologica.jpg HTTP/1.1" 200 192926
207.46.13.173 - - [19/Jan/2016:00:23:57 -0500] "GET /BLA/boletinlegal/index.php HTTP/1.1" 200 51284
186.114.46.190 - - [19/Jan/2016:00:24:52 -0500] "GET /galeria/nivo-slider/demo/images/Cmapana-onestidad.jpg HTTP/1.1" 200 141638
186.114.46.190 - - [19/Jan/2016:00:24:52 -0500] "GET /galeria/nivo-slider/demo/images/PREDAcamp.jpg HTTP/1.1" 200 295358
186.114.46.190 - - [19/Jan/2016:00:24:55 -0500] "GET /galeria/nivo-slider/demo/images/banner-llantas2.jpg HTTP/1.1" 200 234514
186.114.46.190 - - [19/Jan/2016:00:24:56 -0500] "GET /galeria/nivo-slider/demo/images/9Signos.jpg HTTP/1.1" 200 81776
207.46.13.173 - - [19/Jan/2016:00:24:57 -0500] "GET /BLA/resoluciones/ HTTP/1.1" 200 8325
186.114.46.190 - - [19/Jan/2016:00:24:59 -0500] "GET /galeria/nivo-slider/demo/images/Ruta-vertimientos-01.jpg HTTP/1.1" 200 130151
186.114.46.190 - - [19/Jan/2016:00:24:59 -0500] "GET /galeria/nivo-slider/demo/images/ecolecta-Dic2014.png HTTP/1.1" 200 856487
186.114.46.190 - - [19/Jan/2016:00:25:00 -0500] "GET /galeria/nivo-slider/demo/images/bolsas-06.jpg HTTP/1.1" 200 210950
207.46.13.173 - - [19/Jan/2016:00:24:57 -0500] "GET /BLA/resoluciones/AUTOS%202007/?C=S;O=A HTTP/1.1" 200 593318
207.46.13.173 - - [19/Jan/2016:00:25:00 -0500] "GET /StormSDA/stormWeb/presentacion.html HTTP/1.1" 200 4730
207.46.13.173 - - [19/Jan/2016:00:25:01 -0500] "GET /BLA/resoluciones/index.php?dir=RESOLUCIONES%202013/&sort=date&order=asc HTTP/1.1" 200 224655
207.46.13.173 - - [19/Jan/2016:00:25:02 -0500] "GET /BLA/resoluciones/AUTOS%202011/?C=M;O=A HTTP/1.1" 200 593318
207.46.13.173 - - [19/Jan/2016:00:25:05 -0500] "GET /BLA/resoluciones/RESOLUCIONES%202012/?C=M;O=A HTTP/1.1" 200 165810
207.46.13.173 - - [19/Jan/2016:00:25:07 -0500] "GET /BLA/resoluciones/index.php?dir=RESOLUCIONES%202010/&sort=date&order=desc HTTP/1.1" 200 643019
186.114.46.190 - - [19/Jan/2016:00:25:11 -0500] "GET /galeria/nivo-slider/themes/default/arrows.png HTTP/1.1" 200 824
186.114.46.190 - - [19/Jan/2016:00:25:11 -0500] "GET /galeria/nivo-slider/themes/default/bullets.png HTTP/1.1" 200 1281
66.249.66.121 - - [19/Jan/2016:00:25:14 -0500] "GET /BLA/resoluciones/RESOLUCIONES%202011/3975.pdf HTTP/1.1" 200 796540
190.25.157.12 - - [19/Jan/2016:00:25:19 -0500] "POST /forms/lservlet;jsessionid=ac16012b30d73246728272a14518b416e3133013d3aa.e3iSbxaKaheRe38KbN0Rb34Mc3j0n6jAmljGr5XDqQLvpAe HTTP/1.1" 200 2
201.234.75.11 - - [19/Jan/2016:00:25:22 -0500] "GET /galeria/nivo-slider/demo/images/banner-redes.jpg HTTP/1.1" 304 -
181.61.46.47 - - [19/Jan/2016:00:25:40 -0500] "POST /forms/lservlet;jsessionid=ac16012b30d701a7c6af59774816a4e1cb78613c7683.e3iSbxaKaheRe38KbN0Rb34Mc3j0n6jAmljGr5XDqQLvpAe HTTP/1.1" 200 2
66.249.66.119 - - [19/Jan/2016:00:25:53 -0500] "GET /BLA/resoluciones/AUTOS%202014/2481.pdf HTTP/1.1" 200 358445
66.249.66.119 - - [19/Jan/2016:00:26:15 -0500] "GET /BLA/resoluciones/RESOLUCIONES%202009/1593.pdf HTTP/1.1" 200 646076
201.234.75.11 - - [19/Jan/2016:00:26:17 -0500] "GET /galeria/galeria/fotos/Movilizacion7P.jpg HTTP/1.1" 304 -
40.77.167.6 - - [19/Jan/2016:00:26:27 -0500] "GET /robots.txt HTTP/1.1" 404 1018
136.243.151.234 - - [19/Jan/2016:00:26:40 -0500] "GET /BLA/resoluciones/AUTOS%202006/AUTOS%202006%202301%20-%202400/00002338.tif HTTP/1.1" 200 56536
186.114.46.190 - - [19/Jan/2016:00:26:47 -0500] "GET /BLA/boletinlegal/js/jquery.scrollShow.js HTTP/1.1" 304 -
186.114.46.190 - - [19/Jan/2016:00:26:47 -0500] "GET /galeria/galeria/jquery.fancybox.js?v=2.1.5 HTTP/1.1" 304 -
186.114.46.190 - - [19/Jan/2016:00:26:47 -0500] "GET /galeria/galeria/jquery.fancybox.css?v=2.1.5 HTTP/1.1" 304 -
190.25.157.12 - - [19/Jan/2016:00:27:19 -0500] "POST /forms/lservlet;jsessionid=ac16012b30d73246728272a14518b416e3133013d3aa.e3iSbxaKaheRe38KbN0Rb34Mc3j0n6jAmljGr5XDqQLvpAe HTTP/1.1" 200 2
181.61.46.47 - - [19/Jan/2016:00:27:40 -0500] "POST /forms/lservlet;jsessionid=ac16012b30d701a7c6af59774816a4e1cb78613c7683.e3iSbxaKaheRe38KbN0Rb34Mc3j0n6jAmljGr5XDqQLvpAe HTTP/1.1" 200 2
69.162.124.233 - - [19/Jan/2016:00:28:09 -0500] "HEAD / HTTP/1.1" 200 -
66.249.66.50 - - [19/Jan/2016:00:28:18 -0500] "GET /SIG/Gesti%C3%B3n%20Ambiental/126PM03-PR10.pdf HTTP/1.1" 200 244426
207.46.13.173 - - [19/Jan/2016:00:29:02 -0500] "GET /galeria/galeria/jquery.fancybox.js?v=2.1.5 HTTP/1.1" 200 48706
190.156.56.218 - - [19/Jan/2016:00:29:17 -0500] "GET /BLA/boletinlegal/js/jquery.scrollShow.js HTTP/1.1" 200 4586
190.156.56.218 - - [19/Jan/2016:00:29:17 -0500] "GET /galeria/galeria/jquery.fancybox.css?v=2.1.5 HTTP/1.1" 200 4895
190.156.56.218 - - [19/Jan/2016:00:29:17 -0500] "GET /galeria/carrusel/Carrusel/jquery.thumbnailScroller.css HTTP/1.1" 200 2066
190.156.56.218 - - [19/Jan/2016:00:29:17 -0500] "GET /galeria/galeria/jquery.fancybox.js?v=2.1.5 HTTP/1.1" 200 48706
190.156.56.218 - - [19/Jan/2016:00:29:17 -0500] "GET /galeria/carrusel/Carrusel/jquery-ui-1.8.13.custom.min.js HTTP/1.1" 200 10800
190.156.56.218 - - [19/Jan/2016:00:29:17 -0500] "GET /galeria/carrusel/Carrusel/jquery.thumbnailScroller.js HTTP/1.1" 200 8157
190.25.157.12 - - [19/Jan/2016:00:29:19 -0500] "POST /forms/lservlet;jsessionid=ac16012b30d73246728272a14518b416e3133013d3aa.e3iSbxaKaheRe38KbN0Rb34Mc3j0n6jAmljGr5XDqQLvpAe HTTP/1.1" 200 2
66.249.66.47 - - [19/Jan/2016:00:29:20 -0500] "GET /BLA/boletinlegal/jurisprudencia/analisis/CUADRO%20ANALISIS%20SENTENCIA%20C-554%20DE%202007.doc HTTP/1.1" 304 -
190.156.56.218 - - [19/Jan/2016:00:29:21 -0500] "GET /galeria/nivo-slider/demo/demo.html HTTP/1.1" 200 3703
190.156.56.218 - - [19/Jan/2016:00:29:21 -0500] "GET /galeria/nivo-slider/themes/default/default.css HTTP/1.1" 200 1569
190.156.56.218 - - [19/Jan/2016:00:29:21 -0500] "GET /galeria/nivo-slider/themes/pascal/pascal.css HTTP/1.1" 200 2258
190.156.56.218 - - [19/Jan/2016:00:29:21 -0500] "GET /galeria/nivo-slider/themes/orman/orman.css HTTP/1.1" 200 2152
190.156.56.218 - - [19/Jan/2016:00:29:21 -0500] "GET /galeria/nivo-slider/nivo-slider.css HTTP/1.1" 200 1507
190.156.56.218 - - [19/Jan/2016:00:29:21 -0500] "GET /galeria/nivo-slider/demo/style.css HTTP/1.1" 200 2222
190.156.56.218 - - [19/Jan/2016:00:29:21 -0500] "GET /galeria/nivo-slider/demo/images/Convocatoria-CTPD-curvas-01.png HTTP/1.1" 200 565805
190.156.56.218 - - [19/Jan/2016:00:29:21 -0500] "GET /galeria/nivo-slider/demo/scripts/jquery-1.7.1.min.js HTTP/1.1" 200 93868
190.156.56.218 - - [19/Jan/2016:00:29:21 -0500] "GET /galeria/nivo-slider/jquery.nivo.slider.pack.js HTTP/1.1" 200 11561
190.156.56.218 - - [19/Jan/2016:00:29:21 -0500] "GET /galeria/nivo-slider/demo/images/ABC-Plan-de-contigencia.jpg HTTP/1.1" 200 423297
190.156.56.218 - - [19/Jan/2016:00:29:21 -0500] "GET /galeria/nivo-slider/demo/images/banner-llantas2015.jpg HTTP/1.1" 200 268366
190.156.56.218 - - [19/Jan/2016:00:29:21 -0500] "GET /galeria/nivo-slider/demo/images/4Simple_Slider.png HTTP/1.1" 200 11722
190.156.56.218 - - [19/Jan/2016:00:29:22 -0500] "GET /galeria/nivo-slider/themes/default/loading.gif HTTP/1.1" 200 1737
190.156.56.218 - - [19/Jan/2016:00:29:22 -0500] "GET /galeria/nivo-slider/demo/images/caminata-ecologica.jpg HTTP/1.1" 200 192926
190.156.56.218 - - [19/Jan/2016:00:29:25 -0500] "GET /galeria/nivo-slider/demo/images/Cmapana-onestidad.jpg HTTP/1.1" 200 141638
190.156.56.218 - - [19/Jan/2016:00:29:26 -0500] "GET /galeria/nivo-slider/demo/images/PREDAcamp.jpg HTTP/1.1" 200 295358
190.156.56.218 - - [19/Jan/2016:00:29:26 -0500] "GET /galeria/nivo-slider/demo/images/banner-llantas2.jpg HTTP/1.1" 200 234514
190.156.56.218 - - [19/Jan/2016:00:29:26 -0500] "GET /galeria/nivo-slider/demo/images/9Signos.jpg HTTP/1.1" 200 81776
190.156.56.218 - - [19/Jan/2016:00:29:29 -0500] "GET /galeria/nivo-slider/demo/images/Ruta-vertimientos-01.jpg HTTP/1.1" 200 130151
190.156.56.218 - - [19/Jan/2016:00:29:30 -0500] "GET /galeria/nivo-slider/demo/images/bolsas-06.jpg HTTP/1.1" 200 210950
190.156.56.218 - - [19/Jan/2016:00:29:30 -0500] "GET /galeria/nivo-slider/demo/images/ecolecta-Dic2014.png HTTP/1.1" 200 856487
190.156.56.218 - - [19/Jan/2016:00:29:33 -0500] "GET /galeria/nivo-slider/themes/default/bullets.png HTTP/1.1" 200 1281
190.156.56.218 - - [19/Jan/2016:00:29:35 -0500] "GET /galeria/nivo-slider/themes/default/arrows.png HTTP/1.1" 200 824
181.61.46.47 - - [19/Jan/2016:00:29:40 -0500] "POST /forms/lservlet;jsessionid=ac16012b30d701a7c6af59774816a4e1cb78613c7683.e3iSbxaKaheRe38KbN0Rb34Mc3j0n6jAmljGr5XDqQLvpAe HTTP/1.1" 200 2
200.118.214.225 - - [19/Jan/2016:00:30:05 -0500] "GET /BLA/boletinlegal/js/jquery.scrollShow.js HTTP/1.1" 200 4586
200.118.214.225 - - [19/Jan/2016:00:30:05 -0500] "GET /galeria/galeria/jquery.fancybox.js?v=2.1.5 HTTP/1.1" 200 48706
200.118.214.225 - - [19/Jan/2016:00:30:05 -0500] "GET /galeria/galeria/jquery.fancybox.css?v=2.1.5 HTTP/1.1" 200 4895
200.118.214.225 - - [19/Jan/2016:00:30:12 -0500] "GET /BLA/boletinlegal/js/jquery.scrollShow.js HTTP/1.1" 304 -
200.118.214.225 - - [19/Jan/2016:00:30:12 -0500] "GET /galeria/galeria/jquery.fancybox.js?v=2.1.5 HTTP/1.1" 304 -
200.118.214.225 - - [19/Jan/2016:00:30:12 -0500] "GET /galeria/galeria/jquery.fancybox.css?v=2.1.5 HTTP/1.1" 304 -
190.156.56.218 - - [19/Jan/2016:00:30:14 -0500] "GET /BLA/boletinlegal/style.css HTTP/1.1" 200 9406
190.156.56.218 - - [19/Jan/2016:00:30:14 -0500] "GET /BLA/boletinlegal/styles2.css HTTP/1.1" 200 1838
190.156.56.218 - - [19/Jan/2016:00:30:14 -0500] "GET /BLA/boletinlegal/js/jquery.js HTTP/1.1" 200 57254
190.156.56.218 - - [19/Jan/2016:00:30:14 -0500] "GET /BLA/boletinlegal/js/jquery.scrollTo-min.js HTTP/1.1" 200 1150
190.156.56.218 - - [19/Jan/2016:00:30:14 -0500] "GET /BLA/boletinlegal/images/cabezote%20BLEGAL.jpg HTTP/1.1" 200 118164
190.156.56.218 - - [19/Jan/2016:00:30:14 -0500] "GET /BLA/boletinlegal/images/nuevo.gif HTTP/1.1" 200 26475
190.156.56.218 - - [19/Jan/2016:00:30:14 -0500] "GET /BLA/boletinlegal/images/historia.png HTTP/1.1" 200 52775
190.156.56.218 - - [19/Jan/2016:00:30:14 -0500] "GET /BLA/boletinlegal/images/subscribe-icon-big.png HTTP/1.1" 200 47702
190.156.56.218 - - [19/Jan/2016:00:30:14 -0500] "GET /BLA/boletinlegal/images/arr_l.jpg HTTP/1.1" 200 1979
190.156.56.218 - - [19/Jan/2016:00:30:14 -0500] "GET /BLA/boletinlegal/images/body_bg.jpg HTTP/1.1" 200 1601
190.156.56.218 - - [19/Jan/2016:00:30:14 -0500] "GET /BLA/boletinlegal/images/menu_lft.gif HTTP/1.1" 200 1713
190.156.56.218 - - [19/Jan/2016:00:30:14 -0500] "GET /BLA/boletinlegal/images/menu_rght.gif HTTP/1.1" 200 1627
190.156.56.218 - - [19/Jan/2016:00:30:14 -0500] "GET /BLA/boletinlegal/images/bg_top.jpg HTTP/1.1" 200 522
190.156.56.218 - - [19/Jan/2016:00:30:14 -0500] "GET /BLA/boletinlegal/images/menu_bg.jpg HTTP/1.1" 200 620
190.156.56.218 - - [19/Jan/2016:00:30:14 -0500] "GET /BLA/boletinlegal/images/screen_1.png HTTP/1.1" 200 202547
190.156.56.218 - - [19/Jan/2016:00:30:14 -0500] "GET /BLA/boletinlegal/images/screen_2.png HTTP/1.1" 200 362502
190.156.56.218 - - [19/Jan/2016:00:30:14 -0500] "GET /BLA/boletinlegal/images/text.jpg HTTP/1.1" 200 568
190.156.56.218 - - [19/Jan/2016:00:30:15 -0500] "GET /BLA/boletinlegal/images/launch.jpg HTTP/1.1" 200 14577
190.156.56.218 - - [19/Jan/2016:00:30:15 -0500] "GET /BLA/boletinlegal/images/hover.jpg HTTP/1.1" 200 640
190.156.56.218 - - [19/Jan/2016:00:30:19 -0500] "GET /BLA/boletinlegal/images/screen_3.png HTTP/1.1" 200 210620
190.156.56.218 - - [19/Jan/2016:00:30:19 -0500] "GET /BLA/boletinlegal/images/screen_5.png HTTP/1.1" 200 368876
190.156.56.218 - - [19/Jan/2016:00:30:19 -0500] "GET /BLA/boletinlegal/images/arr_r.jpg HTTP/1.1" 200 1998
190.156.56.218 - - [19/Jan/2016:00:30:19 -0500] "GET /BLA/boletinlegal/images/pdf.gif HTTP/1.1" 200 567
190.156.56.218 - - [19/Jan/2016:00:30:19 -0500] "GET /BLA/boletinlegal/images/footer_bg.jpg HTTP/1.1" 200 586
190.156.56.218 - - [19/Jan/2016:00:30:33 -0500] "GET /BLA/boletinlegal/normativa.php HTTP/1.1" 200 7023
190.156.56.218 - - [19/Jan/2016:00:30:33 -0500] "GET /BLA/boletinlegal/js/ajax_normativa.js HTTP/1.1" 200 1154
190.156.56.218 - - [19/Jan/2016:00:30:33 -0500] "GET /BLA/boletinlegal/niceforms.js HTTP/1.1" 200 22876
190.156.56.218 - - [19/Jan/2016:00:30:33 -0500] "GET /BLA/boletinlegal/niceforms-default.css HTTP/1.1" 200 6694
190.156.56.218 - - [19/Jan/2016:00:30:33 -0500] "GET /BLA/boletinlegal/images/abajo.png HTTP/1.1" 200 96676
190.156.56.218 - - [19/Jan/2016:00:30:34 -0500] "GET /BLA/boletinlegal/images/footer_bg_l.jpg HTTP/1.1" 200 776
190.156.56.218 - - [19/Jan/2016:00:30:34 -0500] "GET /BLA/boletinlegal/img/0.png HTTP/1.1" 200 110
190.156.56.218 - - [19/Jan/2016:00:30:34 -0500] "GET /BLA/boletinlegal/img/button-right.png HTTP/1.1" 200 57878
190.156.56.218 - - [19/Jan/2016:00:30:34 -0500] "GET /BLA/boletinlegal/img/button-left.png HTTP/1.1" 200 57071
190.156.56.218 - - [19/Jan/2016:00:30:34 -0500] "GET /BLA/boletinlegal/img/button.png HTTP/1.1" 200 43241
190.156.56.218 - - [19/Jan/2016:00:30:34 -0500] "GET /BLA/boletinlegal/img/select-left.png HTTP/1.1" 200 263
190.156.56.218 - - [19/Jan/2016:00:30:34 -0500] "GET /favicon.ico HTTP/1.1" 200 7782
190.156.56.218 - - [19/Jan/2016:00:30:34 -0500] "GET /BLA/boletinlegal/img/select-right.png HTTP/1.1" 200 44019
190.156.56.218 - - [19/Jan/2016:00:30:43 -0500] "GET /BLA/boletinlegal/consulta_normativa.php?tipo=Ley&sector=Aire&ano=2015&resuelve= HTTP/1.1" 200 454
190.156.56.218 - - [19/Jan/2016:00:30:14 -0500] "GET /BLA/boletinlegal/index.php? HTTP/1.1" 200 32715
190.156.56.218 - - [19/Jan/2016:00:30:50 -0500] "GET /BLA/boletinlegal/conceptos.php HTTP/1.1" 200 6162
190.156.56.218 - - [19/Jan/2016:00:30:50 -0500] "GET /BLA/boletinlegal/js/ajax_conceptos.js HTTP/1.1" 200 1326
190.156.56.218 - - [19/Jan/2016:00:30:51 -0500] "GET /BLA/boletinlegal/jurisprudencia.php HTTP/1.1" 200 12511
190.156.56.218 - - [19/Jan/2016:00:30:52 -0500] "GET /BLA/boletinlegal/js/lib.js HTTP/1.1" 200 6474
190.156.56.218 - - [19/Jan/2016:00:30:52 -0500] "GET /BLA/boletinlegal/js/popup.js HTTP/1.1" 200 1270
190.156.56.218 - - [19/Jan/2016:00:30:52 -0500] "GET /BLA/boletinlegal/js/jquery1.js HTTP/1.1" 200 29846
190.156.56.218 - - [19/Jan/2016:00:30:52 -0500] "GET /BLA/boletinlegal/images/sub_ul_li.gif HTTP/1.1" 200 343
190.156.56.218 - - [19/Jan/2016:00:30:52 -0500] "GET /BLA/boletinlegal/images/hover.png HTTP/1.1" 200 59469
190.156.56.218 - - [19/Jan/2016:00:30:52 -0500] "GET /BLA/boletinlegal/images/jurisprudencia.png HTTP/1.1" 200 66721
190.156.56.218 - - [19/Jan/2016:00:30:54 -0500] "GET /BLA/boletinlegal/doctrina.php HTTP/1.1" 200 5010
190.156.56.218 - - [19/Jan/2016:00:30:55 -0500] "GET /BLA/boletinlegal/js/ajax_doctrina.js HTTP/1.1" 200 772
190.156.56.218 - - [19/Jan/2016:00:31:00 -0500] "GET /BLA/boletinlegal/consulta_doctrina.php?grupo=2 HTTP/1.1" 200 5554
190.156.56.218 - - [19/Jan/2016:00:31:01 -0500] "GET /BLA/boletinlegal/images/blurry.jpg HTTP/1.1" 200 27450
190.156.56.218 - - [19/Jan/2016:00:31:01 -0500] "GET /BLA/boletinlegal/images/back.png HTTP/1.1" 200 43992
190.156.56.218 - - [19/Jan/2016:00:31:19 -0500] "GET /BLA/boletinlegal/normativa.php HTTP/1.1" 200 7023
190.25.157.12 - - [19/Jan/2016:00:31:19 -0500] "POST /forms/lservlet;jsessionid=ac16012b30d73246728272a14518b416e3133013d3aa.e3iSbxaKaheRe38KbN0Rb34Mc3j0n6jAmljGr5XDqQLvpAe HTTP/1.1" 200 2
66.249.66.117 - - [19/Jan/2016:00:31:23 -0500] "GET /BLA/resoluciones/RESOLUCIONES%202010/4851.pdf HTTP/1.1" 200 754273
157.55.39.149 - - [19/Jan/2016:00:31:35 -0500] "GET /robots.txt HTTP/1.1" 404 1018
181.61.46.47 - - [19/Jan/2016:00:31:40 -0500] "POST /forms/lservlet;jsessionid=ac16012b30d701a7c6af59774816a4e1cb78613c7683.e3iSbxaKaheRe38KbN0Rb34Mc3j0n6jAmljGr5XDqQLvpAe HTTP/1.1" 200 2
190.156.56.218 - - [19/Jan/2016:00:31:23 -0500] "GET /BLA/boletinlegal/index.php HTTP/1.1" 200 20427
66.249.88.154 - - [19/Jan/2016:00:31:46 -0500] "GET /wp-content/uploads/2015/08/danos.png HTTP/1.1" 301 360
66.249.88.149 - - [19/Jan/2016:00:31:46 -0500] "GET /wp-content/uploads/2015/07/CUARTO.png HTTP/1.1" 301 361
66.249.88.159 - - [19/Jan/2016:00:31:46 -0500] "GET /wp-content/uploads/2015/07/TERCER.png HTTP/1.1" 301 361
66.249.88.149 - - [19/Jan/2016:00:31:46 -0500] "GET /wp-content/uploads/2015/08/fotos3b.png HTTP/1.1" 301 362
66.249.88.154 - - [19/Jan/2016:00:31:46 -0500] "GET /wp-content/uploads/2015/08/fotos1b.png HTTP/1.1" 301 362
66.249.88.159 - - [19/Jan/2016:00:31:46 -0500] "GET /wp-content/uploads/2015/08/banner2.png HTTP/1.1" 301 362
66.249.88.154 - - [19/Jan/2016:00:31:46 -0500] "GET /wp-content/uploads/2015/07/UNO.png HTTP/1.1" 301 358
66.249.88.159 - - [19/Jan/2016:00:31:46 -0500] "GET /wp-content/uploads/2015/08/fotos2b.png HTTP/1.1" 301 362
66.249.88.159 - - [19/Jan/2016:00:31:47 -0500] "GET /wp-content/uploads/2015/07/DOS.png HTTP/1.1" 301 358
201.234.75.11 - - [19/Jan/2016:00:32:20 -0500] "GET /galeria/nivo-slider/demo/images/AHORA-SI-LA-PAZ.jpg HTTP/1.1" 304 -
66.249.66.44 - - [19/Jan/2016:00:32:24 -0500] "GET /Anexos%20estudio%20Organizacional%20SDA/index.php?dir=ANEXO+No.+6+-+AN%C1LISIS+COMPARADO+DECRETOS+109+Y+175+2009+VRS.+ESTUDIO+SERAMBIENTE%2F HTTP/1.1" 200 2614
69.162.124.233 - - [19/Jan/2016:00:33:09 -0500] "HEAD / HTTP/1.1" 200 -
190.25.157.12 - - [19/Jan/2016:00:33:19 -0500] "POST /forms/lservlet;jsessionid=ac16012b30d73246728272a14518b416e3133013d3aa.e3iSbxaKaheRe38KbN0Rb34Mc3j0n6jAmljGr5XDqQLvpAe HTTP/1.1" 200 2
181.61.46.47 - - [19/Jan/2016:00:33:40 -0500] "POST /forms/lservlet;jsessionid=ac16012b30d701a7c6af59774816a4e1cb78613c7683.e3iSbxaKaheRe38KbN0Rb34Mc3j0n6jAmljGr5XDqQLvpAe HTTP/1.1" 200 2
66.249.66.121 - - [19/Jan/2016:00:33:55 -0500] "GET /BLA/resoluciones/RESOLUCIONES%202010/3867.pdf HTTP/1.1" 200 915908
66.249.66.117 - - [19/Jan/2016:00:33:57 -0500] "GET /galeria/nivo-slider/demo/images/Cmapana-onestidad.jpg HTTP/1.1" 304 -
66.249.66.121 - - [19/Jan/2016:00:34:27 -0500] "GET /BLA/resoluciones/AUTOS%202007/2150.pdf HTTP/1.1" 200 80582
207.46.13.111 - - [19/Jan/2016:00:35:00 -0500] "GET /SIG/Gestion%20Recursos%20Financieros/126PA02-PR29%20CONSTITUCION%20Y%20MANEJO%20CAJA%20MENOR.pdf HTTP/1.1" 200 412919
136.243.151.93 - - [19/Jan/2016:00:35:03 -0500] "GET /BLA/resoluciones/RESOLUCIONES%202004/RES%202004%202251-2300/00002273.tif HTTP/1.1" 200 139152
157.55.39.23 - - [19/Jan/2016:00:35:05 -0500] "GET /robots.txt HTTP/1.1" 404 1019
201.234.75.11 - - [19/Jan/2016:00:35:10 -0500] "GET /galeria/nivo-slider/demo/images/Arbol-banner2015.jpg HTTP/1.1" 304 -
201.234.75.11 - - [19/Jan/2016:00:35:18 -0500] "GET /galeria/nivo-slider/demo/images/monterrey.jpg HTTP/1.1" 304 -
190.25.157.12 - - [19/Jan/2016:00:35:19 -0500] "POST /forms/lservlet;jsessionid=ac16012b30d73246728272a14518b416e3133013d3aa.e3iSbxaKaheRe38KbN0Rb34Mc3j0n6jAmljGr5XDqQLvpAe HTTP/1.1" 200 2
66.249.66.121 - - [19/Jan/2016:00:35:29 -0500] "GET /BLA/resoluciones/RESOLUCIONES%202007/RES%202007%203801%20AL%203900/RESOLUCION%203821%20DE%202007.pdf HTTP/1.1" 200 65658
181.61.46.47 - - [19/Jan/2016:00:35:42 -0500] "POST /forms/lservlet;jsessionid=ac16012b30d701a7c6af59774816a4e1cb78613c7683.e3iSbxaKaheRe38KbN0Rb34Mc3j0n6jAmljGr5XDqQLvpAe HTTP/1.1" 200 2
66.249.66.117 - - [19/Jan/2016:00:36:30 -0500] "GET /BLA/resoluciones/RESOLUCIONES%202010/4992.pdf HTTP/1.1" 200 744548
201.234.75.11 - - [19/Jan/2016:00:36:37 -0500] "GET /galeria/nivo-slider/demo/images/Tunjuelo2014.jpg HTTP/1.1" 304 -
136.243.151.100 - - [19/Jan/2016:00:36:45 -0500] "GET /BLA/resoluciones/AUTOS%202006/AUTOS%202006%201-100/00000060.tif HTTP/1.1" 200 95212
68.180.230.190 - - [19/Jan/2016:00:37:06 -0500] "GET /robots.txt HTTP/1.1" 404 1018
68.180.230.190 - - [19/Jan/2016:00:37:06 -0500] "GET /php/ProyectosInversion/Componente%20de%20inversion%20Jun-2011.pdf HTTP/1.1" 404 1018
190.25.157.12 - - [19/Jan/2016:00:37:19 -0500] "POST /forms/lservlet;jsessionid=ac16012b30d73246728272a14518b416e3133013d3aa.e3iSbxaKaheRe38KbN0Rb34Mc3j0n6jAmljGr5XDqQLvpAe HTTP/1.1" 200 2
66.249.66.117 - - [19/Jan/2016:00:37:32 -0500] "GET /BLA/resoluciones/RESOLUCIONES%202009/2766.pdf HTTP/1.1" 200 543962
181.61.46.47 - - [19/Jan/2016:00:37:44 -0500] "POST /forms/lservlet;jsessionid=ac16012b30d701a7c6af59774816a4e1cb78613c7683.e3iSbxaKaheRe38KbN0Rb34Mc3j0n6jAmljGr5XDqQLvpAe HTTP/1.1" 200 2
69.162.124.233 - - [19/Jan/2016:00:38:15 -0500] "HEAD / HTTP/1.1" 200 -
66.249.66.119 - - [19/Jan/2016:00:38:33 -0500] "GET /BLA/resoluciones/RESOLUCIONES%202010/0251.pdf HTTP/1.1" 200 447329
201.234.75.11 - - [19/Jan/2016:00:38:45 -0500] "GET /videos/Ecolecta-posconsumo.flv HTTP/1.1" 304 -
136.243.153.206 - - [19/Jan/2016:00:39:12 -0500] "GET /BLA/resoluciones/RESOLUCIONES%202004/RES%202004%20251-300/00000269.tif HTTP/1.1" 200 209760
190.25.157.12 - - [19/Jan/2016:00:39:19 -0500] "POST /forms/lservlet;jsessionid=ac16012b30d73246728272a14518b416e3133013d3aa.e3iSbxaKaheRe38KbN0Rb34Mc3j0n6jAmljGr5XDqQLvpAe HTTP/1.1" 200 2
136.243.154.92 - - [19/Jan/2016:00:39:29 -0500] "GET /BLA/resoluciones/RESOLUCIONES%202002/RES%202002%201851-1900/20021863.tif HTTP/1.1" 200 99766
66.249.66.117 - - [19/Jan/2016:00:39:35 -0500] "GET /BLA/resoluciones/RESOLUCIONES%202009/4224.pdf HTTP/1.1" 200 692662
181.61.46.47 - - [19/Jan/2016:00:39:46 -0500] "POST /forms/lservlet;jsessionid=ac16012b30d701a7c6af59774816a4e1cb78613c7683.e3iSbxaKaheRe38KbN0Rb34Mc3j0n6jAmljGr5XDqQLvpAe HTTP/1.1" 200 2
190.26.210.162 - - [19/Jan/2016:00:40:19 -0500] "GET /BLA/boletinlegal/js/jquery.scrollTo-min.js HTTP/1.1" 200 1150
190.26.210.162 - - [19/Jan/2016:00:40:19 -0500] "GET /BLA/boletinlegal/js/jquery.scrollShow.js HTTP/1.1" 200 4586
190.26.210.162 - - [19/Jan/2016:00:40:19 -0500] "GET /galeria/galeria/jquery.fancybox.js?v=2.1.5 HTTP/1.1" 200 48706
190.26.210.162 - - [19/Jan/2016:00:40:19 -0500] "GET /galeria/galeria/jquery.fancybox.css?v=2.1.5 HTTP/1.1" 200 4895
190.26.210.162 - - [19/Jan/2016:00:40:34 -0500] "GET /galeria/nivo-slider/demo/demo.html HTTP/1.1" 200 3703
190.26.210.162 - - [19/Jan/2016:00:40:34 -0500] "GET /galeria/carrusel/Carrusel/jquery.thumbnailScroller.css HTTP/1.1" 200 2066
190.26.210.162 - - [19/Jan/2016:00:40:34 -0500] "GET /galeria/carrusel/Carrusel/jquery-ui- HTTP/1.1" 404 1018
190.26.210.162 - - [19/Jan/2016:00:40:35 -0500] "GET /galeria/carrusel/Carrusel/jquery.thumbnailScroller.js HTTP/1.1" 200 8157
66.249.66.119 - - [19/Jan/2016:00:40:37 -0500] "GET /BLA/resoluciones/RESOLUCIONES%202009/3043.pdf HTTP/1.1" 200 409388
136.243.154.68 - - [19/Jan/2016:00:40:39 -0500] "GET /BLA/resoluciones/RESOLUCIONES%202005/RES%202005%20151-200/00000174.tif HTTP/1.1" 200 168804
190.26.210.162 - - [19/Jan/2016:00:40:43 -0500] "GET /galeria/nivo-slider/demo/ HTTP/1.1" 200 2495
190.25.157.12 - - [19/Jan/2016:00:41:19 -0500] "POST /forms/lservlet;jsessionid=ac16012b30d73246728272a14518b416e3133013d3aa.e3iSbxaKaheRe38KbN0Rb34Mc3j0n6jAmljGr5XDqQLvpAe HTTP/1.1" 200 2
123.126.113.85 - - [19/Jan/2016:00:41:22 -0500] "GET /robots.txt HTTP/1.1" 404 1018
123.126.113.85 - - [19/Jan/2016:00:41:23 -0500] "GET /resoluciones/RESOLUCIONES%202009/0170.pdf HTTP/1.1" 404 1018
190.26.210.162 - - [19/Jan/2016:00:40:34 -0500] "GET /BLA/boletinlegal/index.php? HTTP/1.1" 200 51284
136.243.151.96 - - [19/Jan/2016:00:41:29 -0500] "GET /BLA/resoluciones/RESOLUCIONES%202003/RES%202003%202151-2189/20032151.tif HTTP/1.1" 200 206926
123.126.113.85 - - [19/Jan/2016:00:41:35 -0500] "GET /resoluciones/RESOLUCIONES%202009/0117.pdf HTTP/1.1" 404 1018
66.249.66.117 - - [19/Jan/2016:00:41:38 -0500] "GET /BLA/resoluciones/AUTOS%202011/2134.pdf HTTP/1.1" 200 104324
186.154.134.130 - - [19/Jan/2016:00:41:45 -0500] "GET /BLA/boletinlegal/js/jquery.scrollShow.js HTTP/1.1" 200 4586
186.154.134.130 - - [19/Jan/2016:00:41:45 -0500] "GET /galeria/carrusel/Carrusel/jquery.thumbnailScroller.css HTTP/1.1" 200 2066
186.154.134.130 - - [19/Jan/2016:00:41:45 -0500] "GET /galeria/carrusel/Carrusel/jquery-ui-1.8.13.custom.min.js HTTP/1.1" 200 10800
186.154.134.130 - - [19/Jan/2016:00:41:45 -0500] "GET /galeria/carrusel/Carrusel/jquery.thumbnailScroller.js HTTP/1.1" 200 8157
186.154.134.130 - - [19/Jan/2016:00:41:45 -0500] "GET /galeria/galeria/jquery.fancybox.js?v=2.1.5 HTTP/1.1" 200 48706
186.154.134.130 - - [19/Jan/2016:00:41:45 -0500] "GET /galeria/galeria/jquery.fancybox.css?v=2.1.5 HTTP/1.1" 200 4895
186.154.134.130 - - [19/Jan/2016:00:41:45 -0500] "GET /galeria/nivo-slider/demo/demo.html HTTP/1.1" 200 3703
186.154.134.130 - - [19/Jan/2016:00:41:45 -0500] "GET /galeria/nivo-slider/demo/style.css HTTP/1.1" 200 2222
186.154.134.130 - - [19/Jan/2016:00:41:45 -0500] "GET /galeria/nivo-slider/themes/pascal/pascal.css HTTP/1.1" 200 2258
186.154.134.130 - - [19/Jan/2016:00:41:45 -0500] "GET /galeria/nivo-slider/nivo-slider.css HTTP/1.1" 200 1507
186.154.134.130 - - [19/Jan/2016:00:41:45 -0500] "GET /galeria/nivo-slider/themes/orman/orman.css HTTP/1.1" 200 2152
186.154.134.130 - - [19/Jan/2016:00:41:45 -0500] "GET /galeria/nivo-slider/themes/default/default.css HTTP/1.1" 200 1569
186.154.134.130 - - [19/Jan/2016:00:41:45 -0500] "GET /galeria/nivo-slider/demo/scripts/jquery-1.7.1.min.js HTTP/1.1" 200 93868
186.154.134.130 - - [19/Jan/2016:00:41:45 -0500] "GET /galeria/nivo-slider/jquery.nivo.slider.pack.js HTTP/1.1" 200 11561
186.154.134.130 - - [19/Jan/2016:00:41:46 -0500] "GET /galeria/nivo-slider/demo/images/4Simple_Slider.png HTTP/1.1" 200 11722
181.61.46.47 - - [19/Jan/2016:00:41:46 -0500] "POST /forms/lservlet;jsessionid=ac16012b30d701a7c6af59774816a4e1cb78613c7683.e3iSbxaKaheRe38KbN0Rb34Mc3j0n6jAmljGr5XDqQLvpAe HTTP/1.1" 200 2
186.154.134.130 - - [19/Jan/2016:00:41:50 -0500] "GET /galeria/nivo-slider/demo/images/ABC-Plan-de-contigencia.jpg HTTP/1.1" 200 423297
186.154.134.130 - - [19/Jan/2016:00:41:50 -0500] "GET /galeria/nivo-slider/demo/images/Convocatoria-CTPD-curvas-01.png HTTP/1.1" 200 565805
186.154.134.130 - - [19/Jan/2016:00:41:50 -0500] "GET /galeria/nivo-slider/demo/images/banner-llantas2015.jpg HTTP/1.1" 200 268366
186.154.134.130 - - [19/Jan/2016:00:41:50 -0500] "GET /galeria/nivo-slider/demo/images/caminata-ecologica.jpg HTTP/1.1" 200 192926
186.154.134.130 - - [19/Jan/2016:00:41:50 -0500] "GET /galeria/nivo-slider/themes/default/loading.gif HTTP/1.1" 200 1737
186.154.134.130 - - [19/Jan/2016:00:41:51 -0500] "GET /galeria/nivo-slider/demo/images/Cmapana-onestidad.jpg HTTP/1.1" 200 141638
186.154.134.130 - - [19/Jan/2016:00:41:51 -0500] "GET /galeria/nivo-slider/demo/images/PREDAcamp.jpg HTTP/1.1" 200 295358
186.154.134.130 - - [19/Jan/2016:00:41:51 -0500] "GET /galeria/nivo-slider/demo/images/banner-llantas2.jpg HTTP/1.1" 200 234514
186.154.134.130 - - [19/Jan/2016:00:41:51 -0500] "GET /galeria/nivo-slider/demo/images/9Signos.jpg HTTP/1.1" 200 81776
186.154.134.130 - - [19/Jan/2016:00:41:51 -0500] "GET /galeria/nivo-slider/demo/images/Ruta-vertimientos-01.jpg HTTP/1.1" 200 130151
186.154.134.130 - - [19/Jan/2016:00:41:51 -0500] "GET /galeria/nivo-slider/demo/images/bolsas-06.jpg HTTP/1.1" 200 210950
186.154.134.130 - - [19/Jan/2016:00:41:51 -0500] "GET /galeria/nivo-slider/demo/images/ecolecta-Dic2014.png HTTP/1.1" 200 856487
186.154.134.130 - - [19/Jan/2016:00:41:55 -0500] "GET /galeria/nivo-slider/themes/default/arrows.png HTTP/1.1" 200 824
186.154.134.130 - - [19/Jan/2016:00:41:55 -0500] "GET /galeria/nivo-slider/themes/default/bullets.png HTTP/1.1" 200 1281
66.249.66.117 - - [19/Jan/2016:00:41:56 -0500] "GET /BLA/resoluciones/RESOLUCIONES%202012/1391.pdf HTTP/1.1" 200 1005571
190.26.210.162 - - [19/Jan/2016:00:42:12 -0500] "GET /galeria/juegos/ear/EARI.swf HTTP/1.1" 304 -
190.26.210.162 - - [19/Jan/2016:00:42:28 -0500] "GET /videos/galeria-cronicas/1V3wnplaylist.htm? HTTP/1.1" 200 4013
190.26.210.162 - - [19/Jan/2016:00:42:28 -0500] "GET /videos/galeria-cronicas/ HTTP/1.1" 200 3979
66.249.66.121 - - [19/Jan/2016:00:42:40 -0500] "GET /BLA/resoluciones/RESOLUCIONES%202008/0920.pdf HTTP/1.1" 200 218338
190.26.185.4 - - [19/Jan/2016:00:42:42 -0500] "GET /galeria/carrusel/Carrusel/jquery.thumbnailScroller.css HTTP/1.1" 200 2066
190.26.185.4 - - [19/Jan/2016:00:42:42 -0500] "GET /galeria/carrusel/Carrusel/jquery-ui-1.8.13.custom.min.js HTTP/1.1" 200 10800
190.26.185.4 - - [19/Jan/2016:00:42:42 -0500] "GET /galeria/carrusel/Carrusel/jquery.thumbnailScroller.js HTTP/1.1" 200 8157
190.26.185.4 - - [19/Jan/2016:00:42:42 -0500] "GET /galeria/galeria/jquery.fancybox.js?v=2.1.5 HTTP/1.1" 200 48706
190.26.185.4 - - [19/Jan/2016:00:42:42 -0500] "GET /BLA/boletinlegal/js/jquery.scrollShow.js HTTP/1.1" 200 4586
190.26.185.4 - - [19/Jan/2016:00:42:42 -0500] "GET /galeria/galeria/jquery.fancybox.css?v=2.1.5 HTTP/1.1" 200 4895
190.26.185.4 - - [19/Jan/2016:00:42:44 -0500] "GET /galeria/nivo-slider/demo/demo.html HTTP/1.1" 200 3703
190.26.185.4 - - [19/Jan/2016:00:42:44 -0500] "GET /galeria/nivo-slider/themes/default/default.css HTTP/1.1" 200 1569
190.26.185.4 - - [19/Jan/2016:00:42:44 -0500] "GET /galeria/nivo-slider/themes/pascal/pascal.css HTTP/1.1" 200 2258
190.26.185.4 - - [19/Jan/2016:00:42:44 -0500] "GET /galeria/nivo-slider/themes/orman/orman.css HTTP/1.1" 200 2152
190.26.185.4 - - [19/Jan/2016:00:42:44 -0500] "GET /galeria/nivo-slider/demo/scripts/jquery-1.7.1.min.js HTTP/1.1" 200 93868
190.26.185.4 - - [19/Jan/2016:00:42:44 -0500] "GET /galeria/nivo-slider/jquery.nivo.slider.pack.js HTTP/1.1" 200 11561
190.26.185.4 - - [19/Jan/2016:00:42:44 -0500] "GET /galeria/nivo-slider/demo/images/ABC-Plan-de-contigencia.jpg HTTP/1.1" 200 423297
190.26.185.4 - - [19/Jan/2016:00:42:44 -0500] "GET /galeria/nivo-slider/demo/style.css HTTP/1.1" 200 2222
190.26.185.4 - - [19/Jan/2016:00:42:44 -0500] "GET /galeria/nivo-slider/demo/images/Convocatoria-CTPD-curvas-01.png HTTP/1.1" 200 565805
190.26.185.4 - - [19/Jan/2016:00:42:44 -0500] "GET /galeria/nivo-slider/nivo-slider.css HTTP/1.1" 200 1507
190.26.185.4 - - [19/Jan/2016:00:42:44 -0500] "GET /galeria/nivo-slider/demo/images/banner-llantas2015.jpg HTTP/1.1" 200 268366
190.26.185.4 - - [19/Jan/2016:00:42:44 -0500] "GET /galeria/nivo-slider/demo/images/caminata-ecologica.jpg HTTP/1.1" 200 192926
190.26.185.4 - - [19/Jan/2016:00:42:46 -0500] "GET /galeria/nivo-slider/demo/images/Cmapana-onestidad.jpg HTTP/1.1" 200 141638
190.26.185.4 - - [19/Jan/2016:00:42:48 -0500] "GET /galeria/nivo-slider/demo/images/PREDAcamp.jpg HTTP/1.1" 200 295358
190.26.185.4 - - [19/Jan/2016:00:42:51 -0500] "GET /galeria/nivo-slider/demo/images/banner-llantas2.jpg HTTP/1.1" 200 234514
