190.145.89.228 - - [22/Jan/2016:07:59:53 -0500] "GET /ecodirectorio/files/res/pages/page_0153.swf HTTP/1.1" 200 375405
190.145.89.228 - - [22/Jan/2016:07:59:54 -0500] "GET /ecodirectorio/files/res/pages/page_0154.swf HTTP/1.1" 200 283083
190.145.89.228 - - [22/Jan/2016:07:59:55 -0500] "GET /ecodirectorio/files/res/pages/page_0155.swf HTTP/1.1" 200 272801
190.145.89.228 - - [22/Jan/2016:07:59:55 -0500] "GET /ecodirectorio/files/res/pages/page_0156.swf HTTP/1.1" 200 305874
190.145.89.228 - - [22/Jan/2016:07:59:55 -0500] "GET /ecodirectorio/files/res/pages/page_0157.swf HTTP/1.1" 200 322211
190.145.89.228 - - [22/Jan/2016:07:59:55 -0500] "GET /ecodirectorio/files/res/pages/page_0158.swf HTTP/1.1" 200 318727
190.145.89.228 - - [22/Jan/2016:07:59:56 -0500] "GET /ecodirectorio/files/res/pages/page_0159.swf HTTP/1.1" 200 339244
190.145.89.228 - - [22/Jan/2016:07:59:56 -0500] "GET /ecodirectorio/files/res/pages/page_0160.swf HTTP/1.1" 200 315903
201.245.192.253 - - [22/Jan/2016:07:59:57 -0500] "POST /IsolucionSDA/IdentificaUsuario.asp?Pagina1=FrameSetGeneral.asp& HTTP/1.1" 302 173
201.245.192.253 - - [22/Jan/2016:07:59:57 -0500] "GET /IsolucionSDA/FrameSetGeneral.asp?Pagina1=FrameSetGeneral.asp& HTTP/1.1" 200 6485
201.245.192.253 - - [22/Jan/2016:07:59:57 -0500] "GET /IsolucionSDA/Encabezado.asp?Pagina1=FrameSetGeneral.asp&&Pagina=MagazinHome.asp HTTP/1.1" 200 15511
201.245.192.253 - - [22/Jan/2016:07:59:58 -0500] "GET /IsolucionSDA/g/Bot_Anterior.jpg HTTP/1.1" 200 1797
201.245.192.253 - - [22/Jan/2016:07:59:58 -0500] "GET /IsolucionSDA/g/Bot_Home.jpg HTTP/1.1" 200 1936
201.245.192.253 - - [22/Jan/2016:07:59:58 -0500] "GET /IsolucionSDA/g/Bgr_BarraBotPrins.jpg HTTP/1.1" 200 944
201.245.192.253 - - [22/Jan/2016:07:59:58 -0500] "GET /IsolucionSDA/g/Bot_Siguiente.jpg HTTP/1.1" 200 1727
201.245.192.253 - - [22/Jan/2016:07:59:58 -0500] "GET /IsolucionSDA/g/Img_LogoIsoCabezote.jpg HTTP/1.1" 200 7960
201.245.192.253 - - [22/Jan/2016:07:59:58 -0500] "GET /IsolucionSDA/g/Bot_Administrador.jpg HTTP/1.1" 200 1694
201.245.192.253 - - [22/Jan/2016:07:59:58 -0500] "GET /IsolucionSDA/g/Bot_Glosario.jpg HTTP/1.1" 200 1989
201.245.192.253 - - [22/Jan/2016:07:59:58 -0500] "GET /IsolucionSDA/g/Bot_Imprimir.jpg HTTP/1.1" 200 1838
201.245.192.253 - - [22/Jan/2016:07:59:58 -0500] "GET /IsolucionSDA/g/Bot_Ayuda.jpg HTTP/1.1" 200 1702
201.245.192.253 - - [22/Jan/2016:07:59:58 -0500] "GET /IsolucionSDA/g/Img_DivVertBarraSup.jpg HTTP/1.1" 200 810
201.245.192.253 - - [22/Jan/2016:07:59:58 -0500] "GET /IsolucionSDA/g/Bot_Cerrar.jpg HTTP/1.1" 200 1944
201.245.192.253 - - [22/Jan/2016:07:59:58 -0500] "GET /IsolucionSDA/g/Bot_Manual_ESP.jpg HTTP/1.1" 200 4512
201.245.192.253 - - [22/Jan/2016:07:59:58 -0500] "GET /IsolucionSDA/g/Bot_Procesos_ESP.jpg HTTP/1.1" 200 4441
201.245.192.253 - - [22/Jan/2016:07:59:58 -0500] "GET /IsolucionSDA/g/Bot_Documentos_ESP.jpg HTTP/1.1" 200 5825
201.245.192.253 - - [22/Jan/2016:07:59:58 -0500] "GET /IsolucionSDA/g/Bot_Indicadores_ESP.jpg HTTP/1.1" 200 5267
201.245.192.253 - - [22/Jan/2016:07:59:57 -0500] "GET /IsolucionSDA/BarraFavoritos.asp HTTP/1.1" 200 911
201.245.192.253 - - [22/Jan/2016:07:59:58 -0500] "GET /IsolucionSDA/Session.asp?Continue=1 HTTP/1.1" 200 6195
201.245.192.253 - - [22/Jan/2016:07:59:58 -0500] "GET /IsolucionSDA/g/Bot_Mejoramiento_ESP.jpg HTTP/1.1" 200 5904
201.245.192.253 - - [22/Jan/2016:07:59:58 -0500] "GET /IsolucionSDA/g/Bot_RiesgosDaft_ESP.jpg HTTP/1.1" 200 2616
201.245.192.253 - - [22/Jan/2016:07:59:57 -0500] "GET /IsolucionSDA/MagazinHome.asp HTTP/1.1" 200 28468
201.245.192.253 - - [22/Jan/2016:07:59:58 -0500] "GET /IsolucionSDA/g/Bot_ProveedoresOff_ESP.jpg HTTP/1.1" 200 3801
201.245.192.253 - - [22/Jan/2016:07:59:58 -0500] "GET /IsolucionSDA/g/Bot_TalentoOff_ESP.jpg HTTP/1.1" 200 3258
201.245.192.253 - - [22/Jan/2016:07:59:58 -0500] "GET /IsolucionSDA/g/Bot_Tareas_ESP.jpg HTTP/1.1" 200 4242
201.245.192.253 - - [22/Jan/2016:07:59:58 -0500] "GET /IsolucionSDA/g/Bot_Calibracion_ESP.jpg HTTP/1.1" 200 5594
201.245.192.253 - - [22/Jan/2016:07:59:58 -0500] "GET /IsolucionSDA/g/Bot_Meci_ESP.jpg HTTP/1.1" 200 4380
201.245.192.253 - - [22/Jan/2016:07:59:58 -0500] "GET /IsolucionSDA/g/Bgr_BarraInferior.jpg HTTP/1.1" 200 398
201.245.192.253 - - [22/Jan/2016:07:59:58 -0500] "GET /IsolucionSDA/g/Img_LogoIcono.jpg HTTP/1.1" 200 7870
201.245.192.253 - - [22/Jan/2016:07:59:58 -0500] "GET /IsolucionSDA/g/Bgr_BarraMediaHome.jpg HTTP/1.1" 200 446
201.245.192.253 - - [22/Jan/2016:07:59:58 -0500] "GET /IsolucionSDA/g/Bgr_TituloCabezote3.jpg HTTP/1.1" 200 841
201.245.192.253 - - [22/Jan/2016:07:59:58 -0500] "GET /IsolucionSDA/TareasSFRedirect.asp HTTP/1.1" 302 195
201.245.192.253 - - [22/Jan/2016:07:59:58 -0500] "GET /IsolucionSDA/g/Bullet_PuntoAzul.gif HTTP/1.1" 200 75
201.245.192.253 - - [22/Jan/2016:07:59:58 -0500] "GET /IsolucionSDA/g/GifTransparente.gif HTTP/1.1" 200 51
201.245.192.253 - - [22/Jan/2016:07:59:58 -0500] "GET /IsolucionSDA/g/Bgr_Destacado3399CC.jpg HTTP/1.1" 404 1245
201.245.192.253 - - [22/Jan/2016:07:59:58 -0500] "GET /IsolucionSDA/g/Img_LineaPunteada.gif HTTP/1.1" 200 123
201.245.192.253 - - [22/Jan/2016:07:59:58 -0500] "GET /IsolucionSDA/g/Bullet_FlechaAzul.gif HTTP/1.1" 200 72
201.245.192.253 - - [22/Jan/2016:07:59:58 -0500] "GET /IsolucionSDA/g/Bot_ClientesOff_ESP.jpg HTTP/1.1" 200 2917
201.245.192.253 - - [22/Jan/2016:07:59:58 -0500] "GET /IsolucionSDA/g/Bot_SySOOff_ESP.jpg HTTP/1.1" 200 3270
201.245.192.253 - - [22/Jan/2016:07:59:58 -0500] "GET /IsolucionSDA/g/Bot_Ambiental_ESP.jpg HTTP/1.1" 200 5259
201.245.192.253 - - [22/Jan/2016:07:59:58 -0500] "GET /IsolucionSDA/g/Bot_RiesgosDaftOver_ESP.jpg HTTP/1.1" 200 5255
201.245.192.253 - - [22/Jan/2016:07:59:58 -0500] "GET /IsolucionSDA/g/Bot_IndicadoresOver_ESP.jpg HTTP/1.1" 200 5413
201.245.192.253 - - [22/Jan/2016:07:59:58 -0500] "GET /IsolucionSDA/g/Bot_DocumentosOver_ESP.jpg HTTP/1.1" 200 5899
201.245.192.253 - - [22/Jan/2016:07:59:59 -0500] "GET /IsolucionSDA/FrameSetGeneral.asp?Pagina=Menu.asp&IdModulo=4 HTTP/1.1" 200 6455
201.245.192.253 - - [22/Jan/2016:07:59:59 -0500] "GET /IsolucionSDA/Encabezado.asp?Pagina=Menu.asp&IdModulo=4 HTTP/1.1" 200 15512
201.245.192.253 - - [22/Jan/2016:07:59:59 -0500] "GET /IsolucionSDA/BarraTitulos.asp?Pagina=Menu.asp&IdModulo=4 HTTP/1.1" 200 6857
201.245.192.253 - - [22/Jan/2016:07:59:58 -0500] "GET /IsolucionSDA/Login.aspx?TARGET=SFContainerFiltrado.aspx&number=70576752566766704565 HTTP/1.1" 302 886
201.245.192.253 - - [22/Jan/2016:07:59:59 -0500] "GET /IsolucionSDA/BarraFavoritos.asp HTTP/1.1" 200 911
201.245.192.253 - - [22/Jan/2016:07:59:59 -0500] "GET /IsolucionSDA/Menu.asp?Pagina=Menu.asp&IdModulo=4 HTTP/1.1" 200 17869
201.245.192.253 - - [22/Jan/2016:07:59:59 -0500] "GET /IsolucionSDA/Session.asp?Continue=1 HTTP/1.1" 200 6195
201.245.192.253 - - [22/Jan/2016:07:59:59 -0500] "GET /IsolucionSDA/g/Bgr_BarraCurva.jpg HTTP/1.1" 200 374
201.245.192.253 - - [22/Jan/2016:07:59:59 -0500] "GET /IsolucionSDA/g/Bgr_BarraCurva2.jpg HTTP/1.1" 200 409
201.245.192.253 - - [22/Jan/2016:07:59:59 -0500] "GET /IsolucionSDA/g/Img_BordeTitulo01.jpg HTTP/1.1" 200 444
201.245.192.253 - - [22/Jan/2016:07:59:59 -0500] "GET /IsolucionSDA/g/Img_BarraCurva.jpg HTTP/1.1" 200 1826
201.245.192.253 - - [22/Jan/2016:07:59:59 -0500] "GET /IsolucionSDA/g/MenuIcono/ico_doc.jpg HTTP/1.1" 200 3103
201.245.192.253 - - [22/Jan/2016:07:59:59 -0500] "GET /IsolucionSDA/g/MenuIcono/ico_obj_287.jpg HTTP/1.1" 200 1871
201.245.192.253 - - [22/Jan/2016:07:59:59 -0500] "GET /IsolucionSDA/g/MenuIcono/ico_obj_286.jpg HTTP/1.1" 200 1458
201.245.192.253 - - [22/Jan/2016:07:59:59 -0500] "GET /IsolucionSDA/g/Img_BordeTitulo02.jpg HTTP/1.1" 200 451
201.245.192.253 - - [22/Jan/2016:07:59:59 -0500] "GET /IsolucionSDA/g/MenuIcono/ico_obj_2.jpg HTTP/1.1" 200 1327
201.245.192.253 - - [22/Jan/2016:07:59:59 -0500] "GET /IsolucionSDA/g/MenuIcono/ico_obj_3.jpg HTTP/1.1" 200 1853
201.245.192.253 - - [22/Jan/2016:07:59:59 -0500] "GET /IsolucionSDA/g/MenuIcono/ico_obj_302.jpg HTTP/1.1" 200 2467
201.245.192.253 - - [22/Jan/2016:08:00:00 -0500] "GET /IsolucionSDA/FrameSetGeneral.asp?Pagina=ListadoMaestroDocumentos3.asp HTTP/1.1" 200 6506
201.245.192.253 - - [22/Jan/2016:08:00:00 -0500] "GET /IsolucionSDA/Encabezado.asp?Pagina=ListadoMaestroDocumentos3.asp HTTP/1.1" 200 15487
201.245.192.253 - - [22/Jan/2016:08:00:00 -0500] "GET /IsolucionSDA/BarraTitulos.asp?Pagina=ListadoMaestroDocumentos3.asp HTTP/1.1" 200 6857
201.245.192.253 - - [22/Jan/2016:08:00:00 -0500] "GET /IsolucionSDA/ListadoMaestroDocumentos3.asp?Pagina=ListadoMaestroDocumentos3.asp HTTP/1.1" 200 11591
201.245.192.253 - - [22/Jan/2016:08:00:00 -0500] "GET /IsolucionSDA/BarraFavoritos.asp HTTP/1.1" 200 911
201.245.192.253 - - [22/Jan/2016:08:00:00 -0500] "GET /IsolucionSDA/Session.asp?Continue=1 HTTP/1.1" 200 6195
201.245.192.253 - - [22/Jan/2016:08:00:06 -0500] "GET /IsolucionSDA/Jerarquia.asp?Tabla=Proceso&Form=Admon&CampoDisplay=ProcesoDisplayObjetoProceso&CampoHidden=Proceso&bSubmit=True&items= HTTP/1.1" 200 10481
201.245.192.253 - - [22/Jan/2016:08:00:08 -0500] "POST /IsolucionSDA/Jerarquia.asp HTTP/1.1" 200 7987
201.245.192.253 - - [22/Jan/2016:08:00:08 -0500] "POST /IsolucionSDA/ListadoMaestroDocumentos3.asp HTTP/1.1" 200 17916
201.245.192.253 - - [22/Jan/2016:07:59:51 -0500] "GET /IsolucionSDA/g/Img_LogoIsoCabezote.jpg HTTP/1.1" 502 1376
201.245.192.253 - - [22/Jan/2016:08:00:11 -0500] "GET /IsolucionSDA/FramesetArticulo.asp?Pagina=BancoConocimiento%2FC%2FControlySeguimientoaelementosdePublicidadExteriorVisual%5Fv4%2FControlySeguimientoaelementosdePublicidadExteriorVisual%5Fv4%2Easp&IdArticulo=6944 HTTP/1.1" 200 7421
201.245.192.253 - - [22/Jan/2016:08:00:11 -0500] "GET /IsolucionSDA/Arriba.asp?Pagina=BancoConocimiento%2FC%2FControlySeguimientoaelementosdePublicidadExteriorVisual%5Fv4%2FControlySeguimientoaelementosdePublicidadExteriorVisual%5Fv4%2Easp&IdArticulo=6944 HTTP/1.1" 200 10559
201.245.192.253 - - [22/Jan/2016:08:00:11 -0500] "GET /IsolucionSDA/StyleSheet.css HTTP/1.1" 200 4664
201.245.192.253 - - [22/Jan/2016:08:00:11 -0500] "GET /IsolucionSDA/g/icono_noconformidad.jpg HTTP/1.1" 200 1235
201.245.192.253 - - [22/Jan/2016:08:00:11 -0500] "GET /IsolucionSDA/g/icono_alerta.jpg HTTP/1.1" 200 1448
201.245.192.253 - - [22/Jan/2016:08:00:11 -0500] "GET /IsolucionSDA/BancoConocimiento/C/ControlySeguimientoaelementosdePublicidadExteriorVisual_v4/ControlySeguimientoaelementosdePublicidadExteriorVisual_v4.asp?IdArticulo=6944 HTTP/1.1" 200 121914
181.61.46.47 - - [22/Jan/2016:08:00:12 -0500] "POST /forms/lservlet;jsessionid=ac16012b30d62a5a45a06c74484c80008860709913c2.e3iSbxaKaheRe38La3yQa3eLbh90n6jAmljGr5XDqQLvpAe HTTP/1.1" 200 2
201.245.192.253 - - [22/Jan/2016:07:59:57 -0500] "GET /IsolucionSDA/BarraTitulos.asp?Pagina1=FrameSetGeneral.asp&&Pagina=MagazinHome.asp HTTP/1.1" 200 -
201.245.192.253 - - [22/Jan/2016:08:00:17 -0500] "GET /isolucionsda/Session.asp HTTP/1.1" 200 6406
201.245.192.253 - - [22/Jan/2016:08:00:18 -0500] "GET /isolucionsda/SesionExpira.asp HTTP/1.1" 200 7438
201.245.192.253 - - [22/Jan/2016:08:00:18 -0500] "GET /isolucionsda/SesionNeutra.asp HTTP/1.1" 200 243
192.168.169.70 - - [22/Jan/2016:08:00:19 -0500] "GET /BLA/boletinlegal/consulta_actos.php?tipo=resoluciones&no=1736&usuario=&sector=&fecha=2008&resuelve= HTTP/1.1" 200 1059
51.255.65.75 - - [22/Jan/2016:08:00:21 -0500] "GET /BLA/resoluciones/AUTOS%202006/AUTOS%202006%202101%20-%202200/00002165.tif HTTP/1.1" 200 56744
201.245.192.253 - - [22/Jan/2016:08:00:33 -0500] "GET /BLA/resoluciones/RESOLUCIONES%202008/1736.pdf HTTP/1.1" 200 349237
66.249.64.101 - - [22/Jan/2016:08:00:49 -0500] "GET /BLA/resoluciones/RESOLUCIONES%202007/RES%202007%204101%20AL%204200/RESOLUCION%204179%20DE%202007.pdf HTTP/1.1" 200 1763306
181.129.89.19 - - [22/Jan/2016:08:01:23 -0500] "POST /forms/lservlet;jsessionid=ac16012b30d65003600f064d4839b5999562d2f5ebe4.e3iSbxaKaheRe38La3yQa3eLbh90n6jAmljGr5XDqQLvpAe HTTP/1.1" 200 2
192.168.169.70 - - [22/Jan/2016:08:01:32 -0500] "GET /BLA/boletinlegal/consulta_actos.php?tipo=resoluciones&no=1738&usuario=&sector=&fecha=2008&resuelve= HTTP/1.1" 200 1054
66.249.64.24 - - [22/Jan/2016:08:01:39 -0500] "GET / HTTP/1.1" 301 324
201.245.192.253 - - [22/Jan/2016:08:01:39 -0500] "GET /BLA/resoluciones/RESOLUCIONES%202008/1738.pdf HTTP/1.1" 200 396947
192.168.169.70 - - [22/Jan/2016:08:02:07 -0500] "GET /BLA/boletinlegal/consulta_actos.php?tipo=resoluciones&no=1740&usuario=&sector=&fecha=2008&resuelve= HTTP/1.1" 200 1058
201.245.192.253 - - [22/Jan/2016:08:02:10 -0500] "GET /BLA/resoluciones/RESOLUCIONES%202008/1740.pdf HTTP/1.1" 200 374771
181.61.46.47 - - [22/Jan/2016:08:02:12 -0500] "POST /forms/lservlet;jsessionid=ac16012b30d62a5a45a06c74484c80008860709913c2.e3iSbxaKaheRe38La3yQa3eLbh90n6jAmljGr5XDqQLvpAe HTTP/1.1" 200 2
201.234.75.11 - - [22/Jan/2016:08:02:13 -0500] "GET /galeria/galeria/fotos/Movilizacion4P.jpg HTTP/1.1" 304 -
201.245.192.253 - - [22/Jan/2016:08:02:18 -0500] "GET /isolucionsda/SesionTermina.asp HTTP/1.1" 200 388
201.245.192.253 - - [22/Jan/2016:08:02:18 -0500] "GET /isolucionsda/Errores/SesionExpirada.asp? HTTP/1.1" 200 6726
66.249.64.101 - - [22/Jan/2016:08:02:23 -0500] "GET /BLA/resoluciones/RESOLUCIONES%202007/RES%202007%201101%20AL%201200/RESOLUCION%201197%20DE%202007.pdf HTTP/1.1" 200 381698
192.168.169.70 - - [22/Jan/2016:08:02:35 -0500] "GET /BLA/boletinlegal/consulta_actos.php?tipo=resoluciones&no=1749&usuario=&sector=&fecha=2008&resuelve= HTTP/1.1" 200 1056
201.245.192.253 - - [22/Jan/2016:08:02:37 -0500] "GET /BLA/resoluciones/RESOLUCIONES%202008/1749.pdf HTTP/1.1" 200 373848
207.46.13.170 - - [22/Jan/2016:08:02:51 -0500] "GET /stormWeb/ HTTP/1.1" 404 1018
181.48.226.50 - - [22/Jan/2016:08:02:57 -0500] "GET /BLA/resoluciones/RESOLUCIONES%202007/RES%202007%204101%20AL%204200/RESOLUCION%204106%20DE%202007.pdf HTTP/1.1" 200 446454
181.48.226.50 - - [22/Jan/2016:08:02:58 -0500] "GET /favicon.ico HTTP/1.1" 200 7782
201.245.192.253 - - [22/Jan/2016:08:02:58 -0500] "GET /IsolucionSDA/FramesetArticulo.asp?Pagina=BancoConocimiento%2FR%2FRequerimientotecnicoseguimientoycontrolalasfuentesfijasdeemision%5Fv5%2FRequerimientotecnicoseguimientoycontrolalasfuentesfijasdeemision%5Fv5%2Easp&IdArticulo=4226 HTTP/1.1" 200 205
201.245.192.253 - - [22/Jan/2016:08:02:58 -0500] "GET /IsolucionSDA/FramesetArticulo.asp?Pagina=BancoConocimiento%2FS%2FSeguimientoycontrolalasfuentesfijasdeemision%5Fv5%2FSeguimientoycontrolalasfuentesfijasdeemision%5Fv5%2Easp&IdArticulo=4236 HTTP/1.1" 200 205
192.168.169.70 - - [22/Jan/2016:08:03:02 -0500] "GET /BLA/boletinlegal/consulta_actos.php?tipo=resoluciones&no=1779&usuario=&sector=&fecha=2008&resuelve= HTTP/1.1" 200 1046
201.245.192.253 - - [22/Jan/2016:08:03:04 -0500] "GET /BLA/resoluciones/RESOLUCIONES%202008/1779.pdf HTTP/1.1" 200 325637
66.249.64.96 - - [22/Jan/2016:08:03:07 -0500] "GET /BLA/resoluciones/RESOLUCIONES%202007/RES%202007%201101%20AL%201200/RESOLUCION%201153%20DE%202007.pdf HTTP/1.1" 200 81350
51.255.65.18 - - [22/Jan/2016:08:03:13 -0500] "GET /BLA/resoluciones/AUTOS%202006/AUTOS%202006%20901-1000/00000901.tif HTTP/1.1" 200 53012
186.145.129.23 - - [22/Jan/2016:08:03:14 -0500] "GET /galeria/galeria/jquery.fancybox.js?v=2.1.5 HTTP/1.1" 200 48706
186.145.129.23 - - [22/Jan/2016:08:03:14 -0500] "GET /BLA/boletinlegal/js/jquery.scrollShow.js HTTP/1.1" 200 4586
186.145.129.23 - - [22/Jan/2016:08:03:14 -0500] "GET /galeria/galeria/jquery.fancybox.css?v=2.1.5 HTTP/1.1" 200 4895
186.30.71.98 - - [22/Jan/2016:08:03:17 -0500] "GET /galeria/galeria/jquery.fancybox.css?v=2.1.5 HTTP/1.1" 304 -
186.30.71.98 - - [22/Jan/2016:08:03:17 -0500] "GET /BLA/boletinlegal/js/jquery.scrollShow.js HTTP/1.1" 304 -
186.30.71.98 - - [22/Jan/2016:08:03:17 -0500] "GET /galeria/galeria/jquery.fancybox.js?v=2.1.5 HTTP/1.1" 304 -
190.69.113.9 - - [22/Jan/2016:08:03:18 -0500] "GET /BLA/boletinlegal/js/jquery.scrollShow.js HTTP/1.1" 200 4586
190.69.113.9 - - [22/Jan/2016:08:03:18 -0500] "GET /galeria/galeria/jquery.fancybox.js?v=2.1.5 HTTP/1.1" 200 48706
190.69.113.9 - - [22/Jan/2016:08:03:18 -0500] "GET /galeria/galeria/jquery.fancybox.css?v=2.1.5 HTTP/1.1" 200 4895
186.145.129.23 - - [22/Jan/2016:08:03:19 -0500] "GET /BLA/boletinlegal/js/jquery.scrollShow.js HTTP/1.1" 304 -
186.145.129.23 - - [22/Jan/2016:08:03:19 -0500] "GET /galeria/galeria/jquery.fancybox.js?v=2.1.5 HTTP/1.1" 304 -
186.145.129.23 - - [22/Jan/2016:08:03:19 -0500] "GET /galeria/galeria/jquery.fancybox.css?v=2.1.5 HTTP/1.1" 304 -
190.159.205.181 - - [22/Jan/2016:08:03:20 -0500] "GET /galeria/carrusel/Carrusel/jquery-ui-1.8.13.custom.min.js HTTP/1.1" 200 10800
190.159.205.181 - - [22/Jan/2016:08:03:20 -0500] "GET /galeria/carrusel/Carrusel/jquery.thumbnailScroller.js HTTP/1.1" 200 8157
190.159.205.181 - - [22/Jan/2016:08:03:20 -0500] "GET /galeria/carrusel/Carrusel/jquery.thumbnailScroller.css HTTP/1.1" 200 2066
186.30.71.98 - - [22/Jan/2016:08:03:20 -0500] "GET /BLA/boletinlegal/js/jquery.scrollShow.js HTTP/1.1" 304 -
186.30.71.98 - - [22/Jan/2016:08:03:20 -0500] "GET /galeria/galeria/jquery.fancybox.css?v=2.1.5 HTTP/1.1" 304 -
186.30.71.98 - - [22/Jan/2016:08:03:20 -0500] "GET /galeria/galeria/jquery.fancybox.js?v=2.1.5 HTTP/1.1" 304 -
190.159.205.181 - - [22/Jan/2016:08:03:20 -0500] "GET /galeria/nivo-slider/demo/demo.html HTTP/1.1" 200 3703
190.159.205.181 - - [22/Jan/2016:08:03:21 -0500] "GET /galeria/nivo-slider/themes/default/default.css HTTP/1.1" 200 1569
190.159.205.181 - - [22/Jan/2016:08:03:21 -0500] "GET /galeria/nivo-slider/themes/pascal/pascal.css HTTP/1.1" 200 2258
190.159.205.181 - - [22/Jan/2016:08:03:21 -0500] "GET /galeria/nivo-slider/themes/orman/orman.css HTTP/1.1" 200 2152
190.159.205.181 - - [22/Jan/2016:08:03:21 -0500] "GET /galeria/nivo-slider/nivo-slider.css HTTP/1.1" 200 1507
190.159.205.181 - - [22/Jan/2016:08:03:21 -0500] "GET /galeria/nivo-slider/demo/style.css HTTP/1.1" 200 2222
190.159.205.181 - - [22/Jan/2016:08:03:21 -0500] "GET /galeria/nivo-slider/demo/scripts/jquery-1.7.1.min.js HTTP/1.1" 200 93868
190.159.205.181 - - [22/Jan/2016:08:03:21 -0500] "GET /galeria/nivo-slider/jquery.nivo.slider.pack.js HTTP/1.1" 200 11561
190.159.205.181 - - [22/Jan/2016:08:03:21 -0500] "GET /galeria/nivo-slider/demo/images/Convocatoria-CTPD-curvas-01.png HTTP/1.1" 200 565805
190.159.205.181 - - [22/Jan/2016:08:03:21 -0500] "GET /galeria/nivo-slider/demo/images/ABC-Plan-de-contigencia.jpg HTTP/1.1" 200 423901
190.159.205.181 - - [22/Jan/2016:08:03:21 -0500] "GET /galeria/nivo-slider/demo/images/banner-llantas2015.jpg HTTP/1.1" 200 268366
190.159.205.181 - - [22/Jan/2016:08:03:21 -0500] "GET /galeria/nivo-slider/demo/images/4Simple_Slider.png HTTP/1.1" 200 11722
190.159.205.181 - - [22/Jan/2016:08:03:21 -0500] "GET /galeria/nivo-slider/themes/default/loading.gif HTTP/1.1" 200 1737
181.129.89.19 - - [22/Jan/2016:08:03:23 -0500] "POST /forms/lservlet;jsessionid=ac16012b30d65003600f064d4839b5999562d2f5ebe4.e3iSbxaKaheRe38La3yQa3eLbh90n6jAmljGr5XDqQLvpAe HTTP/1.1" 200 2
207.46.13.162 - - [22/Jan/2016:08:03:24 -0500] "GET /images/INTERNET.jpg HTTP/1.1" 200 34880
190.159.205.181 - - [22/Jan/2016:08:03:24 -0500] "GET /galeria/nivo-slider/demo/images/caminata-ecologica.jpg HTTP/1.1" 200 192926
190.159.205.181 - - [22/Jan/2016:08:03:24 -0500] "GET /galeria/nivo-slider/demo/images/Cmapana-onestidad.jpg HTTP/1.1" 200 141638
190.159.205.181 - - [22/Jan/2016:08:03:24 -0500] "GET /galeria/nivo-slider/demo/images/PREDAcamp.jpg HTTP/1.1" 200 295358
190.159.205.181 - - [22/Jan/2016:08:03:24 -0500] "GET /galeria/nivo-slider/demo/images/banner-llantas2.jpg HTTP/1.1" 200 234514
190.159.205.181 - - [22/Jan/2016:08:03:25 -0500] "GET /galeria/nivo-slider/demo/images/9Signos.jpg HTTP/1.1" 200 81776
190.159.205.181 - - [22/Jan/2016:08:03:26 -0500] "GET /galeria/nivo-slider/demo/images/Ruta-vertimientos-01.jpg HTTP/1.1" 200 130151
190.159.205.181 - - [22/Jan/2016:08:03:26 -0500] "GET /galeria/nivo-slider/demo/images/bolsas-06.jpg HTTP/1.1" 200 210950
190.159.205.181 - - [22/Jan/2016:08:03:26 -0500] "GET /galeria/nivo-slider/demo/images/ecolecta-Dic2014.png HTTP/1.1" 200 856487
201.245.166.5 - - [22/Jan/2016:08:03:29 -0500] "GET /galeria/galeria/jquery.fancybox.css?v=2.1.5 HTTP/1.1" 200 4895
201.245.166.5 - - [22/Jan/2016:08:03:30 -0500] "GET /galeria/carrusel/Carrusel/jquery.thumbnailScroller.css HTTP/1.1" 200 2066
201.245.166.5 - - [22/Jan/2016:08:03:30 -0500] "GET /BLA/boletinlegal/js/jquery.scrollShow.js HTTP/1.1" 200 4586
201.245.166.5 - - [22/Jan/2016:08:03:30 -0500] "GET /galeria/galeria/jquery.fancybox.js?v=2.1.5 HTTP/1.1" 200 48706
201.245.166.5 - - [22/Jan/2016:08:03:30 -0500] "GET /galeria/carrusel/Carrusel/jquery-ui-1.8.13.custom.min.js HTTP/1.1" 200 10800
201.245.166.5 - - [22/Jan/2016:08:03:30 -0500] "GET /galeria/carrusel/Carrusel/jquery.thumbnailScroller.js HTTP/1.1" 200 8157
201.245.166.5 - - [22/Jan/2016:08:03:30 -0500] "GET /galeria/nivo-slider/demo/demo.html HTTP/1.1" 200 3703
201.245.166.5 - - [22/Jan/2016:08:03:31 -0500] "GET /galeria/nivo-slider/themes/default/default.css HTTP/1.1" 200 1569
201.245.166.5 - - [22/Jan/2016:08:03:31 -0500] "GET /galeria/nivo-slider/themes/pascal/pascal.css HTTP/1.1" 200 2258
201.245.166.5 - - [22/Jan/2016:08:03:31 -0500] "GET /galeria/nivo-slider/themes/orman/orman.css HTTP/1.1" 200 2152
201.245.166.5 - - [22/Jan/2016:08:03:31 -0500] "GET /galeria/nivo-slider/nivo-slider.css HTTP/1.1" 200 1507
190.159.205.181 - - [22/Jan/2016:08:03:31 -0500] "GET /galeria/nivo-slider/themes/default/arrows.png HTTP/1.1" 200 824
190.159.205.181 - - [22/Jan/2016:08:03:31 -0500] "GET /galeria/nivo-slider/themes/default/bullets.png HTTP/1.1" 200 1281
201.245.166.5 - - [22/Jan/2016:08:03:32 -0500] "GET /galeria/nivo-slider/demo/style.css HTTP/1.1" 200 2222
201.245.192.253 - - [22/Jan/2016:08:03:32 -0500] "GET /galeria/nivo-slider/demo/demo.html HTTP/1.1" 304 -
201.245.166.5 - - [22/Jan/2016:08:03:32 -0500] "GET /galeria/nivo-slider/demo/scripts/jquery-1.7.1.min.js HTTP/1.1" 200 93868
201.245.166.5 - - [22/Jan/2016:08:03:32 -0500] "GET /galeria/nivo-slider/jquery.nivo.slider.pack.js HTTP/1.1" 200 11561
201.245.166.5 - - [22/Jan/2016:08:03:32 -0500] "GET /galeria/nivo-slider/demo/images/Convocatoria-CTPD-curvas-01.png HTTP/1.1" 200 565805
201.245.192.253 - - [22/Jan/2016:08:03:32 -0500] "GET /galeria/nivo-slider/demo/images/Convocatoria-CTPD-curvas-01.png HTTP/1.1" 304 -
201.245.166.5 - - [22/Jan/2016:08:03:32 -0500] "GET /galeria/nivo-slider/demo/images/ABC-Plan-de-contigencia.jpg HTTP/1.1" 200 423901
201.245.166.5 - - [22/Jan/2016:08:03:32 -0500] "GET /galeria/nivo-slider/demo/images/banner-llantas2015.jpg HTTP/1.1" 200 268366
201.245.192.253 - - [22/Jan/2016:08:03:32 -0500] "GET /galeria/nivo-slider/demo/images/ABC-Plan-de-contigencia.jpg HTTP/1.1" 200 423901
201.245.192.253 - - [22/Jan/2016:08:03:32 -0500] "GET /galeria/nivo-slider/demo/images/banner-llantas2015.jpg HTTP/1.1" 304 -
201.245.192.253 - - [22/Jan/2016:08:03:32 -0500] "GET /galeria/nivo-slider/demo/images/caminata-ecologica.jpg HTTP/1.1" 304 -
201.245.192.253 - - [22/Jan/2016:08:03:33 -0500] "GET /galeria/nivo-slider/demo/images/banner-llantas2.jpg HTTP/1.1" 304 -
201.245.192.253 - - [22/Jan/2016:08:03:33 -0500] "GET /galeria/nivo-slider/demo/images/bolsas-06.jpg HTTP/1.1" 304 -
201.245.192.253 - - [22/Jan/2016:08:03:33 -0500] "GET /galeria/nivo-slider/demo/images/ecolecta-Dic2014.png HTTP/1.1" 304 -
186.84.197.236 - - [22/Jan/2016:08:03:33 -0500] "GET /galeria/galeria/jquery.fancybox.js?v=2.1.5 HTTP/1.1" 200 48706
186.84.197.236 - - [22/Jan/2016:08:03:33 -0500] "GET /galeria/carrusel/Carrusel/jquery.thumbnailScroller.css HTTP/1.1" 200 2066
186.84.197.236 - - [22/Jan/2016:08:03:33 -0500] "GET /BLA/boletinlegal/js/jquery.scrollShow.js HTTP/1.1" 200 4586
186.84.197.236 - - [22/Jan/2016:08:03:33 -0500] "GET /galeria/galeria/jquery.fancybox.css?v=2.1.5 HTTP/1.1" 200 4895
186.84.197.236 - - [22/Jan/2016:08:03:33 -0500] "GET /galeria/carrusel/Carrusel/jquery-ui-1.8.13.custom.min.js HTTP/1.1" 200 10800
186.84.197.236 - - [22/Jan/2016:08:03:33 -0500] "GET /galeria/carrusel/Carrusel/jquery.thumbnailScroller.js HTTP/1.1" 200 8157
190.85.94.51 - - [22/Jan/2016:08:03:33 -0500] "GET /galeria/carrusel/Carrusel/jquery.thumbnailScroller.css HTTP/1.1" 200 2066
190.85.94.51 - - [22/Jan/2016:08:03:34 -0500] "GET /galeria/nivo-slider/demo/demo.html HTTP/1.1" 200 3703
190.85.94.51 - - [22/Jan/2016:08:03:34 -0500] "GET /galeria/nivo-slider/themes/pascal/pascal.css HTTP/1.1" 200 2258
190.85.94.51 - - [22/Jan/2016:08:03:34 -0500] "GET /galeria/nivo-slider/themes/orman/orman.css HTTP/1.1" 200 2152
190.85.94.51 - - [22/Jan/2016:08:03:34 -0500] "GET /galeria/nivo-slider/nivo-slider.css HTTP/1.1" 200 1507
190.85.94.51 - - [22/Jan/2016:08:03:34 -0500] "GET /galeria/nivo-slider/demo/style.css HTTP/1.1" 200 2222
190.85.94.51 - - [22/Jan/2016:08:03:34 -0500] "GET /galeria/nivo-slider/themes/default/default.css HTTP/1.1" 200 1569
190.85.94.51 - - [22/Jan/2016:08:03:34 -0500] "GET /galeria/nivo-slider/demo/images/Convocatoria-CTPD-curvas-01.png HTTP/1.1" 200 565805
190.85.94.51 - - [22/Jan/2016:08:03:34 -0500] "GET /galeria/nivo-slider/demo/images/ABC-Plan-de-contigencia.jpg HTTP/1.1" 200 423901
190.85.94.51 - - [22/Jan/2016:08:03:34 -0500] "GET /galeria/nivo-slider/demo/images/banner-llantas2015.jpg HTTP/1.1" 200 268366
201.245.166.5 - - [22/Jan/2016:08:03:34 -0500] "GET /galeria/nivo-slider/demo/images/caminata-ecologica.jpg HTTP/1.1" 200 192926
201.245.166.5 - - [22/Jan/2016:08:03:34 -0500] "GET /galeria/nivo-slider/demo/images/Cmapana-onestidad.jpg HTTP/1.1" 200 141638
201.245.166.5 - - [22/Jan/2016:08:03:35 -0500] "GET /galeria/nivo-slider/demo/images/PREDAcamp.jpg HTTP/1.1" 200 295358
186.84.197.236 - - [22/Jan/2016:08:03:35 -0500] "GET /galeria/nivo-slider/demo/demo.html HTTP/1.1" 200 3703
201.245.166.5 - - [22/Jan/2016:08:03:35 -0500] "GET /galeria/nivo-slider/demo/images/banner-llantas2.jpg HTTP/1.1" 200 234514
190.85.94.51 - - [22/Jan/2016:08:03:36 -0500] "GET /galeria/nivo-slider/demo/images/caminata-ecologica.jpg HTTP/1.1" 200 192926
190.85.94.51 - - [22/Jan/2016:08:03:36 -0500] "GET /galeria/nivo-slider/demo/images/Cmapana-onestidad.jpg HTTP/1.1" 200 141638
190.85.94.51 - - [22/Jan/2016:08:03:36 -0500] "GET /galeria/nivo-slider/demo/images/PREDAcamp.jpg HTTP/1.1" 200 295358
201.245.166.5 - - [22/Jan/2016:08:03:36 -0500] "GET /galeria/nivo-slider/demo/images/4Simple_Slider.png HTTP/1.1" 200 11722
201.245.166.5 - - [22/Jan/2016:08:03:36 -0500] "GET /galeria/nivo-slider/themes/default/loading.gif HTTP/1.1" 200 1737
186.84.197.236 - - [22/Jan/2016:08:03:36 -0500] "GET /galeria/nivo-slider/themes/default/default.css HTTP/1.1" 200 1569
186.84.197.236 - - [22/Jan/2016:08:03:36 -0500] "GET /galeria/nivo-slider/themes/pascal/pascal.css HTTP/1.1" 200 2258
186.84.197.236 - - [22/Jan/2016:08:03:36 -0500] "GET /galeria/nivo-slider/themes/orman/orman.css HTTP/1.1" 200 2152
186.84.197.236 - - [22/Jan/2016:08:03:36 -0500] "GET /galeria/nivo-slider/nivo-slider.css HTTP/1.1" 200 1507
186.84.197.236 - - [22/Jan/2016:08:03:36 -0500] "GET /galeria/nivo-slider/demo/style.css HTTP/1.1" 200 2222
186.84.197.236 - - [22/Jan/2016:08:03:36 -0500] "GET /galeria/nivo-slider/demo/images/Convocatoria-CTPD-curvas-01.png HTTP/1.1" 200 565805
190.85.94.51 - - [22/Jan/2016:08:03:37 -0500] "GET /galeria/nivo-slider/demo/images/banner-llantas2.jpg HTTP/1.1" 200 234514
186.84.197.236 - - [22/Jan/2016:08:03:37 -0500] "GET /galeria/nivo-slider/demo/images/banner-llantas2015.jpg HTTP/1.1" 200 268366
186.84.197.236 - - [22/Jan/2016:08:03:37 -0500] "GET /galeria/nivo-slider/demo/images/ABC-Plan-de-contigencia.jpg HTTP/1.1" 200 423901
186.84.197.236 - - [22/Jan/2016:08:03:37 -0500] "GET /galeria/nivo-slider/jquery.nivo.slider.pack.js HTTP/1.1" 200 11561
186.84.197.236 - - [22/Jan/2016:08:03:37 -0500] "GET /galeria/nivo-slider/demo/scripts/jquery-1.7.1.min.js HTTP/1.1" 200 93868
201.245.166.5 - - [22/Jan/2016:08:03:37 -0500] "GET /galeria/nivo-slider/demo/images/9Signos.jpg HTTP/1.1" 200 81776
201.245.166.5 - - [22/Jan/2016:08:03:37 -0500] "GET /galeria/nivo-slider/demo/images/Ruta-vertimientos-01.jpg HTTP/1.1" 200 130151
201.245.166.5 - - [22/Jan/2016:08:03:37 -0500] "GET /galeria/nivo-slider/demo/images/bolsas-06.jpg HTTP/1.1" 200 210950
186.84.197.236 - - [22/Jan/2016:08:03:37 -0500] "GET /galeria/nivo-slider/demo/images/caminata-ecologica.jpg HTTP/1.1" 200 192926
186.84.197.236 - - [22/Jan/2016:08:03:37 -0500] "GET /galeria/nivo-slider/demo/images/Cmapana-onestidad.jpg HTTP/1.1" 200 141638
186.84.197.236 - - [22/Jan/2016:08:03:38 -0500] "GET /galeria/nivo-slider/demo/images/PREDAcamp.jpg HTTP/1.1" 200 295358
69.162.124.233 - - [22/Jan/2016:08:03:39 -0500] "HEAD / HTTP/1.1" 200 -
190.85.94.51 - - [22/Jan/2016:08:03:39 -0500] "GET /galeria/nivo-slider/demo/images/9Signos.jpg HTTP/1.1" 200 81776
201.245.166.5 - - [22/Jan/2016:08:03:39 -0500] "GET /galeria/nivo-slider/demo/images/ecolecta-Dic2014.png HTTP/1.1" 200 856487
186.84.197.236 - - [22/Jan/2016:08:03:40 -0500] "GET /galeria/nivo-slider/demo/images/4Simple_Slider.png HTTP/1.1" 200 11722
186.84.197.236 - - [22/Jan/2016:08:03:40 -0500] "GET /galeria/nivo-slider/themes/default/loading.gif HTTP/1.1" 200 1737
186.84.197.236 - - [22/Jan/2016:08:03:40 -0500] "GET /galeria/nivo-slider/demo/images/banner-llantas2.jpg HTTP/1.1" 200 234514
186.84.197.236 - - [22/Jan/2016:08:03:40 -0500] "GET /galeria/nivo-slider/demo/images/9Signos.jpg HTTP/1.1" 200 81776
186.84.197.236 - - [22/Jan/2016:08:03:40 -0500] "GET /galeria/nivo-slider/demo/images/Ruta-vertimientos-01.jpg HTTP/1.1" 200 130151
190.85.94.51 - - [22/Jan/2016:08:03:41 -0500] "GET /galeria/nivo-slider/demo/images/Ruta-vertimientos-01.jpg HTTP/1.1" 200 130151
190.85.94.51 - - [22/Jan/2016:08:03:41 -0500] "GET /galeria/nivo-slider/demo/images/bolsas-06.jpg HTTP/1.1" 200 210950
190.85.94.51 - - [22/Jan/2016:08:03:41 -0500] "GET /galeria/nivo-slider/demo/images/ecolecta-Dic2014.png HTTP/1.1" 304 -
186.84.197.236 - - [22/Jan/2016:08:03:42 -0500] "GET /galeria/nivo-slider/demo/images/bolsas-06.jpg HTTP/1.1" 200 210950
186.84.197.236 - - [22/Jan/2016:08:03:42 -0500] "GET /galeria/nivo-slider/demo/images/ecolecta-Dic2014.png HTTP/1.1" 200 856487
201.245.166.5 - - [22/Jan/2016:08:03:44 -0500] "GET /galeria/nivo-slider/themes/default/arrows.png HTTP/1.1" 200 824
201.245.166.5 - - [22/Jan/2016:08:03:44 -0500] "GET /galeria/nivo-slider/themes/default/bullets.png HTTP/1.1" 200 1281
192.168.169.70 - - [22/Jan/2016:08:03:45 -0500] "GET /BLA/boletinlegal/consulta_actos.php?tipo=resoluciones&no=1846&usuario=&sector=&fecha=2008&resuelve= HTTP/1.1" 200 1050
186.84.197.236 - - [22/Jan/2016:08:03:47 -0500] "GET /galeria/nivo-slider/themes/default/arrows.png HTTP/1.1" 200 824
186.84.197.236 - - [22/Jan/2016:08:03:47 -0500] "GET /galeria/nivo-slider/themes/default/bullets.png HTTP/1.1" 200 1281
201.245.192.253 - - [22/Jan/2016:08:03:47 -0500] "GET /BLA/resoluciones/RESOLUCIONES%202008/1846.pdf HTTP/1.1" 200 314695
66.249.64.96 - - [22/Jan/2016:08:03:51 -0500] "GET /BLA/resoluciones/RESOLUCIONES%202009/4715.pdf HTTP/1.1" 200 695876
192.168.169.70 - - [22/Jan/2016:08:04:08 -0500] "GET /BLA/boletinlegal/consulta_actos.php?tipo=resoluciones&no=1848&usuario=&sector=&fecha=2008&resuelve= HTTP/1.1" 200 1056
201.245.192.253 - - [22/Jan/2016:08:04:09 -0500] "GET /BLA/resoluciones/RESOLUCIONES%202008/1848.pdf HTTP/1.1" 200 267589
181.61.46.47 - - [22/Jan/2016:08:04:12 -0500] "POST /forms/lservlet;jsessionid=ac16012b30d62a5a45a06c74484c80008860709913c2.e3iSbxaKaheRe38La3yQa3eLbh90n6jAmljGr5XDqQLvpAe HTTP/1.1" 200 2
201.245.192.103 - - [22/Jan/2016:08:04:14 -0500] "GET /BLA/boletinlegal/js/jquery.scrollShow.js HTTP/1.1" 304 -
201.245.192.103 - - [22/Jan/2016:08:04:14 -0500] "GET /galeria/galeria/jquery.fancybox.js?v=2.1.5 HTTP/1.1" 304 -
201.245.192.103 - - [22/Jan/2016:08:04:14 -0500] "GET /galeria/galeria/jquery.fancybox.css?v=2.1.5 HTTP/1.1" 304 -
190.66.116.135 - - [22/Jan/2016:08:04:22 -0500] "GET /galeria/galeria/jquery.fancybox.css?v=2.1.5 HTTP/1.1" 200 4895
190.66.116.135 - - [22/Jan/2016:08:04:22 -0500] "GET /BLA/boletinlegal/js/jquery.scrollShow.js HTTP/1.1" 200 4586
190.66.116.135 - - [22/Jan/2016:08:04:22 -0500] "GET /galeria/galeria/jquery.fancybox.js?v=2.1.5 HTTP/1.1" 200 48706
150.70.173.55 - - [22/Jan/2016:08:04:28 -0500] "GET /BLA/resoluciones/RESOLUCIONES%202007/RES%202007%204101%20AL%204200/RESOLUCION%204106%20DE%202007.pdf HTTP/1.1" 200 446454
181.50.56.130 - - [22/Jan/2016:08:04:28 -0500] "GET /galeria/galeria/jquery.fancybox.css?v=2.1.5 HTTP/1.1" 304 -
181.50.56.130 - - [22/Jan/2016:08:04:28 -0500] "GET /BLA/boletinlegal/js/jquery.scrollShow.js HTTP/1.1" 304 -
181.50.56.130 - - [22/Jan/2016:08:04:28 -0500] "GET /galeria/galeria/jquery.fancybox.js?v=2.1.5 HTTP/1.1" 304 -
181.50.56.130 - - [22/Jan/2016:08:04:29 -0500] "GET /galeria/galeria/jquery.fancybox.js?v=2.1.5 HTTP/1.1" 304 -
181.50.56.130 - - [22/Jan/2016:08:04:29 -0500] "GET /galeria/galeria/jquery.fancybox.css?v=2.1.5 HTTP/1.1" 304 -
150.70.173.51 - - [22/Jan/2016:08:04:31 -0500] "GET /favicon.ico HTTP/1.1" 200 7782
51.255.65.91 - - [22/Jan/2016:08:04:34 -0500] "GET /BLA/resoluciones/RESOLUCIONES%202005/RES%202005%20801-850/00000848.tif HTTP/1.1" 200 81532
66.249.64.96 - - [22/Jan/2016:08:04:36 -0500] "GET /BLA/resoluciones/RESOLUCIONES%202009/9399.pdf HTTP/1.1" 200 421587
181.48.129.165 - - [22/Jan/2016:08:04:36 -0500] "GET /galeria/galeria/fotos/jornadaP.jpg HTTP/1.1" 200 24385
181.48.129.165 - - [22/Jan/2016:08:04:36 -0500] "GET /galeria/galeria/fotos/reciclatonP.jpg HTTP/1.1" 200 57069
192.168.169.70 - - [22/Jan/2016:08:04:40 -0500] "GET /BLA/boletinlegal/consulta_actos.php?tipo=resoluciones&no=1852&usuario=&sector=&fecha=2008&resuelve= HTTP/1.1" 200 1061
201.245.192.253 - - [22/Jan/2016:08:04:42 -0500] "GET /BLA/resoluciones/RESOLUCIONES%202008/1852.pdf HTTP/1.1" 200 375462
66.249.64.106 - - [22/Jan/2016:08:04:45 -0500] "GET /BLA/resoluciones/RESOLUCIONES%202011/0165.pdf HTTP/1.1" 200 323387
51.255.65.47 - - [22/Jan/2016:08:05:18 -0500] "GET /BLA/resoluciones/RESOLUCIONES%202002/RES%202002%20101-150/2002RES109.tif HTTP/1.1" 200 118434
190.145.89.228 - - [22/Jan/2016:08:05:18 -0500] "GET /ecodirectorio/files/res/pages/page_0161.swf HTTP/1.1" 200 317809
190.145.89.228 - - [22/Jan/2016:08:05:18 -0500] "GET /ecodirectorio/files/res/pages/page_0162.swf HTTP/1.1" 200 319126
66.249.64.96 - - [22/Jan/2016:08:05:20 -0500] "GET /BLA/resoluciones/AUTOS%202013/0504.pdf HTTP/1.1" 200 131669
181.129.89.19 - - [22/Jan/2016:08:05:23 -0500] "POST /forms/lservlet;jsessionid=ac16012b30d65003600f064d4839b5999562d2f5ebe4.e3iSbxaKaheRe38La3yQa3eLbh90n6jAmljGr5XDqQLvpAe HTTP/1.1" 200 2
190.145.89.228 - - [22/Jan/2016:08:05:25 -0500] "GET /ecodirectorio/files/res/pages/page_0165.swf HTTP/1.1" 200 122463
190.145.89.228 - - [22/Jan/2016:08:05:25 -0500] "GET /ecodirectorio/files/res/pages/page_0166.swf HTTP/1.1" 200 193932
190.145.89.228 - - [22/Jan/2016:08:05:25 -0500] "GET /ecodirectorio/files/res/pages/page_0167.swf HTTP/1.1" 200 174681
190.145.89.228 - - [22/Jan/2016:08:05:25 -0500] "GET /ecodirectorio/files/res/pages/page_0164.swf HTTP/1.1" 200 195101
190.145.89.228 - - [22/Jan/2016:08:05:25 -0500] "GET /ecodirectorio/files/res/pages/page_0168.swf HTTP/1.1" 200 305406
190.145.89.228 - - [22/Jan/2016:08:05:26 -0500] "GET /ecodirectorio/files/res/pages/page_0163.swf HTTP/1.1" 200 316820
190.145.89.228 - - [22/Jan/2016:08:05:26 -0500] "GET /ecodirectorio/files/res/pages/page_0169.swf HTTP/1.1" 200 207408
190.145.89.228 - - [22/Jan/2016:08:05:26 -0500] "GET /ecodirectorio/files/res/pages/page_0170.swf HTTP/1.1" 200 240111
190.145.89.228 - - [22/Jan/2016:08:05:27 -0500] "GET /ecodirectorio/files/res/pages/page_0171.swf HTTP/1.1" 200 234704
190.145.89.228 - - [22/Jan/2016:08:05:27 -0500] "GET /ecodirectorio/files/res/pages/page_0172.swf HTTP/1.1" 200 268647
190.145.89.228 - - [22/Jan/2016:08:05:27 -0500] "GET /ecodirectorio/files/res/pages/page_0173.swf HTTP/1.1" 200 225127
190.145.89.228 - - [22/Jan/2016:08:05:27 -0500] "GET /ecodirectorio/files/res/pages/page_0174.swf HTTP/1.1" 200 215165
190.145.89.228 - - [22/Jan/2016:08:05:28 -0500] "GET /ecodirectorio/files/res/pages/page_0175.swf HTTP/1.1" 200 214517
190.145.89.228 - - [22/Jan/2016:08:05:28 -0500] "GET /ecodirectorio/files/res/pages/page_0176.swf HTTP/1.1" 200 259620
190.145.89.228 - - [22/Jan/2016:08:05:28 -0500] "GET /ecodirectorio/files/res/pages/page_0177.swf HTTP/1.1" 200 257080
190.145.89.228 - - [22/Jan/2016:08:05:28 -0500] "GET /ecodirectorio/files/res/pages/page_0178.swf HTTP/1.1" 200 135016
186.84.197.236 - - [22/Jan/2016:08:05:39 -0500] "GET /galeria/galeria/jquery.fancybox.js?v=2.1.5 HTTP/1.1" 304 -
186.84.197.236 - - [22/Jan/2016:08:05:39 -0500] "GET /BLA/boletinlegal/js/jquery.scrollShow.js HTTP/1.1" 304 -
186.84.197.236 - - [22/Jan/2016:08:05:39 -0500] "GET /galeria/galeria/jquery.fancybox.css?v=2.1.5 HTTP/1.1" 304 -
190.145.89.228 - - [22/Jan/2016:08:05:58 -0500] "GET /ecodirectorio/files/res/downloads/book.pdf HTTP/1.1" 200 19843723
190.145.89.228 - - [22/Jan/2016:08:06:03 -0500] "GET /favicon.ico HTTP/1.1" 200 7782
66.249.64.96 - - [22/Jan/2016:08:06:04 -0500] "GET /BLA/resoluciones/RESOLUCIONES%202009/2133.pdf HTTP/1.1" 200 543032
190.145.89.228 - - [22/Jan/2016:08:06:05 -0500] "GET /ecodirectorio/files/res/downloads/book.pdf HTTP/1.1" 206 32768
190.145.89.228 - - [22/Jan/2016:08:06:05 -0500] "GET /ecodirectorio/files/res/downloads/book.pdf HTTP/1.1" 206 19810955
181.61.46.47 - - [22/Jan/2016:08:06:12 -0500] "POST /forms/lservlet;jsessionid=ac16012b30d62a5a45a06c74484c80008860709913c2.e3iSbxaKaheRe38La3yQa3eLbh90n6jAmljGr5XDqQLvpAe HTTP/1.1" 200 2
201.245.192.253 - - [22/Jan/2016:08:06:30 -0500] "GET /isolucionsda/FrameSetGeneral.asp?Pagina=ListadoMaestroDocumentos3.asp HTTP/1.1" 200 205
201.245.192.253 - - [22/Jan/2016:08:06:31 -0500] "GET /IsolucionSDA/ControlDeInicio.asp HTTP/1.1" 200 739
201.245.192.253 - - [22/Jan/2016:08:06:32 -0500] "GET /IsolucionSDA/IdentificaUsuario.asp?Pagina1=FrameSetGeneral.asp& HTTP/1.1" 200 5090
201.245.192.253 - - [22/Jan/2016:08:06:33 -0500] "POST /IsolucionSDA/IdentificaUsuario.asp?Pagina1=FrameSetGeneral.asp& HTTP/1.1" 302 173
201.245.192.253 - - [22/Jan/2016:08:06:34 -0500] "GET /IsolucionSDA/FrameSetGeneral.asp?Pagina1=FrameSetGeneral.asp& HTTP/1.1" 200 6613
201.245.192.253 - - [22/Jan/2016:08:06:34 -0500] "GET /IsolucionSDA/Encabezado.asp?Pagina1=FrameSetGeneral.asp&&Pagina=MagazinHome.asp HTTP/1.1" 200 15420
201.245.192.253 - - [22/Jan/2016:08:06:34 -0500] "GET /IsolucionSDA/BarraTitulos.asp?Pagina1=FrameSetGeneral.asp&&Pagina=MagazinHome.asp HTTP/1.1" 200 6972
201.245.192.253 - - [22/Jan/2016:08:06:34 -0500] "GET /IsolucionSDA/BarraFavoritos.asp HTTP/1.1" 200 911
190.145.30.106 - - [22/Jan/2016:08:06:34 -0500] "GET /autoliquidacion/TR%C3%81MITES%20VERTIMIENTOS/PERMISOS%20DE%20VERTIMIENTOS/ANEXO3.%20LISTA%20DE%20CHEQUEO%20PERMISO%20VERT.%20ALCANTARILLADO%20-%20F.xls HTTP/1.0" 200 225792
201.245.192.253 - - [22/Jan/2016:08:06:34 -0500] "GET /IsolucionSDA/Session.asp?Continue=1 HTTP/1.1" 200 6323
201.245.192.253 - - [22/Jan/2016:08:06:34 -0500] "GET /IsolucionSDA/MagazinHome.asp HTTP/1.1" 200 28596
201.245.192.253 - - [22/Jan/2016:08:06:34 -0500] "GET /IsolucionSDA/g/Bgr_Destacado3399CC.jpg HTTP/1.1" 404 1245
201.245.192.253 - - [22/Jan/2016:08:06:34 -0500] "GET /IsolucionSDA/TareasSFRedirect.asp HTTP/1.1" 302 195
201.245.192.253 - - [22/Jan/2016:08:06:34 -0500] "GET /IsolucionSDA/GrafVinetas/logo%202016-20.png HTTP/1.1" 304 -
201.245.192.253 - - [22/Jan/2016:08:06:35 -0500] "GET /IsolucionSDA/g/Bot_MejoramientoOver_ESP.jpg HTTP/1.1" 200 6165
201.245.192.253 - - [22/Jan/2016:08:06:35 -0500] "GET /IsolucionSDA/g/Bot_AyudaOver.jpg HTTP/1.1" 200 1659
201.245.192.253 - - [22/Jan/2016:08:06:35 -0500] "GET /IsolucionSDA/g/Bot_GlosarioOver.jpg HTTP/1.1" 200 1948
201.245.192.253 - - [22/Jan/2016:08:06:35 -0500] "GET /IsolucionSDA/g/Bot_HomeOver.jpg HTTP/1.1" 200 1879
201.245.192.253 - - [22/Jan/2016:08:06:35 -0500] "GET /IsolucionSDA/g/Bot_AdministradorOver.jpg HTTP/1.1" 200 1630
201.245.192.253 - - [22/Jan/2016:08:06:35 -0500] "GET /IsolucionSDA/g/Bot_SiguienteOver.jpg HTTP/1.1" 200 1668
201.245.192.253 - - [22/Jan/2016:08:06:35 -0500] "GET /IsolucionSDA/g/Bot_AnteriorOver.jpg HTTP/1.1" 200 1752
201.245.192.253 - - [22/Jan/2016:08:06:35 -0500] "GET /IsolucionSDA/g/Bot_ManualOver_ESP.jpg HTTP/1.1" 200 4732
201.245.192.253 - - [22/Jan/2016:08:06:35 -0500] "GET /IsolucionSDA/g/Bot_ProcesosOver_ESP.jpg HTTP/1.1" 200 4659
201.245.192.253 - - [22/Jan/2016:08:06:34 -0500] "GET /IsolucionSDA/Login.aspx?TARGET=SFContainerFiltrado.aspx&number=65505756486665494554 HTTP/1.1" 302 886
201.245.192.253 - - [22/Jan/2016:08:06:36 -0500] "GET /IsolucionSDA/SFContainerFiltrado.aspx?Number=65505756486665494554 HTTP/1.1" 200 14314
201.245.192.253 - - [22/Jan/2016:08:06:36 -0500] "GET /IsolucionSDA/g/img_titulo_Tpendientes.jpg HTTP/1.1" 200 2433
201.245.192.253 - - [22/Jan/2016:08:06:36 -0500] "GET /IsolucionSDA/g/Bgr_TituloCabezote3Avanzado.jpg HTTP/1.1" 200 745
201.245.192.253 - - [22/Jan/2016:08:06:36 -0500] "GET /IsolucionSDA/DetalleTareas.aspx?Number=65505756486665494554 HTTP/1.1" 200 5355
201.245.192.253 - - [22/Jan/2016:08:06:36 -0500] "GET /IsolucionSDA/auxlib.js HTTP/1.1" 404 1245
201.245.192.253 - - [22/Jan/2016:08:06:36 -0500] "GET /IsolucionSDA/infowndpublic.js HTTP/1.1" 404 1245
201.245.192.253 - - [22/Jan/2016:08:06:36 -0500] "GET /IsolucionSDA/StyleSheet/StyleSheetSF.css HTTP/1.1" 200 7210
201.245.192.253 - - [22/Jan/2016:08:06:36 -0500] "GET /IsolucionSDA/infowndcore.js HTTP/1.1" 404 1245
201.245.192.253 - - [22/Jan/2016:08:06:36 -0500] "GET /IsolucionSDA/infowndpublic.js HTTP/1.1" 404 1245
201.245.192.253 - - [22/Jan/2016:08:06:36 -0500] "GET /IsolucionSDA/g/bt_rojo.jpg HTTP/1.1" 200 132
201.245.192.253 - - [22/Jan/2016:08:06:36 -0500] "GET /IsolucionSDA/infowndcore.js HTTP/1.1" 404 1245
201.245.192.253 - - [22/Jan/2016:08:06:38 -0500] "GET /IsolucionSDA/FrameSetGeneral.asp?Pagina=Menu.asp&IdModulo=4 HTTP/1.1" 200 6583
201.245.192.253 - - [22/Jan/2016:08:06:38 -0500] "GET /IsolucionSDA/BarraFavoritos.asp HTTP/1.1" 200 911
201.245.192.253 - - [22/Jan/2016:08:06:38 -0500] "GET /IsolucionSDA/Encabezado.asp?Pagina=Menu.asp&IdModulo=4 HTTP/1.1" 200 15421
201.245.192.253 - - [22/Jan/2016:08:06:38 -0500] "GET /IsolucionSDA/BarraTitulos.asp?Pagina=Menu.asp&IdModulo=4 HTTP/1.1" 200 6985
201.245.192.253 - - [22/Jan/2016:08:06:38 -0500] "GET /IsolucionSDA/Menu.asp?Pagina=Menu.asp&IdModulo=4 HTTP/1.1" 200 9695
201.245.192.253 - - [22/Jan/2016:08:06:38 -0500] "GET /IsolucionSDA/Session.asp?Continue=1 HTTP/1.1" 200 6323
201.245.192.253 - - [22/Jan/2016:08:06:46 -0500] "GET /IsolucionSDA/g/Bot_AdministradorOver.jpg HTTP/1.1" 200 1630
201.245.192.253 - - [22/Jan/2016:08:06:47 -0500] "GET /IsolucionSDA/g/Bot_GlosarioOver.jpg HTTP/1.1" 200 1948
201.245.192.253 - - [22/Jan/2016:08:06:47 -0500] "GET /IsolucionSDA/g/Bot_AyudaOver.jpg HTTP/1.1" 200 1659
201.245.192.253 - - [22/Jan/2016:08:06:49 -0500] "GET /IsolucionSDA/FrameSetGeneral.asp?Pagina=ListadoMaestroDocumentos3.asp HTTP/1.1" 200 6634
201.245.192.253 - - [22/Jan/2016:08:06:49 -0500] "GET /IsolucionSDA/BarraFavoritos.asp HTTP/1.1" 200 911
201.245.192.253 - - [22/Jan/2016:08:06:49 -0500] "GET /IsolucionSDA/Encabezado.asp?Pagina=ListadoMaestroDocumentos3.asp HTTP/1.1" 200 15396
201.245.192.253 - - [22/Jan/2016:08:06:49 -0500] "GET /IsolucionSDA/BarraTitulos.asp?Pagina=ListadoMaestroDocumentos3.asp HTTP/1.1" 200 6985
66.249.64.96 - - [22/Jan/2016:08:06:49 -0500] "GET /BLA/resoluciones/RESOLUCIONES%202009/7207.pdf HTTP/1.1" 200 106474
201.245.192.253 - - [22/Jan/2016:08:06:49 -0500] "GET /IsolucionSDA/Session.asp?Continue=1 HTTP/1.1" 200 6323
201.245.192.253 - - [22/Jan/2016:08:06:49 -0500] "GET /IsolucionSDA/ListadoMaestroDocumentos3.asp?Pagina=ListadoMaestroDocumentos3.asp HTTP/1.1" 200 11719
201.245.192.253 - - [22/Jan/2016:08:06:56 -0500] "POST /IsolucionSDA/ListadoMaestroDocumentos3.asp HTTP/1.1" 200 12477
201.245.192.253 - - [22/Jan/2016:08:07:04 -0500] "POST /IsolucionSDA/ListadoMaestroDocumentos3.asp HTTP/1.1" 200 11743
181.129.89.19 - - [22/Jan/2016:08:07:23 -0500] "POST /forms/lservlet;jsessionid=ac16012b30d65003600f064d4839b5999562d2f5ebe4.e3iSbxaKaheRe38La3yQa3eLbh90n6jAmljGr5XDqQLvpAe HTTP/1.1" 200 2
66.249.64.96 - - [22/Jan/2016:08:07:39 -0500] "GET /BLA/resoluciones/RESOLUCIONES%202009/3294.pdf HTTP/1.1" 200 595703
192.168.169.70 - - [22/Jan/2016:08:08:07 -0500] "GET /BLA/boletinlegal/consulta_actos.php?tipo=resoluciones&no=1917&usuario=&sector=&fecha=2008&resuelve= HTTP/1.1" 200 1048
181.61.46.47 - - [22/Jan/2016:08:08:12 -0500] "POST /forms/lservlet;jsessionid=ac16012b30d62a5a45a06c74484c80008860709913c2.e3iSbxaKaheRe38La3yQa3eLbh90n6jAmljGr5XDqQLvpAe HTTP/1.1" 200 2
66.249.64.101 - - [22/Jan/2016:08:08:18 -0500] "GET /BLA/resoluciones/RESOLUCIONES%202009/3978.pdf HTTP/1.1" 200 513543
69.162.124.233 - - [22/Jan/2016:08:08:39 -0500] "HEAD / HTTP/1.1" 200 -
192.168.169.70 - - [22/Jan/2016:08:08:40 -0500] "GET /BLA/boletinlegal/consulta_actos.php?tipo=resoluciones&no=2034&usuario=&sector=&fecha=2008&resuelve= HTTP/1.1" 200 1076
66.249.64.101 - - [22/Jan/2016:08:08:40 -0500] "GET /BLA/resoluciones/RESOLUCIONES%202014/0204.pdf HTTP/1.1" 304 -
201.245.192.253 - - [22/Jan/2016:08:08:46 -0500] "GET /BLA/resoluciones/RESOLUCIONES%202008/2034.pdf HTTP/1.1" 200 386170
201.245.192.253 - - [22/Jan/2016:08:08:53 -0500] "GET /IsolucionSDA/Jerarquia.asp?Tabla=Proceso&Form=Admon&CampoDisplay=ProcesoDisplayObjetoProceso&CampoHidden=Proceso&bSubmit=True&items= HTTP/1.1" 200 10609
201.245.192.253 - - [22/Jan/2016:08:08:56 -0500] "POST /IsolucionSDA/Jerarquia.asp HTTP/1.1" 200 8115
201.245.192.253 - - [22/Jan/2016:08:08:56 -0500] "POST /IsolucionSDA/ListadoMaestroDocumentos3.asp HTTP/1.1" 200 11843
66.249.64.96 - - [22/Jan/2016:08:09:02 -0500] "GET /BLA/resoluciones/RESOLUCIONES%202009/6209.pdf HTTP/1.1" 200 104308
201.245.192.253 - - [22/Jan/2016:08:09:05 -0500] "POST /IsolucionSDA/ListadoMaestroDocumentos3.asp HTTP/1.1" 200 11859
192.168.169.70 - - [22/Jan/2016:08:09:07 -0500] "GET /BLA/boletinlegal/consulta_actos.php?tipo=resoluciones&no=2040&usuario=&sector=&fecha=2008&resuelve= HTTP/1.1" 200 1058
201.245.192.253 - - [22/Jan/2016:08:09:09 -0500] "GET /BLA/resoluciones/RESOLUCIONES%202008/2040.pdf HTTP/1.1" 200 319356
201.245.192.253 - - [22/Jan/2016:08:09:11 -0500] "POST /IsolucionSDA/ListadoMaestroDocumentos3.asp HTTP/1.1" 200 19164
201.245.192.253 - - [22/Jan/2016:08:09:23 -0500] "POST /IsolucionSDA/ListadoMaestroDocumentos3.asp?Accion=Consultar&Mande=Buscar&paginaactual=2 HTTP/1.1" 200 19086
181.129.89.19 - - [22/Jan/2016:08:09:24 -0500] "POST /forms/lservlet;jsessionid=ac16012b30d65003600f064d4839b5999562d2f5ebe4.e3iSbxaKaheRe38La3yQa3eLbh90n6jAmljGr5XDqQLvpAe HTTP/1.1" 200 2
66.249.64.106 - - [22/Jan/2016:08:09:46 -0500] "GET /BLA/resoluciones/RESOLUCIONES%202009/5597.pdf HTTP/1.1" 200 676085
192.168.169.70 - - [22/Jan/2016:08:09:50 -0500] "GET /BLA/boletinlegal/consulta_actos.php?tipo=resoluciones&no=2511&usuario=&sector=&fecha=2008&resuelve= HTTP/1.1" 200 1055
201.245.192.253 - - [22/Jan/2016:08:09:52 -0500] "GET /BLA/resoluciones/RESOLUCIONES%202008/2511.pdf HTTP/1.1" 200 279442
181.61.46.47 - - [22/Jan/2016:08:10:12 -0500] "POST /forms/lservlet;jsessionid=ac16012b30d62a5a45a06c74484c80008860709913c2.e3iSbxaKaheRe38La3yQa3eLbh90n6jAmljGr5XDqQLvpAe HTTP/1.1" 200 2
192.168.169.70 - - [22/Jan/2016:08:10:14 -0500] "GET /BLA/boletinlegal/consulta_actos.php?tipo=resoluciones&no=2797&usuario=&sector=&fecha=2008&resuelve= HTTP/1.1" 200 1051
201.245.192.253 - - [22/Jan/2016:08:10:16 -0500] "GET /BLA/resoluciones/RESOLUCIONES%202008/2797.pdf HTTP/1.1" 200 322337
201.245.192.253 - - [22/Jan/2016:08:10:16 -0500] "POST /IsolucionSDA/ListadoMaestroDocumentos3.asp?Accion=Consultar&Mande=Buscar&paginaactual=3 HTTP/1.1" 200 18842
66.249.64.96 - - [22/Jan/2016:08:10:24 -0500] "GET /BLA/resoluciones/AUTOS%202012/1095.pdf HTTP/1.1" 200 415493
201.245.192.253 - - [22/Jan/2016:08:10:24 -0500] "POST /IsolucionSDA/ListadoMaestroDocumentos3.asp?Accion=Consultar&Mande=Buscar&paginaactual=4 HTTP/1.1" 200 19134
66.249.64.96 - - [22/Jan/2016:08:10:31 -0500] "GET /BLA/resoluciones/RESOLUCIONES%202009/5734.pdf HTTP/1.1" 200 137196
201.245.192.253 - - [22/Jan/2016:08:10:43 -0500] "POST /IsolucionSDA/ListadoMaestroDocumentos3.asp?Accion=Consultar&Mande=Buscar&paginaactual=5 HTTP/1.1" 200 18881
192.168.169.70 - - [22/Jan/2016:08:10:43 -0500] "GET /BLA/boletinlegal/consulta_actos.php?tipo=resoluciones&no=3251&usuario=&sector=&fecha=2008&resuelve= HTTP/1.1" 200 1058
201.245.192.253 - - [22/Jan/2016:08:10:47 -0500] "GET /BLA/resoluciones/RESOLUCIONES%202008/3251.pdf HTTP/1.1" 200 497559
201.245.192.253 - - [22/Jan/2016:08:11:01 -0500] "POST /IsolucionSDA/ListadoMaestroDocumentos3.asp?Accion=Consultar&Mande=Buscar&paginaactual=6 HTTP/1.1" 200 19130
201.245.192.253 - - [22/Jan/2016:08:11:08 -0500] "POST /IsolucionSDA/ListadoMaestroDocumentos3.asp?Accion=Consultar&Mande=Buscar&paginaactual=7 HTTP/1.1" 200 18763
192.168.169.70 - - [22/Jan/2016:08:11:11 -0500] "GET /BLA/boletinlegal/consulta_actos.php?tipo=resoluciones&no=1430&usuario=&sector=&fecha=2008&resuelve= HTTP/1.1" 200 1078
66.249.64.106 - - [22/Jan/2016:08:11:15 -0500] "GET /BLA/resoluciones/RESOLUCIONES%202010/1908.pdf HTTP/1.1" 200 589242
201.245.192.253 - - [22/Jan/2016:08:11:15 -0500] "POST /IsolucionSDA/ListadoMaestroDocumentos3.asp HTTP/1.1" 200 13937
181.129.89.19 - - [22/Jan/2016:08:11:24 -0500] "POST /forms/lservlet;jsessionid=ac16012b30d65003600f064d4839b5999562d2f5ebe4.e3iSbxaKaheRe38La3yQa3eLbh90n6jAmljGr5XDqQLvpAe HTTP/1.1" 200 2
201.245.192.253 - - [22/Jan/2016:08:11:29 -0500] "POST /IsolucionSDA/ListadoMaestroDocumentos3.asp HTTP/1.1" 200 13021
201.245.192.253 - - [22/Jan/2016:08:11:33 -0500] "GET /IsolucionSDA/FramesetArticulo.asp?Pagina=BancoConocimiento%2FF%2FFormularioporindividuo%28Ficha1%29%5Fv5%2FFormularioporindividuo%28Ficha1%29%5Fv5%2Easp&IdArticulo=4970 HTTP/1.1" 200 7365
