190.69.155.228 - - [22/Jan/2016:08:53:52 -0500] "GET /galeria/nivo-slider/demo/images/Ruta-vertimientos-01.jpg HTTP/1.1" 200 130151
190.25.157.12 - - [22/Jan/2016:08:53:52 -0500] "POST /forms/lservlet;jsessionid=ac16012b30d64d85c383c2d247db8926895472956ced.e3iSbxaKaheRe38La3yQa3eLbh90n6jAmljGr5XDqQLvpAe HTTP/1.1" 200 15
190.69.155.228 - - [22/Jan/2016:08:53:54 -0500] "GET /galeria/nivo-slider/demo/images/bolsas-06.jpg HTTP/1.1" 200 210950
201.245.192.253 - - [22/Jan/2016:08:53:54 -0500] "POST /IsolucionSDA/ListadoMaestroDocumentos3.asp HTTP/1.1" 200 12438
201.245.192.253 - - [22/Jan/2016:08:53:56 -0500] "GET /IsolucionSDA/FramesetArticulo.asp?Pagina=BancoConocimiento%2FA%2FACTADESUSPENSION%5F%5Fv2%2FACTADESUSPENSION%5F%5Fv2%2Easp&IdArticulo=7270 HTTP/1.1" 200 7253
201.245.192.253 - - [22/Jan/2016:08:53:56 -0500] "GET /IsolucionSDA/Arriba.asp?Pagina=BancoConocimiento%2FA%2FACTADESUSPENSION%5F%5Fv2%2FACTADESUSPENSION%5F%5Fv2%2Easp&IdArticulo=7270 HTTP/1.1" 200 10530
201.245.192.253 - - [22/Jan/2016:08:53:56 -0500] "GET /IsolucionSDA/BancoConocimiento/A/ACTADESUSPENSION__v2/ACTADESUSPENSION__v2.asp?IdArticulo=7270 HTTP/1.1" 302 150
201.245.192.253 - - [22/Jan/2016:08:53:56 -0500] "GET /IsolucionSDA/BancoConocimiento/A/ACTADESUSPENSION__v2/acta%20de%20suspension01.docx HTTP/1.1" 200 722646
201.244.249.96 - - [22/Jan/2016:08:53:59 -0500] "GET /ecodirectorio/files/res/pages/page_0020.swf HTTP/1.1" 200 232495
190.25.157.12 - - [22/Jan/2016:08:54:00 -0500] "POST /forms/lservlet;jsessionid=ac16012b30d64d85c383c2d247db8926895472956ced.e3iSbxaKaheRe38La3yQa3eLbh90n6jAmljGr5XDqQLvpAe HTTP/1.1" 200 15
190.69.155.228 - - [22/Jan/2016:08:54:01 -0500] "GET /galeria/nivo-slider/demo/images/ecolecta-Dic2014.png HTTP/1.1" 200 856487
190.69.155.228 - - [22/Jan/2016:08:54:01 -0500] "GET /galeria/nivo-slider/demo/images/4Simple_Slider.png HTTP/1.1" 200 11722
190.69.155.228 - - [22/Jan/2016:08:54:02 -0500] "GET /galeria/nivo-slider/themes/default/loading.gif HTTP/1.1" 200 1737
201.244.249.96 - - [22/Jan/2016:08:54:04 -0500] "GET /ecodirectorio/files/res/pages/page_0021.swf HTTP/1.1" 200 230455
201.244.249.96 - - [22/Jan/2016:08:54:04 -0500] "GET /ecodirectorio/files/res/pages/page_0022.swf HTTP/1.1" 200 531985
201.245.192.253 - - [22/Jan/2016:08:54:07 -0500] "GET /IsolucionSDA/ControlDeInicio.asp HTTP/1.1" 200 739
201.245.192.253 - - [22/Jan/2016:08:54:07 -0500] "GET /IsolucionSDA/IdentificaUsuario.asp?Pagina1=FrameSetGeneral.asp& HTTP/1.1" 200 5090
66.249.64.96 - - [22/Jan/2016:08:54:07 -0500] "GET /BLA/resoluciones/RESOLUCIONES%202010/5927.pdf HTTP/1.1" 200 275934
190.25.157.12 - - [22/Jan/2016:08:54:09 -0500] "POST /forms/lservlet;jsessionid=ac16012b30d64d85c383c2d247db8926895472956ced.e3iSbxaKaheRe38La3yQa3eLbh90n6jAmljGr5XDqQLvpAe HTTP/1.1" 200 15
201.245.192.253 - - [22/Jan/2016:08:54:14 -0500] "POST /IsolucionSDA/IdentificaUsuario.asp?Pagina1=FrameSetGeneral.asp& HTTP/1.1" 302 173
201.245.192.253 - - [22/Jan/2016:08:54:14 -0500] "GET /IsolucionSDA/FrameSetGeneral.asp?Pagina1=FrameSetGeneral.asp& HTTP/1.1" 200 6485
201.245.192.253 - - [22/Jan/2016:08:54:14 -0500] "GET /IsolucionSDA/Encabezado.asp?Pagina1=FrameSetGeneral.asp&&Pagina=MagazinHome.asp HTTP/1.1" 200 15519
201.245.192.253 - - [22/Jan/2016:08:54:14 -0500] "GET /IsolucionSDA/BarraTitulos.asp?Pagina1=FrameSetGeneral.asp&&Pagina=MagazinHome.asp HTTP/1.1" 200 6844
201.245.192.253 - - [22/Jan/2016:08:54:14 -0500] "GET /IsolucionSDA/Session.asp?Continue=1 HTTP/1.1" 200 6195
201.245.192.253 - - [22/Jan/2016:08:54:14 -0500] "GET /IsolucionSDA/BarraFavoritos.asp HTTP/1.1" 200 911
201.245.192.253 - - [22/Jan/2016:08:54:14 -0500] "GET /IsolucionSDA/MagazinHome.asp HTTP/1.1" 200 28468
201.245.192.253 - - [22/Jan/2016:08:54:14 -0500] "GET /IsolucionSDA/g/Bgr_Destacado3399CC.jpg HTTP/1.1" 404 1245
201.245.192.253 - - [22/Jan/2016:08:54:14 -0500] "GET /IsolucionSDA/TareasSFRedirect.asp HTTP/1.1" 302 195
201.245.192.253 - - [22/Jan/2016:08:54:15 -0500] "GET /IsolucionSDA/FrameSetGeneral.asp?Pagina=Menu.asp&IdModulo=4 HTTP/1.1" 200 6455
201.245.192.253 - - [22/Jan/2016:08:54:15 -0500] "GET /IsolucionSDA/Encabezado.asp?Pagina=Menu.asp&IdModulo=4 HTTP/1.1" 200 15520
201.245.192.253 - - [22/Jan/2016:08:54:15 -0500] "GET /IsolucionSDA/BarraTitulos.asp?Pagina=Menu.asp&IdModulo=4 HTTP/1.1" 200 6857
201.245.192.253 - - [22/Jan/2016:08:54:15 -0500] "GET /IsolucionSDA/Session.asp?Continue=1 HTTP/1.1" 200 6195
201.245.192.253 - - [22/Jan/2016:08:54:15 -0500] "GET /IsolucionSDA/BarraFavoritos.asp HTTP/1.1" 200 911
201.245.192.253 - - [22/Jan/2016:08:54:15 -0500] "GET /IsolucionSDA/Menu.asp?Pagina=Menu.asp&IdModulo=4 HTTP/1.1" 200 17869
201.245.192.253 - - [22/Jan/2016:08:54:14 -0500] "GET /IsolucionSDA/Login.aspx?TARGET=SFContainerFiltrado.aspx&number=53535166704956574550 HTTP/1.1" 302 886
201.245.192.253 - - [22/Jan/2016:08:54:16 -0500] "GET /IsolucionSDA/FrameSetGeneral.asp?Pagina=Administracion/SalaEdicion/Magazines.asp HTTP/1.1" 200 6550
201.245.192.253 - - [22/Jan/2016:08:54:16 -0500] "GET /IsolucionSDA/BarraTitulos.asp?Pagina=Administracion/SalaEdicion/Magazines.asp HTTP/1.1" 200 6857
201.245.192.253 - - [22/Jan/2016:08:54:16 -0500] "GET /IsolucionSDA/Encabezado.asp?Pagina=Administracion/SalaEdicion/Magazines.asp HTTP/1.1" 200 15495
201.245.192.253 - - [22/Jan/2016:08:54:16 -0500] "GET /IsolucionSDA/Administracion/SalaEdicion/Magazines.asp?Pagina=Administracion/SalaEdicion/Magazines.asp HTTP/1.1" 200 8591
201.245.192.253 - - [22/Jan/2016:08:54:16 -0500] "GET /IsolucionSDA/BarraFavoritos.asp HTTP/1.1" 200 911
201.245.192.253 - - [22/Jan/2016:08:54:17 -0500] "GET /IsolucionSDA/Administracion/SalaEdicion/ArticuloMenu.asp?Palabra=&Buscar=Buscar&Letra=TODO HTTP/1.1" 200 56559
190.25.157.12 - - [22/Jan/2016:08:54:18 -0500] "POST /forms/lservlet;jsessionid=ac16012b30d64d85c383c2d247db8926895472956ced.e3iSbxaKaheRe38La3yQa3eLbh90n6jAmljGr5XDqQLvpAe HTTP/1.1" 200 15
201.245.192.253 - - [22/Jan/2016:08:54:21 -0500] "POST /IsolucionSDA/Administracion/SalaEdicion/ArticuloMenu.asp HTTP/1.1" 200 25066
201.245.192.253 - - [22/Jan/2016:08:54:24 -0500] "POST /IsolucionSDA/Administracion/SalaEdicion/ArticuloMenu.asp HTTP/1.1" 200 22845
190.69.155.228 - - [22/Jan/2016:08:54:26 -0500] "GET /galeria/nivo-slider/themes/default/arrows.png HTTP/1.1" 200 824
190.69.155.228 - - [22/Jan/2016:08:54:26 -0500] "GET /galeria/nivo-slider/themes/default/bullets.png HTTP/1.1" 200 1281
190.25.157.12 - - [22/Jan/2016:08:54:27 -0500] "POST /forms/lservlet;jsessionid=ac16012b30d64d85c383c2d247db8926895472956ced.e3iSbxaKaheRe38La3yQa3eLbh90n6jAmljGr5XDqQLvpAe HTTP/1.1" 200 15
201.244.249.96 - - [22/Jan/2016:08:54:30 -0500] "GET /ecodirectorio/files/res/downloads/book.pdf HTTP/1.1" 200 19843723
201.244.249.96 - - [22/Jan/2016:08:54:30 -0500] "GET /favicon.ico HTTP/1.1" 200 7782
201.244.249.96 - - [22/Jan/2016:08:54:31 -0500] "GET /ecodirectorio/files/res/downloads/book.pdf HTTP/1.1" 206 32768
201.244.249.96 - - [22/Jan/2016:08:54:31 -0500] "GET /ecodirectorio/files/res/downloads/book.pdf HTTP/1.1" 206 19810955
190.24.59.78 - - [22/Jan/2016:08:54:32 -0500] "GET /galeria/galeria/jquery.fancybox.css?v=2.1.5 HTTP/1.1" 304 -
190.24.59.78 - - [22/Jan/2016:08:54:32 -0500] "GET /galeria/galeria/jquery.fancybox.js?v=2.1.5 HTTP/1.1" 304 -
66.249.64.243 - - [22/Jan/2016:08:54:34 -0500] "GET /Anexos%20estudio%20Organizacional%20SDA/index.php?dir=ANEXO+No.+2+-+EJECUCIONES+PRESUPUESTALES+2008-2011+Y+PRESUPUESTO+2012%2F HTTP/1.1" 200 3708
201.245.192.253 - - [22/Jan/2016:08:54:29 -0500] "GET /IsolucionSDA/Administracion/SalaEdicion/Articulo.asp?Id_Articulo=9655 HTTP/1.1" 200 651904
201.245.192.253 - - [22/Jan/2016:08:54:36 -0500] "GET /IsolucionSDA/javascript/ClickValidation.js HTTP/1.1" 404 1245
201.245.192.253 - - [22/Jan/2016:08:54:36 -0500] "GET /IsolucionSDA/Administracion/Graficas/vacio1x1.gif HTTP/1.1" 404 1245
201.245.192.253 - - [22/Jan/2016:08:54:36 -0500] "GET /IsolucionSDA/Administracion/SalaEdicion/g/GifTransparente.gif HTTP/1.1" 404 1245
201.245.192.253 - - [22/Jan/2016:08:54:37 -0500] "GET /IsolucionSDA/javascript/ClickValidation.js HTTP/1.1" 404 1245
190.24.59.78 - - [22/Jan/2016:08:54:37 -0500] "GET /BLA/boletinlegal/js/jquery.scrollShow.js HTTP/1.1" 200 4586
190.24.59.78 - - [22/Jan/2016:08:54:37 -0500] "GET /galeria/galeria/jquery.fancybox.js?v=2.1.5 HTTP/1.1" 200 48706
190.24.59.78 - - [22/Jan/2016:08:54:37 -0500] "GET /galeria/galeria/jquery.fancybox.css?v=2.1.5 HTTP/1.1" 200 4895
201.245.192.253 - - [22/Jan/2016:08:54:37 -0500] "GET /IsolucionSDA/Administracion/Graficas/vacio1x1.gif HTTP/1.1" 404 1245
201.245.192.253 - - [22/Jan/2016:08:54:37 -0500] "GET /IsolucionSDA/Administracion/SalaEdicion/g/GifTransparente.gif HTTP/1.1" 404 1245
190.25.157.12 - - [22/Jan/2016:08:54:36 -0500] "POST /forms/lservlet;jsessionid=ac16012b30d64d85c383c2d247db8926895472956ced.e3iSbxaKaheRe38La3yQa3eLbh90n6jAmljGr5XDqQLvpAe HTTP/1.1" 200 15
190.24.59.78 - - [22/Jan/2016:08:54:38 -0500] "GET /galeria/galeria/jquery.fancybox.css?v=2.1.5 HTTP/1.1" 304 -
190.24.59.78 - - [22/Jan/2016:08:54:38 -0500] "GET /galeria/galeria/jquery.fancybox.js?v=2.1.5 HTTP/1.1" 304 -
190.25.157.12 - - [22/Jan/2016:08:54:45 -0500] "POST /forms/lservlet;jsessionid=ac16012b30d64d85c383c2d247db8926895472956ced.e3iSbxaKaheRe38La3yQa3eLbh90n6jAmljGr5XDqQLvpAe HTTP/1.1" 200 15
66.249.64.96 - - [22/Jan/2016:08:54:52 -0500] "GET /BLA/resoluciones/AUTOS%202010/5403.pdf HTTP/1.1" 200 1467681
190.25.157.12 - - [22/Jan/2016:08:54:54 -0500] "POST /forms/lservlet;jsessionid=ac16012b30d64d85c383c2d247db8926895472956ced.e3iSbxaKaheRe38La3yQa3eLbh90n6jAmljGr5XDqQLvpAe HTTP/1.1" 200 15
192.168.169.27 - - [22/Jan/2016:08:54:55 -0500] "GET /BLA/boletinlegal/consulta_actos.php?tipo=resoluciones&no=1419&usuario=&sector=&fecha=2010&resuelve= HTTP/1.1" 200 1005
201.245.192.253 - - [22/Jan/2016:08:54:58 -0500] "GET /BLA/resoluciones/RESOLUCIONES%202010/1419.pdf HTTP/1.1" 200 506371
190.25.157.12 - - [22/Jan/2016:08:55:03 -0500] "POST /forms/lservlet;jsessionid=ac16012b30d64d85c383c2d247db8926895472956ced.e3iSbxaKaheRe38La3yQa3eLbh90n6jAmljGr5XDqQLvpAe HTTP/1.1" 200 15
190.25.157.12 - - [22/Jan/2016:08:55:12 -0500] "POST /forms/lservlet;jsessionid=ac16012b30d64d85c383c2d247db8926895472956ced.e3iSbxaKaheRe38La3yQa3eLbh90n6jAmljGr5XDqQLvpAe HTTP/1.1" 200 15
190.25.157.12 - - [22/Jan/2016:08:55:21 -0500] "POST /forms/lservlet;jsessionid=ac16012b30d64d85c383c2d247db8926895472956ced.e3iSbxaKaheRe38La3yQa3eLbh90n6jAmljGr5XDqQLvpAe HTTP/1.1" 200 15
181.129.89.19 - - [22/Jan/2016:08:55:29 -0500] "POST /forms/lservlet;jsessionid=ac16012b30d65003600f064d4839b5999562d2f5ebe4.e3iSbxaKaheRe38La3yQa3eLbh90n6jAmljGr5XDqQLvpAe HTTP/1.1" 200 2
190.25.157.12 - - [22/Jan/2016:08:55:30 -0500] "POST /forms/lservlet;jsessionid=ac16012b30d64d85c383c2d247db8926895472956ced.e3iSbxaKaheRe38La3yQa3eLbh90n6jAmljGr5XDqQLvpAe HTTP/1.1" 200 15
66.249.64.106 - - [22/Jan/2016:08:55:36 -0500] "GET /BLA/resoluciones/AUTOS%202009/2997.pdf HTTP/1.1" 304 -
190.25.157.12 - - [22/Jan/2016:08:55:39 -0500] "POST /forms/lservlet;jsessionid=ac16012b30d64d85c383c2d247db8926895472956ced.e3iSbxaKaheRe38La3yQa3eLbh90n6jAmljGr5XDqQLvpAe HTTP/1.1" 200 15
190.25.157.12 - - [22/Jan/2016:08:55:48 -0500] "POST /forms/lservlet;jsessionid=ac16012b30d64d85c383c2d247db8926895472956ced.e3iSbxaKaheRe38La3yQa3eLbh90n6jAmljGr5XDqQLvpAe HTTP/1.1" 200 15
66.249.64.96 - - [22/Jan/2016:08:55:51 -0500] "GET /BLA/resoluciones/RESOLUCIONES%202008/4654.pdf HTTP/1.1" 200 542949
190.25.157.12 - - [22/Jan/2016:08:55:57 -0500] "POST /forms/lservlet;jsessionid=ac16012b30d64d85c383c2d247db8926895472956ced.e3iSbxaKaheRe38La3yQa3eLbh90n6jAmljGr5XDqQLvpAe HTTP/1.1" 200 15
190.25.157.12 - - [22/Jan/2016:08:56:06 -0500] "POST /forms/lservlet;jsessionid=ac16012b30d64d85c383c2d247db8926895472956ced.e3iSbxaKaheRe38La3yQa3eLbh90n6jAmljGr5XDqQLvpAe HTTP/1.1" 200 15
190.25.157.12 - - [22/Jan/2016:08:56:15 -0500] "POST /forms/lservlet;jsessionid=ac16012b30d64d85c383c2d247db8926895472956ced.e3iSbxaKaheRe38La3yQa3eLbh90n6jAmljGr5XDqQLvpAe HTTP/1.1" 200 15
66.249.64.106 - - [22/Jan/2016:08:56:20 -0500] "GET /BLA/resoluciones/AUTOS%202013/0358.pdf HTTP/1.1" 200 1774391
190.25.157.12 - - [22/Jan/2016:08:56:24 -0500] "POST /forms/lservlet;jsessionid=ac16012b30d64d85c383c2d247db8926895472956ced.e3iSbxaKaheRe38La3yQa3eLbh90n6jAmljGr5XDqQLvpAe HTTP/1.1" 200 15
192.168.169.27 - - [22/Jan/2016:08:56:29 -0500] "GET /BLA/boletinlegal/consulta_actos.php?tipo=resoluciones&no=0277&usuario=&sector=&fecha=2011&resuelve= HTTP/1.1" 200 1047
201.245.192.253 - - [22/Jan/2016:08:56:31 -0500] "GET /BLA/resoluciones/RESOLUCIONES%202011/0277.pdf HTTP/1.1" 200 270929
190.25.157.12 - - [22/Jan/2016:08:56:33 -0500] "POST /forms/lservlet;jsessionid=ac16012b30d64d85c383c2d247db8926895472956ced.e3iSbxaKaheRe38La3yQa3eLbh90n6jAmljGr5XDqQLvpAe HTTP/1.1" 200 15
190.25.157.12 - - [22/Jan/2016:08:56:42 -0500] "POST /forms/lservlet;jsessionid=ac16012b30d64d85c383c2d247db8926895472956ced.e3iSbxaKaheRe38La3yQa3eLbh90n6jAmljGr5XDqQLvpAe HTTP/1.1" 200 15
190.25.157.12 - - [22/Jan/2016:08:56:51 -0500] "POST /forms/lservlet;jsessionid=ac16012b30d64d85c383c2d247db8926895472956ced.e3iSbxaKaheRe38La3yQa3eLbh90n6jAmljGr5XDqQLvpAe HTTP/1.1" 200 15
190.144.156.107 - - [22/Jan/2016:08:56:57 -0500] "GET /BLA/boletinlegal/js/jquery.scrollShow.js HTTP/1.1" 200 4586
190.144.156.107 - - [22/Jan/2016:08:56:57 -0500] "GET /galeria/galeria/jquery.fancybox.js?v=2.1.5 HTTP/1.1" 200 48706
190.144.156.107 - - [22/Jan/2016:08:56:57 -0500] "GET /galeria/galeria/jquery.fancybox.css?v=2.1.5 HTTP/1.1" 200 4895
190.144.156.107 - - [22/Jan/2016:08:56:57 -0500] "GET /galeria/galeria/jquery.fancybox.js?v=2.1.5 HTTP/1.1" 200 48706
186.30.232.219 - - [22/Jan/2016:08:56:57 -0500] "GET /galeria/galeria/jquery.fancybox.css?v=2.1.5 HTTP/1.1" 200 4895
186.30.232.219 - - [22/Jan/2016:08:56:58 -0500] "GET /BLA/boletinlegal/js/jquery.scrollShow.js HTTP/1.1" 200 4586
186.30.232.219 - - [22/Jan/2016:08:56:58 -0500] "GET /galeria/galeria/jquery.fancybox.js?v=2.1.5 HTTP/1.1" 200 48706
190.144.156.107 - - [22/Jan/2016:08:56:58 -0500] "GET /galeria/galeria/jquery.fancybox.css?v=2.1.5 HTTP/1.1" 200 4895
186.31.214.29 - - [22/Jan/2016:08:56:58 -0500] "GET /galeria/galeria/jquery.fancybox.css?v=2.1.5 HTTP/1.1" 200 4895
186.31.214.29 - - [22/Jan/2016:08:56:58 -0500] "GET /BLA/boletinlegal/js/jquery.scrollShow.js HTTP/1.1" 200 4586
186.31.214.29 - - [22/Jan/2016:08:56:58 -0500] "GET /galeria/galeria/jquery.fancybox.js?v=2.1.5 HTTP/1.1" 200 48706
190.25.157.12 - - [22/Jan/2016:08:57:00 -0500] "POST /forms/lservlet;jsessionid=ac16012b30d64d85c383c2d247db8926895472956ced.e3iSbxaKaheRe38La3yQa3eLbh90n6jAmljGr5XDqQLvpAe HTTP/1.1" 200 7971
190.25.157.12 - - [22/Jan/2016:08:57:01 -0500] "POST /forms/lservlet;jsessionid=ac16012b30d64d85c383c2d247db8926895472956ced.e3iSbxaKaheRe38La3yQa3eLbh90n6jAmljGr5XDqQLvpAe HTTP/1.1" 200 64
190.25.157.12 - - [22/Jan/2016:08:57:01 -0500] "POST /forms/lservlet;jsessionid=ac16012b30d64d85c383c2d247db8926895472956ced.e3iSbxaKaheRe38La3yQa3eLbh90n6jAmljGr5XDqQLvpAe HTTP/1.1" 200 2
190.25.157.12 - - [22/Jan/2016:08:57:01 -0500] "POST /forms/lservlet;jsessionid=ac16012b30d64d85c383c2d247db8926895472956ced.e3iSbxaKaheRe38La3yQa3eLbh90n6jAmljGr5XDqQLvpAe HTTP/1.1" 200 2
190.25.157.12 - - [22/Jan/2016:08:57:01 -0500] "POST /forms/lservlet;jsessionid=ac16012b30d64d85c383c2d247db8926895472956ced.e3iSbxaKaheRe38La3yQa3eLbh90n6jAmljGr5XDqQLvpAe HTTP/1.1" 200 2
192.168.169.27 - - [22/Jan/2016:08:57:01 -0500] "GET /BLA/boletinlegal/consulta_actos.php?tipo=resoluciones&no=6307&usuario=&sector=&fecha=2010&resuelve= HTTP/1.1" 200 1016
201.245.192.253 - - [22/Jan/2016:08:57:02 -0500] "GET /BLA/resoluciones/RESOLUCIONES%202010/6307.pdf HTTP/1.1" 200 2066484
66.249.64.96 - - [22/Jan/2016:08:57:05 -0500] "GET /BLA/resoluciones/RESOLUCIONES%202009/5848.pdf HTTP/1.1" 304 -
201.245.192.253 - - [22/Jan/2016:08:57:05 -0500] "GET /BLA/resoluciones/RESOLUCIONES%202010/6307.pdf HTTP/1.1" 206 32768
201.245.192.253 - - [22/Jan/2016:08:57:05 -0500] "GET /BLA/resoluciones/RESOLUCIONES%202010/6307.pdf HTTP/1.1" 206 2033716
181.129.89.19 - - [22/Jan/2016:08:57:29 -0500] "POST /forms/lservlet;jsessionid=ac16012b30d65003600f064d4839b5999562d2f5ebe4.e3iSbxaKaheRe38La3yQa3eLbh90n6jAmljGr5XDqQLvpAe HTTP/1.1" 200 2
190.25.157.12 - - [22/Jan/2016:08:57:29 -0500] "POST /forms/lservlet;jsessionid=ac16012b30d64d85c383c2d247db8926895472956ced.e3iSbxaKaheRe38La3yQa3eLbh90n6jAmljGr5XDqQLvpAe HTTP/1.1" 200 2
192.168.169.27 - - [22/Jan/2016:08:57:46 -0500] "GET /BLA/boletinlegal/consulta_actos.php?tipo=resoluciones&no=6323&usuario=&sector=&fecha=2010&resuelve= HTTP/1.1" 200 1018
66.249.64.106 - - [22/Jan/2016:08:57:49 -0500] "GET /BLA/resoluciones/RESOLUCIONES%202007/RES%202007%202801%20AL%202900/RESOLUCION%202844%20DE%202007.pdf HTTP/1.1" 200 872806
201.245.192.253 - - [22/Jan/2016:08:57:53 -0500] "GET /BLA/resoluciones/RESOLUCIONES%202010/6323.pdf HTTP/1.1" 200 2258048
201.245.192.253 - - [22/Jan/2016:08:57:56 -0500] "GET /BLA/resoluciones/RESOLUCIONES%202010/6323.pdf HTTP/1.1" 206 32768
201.245.192.253 - - [22/Jan/2016:08:57:56 -0500] "GET /BLA/resoluciones/RESOLUCIONES%202010/6323.pdf HTTP/1.1" 206 2225280
190.145.30.106 - - [22/Jan/2016:08:58:02 -0500] "GET /autoliquidacion/TR%C3%81MITES%20VERTIMIENTOS/PERMISOS%20DE%20VERTIMIENTOS/ANEXO3.%20LISTA%20DE%20CHEQUEO%20PERMISO%20VERT.%20ALCANTARILLADO%20-%20F.xls HTTP/1.0" 200 225792
51.255.65.14 - - [22/Jan/2016:08:58:03 -0500] "GET /BLA/resoluciones/RESOLUCIONES%202005/RES%202005%202851-2900/00002897.tif HTTP/1.1" 200 80594
201.245.192.253 - - [22/Jan/2016:08:58:03 -0500] "GET /IsolucionSDA/Administracion/SalaEdicion/ArticuloSeleccion.asp?Admin=1&Form=Admon&Campo=Objeto67_1 HTTP/1.1" 200 105004
201.245.192.253 - - [22/Jan/2016:08:58:05 -0500] "POST /IsolucionSDA/Administracion/SalaEdicion/ArticuloSeleccion.asp?Admin=1&Form=Admon&Campo=Objeto67_1 HTTP/1.1" 200 180707
192.168.169.27 - - [22/Jan/2016:08:58:33 -0500] "GET /BLA/boletinlegal/consulta_actos.php?tipo=resoluciones&no=6806&usuario=&sector=&fecha=2010&resuelve= HTTP/1.1" 200 1018
66.249.64.101 - - [22/Jan/2016:08:58:33 -0500] "GET / HTTP/1.1" 200 10190
201.245.192.253 - - [22/Jan/2016:08:58:37 -0500] "GET /BLA/resoluciones/RESOLUCIONES%202010/6806.pdf HTTP/1.1" 200 285385
69.162.124.233 - - [22/Jan/2016:08:58:39 -0500] "HEAD / HTTP/1.1" 200 -
201.245.192.253 - - [22/Jan/2016:08:58:22 -0500] "POST /IsolucionSDA/Administracion/SalaEdicion/Articulo.asp HTTP/1.1" 200 651980
201.245.192.253 - - [22/Jan/2016:08:58:41 -0500] "GET /IsolucionSDA/Administracion/SalaEdicion/ArticuloSeleccion.asp?Admin=1&Form=Admon&Campo=Objeto70_1 HTTP/1.1" 200 105004
201.245.192.253 - - [22/Jan/2016:08:58:41 -0500] "GET /IsolucionSDA/javascript/ClickValidation.js HTTP/1.1" 404 1245
201.245.192.253 - - [22/Jan/2016:08:58:41 -0500] "GET /IsolucionSDA/Administracion/SalaEdicion/g/GifTransparente.gif HTTP/1.1" 404 1245
201.245.192.253 - - [22/Jan/2016:08:58:41 -0500] "GET /IsolucionSDA/Administracion/Graficas/vacio1x1.gif HTTP/1.1" 404 1245
201.245.192.253 - - [22/Jan/2016:08:58:59 -0500] "GET /IsolucionSDA/Session.asp HTTP/1.1" 200 6325
201.245.192.253 - - [22/Jan/2016:08:59:04 -0500] "GET /IsolucionSDA/Administracion/SalaEdicion/ArticuloSeleccion.asp?Admin=1&Form=Admon&Campo=Objeto70_1 HTTP/1.1" 200 105004
201.245.192.253 - - [22/Jan/2016:08:59:06 -0500] "POST /IsolucionSDA/Administracion/SalaEdicion/ArticuloSeleccion.asp?Admin=1&Form=Admon&Campo=Objeto70_1 HTTP/1.1" 200 180707
192.168.169.27 - - [22/Jan/2016:08:59:15 -0500] "GET /BLA/boletinlegal/consulta_actos.php?tipo=resoluciones&no=6927&usuario=&sector=&fecha=2010&resuelve= HTTP/1.1" 200 1018
201.245.192.253 - - [22/Jan/2016:08:59:19 -0500] "GET /BLA/resoluciones/RESOLUCIONES%202010/6927.pdf HTTP/1.1" 200 294147
201.245.192.253 - - [22/Jan/2016:08:59:22 -0500] "GET /IsolucionSDA/Administracion/SalaEdicion/ArticuloSeleccion.asp?Admin=1&Form=Admon&Campo=Objeto70_1 HTTP/1.1" 200 105004
201.245.192.253 - - [22/Jan/2016:08:59:24 -0500] "GET /IsolucionSDA/Administracion/SalaEdicion/ArticuloSeleccion.asp?Admin=1&Form=Admon&Campo=Objeto70_1 HTTP/1.1" 200 105004
201.245.192.253 - - [22/Jan/2016:08:59:26 -0500] "POST /IsolucionSDA/Administracion/SalaEdicion/ArticuloSeleccion.asp?Admin=1&Form=Admon&Campo=Objeto70_1 HTTP/1.1" 200 180707
181.129.89.19 - - [22/Jan/2016:08:59:29 -0500] "POST /forms/lservlet;jsessionid=ac16012b30d65003600f064d4839b5999562d2f5ebe4.e3iSbxaKaheRe38La3yQa3eLbh90n6jAmljGr5XDqQLvpAe HTTP/1.1" 200 2
190.25.157.12 - - [22/Jan/2016:08:59:29 -0500] "POST /forms/lservlet;jsessionid=ac16012b30d64d85c383c2d247db8926895472956ced.e3iSbxaKaheRe38La3yQa3eLbh90n6jAmljGr5XDqQLvpAe HTTP/1.1" 200 2
181.61.46.47 - - [22/Jan/2016:08:59:41 -0500] "POST /forms/lservlet;jsessionid=ac16012b30d62a5a45a06c74484c80008860709913c2.e3iSbxaKaheRe38La3yQa3eLbh90n6jAmljGr5XDqQLvpAe HTTP/1.1" 200 132
192.168.172.57 - - [22/Jan/2016:08:59:45 -0500] "GET /BLA/boletinlegal/consulta_actos.php?tipo=autos&no=3010&usuario=&sector=&fecha=2010&resuelve= HTTP/1.1" 200 1040
66.249.64.101 - - [22/Jan/2016:08:59:48 -0500] "GET /BLA/resoluciones/AUTOS%202014/5438.pdf HTTP/1.1" 200 378874
127.0.0.1 - - [22/Jan/2016:08:59:55 -0500] "POST /core/version-check/1.7/?version=4.2.2&php=5.5.15&locale=es_ES&mysql=5.6.20&local_package=&blogs=1&users=147&multisite_enabled=0 HTTP/1.0" 404 1021
127.0.0.1 - - [22/Jan/2016:08:59:55 -0500] "POST /plugins/update-check/1.1/ HTTP/1.0" 404 1021
127.0.0.1 - - [22/Jan/2016:08:59:55 -0500] "POST /themes/update-check/1.1/ HTTP/1.0" 404 1021
66.249.64.96 - - [22/Jan/2016:09:00:02 -0500] "GET /autoliquidacion/index.php?dir=TR%C1MITES+VERTIMIENTOS%2FREGISTRO+DE+VERTIMIENTOS%2F HTTP/1.1" 200 6694
201.245.192.253 - - [22/Jan/2016:09:00:02 -0500] "GET /forest/login.do HTTP/1.1" 404 1120
201.245.192.253 - - [22/Jan/2016:09:00:20 -0500] "GET /IsolucionSDA/Administracion/SalaEdicion/ArticuloSeleccion.asp?Admin=1&Form=Admon&Campo=Objeto73_1 HTTP/1.1" 200 105004
201.245.192.253 - - [22/Jan/2016:09:00:22 -0500] "POST /IsolucionSDA/Administracion/SalaEdicion/ArticuloSeleccion.asp?Admin=1&Form=Admon&Campo=Objeto73_1 HTTP/1.1" 200 180707
190.25.157.12 - - [22/Jan/2016:09:00:23 -0500] "POST /forms/lservlet;jsessionid=ac16012b30d64d85c383c2d247db8926895472956ced.e3iSbxaKaheRe38La3yQa3eLbh90n6jAmljGr5XDqQLvpAe HTTP/1.1" 200 34710
190.25.157.12 - - [22/Jan/2016:09:00:24 -0500] "GET /imagenes/listval.gif HTTP/1.1" 200 905
190.25.157.12 - - [22/Jan/2016:09:00:24 -0500] "GET /imagenes/tree1.gif HTTP/1.1" 200 1161
190.25.157.12 - - [22/Jan/2016:09:00:24 -0500] "GET /imagenes/listval.gif HTTP/1.1" 200 905
190.25.157.12 - - [22/Jan/2016:09:00:24 -0500] "GET /imagenes/CAMERA3.gif HTTP/1.1" 200 4150
190.25.157.12 - - [22/Jan/2016:09:00:24 -0500] "GET /imagenes/SLIDE1.gif HTTP/1.1" 200 1111
190.25.157.12 - - [22/Jan/2016:09:00:24 -0500] "GET /imagenes/flexcomb.gif HTTP/1.1" 200 1169
190.25.157.12 - - [22/Jan/2016:09:00:24 -0500] "GET /imagenes/GO.gif HTTP/1.1" 200 904
190.25.157.12 - - [22/Jan/2016:09:00:24 -0500] "GET /imagenes/HRTOOLS.gif HTTP/1.1" 200 2238
190.25.157.12 - - [22/Jan/2016:09:00:24 -0500] "GET /imagenes/rt_rec1.gif HTTP/1.1" 200 867
190.25.157.12 - - [22/Jan/2016:09:00:24 -0500] "GET /imagenes/apply.gif HTTP/1.1" 200 903
190.25.157.12 - - [22/Jan/2016:09:00:24 -0500] "GET /imagenes/exit.gif HTTP/1.1" 200 916
190.25.157.12 - - [22/Jan/2016:09:00:24 -0500] "GET /imagenes/LISTVAL.gif HTTP/1.1" 200 905
190.25.157.12 - - [22/Jan/2016:09:00:24 -0500] "GET /imagenes/edit.gif HTTP/1.1" 200 919
190.25.157.12 - - [22/Jan/2016:09:00:24 -0500] "GET /imagenes/rt_rec4.gif HTTP/1.1" 200 865
190.25.157.12 - - [22/Jan/2016:09:00:24 -0500] "GET /imagenes/rt_rec3.gif HTTP/1.1" 200 844
190.25.157.12 - - [22/Jan/2016:09:00:24 -0500] "GET /imagenes/rt_rec2.gif HTTP/1.1" 200 847
190.25.157.12 - - [22/Jan/2016:09:00:24 -0500] "GET /imagenes/rt_rdel.gif HTTP/1.1" 200 899
190.25.157.12 - - [22/Jan/2016:09:00:24 -0500] "GET /imagenes/rt_radd.gif HTTP/1.1" 200 907
190.25.157.12 - - [22/Jan/2016:09:00:24 -0500] "GET /imagenes/rt_quer3.gif HTTP/1.1" 200 939
190.25.157.12 - - [22/Jan/2016:09:00:24 -0500] "GET /imagenes/rt_quer2.gif HTTP/1.1" 200 936
190.25.157.12 - - [22/Jan/2016:09:00:24 -0500] "GET /imagenes/rt_quer1.gif HTTP/1.1" 200 930
190.25.157.12 - - [22/Jan/2016:09:00:24 -0500] "GET /imagenes/rt_save.gif HTTP/1.1" 200 903
190.25.157.12 - - [22/Jan/2016:09:00:24 -0500] "GET /imagenes/rt_pset.gif HTTP/1.1" 200 914
190.25.157.12 - - [22/Jan/2016:09:00:24 -0500] "GET /imagenes/QUEJA.gif HTTP/1.1" 200 1091
190.25.157.12 - - [22/Jan/2016:09:00:24 -0500] "GET /imagenes/ARBOL.gif HTTP/1.1" 200 1026
190.25.157.12 - - [22/Jan/2016:09:00:25 -0500] "GET /imagenes/Clipboard.gif HTTP/1.1" 200 1466
190.25.157.12 - - [22/Jan/2016:09:00:25 -0500] "GET /imagenes/DINERO.gif HTTP/1.1" 200 1766
190.25.157.12 - - [22/Jan/2016:09:00:25 -0500] "GET /imagenes/URGENTE.gif HTTP/1.1" 200 964
190.25.157.12 - - [22/Jan/2016:09:00:25 -0500] "GET /imagenes/TREE4.gif HTTP/1.1" 200 4150
190.25.157.12 - - [22/Jan/2016:09:00:26 -0500] "POST /forms/lservlet;jsessionid=ac16012b30d64d85c383c2d247db8926895472956ced.e3iSbxaKaheRe38La3yQa3eLbh90n6jAmljGr5XDqQLvpAe HTTP/1.1" 200 7
190.25.157.12 - - [22/Jan/2016:09:00:26 -0500] "POST /forms/lservlet;jsessionid=ac16012b30d64d85c383c2d247db8926895472956ced.e3iSbxaKaheRe38La3yQa3eLbh90n6jAmljGr5XDqQLvpAe HTTP/1.1" 200 34
190.25.157.12 - - [22/Jan/2016:09:00:26 -0500] "POST /forms/lservlet;jsessionid=ac16012b30d64d85c383c2d247db8926895472956ced.e3iSbxaKaheRe38La3yQa3eLbh90n6jAmljGr5XDqQLvpAe HTTP/1.1" 200 2
190.25.157.12 - - [22/Jan/2016:09:00:27 -0500] "POST /forms/lservlet;jsessionid=ac16012b30d64d85c383c2d247db8926895472956ced.e3iSbxaKaheRe38La3yQa3eLbh90n6jAmljGr5XDqQLvpAe HTTP/1.1" 200 647
201.245.192.253 - - [22/Jan/2016:09:00:37 -0500] "GET /IsolucionSDA/Administracion/SalaEdicion/ArticuloSeleccion.asp?Admin=1&Form=Admon&Campo=Objeto73_1 HTTP/1.1" 200 105004
201.245.192.253 - - [22/Jan/2016:09:00:38 -0500] "POST /IsolucionSDA/Administracion/SalaEdicion/ArticuloSeleccion.asp?Admin=1&Form=Admon&Campo=Objeto73_1 HTTP/1.1" 200 180707
201.245.192.253 - - [22/Jan/2016:09:00:42 -0500] "GET /isolucionsda/Session.asp HTTP/1.1" 200 6325
66.249.64.101 - - [22/Jan/2016:09:00:46 -0500] "GET /BLA/resoluciones/RESOLUCIONES%202007/RES%202007%204101%20AL%204200/RESOLUCION%204106%20DE%202007.pdf HTTP/1.1" 304 -
201.245.192.253 - - [22/Jan/2016:09:00:47 -0500] "GET /isolucionsda/IdentificaUsuario.asp?Pagina1=FrameSetGeneral.asp& HTTP/1.1" 200 1232
201.245.192.253 - - [22/Jan/2016:09:00:48 -0500] "GET /favicon.ico HTTP/1.1" 200 7782
201.245.192.253 - - [22/Jan/2016:09:00:52 -0500] "GET /isolucionsda/ HTTP/1.1" 302 140
201.245.192.253 - - [22/Jan/2016:09:00:53 -0500] "GET /isolucionsda/ControlDeInicio.asp HTTP/1.1" 200 739
201.245.192.253 - - [22/Jan/2016:09:00:53 -0500] "GET /isolucionsda/IdentificaUsuario.asp?Pagina1=FrameSetGeneral.asp& HTTP/1.1" 200 5090
190.25.157.12 - - [22/Jan/2016:09:00:57 -0500] "POST /forms/lservlet;jsessionid=ac16012b30d64d85c383c2d247db8926895472956ced.e3iSbxaKaheRe38La3yQa3eLbh90n6jAmljGr5XDqQLvpAe HTTP/1.1" 200 14
190.25.157.12 - - [22/Jan/2016:09:00:59 -0500] "POST /forms/lservlet;jsessionid=ac16012b30d64d85c383c2d247db8926895472956ced.e3iSbxaKaheRe38La3yQa3eLbh90n6jAmljGr5XDqQLvpAe HTTP/1.1" 200 14
201.245.192.253 - - [22/Jan/2016:09:01:00 -0500] "POST /isolucionsda/IdentificaUsuario.asp?Pagina1=FrameSetGeneral.asp& HTTP/1.1" 302 173
201.245.192.253 - - [22/Jan/2016:09:01:00 -0500] "GET /isolucionsda/FrameSetGeneral.asp?Pagina1=FrameSetGeneral.asp& HTTP/1.1" 200 6485
201.245.192.253 - - [22/Jan/2016:09:01:00 -0500] "GET /isolucionsda/BarraTitulos.asp?Pagina1=FrameSetGeneral.asp&&Pagina=MagazinHome.asp HTTP/1.1" 200 6844
201.245.192.253 - - [22/Jan/2016:09:01:00 -0500] "GET /isolucionsda/Encabezado.asp?Pagina1=FrameSetGeneral.asp&&Pagina=MagazinHome.asp HTTP/1.1" 200 15742
201.245.192.253 - - [22/Jan/2016:09:01:01 -0500] "GET /isolucionsda/BarraFavoritos.asp HTTP/1.1" 200 911
201.245.192.253 - - [22/Jan/2016:09:01:01 -0500] "GET /isolucionsda/Session.asp?Continue=1 HTTP/1.1" 200 6195
201.245.192.253 - - [22/Jan/2016:09:01:00 -0500] "GET /isolucionsda/MagazinHome.asp HTTP/1.1" 200 28468
201.245.192.253 - - [22/Jan/2016:09:01:01 -0500] "GET /isolucionsda/GrafVinetas/logo%202016-20.png HTTP/1.1" 304 -
190.25.157.12 - - [22/Jan/2016:09:01:00 -0500] "POST /forms/lservlet;jsessionid=ac16012b30d64d85c383c2d247db8926895472956ced.e3iSbxaKaheRe38La3yQa3eLbh90n6jAmljGr5XDqQLvpAe HTTP/1.1" 200 14
201.245.192.253 - - [22/Jan/2016:09:01:01 -0500] "GET /isolucionsda/g/Bgr_Destacado3399CC.jpg HTTP/1.1" 404 1245
201.245.192.253 - - [22/Jan/2016:09:01:01 -0500] "GET /isolucionsda/TareasSFRedirect.asp HTTP/1.1" 302 195
201.245.192.253 - - [22/Jan/2016:09:01:01 -0500] "GET /isolucionsda/Login.aspx?TARGET=SFContainerFiltrado.aspx&number=48515070676949534569 HTTP/1.1" 302 886
201.245.192.253 - - [22/Jan/2016:09:01:02 -0500] "GET /isolucionsda/SFContainerFiltrado.aspx?Number=48515070676949534569 HTTP/1.1" 200 14686
190.25.157.12 - - [22/Jan/2016:09:01:01 -0500] "POST /forms/lservlet;jsessionid=ac16012b30d64d85c383c2d247db8926895472956ced.e3iSbxaKaheRe38La3yQa3eLbh90n6jAmljGr5XDqQLvpAe HTTP/1.1" 200 14
201.245.192.253 - - [22/Jan/2016:09:01:02 -0500] "GET /isolucionsda/DetalleTareas.aspx?Number=48515070676949534569 HTTP/1.1" 200 6252
201.245.192.253 - - [22/Jan/2016:09:01:02 -0500] "GET /isolucionsda/infowndpublic.js HTTP/1.1" 404 1245
201.245.192.253 - - [22/Jan/2016:09:01:02 -0500] "GET /isolucionsda/infowndcore.js HTTP/1.1" 404 1245
201.245.192.253 - - [22/Jan/2016:09:01:02 -0500] "GET /isolucionsda/auxlib.js HTTP/1.1" 404 1245
190.25.157.12 - - [22/Jan/2016:09:01:03 -0500] "POST /forms/lservlet;jsessionid=ac16012b30d64d85c383c2d247db8926895472956ced.e3iSbxaKaheRe38La3yQa3eLbh90n6jAmljGr5XDqQLvpAe HTTP/1.1" 200 15
191.95.243.0 - - [22/Jan/2016:09:01:05 -0500] "GET /BLA/resoluciones/RESOLUCIONES%202009/1814.pdf HTTP/1.1" 200 577885
201.245.192.253 - - [22/Jan/2016:09:01:06 -0500] "GET /IsolucionSDA/Administracion/SalaEdicion/ArticuloSeleccion.asp?Admin=1&Form=Admon&Campo=Objeto73_1 HTTP/1.1" 200 105004
190.25.157.12 - - [22/Jan/2016:09:01:06 -0500] "POST /forms/lservlet;jsessionid=ac16012b30d64d85c383c2d247db8926895472956ced.e3iSbxaKaheRe38La3yQa3eLbh90n6jAmljGr5XDqQLvpAe HTTP/1.1" 200 15
201.245.192.253 - - [22/Jan/2016:09:01:08 -0500] "POST /IsolucionSDA/Administracion/SalaEdicion/ArticuloSeleccion.asp?Admin=1&Form=Admon&Campo=Objeto73_1 HTTP/1.1" 200 180707
190.25.157.12 - - [22/Jan/2016:09:01:10 -0500] "POST /forms/lservlet;jsessionid=ac16012b30d64d85c383c2d247db8926895472956ced.e3iSbxaKaheRe38La3yQa3eLbh90n6jAmljGr5XDqQLvpAe HTTP/1.1" 200 15
190.25.157.12 - - [22/Jan/2016:09:01:17 -0500] "POST /forms/lservlet;jsessionid=ac16012b30d64d85c383c2d247db8926895472956ced.e3iSbxaKaheRe38La3yQa3eLbh90n6jAmljGr5XDqQLvpAe HTTP/1.1" 200 15
201.245.192.253 - - [22/Jan/2016:09:01:19 -0500] "GET /isolucionsda/FrameSetGeneral.asp?Pagina=Menu.asp&IdModulo=4 HTTP/1.1" 200 6455
201.245.192.253 - - [22/Jan/2016:09:01:19 -0500] "GET /isolucionsda/Encabezado.asp?Pagina=Menu.asp&IdModulo=4 HTTP/1.1" 200 15743
201.245.192.253 - - [22/Jan/2016:09:01:19 -0500] "GET /isolucionsda/BarraFavoritos.asp HTTP/1.1" 200 911
201.245.192.253 - - [22/Jan/2016:09:01:19 -0500] "GET /isolucionsda/BarraTitulos.asp?Pagina=Menu.asp&IdModulo=4 HTTP/1.1" 200 6857
201.245.192.253 - - [22/Jan/2016:09:01:19 -0500] "GET /isolucionsda/Menu.asp?Pagina=Menu.asp&IdModulo=4 HTTP/1.1" 200 17869
201.245.192.253 - - [22/Jan/2016:09:01:19 -0500] "GET /isolucionsda/Session.asp?Continue=1 HTTP/1.1" 200 6195
201.245.192.253 - - [22/Jan/2016:09:01:20 -0500] "POST /IsolucionSDA/Administracion/SalaEdicion/ArticuloSeleccion.asp?Admin=1&Form=Admon&Campo=Objeto73_1 HTTP/1.1" 200 11578
201.245.192.253 - - [22/Jan/2016:09:01:23 -0500] "GET /isolucionsda/FrameSetGeneral.asp?Pagina=Administracion/SalaEdicion/Magazines.asp HTTP/1.1" 200 6550
201.245.192.253 - - [22/Jan/2016:09:01:23 -0500] "GET /isolucionsda/BarraTitulos.asp?Pagina=Administracion/SalaEdicion/Magazines.asp HTTP/1.1" 200 6857
201.245.192.253 - - [22/Jan/2016:09:01:23 -0500] "GET /isolucionsda/BarraFavoritos.asp HTTP/1.1" 200 911
201.245.192.253 - - [22/Jan/2016:09:01:23 -0500] "GET /isolucionsda/Encabezado.asp?Pagina=Administracion/SalaEdicion/Magazines.asp HTTP/1.1" 200 15718
201.245.192.253 - - [22/Jan/2016:09:01:23 -0500] "GET /isolucionsda/Administracion/SalaEdicion/Magazines.asp?Pagina=Administracion/SalaEdicion/Magazines.asp HTTP/1.1" 200 8591
201.245.192.253 - - [22/Jan/2016:09:01:23 -0500] "GET /isolucionsda/Session.asp?Continue=1 HTTP/1.1" 200 6195
192.168.169.27 - - [22/Jan/2016:09:01:24 -0500] "GET /BLA/boletinlegal/consulta_actos.php?tipo=resoluciones&no=7376&usuario=&sector=&fecha=2010&resuelve= HTTP/1.1" 200 1018
201.245.192.253 - - [22/Jan/2016:09:01:27 -0500] "GET /IsolucionSDA/Administracion/SalaEdicion/ArticuloSeleccion.asp?Admin=1&Form=Admon&Campo=Objeto73_1 HTTP/1.1" 200 105004
190.25.157.12 - - [22/Jan/2016:09:01:26 -0500] "POST /forms/lservlet;jsessionid=ac16012b30d64d85c383c2d247db8926895472956ced.e3iSbxaKaheRe38La3yQa3eLbh90n6jAmljGr5XDqQLvpAe HTTP/1.1" 200 15
181.129.89.19 - - [22/Jan/2016:09:01:29 -0500] "POST /forms/lservlet;jsessionid=ac16012b30d65003600f064d4839b5999562d2f5ebe4.e3iSbxaKaheRe38La3yQa3eLbh90n6jAmljGr5XDqQLvpAe HTTP/1.1" 200 2
201.245.192.253 - - [22/Jan/2016:09:01:29 -0500] "GET /BLA/resoluciones/RESOLUCIONES%202010/7376.pdf HTTP/1.1" 200 229525
66.249.64.96 - - [22/Jan/2016:09:01:31 -0500] "GET /BLA/resoluciones/RESOLUCIONES%202009/4305.pdf HTTP/1.1" 200 652767
208.52.161.99 - - [22/Jan/2016:09:01:32 -0500] "GET /myadmin/scripts/setup.php HTTP/1.0" 404 1019
190.25.157.12 - - [22/Jan/2016:09:01:35 -0500] "POST /forms/lservlet;jsessionid=ac16012b30d64d85c383c2d247db8926895472956ced.e3iSbxaKaheRe38La3yQa3eLbh90n6jAmljGr5XDqQLvpAe HTTP/1.1" 200 15
190.25.157.12 - - [22/Jan/2016:09:01:45 -0500] "POST /forms/lservlet;jsessionid=ac16012b30d64d85c383c2d247db8926895472956ced.e3iSbxaKaheRe38La3yQa3eLbh90n6jAmljGr5XDqQLvpAe HTTP/1.1" 200 15
190.27.215.146 - - [22/Jan/2016:09:01:53 -0500] "GET /galeria/nivo-slider/demo/images/Convocatoria-CTPD-curvas-01.png HTTP/1.1" 206 1
190.27.215.146 - - [22/Jan/2016:09:01:53 -0500] "GET /galeria/nivo-slider/demo/images/ABC-Plan-de-contigencia.jpg HTTP/1.1" 206 1
190.27.215.146 - - [22/Jan/2016:09:01:53 -0500] "GET /galeria/nivo-slider/demo/images/banner-llantas2015.jpg HTTP/1.1" 206 1
190.27.215.146 - - [22/Jan/2016:09:01:53 -0500] "GET /galeria/nivo-slider/demo/images/Cmapana-onestidad.jpg HTTP/1.1" 200 141638
190.27.215.146 - - [22/Jan/2016:09:01:53 -0500] "GET /galeria/nivo-slider/demo/images/Convocatoria-CTPD-curvas-01.png HTTP/1.1" 206 190871
190.27.215.146 - - [22/Jan/2016:09:01:53 -0500] "GET /galeria/nivo-slider/demo/images/ABC-Plan-de-contigencia.jpg HTTP/1.1" 206 372368
190.27.215.146 - - [22/Jan/2016:09:01:53 -0500] "GET /galeria/nivo-slider/demo/images/banner-llantas2015.jpg HTTP/1.1" 206 177633
201.245.192.253 - - [22/Jan/2016:09:01:53 -0500] "GET /IsolucionSDA/Administracion/SalaEdicion/ArticuloSeleccion.asp?Admin=1&Form=Admon&Campo=Objeto76_1 HTTP/1.1" 200 105004
190.27.215.146 - - [22/Jan/2016:09:01:53 -0500] "GET /galeria/nivo-slider/demo/images/PREDAcamp.jpg HTTP/1.1" 200 295358
190.25.157.12 - - [22/Jan/2016:09:01:54 -0500] "POST /forms/lservlet;jsessionid=ac16012b30d64d85c383c2d247db8926895472956ced.e3iSbxaKaheRe38La3yQa3eLbh90n6jAmljGr5XDqQLvpAe HTTP/1.1" 200 15
190.27.215.146 - - [22/Jan/2016:09:01:55 -0500] "GET /galeria/nivo-slider/demo/images/banner-llantas2.jpg HTTP/1.1" 200 234514
190.27.215.146 - - [22/Jan/2016:09:01:55 -0500] "GET /galeria/nivo-slider/demo/images/9Signos.jpg HTTP/1.1" 200 81776
190.27.215.146 - - [22/Jan/2016:09:01:56 -0500] "GET /galeria/nivo-slider/demo/images/Ruta-vertimientos-01.jpg HTTP/1.1" 200 130151
190.27.215.146 - - [22/Jan/2016:09:01:56 -0500] "GET /galeria/nivo-slider/demo/images/bolsas-06.jpg HTTP/1.1" 200 210950
190.27.215.146 - - [22/Jan/2016:09:01:56 -0500] "GET /galeria/nivo-slider/demo/images/ecolecta-Dic2014.png HTTP/1.1" 200 856487
201.245.192.253 - - [22/Jan/2016:09:01:56 -0500] "POST /IsolucionSDA/Administracion/SalaEdicion/ArticuloSeleccion.asp?Admin=1&Form=Admon&Campo=Objeto76_1 HTTP/1.1" 200 138089
190.27.215.146 - - [22/Jan/2016:09:01:58 -0500] "GET /galeria/nivo-slider/themes/default/bullets.png HTTP/1.1" 200 1281
190.27.215.146 - - [22/Jan/2016:09:01:59 -0500] "GET /galeria/nivo-slider/themes/default/arrows.png HTTP/1.1" 200 824
181.59.60.97 - - [22/Jan/2016:09:02:00 -0500] "GET /BLA/resoluciones/RESOLUCIONES%202007/RES%202007%201401%20AL%201500/RESOLUCION%201407%20DE%202007.pdf HTTP/1.1" 200 343493
191.102.73.144 - - [22/Jan/2016:09:02:00 -0500] "GET /favicon.ico HTTP/1.1" 200 7782
201.234.75.11 - - [22/Jan/2016:09:02:03 -0500] "GET /galeria/nivo-slider/demo/images/banner-ACA-01.jpg HTTP/1.1" 304 -
190.25.157.12 - - [22/Jan/2016:09:02:03 -0500] "POST /forms/lservlet;jsessionid=ac16012b30d64d85c383c2d247db8926895472956ced.e3iSbxaKaheRe38La3yQa3eLbh90n6jAmljGr5XDqQLvpAe HTTP/1.1" 200 15
51.255.65.23 - - [22/Jan/2016:09:02:11 -0500] "GET /BLA/resoluciones/RESOLUCIONES%202005/RES%202005%201001-1050/00001029.tif HTTP/1.1" 200 149772
190.25.157.12 - - [22/Jan/2016:09:02:12 -0500] "POST /forms/lservlet;jsessionid=ac16012b30d64d85c383c2d247db8926895472956ced.e3iSbxaKaheRe38La3yQa3eLbh90n6jAmljGr5XDqQLvpAe HTTP/1.1" 200 15
66.249.64.106 - - [22/Jan/2016:09:02:15 -0500] "GET /BLA/resoluciones/RESOLUCIONES%202007/RES%202007%20301%20AL%20400/RESOLUCION%200384%20DE%202007.pdf HTTP/1.1" 200 283494
181.51.58.27 - - [22/Jan/2016:09:02:17 -0500] "GET /BLA/boletinlegal/js/jquery.scrollShow.js HTTP/1.1" 200 4586
181.60.61.181 - - [22/Jan/2016:09:02:17 -0500] "GET /galeria/galeria/jquery.fancybox.css?v=2.1.5 HTTP/1.1" 200 4895
190.147.212.154 - - [22/Jan/2016:09:02:17 -0500] "GET /galeria/galeria/jquery.fancybox.js?v=2.1.5 HTTP/1.1" 200 48706
201.245.192.253 - - [22/Jan/2016:09:02:17 -0500] "GET /IsolucionSDA/Administracion/SalaEdicion/ArticuloSeleccion.asp?Admin=1&Form=Admon&Campo=Objeto76_1 HTTP/1.1" 200 105004
190.0.53.158 - - [22/Jan/2016:09:02:19 -0500] "GET /galeria/galeria/jquery.fancybox.css?v=2.1.5 HTTP/1.1" 200 4895
190.0.53.158 - - [22/Jan/2016:09:02:19 -0500] "GET /BLA/boletinlegal/js/jquery.scrollShow.js HTTP/1.1" 200 4586
190.0.53.158 - - [22/Jan/2016:09:02:19 -0500] "GET /galeria/galeria/jquery.fancybox.js?v=2.1.5 HTTP/1.1" 200 48706
161.10.200.253 - - [22/Jan/2016:09:02:19 -0500] "GET /galeria/galeria/jquery.fancybox.js?v=2.1.5 HTTP/1.1" 200 48706
161.10.200.253 - - [22/Jan/2016:09:02:19 -0500] "GET /galeria/galeria/jquery.fancybox.css?v=2.1.5 HTTP/1.1" 200 4895
161.10.200.253 - - [22/Jan/2016:09:02:19 -0500] "GET /BLA/boletinlegal/js/jquery.scrollShow.js HTTP/1.1" 200 4586
190.24.151.236 - - [22/Jan/2016:09:02:19 -0500] "GET /galeria/galeria/jquery.fancybox.css?v=2.1.5 HTTP/1.1" 200 4895
190.24.151.236 - - [22/Jan/2016:09:02:19 -0500] "GET /BLA/boletinlegal/js/jquery.scrollShow.js HTTP/1.1" 200 4586
190.24.151.236 - - [22/Jan/2016:09:02:19 -0500] "GET /galeria/galeria/jquery.fancybox.js?v=2.1.5 HTTP/1.1" 200 48706
201.245.192.253 - - [22/Jan/2016:09:02:20 -0500] "POST /IsolucionSDA/Administracion/SalaEdicion/ArticuloSeleccion.asp?Admin=1&Form=Admon&Campo=Objeto76_1 HTTP/1.1" 200 138089
169.253.194.1 - - [22/Jan/2016:09:02:21 -0500] "GET /galeria/galeria/jquery.fancybox.css?v=2.1.5 HTTP/1.1" 200 4895
169.253.194.1 - - [22/Jan/2016:09:02:21 -0500] "GET /BLA/boletinlegal/js/jquery.scrollShow.js HTTP/1.1" 200 4586
169.253.194.1 - - [22/Jan/2016:09:02:21 -0500] "GET /galeria/galeria/jquery.fancybox.js?v=2.1.5 HTTP/1.1" 200 48706
190.25.157.12 - - [22/Jan/2016:09:02:21 -0500] "POST /forms/lservlet;jsessionid=ac16012b30d64d85c383c2d247db8926895472956ced.e3iSbxaKaheRe38La3yQa3eLbh90n6jAmljGr5XDqQLvpAe HTTP/1.1" 200 4780
186.30.146.159 - - [22/Jan/2016:09:02:21 -0500] "GET /galeria/galeria/jquery.fancybox.css?v=2.1.5 HTTP/1.1" 200 4895
186.30.146.159 - - [22/Jan/2016:09:02:21 -0500] "GET /BLA/boletinlegal/js/jquery.scrollShow.js HTTP/1.1" 200 4586
186.30.146.159 - - [22/Jan/2016:09:02:21 -0500] "GET /galeria/galeria/jquery.fancybox.js?v=2.1.5 HTTP/1.1" 200 48706
190.25.157.12 - - [22/Jan/2016:09:02:21 -0500] "POST /forms/lservlet;jsessionid=ac16012b30d64d85c383c2d247db8926895472956ced.e3iSbxaKaheRe38La3yQa3eLbh90n6jAmljGr5XDqQLvpAe HTTP/1.1" 200 2
190.156.40.25 - - [22/Jan/2016:09:02:21 -0500] "GET /BLA/boletinlegal/js/jquery.scrollShow.js HTTP/1.1" 200 4586
190.156.40.25 - - [22/Jan/2016:09:02:22 -0500] "GET /galeria/galeria/jquery.fancybox.css?v=2.1.5 HTTP/1.1" 200 4895
190.156.40.25 - - [22/Jan/2016:09:02:22 -0500] "GET /galeria/galeria/jquery.fancybox.js?v=2.1.5 HTTP/1.1" 200 48706
186.83.128.57 - - [22/Jan/2016:09:02:23 -0500] "GET /galeria/galeria/jquery.fancybox.css?v=2.1.5 HTTP/1.1" 200 4895
186.83.128.57 - - [22/Jan/2016:09:02:23 -0500] "GET /galeria/galeria/jquery.fancybox.js?v=2.1.5 HTTP/1.1" 200 48706
186.83.128.57 - - [22/Jan/2016:09:02:23 -0500] "GET /BLA/boletinlegal/js/jquery.scrollShow.js HTTP/1.1" 200 4586
201.245.192.253 - - [22/Jan/2016:09:02:23 -0500] "GET /isolucionsda/Administracion/SalaEdicion/ArticuloMenu.asp?Palabra=&Buscar=Buscar&Letra=TODO HTTP/1.1" 200 56559
186.87.108.117 - - [22/Jan/2016:09:02:24 -0500] "GET /BLA/boletinlegal/js/jquery.scrollShow.js HTTP/1.1" 200 4586
186.87.108.117 - - [22/Jan/2016:09:02:25 -0500] "GET /galeria/galeria/jquery.fancybox.css?v=2.1.5 HTTP/1.1" 200 4895
181.51.58.161 - - [22/Jan/2016:09:02:25 -0500] "GET /galeria/galeria/jquery.fancybox.js?v=2.1.5 HTTP/1.1" 200 48706
190.156.40.25 - - [22/Jan/2016:09:02:25 -0500] "GET /galeria/galeria/jquery.fancybox.js?v=2.1.5 HTTP/1.1" 304 -
190.156.40.25 - - [22/Jan/2016:09:02:25 -0500] "GET /BLA/boletinlegal/js/jquery.scrollShow.js HTTP/1.1" 304 -
190.156.40.25 - - [22/Jan/2016:09:02:25 -0500] "GET /galeria/galeria/jquery.fancybox.css?v=2.1.5 HTTP/1.1" 304 -
161.10.200.253 - - [22/Jan/2016:09:02:25 -0500] "GET /BLA/boletinlegal/js/jquery.scrollShow.js HTTP/1.1" 200 4586
161.10.200.253 - - [22/Jan/2016:09:02:25 -0500] "GET /galeria/galeria/jquery.fancybox.js?v=2.1.5 HTTP/1.1" 200 48706
161.10.200.253 - - [22/Jan/2016:09:02:25 -0500] "GET /galeria/galeria/jquery.fancybox.css?v=2.1.5 HTTP/1.1" 200 4895
190.131.199.42 - - [22/Jan/2016:09:02:27 -0500] "GET /galeria/galeria/jquery.fancybox.css?v=2.1.5 HTTP/1.1" 200 4895
190.131.199.42 - - [22/Jan/2016:09:02:27 -0500] "GET /BLA/boletinlegal/js/jquery.scrollShow.js HTTP/1.1" 200 4586
190.131.199.42 - - [22/Jan/2016:09:02:27 -0500] "GET /galeria/galeria/jquery.fancybox.js?v=2.1.5 HTTP/1.1" 200 48706
201.245.192.253 - - [22/Jan/2016:09:02:27 -0500] "POST /isolucionsda/Administracion/SalaEdicion/ArticuloMenu.asp HTTP/1.1" 200 25538
201.245.192.253 - - [22/Jan/2016:09:02:29 -0500] "GET /isolucionsda/ HTTP/1.1" 302 140
201.245.192.253 - - [22/Jan/2016:09:02:29 -0500] "GET /isolucionsda/ControlDeInicio.asp HTTP/1.1" 200 739
186.83.128.57 - - [22/Jan/2016:09:02:29 -0500] "GET /BLA/boletinlegal/js/jquery.scrollShow.js HTTP/1.1" 304 -
186.83.128.57 - - [22/Jan/2016:09:02:29 -0500] "GET /galeria/galeria/jquery.fancybox.js?v=2.1.5 HTTP/1.1" 304 -
186.83.128.57 - - [22/Jan/2016:09:02:29 -0500] "GET /galeria/galeria/jquery.fancybox.css?v=2.1.5 HTTP/1.1" 304 -
190.0.53.158 - - [22/Jan/2016:09:02:30 -0500] "GET /BLA/boletinlegal/js/jquery.scrollShow.js HTTP/1.1" 304 -
190.0.53.158 - - [22/Jan/2016:09:02:30 -0500] "GET /galeria/galeria/jquery.fancybox.css?v=2.1.5 HTTP/1.1" 304 -
190.0.53.158 - - [22/Jan/2016:09:02:30 -0500] "GET /galeria/galeria/jquery.fancybox.js?v=2.1.5 HTTP/1.1" 304 -
190.131.199.42 - - [22/Jan/2016:09:02:30 -0500] "GET /BLA/boletinlegal/style.css HTTP/1.1" 200 9406
190.131.199.42 - - [22/Jan/2016:09:02:30 -0500] "GET /BLA/boletinlegal/js/jquery.scrollTo-min.js HTTP/1.1" 200 1150
190.131.199.42 - - [22/Jan/2016:09:02:30 -0500] "GET /BLA/boletinlegal/images/cabezote%20BLEGAL.jpg HTTP/1.1" 200 118164
186.83.128.57 - - [22/Jan/2016:09:02:30 -0500] "GET /BLA/boletinlegal/js/jquery.scrollShow.js HTTP/1.1" 304 -
190.131.199.42 - - [22/Jan/2016:09:02:30 -0500] "GET /BLA/boletinlegal/images/nuevo.gif HTTP/1.1" 200 26475
190.131.199.42 - - [22/Jan/2016:09:02:30 -0500] "GET /BLA/boletinlegal/images/historia.png HTTP/1.1" 200 52775
190.131.199.42 - - [22/Jan/2016:09:02:30 -0500] "GET /BLA/boletinlegal/images/subscribe-icon-big.png HTTP/1.1" 200 47702
190.131.199.42 - - [22/Jan/2016:09:02:30 -0500] "GET /BLA/boletinlegal/js/jquery.js HTTP/1.1" 200 57254
190.131.199.42 - - [22/Jan/2016:09:02:30 -0500] "GET /BLA/boletinlegal/styles2.css HTTP/1.1" 200 1838
190.131.199.42 - - [22/Jan/2016:09:02:30 -0500] "GET /BLA/boletinlegal/images/arr_l.jpg HTTP/1.1" 200 1979
190.131.199.42 - - [22/Jan/2016:09:02:30 -0500] "GET /BLA/boletinlegal/images/screen_1.png HTTP/1.1" 200 202547
186.83.128.57 - - [22/Jan/2016:09:02:31 -0500] "GET /galeria/galeria/jquery.fancybox.css?v=2.1.5 HTTP/1.1" 304 -
190.131.199.42 - - [22/Jan/2016:09:02:31 -0500] "GET /BLA/boletinlegal/images/launch.jpg HTTP/1.1" 200 14577
190.131.199.42 - - [22/Jan/2016:09:02:31 -0500] "GET /BLA/boletinlegal/images/screen_2.png HTTP/1.1" 200 362502
190.131.199.42 - - [22/Jan/2016:09:02:31 -0500] "GET /BLA/boletinlegal/images/screen_5.png HTTP/1.1" 200 368876
190.131.199.42 - - [22/Jan/2016:09:02:31 -0500] "GET /BLA/boletinlegal/images/screen_3.png HTTP/1.1" 200 210620
190.131.199.42 - - [22/Jan/2016:09:02:31 -0500] "GET /BLA/boletinlegal/images/arr_r.jpg HTTP/1.1" 200 1998
190.131.199.42 - - [22/Jan/2016:09:02:31 -0500] "GET /BLA/boletinlegal/images/pdf.gif HTTP/1.1" 200 567
190.131.199.42 - - [22/Jan/2016:09:02:31 -0500] "GET /BLA/boletinlegal/images/body_bg.jpg HTTP/1.1" 200 1601
190.131.199.42 - - [22/Jan/2016:09:02:31 -0500] "GET /BLA/boletinlegal/images/menu_lft.gif HTTP/1.1" 200 1713
190.131.199.42 - - [22/Jan/2016:09:02:31 -0500] "GET /BLA/boletinlegal/images/menu_rght.gif HTTP/1.1" 200 1627
190.131.199.42 - - [22/Jan/2016:09:02:31 -0500] "GET /BLA/boletinlegal/images/bg_top.jpg HTTP/1.1" 200 522
201.245.192.253 - - [22/Jan/2016:09:02:31 -0500] "GET /isolucionsda/ HTTP/1.1" 302 140
190.131.199.42 - - [22/Jan/2016:09:02:31 -0500] "GET /BLA/boletinlegal/images/menu_bg.jpg HTTP/1.1" 200 620
190.131.199.42 - - [22/Jan/2016:09:02:31 -0500] "GET /BLA/boletinlegal/images/text.jpg HTTP/1.1" 200 568
190.131.199.42 - - [22/Jan/2016:09:02:31 -0500] "GET /BLA/boletinlegal/images/footer_bg.jpg HTTP/1.1" 200 586
190.131.199.42 - - [22/Jan/2016:09:02:31 -0500] "GET /BLA/boletinlegal/images/hover.jpg HTTP/1.1" 200 640
201.245.192.253 - - [22/Jan/2016:09:02:31 -0500] "GET /isolucionsda/ControlDeInicio.asp HTTP/1.1" 200 739
201.245.192.253 - - [22/Jan/2016:09:02:31 -0500] "GET /favicon.ico HTTP/1.1" 200 7782
190.217.51.35 - - [22/Jan/2016:09:02:31 -0500] "GET /dama/libreria/jpg/sec_amb.jpg HTTP/1.1" 404 1019
190.217.51.35 - - [22/Jan/2016:09:02:32 -0500] "GET /dama/libreria/jpg/sec_amb.jpg HTTP/1.1" 404 1019
190.217.51.35 - - [22/Jan/2016:09:02:32 -0500] "GET /dama/libreria/jpg/sec_amb.jpg HTTP/1.1" 404 1019
190.24.151.236 - - [22/Jan/2016:09:02:32 -0500] "GET /BLA/boletinlegal/js/jquery.scrollShow.js HTTP/1.1" 304 -
190.24.151.236 - - [22/Jan/2016:09:02:32 -0500] "GET /galeria/galeria/jquery.fancybox.js?v=2.1.5 HTTP/1.1" 304 -
190.24.151.236 - - [22/Jan/2016:09:02:32 -0500] "GET /galeria/galeria/jquery.fancybox.css?v=2.1.5 HTTP/1.1" 304 -
201.245.192.253 - - [22/Jan/2016:09:02:32 -0500] "GET /isolucionsda/ HTTP/1.1" 302 140
201.245.192.253 - - [22/Jan/2016:09:02:32 -0500] "GET /isolucionsda/ControlDeInicio.asp HTTP/1.1" 200 739
201.245.192.253 - - [22/Jan/2016:09:02:32 -0500] "GET /favicon.ico HTTP/1.1" 200 7782
190.217.51.35 - - [22/Jan/2016:09:02:32 -0500] "GET /dama/libreria/jpg/sec_amb.jpg HTTP/1.1" 404 1019
201.245.192.253 - - [22/Jan/2016:09:02:33 -0500] "GET /isolucionsda/ HTTP/1.1" 302 140
201.245.192.253 - - [22/Jan/2016:09:02:33 -0500] "GET /isolucionsda/ControlDeInicio.asp HTTP/1.1" 200 739
201.245.192.253 - - [22/Jan/2016:09:02:33 -0500] "GET /favicon.ico HTTP/1.1" 200 7782
201.245.192.253 - - [22/Jan/2016:09:02:33 -0500] "GET /isolucionsda/ HTTP/1.1" 302 140
201.245.192.253 - - [22/Jan/2016:09:02:33 -0500] "GET /isolucionsda/ControlDeInicio.asp HTTP/1.1" 200 739
201.245.192.253 - - [22/Jan/2016:09:02:34 -0500] "GET /isolucionsda/ HTTP/1.1" 302 140
190.217.51.35 - - [22/Jan/2016:09:02:34 -0500] "GET /dama/libreria/jpg/sec_amb.jpg HTTP/1.1" 404 1019
201.245.192.253 - - [22/Jan/2016:09:02:34 -0500] "GET /isolucionsda/ControlDeInicio.asp HTTP/1.1" 200 739
201.245.192.253 - - [22/Jan/2016:09:02:34 -0500] "GET /favicon.ico HTTP/1.1" 200 7782
190.217.51.35 - - [22/Jan/2016:09:02:35 -0500] "GET /dama/libreria/jpg/sec_amb.jpg HTTP/1.1" 404 1019
190.217.51.35 - - [22/Jan/2016:09:02:35 -0500] "GET /dama/libreria/jpg/sec_amb.jpg HTTP/1.1" 404 1019
201.245.192.253 - - [22/Jan/2016:09:02:35 -0500] "GET /isolucionsda/ HTTP/1.1" 302 140
201.245.192.253 - - [22/Jan/2016:09:02:35 -0500] "GET /isolucionsda/ControlDeInicio.asp HTTP/1.1" 200 739
190.217.51.35 - - [22/Jan/2016:09:02:35 -0500] "GET /dama/libreria/jpg/sec_amb.jpg HTTP/1.1" 404 1019
201.245.192.253 - - [22/Jan/2016:09:02:35 -0500] "GET /isolucionsda/ HTTP/1.1" 302 140
201.245.192.253 - - [22/Jan/2016:09:02:35 -0500] "GET /isolucionsda/ControlDeInicio.asp HTTP/1.1" 200 739
201.245.192.253 - - [22/Jan/2016:09:02:35 -0500] "GET /favicon.ico HTTP/1.1" 200 7782
201.245.192.253 - - [22/Jan/2016:09:02:36 -0500] "GET /isolucionsda/ HTTP/1.1" 302 140
201.245.192.253 - - [22/Jan/2016:09:02:36 -0500] "GET /isolucionsda/ControlDeInicio.asp HTTP/1.1" 200 739
201.245.192.253 - - [22/Jan/2016:09:02:36 -0500] "GET /favicon.ico HTTP/1.1" 200 7782
201.245.192.253 - - [22/Jan/2016:09:02:37 -0500] "GET /isolucionsda/ HTTP/1.1" 302 140
201.245.192.253 - - [22/Jan/2016:09:02:37 -0500] "GET /isolucionsda/ControlDeInicio.asp HTTP/1.1" 200 739
201.245.192.253 - - [22/Jan/2016:09:02:37 -0500] "GET /isolucionsda/ HTTP/1.1" 302 140
