69.30.236.2 - - [22/Jan/2016:01:42:03 -0500] "GET /robots.txt HTTP/1.0" 302 312
69.30.236.2 - - [22/Jan/2016:01:42:05 -0500] "GET / HTTP/1.0" 302 302
69.30.236.2 - - [22/Jan/2016:01:42:05 -0500] "GET /carta-de-bogota-america-en-defensa-del-agua-la-tierra-y-la-vida/ HTTP/1.0" 301 388
66.249.64.243 - - [22/Jan/2016:01:42:26 -0500] "GET /ecodirectorio/files/res/downloads/download_0020.pdf HTTP/1.1" 200 231180
93.159.230.28 - - [22/Jan/2016:01:42:27 -0500] "GET /galeria/carrusel/Carrusel/jquery.thumbnailScroller.css HTTP/1.1" 200 2066
93.159.230.28 - - [22/Jan/2016:01:42:27 -0500] "GET /BLA/boletinlegal/js/jquery.scrollShow.js HTTP/1.1" 200 4586
93.159.230.28 - - [22/Jan/2016:01:42:27 -0500] "GET /galeria/galeria/jquery.fancybox.js?v=2.1.5 HTTP/1.1" 200 48706
93.159.230.28 - - [22/Jan/2016:01:42:27 -0500] "GET /galeria/carrusel/Carrusel/jquery-ui-1.8.13.custom.min.js HTTP/1.1" 200 10800
93.159.230.28 - - [22/Jan/2016:01:42:27 -0500] "GET /galeria/galeria/jquery.fancybox.css?v=2.1.5 HTTP/1.1" 200 4895
93.159.230.28 - - [22/Jan/2016:01:42:27 -0500] "GET /galeria/carrusel/Carrusel/jquery.thumbnailScroller.js HTTP/1.1" 200 8157
201.244.195.116 - - [22/Jan/2016:01:42:43 -0500] "GET /BLA/resoluciones/RESOLUCIONES%202008/1678.pdf HTTP/1.1" 200 69533
66.249.64.101 - - [22/Jan/2016:01:43:10 -0500] "GET /BLA/resoluciones/AUTOS%202011/3848.pdf HTTP/1.1" 200 272701
136.243.103.165 - - [22/Jan/2016:01:43:11 -0500] "GET /robots.txt HTTP/1.0" 301 334
136.243.103.165 - - [22/Jan/2016:01:43:22 -0500] "GET /bienvenido-a-bogota/ HTTP/1.0" 301 344
69.162.124.233 - - [22/Jan/2016:01:43:40 -0500] "HEAD / HTTP/1.1" 200 -
201.234.75.11 - - [22/Jan/2016:01:43:53 -0500] "GET /videos/60sgsMayo6.flv HTTP/1.1" 304 -
66.249.64.243 - - [22/Jan/2016:01:43:55 -0500] "GET /ecodirectorio/files/res/pages/page_0149.swf HTTP/1.1" 200 268455
51.255.65.4 - - [22/Jan/2016:01:44:02 -0500] "GET /BLA/resoluciones/AUTOS%202006/AUTOS%202006%202301%20-%202400/00002377.tif HTTP/1.1" 200 73044
66.249.64.106 - - [22/Jan/2016:01:44:04 -0500] "GET /BLA/resoluciones/RESOLUCIONES%202012/0634.pdf HTTP/1.1" 200 603577
66.249.64.238 - - [22/Jan/2016:01:44:13 -0500] "GET /ecodirectorio/files/res/other/toc.xml HTTP/1.1" 200 1530
152.61.128.66 - - [22/Jan/2016:01:44:15 -0500] "HEAD / HTTP/1.1" 200 -
152.61.128.66 - - [22/Jan/2016:01:44:15 -0500] "GET /arcgis/services/Calidad_del_Agua_WQI/MapServer/WMSServer?request=GetCapabilities&service=WMS HTTP/1.1" 503 1020
66.249.64.238 - - [22/Jan/2016:01:44:39 -0500] "GET /ecodirectorio/files/res/downloads/download_0083.pdf HTTP/1.1" 200 228282
152.61.128.66 - - [22/Jan/2016:01:44:40 -0500] "GET /arcgis/services/Calidad_del_Agua_WQI/MapServer/WMSServer?SERVICE=WMS&REQUEST=GetCapabilities HTTP/1.1" 503 1020
152.61.128.66 - - [22/Jan/2016:01:44:40 -0500] "GET /arcgis/services/Calidad_del_Agua_WQI/MapServer/WMSServer?SERVICE=WMS&REQUEST=GetCapabilities HTTP/1.1" 503 1020
152.61.128.66 - - [22/Jan/2016:01:44:40 -0500] "GET /arcgis/services/Calidad_del_Agua_WQI/MapServer/WMSServer?SERVICE=WMS&REQUEST=GetCapabilities HTTP/1.1" 503 1020
152.61.128.66 - - [22/Jan/2016:01:44:40 -0500] "GET /arcgis/services/Calidad_del_Agua_WQI/MapServer/WMSServer?WMTVER=1.0.0&REQUEST=capabilities HTTP/1.1" 503 1020
152.61.128.66 - - [22/Jan/2016:01:44:41 -0500] "GET /arcgis/services/Calidad_del_Agua_WQI/MapServer/WMSServer?SERVICE=WMS&REQUEST=GetCapabilities HTTP/1.1" 503 1020
51.255.65.80 - - [22/Jan/2016:01:44:46 -0500] "GET /BLA/resoluciones/RESOLUCIONES%202003/RES%202003%201701-1750/00001705.tif HTTP/1.1" 200 42826
51.255.65.13 - - [22/Jan/2016:01:44:49 -0500] "GET /BLA/resoluciones/AUTOS%202006/AUTOS%202006%202001%20-%202100/00002089.tif HTTP/1.1" 200 76656
201.234.75.11 - - [22/Jan/2016:01:45:02 -0500] "GET /galeria/nivo-slider/demo/images/Banner-festival-PYBA.jpg HTTP/1.1" 304 -
66.249.64.238 - - [22/Jan/2016:01:45:24 -0500] "GET /ecodirectorio/files/res/pages/page_0006.swf HTTP/1.1" 200 224315
51.255.65.95 - - [22/Jan/2016:01:45:28 -0500] "GET /BLA/resoluciones/RESOLUCIONES%202006/RES%202006%20701-750/00000747.tif HTTP/1.1" 200 402292
66.249.64.238 - - [22/Jan/2016:01:45:45 -0500] "GET /ecodirectorio/files/res/other/mag.swf HTTP/1.1" 200 214525
66.249.64.238 - - [22/Jan/2016:01:46:08 -0500] "GET /ecodirectorio/files/res/downloads/download_0025.pdf HTTP/1.1" 200 191819
51.255.65.20 - - [22/Jan/2016:01:46:37 -0500] "GET /BLA/resoluciones/RESOLUCIONES%202003/RES%202003%201651-1700/20031664.tif HTTP/1.1" 200 82472
66.249.64.248 - - [22/Jan/2016:01:46:52 -0500] "GET /ecodirectorio/files/res/pages/page_0023.swf HTTP/1.1" 200 259757
66.249.64.238 - - [22/Jan/2016:01:47:36 -0500] "GET /ecodirectorio/files/res/other/toolbar.swf HTTP/1.1" 200 7919
66.249.64.238 - - [22/Jan/2016:01:47:37 -0500] "GET /ecodirectorio/files/res/downloads/download_0177.pdf HTTP/1.1" 200 251962
66.249.64.106 - - [22/Jan/2016:01:48:01 -0500] "GET /BLA/resoluciones/RESOLUCIONES%202007/RES%202007%201501%20AL%201600/RESOLUCION%201503%20DE%202007.pdf HTTP/1.1" 200 191234
66.249.64.96 - - [22/Jan/2016:01:48:21 -0500] "GET /BLA/resoluciones/AUTOS%202009/2625.pdf HTTP/1.1" 304 -
69.162.124.233 - - [22/Jan/2016:01:48:40 -0500] "HEAD / HTTP/1.1" 200 -
66.249.64.248 - - [22/Jan/2016:01:49:05 -0500] "GET /ecodirectorio/files/res/downloads/download_0120.pdf HTTP/1.1" 200 386481
66.249.64.106 - - [22/Jan/2016:01:49:50 -0500] "GET /isolucionsda/IndicadoresAvanzado/CargueMasivo.aspx?Id=0 HTTP/1.1" 200 92306
66.249.64.101 - - [22/Jan/2016:01:50:34 -0500] "GET /BLA/resoluciones/AUTOS%202011/5032.pdf HTTP/1.1" 200 233507
66.249.64.101 - - [22/Jan/2016:01:51:18 -0500] "GET /BLA/resoluciones/RESOLUCIONES%202014/0190.pdf HTTP/1.1" 200 382937
66.249.64.238 - - [22/Jan/2016:01:51:36 -0500] "GET /ecodirectorio/files/res/other/mag.swf HTTP/1.1" 200 214525
66.249.64.106 - - [22/Jan/2016:01:51:54 -0500] "GET /BLA/resoluciones/RESOLUCIONES%202009/9392.pdf HTTP/1.1" 200 469049
66.249.64.96 - - [22/Jan/2016:01:52:03 -0500] "GET /BLA/resoluciones/RESOLUCIONES%202010/3945.pdf HTTP/1.1" 200 500568
66.249.64.106 - - [22/Jan/2016:01:52:47 -0500] "GET /BLA/resoluciones/AUTOS%202009/3019.pdf HTTP/1.1" 200 183044
66.249.64.106 - - [22/Jan/2016:01:53:31 -0500] "GET /BLA/resoluciones/AUTOS%202009/1247.pdf HTTP/1.1" 200 426550
69.162.124.233 - - [22/Jan/2016:01:53:40 -0500] "HEAD / HTTP/1.1" 200 -
201.234.75.11 - - [22/Jan/2016:01:54:05 -0500] "GET /galeria/nivo-slider/demo/images/Canino1.jpg HTTP/1.1" 304 -
66.249.64.101 - - [22/Jan/2016:01:54:16 -0500] "GET /BLA/resoluciones/AUTOS%202011/1756.pdf HTTP/1.1" 200 198815
51.255.65.82 - - [22/Jan/2016:01:54:20 -0500] "GET /BLA/resoluciones/index.php?dir=RESOLUCIONES%202004/RES%202004%2051-100/&sort=name&order=desc HTTP/1.1" 200 11979
51.255.65.74 - - [22/Jan/2016:01:54:25 -0500] "GET /BLA/resoluciones/RESOLUCIONES%202002/RES%202002%20251-300/00000270.tif HTTP/1.1" 200 53796
177.226.9.98 - - [22/Jan/2016:01:54:54 -0500] "GET /galeria/galeria/jquery.fancybox.js?v=2.1.5 HTTP/1.1" 200 48706
177.226.9.98 - - [22/Jan/2016:01:54:54 -0500] "GET /BLA/boletinlegal/js/jquery.scrollShow.js HTTP/1.1" 200 4586
177.226.9.98 - - [22/Jan/2016:01:54:54 -0500] "GET /galeria/galeria/jquery.fancybox.css?v=2.1.5 HTTP/1.1" 200 4895
66.249.64.96 - - [22/Jan/2016:01:55:00 -0500] "GET /BLA/resoluciones/RESOLUCIONES%202010/2441.pdf HTTP/1.1" 200 499233
177.226.9.98 - - [22/Jan/2016:01:55:17 -0500] "GET /galeria/galeria/jquery.fancybox.css?v=2.1.5 HTTP/1.1" 304 -
177.226.9.98 - - [22/Jan/2016:01:55:17 -0500] "GET /BLA/boletinlegal/js/jquery.scrollShow.js HTTP/1.1" 304 -
177.226.9.98 - - [22/Jan/2016:01:55:17 -0500] "GET /galeria/galeria/jquery.fancybox.js?v=2.1.5 HTTP/1.1" 304 -
66.249.64.106 - - [22/Jan/2016:01:55:44 -0500] "GET /BLA/resoluciones/AUTOS%202013/2924.pdf HTTP/1.1" 304 -
66.249.64.106 - - [22/Jan/2016:01:55:52 -0500] "GET /BLA/resoluciones/RESOLUCIONES%202007/RES%202007%202401%20AL%202500/RESOLUCION%202458%20DE%202007.pdf HTTP/1.1" 200 945921
50.63.197.17 - - [22/Jan/2016:01:55:59 -0500] "GET /wp-admin/ HTTP/1.1" 404 1018
46.148.22.18 - - [22/Jan/2016:01:56:08 -0500] "POST /xmlrpc.php HTTP/1.1" 301 330
66.249.64.101 - - [22/Jan/2016:01:56:29 -0500] "GET /BLA/resoluciones/RESOLUCIONES%202014/2614.pdf HTTP/1.1" 304 -
207.46.13.162 - - [22/Jan/2016:01:56:40 -0500] "GET /Anexos%20estudio%20Organizacional%20SDA/ANEXO%20No.%203-%20CONTRATACI%C3%93N%20%20OPS%C2%B4s%202008-2012/CONTRATOS%20SDA%202011%20POR%20DEPENDENCIA.xls HTTP/1.1" 200 433152
66.249.64.106 - - [22/Jan/2016:01:57:13 -0500] "GET /BLA/resoluciones/AUTOS%202011/5916.pdf HTTP/1.1" 304 -
66.249.64.96 - - [22/Jan/2016:01:57:57 -0500] "GET /BLA/resoluciones/AUTOS%202014/5678.pdf HTTP/1.1" 200 493325
69.162.124.233 - - [22/Jan/2016:01:58:40 -0500] "HEAD / HTTP/1.1" 200 -
66.249.64.96 - - [22/Jan/2016:01:58:42 -0500] "GET /BLA/resoluciones/AUTOS%202013/1103.pdf HTTP/1.1" 200 1710497
186.113.10.143 - - [22/Jan/2016:01:58:56 -0500] "GET /galeria/nivo-slider/demo/images/banner-fuera-funcionaminto.jpg HTTP/1.1" 304 -
66.249.64.106 - - [22/Jan/2016:01:59:47 -0500] "GET /BLA/resoluciones/RESOLUCIONES%202007/RES%202007%201401%20AL%201500/RESOLUCION%201416%20DE%202007.pdf HTTP/1.1" 200 206488
66.249.64.121 - - [22/Jan/2016:02:00:11 -0500] "GET /robots.txt HTTP/1.1" 404 1015
66.249.64.6 - - [22/Jan/2016:02:00:11 -0500] "GET / HTTP/1.1" 200 10190
51.255.65.85 - - [22/Jan/2016:02:00:33 -0500] "GET /BLA/resoluciones/RESOLUCIONES%202002/RES%202002%20351-400/00000386.tif HTTP/1.1" 200 63706
51.255.65.76 - - [22/Jan/2016:02:01:21 -0500] "GET /BLA/resoluciones/RESOLUCIONES%202005/RES%202005%201-50/00000018.tif HTTP/1.1" 200 403914
66.249.64.96 - - [22/Jan/2016:02:01:39 -0500] "GET /BLA/resoluciones/RESOLUCIONES%202010/5693.pdf HTTP/1.1" 200 22303
181.128.242.11 - - [22/Jan/2016:02:01:46 -0500] "GET /galeria/galeria/jquery.fancybox.css?v=2.1.5 HTTP/1.1" 200 4895
181.128.242.11 - - [22/Jan/2016:02:01:46 -0500] "GET /BLA/boletinlegal/js/jquery.scrollShow.js HTTP/1.1" 200 4586
181.128.242.11 - - [22/Jan/2016:02:01:46 -0500] "GET /galeria/carrusel/Carrusel/jquery.thumbnailScroller.css HTTP/1.1" 200 2066
181.128.242.11 - - [22/Jan/2016:02:01:46 -0500] "GET /galeria/galeria/jquery.fancybox.js?v=2.1.5 HTTP/1.1" 200 48706
181.128.242.11 - - [22/Jan/2016:02:01:46 -0500] "GET /galeria/carrusel/Carrusel/jquery-ui-1.8.13.custom.min.js HTTP/1.1" 200 10800
181.128.242.11 - - [22/Jan/2016:02:01:46 -0500] "GET /galeria/carrusel/Carrusel/jquery.thumbnailScroller.js HTTP/1.1" 200 8157
181.128.242.11 - - [22/Jan/2016:02:01:47 -0500] "GET /galeria/nivo-slider/demo/demo.html HTTP/1.1" 200 3703
181.128.242.11 - - [22/Jan/2016:02:01:47 -0500] "GET /galeria/nivo-slider/themes/orman/orman.css HTTP/1.1" 200 2152
181.128.242.11 - - [22/Jan/2016:02:01:47 -0500] "GET /galeria/nivo-slider/themes/pascal/pascal.css HTTP/1.1" 200 2258
181.128.242.11 - - [22/Jan/2016:02:01:47 -0500] "GET /galeria/nivo-slider/themes/default/default.css HTTP/1.1" 200 1569
181.128.242.11 - - [22/Jan/2016:02:01:47 -0500] "GET /galeria/nivo-slider/demo/images/Convocatoria-CTPD-curvas-01.png HTTP/1.1" 200 565805
181.128.242.11 - - [22/Jan/2016:02:01:47 -0500] "GET /galeria/nivo-slider/demo/style.css HTTP/1.1" 200 2222
181.128.242.11 - - [22/Jan/2016:02:01:47 -0500] "GET /galeria/nivo-slider/nivo-slider.css HTTP/1.1" 200 1507
181.128.242.11 - - [22/Jan/2016:02:01:47 -0500] "GET /galeria/nivo-slider/demo/scripts/jquery-1.7.1.min.js HTTP/1.1" 200 93868
181.128.242.11 - - [22/Jan/2016:02:01:47 -0500] "GET /galeria/nivo-slider/jquery.nivo.slider.pack.js HTTP/1.1" 200 11561
181.128.242.11 - - [22/Jan/2016:02:01:47 -0500] "GET /galeria/nivo-slider/demo/images/ABC-Plan-de-contigencia.jpg HTTP/1.1" 200 423901
181.128.242.11 - - [22/Jan/2016:02:01:47 -0500] "GET /galeria/nivo-slider/demo/images/banner-llantas2015.jpg HTTP/1.1" 200 268366
181.128.242.11 - - [22/Jan/2016:02:01:47 -0500] "GET /galeria/nivo-slider/demo/images/4Simple_Slider.png HTTP/1.1" 200 11722
181.128.242.11 - - [22/Jan/2016:02:01:48 -0500] "GET /galeria/nivo-slider/themes/default/loading.gif HTTP/1.1" 200 1737
181.128.242.11 - - [22/Jan/2016:02:01:51 -0500] "GET /galeria/nivo-slider/demo/images/Cmapana-onestidad.jpg HTTP/1.1" 200 141638
181.128.242.11 - - [22/Jan/2016:02:01:51 -0500] "GET /galeria/nivo-slider/demo/images/PREDAcamp.jpg HTTP/1.1" 200 295358
181.128.242.11 - - [22/Jan/2016:02:01:51 -0500] "GET /galeria/nivo-slider/demo/images/caminata-ecologica.jpg HTTP/1.1" 200 192926
181.128.242.11 - - [22/Jan/2016:02:01:52 -0500] "GET /galeria/nivo-slider/demo/images/banner-llantas2.jpg HTTP/1.1" 200 234514
181.128.242.11 - - [22/Jan/2016:02:01:52 -0500] "GET /galeria/nivo-slider/demo/images/9Signos.jpg HTTP/1.1" 200 81776
181.128.242.11 - - [22/Jan/2016:02:01:54 -0500] "GET /galeria/nivo-slider/demo/images/Ruta-vertimientos-01.jpg HTTP/1.1" 200 130151
181.128.242.11 - - [22/Jan/2016:02:01:55 -0500] "GET /galeria/nivo-slider/demo/images/bolsas-06.jpg HTTP/1.1" 200 210950
181.128.242.11 - - [22/Jan/2016:02:01:55 -0500] "GET /galeria/nivo-slider/demo/images/ecolecta-Dic2014.png HTTP/1.1" 200 856487
181.128.242.11 - - [22/Jan/2016:02:02:01 -0500] "GET /galeria/nivo-slider/themes/default/arrows.png HTTP/1.1" 200 824
181.128.242.11 - - [22/Jan/2016:02:02:01 -0500] "GET /galeria/nivo-slider/themes/default/bullets.png HTTP/1.1" 200 1281
66.249.64.96 - - [22/Jan/2016:02:02:24 -0500] "GET /BLA/resoluciones/RESOLUCIONES%202008/1454.pdf HTTP/1.1" 200 300406
50.63.197.17 - - [22/Jan/2016:02:02:25 -0500] "GET /test/wp-admin/ HTTP/1.1" 404 1018
201.234.75.11 - - [22/Jan/2016:02:02:36 -0500] "GET /galeria/galeria/fotos/Movilizacion2P.jpg HTTP/1.1" 304 -
66.249.64.96 - - [22/Jan/2016:02:03:08 -0500] "GET /BLA/resoluciones/AUTOS%202007/0917.pdf HTTP/1.1" 200 152105
69.162.124.233 - - [22/Jan/2016:02:03:40 -0500] "HEAD / HTTP/1.1" 200 -
66.249.64.101 - - [22/Jan/2016:02:03:41 -0500] "GET /BLA/resoluciones/RESOLUCIONES%202012/1122.pdf HTTP/1.1" 200 520293
66.249.64.101 - - [22/Jan/2016:02:03:52 -0500] "GET /BLA/resoluciones/AUTOS%202007/3059.pdf HTTP/1.1" 200 180736
66.249.64.106 - - [22/Jan/2016:02:04:37 -0500] "GET /BLA/resoluciones/RESOLUCIONES%202008/2816.pdf HTTP/1.1" 200 246271
66.249.64.101 - - [22/Jan/2016:02:05:21 -0500] "GET /BLA/resoluciones/RESOLUCIONES%202007/RES%202007%203101%20AL%203200/RESOLUCION%203182%20DE%202007.pdf HTTP/1.1" 200 72373
66.249.64.101 - - [22/Jan/2016:02:05:31 -0500] "GET /BLA/resoluciones/RESOLUCIONES%202007/RES%202007%203701%20AL%203800/RESOLUCION%203751%20DE%202007.pdf HTTP/1.1" 200 2262694
66.249.64.96 - - [22/Jan/2016:02:06:05 -0500] "GET /BLA/resoluciones/RESOLUCIONES%202007/RES%202007%20701%20AL%20800/RESOLUCION%200764%20DE%202007.pdf HTTP/1.1" 200 183123
66.249.64.106 - - [22/Jan/2016:02:06:50 -0500] "GET /BLA/resoluciones/RESOLUCIONES%202008/0328.pdf HTTP/1.1" 200 278004
66.249.64.243 - - [22/Jan/2016:02:07:11 -0500] "GET /ecodirectorio/files/res/other/input.png HTTP/1.1" 200 2859
66.249.64.96 - - [22/Jan/2016:02:07:34 -0500] "GET /BLA/resoluciones/RESOLUCIONES%202007/RES%202007%20801%20AL%20900/RESOLUCION%200826%20DE%202007.pdf HTTP/1.1" 200 206375
66.249.64.238 - - [22/Jan/2016:02:07:38 -0500] "GET /Anexos%20estudio%20Organizacional%20SDA/index.php?dir=ANEXO+No.+7+-+PROYECTO+DE+DECRETO+MODIFICATORIO+DE+ESTRUCTURA+DE+LA+SDA%2F HTTP/1.1" 200 2594
68.180.230.190 - - [22/Jan/2016:02:07:42 -0500] "GET /robots.txt HTTP/1.1" 404 1018
68.180.230.190 - - [22/Jan/2016:02:07:42 -0500] "GET /BLA/boletinlegal/Directivas/2011/Directiva%20No.%204%20del%2028%20de%20Junio%20de%202011.pdf HTTP/1.1" 304 -
190.229.71.48 - - [22/Jan/2016:02:08:16 -0500] "GET /BLA/boletinlegal/js/jquery.scrollShow.js HTTP/1.1" 200 4586
66.249.64.106 - - [22/Jan/2016:02:08:18 -0500] "GET /BLA/resoluciones/AUTOS%202007/0481.pdf HTTP/1.1" 200 73088
190.229.71.48 - - [22/Jan/2016:02:08:19 -0500] "GET /galeria/galeria/jquery.fancybox.js?v=2.1.5 HTTP/1.1" 200 48706
190.229.71.48 - - [22/Jan/2016:02:08:19 -0500] "GET /galeria/galeria/jquery.fancybox.css?v=2.1.5 HTTP/1.1" 200 4895
69.162.124.233 - - [22/Jan/2016:02:08:40 -0500] "HEAD / HTTP/1.1" 200 -
50.63.197.17 - - [22/Jan/2016:02:09:00 -0500] "GET /wordpress/wp-admin/ HTTP/1.1" 404 1018
66.249.64.96 - - [22/Jan/2016:02:09:03 -0500] "GET /BLA/resoluciones/RESOLUCIONES%202010/1596.pdf HTTP/1.1" 200 427906
51.255.65.82 - - [22/Jan/2016:02:09:13 -0500] "GET /BLA/resoluciones/AUTOS%202006/AUTOS%202006%203201%20-%203300/00003293.tif HTTP/1.1" 200 193552
66.249.64.96 - - [22/Jan/2016:02:09:47 -0500] "GET /BLA/resoluciones/RESOLUCIONES%202008/5498.pdf HTTP/1.1" 200 254531
66.249.64.101 - - [22/Jan/2016:02:10:31 -0500] "GET /BLA/resoluciones/RESOLUCIONES%202009/7041.pdf HTTP/1.1" 200 723073
66.249.64.101 - - [22/Jan/2016:02:11:16 -0500] "GET /BLA/resoluciones/RESOLUCIONES%202008/5486.pdf HTTP/1.1" 200 44902
51.255.65.10 - - [22/Jan/2016:02:11:31 -0500] "GET /BLA/resoluciones/index.php?dir=RESOLUCIONES%202003/RES%202003%20901-950/&sort=size&order=asc HTTP/1.1" 200 11306
66.249.64.248 - - [22/Jan/2016:02:11:32 -0500] "GET /BLA/boletinlegal/Circulares/2013/Circular%20No.%201%20del%2014%20de%20enero%20de%202013.pdf HTTP/1.1" 200 1298384
51.255.65.3 - - [22/Jan/2016:02:11:36 -0500] "GET /BLA/resoluciones/RESOLUCIONES%202002/RES%202002%201001-1050/2002RES1017.tif HTTP/1.1" 200 190288
51.255.65.8 - - [22/Jan/2016:02:11:45 -0500] "GET /BLA/resoluciones/RESOLUCIONES%202004/RES%202004%202351-2401/00002389.tif HTTP/1.1" 200 151848
66.249.64.243 - - [22/Jan/2016:02:12:00 -0500] "GET /ecodirectorio/files/res/downloads/download_0045.pdf HTTP/1.1" 200 189912
152.61.128.66 - - [22/Jan/2016:02:12:01 -0500] "HEAD / HTTP/1.1" 200 -
152.61.128.66 - - [22/Jan/2016:02:12:01 -0500] "GET /arcgis/services/Calidad_del_Agua_WQI/MapServer/WMSServer?SERVICE=WMS&REQUEST=GetCapabilities HTTP/1.1" 503 1020
152.61.128.66 - - [22/Jan/2016:02:12:23 -0500] "GET /arcgis/services/Calidad_del_Agua_WQI/MapServer/WMSServer?SERVICE=WMS&REQUEST=GetCapabilities HTTP/1.1" 503 1020
152.61.128.66 - - [22/Jan/2016:02:12:23 -0500] "GET /arcgis/services/Calidad_del_Agua_WQI/MapServer/WMSServer?SERVICE=WMS&REQUEST=GetCapabilities HTTP/1.1" 503 1020
152.61.128.66 - - [22/Jan/2016:02:12:23 -0500] "GET /arcgis/services/Calidad_del_Agua_WQI/MapServer/WMSServer?WMTVER=1.0.0&REQUEST=capabilities HTTP/1.1" 503 1020
152.61.128.66 - - [22/Jan/2016:02:12:23 -0500] "GET /arcgis/services/Calidad_del_Agua_WQI/MapServer/WMSServer?SERVICE=WMS&REQUEST=GetCapabilities HTTP/1.1" 503 1020
66.249.64.96 - - [22/Jan/2016:02:12:45 -0500] "GET /BLA/resoluciones/AUTOS%202007/2828.pdf HTTP/1.1" 200 89147
65.55.210.72 - - [22/Jan/2016:02:13:04 -0500] "GET /ecodirectorio/files/js/swfobject.js HTTP/1.1" 200 10220
65.55.210.72 - - [22/Jan/2016:02:13:05 -0500] "GET /ecodirectorio/files/js/swfaddress.js HTTP/1.1" 200 15916
65.55.210.72 - - [22/Jan/2016:02:13:05 -0500] "GET /ecodirectorio/files/mobile/index.html HTTP/1.1" 200 1036
65.55.210.72 - - [22/Jan/2016:02:13:05 -0500] "GET /ecodirectorio/files/mobile/styles/style.css HTTP/1.1" 200 14020
65.55.210.72 - - [22/Jan/2016:02:13:05 -0500] "GET /ecodirectorio/files/mobile/javascript/book.js HTTP/1.1" 200 184798
65.55.210.72 - - [22/Jan/2016:02:13:06 -0500] "GET /ecodirectorio/files/res/mobile/properties.xml HTTP/1.1" 200 121629
65.55.210.72 - - [22/Jan/2016:02:13:07 -0500] "GET /ecodirectorio/files/mobile/styles/skinstyle_classicgrey.css HTTP/1.1" 200 14226
66.249.64.243 - - [22/Jan/2016:02:13:29 -0500] "GET /ecodirectorio/files/res/downloads/download_0156.pdf HTTP/1.1" 200 264289
69.162.124.233 - - [22/Jan/2016:02:13:40 -0500] "HEAD / HTTP/1.1" 200 -
66.249.64.238 - - [22/Jan/2016:02:14:13 -0500] "GET /ecodirectorio/files/res/downloads/download_0154.pdf HTTP/1.1" 200 249571
40.77.167.78 - - [22/Jan/2016:02:14:47 -0500] "GET /BLA/boletinlegal/Circulares/2011/Circular%20No.%201%20del%2023%20de%20Febrero%20de%202011.pdf HTTP/1.1" 200 540140
66.249.64.238 - - [22/Jan/2016:02:14:58 -0500] "GET /ecodirectorio/files/res/pages/page_0037.swf HTTP/1.1" 200 214291
51.255.65.36 - - [22/Jan/2016:02:15:12 -0500] "GET /BLA/resoluciones/RESOLUCIONES%202003/RES%202003%20001-050/2003RES16.tif HTTP/1.1" 200 70716
50.63.197.17 - - [22/Jan/2016:02:15:18 -0500] "GET /blog/wp-admin/ HTTP/1.1" 404 1018
66.249.64.101 - - [22/Jan/2016:02:15:29 -0500] "GET /m/BLA/resoluciones/AUTOS%202013/1290.pdf HTTP/1.1" 404 1018
66.249.64.101 - - [22/Jan/2016:02:15:42 -0500] "GET /BLA/resoluciones/AUTOS%202012/0652.pdf HTTP/1.1" 200 456072
66.249.64.96 - - [22/Jan/2016:02:16:26 -0500] "GET /BLA/resoluciones/AUTOS%202011/7719.pdf HTTP/1.1" 200 203416
66.249.64.106 - - [22/Jan/2016:02:17:11 -0500] "GET /BLA/resoluciones/AUTOS%202011/6047.pdf HTTP/1.1" 200 386341
181.71.211.73 - - [22/Jan/2016:02:17:35 -0500] "GET /BLA/resoluciones/RESOLUCIONES%202014/0933.pdf HTTP/1.1" 200 527407
181.71.211.73 - - [22/Jan/2016:02:17:36 -0500] "GET /favicon.ico HTTP/1.1" 200 7782
66.249.64.96 - - [22/Jan/2016:02:17:55 -0500] "GET /BLA/resoluciones/RESOLUCIONES%202010/5360.pdf HTTP/1.1" 200 518745
127.0.0.1 - - [22/Jan/2016:02:18:13 -0500] "POST /plugins/update-check/1.1/ HTTP/1.0" 404 1021
127.0.0.1 - - [22/Jan/2016:02:18:13 -0500] "POST /themes/update-check/1.1/ HTTP/1.0" 404 1021
127.0.0.1 - - [22/Jan/2016:02:18:13 -0500] "POST /core/version-check/1.7/?version=4.2.2&php=5.5.15&locale=es_ES&mysql=5.6.20&local_package=&blogs=1&users=147&multisite_enabled=0 HTTP/1.0" 404 1021
127.0.0.1 - - [22/Jan/2016:02:18:13 -0500] "POST /themes/update-check/1.1/ HTTP/1.0" 404 1021
127.0.0.1 - - [22/Jan/2016:02:18:13 -0500] "POST /plugins/update-check/1.1/ HTTP/1.0" 404 1021
66.249.64.101 - - [22/Jan/2016:02:18:39 -0500] "GET /BLA/resoluciones/RESOLUCIONES%202013/1533.pdf HTTP/1.1" 200 587174
69.162.124.233 - - [22/Jan/2016:02:18:40 -0500] "HEAD / HTTP/1.1" 200 -
180.76.15.156 - - [22/Jan/2016:02:19:01 -0500] "GET / HTTP/1.1" 200 10190
180.76.15.151 - - [22/Jan/2016:02:19:16 -0500] "GET / HTTP/1.1" 200 10190
66.249.64.106 - - [22/Jan/2016:02:19:24 -0500] "GET /BLA/resoluciones/AUTOS%202014/5551.pdf HTTP/1.1" 200 323824
66.249.64.106 - - [22/Jan/2016:02:19:24 -0500] "GET /BLA/resoluciones/AUTOS%202013/0382.pdf HTTP/1.1" 200 2688464
66.249.64.106 - - [22/Jan/2016:02:20:01 -0500] "GET /BLA/resoluciones/AUTOS%202013/2810.pdf HTTP/1.1" 304 -
100.43.85.18 - - [22/Jan/2016:02:20:01 -0500] "GET /videos/23demayo/mediaplayer.swf HTTP/1.1" 200 39987
66.249.64.96 - - [22/Jan/2016:02:20:08 -0500] "GET /BLA/resoluciones/RESOLUCIONES%202014/2007.pdf HTTP/1.1" 200 1079825
66.249.64.96 - - [22/Jan/2016:02:20:52 -0500] "GET /BLA/resoluciones/AUTOS%202009/0431.pdf HTTP/1.1" 200 115757
51.255.65.66 - - [22/Jan/2016:02:21:12 -0500] "GET /BLA/resoluciones/AUTOS%202006/AUTOS%202006%20201-300/00000235.tif HTTP/1.1" 200 81414
50.63.197.17 - - [22/Jan/2016:02:21:35 -0500] "GET /wp/wp-admin/ HTTP/1.1" 404 1018
66.249.64.101 - - [22/Jan/2016:02:21:37 -0500] "GET /BLA/resoluciones/AUTOS%202014/1841.pdf HTTP/1.1" 200 440399
51.255.65.21 - - [22/Jan/2016:02:21:48 -0500] "GET /BLA/resoluciones/RESOLUCIONES%202006/RES%202006%201-50/00000040.tif HTTP/1.1" 200 159536
66.249.64.96 - - [22/Jan/2016:02:22:21 -0500] "GET /BLA/resoluciones/RESOLUCIONES%202010/2116.pdf HTTP/1.1" 200 270383
66.249.64.96 - - [22/Jan/2016:02:23:05 -0500] "GET /BLA/resoluciones/AUTOS%202013/0401.pdf HTTP/1.1" 200 918656
66.249.64.101 - - [22/Jan/2016:02:23:18 -0500] "GET /BLA/resoluciones/AUTOS%202008/2356.pdf HTTP/1.1" 200 105067
201.234.75.11 - - [22/Jan/2016:02:23:31 -0500] "GET /galeria/galeria/fotos/Movilizacion14P.jpg HTTP/1.1" 304 -
69.162.124.233 - - [22/Jan/2016:02:23:40 -0500] "HEAD / HTTP/1.1" 200 -
66.249.64.101 - - [22/Jan/2016:02:23:50 -0500] "GET /BLA/resoluciones/RESOLUCIONES%202010/4008.pdf HTTP/1.1" 200 605263
66.249.64.96 - - [22/Jan/2016:02:24:34 -0500] "GET /BLA/resoluciones/AUTOS%202009/2584.pdf HTTP/1.1" 200 106044
51.255.65.82 - - [22/Jan/2016:02:24:55 -0500] "GET /BLA/resoluciones/RESOLUCIONES%202002/RES%202002%20201-250/2002RES241.tif HTTP/1.1" 200 46352
66.249.64.106 - - [22/Jan/2016:02:25:18 -0500] "GET /BLA/resoluciones/AUTOS%202013/3362.pdf HTTP/1.1" 200 712730
51.255.65.57 - - [22/Jan/2016:02:25:21 -0500] "GET /BLA/resoluciones/RESOLUCIONES%202004/RES%202004%201851-1900/00001869.tif HTTP/1.1" 200 155026
66.249.64.238 - - [22/Jan/2016:02:25:23 -0500] "GET /videos/1Video_CruzdeAmero.flv HTTP/1.1" 200 20682670
65.55.212.84 - - [22/Jan/2016:02:25:33 -0500] "GET /BLA/boletinlegal/js/jquery.scrollShow.js HTTP/1.1" 200 4586
65.55.212.70 - - [22/Jan/2016:02:25:33 -0500] "GET /galeria/galeria/jquery.fancybox.js?v=2.1.5 HTTP/1.1" 200 48706
65.55.212.84 - - [22/Jan/2016:02:25:33 -0500] "GET /galeria/galeria/jquery.fancybox.css?v=2.1.5 HTTP/1.1" 200 4895
66.249.64.96 - - [22/Jan/2016:02:26:03 -0500] "GET /BLA/resoluciones/AUTOS%202011/0035.pdf HTTP/1.1" 304 -
65.55.211.249 - - [22/Jan/2016:02:26:09 -0500] "GET /galeria/galeria/jquery.fancybox.js?v=2.1.5 HTTP/1.1" 200 48706
131.253.36.200 - - [22/Jan/2016:02:26:09 -0500] "GET /BLA/boletinlegal/js/jquery.scrollShow.js HTTP/1.1" 200 4586
131.253.36.200 - - [22/Jan/2016:02:26:10 -0500] "GET /galeria/galeria/jquery.fancybox.css?v=2.1.5 HTTP/1.1" 200 4895
186.85.160.209 - - [22/Jan/2016:02:26:25 -0500] "GET /galeria/galeria/jquery.fancybox.css?v=2.1.5 HTTP/1.1" 200 4895
186.85.160.209 - - [22/Jan/2016:02:26:25 -0500] "GET /BLA/boletinlegal/js/jquery.scrollShow.js HTTP/1.1" 200 4586
186.85.160.209 - - [22/Jan/2016:02:26:25 -0500] "GET /galeria/galeria/jquery.fancybox.js?v=2.1.5 HTTP/1.1" 200 48706
51.255.65.29 - - [22/Jan/2016:02:26:46 -0500] "GET /BLA/resoluciones/index.php?dir=AUTOS%202004/&sort=name&order=desc HTTP/1.1" 200 2785
66.249.64.106 - - [22/Jan/2016:02:26:47 -0500] "GET /BLA/resoluciones/AUTOS%202014/2165.pdf HTTP/1.1" 304 -
66.249.64.96 - - [22/Jan/2016:02:27:15 -0500] "GET /BLA/resoluciones/RESOLUCIONES%202007/RES%202007%202001%20AL%202100/RESOLUCION%202020%20%20DE%202007.pdf HTTP/1.1" 200 1010353
80.30.100.229 - - [22/Jan/2016:02:27:21 -0500] "GET /BLA/resoluciones/RESOLUCIONES%202014/5535.pdf HTTP/1.1" 200 3486390
66.249.64.101 - - [22/Jan/2016:02:27:32 -0500] "GET /BLA/resoluciones/AUTOS%202012/2955.pdf HTTP/1.1" 200 261666
66.249.64.106 - - [22/Jan/2016:02:28:16 -0500] "GET /BLA/resoluciones/AUTOS%202012/2525.pdf HTTP/1.1" 304 -
50.63.197.17 - - [22/Jan/2016:02:28:18 -0500] "GET /old/wp-admin/ HTTP/1.1" 404 1018
69.162.124.233 - - [22/Jan/2016:02:28:39 -0500] "HEAD / HTTP/1.1" 200 -
66.249.64.96 - - [22/Jan/2016:02:29:00 -0500] "GET /BLA/resoluciones/AUTOS%202010/3311.pdf HTTP/1.1" 200 1445188
51.255.65.90 - - [22/Jan/2016:02:29:19 -0500] "GET /BLA/resoluciones/index.php?dir=RESOLUCIONES%202002/RES%202002%20301-350/&sort=size&order=asc HTTP/1.1" 200 12034
66.249.64.96 - - [22/Jan/2016:02:29:45 -0500] "GET /BLA/resoluciones/RESOLUCIONES%202010/7390.pdf HTTP/1.1" 200 505582
66.249.64.248 - - [22/Jan/2016:02:30:29 -0500] "GET /ecodirectorio/files/res/pages/page_0046.swf HTTP/1.1" 200 222209
189.173.42.102 - - [22/Jan/2016:02:30:55 -0500] "GET /galeria/galeria/jquery.fancybox.js?v=2.1.5 HTTP/1.1" 200 48706
189.173.42.102 - - [22/Jan/2016:02:30:55 -0500] "GET /galeria/galeria/jquery.fancybox.css?v=2.1.5 HTTP/1.1" 200 4895
189.173.42.102 - - [22/Jan/2016:02:30:55 -0500] "GET /BLA/boletinlegal/js/jquery.scrollShow.js HTTP/1.1" 200 4586
189.173.42.102 - - [22/Jan/2016:02:31:05 -0500] "GET /BLA/boletinlegal/js/jquery.scrollShow.js HTTP/1.1" 200 4586
189.173.42.102 - - [22/Jan/2016:02:31:05 -0500] "GET /galeria/galeria/jquery.fancybox.js?v=2.1.5 HTTP/1.1" 200 48706
189.173.42.102 - - [22/Jan/2016:02:31:05 -0500] "GET /galeria/galeria/jquery.fancybox.css?v=2.1.5 HTTP/1.1" 200 4895
66.249.64.101 - - [22/Jan/2016:02:31:11 -0500] "GET /BLA/resoluciones/RESOLUCIONES%202007/RES%202007%202801%20AL%202900/RESOLUCION%202845%20DE%202007.pdf HTTP/1.1" 200 1345395
66.249.64.96 - - [22/Jan/2016:02:31:58 -0500] "GET /BLA/resoluciones/RESOLUCIONES%202007/RES%202007%202401%20AL%202500/RESOLUCION%202485%20DE%202007.pdf HTTP/1.1" 200 184638
66.249.64.101 - - [22/Jan/2016:02:32:16 -0500] "GET /BLA/resoluciones/RESOLUCIONES%202008/0100.pdf HTTP/1.1" 200 64680
51.255.65.13 - - [22/Jan/2016:02:32:31 -0500] "GET /galeria/galeria/fotos/3GuaymaralTorcaG3.jpg HTTP/1.1" 200 39105
66.249.64.106 - - [22/Jan/2016:02:32:42 -0500] "GET /BLA/resoluciones/RESOLUCIONES%202007/RES%202007%20501%20AL%20600/RESOLUCION%200590%20DE%202007.pdf HTTP/1.1" 200 874805
66.249.64.101 - - [22/Jan/2016:02:33:26 -0500] "GET /BLA/resoluciones/RESOLUCIONES%202007/RES%202007%202301%20AL%202400/RESOLUCION%202325%20DE%202007.pdf HTTP/1.1" 200 350435
69.162.124.233 - - [22/Jan/2016:02:33:39 -0500] "HEAD / HTTP/1.1" 200 -
66.249.64.101 - - [22/Jan/2016:02:34:11 -0500] "GET /BLA/resoluciones/RESOLUCIONES%202008/2687.pdf HTTP/1.1" 200 389128
66.249.64.96 - - [22/Jan/2016:02:34:55 -0500] "GET /BLA/resoluciones/AUTOS%202007/0117.pdf HTTP/1.1" 200 105433
66.249.64.96 - - [22/Jan/2016:02:35:06 -0500] "GET /BLA/resoluciones/RESOLUCIONES%202010/3008.pdf HTTP/1.1" 200 650636
37.1.207.183 - - [22/Jan/2016:02:35:16 -0500] "GET /wp-insorsm.php HTTP/1.1" 301 334
37.1.207.183 - - [22/Jan/2016:02:35:21 -0500] "GET /wp-insorsm.php HTTP/1.1" 302 312
66.249.64.106 - - [22/Jan/2016:02:35:39 -0500] "GET /BLA/resoluciones/RESOLUCIONES%202007/RES%202007%201726%20AL%201800/RESOLUCION%201754%20DE%202007.pdf HTTP/1.1" 200 288461
207.46.13.74 - - [22/Jan/2016:02:36:08 -0500] "GET /BLA/boletinlegal/jurisprudencia.php HTTP/1.1" 200 12511
40.77.167.78 - - [22/Jan/2016:02:36:19 -0500] "GET /BLA/boletinlegal/style.css HTTP/1.1" 200 9406
190.26.40.105 - - [22/Jan/2016:02:36:21 -0500] "GET /galeria/galeria/jquery.fancybox.css?v=2.1.5 HTTP/1.1" 304 -
190.26.40.105 - - [22/Jan/2016:02:36:21 -0500] "GET /BLA/boletinlegal/js/jquery.scrollShow.js HTTP/1.1" 304 -
190.26.40.105 - - [22/Jan/2016:02:36:21 -0500] "GET /galeria/galeria/jquery.fancybox.js?v=2.1.5 HTTP/1.1" 304 -
66.249.64.96 - - [22/Jan/2016:02:36:24 -0500] "GET /BLA/resoluciones/RESOLUCIONES%202007/RES%202007%20701%20AL%20800/RESOLUCION%200752%20DE%202007.pdf HTTP/1.1" 200 725604
207.46.13.162 - - [22/Jan/2016:02:36:24 -0500] "GET /BLA/boletinlegal/js/jquery1.js HTTP/1.1" 200 29846
207.46.13.162 - - [22/Jan/2016:02:36:25 -0500] "GET /BLA/boletinlegal/js/lib.js HTTP/1.1" 200 6474
40.77.167.58 - - [22/Jan/2016:02:36:49 -0500] "GET /BLA/boletinlegal/js/popup.js HTTP/1.1" 200 1270
66.249.64.96 - - [22/Jan/2016:02:37:08 -0500] "GET /BLA/resoluciones/RESOLUCIONES%202008/0254.pdf HTTP/1.1" 200 424870
68.180.230.190 - - [22/Jan/2016:02:37:42 -0500] "GET /BLA/boletinlegal/Circulares/2011/Circular%20No.%203%20del%2016%20de%20Junio%20de%202011.pdf HTTP/1.1" 304 -
66.249.64.96 - - [22/Jan/2016:02:37:52 -0500] "GET /BLA/resoluciones/RESOLUCIONES%202009/8052.pdf HTTP/1.1" 200 418420
100.43.81.135 - - [22/Jan/2016:02:38:04 -0500] "GET /videos/galeria-cronicas/skin/pink.flag/jplayer.pink.flag.jpg HTTP/1.1" 304 -
66.249.64.238 - - [22/Jan/2016:02:38:14 -0500] "GET /Autoliquidacion/Grupo%20Forestal%20-%20Industria%20de%20la%20Madera/Lista%20chequeo%20solicitud%20registro%20libro%20operaciones.pdf HTTP/1.1" 200 32820
66.249.64.96 - - [22/Jan/2016:02:38:37 -0500] "GET /BLA/resoluciones/RESOLUCIONES%202009/0798.pdf HTTP/1.1" 200 350122
69.162.124.233 - - [22/Jan/2016:02:38:39 -0500] "HEAD / HTTP/1.1" 200 -
66.249.64.106 - - [22/Jan/2016:02:39:01 -0500] "GET /BLA/resoluciones/RESOLUCIONES%202013/0332.pdf HTTP/1.1" 200 2326270
66.249.64.101 - - [22/Jan/2016:02:39:21 -0500] "GET /BLA/resoluciones/RESOLUCIONES%202009/7831.pdf HTTP/1.1" 200 602955
66.249.64.96 - - [22/Jan/2016:02:40:06 -0500] "GET /BLA/resoluciones/AUTOS%202010/1063.pdf HTTP/1.1" 200 178357
66.249.64.106 - - [22/Jan/2016:02:40:50 -0500] "GET /BLA/resoluciones/Notificaciones/AUTOS%202014/1273.doc HTTP/1.1" 200 233472
66.249.64.96 - - [22/Jan/2016:02:41:34 -0500] "GET /BLA/resoluciones/RESOLUCIONES%202010/5231.pdf HTTP/1.1" 200 773979
66.249.64.96 - - [22/Jan/2016:02:42:19 -0500] "GET /BLA/resoluciones/AUTOS%202012/0172.pdf HTTP/1.1" 200 164552
180.76.15.13 - - [22/Jan/2016:02:42:22 -0500] "GET /StormSDA/storm_silv/?C=N;O=A HTTP/1.1" 200 5784
66.249.64.101 - - [22/Jan/2016:02:42:55 -0500] "GET /BLA/resoluciones/AUTOS%202011/5891.pdf HTTP/1.1" 200 157975
66.249.64.96 - - [22/Jan/2016:02:43:03 -0500] "GET /BLA/resoluciones/AUTOS%202014/3960.pdf HTTP/1.1" 200 663134
190.200.14.213 - - [22/Jan/2016:02:43:33 -0500] "GET /BLA/boletinlegal/js/jquery.scrollShow.js HTTP/1.1" 200 4586
190.200.14.213 - - [22/Jan/2016:02:43:33 -0500] "GET /galeria/galeria/jquery.fancybox.js?v=2.1.5 HTTP/1.1" 200 48706
190.200.14.213 - - [22/Jan/2016:02:43:33 -0500] "GET /galeria/galeria/jquery.fancybox.css?v=2.1.5 HTTP/1.1" 200 4895
69.162.124.233 - - [22/Jan/2016:02:43:39 -0500] "HEAD / HTTP/1.1" 200 -
66.249.64.238 - - [22/Jan/2016:02:43:47 -0500] "GET /ecodirectorio/files/res/downloads/download_0131.pdf HTTP/1.1" 200 209938
190.200.14.213 - - [22/Jan/2016:02:44:03 -0500] "GET /BLA/boletinlegal/js/jquery.scrollShow.js HTTP/1.1" 200 4586
190.200.14.213 - - [22/Jan/2016:02:44:03 -0500] "GET /galeria/galeria/jquery.fancybox.js?v=2.1.5 HTTP/1.1" 200 48706
190.200.14.213 - - [22/Jan/2016:02:44:03 -0500] "GET /galeria/galeria/jquery.fancybox.css?v=2.1.5 HTTP/1.1" 200 4895
66.249.64.238 - - [22/Jan/2016:02:44:32 -0500] "GET /ecodirectorio/files/res/downloads/download_0061.pdf HTTP/1.1" 200 189954
66.249.64.243 - - [22/Jan/2016:02:45:16 -0500] "GET /ecodirectorio/files/res/pages/page_0105.swf HTTP/1.1" 200 197976
66.249.64.238 - - [22/Jan/2016:02:46:00 -0500] "GET /ecodirectorio/files/res/pages/page_0090.swf HTTP/1.1" 200 145609
66.249.64.238 - - [22/Jan/2016:02:46:45 -0500] "GET /ecodirectorio/files/res/pages/page_0175.swf HTTP/1.1" 200 214517
149.202.48.246 - - [22/Jan/2016:02:46:47 -0500] "GET /robots.txt HTTP/1.0" 404 1015
149.202.48.246 - - [22/Jan/2016:02:46:50 -0500] "GET /Autoliquidacion/Grupo%20Forestal%20-%20Silvicultura/Solicitud%20y%20lista%20de%20chequeo%20Evaluaci%C3%B3n%20Silvicultural.xlsx HTTP/1.0" 200 100649
149.202.48.246 - - [22/Jan/2016:02:46:52 -0500] "GET /robots.txt HTTP/1.0" 404 1019
66.249.64.101 - - [22/Jan/2016:02:46:52 -0500] "GET /BLA/resoluciones/RESOLUCIONES%202008/1884.pdf HTTP/1.1" 200 222141
149.202.48.246 - - [22/Jan/2016:02:46:54 -0500] "GET /Anexos%20estudio%20Organizacional%20SDA/ANEXO%20No.%201-%20NORMAS%20LEGALES%20DE%20ESTRUCTURA%20Y%20PLANTA/Acuerdo%209%20de%201990%20Concejo%20de%20Bogot%C3%A1..htm HTTP/1.0" 200 34207
149.202.48.246 - - [22/Jan/2016:02:46:58 -0500] "GET /Autoliquidacion/Grupo%20Forestal%20-%20Silvicultura/Solicitud%20y%20lista%20de%20chequeo%20Evaluaci%C3%B3n%20Silvicultural.xlsx HTTP/1.0" 200 100649
66.249.64.101 - - [22/Jan/2016:02:47:29 -0500] "GET /BLA/resoluciones/RESOLUCIONES%202012/1848.pdf HTTP/1.1" 200 534833
66.249.64.238 - - [22/Jan/2016:02:47:54 -0500] "GET /Autoliquidacion/Grupo%20Forestal%20-%20Industria%20de%20la%20Madera/Lista%20chequeo%20Solicitud%20Verificacion%20CITES%20y%20no%20CITES.pdf HTTP/1.1" 200 33858
66.249.64.106 - - [22/Jan/2016:02:48:13 -0500] "GET /BLA/resoluciones/RESOLUCIONES%202011/1254.pdf HTTP/1.1" 200 383530
69.162.124.233 - - [22/Jan/2016:02:48:39 -0500] "HEAD / HTTP/1.1" 200 -
66.249.64.96 - - [22/Jan/2016:02:48:58 -0500] "GET /BLA/resoluciones/RESOLUCIONES%202008/3898.pdf HTTP/1.1" 200 299283
66.249.64.101 - - [22/Jan/2016:02:49:42 -0500] "GET /BLA/resoluciones/AUTOS%202013/2399.pdf HTTP/1.1" 304 -
66.249.64.106 - - [22/Jan/2016:02:50:26 -0500] "GET /BLA/resoluciones/AUTOS%202011/7369.pdf HTTP/1.1" 200 176852
66.249.64.101 - - [22/Jan/2016:02:50:48 -0500] "GET /BLA/resoluciones/RESOLUCIONES%202008/2439.pdf HTTP/1.1" 200 88880
66.249.64.106 - - [22/Jan/2016:02:51:11 -0500] "GET /videos/23demayo/?C=N;O=D HTTP/1.1" 200 5973
66.249.64.96 - - [22/Jan/2016:02:51:55 -0500] "GET /BLA/resoluciones/RESOLUCIONES%202014/0528.pdf HTTP/1.1" 200 576861
66.249.64.96 - - [22/Jan/2016:02:52:39 -0500] "GET /BLA/resoluciones/RESOLUCIONES%202009/9751.pdf HTTP/1.1" 200 384154
190.131.194.135 - - [22/Jan/2016:02:53:20 -0500] "GET /galeria/nivo-slider/demo/demo.html HTTP/1.1" 304 -
66.249.64.101 - - [22/Jan/2016:02:53:24 -0500] "GET /BLA/resoluciones/RESOLUCIONES%202013/0079.pdf HTTP/1.1" 200 2372591
69.162.124.233 - - [22/Jan/2016:02:53:39 -0500] "HEAD / HTTP/1.1" 200 -
186.155.19.202 - - [22/Jan/2016:02:53:55 -0500] "GET /BLA/boletinlegal/js/jquery.scrollShow.js HTTP/1.1" 200 4586
186.155.19.202 - - [22/Jan/2016:02:53:55 -0500] "GET /galeria/galeria/jquery.fancybox.js?v=2.1.5 HTTP/1.1" 200 48706
186.155.19.202 - - [22/Jan/2016:02:53:55 -0500] "GET /galeria/galeria/jquery.fancybox.css?v=2.1.5 HTTP/1.1" 200 4895
186.155.19.202 - - [22/Jan/2016:02:54:02 -0500] "GET /BLA/boletinlegal/js/jquery.scrollShow.js HTTP/1.1" 304 -
186.155.19.202 - - [22/Jan/2016:02:54:02 -0500] "GET /galeria/galeria/jquery.fancybox.js?v=2.1.5 HTTP/1.1" 304 -
186.155.19.202 - - [22/Jan/2016:02:54:02 -0500] "GET /galeria/galeria/jquery.fancybox.css?v=2.1.5 HTTP/1.1" 304 -
66.249.64.96 - - [22/Jan/2016:02:54:08 -0500] "GET /BLA/resoluciones/RESOLUCIONES%202008/0255.pdf HTTP/1.1" 200 268023
66.249.64.101 - - [22/Jan/2016:02:54:41 -0500] "GET /BLA/resoluciones/RESOLUCIONES%202011/4490.pdf HTTP/1.1" 200 475139
66.249.64.106 - - [22/Jan/2016:02:54:53 -0500] "GET /BLA/resoluciones/AUTOS%202011/5903.pdf HTTP/1.1" 200 245183
66.249.64.101 - - [22/Jan/2016:02:55:04 -0500] "GET /galeria/nivo-slider/nivo-slider.css HTTP/1.1" 200 1507
66.249.64.96 - - [22/Jan/2016:02:55:05 -0500] "GET /galeria/nivo-slider/themes/orman/orman.css HTTP/1.1" 200 2152
66.249.64.96 - - [22/Jan/2016:02:55:06 -0500] "GET /galeria/nivo-slider/jquery.nivo.slider.pack.js HTTP/1.1" 200 11561
66.249.64.96 - - [22/Jan/2016:02:55:06 -0500] "GET /galeria/nivo-slider/themes/default/default.css HTTP/1.1" 200 1569
66.249.64.96 - - [22/Jan/2016:02:55:07 -0500] "GET /galeria/nivo-slider/demo/style.css HTTP/1.1" 200 2222
66.249.64.96 - - [22/Jan/2016:02:55:08 -0500] "GET /galeria/nivo-slider/demo/scripts/jquery-1.7.1.min.js HTTP/1.1" 200 93868
66.249.64.96 - - [22/Jan/2016:02:55:09 -0500] "GET /galeria/nivo-slider/themes/pascal/pascal.css HTTP/1.1" 200 2258
66.249.64.96 - - [22/Jan/2016:02:55:09 -0500] "GET /galeria/nivo-slider/demo/demo.html HTTP/1.1" 200 3703
66.249.64.106 - - [22/Jan/2016:02:55:37 -0500] "GET /BLA/resoluciones/RESOLUCIONES%202013/1148.pdf HTTP/1.1" 200 657608
66.249.64.96 - - [22/Jan/2016:02:56:21 -0500] "GET /BLA/resoluciones/RESOLUCIONES%202010/2640.pdf HTTP/1.1" 200 511117
66.249.64.106 - - [22/Jan/2016:02:56:31 -0500] "GET /BLA/resoluciones/Autos%202008/0942.pdf HTTP/1.1" 200 90984
66.249.64.243 - - [22/Jan/2016:02:56:45 -0500] "GET /Autoliquidacion/Grupo%20Forestal%20-%20Industria%20de%20la%20Madera/Instructivo%20diligenciamiento%20libro%20operaciones.pdf HTTP/1.1" 200 154330
66.249.64.96 - - [22/Jan/2016:02:56:54 -0500] "GET /BLA/resoluciones/Autos%202008/1226.pdf HTTP/1.1" 200 104737
66.249.64.96 - - [22/Jan/2016:02:56:58 -0500] "GET /BLA/resoluciones/AUTOS%202011/2779.pdf HTTP/1.1" 200 158569
66.249.64.96 - - [22/Jan/2016:02:57:06 -0500] "GET /BLA/resoluciones/AUTOS%202007/1531.pdf HTTP/1.1" 200 93974
66.249.64.96 - - [22/Jan/2016:02:58:34 -0500] "GET /BLA/resoluciones/RESOLUCIONES%202010/1623.pdf HTTP/1.1" 304 -
66.249.64.106 - - [22/Jan/2016:02:58:39 -0500] "GET /BLA/resoluciones/RESOLUCIONES%202009/7956.pdf HTTP/1.1" 200 110698
69.162.124.233 - - [22/Jan/2016:02:58:39 -0500] "HEAD / HTTP/1.1" 200 -
66.249.64.106 - - [22/Jan/2016:02:59:19 -0500] "GET /BLA/resoluciones/RESOLUCIONES%202010/5378.pdf HTTP/1.1" 200 402095
66.249.64.248 - - [22/Jan/2016:03:00:03 -0500] "GET / HTTP/1.1" 200 10190
66.249.64.101 - - [22/Jan/2016:03:00:47 -0500] "GET /BLA/resoluciones/RESOLUCIONES%202009/7140.pdf HTTP/1.1" 200 493293
66.249.64.96 - - [22/Jan/2016:03:01:32 -0500] "GET /BLA/resoluciones/RESOLUCIONES%202010/5513.pdf HTTP/1.1" 200 2839946
66.249.64.106 - - [22/Jan/2016:03:02:16 -0500] "GET /BLA/resoluciones/AUTOS%202008/2669.pdf HTTP/1.1" 200 169746
66.249.64.96 - - [22/Jan/2016:03:02:32 -0500] "GET /BLA/resoluciones/RESOLUCIONES%202009/3193.pdf HTTP/1.1" 200 355160
66.249.64.96 - - [22/Jan/2016:03:03:00 -0500] "GET /BLA/resoluciones/RESOLUCIONES%202007/RES%202007%202301%20AL%202400/RESOLUCION%202395%20DE%202007.pdf HTTP/1.1" 200 1270854
69.162.124.233 - - [22/Jan/2016:03:03:39 -0500] "HEAD / HTTP/1.1" 200 -
66.249.64.106 - - [22/Jan/2016:03:03:45 -0500] "GET /BLA/resoluciones/RESOLUCIONES%202007/RES%202007%201%20AL%20100/RESOLUCION%200094%20DE%202007.pdf HTTP/1.1" 200 479993
66.249.64.96 - - [22/Jan/2016:03:04:23 -0500] "GET /BLA/resoluciones/Autos%202008/2911.pdf HTTP/1.1" 200 97420
66.249.64.96 - - [22/Jan/2016:03:04:29 -0500] "GET /BLA/resoluciones/AUTOS%202010/0414.pdf HTTP/1.1" 304 -
66.249.64.101 - - [22/Jan/2016:03:05:13 -0500] "GET /BLA/resoluciones/RESOLUCIONES%202012/1335.pdf HTTP/1.1" 200 614676
66.249.64.96 - - [22/Jan/2016:03:05:58 -0500] "GET /BLA/resoluciones/AUTOS%202007/3561.pdf HTTP/1.1" 200 144051
66.249.64.101 - - [22/Jan/2016:03:06:29 -0500] "GET /BLA/resoluciones/RESOLUCIONES%202011/1692.pdf HTTP/1.1" 200 379166
66.249.64.96 - - [22/Jan/2016:03:06:42 -0500] "GET /BLA/resoluciones/RESOLUCIONES%202007/RES%202007%204201%20AL%204300/RESOLUCION%204293%20%20DE%202007.pdf HTTP/1.1" 200 1091677
66.249.64.101 - - [22/Jan/2016:03:07:27 -0500] "GET /BLA/resoluciones/AUTOS%202007/1637.pdf HTTP/1.1" 200 181413
66.249.64.106 - - [22/Jan/2016:03:08:11 -0500] "GET /BLA/resoluciones/RESOLUCIONES%202007/RES%202007%201801%20AL%201900/RESOLUCION%201817%20DE%202007.pdf HTTP/1.1" 200 433926
69.162.124.233 - - [22/Jan/2016:03:08:39 -0500] "HEAD / HTTP/1.1" 200 -
66.249.64.96 - - [22/Jan/2016:03:08:55 -0500] "GET /BLA/resoluciones/RESOLUCIONES%202007/RES%202007%203401%20AL%203500/RESOLUCION%203498%20DE%202007.pdf HTTP/1.1" 200 1403136
66.249.64.101 - - [22/Jan/2016:03:09:01 -0500] "GET /portel_dama/libreria/pdf/polit_humedales.pdf HTTP/1.1" 404 1018
66.249.64.96 - - [22/Jan/2016:03:09:40 -0500] "GET /BLA/resoluciones/RESOLUCIONES%202007/RES%202007%201801%20AL%201900/RESOLUCION%201833%20%20DE%202007.pdf HTTP/1.1" 200 157073
66.249.64.101 - - [22/Jan/2016:03:10:24 -0500] "GET /BLA/resoluciones/RESOLUCIONES%202009/7241.pdf HTTP/1.1" 200 108344
66.249.64.106 - - [22/Jan/2016:03:10:25 -0500] "GET /BLA/resoluciones/RESOLUCIONES%202007/RES%202007%203701%20AL%203800/RESOLUCION%203739%20DE%202007.pdf HTTP/1.1" 200 218691
66.249.64.96 - - [22/Jan/2016:03:11:08 -0500] "GET /BLA/resoluciones/RESOLUCIONES%202008/4028.pdf HTTP/1.1" 200 212805
190.26.169.158 - - [22/Jan/2016:03:11:20 -0500] "GET /galeria/nivo-slider/demo/images/Convocatoria-CTPD-curvas-01.png HTTP/1.1" 304 -
66.249.64.96 - - [22/Jan/2016:03:11:53 -0500] "GET /BLA/resoluciones/AUTOS%202008/0925.pdf HTTP/1.1" 200 82718
66.249.64.96 - - [22/Jan/2016:03:12:09 -0500] "GET /BLA/resoluciones/AUTOS%202011/0205.pdf HTTP/1.1" 200 66835
66.249.64.101 - - [22/Jan/2016:03:12:37 -0500] "GET /BLA/resoluciones/RESOLUCIONES%202012/0881.pdf HTTP/1.1" 200 415949
66.249.64.106 - - [22/Jan/2016:03:13:21 -0500] "GET /BLA/resoluciones/RESOLUCIONES%202014/0439.pdf HTTP/1.1" 200 534047
69.162.124.233 - - [22/Jan/2016:03:13:39 -0500] "HEAD / HTTP/1.1" 200 -
66.249.64.248 - - [22/Jan/2016:03:14:06 -0500] "GET /ecodirectorio/files/res/downloads/download_0164.pdf HTTP/1.1" 200 206857
201.234.75.11 - - [22/Jan/2016:03:14:08 -0500] "GET /StormSDA/stormWeb/presentacion.html HTTP/1.1" 304 -
66.249.64.106 - - [22/Jan/2016:03:14:18 -0500] "GET /BLA/resoluciones/AUTOS%202007/0727.pdf HTTP/1.1" 200 261329
66.249.64.243 - - [22/Jan/2016:03:14:50 -0500] "GET /ecodirectorio/files/res/downloads/download_0112.pdf HTTP/1.1" 200 219258
66.249.64.248 - - [22/Jan/2016:03:14:51 -0500] "GET /Autoliquidacion/Grupo%20Forestal%20-%20Industria%20de%20la%20Madera/Solicitud%20Salvoconducto%20Movilizacion%20Flora.pdf HTTP/1.1" 200 54956
66.249.64.96 - - [22/Jan/2016:03:15:07 -0500] "GET /BLA/resoluciones/RESOLUCIONES%202007/RES%202007%20701%20AL%20800/RESOLUCION%200728%20DE%202007.pdf HTTP/1.1" 200 232281
66.249.64.243 - - [22/Jan/2016:03:15:34 -0500] "GET /ecodirectorio/files/res/sounds/ HTTP/1.1" 200 807
66.249.64.96 - - [22/Jan/2016:03:16:12 -0500] "GET /BLA/resoluciones/Autos%202008/3187.pdf HTTP/1.1" 200 205272
66.249.64.243 - - [22/Jan/2016:03:16:19 -0500] "GET /ecodirectorio/files/res/downloads/download_0148.pdf HTTP/1.1" 200 230143
66.249.64.238 - - [22/Jan/2016:03:17:03 -0500] "GET /ecodirectorio/files/res/downloads/download_0152.pdf HTTP/1.1" 200 407768
66.249.64.243 - - [22/Jan/2016:03:17:47 -0500] "GET /ecodirectorio/files/res/downloads/download_0066.pdf HTTP/1.1" 200 185012
180.76.15.152 - - [22/Jan/2016:03:17:57 -0500] "GET / HTTP/1.1" 200 10190
180.76.15.160 - - [22/Jan/2016:03:18:11 -0500] "GET / HTTP/1.1" 200 10190
66.249.64.101 - - [22/Jan/2016:03:18:16 -0500] "GET /BLA/resoluciones/RESOLUCIONES%202009/8898.pdf HTTP/1.1" 200 275003
66.249.64.238 - - [22/Jan/2016:03:18:32 -0500] "GET /ecodirectorio/files/res/pages/page_0174.swf HTTP/1.1" 200 215165
69.162.124.233 - - [22/Jan/2016:03:18:39 -0500] "HEAD / HTTP/1.1" 200 -
66.249.64.106 - - [22/Jan/2016:03:19:16 -0500] "GET /BLA/resoluciones/Notificaciones/AUTOS%202014/5833.doc HTTP/1.1" 200 154112
66.249.64.238 - - [22/Jan/2016:03:20:01 -0500] "GET /ecodirectorio/files/res/downloads/download_0162.pdf HTTP/1.1" 200 274036
100.43.85.19 - - [22/Jan/2016:03:20:24 -0500] "GET /StormSDA/userFiles%20-%20Copy%2019-07-2012/user_files/ HTTP/1.1" 200 5684
180.76.15.29 - - [22/Jan/2016:03:20:20 -0500] "GET /BLA/resoluciones/index.php?dir=RESOLUCIONES%202010/&sort=size&order=desc HTTP/1.1" 200 667595
66.249.64.106 - - [22/Jan/2016:03:20:45 -0500] "GET /BLA/resoluciones/RESOLUCIONES%202013/1636.pdf HTTP/1.1" 200 1353599
66.249.64.96 - - [22/Jan/2016:03:21:29 -0500] "GET /BLA/resoluciones/RESOLUCIONES%202010/7328.pdf HTTP/1.1" 200 379336
66.249.64.101 - - [22/Jan/2016:03:22:09 -0500] "GET /BLA/resoluciones/RESOLUCIONES%202013/1296.pdf HTTP/1.1" 200 3683662
66.249.64.96 - - [22/Jan/2016:03:22:16 -0500] "GET /BLA/resoluciones/RESOLUCIONES%202010/2510.pdf HTTP/1.1" 200 276675
66.249.64.101 - - [22/Jan/2016:03:22:23 -0500] "GET /BLA/resoluciones/Autos%202008/2258.pdf HTTP/1.1" 200 238032
66.249.64.96 - - [22/Jan/2016:03:22:58 -0500] "GET /BLA/resoluciones/RESOLUCIONES%202010/2866.pdf HTTP/1.1" 200 874867
66.249.64.96 - - [22/Jan/2016:03:23:06 -0500] "GET /BLA/resoluciones/RESOLUCIONES%202010/5147.pdf HTTP/1.1" 200 358716
69.162.124.233 - - [22/Jan/2016:03:23:39 -0500] "HEAD / HTTP/1.1" 200 -
66.249.64.238 - - [22/Jan/2016:03:23:42 -0500] "GET /SIG/Gesti%C3%B3n%20de%20Recursos%20F%C3%ADsicos/126PA04-PR24.pdf HTTP/1.1" 200 60685
66.249.64.243 - - [22/Jan/2016:03:24:07 -0500] "GET /videos/RecorridoParqueNal.flv HTTP/1.1" 200 75707691
66.249.64.243 - - [22/Jan/2016:03:24:32 -0500] "GET /prensa/presabr3.htm HTTP/1.1" 404 1019
66.249.64.96 - - [22/Jan/2016:03:24:36 -0500] "GET /BLA/resoluciones/RESOLUCIONES%202010/5221.pdf HTTP/1.1" 200 766359
66.249.64.96 - - [22/Jan/2016:03:24:40 -0500] "GET /BLA/resoluciones/AUTOS%202011/2465.pdf HTTP/1.1" 200 156467
66.249.64.96 - - [22/Jan/2016:03:24:43 -0500] "GET /BLA/resoluciones/RESOLUCIONES%202010/5319.pdf HTTP/1.1" 200 400421
66.249.64.101 - - [22/Jan/2016:03:25:11 -0500] "GET /BLA/resoluciones/RESOLUCIONES%202009/9191.pdf HTTP/1.1" 200 563329
66.249.64.96 - - [22/Jan/2016:03:25:55 -0500] "GET /BLA/resoluciones/AUTOS%202012/1501.pdf HTTP/1.1" 200 374117
66.249.64.96 - - [22/Jan/2016:03:26:06 -0500] "GET /BLA/resoluciones/RESOLUCIONES%202010/0224.pdf HTTP/1.1" 200 464747
66.249.64.106 - - [22/Jan/2016:03:26:40 -0500] "GET /BLA/resoluciones/RESOLUCIONES%202014/1601.pdf HTTP/1.1" 200 1638060
66.249.64.101 - - [22/Jan/2016:03:27:24 -0500] "GET /BLA/resoluciones/AUTOS%202014/3090.pdf HTTP/1.1" 304 -
66.249.64.96 - - [22/Jan/2016:03:28:08 -0500] "GET /BLA/resoluciones/AUTOS%202009/1489.pdf HTTP/1.1" 200 187467
69.162.124.233 - - [22/Jan/2016:03:28:39 -0500] "HEAD / HTTP/1.1" 200 -
66.249.64.106 - - [22/Jan/2016:03:28:53 -0500] "GET /BLA/resoluciones/RESOLUCIONES%202012/1055.pdf HTTP/1.1" 200 1162207
66.249.64.96 - - [22/Jan/2016:03:28:58 -0500] "GET /BLA/resoluciones/AUTOS%202011/5916.pdf HTTP/1.1" 304 -
66.249.64.106 - - [22/Jan/2016:03:29:37 -0500] "GET /BLA/resoluciones/AUTOS%202012/1925.pdf HTTP/1.1" 304 -
207.46.13.162 - - [22/Jan/2016:03:29:51 -0500] "GET /SIG/Gestion%20Recursos%20Financieros/126PA02-PR20%20REGISTRO%20DE%20DIFERIDOS.pdf HTTP/1.1" 200 231681
66.249.64.101 - - [22/Jan/2016:03:30:02 -0500] "GET /BLA/resoluciones/AUTOS%202012/3024.pdf HTTP/1.1" 200 3186013
66.249.64.106 - - [22/Jan/2016:03:30:13 -0500] "GET /BLA/resoluciones/Notificaciones/AUTOS%202012/0832.doc HTTP/1.1" 200 836608
66.249.64.101 - - [22/Jan/2016:03:30:21 -0500] "GET /BLA/resoluciones/RESOLUCIONES%202007/RES%202007%202501%20AL%202600/RESOLUCION%202509%20DE%202007.pdf HTTP/1.1" 200 23059
66.249.64.96 - - [22/Jan/2016:03:31:06 -0500] "GET /BLA/resoluciones/RESOLUCIONES%202010/3004.pdf HTTP/1.1" 200 1162423
66.249.64.101 - - [22/Jan/2016:03:31:50 -0500] "GET /BLA/resoluciones/AUTOS%202013/0491.pdf HTTP/1.1" 200 1648410
201.234.75.11 - - [22/Jan/2016:03:32:16 -0500] "GET /galeria/nivo-slider/demo/images/enciclica-papal.jpg HTTP/1.1" 304 -
66.249.64.96 - - [22/Jan/2016:03:32:34 -0500] "GET /BLA/resoluciones/RESOLUCIONES%202007/RES%202007%204201%20AL%204300/RESOLUCION%204264%20DE%202007.pdf HTTP/1.1" 200 262563
64.74.215.1 - - [22/Jan/2016:03:32:59 -0500] "GET /galeria/nivo-slider/demo/demo.html HTTP/1.1" 200 3703
64.74.215.1 - - [22/Jan/2016:03:33:00 -0500] "GET /galeria/nivo-slider/demo/scripts/jquery-1.7.1.min.js HTTP/1.1" 200 93868
64.74.215.1 - - [22/Jan/2016:03:33:04 -0500] "GET /galeria/nivo-slider/jquery.nivo.slider.pack.js HTTP/1.1" 200 11561
66.249.64.248 - - [22/Jan/2016:03:33:14 -0500] "GET /Autoliquidacion/Grupo%20Forestal%20-%20Industria%20de%20la%20Madera/Solicitud%20Registro%20Libro%20de%20Operaciones.pdf HTTP/1.1" 200 38443
66.249.64.96 - - [22/Jan/2016:03:33:19 -0500] "GET /BLA/resoluciones/RESOLUCIONES%202007/RES%202007%20501%20AL%20600/RESOLUCION%200568%20DE%202007.pdf HTTP/1.1" 200 772331
69.162.124.233 - - [22/Jan/2016:03:33:39 -0500] "HEAD / HTTP/1.1" 200 -
