66.249.64.106 - - [22/Jan/2016:07:26:10 -0500] "GET /BLA/resoluciones/RESOLUCIONES%202014/1301.pdf HTTP/1.1" 304 -
201.245.192.253 - - [22/Jan/2016:07:26:20 -0500] "GET /BLA/resoluciones/RESOLUCIONES%202009/1917.pdf HTTP/1.1" 200 432692
201.245.192.253 - - [22/Jan/2016:07:26:21 -0500] "GET /galeria/nivo-slider/demo/demo.html HTTP/1.1" 304 -
201.245.192.253 - - [22/Jan/2016:07:26:21 -0500] "GET /galeria/nivo-slider/demo/images/Convocatoria-CTPD-curvas-01.png HTTP/1.1" 304 -
201.245.192.253 - - [22/Jan/2016:07:26:21 -0500] "GET /galeria/nivo-slider/demo/images/banner-llantas2015.jpg HTTP/1.1" 304 -
201.245.192.253 - - [22/Jan/2016:07:26:21 -0500] "GET /galeria/nivo-slider/demo/images/ABC-Plan-de-contigencia.jpg HTTP/1.1" 200 423901
201.245.192.253 - - [22/Jan/2016:07:26:21 -0500] "GET /galeria/nivo-slider/demo/images/caminata-ecologica.jpg HTTP/1.1" 304 -
201.245.192.253 - - [22/Jan/2016:07:26:22 -0500] "GET /galeria/nivo-slider/demo/images/banner-llantas2.jpg HTTP/1.1" 304 -
201.245.192.253 - - [22/Jan/2016:07:26:22 -0500] "GET /galeria/nivo-slider/demo/images/bolsas-06.jpg HTTP/1.1" 304 -
201.245.192.253 - - [22/Jan/2016:07:26:22 -0500] "GET /galeria/nivo-slider/demo/images/ecolecta-Dic2014.png HTTP/1.1" 304 -
66.249.64.96 - - [22/Jan/2016:07:26:54 -0500] "GET /BLA/resoluciones/RESOLUCIONES%202012/1228.pdf HTTP/1.1" 304 -
51.255.65.88 - - [22/Jan/2016:07:26:55 -0500] "GET /BLA/resoluciones/RESOLUCIONES%202003/RES%202003%20551-600/579.tif HTTP/1.1" 200 70256
181.39.23.202 - - [22/Jan/2016:07:26:55 -0500] "GET /BLA/boletinlegal/js/jquery.scrollShow.js HTTP/1.1" 200 4586
181.39.23.202 - - [22/Jan/2016:07:26:55 -0500] "GET /galeria/galeria/jquery.fancybox.js?v=2.1.5 HTTP/1.1" 200 48706
181.39.23.202 - - [22/Jan/2016:07:26:55 -0500] "GET /galeria/galeria/jquery.fancybox.css?v=2.1.5 HTTP/1.1" 200 4895
192.168.169.70 - - [22/Jan/2016:07:27:03 -0500] "GET /BLA/boletinlegal/consulta_actos.php?tipo=resoluciones&no=1917&usuario=&sector=&fecha=2008&resuelve= HTTP/1.1" 200 1048
190.9.200.31 - - [22/Jan/2016:07:27:06 -0500] "GET /galeria/nivo-slider/demo/demo.html HTTP/1.1" 304 -
201.245.192.253 - - [22/Jan/2016:07:27:06 -0500] "GET /BLA/resoluciones/RESOLUCIONES%202008/1917.pdf HTTP/1.1" 200 261626
190.9.200.31 - - [22/Jan/2016:07:27:06 -0500] "GET /galeria/nivo-slider/demo/images/Convocatoria-CTPD-curvas-01.png HTTP/1.1" 200 565805
190.9.200.31 - - [22/Jan/2016:07:27:06 -0500] "GET /galeria/nivo-slider/demo/images/ABC-Plan-de-contigencia.jpg HTTP/1.1" 200 423901
190.9.200.31 - - [22/Jan/2016:07:27:06 -0500] "GET /galeria/nivo-slider/demo/images/banner-llantas2015.jpg HTTP/1.1" 200 268366
190.9.200.31 - - [22/Jan/2016:07:27:06 -0500] "GET /galeria/nivo-slider/demo/images/caminata-ecologica.jpg HTTP/1.1" 200 192926
190.9.200.31 - - [22/Jan/2016:07:27:06 -0500] "GET /galeria/nivo-slider/demo/images/PREDAcamp.jpg HTTP/1.1" 200 295358
190.9.200.31 - - [22/Jan/2016:07:27:06 -0500] "GET /galeria/nivo-slider/demo/images/Cmapana-onestidad.jpg HTTP/1.1" 200 141638
190.9.200.31 - - [22/Jan/2016:07:27:08 -0500] "GET /galeria/nivo-slider/demo/images/Ruta-vertimientos-01.jpg HTTP/1.1" 200 130151
190.9.200.31 - - [22/Jan/2016:07:27:09 -0500] "GET /galeria/nivo-slider/demo/images/bolsas-06.jpg HTTP/1.1" 200 210950
190.9.200.31 - - [22/Jan/2016:07:27:09 -0500] "GET /galeria/nivo-slider/demo/images/ecolecta-Dic2014.png HTTP/1.1" 200 856487
190.9.200.31 - - [22/Jan/2016:07:27:09 -0500] "GET /galeria/nivo-slider/themes/default/loading.gif HTTP/1.1" 200 1737
190.9.200.31 - - [22/Jan/2016:07:27:10 -0500] "GET /galeria/nivo-slider/demo/images/banner-llantas2.jpg HTTP/1.1" 200 234514
190.9.200.31 - - [22/Jan/2016:07:27:10 -0500] "GET /galeria/nivo-slider/demo/images/9Signos.jpg HTTP/1.1" 200 81776
190.9.200.31 - - [22/Jan/2016:07:27:10 -0500] "GET /galeria/nivo-slider/demo/images/4Simple_Slider.png HTTP/1.1" 200 11722
190.9.200.31 - - [22/Jan/2016:07:27:14 -0500] "GET /galeria/nivo-slider/themes/default/arrows.png HTTP/1.1" 200 824
190.9.200.31 - - [22/Jan/2016:07:27:14 -0500] "GET /galeria/nivo-slider/themes/default/bullets.png HTTP/1.1" 200 1281
181.129.89.19 - - [22/Jan/2016:07:27:19 -0500] "POST /forms/lservlet;jsessionid=ac16012b30d65003600f064d4839b5999562d2f5ebe4.e3iSbxaKaheRe38La3yQa3eLbh90n6jAmljGr5XDqQLvpAe HTTP/1.1" 200 2
201.245.192.253 - - [22/Jan/2016:07:27:34 -0500] "GET /galeria/nivo-slider/demo/demo.html HTTP/1.1" 304 -
201.245.192.253 - - [22/Jan/2016:07:27:34 -0500] "GET /galeria/nivo-slider/demo/images/Convocatoria-CTPD-curvas-01.png HTTP/1.1" 304 -
201.245.192.253 - - [22/Jan/2016:07:27:34 -0500] "GET /galeria/nivo-slider/demo/images/ABC-Plan-de-contigencia.jpg HTTP/1.1" 200 423901
201.245.192.253 - - [22/Jan/2016:07:27:34 -0500] "GET /galeria/nivo-slider/demo/images/banner-llantas2015.jpg HTTP/1.1" 304 -
201.245.192.253 - - [22/Jan/2016:07:27:34 -0500] "GET /galeria/nivo-slider/demo/images/caminata-ecologica.jpg HTTP/1.1" 304 -
201.245.192.253 - - [22/Jan/2016:07:27:34 -0500] "GET /galeria/nivo-slider/demo/images/banner-llantas2.jpg HTTP/1.1" 304 -
201.245.192.253 - - [22/Jan/2016:07:27:35 -0500] "GET /galeria/nivo-slider/demo/images/bolsas-06.jpg HTTP/1.1" 304 -
201.245.192.253 - - [22/Jan/2016:07:27:35 -0500] "GET /galeria/nivo-slider/demo/images/ecolecta-Dic2014.png HTTP/1.1" 304 -
66.249.64.96 - - [22/Jan/2016:07:27:38 -0500] "GET /BLA/resoluciones/AUTOS%202011/3603.pdf HTTP/1.1" 200 427933
51.255.65.44 - - [22/Jan/2016:07:27:49 -0500] "GET /BLA/resoluciones/RESOLUCIONES%202006/RES%202006%20%202801-2850/00002849.tif HTTP/1.1" 200 265960
201.245.192.253 - - [22/Jan/2016:07:27:56 -0500] "GET /galeria/nivo-slider/demo/demo.html HTTP/1.1" 304 -
201.245.192.253 - - [22/Jan/2016:07:27:56 -0500] "GET /galeria/nivo-slider/demo/images/Convocatoria-CTPD-curvas-01.png HTTP/1.1" 304 -
201.245.192.253 - - [22/Jan/2016:07:27:56 -0500] "GET /galeria/nivo-slider/demo/images/ABC-Plan-de-contigencia.jpg HTTP/1.1" 200 423901
201.245.192.253 - - [22/Jan/2016:07:27:56 -0500] "GET /galeria/nivo-slider/demo/images/banner-llantas2015.jpg HTTP/1.1" 304 -
201.245.192.253 - - [22/Jan/2016:07:27:56 -0500] "GET /galeria/nivo-slider/demo/images/caminata-ecologica.jpg HTTP/1.1" 304 -
201.245.192.253 - - [22/Jan/2016:07:27:56 -0500] "GET /galeria/nivo-slider/demo/images/bolsas-06.jpg HTTP/1.1" 304 -
201.245.192.253 - - [22/Jan/2016:07:27:56 -0500] "GET /galeria/nivo-slider/demo/images/PREDAcamp.jpg HTTP/1.1" 304 -
201.245.192.253 - - [22/Jan/2016:07:27:56 -0500] "GET /galeria/nivo-slider/demo/images/ecolecta-Dic2014.png HTTP/1.1" 304 -
201.245.192.253 - - [22/Jan/2016:07:27:58 -0500] "GET /galeria/nivo-slider/demo/demo.html HTTP/1.1" 304 -
201.245.192.253 - - [22/Jan/2016:07:27:58 -0500] "GET /galeria/nivo-slider/demo/images/Convocatoria-CTPD-curvas-01.png HTTP/1.1" 304 -
201.245.192.253 - - [22/Jan/2016:07:27:58 -0500] "GET /galeria/nivo-slider/demo/images/ABC-Plan-de-contigencia.jpg HTTP/1.1" 200 423901
201.245.192.253 - - [22/Jan/2016:07:27:58 -0500] "GET /galeria/nivo-slider/demo/images/banner-llantas2015.jpg HTTP/1.1" 304 -
201.245.192.253 - - [22/Jan/2016:07:27:58 -0500] "GET /galeria/nivo-slider/demo/images/caminata-ecologica.jpg HTTP/1.1" 304 -
201.245.192.253 - - [22/Jan/2016:07:27:58 -0500] "GET /galeria/nivo-slider/demo/images/bolsas-06.jpg HTTP/1.1" 304 -
201.245.192.253 - - [22/Jan/2016:07:28:01 -0500] "GET /catalogoisis/ HTTP/1.1" 200 8575
51.255.65.68 - - [22/Jan/2016:07:28:07 -0500] "GET /BLA/resoluciones/AUTOS%202006/AUTOS%202006%201201-1300/00001285.tif HTTP/1.1" 200 57080
201.245.192.253 - - [22/Jan/2016:07:28:10 -0500] "GET /isolucionsda/ HTTP/1.1" 302 140
201.245.192.253 - - [22/Jan/2016:07:28:10 -0500] "GET /isolucionsda/ControlDeInicio.asp HTTP/1.1" 200 739
201.245.192.253 - - [22/Jan/2016:07:28:10 -0500] "GET /isolucionsda/IdentificaUsuario.asp?Pagina1=FrameSetGeneral.asp& HTTP/1.1" 200 5090
201.245.192.253 - - [22/Jan/2016:07:28:13 -0500] "POST /isolucionsda/IdentificaUsuario.asp?Pagina1=FrameSetGeneral.asp& HTTP/1.1" 302 173
201.245.192.253 - - [22/Jan/2016:07:28:14 -0500] "GET /isolucionsda/FrameSetGeneral.asp?Pagina1=FrameSetGeneral.asp& HTTP/1.1" 200 6613
201.245.192.253 - - [22/Jan/2016:07:28:14 -0500] "GET /isolucionsda/Encabezado.asp?Pagina1=FrameSetGeneral.asp&&Pagina=MagazinHome.asp HTTP/1.1" 200 15420
201.245.192.253 - - [22/Jan/2016:07:28:14 -0500] "GET /isolucionsda/BarraTitulos.asp?Pagina1=FrameSetGeneral.asp&&Pagina=MagazinHome.asp HTTP/1.1" 200 6972
201.245.192.253 - - [22/Jan/2016:07:28:14 -0500] "GET /isolucionsda/BarraFavoritos.asp HTTP/1.1" 200 911
201.245.192.253 - - [22/Jan/2016:07:28:14 -0500] "GET /isolucionsda/MagazinHome.asp HTTP/1.1" 200 28596
201.245.192.253 - - [22/Jan/2016:07:28:14 -0500] "GET /isolucionsda/GrafVinetas/logo%202016-20.png HTTP/1.1" 304 -
201.245.192.253 - - [22/Jan/2016:07:28:14 -0500] "GET /isolucionsda/Session.asp?Continue=1 HTTP/1.1" 200 6323
201.245.192.253 - - [22/Jan/2016:07:28:14 -0500] "GET /isolucionsda/TareasSFRedirect.asp HTTP/1.1" 302 195
201.245.192.253 - - [22/Jan/2016:07:28:14 -0500] "GET /isolucionsda/g/Bgr_Destacado3399CC.jpg HTTP/1.1" 404 1245
201.245.192.253 - - [22/Jan/2016:07:28:16 -0500] "GET /isolucionsda/FrameSetGeneral.asp?Pagina=Menu.asp&IdModulo=4 HTTP/1.1" 200 6583
201.245.192.253 - - [22/Jan/2016:07:28:16 -0500] "GET /isolucionsda/Encabezado.asp?Pagina=Menu.asp&IdModulo=4 HTTP/1.1" 200 15421
201.245.192.253 - - [22/Jan/2016:07:28:16 -0500] "GET /isolucionsda/BarraTitulos.asp?Pagina=Menu.asp&IdModulo=4 HTTP/1.1" 200 6985
201.245.192.253 - - [22/Jan/2016:07:28:16 -0500] "GET /isolucionsda/BarraFavoritos.asp HTTP/1.1" 200 911
201.245.192.253 - - [22/Jan/2016:07:28:16 -0500] "GET /isolucionsda/Menu.asp?Pagina=Menu.asp&IdModulo=4 HTTP/1.1" 200 9695
201.245.192.253 - - [22/Jan/2016:07:28:14 -0500] "GET /isolucionsda/Login.aspx?TARGET=SFContainerFiltrado.aspx&number=48555057507050564550 HTTP/1.1" 302 886
201.245.192.253 - - [22/Jan/2016:07:28:16 -0500] "GET /isolucionsda/Session.asp?Continue=1 HTTP/1.1" 200 6323
201.245.192.253 - - [22/Jan/2016:07:28:17 -0500] "GET /isolucionsda/FrameSetGeneral.asp?Pagina=ListadoMaestroDocumentos3.asp HTTP/1.1" 200 6634
201.245.192.253 - - [22/Jan/2016:07:28:17 -0500] "GET /isolucionsda/Encabezado.asp?Pagina=ListadoMaestroDocumentos3.asp HTTP/1.1" 200 15396
201.245.192.253 - - [22/Jan/2016:07:28:17 -0500] "GET /isolucionsda/BarraTitulos.asp?Pagina=ListadoMaestroDocumentos3.asp HTTP/1.1" 200 6985
201.245.192.253 - - [22/Jan/2016:07:28:17 -0500] "GET /isolucionsda/BarraFavoritos.asp HTTP/1.1" 200 911
201.245.192.253 - - [22/Jan/2016:07:28:17 -0500] "GET /isolucionsda/ListadoMaestroDocumentos3.asp?Pagina=ListadoMaestroDocumentos3.asp HTTP/1.1" 200 11719
201.245.192.253 - - [22/Jan/2016:07:28:17 -0500] "GET /isolucionsda/Session.asp?Continue=1 HTTP/1.1" 200 6323
66.249.64.106 - - [22/Jan/2016:07:28:23 -0500] "GET /BLA/resoluciones/RESOLUCIONES%202010/0417.pdf HTTP/1.1" 304 -
201.245.192.253 - - [22/Jan/2016:07:28:32 -0500] "GET /isolucionsda/ HTTP/1.1" 302 140
201.245.192.253 - - [22/Jan/2016:07:28:32 -0500] "GET /isolucionsda/ControlDeInicio.asp HTTP/1.1" 200 739
201.245.192.253 - - [22/Jan/2016:07:28:32 -0500] "GET /favicon.ico HTTP/1.1" 200 7782
201.245.192.253 - - [22/Jan/2016:07:28:38 -0500] "POST /isolucionsda/ListadoMaestroDocumentos3.asp HTTP/1.1" 200 13377
69.162.124.233 - - [22/Jan/2016:07:28:39 -0500] "HEAD / HTTP/1.1" 200 -
201.245.192.253 - - [22/Jan/2016:07:28:42 -0500] "GET /isolucionsda/FramesetArticulo.asp?Pagina=BancoConocimiento%2FE%2FEncuestanecesidadesplandebienestar%5Fv4%2FEncuestanecesidadesplandebienestar%5Fv4%2Easp&IdArticulo=5744 HTTP/1.1" 200 7381
201.245.192.253 - - [22/Jan/2016:07:28:42 -0500] "GET /isolucionsda/Arriba.asp?Pagina=BancoConocimiento%2FE%2FEncuestanecesidadesplandebienestar%5Fv4%2FEncuestanecesidadesplandebienestar%5Fv4%2Easp&IdArticulo=5744 HTTP/1.1" 200 10598
201.245.192.253 - - [22/Jan/2016:07:28:42 -0500] "GET /isolucionsda/BancoConocimiento/E/Encuestanecesidadesplandebienestar_v4/Encuestanecesidadesplandebienestar_v4.asp?IdArticulo=5744 HTTP/1.1" 302 143
201.245.192.253 - - [22/Jan/2016:07:28:42 -0500] "GET /isolucionsda/BancoConocimiento/E/Encuestanecesidadesplandebienestar_v4/copia%20de%20dos00.xls HTTP/1.1" 200 738816
181.61.80.161 - - [22/Jan/2016:07:28:54 -0500] "GET /galeria/nivo-slider/demo/demo.html HTTP/1.1" 304 -
181.61.80.161 - - [22/Jan/2016:07:28:54 -0500] "GET /galeria/nivo-slider/demo/images/Convocatoria-CTPD-curvas-01.png HTTP/1.1" 304 -
181.61.80.161 - - [22/Jan/2016:07:28:54 -0500] "GET /galeria/nivo-slider/demo/images/ABC-Plan-de-contigencia.jpg HTTP/1.1" 304 -
201.245.192.253 - - [22/Jan/2016:07:29:01 -0500] "GET /galeria/nivo-slider/demo/demo.html HTTP/1.1" 304 -
201.245.192.253 - - [22/Jan/2016:07:29:01 -0500] "GET /galeria/nivo-slider/demo/images/Convocatoria-CTPD-curvas-01.png HTTP/1.1" 304 -
201.245.192.253 - - [22/Jan/2016:07:29:01 -0500] "GET /galeria/nivo-slider/demo/images/ABC-Plan-de-contigencia.jpg HTTP/1.1" 200 423901
201.245.192.253 - - [22/Jan/2016:07:29:01 -0500] "GET /galeria/nivo-slider/demo/images/banner-llantas2015.jpg HTTP/1.1" 304 -
201.245.192.253 - - [22/Jan/2016:07:29:01 -0500] "GET /galeria/nivo-slider/demo/images/caminata-ecologica.jpg HTTP/1.1" 304 -
66.249.64.96 - - [22/Jan/2016:07:29:07 -0500] "GET /autoliquidacion/Solicitudes%20relacionadas%20con%20calidad%20del%20aire%20auditiva%20y%20visual/Registro%20de%20Elementos%20de%20publicidad%20Exterior%20Visual/126pm04-pr16-f-a301%20Formato%20Solicitud%20de%20registro.xls HTTP/1.1" 304 -
192.168.169.70 - - [22/Jan/2016:07:29:08 -0500] "GET /BLA/boletinlegal/consulta_actos.php?tipo=resoluciones&no=0946&usuario=&sector=&fecha=2008&resuelve= HTTP/1.1" 200 1062
201.245.192.253 - - [22/Jan/2016:07:29:10 -0500] "GET /BLA/resoluciones/RESOLUCIONES%202008/0946.pdf HTTP/1.1" 200 327363
181.129.89.19 - - [22/Jan/2016:07:29:19 -0500] "POST /forms/lservlet;jsessionid=ac16012b30d65003600f064d4839b5999562d2f5ebe4.e3iSbxaKaheRe38La3yQa3eLbh90n6jAmljGr5XDqQLvpAe HTTP/1.1" 200 2
51.255.65.16 - - [22/Jan/2016:07:29:21 -0500] "GET /BLA/resoluciones/RESOLUCIONES%202002/RES%202002%2051-100/2002RES85.tif HTTP/1.1" 200 50220
66.249.64.101 - - [22/Jan/2016:07:29:25 -0500] "GET /BLA/resoluciones/AUTOS%202011/2105.pdf HTTP/1.1" 200 254062
192.168.169.70 - - [22/Jan/2016:07:29:48 -0500] "GET /BLA/boletinlegal/consulta_actos.php?tipo=resoluciones&no=1514&usuario=&sector=&fecha=2008&resuelve= HTTP/1.1" 200 1049
201.245.192.253 - - [22/Jan/2016:07:29:50 -0500] "GET /BLA/resoluciones/RESOLUCIONES%202008/1514.pdf HTTP/1.1" 200 339737
51.255.65.90 - - [22/Jan/2016:07:30:00 -0500] "GET /BLA/resoluciones/AUTOS%202006/AUTOS%202006%201901%20-%202000/00001942.tif HTTP/1.1" 200 53784
190.67.238.103 - - [22/Jan/2016:07:30:02 -0500] "GET /BLA/resoluciones/AUTOS%202011/2946.pdf HTTP/1.1" 200 549182
190.67.238.103 - - [22/Jan/2016:07:30:03 -0500] "GET /BLA/resoluciones/AUTOS%202011/2946.pdf HTTP/1.1" 206 32768
190.67.238.103 - - [22/Jan/2016:07:30:04 -0500] "GET /BLA/resoluciones/AUTOS%202011/2946.pdf HTTP/1.1" 206 516414
190.159.146.148 - - [22/Jan/2016:07:30:11 -0500] "GET /galeria/galeria/jquery.fancybox.css?v=2.1.5 HTTP/1.1" 200 4895
190.159.146.148 - - [22/Jan/2016:07:30:11 -0500] "GET /galeria/galeria/jquery.fancybox.js?v=2.1.5 HTTP/1.1" 200 48706
190.159.146.148 - - [22/Jan/2016:07:30:11 -0500] "GET /BLA/boletinlegal/js/jquery.scrollShow.js HTTP/1.1" 200 4586
190.159.146.148 - - [22/Jan/2016:07:30:11 -0500] "GET /BLA/boletinlegal/images/pdf.gif HTTP/1.1" 200 567
190.159.146.148 - - [22/Jan/2016:07:30:12 -0500] "GET /BLA/boletinlegal/images/video.png HTTP/1.1" 200 57565
201.245.192.253 - - [22/Jan/2016:07:30:16 -0500] "GET /galeria/galeria/jquery.fancybox.js?v=2.1.5 HTTP/1.1" 304 -
201.245.192.253 - - [22/Jan/2016:07:30:16 -0500] "GET /galeria/galeria/jquery.fancybox.css?v=2.1.5 HTTP/1.1" 304 -
201.245.192.253 - - [22/Jan/2016:07:30:16 -0500] "GET /galeria/nivo-slider/demo/demo.html HTTP/1.1" 304 -
201.245.192.253 - - [22/Jan/2016:07:30:16 -0500] "GET /galeria/nivo-slider/demo/images/Convocatoria-CTPD-curvas-01.png HTTP/1.1" 304 -
201.245.192.253 - - [22/Jan/2016:07:30:16 -0500] "GET /galeria/nivo-slider/demo/images/ABC-Plan-de-contigencia.jpg HTTP/1.1" 200 423901
201.245.192.253 - - [22/Jan/2016:07:30:16 -0500] "GET /galeria/nivo-slider/demo/images/banner-llantas2015.jpg HTTP/1.1" 304 -
201.245.192.253 - - [22/Jan/2016:07:30:16 -0500] "GET /galeria/nivo-slider/demo/images/caminata-ecologica.jpg HTTP/1.1" 304 -
201.245.192.253 - - [22/Jan/2016:07:30:16 -0500] "GET /galeria/nivo-slider/demo/images/banner-llantas2.jpg HTTP/1.1" 304 -
201.245.192.253 - - [22/Jan/2016:07:30:16 -0500] "GET /galeria/nivo-slider/demo/images/bolsas-06.jpg HTTP/1.1" 304 -
201.245.192.253 - - [22/Jan/2016:07:30:16 -0500] "GET /galeria/nivo-slider/demo/images/ecolecta-Dic2014.png HTTP/1.1" 304 -
201.245.192.253 - - [22/Jan/2016:07:30:23 -0500] "GET /galeria/galeria/jquery.fancybox.js?v=2.1.5 HTTP/1.1" 304 -
201.245.192.253 - - [22/Jan/2016:07:30:23 -0500] "GET /galeria/galeria/jquery.fancybox.css?v=2.1.5 HTTP/1.1" 304 -
190.159.146.148 - - [22/Jan/2016:07:30:28 -0500] "GET /galeria/galeria/jquery.fancybox.css?v=2.1.5 HTTP/1.1" 304 -
190.159.146.148 - - [22/Jan/2016:07:30:28 -0500] "GET /BLA/boletinlegal/js/jquery.scrollShow.js HTTP/1.1" 304 -
190.159.146.148 - - [22/Jan/2016:07:30:28 -0500] "GET /galeria/galeria/jquery.fancybox.js?v=2.1.5 HTTP/1.1" 304 -
190.159.146.148 - - [22/Jan/2016:07:30:28 -0500] "GET /BLA/boletinlegal/images/pdf.gif HTTP/1.1" 304 -
190.159.146.148 - - [22/Jan/2016:07:30:28 -0500] "GET /BLA/boletinlegal/images/video.png HTTP/1.1" 304 -
192.168.169.70 - - [22/Jan/2016:07:30:42 -0500] "GET /BLA/boletinlegal/consulta_actos.php?tipo=resoluciones&no=1518&usuario=&sector=&fecha=2008&resuelve= HTTP/1.1" 200 1062
201.245.192.253 - - [22/Jan/2016:07:30:47 -0500] "GET /BLA/resoluciones/RESOLUCIONES%202008/1518.pdf HTTP/1.1" 200 483340
191.66.58.252 - - [22/Jan/2016:07:30:48 -0500] "GET /galeria/galeria/jquery.fancybox.css?v=2.1.5 HTTP/1.1" 200 4895
191.66.58.252 - - [22/Jan/2016:07:30:49 -0500] "GET /BLA/boletinlegal/js/jquery.scrollShow.js HTTP/1.1" 200 4586
191.66.58.252 - - [22/Jan/2016:07:30:49 -0500] "GET /galeria/galeria/jquery.fancybox.js?v=2.1.5 HTTP/1.1" 200 48706
51.255.65.16 - - [22/Jan/2016:07:31:10 -0500] "GET /BLA/resoluciones/RESOLUCIONES%202004/RES%202004%201001-1050/00001021.tif HTTP/1.1" 200 101562
192.168.169.70 - - [22/Jan/2016:07:31:15 -0500] "GET /BLA/boletinlegal/consulta_actos.php?tipo=resoluciones&no=1520&usuario=&sector=&fecha=2008&resuelve= HTTP/1.1" 200 1054
201.245.192.253 - - [22/Jan/2016:07:31:17 -0500] "GET /BLA/resoluciones/RESOLUCIONES%202008/1520.pdf HTTP/1.1" 200 511462
181.129.89.19 - - [22/Jan/2016:07:31:19 -0500] "POST /forms/lservlet;jsessionid=ac16012b30d65003600f064d4839b5999562d2f5ebe4.e3iSbxaKaheRe38La3yQa3eLbh90n6jAmljGr5XDqQLvpAe HTTP/1.1" 200 2
66.249.64.101 - - [22/Jan/2016:07:31:20 -0500] "GET /BLA/resoluciones/RESOLUCIONES%202009/1395.pdf HTTP/1.1" 200 819205
191.66.58.252 - - [22/Jan/2016:07:31:23 -0500] "GET /galeria/galeria/jquery.fancybox.css?v=2.1.5 HTTP/1.1" 304 -
191.66.58.252 - - [22/Jan/2016:07:31:23 -0500] "GET /BLA/boletinlegal/js/jquery.scrollShow.js HTTP/1.1" 304 -
191.66.58.252 - - [22/Jan/2016:07:31:23 -0500] "GET /galeria/galeria/jquery.fancybox.js?v=2.1.5 HTTP/1.1" 304 -
66.249.64.243 - - [22/Jan/2016:07:31:39 -0500] "GET /robots.txt HTTP/1.1" 404 1019
66.249.64.248 - - [22/Jan/2016:07:31:39 -0500] "GET /videos/emisiones_atmosfericas%20pantallas.swf HTTP/1.1" 200 183908
192.168.169.70 - - [22/Jan/2016:07:31:40 -0500] "GET /BLA/boletinlegal/consulta_actos.php?tipo=resoluciones&no=1522&usuario=&sector=&fecha=2008&resuelve= HTTP/1.1" 200 1058
51.255.65.33 - - [22/Jan/2016:07:31:40 -0500] "GET /BLA/resoluciones/AUTOS%202006/AUTOS%202006%203101%20-%203200/00003188.tif HTTP/1.1" 200 53536
201.245.192.253 - - [22/Jan/2016:07:31:42 -0500] "GET /BLA/resoluciones/RESOLUCIONES%202008/1522.pdf HTTP/1.1" 200 324675
190.145.8.50 - - [22/Jan/2016:07:31:43 -0500] "GET /galeria/galeria/jquery.fancybox.css?v=2.1.5 HTTP/1.1" 304 -
190.145.8.50 - - [22/Jan/2016:07:31:43 -0500] "GET /BLA/boletinlegal/js/jquery.scrollShow.js HTTP/1.1" 304 -
190.145.8.50 - - [22/Jan/2016:07:31:43 -0500] "GET /galeria/galeria/jquery.fancybox.js?v=2.1.5 HTTP/1.1" 304 -
66.249.64.96 - - [22/Jan/2016:07:32:04 -0500] "GET /BLA/resoluciones/RESOLUCIONES%202009/6802.pdf HTTP/1.1" 200 715456
186.28.34.185 - - [22/Jan/2016:07:32:09 -0500] "GET /galeria/galeria/jquery.fancybox.css?v=2.1.5 HTTP/1.1" 200 4895
186.28.34.185 - - [22/Jan/2016:07:32:09 -0500] "GET /BLA/boletinlegal/js/jquery.scrollShow.js HTTP/1.1" 200 4586
186.28.34.185 - - [22/Jan/2016:07:32:09 -0500] "GET /galeria/galeria/jquery.fancybox.js?v=2.1.5 HTTP/1.1" 200 48706
66.249.64.238 - - [22/Jan/2016:07:32:21 -0500] "GET /videos/60Segundos_Agosto27.flv HTTP/1.1" 200 8514974
201.245.192.253 - - [22/Jan/2016:07:32:32 -0500] "GET /galeria/nivo-slider/demo/demo.html HTTP/1.1" 304 -
201.245.192.253 - - [22/Jan/2016:07:32:32 -0500] "GET /galeria/nivo-slider/demo/images/ABC-Plan-de-contigencia.jpg HTTP/1.1" 200 423901
201.245.192.253 - - [22/Jan/2016:07:32:32 -0500] "GET /galeria/nivo-slider/demo/images/Convocatoria-CTPD-curvas-01.png HTTP/1.1" 304 -
201.245.192.253 - - [22/Jan/2016:07:32:32 -0500] "GET /galeria/nivo-slider/demo/images/caminata-ecologica.jpg HTTP/1.1" 304 -
201.245.192.253 - - [22/Jan/2016:07:32:32 -0500] "GET /galeria/nivo-slider/demo/images/banner-llantas2015.jpg HTTP/1.1" 304 -
201.245.192.253 - - [22/Jan/2016:07:32:32 -0500] "GET /galeria/nivo-slider/demo/images/banner-llantas2.jpg HTTP/1.1" 304 -
201.245.192.253 - - [22/Jan/2016:07:32:32 -0500] "GET /galeria/nivo-slider/demo/images/bolsas-06.jpg HTTP/1.1" 304 -
201.245.192.253 - - [22/Jan/2016:07:32:32 -0500] "GET /galeria/nivo-slider/demo/images/ecolecta-Dic2014.png HTTP/1.1" 304 -
192.168.169.70 - - [22/Jan/2016:07:32:46 -0500] "GET /BLA/boletinlegal/consulta_actos.php?tipo=resoluciones&no=1524&usuario=&sector=&fecha=2008&resuelve= HTTP/1.1" 200 1039
201.245.192.253 - - [22/Jan/2016:07:32:48 -0500] "GET /BLA/resoluciones/RESOLUCIONES%202008/1524.pdf HTTP/1.1" 200 350306
66.249.64.96 - - [22/Jan/2016:07:32:49 -0500] "GET /BLA/resoluciones/RESOLUCIONES%202009/0594.pdf HTTP/1.1" 200 307604
181.131.15.193 - - [22/Jan/2016:07:32:52 -0500] "GET /BLA/boletinlegal/js/jquery.scrollShow.js HTTP/1.1" 200 4586
181.131.15.193 - - [22/Jan/2016:07:32:52 -0500] "GET /galeria/galeria/jquery.fancybox.css?v=2.1.5 HTTP/1.1" 200 4895
181.131.15.193 - - [22/Jan/2016:07:32:52 -0500] "GET /galeria/galeria/jquery.fancybox.js?v=2.1.5 HTTP/1.1" 200 48706
201.245.192.253 - - [22/Jan/2016:07:32:55 -0500] "GET /galeria/nivo-slider/demo/demo.html HTTP/1.1" 200 3703
201.245.192.253 - - [22/Jan/2016:07:32:55 -0500] "GET /galeria/nivo-slider/demo/images/Convocatoria-CTPD-curvas-01.png HTTP/1.1" 200 565805
201.245.192.253 - - [22/Jan/2016:07:32:55 -0500] "GET /galeria/nivo-slider/demo/images/ABC-Plan-de-contigencia.jpg HTTP/1.1" 200 423901
201.245.192.253 - - [22/Jan/2016:07:32:55 -0500] "GET /galeria/nivo-slider/demo/images/caminata-ecologica.jpg HTTP/1.1" 200 192926
201.245.192.253 - - [22/Jan/2016:07:32:55 -0500] "GET /galeria/nivo-slider/demo/images/Cmapana-onestidad.jpg HTTP/1.1" 200 141638
201.245.192.253 - - [22/Jan/2016:07:32:55 -0500] "GET /galeria/nivo-slider/demo/images/banner-llantas2015.jpg HTTP/1.1" 200 268366
201.245.192.253 - - [22/Jan/2016:07:32:55 -0500] "GET /galeria/nivo-slider/demo/images/PREDAcamp.jpg HTTP/1.1" 200 295358
201.245.192.253 - - [22/Jan/2016:07:32:56 -0500] "GET /galeria/nivo-slider/demo/images/4Simple_Slider.png HTTP/1.1" 200 11722
201.245.192.253 - - [22/Jan/2016:07:32:56 -0500] "GET /galeria/nivo-slider/themes/default/loading.gif HTTP/1.1" 200 1737
201.245.192.253 - - [22/Jan/2016:07:32:56 -0500] "GET /galeria/nivo-slider/demo/images/banner-llantas2.jpg HTTP/1.1" 200 234514
201.245.192.253 - - [22/Jan/2016:07:32:56 -0500] "GET /galeria/nivo-slider/demo/images/9Signos.jpg HTTP/1.1" 200 81776
201.245.192.253 - - [22/Jan/2016:07:32:56 -0500] "GET /galeria/nivo-slider/demo/images/Ruta-vertimientos-01.jpg HTTP/1.1" 200 130151
201.245.192.253 - - [22/Jan/2016:07:33:00 -0500] "GET /galeria/nivo-slider/demo/images/banner-llantas2015.jpg HTTP/1.1" 200 268366
201.245.192.253 - - [22/Jan/2016:07:33:00 -0500] "GET /galeria/nivo-slider/demo/images/PREDAcamp.jpg HTTP/1.1" 200 295358
201.245.192.253 - - [22/Jan/2016:07:33:00 -0500] "GET /galeria/nivo-slider/demo/images/Convocatoria-CTPD-curvas-01.png HTTP/1.1" 200 565805
201.245.192.253 - - [22/Jan/2016:07:33:00 -0500] "GET /galeria/nivo-slider/demo/images/ABC-Plan-de-contigencia.jpg HTTP/1.1" 200 423901
201.245.192.253 - - [22/Jan/2016:07:33:00 -0500] "GET /galeria/nivo-slider/demo/images/caminata-ecologica.jpg HTTP/1.1" 200 192926
201.245.192.253 - - [22/Jan/2016:07:33:00 -0500] "GET /galeria/nivo-slider/demo/images/Cmapana-onestidad.jpg HTTP/1.1" 200 141638
181.131.15.193 - - [22/Jan/2016:07:33:01 -0500] "GET /BLA/boletinlegal/js/jquery.scrollShow.js HTTP/1.1" 304 -
181.131.15.193 - - [22/Jan/2016:07:33:01 -0500] "GET /galeria/galeria/jquery.fancybox.css?v=2.1.5 HTTP/1.1" 304 -
181.131.15.193 - - [22/Jan/2016:07:33:01 -0500] "GET /galeria/galeria/jquery.fancybox.js?v=2.1.5 HTTP/1.1" 304 -
201.245.192.253 - - [22/Jan/2016:07:33:01 -0500] "GET /galeria/nivo-slider/demo/images/Ruta-vertimientos-01.jpg HTTP/1.1" 200 130151
201.245.192.253 - - [22/Jan/2016:07:33:01 -0500] "GET /galeria/nivo-slider/demo/images/banner-llantas2.jpg HTTP/1.1" 200 234514
201.245.192.253 - - [22/Jan/2016:07:33:01 -0500] "GET /galeria/nivo-slider/demo/images/bolsas-06.jpg HTTP/1.1" 200 210950
201.245.192.253 - - [22/Jan/2016:07:33:01 -0500] "GET /galeria/nivo-slider/demo/images/ecolecta-Dic2014.png HTTP/1.1" 200 856487
51.255.65.9 - - [22/Jan/2016:07:33:03 -0500] "GET /BLA/resoluciones/AUTOS%202006/AUTOS%202006%202001%20-%202100/00002036.tif HTTP/1.1" 200 7802
201.245.192.253 - - [22/Jan/2016:07:33:04 -0500] "GET /galeria/nivo-slider/themes/default/arrows.png HTTP/1.1" 200 824
201.245.192.253 - - [22/Jan/2016:07:33:04 -0500] "GET /galeria/nivo-slider/themes/default/bullets.png HTTP/1.1" 200 1281
192.168.169.70 - - [22/Jan/2016:07:33:16 -0500] "GET /BLA/boletinlegal/consulta_actos.php?tipo=resoluciones&no=1560&usuario=&sector=&fecha=2008&resuelve= HTTP/1.1" 200 1126
201.245.192.253 - - [22/Jan/2016:07:33:18 -0500] "GET /BLA/resoluciones/RESOLUCIONES%202008/1560.pdf HTTP/1.1" 200 275382
181.129.89.19 - - [22/Jan/2016:07:33:20 -0500] "POST /forms/lservlet;jsessionid=ac16012b30d65003600f064d4839b5999562d2f5ebe4.e3iSbxaKaheRe38La3yQa3eLbh90n6jAmljGr5XDqQLvpAe HTTP/1.1" 200 2
66.249.64.106 - - [22/Jan/2016:07:33:20 -0500] "GET /BLA/resoluciones/AUTOS%202013/1102.pdf HTTP/1.1" 200 3492169
66.249.64.101 - - [22/Jan/2016:07:33:33 -0500] "GET /BLA/resoluciones/AUTOS%202013/2746.pdf HTTP/1.1" 200 227231
69.162.124.233 - - [22/Jan/2016:07:33:39 -0500] "HEAD / HTTP/1.1" 200 -
192.168.169.70 - - [22/Jan/2016:07:33:41 -0500] "GET /BLA/boletinlegal/consulta_actos.php?tipo=resoluciones&no=1563&usuario=&sector=&fecha=2008&resuelve= HTTP/1.1" 200 1053
201.245.192.253 - - [22/Jan/2016:07:33:43 -0500] "GET /BLA/resoluciones/RESOLUCIONES%202008/1563.pdf HTTP/1.1" 200 308238
201.245.192.253 - - [22/Jan/2016:07:34:03 -0500] "GET /BLA/boletinlegal/js/jquery.scrollShow.js HTTP/1.1" 304 -
201.245.192.253 - - [22/Jan/2016:07:34:03 -0500] "GET /galeria/galeria/jquery.fancybox.css?v=2.1.5 HTTP/1.1" 304 -
201.245.192.253 - - [22/Jan/2016:07:34:03 -0500] "GET /galeria/carrusel/Carrusel/jquery.thumbnailScroller.css HTTP/1.1" 304 -
201.245.192.253 - - [22/Jan/2016:07:34:03 -0500] "GET /galeria/galeria/jquery.fancybox.js?v=2.1.5 HTTP/1.1" 304 -
201.245.192.253 - - [22/Jan/2016:07:34:03 -0500] "GET /galeria/carrusel/Carrusel/jquery-ui-1.8.13.custom.min.js HTTP/1.1" 304 -
201.245.192.253 - - [22/Jan/2016:07:34:03 -0500] "GET /galeria/carrusel/Carrusel/jquery.thumbnailScroller.js HTTP/1.1" 304 -
192.168.169.70 - - [22/Jan/2016:07:34:04 -0500] "GET /BLA/boletinlegal/consulta_actos.php?tipo=resoluciones&no=1565&usuario=&sector=&fecha=2008&resuelve= HTTP/1.1" 200 1052
201.245.192.253 - - [22/Jan/2016:07:34:05 -0500] "GET /galeria/nivo-slider/demo/demo.html HTTP/1.1" 200 3703
201.245.192.253 - - [22/Jan/2016:07:34:05 -0500] "GET /galeria/nivo-slider/themes/orman/orman.css HTTP/1.1" 304 -
201.245.192.253 - - [22/Jan/2016:07:34:05 -0500] "GET /galeria/nivo-slider/themes/default/default.css HTTP/1.1" 200 1569
201.245.192.253 - - [22/Jan/2016:07:34:05 -0500] "GET /galeria/nivo-slider/themes/pascal/pascal.css HTTP/1.1" 304 -
201.245.192.253 - - [22/Jan/2016:07:34:05 -0500] "GET /galeria/nivo-slider/demo/style.css HTTP/1.1" 304 -
201.245.192.253 - - [22/Jan/2016:07:34:05 -0500] "GET /galeria/nivo-slider/demo/images/Convocatoria-CTPD-curvas-01.png HTTP/1.1" 200 565805
201.245.192.253 - - [22/Jan/2016:07:34:05 -0500] "GET /galeria/nivo-slider/nivo-slider.css HTTP/1.1" 304 -
201.245.192.253 - - [22/Jan/2016:07:34:06 -0500] "GET /galeria/nivo-slider/demo/scripts/jquery-1.7.1.min.js HTTP/1.1" 304 -
201.245.192.253 - - [22/Jan/2016:07:34:06 -0500] "GET /galeria/nivo-slider/jquery.nivo.slider.pack.js HTTP/1.1" 304 -
201.245.192.253 - - [22/Jan/2016:07:34:06 -0500] "GET /galeria/nivo-slider/demo/images/ABC-Plan-de-contigencia.jpg HTTP/1.1" 200 423901
201.245.192.253 - - [22/Jan/2016:07:34:06 -0500] "GET /galeria/nivo-slider/demo/images/banner-llantas2015.jpg HTTP/1.1" 200 268366
201.245.192.253 - - [22/Jan/2016:07:34:07 -0500] "GET /galeria/nivo-slider/themes/default/loading.gif HTTP/1.1" 304 -
201.245.192.253 - - [22/Jan/2016:07:34:07 -0500] "GET /galeria/nivo-slider/demo/images/4Simple_Slider.png HTTP/1.1" 304 -
201.245.192.253 - - [22/Jan/2016:07:34:09 -0500] "GET /galeria/nivo-slider/demo/images/caminata-ecologica.jpg HTTP/1.1" 200 192926
201.245.192.253 - - [22/Jan/2016:07:34:09 -0500] "GET /galeria/nivo-slider/demo/images/Cmapana-onestidad.jpg HTTP/1.1" 200 141638
201.245.192.253 - - [22/Jan/2016:07:34:10 -0500] "GET /galeria/nivo-slider/demo/images/PREDAcamp.jpg HTTP/1.1" 200 295358
201.245.192.253 - - [22/Jan/2016:07:34:11 -0500] "GET /galeria/nivo-slider/demo/images/banner-llantas2.jpg HTTP/1.1" 200 234514
201.245.192.253 - - [22/Jan/2016:07:34:11 -0500] "GET /galeria/nivo-slider/demo/images/9Signos.jpg HTTP/1.1" 304 -
201.245.192.253 - - [22/Jan/2016:07:34:12 -0500] "GET /galeria/nivo-slider/demo/images/Ruta-vertimientos-01.jpg HTTP/1.1" 304 -
201.245.192.253 - - [22/Jan/2016:07:34:12 -0500] "GET /galeria/nivo-slider/demo/images/bolsas-06.jpg HTTP/1.1" 200 210950
201.245.192.253 - - [22/Jan/2016:07:34:12 -0500] "GET /BLA/resoluciones/RESOLUCIONES%202008/1565.pdf HTTP/1.1" 200 272650
201.245.192.253 - - [22/Jan/2016:07:34:12 -0500] "GET /galeria/nivo-slider/demo/images/ecolecta-Dic2014.png HTTP/1.1" 200 856487
201.245.192.253 - - [22/Jan/2016:07:34:14 -0500] "GET /galeria/nivo-slider/themes/default/arrows.png HTTP/1.1" 304 -
201.245.192.253 - - [22/Jan/2016:07:34:14 -0500] "GET /galeria/nivo-slider/themes/default/bullets.png HTTP/1.1" 304 -
66.249.64.96 - - [22/Jan/2016:07:34:17 -0500] "GET /BLA/resoluciones/RESOLUCIONES%202009/1711.pdf HTTP/1.1" 200 633619
51.255.65.95 - - [22/Jan/2016:07:34:22 -0500] "GET /BLA/resoluciones/AUTOS%202006/AUTOS%202006%202101%20-%202200/00002142.tif HTTP/1.1" 200 183724
192.168.169.70 - - [22/Jan/2016:07:34:42 -0500] "GET /BLA/boletinlegal/consulta_actos.php?tipo=resoluciones&no=9715&usuario=&sector=&fecha=2008&resuelve= HTTP/1.1" 200 626
66.249.64.96 - - [22/Jan/2016:07:35:02 -0500] "GET /BLA/resoluciones/RESOLUCIONES%202009/6007.pdf HTTP/1.1" 200 545265
192.168.169.70 - - [22/Jan/2016:07:35:05 -0500] "GET /BLA/boletinlegal/consulta_actos.php?tipo=resoluciones&no=9715&usuario=&sector=&fecha=2009&resuelve= HTTP/1.1" 200 1074
51.255.65.8 - - [22/Jan/2016:07:35:13 -0500] "GET /BLA/resoluciones/AUTOS%202006/AUTOS%202006%202901%20-%203000/00002906.tif HTTP/1.1" 200 55398
66.249.64.238 - - [22/Jan/2016:07:35:15 -0500] "GET /ecodirectorio/files/res/pages/page_0149.swf HTTP/1.1" 200 268455
181.129.89.19 - - [22/Jan/2016:07:35:20 -0500] "POST /forms/lservlet;jsessionid=ac16012b30d65003600f064d4839b5999562d2f5ebe4.e3iSbxaKaheRe38La3yQa3eLbh90n6jAmljGr5XDqQLvpAe HTTP/1.1" 200 2
192.168.169.70 - - [22/Jan/2016:07:35:22 -0500] "GET /BLA/boletinlegal/consulta_actos.php?tipo=resoluciones&no=9715&usuario=&sector=&fecha=2008&resuelve= HTTP/1.1" 200 626
192.168.169.70 - - [22/Jan/2016:07:35:37 -0500] "GET /BLA/boletinlegal/consulta_actos.php?tipo=resoluciones&no=3844&usuario=&sector=&fecha=2008&resuelve= HTTP/1.1" 200 1040
66.249.64.106 - - [22/Jan/2016:07:35:46 -0500] "GET /BLA/resoluciones/RESOLUCIONES%202007/RES%202007%204001%20AL%204100/RESOLUCION%204043%20DE%202007.pdf HTTP/1.1" 200 227024
51.255.65.85 - - [22/Jan/2016:07:36:01 -0500] "GET /BLA/resoluciones/AUTOS%202006/AUTOS%202006%20201-300/00000201.tif HTTP/1.1" 200 50576
201.245.192.253 - - [22/Jan/2016:07:36:02 -0500] "GET /isolucionsda/Session.asp HTTP/1.1" 200 6197
192.168.169.70 - - [22/Jan/2016:07:36:03 -0500] "GET /BLA/boletinlegal/consulta_actos.php?tipo=resoluciones&no=1588&usuario=&sector=&fecha=2008&resuelve= HTTP/1.1" 200 1060
201.245.192.253 - - [22/Jan/2016:07:36:10 -0500] "GET /BLA/resoluciones/RESOLUCIONES%202008/1588.pdf HTTP/1.1" 200 405507
66.249.64.96 - - [22/Jan/2016:07:36:30 -0500] "GET /BLA/resoluciones/RESOLUCIONES%202009/3841.pdf HTTP/1.1" 200 456463
51.255.65.77 - - [22/Jan/2016:07:36:46 -0500] "GET /BLA/resoluciones/RESOLUCIONES%202002/RES%202002%201551-1600/20021579.tif HTTP/1.1" 200 124210
201.245.192.253 - - [22/Jan/2016:07:36:46 -0500] "GET /videos/ArchivoSDA.flv HTTP/1.1" 200 31205279
186.114.41.201 - - [22/Jan/2016:07:37:00 -0500] "GET /galeria/galeria/jquery.fancybox.css?v=2.1.5 HTTP/1.1" 200 4895
186.114.41.201 - - [22/Jan/2016:07:37:00 -0500] "GET /BLA/boletinlegal/js/jquery.scrollShow.js HTTP/1.1" 200 4586
186.114.41.201 - - [22/Jan/2016:07:37:00 -0500] "GET /galeria/galeria/jquery.fancybox.js?v=2.1.5 HTTP/1.1" 200 48706
186.114.41.201 - - [22/Jan/2016:07:37:03 -0500] "GET /BLA/boletinlegal/images/pdf.gif HTTP/1.1" 200 567
186.114.41.201 - - [22/Jan/2016:07:37:03 -0500] "GET /BLA/boletinlegal/images/video.png HTTP/1.1" 200 57565
51.255.65.74 - - [22/Jan/2016:07:37:04 -0500] "GET /BLA/resoluciones/AUTOS%202006/AUTOS%202006%201101-1200/00001108.tif HTTP/1.1" 200 56824
66.249.64.96 - - [22/Jan/2016:07:37:15 -0500] "GET /BLA/resoluciones/RESOLUCIONES%202009/5341.pdf HTTP/1.1" 200 433138
66.249.64.101 - - [22/Jan/2016:07:37:17 -0500] "GET /BLA/resoluciones/Notificaciones/AUTOS%202013/3353.doc HTTP/1.1" 200 247808
201.245.192.253 - - [22/Jan/2016:07:37:18 -0500] "GET /desprendiblespago/controlador HTTP/1.1" 200 2321
181.129.89.19 - - [22/Jan/2016:07:37:20 -0500] "POST /forms/lservlet;jsessionid=ac16012b30d65003600f064d4839b5999562d2f5ebe4.e3iSbxaKaheRe38La3yQa3eLbh90n6jAmljGr5XDqQLvpAe HTTP/1.1" 200 2
201.245.192.253 - - [22/Jan/2016:07:37:30 -0500] "POST /desprendiblespago/controlador HTTP/1.1" 200 1784
201.245.192.253 - - [22/Jan/2016:07:37:30 -0500] "GET /desprendiblespago/jscripts/validarSolicitud.js HTTP/1.1" 404 170
201.245.192.253 - - [22/Jan/2016:07:37:32 -0500] "POST /desprendiblespago/controlador HTTP/1.1" 200 2321
201.245.192.253 - - [22/Jan/2016:07:37:45 -0500] "POST /desprendiblespago/controlador HTTP/1.1" 200 5347
201.245.192.253 - - [22/Jan/2016:07:37:47 -0500] "POST /desprendiblespago/controlador HTTP/1.1" 200 5215
51.255.65.38 - - [22/Jan/2016:07:37:51 -0500] "GET /BLA/resoluciones/AUTOS%202006/AUTOS%202006%20901-1000/00000963.tif HTTP/1.1" 200 50266
66.249.64.96 - - [22/Jan/2016:07:37:59 -0500] "GET /BLA/resoluciones/RESOLUCIONES%202009/3974.pdf HTTP/1.1" 200 507367
69.162.124.233 - - [22/Jan/2016:07:38:39 -0500] "HEAD / HTTP/1.1" 200 -
66.249.64.101 - - [22/Jan/2016:07:38:43 -0500] "GET /BLA/resoluciones/RESOLUCIONES%202009/1802.pdf HTTP/1.1" 200 757250
51.255.65.3 - - [22/Jan/2016:07:39:04 -0500] "GET /BLA/resoluciones/index.php?dir=AUTOS%202006/AUTOS%202006%201-100/&sort=name&order=desc HTTP/1.1" 200 21538
181.129.89.19 - - [22/Jan/2016:07:39:20 -0500] "POST /forms/lservlet;jsessionid=ac16012b30d65003600f064d4839b5999562d2f5ebe4.e3iSbxaKaheRe38La3yQa3eLbh90n6jAmljGr5XDqQLvpAe HTTP/1.1" 200 2
66.249.64.96 - - [22/Jan/2016:07:39:28 -0500] "GET /BLA/resoluciones/RESOLUCIONES%202007/RES%202007%201001%20AL%201100/RESOLUCION%201070%20DE%202007.pdf HTTP/1.1" 200 224827
190.29.87.28 - - [22/Jan/2016:07:39:29 -0500] "-" 408 -
181.61.46.47 - - [22/Jan/2016:07:40:02 -0500] "GET /forms/frmservlet?config=sia HTTP/1.1" 200 4028
181.61.46.47 - - [22/Jan/2016:07:40:06 -0500] "GET /forms/java/frmall_jinit.jar HTTP/1.1" 304 -
181.61.46.47 - - [22/Jan/2016:07:40:06 -0500] "GET /forms/java/icons.jar HTTP/1.1" 304 -
181.61.46.47 - - [22/Jan/2016:07:40:07 -0500] "GET /forms/java/java/awt/KeyboardFocusManager.class HTTP/1.1" 404 352
181.61.46.47 - - [22/Jan/2016:07:40:07 -0500] "GET /forms/java/java/awt/KeyboardFocusManager.class HTTP/1.1" 404 352
181.61.46.47 - - [22/Jan/2016:07:40:07 -0500] "GET /forms/java/java/awt/event/MouseWheelListener.class HTTP/1.1" 404 356
181.61.46.47 - - [22/Jan/2016:07:40:10 -0500] "GET /forms/java/java/awt/event/MouseWheelListener.class HTTP/1.1" 404 356
181.61.46.47 - - [22/Jan/2016:07:40:10 -0500] "GET /forms/java/oracle/forms/registry/Registry.dat HTTP/1.1" 200 4213
181.61.46.47 - - [22/Jan/2016:07:40:10 -0500] "GET /forms/java/oracle/forms/registry/default.dat HTTP/1.1" 404 350
181.61.46.47 - - [22/Jan/2016:07:40:10 -0500] "GET /forms/frmservlet?config=sia&acceptLanguage=es-ES&ifcmd=startsession HTTP/1.1" 200 119
181.61.46.47 - - [22/Jan/2016:07:40:10 -0500] "GET /forms/lservlet;jsessionid=ac16012b30d62a5a45a06c74484c80008860709913c2.e3iSbxaKaheRe38La3yQa3eLbh90n6jAmljGr5XDqQLvpAe?ifcmd=getinfo&ifhost=TATIANA&ifip=192.168.0.15 HTTP/1.1" 200 8
181.61.46.47 - - [22/Jan/2016:07:40:10 -0500] "POST /forms/lservlet;jsessionid=ac16012b30d62a5a45a06c74484c80008860709913c2.e3iSbxaKaheRe38La3yQa3eLbh90n6jAmljGr5XDqQLvpAe HTTP/1.1" 200 8
181.61.46.47 - - [22/Jan/2016:07:40:11 -0500] "POST /forms/lservlet;jsessionid=ac16012b30d62a5a45a06c74484c80008860709913c2.e3iSbxaKaheRe38La3yQa3eLbh90n6jAmljGr5XDqQLvpAe HTTP/1.1" 200 64000
181.61.46.47 - - [22/Jan/2016:07:40:12 -0500] "POST /forms/lservlet;jsessionid=ac16012b30d62a5a45a06c74484c80008860709913c2.e3iSbxaKaheRe38La3yQa3eLbh90n6jAmljGr5XDqQLvpAe HTTP/1.1" 200 64000
181.61.46.47 - - [22/Jan/2016:07:40:13 -0500] "HEAD /imagenes/dama_logo.gif HTTP/1.1" 200 -
181.61.46.47 - - [22/Jan/2016:07:40:13 -0500] "POST /forms/lservlet;jsessionid=ac16012b30d62a5a45a06c74484c80008860709913c2.e3iSbxaKaheRe38La3yQa3eLbh90n6jAmljGr5XDqQLvpAe HTTP/1.1" 200 63623
181.61.46.47 - - [22/Jan/2016:07:40:13 -0500] "GET /imagenes/dama_logo.gif HTTP/1.1" 200 21482
181.61.46.47 - - [22/Jan/2016:07:40:13 -0500] "POST /forms/lservlet;jsessionid=ac16012b30d62a5a45a06c74484c80008860709913c2.e3iSbxaKaheRe38La3yQa3eLbh90n6jAmljGr5XDqQLvpAe HTTP/1.1" 200 2
181.61.46.47 - - [22/Jan/2016:07:40:13 -0500] "POST /forms/lservlet;jsessionid=ac16012b30d62a5a45a06c74484c80008860709913c2.e3iSbxaKaheRe38La3yQa3eLbh90n6jAmljGr5XDqQLvpAe HTTP/1.1" 200 2
181.61.46.47 - - [22/Jan/2016:07:40:23 -0500] "POST /forms/lservlet;jsessionid=ac16012b30d62a5a45a06c74484c80008860709913c2.e3iSbxaKaheRe38La3yQa3eLbh90n6jAmljGr5XDqQLvpAe HTTP/1.1" 200 7996
181.61.46.47 - - [22/Jan/2016:07:40:23 -0500] "POST /forms/lservlet;jsessionid=ac16012b30d62a5a45a06c74484c80008860709913c2.e3iSbxaKaheRe38La3yQa3eLbh90n6jAmljGr5XDqQLvpAe HTTP/1.1" 200 64
181.61.46.47 - - [22/Jan/2016:07:40:23 -0500] "POST /forms/lservlet;jsessionid=ac16012b30d62a5a45a06c74484c80008860709913c2.e3iSbxaKaheRe38La3yQa3eLbh90n6jAmljGr5XDqQLvpAe HTTP/1.1" 200 2
181.61.46.47 - - [22/Jan/2016:07:40:23 -0500] "POST /forms/lservlet;jsessionid=ac16012b30d62a5a45a06c74484c80008860709913c2.e3iSbxaKaheRe38La3yQa3eLbh90n6jAmljGr5XDqQLvpAe HTTP/1.1" 200 2
181.61.46.47 - - [22/Jan/2016:07:40:23 -0500] "POST /forms/lservlet;jsessionid=ac16012b30d62a5a45a06c74484c80008860709913c2.e3iSbxaKaheRe38La3yQa3eLbh90n6jAmljGr5XDqQLvpAe HTTP/1.1" 200 2
181.61.46.47 - - [22/Jan/2016:07:40:30 -0500] "POST /forms/lservlet;jsessionid=ac16012b30d62a5a45a06c74484c80008860709913c2.e3iSbxaKaheRe38La3yQa3eLbh90n6jAmljGr5XDqQLvpAe HTTP/1.1" 200 34716
181.61.46.47 - - [22/Jan/2016:07:40:31 -0500] "GET /imagenes/listval.gif HTTP/1.1" 200 905
181.61.46.47 - - [22/Jan/2016:07:40:31 -0500] "GET /imagenes/tree1.gif HTTP/1.1" 200 1161
181.61.46.47 - - [22/Jan/2016:07:40:31 -0500] "GET /imagenes/listval.gif HTTP/1.1" 200 905
181.61.46.47 - - [22/Jan/2016:07:40:31 -0500] "GET /imagenes/CAMERA3.gif HTTP/1.1" 200 4150
181.61.46.47 - - [22/Jan/2016:07:40:31 -0500] "GET /imagenes/SLIDE1.gif HTTP/1.1" 200 1111
181.61.46.47 - - [22/Jan/2016:07:40:31 -0500] "GET /imagenes/flexcomb.gif HTTP/1.1" 200 1169
181.61.46.47 - - [22/Jan/2016:07:40:31 -0500] "GET /imagenes/GO.gif HTTP/1.1" 200 904
181.61.46.47 - - [22/Jan/2016:07:40:31 -0500] "GET /imagenes/HRTOOLS.gif HTTP/1.1" 200 2238
181.61.46.47 - - [22/Jan/2016:07:40:31 -0500] "GET /imagenes/rt_rec1.gif HTTP/1.1" 200 867
181.61.46.47 - - [22/Jan/2016:07:40:31 -0500] "GET /imagenes/apply.gif HTTP/1.1" 200 903
181.61.46.47 - - [22/Jan/2016:07:40:31 -0500] "GET /imagenes/exit.gif HTTP/1.1" 200 916
181.61.46.47 - - [22/Jan/2016:07:40:31 -0500] "GET /imagenes/LISTVAL.gif HTTP/1.1" 200 905
181.61.46.47 - - [22/Jan/2016:07:40:31 -0500] "GET /imagenes/edit.gif HTTP/1.1" 200 919
181.61.46.47 - - [22/Jan/2016:07:40:31 -0500] "GET /imagenes/rt_rec4.gif HTTP/1.1" 200 865
181.61.46.47 - - [22/Jan/2016:07:40:31 -0500] "GET /imagenes/rt_rec3.gif HTTP/1.1" 200 844
181.61.46.47 - - [22/Jan/2016:07:40:31 -0500] "GET /imagenes/rt_rec2.gif HTTP/1.1" 200 847
181.61.46.47 - - [22/Jan/2016:07:40:31 -0500] "GET /imagenes/rt_rdel.gif HTTP/1.1" 200 899
181.61.46.47 - - [22/Jan/2016:07:40:31 -0500] "GET /imagenes/rt_radd.gif HTTP/1.1" 200 907
181.61.46.47 - - [22/Jan/2016:07:40:31 -0500] "GET /imagenes/rt_quer3.gif HTTP/1.1" 200 939
181.61.46.47 - - [22/Jan/2016:07:40:31 -0500] "GET /imagenes/rt_quer2.gif HTTP/1.1" 200 936
181.61.46.47 - - [22/Jan/2016:07:40:31 -0500] "GET /imagenes/rt_quer1.gif HTTP/1.1" 200 930
181.61.46.47 - - [22/Jan/2016:07:40:32 -0500] "GET /imagenes/rt_save.gif HTTP/1.1" 200 903
181.61.46.47 - - [22/Jan/2016:07:40:32 -0500] "GET /imagenes/rt_pset.gif HTTP/1.1" 200 914
181.61.46.47 - - [22/Jan/2016:07:40:32 -0500] "GET /imagenes/QUEJA.gif HTTP/1.1" 200 1091
181.61.46.47 - - [22/Jan/2016:07:40:32 -0500] "GET /imagenes/ARBOL.gif HTTP/1.1" 200 1026
181.61.46.47 - - [22/Jan/2016:07:40:32 -0500] "GET /imagenes/Clipboard.gif HTTP/1.1" 200 1466
181.61.46.47 - - [22/Jan/2016:07:40:32 -0500] "GET /imagenes/DINERO.gif HTTP/1.1" 200 1766
181.61.46.47 - - [22/Jan/2016:07:40:32 -0500] "GET /imagenes/URGENTE.gif HTTP/1.1" 200 964
181.61.46.47 - - [22/Jan/2016:07:40:32 -0500] "GET /imagenes/TREE4.gif HTTP/1.1" 200 4150
181.61.46.47 - - [22/Jan/2016:07:40:32 -0500] "POST /forms/lservlet;jsessionid=ac16012b30d62a5a45a06c74484c80008860709913c2.e3iSbxaKaheRe38La3yQa3eLbh90n6jAmljGr5XDqQLvpAe HTTP/1.1" 200 7
181.61.46.47 - - [22/Jan/2016:07:40:32 -0500] "POST /forms/lservlet;jsessionid=ac16012b30d62a5a45a06c74484c80008860709913c2.e3iSbxaKaheRe38La3yQa3eLbh90n6jAmljGr5XDqQLvpAe HTTP/1.1" 200 34
181.61.46.47 - - [22/Jan/2016:07:40:32 -0500] "POST /forms/lservlet;jsessionid=ac16012b30d62a5a45a06c74484c80008860709913c2.e3iSbxaKaheRe38La3yQa3eLbh90n6jAmljGr5XDqQLvpAe HTTP/1.1" 200 2
181.61.46.47 - - [22/Jan/2016:07:40:34 -0500] "POST /forms/lservlet;jsessionid=ac16012b30d62a5a45a06c74484c80008860709913c2.e3iSbxaKaheRe38La3yQa3eLbh90n6jAmljGr5XDqQLvpAe HTTP/1.1" 200 647
181.61.46.47 - - [22/Jan/2016:07:40:37 -0500] "POST /forms/lservlet;jsessionid=ac16012b30d62a5a45a06c74484c80008860709913c2.e3iSbxaKaheRe38La3yQa3eLbh90n6jAmljGr5XDqQLvpAe HTTP/1.1" 200 24
181.61.46.47 - - [22/Jan/2016:07:40:37 -0500] "POST /forms/lservlet;jsessionid=ac16012b30d62a5a45a06c74484c80008860709913c2.e3iSbxaKaheRe38La3yQa3eLbh90n6jAmljGr5XDqQLvpAe HTTP/1.1" 200 14
181.61.46.47 - - [22/Jan/2016:07:40:38 -0500] "POST /forms/lservlet;jsessionid=ac16012b30d62a5a45a06c74484c80008860709913c2.e3iSbxaKaheRe38La3yQa3eLbh90n6jAmljGr5XDqQLvpAe HTTP/1.1" 200 14
181.61.46.47 - - [22/Jan/2016:07:40:39 -0500] "POST /forms/lservlet;jsessionid=ac16012b30d62a5a45a06c74484c80008860709913c2.e3iSbxaKaheRe38La3yQa3eLbh90n6jAmljGr5XDqQLvpAe HTTP/1.1" 200 14
181.61.46.47 - - [22/Jan/2016:07:40:41 -0500] "POST /forms/lservlet;jsessionid=ac16012b30d62a5a45a06c74484c80008860709913c2.e3iSbxaKaheRe38La3yQa3eLbh90n6jAmljGr5XDqQLvpAe HTTP/1.1" 200 14
181.61.46.47 - - [22/Jan/2016:07:40:42 -0500] "POST /forms/lservlet;jsessionid=ac16012b30d62a5a45a06c74484c80008860709913c2.e3iSbxaKaheRe38La3yQa3eLbh90n6jAmljGr5XDqQLvpAe HTTP/1.1" 200 15
181.61.46.47 - - [22/Jan/2016:07:40:45 -0500] "POST /forms/lservlet;jsessionid=ac16012b30d62a5a45a06c74484c80008860709913c2.e3iSbxaKaheRe38La3yQa3eLbh90n6jAmljGr5XDqQLvpAe HTTP/1.1" 200 15
181.61.46.47 - - [22/Jan/2016:07:40:49 -0500] "POST /forms/lservlet;jsessionid=ac16012b30d62a5a45a06c74484c80008860709913c2.e3iSbxaKaheRe38La3yQa3eLbh90n6jAmljGr5XDqQLvpAe HTTP/1.1" 200 15
66.249.64.96 - - [22/Jan/2016:07:40:57 -0500] "GET /BLA/resoluciones/RESOLUCIONES%202009/9676.pdf HTTP/1.1" 200 810262
181.61.46.47 - - [22/Jan/2016:07:40:57 -0500] "POST /forms/lservlet;jsessionid=ac16012b30d62a5a45a06c74484c80008860709913c2.e3iSbxaKaheRe38La3yQa3eLbh90n6jAmljGr5XDqQLvpAe HTTP/1.1" 200 15
181.61.46.47 - - [22/Jan/2016:07:41:06 -0500] "POST /forms/lservlet;jsessionid=ac16012b30d62a5a45a06c74484c80008860709913c2.e3iSbxaKaheRe38La3yQa3eLbh90n6jAmljGr5XDqQLvpAe HTTP/1.1" 200 15
66.249.64.96 - - [22/Jan/2016:07:41:11 -0500] "GET /BLA/resoluciones/RESOLUCIONES%202007/RES%202007%20301%20AL%20400/RESOLUCION%200350%20DE%202007.pdf HTTP/1.1" 200 269149
181.61.46.47 - - [22/Jan/2016:07:41:15 -0500] "POST /forms/lservlet;jsessionid=ac16012b30d62a5a45a06c74484c80008860709913c2.e3iSbxaKaheRe38La3yQa3eLbh90n6jAmljGr5XDqQLvpAe HTTP/1.1" 200 15
181.129.89.19 - - [22/Jan/2016:07:41:21 -0500] "POST /forms/lservlet;jsessionid=ac16012b30d65003600f064d4839b5999562d2f5ebe4.e3iSbxaKaheRe38La3yQa3eLbh90n6jAmljGr5XDqQLvpAe HTTP/1.1" 200 2
181.61.46.47 - - [22/Jan/2016:07:41:24 -0500] "POST /forms/lservlet;jsessionid=ac16012b30d62a5a45a06c74484c80008860709913c2.e3iSbxaKaheRe38La3yQa3eLbh90n6jAmljGr5XDqQLvpAe HTTP/1.1" 200 15
181.61.46.47 - - [22/Jan/2016:07:41:33 -0500] "POST /forms/lservlet;jsessionid=ac16012b30d62a5a45a06c74484c80008860709913c2.e3iSbxaKaheRe38La3yQa3eLbh90n6jAmljGr5XDqQLvpAe HTTP/1.1" 200 15
66.249.64.101 - - [22/Jan/2016:07:41:41 -0500] "GET /BLA/boletinlegal/Directivas/2011/Directiva%20No.%201%20del%205%20de%20Abril%20de%202011.pdf HTTP/1.1" 200 971292
181.61.46.47 - - [22/Jan/2016:07:41:42 -0500] "POST /forms/lservlet;jsessionid=ac16012b30d62a5a45a06c74484c80008860709913c2.e3iSbxaKaheRe38La3yQa3eLbh90n6jAmljGr5XDqQLvpAe HTTP/1.1" 200 15
51.255.65.28 - - [22/Jan/2016:07:41:47 -0500] "GET /BLA/resoluciones/RESOLUCIONES%202003/RES%202003%20501-550/535.tif HTTP/1.1" 200 148208
181.61.46.47 - - [22/Jan/2016:07:41:51 -0500] "POST /forms/lservlet;jsessionid=ac16012b30d62a5a45a06c74484c80008860709913c2.e3iSbxaKaheRe38La3yQa3eLbh90n6jAmljGr5XDqQLvpAe HTTP/1.1" 200 15
181.61.46.47 - - [22/Jan/2016:07:42:00 -0500] "POST /forms/lservlet;jsessionid=ac16012b30d62a5a45a06c74484c80008860709913c2.e3iSbxaKaheRe38La3yQa3eLbh90n6jAmljGr5XDqQLvpAe HTTP/1.1" 200 15
181.61.46.47 - - [22/Jan/2016:07:42:09 -0500] "POST /forms/lservlet;jsessionid=ac16012b30d62a5a45a06c74484c80008860709913c2.e3iSbxaKaheRe38La3yQa3eLbh90n6jAmljGr5XDqQLvpAe HTTP/1.1" 200 15
186.30.79.164 - - [22/Jan/2016:07:42:14 -0500] "GET /galeria/galeria/jquery.fancybox.js?v=2.1.5 HTTP/1.1" 200 48706
186.30.79.164 - - [22/Jan/2016:07:42:14 -0500] "GET /galeria/galeria/jquery.fancybox.css?v=2.1.5 HTTP/1.1" 200 4895
186.30.79.164 - - [22/Jan/2016:07:42:14 -0500] "GET /BLA/boletinlegal/js/jquery.scrollShow.js HTTP/1.1" 200 4586
181.61.46.47 - - [22/Jan/2016:07:42:18 -0500] "POST /forms/lservlet;jsessionid=ac16012b30d62a5a45a06c74484c80008860709913c2.e3iSbxaKaheRe38La3yQa3eLbh90n6jAmljGr5XDqQLvpAe HTTP/1.1" 200 4294
181.61.46.47 - - [22/Jan/2016:07:42:18 -0500] "POST /forms/lservlet;jsessionid=ac16012b30d62a5a45a06c74484c80008860709913c2.e3iSbxaKaheRe38La3yQa3eLbh90n6jAmljGr5XDqQLvpAe HTTP/1.1" 200 2
186.84.0.6 - - [22/Jan/2016:07:42:19 -0500] "GET /BLA/boletinlegal/js/jquery.scrollShow.js HTTP/1.1" 200 4586
186.84.0.6 - - [22/Jan/2016:07:42:19 -0500] "GET /galeria/galeria/jquery.fancybox.js?v=2.1.5 HTTP/1.1" 200 48706
186.84.0.6 - - [22/Jan/2016:07:42:19 -0500] "GET /galeria/galeria/jquery.fancybox.css?v=2.1.5 HTTP/1.1" 200 4895
186.84.0.6 - - [22/Jan/2016:07:42:19 -0500] "GET /galeria/carrusel/Carrusel/jquery.thumbnailScroller.css HTTP/1.1" 200 2066
186.84.0.6 - - [22/Jan/2016:07:42:19 -0500] "GET /galeria/carrusel/Carrusel/jquery-ui-1.8.13.custom.min.js HTTP/1.1" 200 10800
186.84.0.6 - - [22/Jan/2016:07:42:19 -0500] "GET /galeria/carrusel/Carrusel/jquery.thumbnailScroller.js HTTP/1.1" 200 8157
186.30.79.164 - - [22/Jan/2016:07:42:21 -0500] "GET /BLA/boletinlegal/js/jquery.scrollShow.js HTTP/1.1" 304 -
186.30.79.164 - - [22/Jan/2016:07:42:21 -0500] "GET /galeria/galeria/jquery.fancybox.js?v=2.1.5 HTTP/1.1" 304 -
186.30.79.164 - - [22/Jan/2016:07:42:21 -0500] "GET /galeria/galeria/jquery.fancybox.css?v=2.1.5 HTTP/1.1" 304 -
186.84.0.6 - - [22/Jan/2016:07:42:21 -0500] "GET /galeria/nivo-slider/demo/demo.html HTTP/1.1" 200 3703
186.84.0.6 - - [22/Jan/2016:07:42:22 -0500] "GET /galeria/nivo-slider/themes/pascal/pascal.css HTTP/1.1" 200 2258
186.84.0.6 - - [22/Jan/2016:07:42:22 -0500] "GET /galeria/nivo-slider/themes/default/default.css HTTP/1.1" 200 1569
186.84.0.6 - - [22/Jan/2016:07:42:22 -0500] "GET /galeria/nivo-slider/themes/orman/orman.css HTTP/1.1" 200 2152
186.84.0.6 - - [22/Jan/2016:07:42:22 -0500] "GET /galeria/nivo-slider/nivo-slider.css HTTP/1.1" 200 1507
