66.249.66.117 - - [31/Jan/2016:00:27:58 -0500] "GET /BLA/resoluciones/RESOLUCIONES%202009/1075.pdf HTTP/1.1" 200 53088
66.249.66.117 - - [31/Jan/2016:00:28:05 -0500] "GET /BLA/resoluciones/RESOLUCIONES%202009/7494.pdf HTTP/1.1" 200 509332
66.249.66.117 - - [31/Jan/2016:00:28:13 -0500] "GET /BLA/resoluciones/AUTOS%202009/1019.pdf HTTP/1.1" 200 86252
66.249.66.117 - - [31/Jan/2016:00:28:20 -0500] "GET /BLA/resoluciones/RESOLUCIONES%202010/1331.pdf HTTP/1.1" 200 62494
201.233.114.84 - - [31/Jan/2016:00:28:20 -0500] "GET /BLA/boletinlegal/js/jquery.scrollShow.js HTTP/1.1" 200 4586
201.233.114.84 - - [31/Jan/2016:00:28:21 -0500] "GET /galeria/galeria/jquery.fancybox.js?v=2.1.5 HTTP/1.1" 200 48706
201.233.114.84 - - [31/Jan/2016:00:28:21 -0500] "GET /galeria/galeria/jquery.fancybox.css?v=2.1.5 HTTP/1.1" 200 4895
66.249.66.117 - - [31/Jan/2016:00:28:27 -0500] "GET /BLA/resoluciones/RESOLUCIONES%202010/1378.pdf HTTP/1.1" 200 294079
180.76.15.149 - - [31/Jan/2016:00:28:33 -0500] "GET /BLA/resoluciones/RESOLUCIONES%202010/5503.pdf HTTP/1.1" 200 2784064
66.249.66.117 - - [31/Jan/2016:00:28:34 -0500] "GET /BLA/resoluciones/RESOLUCIONES%202010/3358.pdf HTTP/1.1" 200 522723
66.249.66.117 - - [31/Jan/2016:00:28:41 -0500] "GET /BLA/resoluciones/RESOLUCIONES%202010/0318.pdf HTTP/1.1" 200 106332
104.247.7.104 - - [31/Jan/2016:00:28:41 -0500] "GET / HTTP/1.1" 200 10190
66.249.66.117 - - [31/Jan/2016:00:28:47 -0500] "GET /BLA/resoluciones/RESOLUCIONES%202011/2418.pdf HTTP/1.1" 200 710242
66.249.66.117 - - [31/Jan/2016:00:28:48 -0500] "GET /BLA/resoluciones/RESOLUCIONES%202009/1190.pdf HTTP/1.1" 200 271915
66.249.66.117 - - [31/Jan/2016:00:28:56 -0500] "GET /BLA/resoluciones/RESOLUCIONES%202010/0971.pdf HTTP/1.1" 200 103462
66.249.66.117 - - [31/Jan/2016:00:29:03 -0500] "GET /BLA/resoluciones/RESOLUCIONES%202009/5478.pdf HTTP/1.1" 200 500469
66.249.66.117 - - [31/Jan/2016:00:29:10 -0500] "GET /BLA/resoluciones/AUTOS%202007/0161.pdf HTTP/1.1" 200 47936
66.249.66.117 - - [31/Jan/2016:00:29:17 -0500] "GET /BLA/resoluciones/RESOLUCIONES%202010/0779.pdf HTTP/1.1" 200 122144
66.249.66.117 - - [31/Jan/2016:00:29:24 -0500] "GET /BLA/resoluciones/RESOLUCIONES%202009/9116.pdf HTTP/1.1" 200 411711
66.249.66.117 - - [31/Jan/2016:00:29:31 -0500] "GET /BLA/resoluciones/RESOLUCIONES%202010/2080.pdf HTTP/1.1" 200 95075
66.249.66.117 - - [31/Jan/2016:00:29:39 -0500] "GET /BLA/resoluciones/RESOLUCIONES%202009/8734.pdf HTTP/1.1" 200 570514
66.249.66.117 - - [31/Jan/2016:00:29:46 -0500] "GET /BLA/resoluciones/RESOLUCIONES%202011/2291.pdf HTTP/1.1" 200 293731
66.249.66.117 - - [31/Jan/2016:00:29:53 -0500] "GET /BLA/resoluciones/RESOLUCIONES%202009/0170.pdf HTTP/1.1" 200 134299
157.55.39.241 - - [31/Jan/2016:00:29:58 -0500] "GET /ecodirectorio/ HTTP/1.1" 304 -
66.249.66.117 - - [31/Jan/2016:00:30:00 -0500] "GET /BLA/resoluciones/RESOLUCIONES%202008/1707.pdf HTTP/1.1" 200 258205
66.249.66.117 - - [31/Jan/2016:00:30:07 -0500] "GET /BLA/resoluciones/RESOLUCIONES%202010/3288.pdf HTTP/1.1" 200 421901
66.249.66.117 - - [31/Jan/2016:00:30:14 -0500] "GET /BLA/resoluciones/RESOLUCIONES%202010/2769.pdf HTTP/1.1" 200 496765
66.249.66.117 - - [31/Jan/2016:00:30:21 -0500] "GET /BLA/resoluciones/Notificaciones/AUTOS%202014/6655.doc HTTP/1.1" 200 157184
66.249.66.117 - - [31/Jan/2016:00:30:29 -0500] "GET /BLA/resoluciones/RESOLUCIONES%202009/0282.pdf HTTP/1.1" 200 192677
51.255.65.70 - - [31/Jan/2016:00:30:31 -0500] "GET /BLA/resoluciones/RESOLUCIONES%202003/RES%202003%201951-2000/00001986.tif HTTP/1.1" 200 52836
66.249.66.117 - - [31/Jan/2016:00:30:36 -0500] "GET /BLA/resoluciones/RESOLUCIONES%202010/1026.pdf HTTP/1.1" 200 95833
66.249.66.117 - - [31/Jan/2016:00:30:43 -0500] "GET /BLA/resoluciones/RESOLUCIONES%202009/4789.pdf HTTP/1.1" 200 382120
66.249.66.117 - - [31/Jan/2016:00:30:50 -0500] "GET /BLA/resoluciones/AUTOS%202009/0059.pdf HTTP/1.1" 200 79717
66.249.66.117 - - [31/Jan/2016:00:30:57 -0500] "GET /BLA/resoluciones/RESOLUCIONES%202010/2704.pdf HTTP/1.1" 200 395895
66.249.66.117 - - [31/Jan/2016:00:31:04 -0500] "GET /BLA/resoluciones/AUTOS%202011/0857.pdf HTTP/1.1" 200 98465
69.162.124.233 - - [31/Jan/2016:00:31:05 -0500] "HEAD / HTTP/1.1" 200 -
66.249.66.117 - - [31/Jan/2016:00:31:12 -0500] "GET /BLA/resoluciones/RESOLUCIONES%202010/2119.pdf HTTP/1.1" 200 398754
66.249.66.117 - - [31/Jan/2016:00:31:19 -0500] "GET /BLA/resoluciones/RESOLUCIONES%202010/4334.pdf HTTP/1.1" 200 112178
66.249.66.117 - - [31/Jan/2016:00:31:26 -0500] "GET /BLA/resoluciones/RESOLUCIONES%202010/0595.pdf HTTP/1.1" 200 227725
66.249.66.117 - - [31/Jan/2016:00:31:33 -0500] "GET /BLA/resoluciones/RESOLUCIONES%202009/1501.pdf HTTP/1.1" 200 412893
74.208.16.87 - - [31/Jan/2016:00:31:34 -0500] "GET /wordpress/wp-admin/ HTTP/1.1" 404 1018
66.249.66.117 - - [31/Jan/2016:00:31:40 -0500] "GET /BLA/resoluciones/AUTOS%202011/4207.pdf HTTP/1.1" 200 439140
66.249.66.117 - - [31/Jan/2016:00:31:47 -0500] "GET /BLA/resoluciones/RESOLUCIONES%202010/1398.pdf HTTP/1.1" 200 425368
66.249.66.117 - - [31/Jan/2016:00:31:54 -0500] "GET /BLA/resoluciones/AUTOS%202014/2068.pdf HTTP/1.1" 200 795679
66.249.66.117 - - [31/Jan/2016:00:32:02 -0500] "GET /BLA/resoluciones/RESOLUCIONES%202011/0433.pdf HTTP/1.1" 200 76943
66.249.66.117 - - [31/Jan/2016:00:32:09 -0500] "GET /BLA/resoluciones/RESOLUCIONES%202009/1115.pdf HTTP/1.1" 200 313106
66.249.74.14 - - [31/Jan/2016:00:32:16 -0500] "GET /BLA/resoluciones/RESOLUCIONES%202010/1697.pdf HTTP/1.1" 200 318306
51.255.65.83 - - [31/Jan/2016:00:32:17 -0500] "GET /BLA/resoluciones/RESOLUCIONES%202006/RES%202006%20301-350/INDEX.DAT HTTP/1.1" 200 2000
66.249.66.117 - - [31/Jan/2016:00:32:23 -0500] "GET /BLA/resoluciones/RESOLUCIONES%202009/4995.pdf HTTP/1.1" 200 707175
66.249.66.117 - - [31/Jan/2016:00:32:25 -0500] "GET /portel_dama/libreria/php/2006/ECOSISTEMAS%20FINAL%20web_mz27/restauracion/sitio/55_artic/xtras/10.pdf HTTP/1.1" 404 1018
66.249.66.117 - - [31/Jan/2016:00:32:30 -0500] "GET /BLA/resoluciones/RESOLUCIONES%202009/4536.pdf HTTP/1.1" 200 116884
66.249.66.117 - - [31/Jan/2016:00:32:37 -0500] "GET /BLA/resoluciones/RESOLUCIONES%202011/4489.pdf HTTP/1.1" 200 540251
27.67.22.89 - - [31/Jan/2016:00:32:44 -0500] "-" 408 -
66.249.66.117 - - [31/Jan/2016:00:32:45 -0500] "GET /BLA/resoluciones/RESOLUCIONES%202010/2671.pdf HTTP/1.1" 200 375710
196.216.28.90 - - [31/Jan/2016:00:32:47 -0500] "GET /galeria/galeria/jquery.fancybox.css?v=2.1.5 HTTP/1.1" 200 4895
196.216.28.90 - - [31/Jan/2016:00:32:47 -0500] "GET /galeria/galeria/jquery.fancybox.js?v=2.1.5 HTTP/1.1" 200 48706
196.216.28.90 - - [31/Jan/2016:00:32:47 -0500] "GET /BLA/boletinlegal/js/jquery.scrollShow.js HTTP/1.1" 200 4586
51.255.65.63 - - [31/Jan/2016:00:32:51 -0500] "GET /BLA/resoluciones/RESOLUCIONES%202004/RES%202004%20801-850/00000844.tif HTTP/1.1" 200 227454
66.249.66.117 - - [31/Jan/2016:00:32:52 -0500] "GET /BLA/resoluciones/RESOLUCIONES%202011/1633.pdf HTTP/1.1" 200 51289
66.249.66.117 - - [31/Jan/2016:00:32:59 -0500] "GET /BLA/resoluciones/RESOLUCIONES%202010/3157.pdf HTTP/1.1" 200 356590
196.216.28.90 - - [31/Jan/2016:00:32:59 -0500] "GET /galeria/galeria/jquery.fancybox.js?v=2.1.5 HTTP/1.1" 304 -
196.216.28.90 - - [31/Jan/2016:00:32:59 -0500] "GET /BLA/boletinlegal/js/jquery.scrollShow.js HTTP/1.1" 304 -
196.216.28.90 - - [31/Jan/2016:00:32:59 -0500] "GET /galeria/galeria/jquery.fancybox.css?v=2.1.5 HTTP/1.1" 304 -
66.249.66.117 - - [31/Jan/2016:00:33:06 -0500] "GET /BLA/resoluciones/RESOLUCIONES%202008/0576.pdf HTTP/1.1" 200 302699
180.76.15.29 - - [31/Jan/2016:00:33:10 -0500] "GET /BLA/resoluciones/AUTOS%202012/2170.pdf HTTP/1.1" 200 2516294
66.249.66.117 - - [31/Jan/2016:00:33:13 -0500] "GET /BLA/resoluciones/RESOLUCIONES%202010/1138.pdf HTTP/1.1" 200 100047
66.249.66.117 - - [31/Jan/2016:00:33:20 -0500] "GET /BLA/resoluciones/RESOLUCIONES%202010/5263.pdf HTTP/1.1" 200 334169
66.249.66.117 - - [31/Jan/2016:00:33:27 -0500] "GET /BLA/resoluciones/RESOLUCIONES%202011/2913.pdf HTTP/1.1" 200 520002
66.249.66.117 - - [31/Jan/2016:00:33:35 -0500] "GET /BLA/resoluciones/RESOLUCIONES%202010/1018.pdf HTTP/1.1" 200 113972
66.249.66.44 - - [31/Jan/2016:00:33:36 -0500] "GET /galeria/nivo-slider/demo/images/Marval01a.png HTTP/1.1" 200 651498
74.208.16.115 - - [31/Jan/2016:00:33:38 -0500] "GET /wp-admin/ HTTP/1.1" 404 1018
66.249.66.117 - - [31/Jan/2016:00:33:42 -0500] "GET /BLA/resoluciones/RESOLUCIONES%202010/3957.pdf HTTP/1.1" 200 503257
66.249.66.117 - - [31/Jan/2016:00:33:49 -0500] "GET /BLA/resoluciones/RESOLUCIONES%202010/3739.pdf HTTP/1.1" 200 354033
66.249.66.117 - - [31/Jan/2016:00:33:56 -0500] "GET /BLA/resoluciones/RESOLUCIONES%202009/0699.pdf HTTP/1.1" 200 430694
66.249.66.117 - - [31/Jan/2016:00:34:03 -0500] "GET /BLA/resoluciones/RESOLUCIONES%202010/0456.pdf HTTP/1.1" 200 102764
66.249.66.117 - - [31/Jan/2016:00:34:10 -0500] "GET /BLA/resoluciones/AUTOS%202011/3061.pdf HTTP/1.1" 200 185449
66.249.66.117 - - [31/Jan/2016:00:34:18 -0500] "GET /BLA/resoluciones/RESOLUCIONES%202009/1910.pdf HTTP/1.1" 200 435544
66.249.66.117 - - [31/Jan/2016:00:34:25 -0500] "GET /BLA/resoluciones/RESOLUCIONES%202009/6644.pdf HTTP/1.1" 200 414988
66.249.66.117 - - [31/Jan/2016:00:34:32 -0500] "GET /BLA/resoluciones/RESOLUCIONES%202010/7168.pdf HTTP/1.1" 200 65751
66.249.66.117 - - [31/Jan/2016:00:34:39 -0500] "GET /BLA/resoluciones/RESOLUCIONES%202009/6173.pdf HTTP/1.1" 200 112502
66.249.66.117 - - [31/Jan/2016:00:34:46 -0500] "GET /BLA/resoluciones/RESOLUCIONES%202009/0176.pdf HTTP/1.1" 200 157335
66.249.66.117 - - [31/Jan/2016:00:34:53 -0500] "GET /BLA/resoluciones/RESOLUCIONES%202009/4710.pdf HTTP/1.1" 200 611999
66.249.66.117 - - [31/Jan/2016:00:35:00 -0500] "GET /BLA/resoluciones/RESOLUCIONES%202010/5574.pdf HTTP/1.1" 200 1956880
66.249.66.117 - - [31/Jan/2016:00:35:08 -0500] "GET /BLA/resoluciones/RESOLUCIONES%202010/2944.pdf HTTP/1.1" 200 52862
66.249.66.117 - - [31/Jan/2016:00:35:12 -0500] "GET /BLA/boletinlegal/js/jquery.scrollShow.js HTTP/1.1" 200 4586
66.249.66.117 - - [31/Jan/2016:00:35:13 -0500] "GET /galeria/galeria/jquery.fancybox.css?v=2.1.5 HTTP/1.1" 200 4895
66.249.66.117 - - [31/Jan/2016:00:35:13 -0500] "GET /galeria/galeria/jquery.fancybox.js?v=2.1.5 HTTP/1.1" 200 48706
66.249.66.117 - - [31/Jan/2016:00:35:15 -0500] "GET /BLA/resoluciones/RESOLUCIONES%202010/1823.pdf HTTP/1.1" 200 493977
66.249.66.117 - - [31/Jan/2016:00:35:22 -0500] "GET /BLA/resoluciones/AUTOS%202009/0479.pdf HTTP/1.1" 200 444987
66.249.66.117 - - [31/Jan/2016:00:35:29 -0500] "GET /BLA/resoluciones/RESOLUCIONES%202011/5581.pdf HTTP/1.1" 200 565346
66.249.66.117 - - [31/Jan/2016:00:35:36 -0500] "GET /BLA/resoluciones/RESOLUCIONES%202009/7811.pdf HTTP/1.1" 200 544058
66.249.66.117 - - [31/Jan/2016:00:35:43 -0500] "GET /BLA/resoluciones/RESOLUCIONES%202009/7034.pdf HTTP/1.1" 200 740247
66.249.66.117 - - [31/Jan/2016:00:35:51 -0500] "GET /BLA/resoluciones/RESOLUCIONES%202010/1143.pdf HTTP/1.1" 200 114754
123.126.113.85 - - [31/Jan/2016:00:35:53 -0500] "GET /resoluciones/RESOLUCIONES%202009/0048.pdf HTTP/1.1" 404 1018
123.126.113.85 - - [31/Jan/2016:00:35:54 -0500] "GET /robots.txt HTTP/1.1" 404 1018
66.249.66.117 - - [31/Jan/2016:00:35:58 -0500] "GET /BLA/resoluciones/RESOLUCIONES%202009/0857.pdf HTTP/1.1" 200 299623
123.126.113.85 - - [31/Jan/2016:00:36:04 -0500] "GET /resoluciones/RESOLUCIONES%202009/0083.pdf HTTP/1.1" 404 1018
69.162.124.233 - - [31/Jan/2016:00:36:05 -0500] "HEAD / HTTP/1.1" 200 -
66.249.66.117 - - [31/Jan/2016:00:36:05 -0500] "GET /BLA/resoluciones/AUTOS%202007/0370.pdf HTTP/1.1" 200 111775
66.249.66.117 - - [31/Jan/2016:00:36:12 -0500] "GET /BLA/resoluciones/RESOLUCIONES%202010/0134.pdf HTTP/1.1" 200 369420
123.126.113.85 - - [31/Jan/2016:00:36:14 -0500] "GET /PDC/PLAN%20DE%20CONTRATACION%202012%20SDA.xlsx HTTP/1.1" 404 1018
66.249.66.117 - - [31/Jan/2016:00:36:19 -0500] "GET /BLA/resoluciones/AUTOS%202011/4265.pdf HTTP/1.1" 200 226973
66.249.66.117 - - [31/Jan/2016:00:36:26 -0500] "GET /BLA/resoluciones/RESOLUCIONES%202010/2020.pdf HTTP/1.1" 200 339508
66.249.66.117 - - [31/Jan/2016:00:36:33 -0500] "GET /BLA/resoluciones/AUTOS%202009/1408.pdf HTTP/1.1" 200 193336
66.249.66.117 - - [31/Jan/2016:00:36:41 -0500] "GET /BLA/resoluciones/RESOLUCIONES%202010/2669.pdf HTTP/1.1" 200 380138
66.249.66.117 - - [31/Jan/2016:00:36:48 -0500] "GET /BLA/resoluciones/RESOLUCIONES%202009/3804.pdf HTTP/1.1" 200 920727
66.249.66.117 - - [31/Jan/2016:00:36:55 -0500] "GET /BLA/resoluciones/RESOLUCIONES%202009/5871.pdf HTTP/1.1" 200 368710
66.249.66.117 - - [31/Jan/2016:00:37:02 -0500] "GET /BLA/resoluciones/RESOLUCIONES%202010/1341.pdf HTTP/1.1" 200 492659
66.249.66.117 - - [31/Jan/2016:00:37:09 -0500] "GET /BLA/resoluciones/RESOLUCIONES%202009/5422.pdf HTTP/1.1" 200 527073
66.249.66.117 - - [31/Jan/2016:00:37:16 -0500] "GET /BLA/resoluciones/AUTOS%202011/2718.pdf HTTP/1.1" 200 264489
123.126.113.85 - - [31/Jan/2016:00:36:24 -0500] "GET /BLA/boletinlegal/ HTTP/1.1" 200 51284
66.249.66.117 - - [31/Jan/2016:00:37:24 -0500] "GET /BLA/resoluciones/RESOLUCIONES%202009/4543.pdf HTTP/1.1" 200 641789
66.249.66.117 - - [31/Jan/2016:00:37:31 -0500] "GET /BLA/resoluciones/RESOLUCIONES%202010/0972.pdf HTTP/1.1" 200 104913
74.208.16.87 - - [31/Jan/2016:00:37:34 -0500] "GET /blog/wp-admin/ HTTP/1.1" 404 1018
66.249.66.117 - - [31/Jan/2016:00:37:38 -0500] "GET /BLA/resoluciones/RESOLUCIONES%202010/4818.pdf HTTP/1.1" 200 753619
66.249.66.117 - - [31/Jan/2016:00:37:45 -0500] "GET /BLA/resoluciones/RESOLUCIONES%202011/5621.pdf HTTP/1.1" 200 690038
66.249.66.117 - - [31/Jan/2016:00:37:46 -0500] "GET /BLA/resoluciones/RESOLUCIONES%202009/7251.pdf HTTP/1.1" 200 117132
181.50.112.9 - - [31/Jan/2016:00:37:51 -0500] "GET /galeria/galeria/jquery.fancybox.js?v=2.1.5 HTTP/1.1" 200 48706
181.50.112.9 - - [31/Jan/2016:00:37:51 -0500] "GET /galeria/carrusel/Carrusel/jquery.thumbnailScroller.js HTTP/1.1" 200 8157
181.50.112.9 - - [31/Jan/2016:00:37:51 -0500] "GET /BLA/boletinlegal/js/jquery.scrollShow.js HTTP/1.1" 200 4586
181.50.112.9 - - [31/Jan/2016:00:37:51 -0500] "GET /galeria/carrusel/Carrusel/jquery-ui-1.8.13.custom.min.js HTTP/1.1" 200 10800
181.50.112.9 - - [31/Jan/2016:00:37:51 -0500] "GET /galeria/carrusel/Carrusel/jquery.thumbnailScroller.css HTTP/1.1" 200 2066
181.50.112.9 - - [31/Jan/2016:00:37:51 -0500] "GET /galeria/galeria/jquery.fancybox.css?v=2.1.5 HTTP/1.1" 200 4895
66.249.66.117 - - [31/Jan/2016:00:37:52 -0500] "GET /BLA/resoluciones/RESOLUCIONES%202010/3190.pdf HTTP/1.1" 200 391274
181.50.112.9 - - [31/Jan/2016:00:37:52 -0500] "GET /galeria/nivo-slider/demo/demo.html HTTP/1.1" 200 3835
181.50.112.9 - - [31/Jan/2016:00:37:53 -0500] "GET /galeria/nivo-slider/themes/pascal/pascal.css HTTP/1.1" 200 2258
181.50.112.9 - - [31/Jan/2016:00:37:53 -0500] "GET /galeria/nivo-slider/themes/default/default.css HTTP/1.1" 200 1569
181.50.112.9 - - [31/Jan/2016:00:37:53 -0500] "GET /galeria/nivo-slider/themes/orman/orman.css HTTP/1.1" 200 2152
181.50.112.9 - - [31/Jan/2016:00:37:53 -0500] "GET /galeria/nivo-slider/demo/scripts/jquery-1.7.1.min.js HTTP/1.1" 200 93868
181.50.112.9 - - [31/Jan/2016:00:37:53 -0500] "GET /galeria/nivo-slider/demo/style.css HTTP/1.1" 200 2222
181.50.112.9 - - [31/Jan/2016:00:37:53 -0500] "GET /galeria/nivo-slider/nivo-slider.css HTTP/1.1" 200 1507
181.50.112.9 - - [31/Jan/2016:00:37:53 -0500] "GET /galeria/nivo-slider/jquery.nivo.slider.pack.js HTTP/1.1" 200 11561
181.50.112.9 - - [31/Jan/2016:00:37:53 -0500] "GET /galeria/nivo-slider/demo/images/Convocatoria-CTPD-curvas-01.png HTTP/1.1" 200 565805
181.50.112.9 - - [31/Jan/2016:00:37:53 -0500] "GET /galeria/nivo-slider/demo/images/dia-sin-carro-2016.jpg HTTP/1.1" 200 128081
181.50.112.9 - - [31/Jan/2016:00:37:53 -0500] "GET /galeria/nivo-slider/demo/images/ABC-Plan-de-contigencia.jpg HTTP/1.1" 200 423901
181.50.112.9 - - [31/Jan/2016:00:37:53 -0500] "GET /galeria/nivo-slider/demo/images/banner-llantas2015.jpg HTTP/1.1" 200 268366
181.50.112.9 - - [31/Jan/2016:00:37:53 -0500] "GET /galeria/nivo-slider/demo/images/caminata-ecologica.jpg HTTP/1.1" 200 192926
181.50.112.9 - - [31/Jan/2016:00:37:54 -0500] "GET /galeria/nivo-slider/demo/images/Cmapana-onestidad.jpg HTTP/1.1" 200 141638
181.50.112.9 - - [31/Jan/2016:00:37:54 -0500] "GET /galeria/nivo-slider/demo/images/PREDAcamp.jpg HTTP/1.1" 200 295358
181.50.112.9 - - [31/Jan/2016:00:37:55 -0500] "GET /galeria/nivo-slider/demo/images/banner-llantas2.jpg HTTP/1.1" 200 234514
181.50.112.9 - - [31/Jan/2016:00:37:55 -0500] "GET /galeria/nivo-slider/demo/images/9Signos.jpg HTTP/1.1" 200 81776
181.50.112.9 - - [31/Jan/2016:00:37:55 -0500] "GET /galeria/nivo-slider/demo/images/Ruta-vertimientos-01.jpg HTTP/1.1" 200 130151
181.50.112.9 - - [31/Jan/2016:00:37:55 -0500] "GET /galeria/nivo-slider/demo/images/bolsas-06.jpg HTTP/1.1" 200 210950
181.50.112.9 - - [31/Jan/2016:00:37:56 -0500] "GET /galeria/nivo-slider/demo/images/ecolecta-Dic2014.png HTTP/1.1" 200 856487
181.50.112.9 - - [31/Jan/2016:00:37:56 -0500] "GET /galeria/nivo-slider/demo/images/4Simple_Slider.png HTTP/1.1" 200 11722
181.50.112.9 - - [31/Jan/2016:00:37:56 -0500] "GET /galeria/nivo-slider/themes/default/loading.gif HTTP/1.1" 200 1737
66.249.66.117 - - [31/Jan/2016:00:37:59 -0500] "GET /BLA/resoluciones/RESOLUCIONES%202009/8197.pdf HTTP/1.1" 200 990002
181.50.112.9 - - [31/Jan/2016:00:38:00 -0500] "GET /galeria/nivo-slider/themes/default/bullets.png HTTP/1.1" 200 1281
181.50.112.9 - - [31/Jan/2016:00:38:00 -0500] "GET /galeria/nivo-slider/themes/default/arrows.png HTTP/1.1" 200 824
181.50.112.9 - - [31/Jan/2016:00:38:01 -0500] "GET /galeria/galeria/jquery.fancybox.css?v=2.1.5 HTTP/1.1" 304 -
181.50.112.9 - - [31/Jan/2016:00:38:01 -0500] "GET /galeria/galeria/jquery.fancybox.js?v=2.1.5 HTTP/1.1" 304 -
181.50.112.9 - - [31/Jan/2016:00:38:04 -0500] "GET /BLA/boletinlegal/js/jquery.scrollShow.js HTTP/1.1" 200 4586
181.50.112.9 - - [31/Jan/2016:00:38:04 -0500] "GET /galeria/galeria/jquery.fancybox.js?v=2.1.5 HTTP/1.1" 200 48706
181.50.112.9 - - [31/Jan/2016:00:38:04 -0500] "GET /galeria/galeria/jquery.fancybox.css?v=2.1.5 HTTP/1.1" 200 4895
66.249.66.117 - - [31/Jan/2016:00:38:06 -0500] "GET /BLA/resoluciones/AUTOS%202007/0485.pdf HTTP/1.1" 200 16021
181.50.112.9 - - [31/Jan/2016:00:38:13 -0500] "GET /galeria/galeria/jquery.fancybox.js?v=2.1.5 HTTP/1.1" 304 -
181.50.112.9 - - [31/Jan/2016:00:38:13 -0500] "GET /galeria/galeria/jquery.fancybox.css?v=2.1.5 HTTP/1.1" 304 -
66.249.66.117 - - [31/Jan/2016:00:38:14 -0500] "GET /BLA/resoluciones/RESOLUCIONES%202008/2191.pdf HTTP/1.1" 200 419640
66.249.66.117 - - [31/Jan/2016:00:38:21 -0500] "GET /BLA/resoluciones/RESOLUCIONES%202009/9028.pdf HTTP/1.1" 200 345314
66.249.66.117 - - [31/Jan/2016:00:38:28 -0500] "GET /BLA/resoluciones/AUTOS%202008/0112.pdf HTTP/1.1" 200 155483
66.249.66.117 - - [31/Jan/2016:00:38:35 -0500] "GET /BLA/resoluciones/AUTOS%202009/2425.pdf HTTP/1.1" 200 100563
51.255.65.50 - - [31/Jan/2016:00:38:36 -0500] "GET /BLA/resoluciones/RESOLUCIONES%202006/RES%202006%20%203001-3054/00003014.tif HTTP/1.1" 200 37072
66.249.66.117 - - [31/Jan/2016:00:38:42 -0500] "GET /BLA/resoluciones/RESOLUCIONES%202008/1050.pdf HTTP/1.1" 200 363455
66.249.66.117 - - [31/Jan/2016:00:38:49 -0500] "GET /BLA/resoluciones/RESOLUCIONES%202010/5260.pdf HTTP/1.1" 200 346668
66.249.66.117 - - [31/Jan/2016:00:38:57 -0500] "GET /BLA/resoluciones/RESOLUCIONES%202010/2654.pdf HTTP/1.1" 200 339228
66.249.66.117 - - [31/Jan/2016:00:39:04 -0500] "GET /BLA/resoluciones/AUTOS%202012/1868.pdf HTTP/1.1" 200 270392
66.249.66.117 - - [31/Jan/2016:00:39:11 -0500] "GET /BLA/resoluciones/RESOLUCIONES%202008/0395.pdf HTTP/1.1" 200 130648
66.249.66.117 - - [31/Jan/2016:00:39:18 -0500] "GET /BLA/resoluciones/RESOLUCIONES%202010/0836.pdf HTTP/1.1" 200 103430
66.249.66.117 - - [31/Jan/2016:00:39:25 -0500] "GET /BLA/resoluciones/RESOLUCIONES%202009/5876.pdf HTTP/1.1" 200 496021
66.249.66.117 - - [31/Jan/2016:00:39:32 -0500] "GET /BLA/resoluciones/AUTOS%202012/1327.pdf HTTP/1.1" 200 160171
66.249.66.117 - - [31/Jan/2016:00:39:39 -0500] "GET /BLA/resoluciones/RESOLUCIONES%202010/2487.pdf HTTP/1.1" 200 403556
74.208.16.115 - - [31/Jan/2016:00:39:45 -0500] "GET /test/wp-admin/ HTTP/1.1" 404 1018
66.249.66.117 - - [31/Jan/2016:00:39:47 -0500] "GET /BLA/resoluciones/RESOLUCIONES%202010/0601.pdf HTTP/1.1" 200 119022
66.249.66.117 - - [31/Jan/2016:00:39:54 -0500] "GET /BLA/resoluciones/RESOLUCIONES%202011/0125.pdf HTTP/1.1" 200 512687
66.249.66.117 - - [31/Jan/2016:00:40:01 -0500] "GET /BLA/resoluciones/RESOLUCIONES%202010/2905.pdf HTTP/1.1" 200 495719
66.249.66.117 - - [31/Jan/2016:00:40:08 -0500] "GET /BLA/resoluciones/RESOLUCIONES%202009/0771.pdf HTTP/1.1" 200 230058
66.249.66.117 - - [31/Jan/2016:00:40:15 -0500] "GET /BLA/resoluciones/RESOLUCIONES%202010/0637.pdf HTTP/1.1" 200 514071
66.249.66.117 - - [31/Jan/2016:00:40:22 -0500] "GET /BLA/resoluciones/RESOLUCIONES%202009/6667.pdf HTTP/1.1" 200 399750
181.63.112.153 - - [31/Jan/2016:00:40:28 -0500] "GET /BLA/resoluciones/index.php?dir=AUTOS+2011%2F HTTP/1.1" 200 12235
66.249.66.117 - - [31/Jan/2016:00:40:30 -0500] "GET /BLA/resoluciones/RESOLUCIONES%202009/8722.pdf HTTP/1.1" 200 469903
180.76.15.162 - - [31/Jan/2016:00:40:30 -0500] "GET /BLA/resoluciones/AUTOS%202013/0994.pdf HTTP/1.1" 200 3417457
66.249.66.117 - - [31/Jan/2016:00:40:37 -0500] "GET /BLA/resoluciones/RESOLUCIONES%202010/3019.pdf HTTP/1.1" 200 585843
66.249.66.117 - - [31/Jan/2016:00:40:44 -0500] "GET /BLA/resoluciones/RESOLUCIONES%202009/3688.pdf HTTP/1.1" 200 105625
66.249.66.117 - - [31/Jan/2016:00:40:51 -0500] "GET /BLA/resoluciones/RESOLUCIONES%202009/3064.pdf HTTP/1.1" 200 500449
66.249.66.117 - - [31/Jan/2016:00:40:58 -0500] "GET /BLA/resoluciones/RESOLUCIONES%202011/5769.pdf HTTP/1.1" 200 1600396
69.162.124.233 - - [31/Jan/2016:00:41:05 -0500] "HEAD / HTTP/1.1" 200 -
66.249.66.117 - - [31/Jan/2016:00:41:05 -0500] "GET /BLA/resoluciones/RESOLUCIONES%202009/5711.pdf HTTP/1.1" 200 200025
181.129.66.135 - - [31/Jan/2016:00:41:06 -0500] "GET /galeria/galeria/jquery.fancybox.js?v=2.1.5 HTTP/1.1" 200 48706
181.129.66.135 - - [31/Jan/2016:00:41:06 -0500] "GET /BLA/boletinlegal/js/jquery.scrollShow.js HTTP/1.1" 200 4586
181.129.66.135 - - [31/Jan/2016:00:41:06 -0500] "GET /galeria/galeria/jquery.fancybox.css?v=2.1.5 HTTP/1.1" 200 4895
181.129.66.135 - - [31/Jan/2016:00:41:06 -0500] "GET /galeria/carrusel/Carrusel/jquery.thumbnailScroller.css HTTP/1.1" 200 2066
181.129.66.135 - - [31/Jan/2016:00:41:06 -0500] "GET /galeria/carrusel/Carrusel/jquery-ui-1.8.13.custom.min.js HTTP/1.1" 200 10800
181.129.66.135 - - [31/Jan/2016:00:41:06 -0500] "GET /galeria/carrusel/Carrusel/jquery.thumbnailScroller.js HTTP/1.1" 200 8157
181.63.112.153 - - [31/Jan/2016:00:40:28 -0500] "GET /BLA/resoluciones/index.php?dir=AUTOS+2011%2F HTTP/1.1" 200 270283
181.129.66.135 - - [31/Jan/2016:00:41:08 -0500] "GET /galeria/nivo-slider/demo/demo.html HTTP/1.1" 200 3835
181.129.66.135 - - [31/Jan/2016:00:41:08 -0500] "GET /galeria/nivo-slider/themes/pascal/pascal.css HTTP/1.1" 200 2258
181.129.66.135 - - [31/Jan/2016:00:41:08 -0500] "GET /galeria/nivo-slider/themes/orman/orman.css HTTP/1.1" 200 2152
181.129.66.135 - - [31/Jan/2016:00:41:08 -0500] "GET /galeria/nivo-slider/nivo-slider.css HTTP/1.1" 200 1507
181.129.66.135 - - [31/Jan/2016:00:41:08 -0500] "GET /galeria/nivo-slider/themes/default/default.css HTTP/1.1" 200 1569
181.129.66.135 - - [31/Jan/2016:00:41:08 -0500] "GET /galeria/nivo-slider/demo/style.css HTTP/1.1" 200 2222
181.129.66.135 - - [31/Jan/2016:00:41:08 -0500] "GET /galeria/nivo-slider/demo/scripts/jquery-1.7.1.min.js HTTP/1.1" 200 93868
181.129.66.135 - - [31/Jan/2016:00:41:08 -0500] "GET /galeria/nivo-slider/jquery.nivo.slider.pack.js HTTP/1.1" 200 11561
181.129.66.135 - - [31/Jan/2016:00:41:08 -0500] "GET /galeria/nivo-slider/demo/images/ABC-Plan-de-contigencia.jpg HTTP/1.1" 200 423901
181.129.66.135 - - [31/Jan/2016:00:41:08 -0500] "GET /galeria/nivo-slider/demo/images/banner-llantas2015.jpg HTTP/1.1" 200 268366
181.129.66.135 - - [31/Jan/2016:00:41:08 -0500] "GET /galeria/nivo-slider/demo/images/dia-sin-carro-2016.jpg HTTP/1.1" 200 128081
181.129.66.135 - - [31/Jan/2016:00:41:08 -0500] "GET /galeria/nivo-slider/demo/images/Convocatoria-CTPD-curvas-01.png HTTP/1.1" 200 565805
181.129.66.135 - - [31/Jan/2016:00:41:08 -0500] "GET /galeria/nivo-slider/demo/images/caminata-ecologica.jpg HTTP/1.1" 200 192926
181.129.66.135 - - [31/Jan/2016:00:41:09 -0500] "GET /galeria/nivo-slider/demo/images/Cmapana-onestidad.jpg HTTP/1.1" 200 141638
181.129.66.135 - - [31/Jan/2016:00:41:10 -0500] "GET /galeria/nivo-slider/demo/images/PREDAcamp.jpg HTTP/1.1" 200 295358
181.129.66.135 - - [31/Jan/2016:00:41:11 -0500] "GET /galeria/nivo-slider/demo/images/banner-llantas2.jpg HTTP/1.1" 200 234514
181.129.66.135 - - [31/Jan/2016:00:41:12 -0500] "GET /galeria/nivo-slider/demo/images/9Signos.jpg HTTP/1.1" 200 81776
66.249.66.117 - - [31/Jan/2016:00:41:12 -0500] "GET /BLA/resoluciones/RESOLUCIONES%202009/0739.pdf HTTP/1.1" 200 235879
181.129.66.135 - - [31/Jan/2016:00:41:13 -0500] "GET /galeria/nivo-slider/demo/images/4Simple_Slider.png HTTP/1.1" 200 11722
181.129.66.135 - - [31/Jan/2016:00:41:13 -0500] "GET /galeria/nivo-slider/themes/default/loading.gif HTTP/1.1" 200 1737
66.249.66.117 - - [31/Jan/2016:00:41:20 -0500] "GET /BLA/resoluciones/RESOLUCIONES%202010/0274.pdf HTTP/1.1" 200 111374
66.249.66.117 - - [31/Jan/2016:00:41:27 -0500] "GET /BLA/resoluciones/RESOLUCIONES%202009/6342.pdf HTTP/1.1" 200 493583
181.50.120.126 - - [31/Jan/2016:00:41:29 -0500] "GET /galeria/galeria/jquery.fancybox.css?v=2.1.5 HTTP/1.1" 200 4895
181.50.120.126 - - [31/Jan/2016:00:41:29 -0500] "GET /BLA/boletinlegal/js/jquery.scrollShow.js HTTP/1.1" 200 4586
181.50.120.126 - - [31/Jan/2016:00:41:29 -0500] "GET /galeria/galeria/jquery.fancybox.js?v=2.1.5 HTTP/1.1" 200 48706
66.249.66.117 - - [31/Jan/2016:00:41:34 -0500] "GET /BLA/resoluciones/RESOLUCIONES%202011/1107.pdf HTTP/1.1" 200 288973
181.50.120.126 - - [31/Jan/2016:00:41:35 -0500] "GET /galeria/galeria/jquery.fancybox.css?v=2.1.5 HTTP/1.1" 304 -
181.50.120.126 - - [31/Jan/2016:00:41:35 -0500] "GET /galeria/galeria/jquery.fancybox.js?v=2.1.5 HTTP/1.1" 304 -
181.50.120.126 - - [31/Jan/2016:00:41:35 -0500] "GET /BLA/boletinlegal/js/jquery.scrollShow.js HTTP/1.1" 304 -
181.50.120.126 - - [31/Jan/2016:00:41:40 -0500] "GET /galeria/galeria/jquery.fancybox.js?v=2.1.5 HTTP/1.1" 304 -
181.50.120.126 - - [31/Jan/2016:00:41:40 -0500] "GET /BLA/boletinlegal/js/jquery.scrollShow.js HTTP/1.1" 304 -
181.50.120.126 - - [31/Jan/2016:00:41:40 -0500] "GET /galeria/galeria/jquery.fancybox.css?v=2.1.5 HTTP/1.1" 304 -
66.249.66.117 - - [31/Jan/2016:00:41:41 -0500] "GET /BLA/resoluciones/RESOLUCIONES%202010/0802.pdf HTTP/1.1" 200 101400
66.249.66.117 - - [31/Jan/2016:00:41:48 -0500] "GET /BLA/resoluciones/RESOLUCIONES%202009/4966.pdf HTTP/1.1" 200 349092
181.63.112.153 - - [31/Jan/2016:00:41:34 -0500] "GET /BLA/resoluciones/index.php?dir=AUTOS+2011%2F HTTP/1.1" 200 563287
66.249.66.117 - - [31/Jan/2016:00:41:55 -0500] "GET /BLA/resoluciones/RESOLUCIONES%202011/2058.pdf HTTP/1.1" 200 510905
66.249.66.117 - - [31/Jan/2016:00:41:56 -0500] "GET /BLA/resoluciones/RESOLUCIONES%202010/2626.pdf HTTP/1.1" 200 564652
66.249.66.117 - - [31/Jan/2016:00:42:03 -0500] "GET /BLA/resoluciones/RESOLUCIONES%202007/RES%202007%203501%20AL%203600/RESOLUCION%203543%20DE%202007.pdf HTTP/1.1" 200 53323
66.249.66.117 - - [31/Jan/2016:00:42:10 -0500] "GET /BLA/resoluciones/RESOLUCIONES%202009/4950.pdf HTTP/1.1" 200 465068
66.249.66.117 - - [31/Jan/2016:00:42:17 -0500] "GET /BLA/resoluciones/AUTOS%202011/4889.pdf HTTP/1.1" 200 637617
66.249.66.44 - - [31/Jan/2016:00:42:18 -0500] "GET /videos/galeria-cronicas/popcorn/ HTTP/1.1" 200 1031
66.249.66.117 - - [31/Jan/2016:00:42:24 -0500] "GET /BLA/resoluciones/RESOLUCIONES%202011/5843.pdf HTTP/1.1" 200 423995
181.50.112.9 - - [31/Jan/2016:00:42:27 -0500] "GET /galeria/galeria/jquery.fancybox.css?v=2.1.5 HTTP/1.1" 304 -
181.50.112.9 - - [31/Jan/2016:00:42:27 -0500] "GET /galeria/galeria/jquery.fancybox.js?v=2.1.5 HTTP/1.1" 304 -
66.249.66.117 - - [31/Jan/2016:00:42:31 -0500] "GET /BLA/resoluciones/RESOLUCIONES%202007/RES%202007%203601%20AL%203700/RESOLUCION%203637%20DE%202007.pdf HTTP/1.1" 200 48864
66.249.66.117 - - [31/Jan/2016:00:42:38 -0500] "GET /BLA/resoluciones/AUTOS%202011/3370.pdf HTTP/1.1" 200 301486
66.249.66.117 - - [31/Jan/2016:00:42:46 -0500] "GET /BLA/resoluciones/RESOLUCIONES%202010/2209.pdf HTTP/1.1" 200 502189
66.249.66.117 - - [31/Jan/2016:00:42:53 -0500] "GET /BLA/resoluciones/RESOLUCIONES%202011/5614.pdf HTTP/1.1" 200 555709
66.249.66.117 - - [31/Jan/2016:00:43:00 -0500] "GET /BLA/resoluciones/RESOLUCIONES%202009/5037.pdf HTTP/1.1" 200 647465
66.249.66.117 - - [31/Jan/2016:00:43:07 -0500] "GET /BLA/resoluciones/RESOLUCIONES%202009/4532.pdf HTTP/1.1" 200 109068
181.63.112.153 - - [31/Jan/2016:00:43:08 -0500] "GET /BLA/resoluciones/AUTOS%202011/7541.pdf HTTP/1.1" 200 556104
181.63.112.153 - - [31/Jan/2016:00:43:11 -0500] "GET /BLA/resoluciones/AUTOS%202011/7541.pdf HTTP/1.1" 206 32768
66.249.66.117 - - [31/Jan/2016:00:43:14 -0500] "GET /BLA/resoluciones/RESOLUCIONES%202010/3200.pdf HTTP/1.1" 200 599573
181.63.112.153 - - [31/Jan/2016:00:43:17 -0500] "GET /BLA/resoluciones/AUTOS%202011/7541.pdf HTTP/1.1" 206 523336
66.249.66.117 - - [31/Jan/2016:00:43:21 -0500] "GET /BLA/resoluciones/RESOLUCIONES%202011/6299.pdf HTTP/1.1" 200 986380
66.249.66.41 - - [31/Jan/2016:00:43:28 -0500] "GET /videos/visor/undefined?483 HTTP/1.1" 404 1019
66.249.66.117 - - [31/Jan/2016:00:43:28 -0500] "GET /BLA/resoluciones/RESOLUCIONES%202010/0584.pdf HTTP/1.1" 200 109008
66.249.66.117 - - [31/Jan/2016:00:43:36 -0500] "GET /BLA/resoluciones/AUTOS%202007/1432.pdf HTTP/1.1" 200 87427
74.208.16.87 - - [31/Jan/2016:00:43:38 -0500] "GET /wp/wp-admin/ HTTP/1.1" 404 1018
66.249.66.117 - - [31/Jan/2016:00:43:43 -0500] "GET /BLA/resoluciones/RESOLUCIONES%202009/3290.pdf HTTP/1.1" 200 617487
66.249.66.117 - - [31/Jan/2016:00:43:50 -0500] "GET /BLA/resoluciones/RESOLUCIONES%202010/4618.pdf HTTP/1.1" 200 422405
66.249.66.117 - - [31/Jan/2016:00:43:57 -0500] "GET /BLA/resoluciones/RESOLUCIONES%202010/0690.pdf HTTP/1.1" 200 124998
66.249.66.117 - - [31/Jan/2016:00:44:04 -0500] "GET /BLA/resoluciones/RESOLUCIONES%202011/4958.pdf HTTP/1.1" 200 349181
66.249.66.117 - - [31/Jan/2016:00:44:11 -0500] "GET /BLA/resoluciones/RESOLUCIONES%202013/0282.pdf HTTP/1.1" 200 2291453
66.249.66.117 - - [31/Jan/2016:00:44:18 -0500] "GET /BLA/resoluciones/RESOLUCIONES%202011/6423.pdf HTTP/1.1" 200 3629664
66.249.66.117 - - [31/Jan/2016:00:44:26 -0500] "GET /BLA/resoluciones/RESOLUCIONES%202009/3494.pdf HTTP/1.1" 200 683030
66.249.66.117 - - [31/Jan/2016:00:44:33 -0500] "GET /BLA/resoluciones/RESOLUCIONES%202010/2479.pdf HTTP/1.1" 200 490937
66.249.66.117 - - [31/Jan/2016:00:44:40 -0500] "GET /BLA/resoluciones/RESOLUCIONES%202010/0942.pdf HTTP/1.1" 200 98403
181.151.27.187 - - [31/Jan/2016:00:44:42 -0500] "GET /BLA/resoluciones/RESOLUCIONES%202009/1563.pdf HTTP/1.1" 200 565405
66.249.66.117 - - [31/Jan/2016:00:44:47 -0500] "GET /BLA/resoluciones/RESOLUCIONES%202009/1680.pdf HTTP/1.1" 200 695250
66.249.66.117 - - [31/Jan/2016:00:44:54 -0500] "GET /BLA/resoluciones/AUTOS%202007/1170.pdf HTTP/1.1" 200 47496
66.249.66.117 - - [31/Jan/2016:00:45:01 -0500] "GET /BLA/resoluciones/RESOLUCIONES%202010/3349.pdf HTTP/1.1" 200 529895
66.249.66.117 - - [31/Jan/2016:00:45:09 -0500] "GET /BLA/resoluciones/RESOLUCIONES%202009/2977.pdf HTTP/1.1" 200 472903
66.249.66.117 - - [31/Jan/2016:00:45:16 -0500] "GET /BLA/resoluciones/RESOLUCIONES%202009/3363.pdf HTTP/1.1" 200 556061
66.249.66.117 - - [31/Jan/2016:00:45:23 -0500] "GET /BLA/resoluciones/RESOLUCIONES%202009/9118.pdf HTTP/1.1" 200 417490
66.249.66.117 - - [31/Jan/2016:00:45:30 -0500] "GET /BLA/resoluciones/RESOLUCIONES%202009/9749.pdf HTTP/1.1" 200 318413
66.249.66.117 - - [31/Jan/2016:00:45:37 -0500] "GET /BLA/resoluciones/RESOLUCIONES%202010/1672.pdf HTTP/1.1" 200 98953
66.249.66.117 - - [31/Jan/2016:00:45:44 -0500] "GET /BLA/resoluciones/RESOLUCIONES%202010/2491.pdf HTTP/1.1" 200 409874
46.148.22.18 - - [31/Jan/2016:00:45:47 -0500] "POST /xmlrpc.php HTTP/1.1" 301 330
74.208.16.115 - - [31/Jan/2016:00:45:48 -0500] "GET /wordpress/wp-admin/ HTTP/1.1" 404 1018
66.249.66.117 - - [31/Jan/2016:00:45:51 -0500] "GET /BLA/resoluciones/RESOLUCIONES%202009/3127.pdf HTTP/1.1" 200 472737
66.249.66.117 - - [31/Jan/2016:00:45:59 -0500] "GET /BLA/resoluciones/RESOLUCIONES%202009/2956.pdf HTTP/1.1" 200 540747
198.57.247.135 - - [31/Jan/2016:00:46:03 -0500] "-" 408 -
69.162.124.233 - - [31/Jan/2016:00:46:05 -0500] "HEAD / HTTP/1.1" 200 -
66.249.66.117 - - [31/Jan/2016:00:46:06 -0500] "GET /BLA/resoluciones/RESOLUCIONES%202010/1996.pdf HTTP/1.1" 200 340462
66.249.66.117 - - [31/Jan/2016:00:46:13 -0500] "GET /BLA/resoluciones/RESOLUCIONES%202010/0379.pdf HTTP/1.1" 200 109630
66.249.66.117 - - [31/Jan/2016:00:46:20 -0500] "GET /BLA/resoluciones/RESOLUCIONES%202010/0414.pdf HTTP/1.1" 200 509277
66.249.66.117 - - [31/Jan/2016:00:46:27 -0500] "GET /BLA/resoluciones/RESOLUCIONES%202008/3458.pdf HTTP/1.1" 200 141476
66.249.66.117 - - [31/Jan/2016:00:46:34 -0500] "GET /BLA/resoluciones/RESOLUCIONES%202010/0561.pdf HTTP/1.1" 200 94823
66.249.66.117 - - [31/Jan/2016:00:46:42 -0500] "GET /BLA/resoluciones/RESOLUCIONES%202010/2476.pdf HTTP/1.1" 200 497543
40.77.167.48 - - [31/Jan/2016:00:46:42 -0500] "GET /ecodirectorio/ HTTP/1.1" 304 -
66.249.66.117 - - [31/Jan/2016:00:46:49 -0500] "GET /BLA/resoluciones/RESOLUCIONES%202009/3715.pdf HTTP/1.1" 200 36730
66.249.88.223 - - [31/Jan/2016:00:46:52 -0500] "GET /BLA/resoluciones/AUTOS%202008/0186.pdf HTTP/1.1" 200 117274
186.28.216.105 - - [31/Jan/2016:00:46:54 -0500] "GET /BLA/resoluciones/AUTOS%202008/0186.pdf HTTP/1.1" 200 117274
66.249.66.117 - - [31/Jan/2016:00:46:56 -0500] "GET /BLA/resoluciones/RESOLUCIONES%202010/1369.pdf HTTP/1.1" 200 386522
66.249.66.117 - - [31/Jan/2016:00:47:03 -0500] "GET /BLA/resoluciones/RESOLUCIONES%202009/8240.pdf HTTP/1.1" 200 331140
66.249.66.117 - - [31/Jan/2016:00:47:10 -0500] "GET /BLA/resoluciones/RESOLUCIONES%202009/7878.pdf HTTP/1.1" 200 391888
66.249.66.117 - - [31/Jan/2016:00:47:17 -0500] "GET /BLA/resoluciones/RESOLUCIONES%202009/1754.pdf HTTP/1.1" 200 503274
66.249.66.117 - - [31/Jan/2016:00:47:25 -0500] "GET /BLA/resoluciones/RESOLUCIONES%202009/4636.pdf HTTP/1.1" 200 651768
181.54.109.225 - - [31/Jan/2016:00:47:25 -0500] "GET /galeria/nivo-slider/demo/demo.html HTTP/1.1" 304 -
181.54.109.225 - - [31/Jan/2016:00:47:27 -0500] "GET /galeria/nivo-slider/demo/images/dia-sin-carro-2016.jpg HTTP/1.1" 304 -
181.54.109.225 - - [31/Jan/2016:00:47:27 -0500] "GET /galeria/nivo-slider/demo/images/ABC-Plan-de-contigencia.jpg HTTP/1.1" 304 -
66.249.66.117 - - [31/Jan/2016:00:47:32 -0500] "GET /BLA/resoluciones/RESOLUCIONES%202009/3343.pdf HTTP/1.1" 200 610607
181.54.109.225 - - [31/Jan/2016:00:47:34 -0500] "GET /galeria/nivo-slider/demo/images/ecolecta-Dic2014.png HTTP/1.1" 304 -
66.249.66.117 - - [31/Jan/2016:00:47:39 -0500] "GET /BLA/resoluciones/RESOLUCIONES%202009/8772.pdf HTTP/1.1" 200 1289326
66.249.66.117 - - [31/Jan/2016:00:47:46 -0500] "GET /BLA/resoluciones/AUTOS%202013/0280.pdf HTTP/1.1" 304 -
66.249.66.117 - - [31/Jan/2016:00:47:53 -0500] "GET /BLA/resoluciones/RESOLUCIONES%202007/RES%202007%203201%20AL%203300/RESOLUCION%203257%20DE%202007.pdf HTTP/1.1" 304 -
66.249.66.117 - - [31/Jan/2016:00:48:00 -0500] "GET /BLA/resoluciones/RESOLUCIONES%202009/1601.pdf HTTP/1.1" 200 607663
66.249.66.117 - - [31/Jan/2016:00:48:07 -0500] "GET /BLA/resoluciones/AUTOS%202013/0867.pdf HTTP/1.1" 200 1598274
66.249.66.117 - - [31/Jan/2016:00:48:15 -0500] "GET /BLA/resoluciones/RESOLUCIONES%202009/3898.pdf HTTP/1.1" 200 253141
66.249.66.117 - - [31/Jan/2016:00:48:22 -0500] "GET /BLA/resoluciones/AUTOS%202012/1204.pdf HTTP/1.1" 200 171488
66.249.66.117 - - [31/Jan/2016:00:48:29 -0500] "GET /BLA/resoluciones/RESOLUCIONES%202010/1993.pdf HTTP/1.1" 200 335556
66.249.66.117 - - [31/Jan/2016:00:48:36 -0500] "GET /BLA/resoluciones/AUTOS%202010/3922.pdf HTTP/1.1" 200 107228
66.249.66.117 - - [31/Jan/2016:00:48:43 -0500] "GET /BLA/resoluciones/AUTOS%202009/2381.pdf HTTP/1.1" 200 252276
66.249.66.117 - - [31/Jan/2016:00:48:50 -0500] "GET /BLA/resoluciones/AUTOS%202012/0056.pdf HTTP/1.1" 200 155837
66.249.66.117 - - [31/Jan/2016:00:48:58 -0500] "GET /BLA/resoluciones/RESOLUCIONES%202010/1730.pdf HTTP/1.1" 200 83477
66.249.66.117 - - [31/Jan/2016:00:49:05 -0500] "GET /BLA/resoluciones/AUTOS%202011/2957.pdf HTTP/1.1" 200 508353
66.249.66.117 - - [31/Jan/2016:00:49:12 -0500] "GET /BLA/resoluciones/RESOLUCIONES%202011/1029.pdf HTTP/1.1" 200 78991
40.77.167.105 - - [31/Jan/2016:00:49:16 -0500] "GET /BLA/boletinlegal/jurisprudencia.php HTTP/1.1" 200 12511
66.249.66.117 - - [31/Jan/2016:00:49:19 -0500] "GET /BLA/resoluciones/RESOLUCIONES%202009/4776.pdf HTTP/1.1" 200 168558
66.249.66.117 - - [31/Jan/2016:00:49:26 -0500] "GET /BLA/resoluciones/RESOLUCIONES%202009/2980.pdf HTTP/1.1" 200 471651
66.249.66.117 - - [31/Jan/2016:00:49:33 -0500] "GET /BLA/resoluciones/RESOLUCIONES%202008/3822.pdf HTTP/1.1" 200 92335
66.249.66.117 - - [31/Jan/2016:00:49:40 -0500] "GET /BLA/resoluciones/AUTOS%202011/6154.pdf HTTP/1.1" 200 823185
74.208.16.87 - - [31/Jan/2016:00:49:46 -0500] "GET /old/wp-admin/ HTTP/1.1" 404 1018
66.249.66.117 - - [31/Jan/2016:00:49:48 -0500] "GET /BLA/resoluciones/RESOLUCIONES%202010/7247.pdf HTTP/1.1" 200 324039
66.249.66.117 - - [31/Jan/2016:00:49:55 -0500] "GET /BLA/resoluciones/RESOLUCIONES%202009/9383.pdf HTTP/1.1" 200 104162
66.249.66.117 - - [31/Jan/2016:00:50:02 -0500] "GET /BLA/resoluciones/RESOLUCIONES%202010/7072.pdf HTTP/1.1" 200 77241
66.249.66.117 - - [31/Jan/2016:00:50:09 -0500] "GET /BLA/resoluciones/RESOLUCIONES%202011/5610.pdf HTTP/1.1" 200 461119
40.77.167.48 - - [31/Jan/2016:00:50:15 -0500] "GET /BLA/boletinlegal/js/jquery1.js HTTP/1.1" 200 29846
40.77.167.48 - - [31/Jan/2016:00:50:15 -0500] "GET /BLA/boletinlegal/js/lib.js HTTP/1.1" 200 6474
66.249.66.117 - - [31/Jan/2016:00:50:16 -0500] "GET /BLA/resoluciones/RESOLUCIONES%202008/3997.pdf HTTP/1.1" 200 381032
66.249.66.117 - - [31/Jan/2016:00:50:23 -0500] "GET /BLA/resoluciones/RESOLUCIONES%202010/4191.pdf HTTP/1.1" 200 394048
190.242.80.4 - - [31/Jan/2016:00:50:28 -0500] "GET /BLA/resoluciones/RESOLUCIONES%202007/RES%202007%20701%20AL%20800/RESOLUCION%200705%20DE%202007.pdf HTTP/1.1" 200 1060513
190.242.80.4 - - [31/Jan/2016:00:50:29 -0500] "GET /favicon.ico HTTP/1.1" 200 7782
66.249.66.117 - - [31/Jan/2016:00:50:31 -0500] "GET /BLA/resoluciones/RESOLUCIONES%202010/0454.pdf HTTP/1.1" 200 109202
190.242.80.4 - - [31/Jan/2016:00:50:31 -0500] "GET /BLA/resoluciones/RESOLUCIONES%202007/RES%202007%20701%20AL%20800/RESOLUCION%200705%20DE%202007.pdf HTTP/1.1" 206 32768
190.242.80.4 - - [31/Jan/2016:00:50:31 -0500] "GET /BLA/resoluciones/RESOLUCIONES%202007/RES%202007%20701%20AL%20800/RESOLUCION%200705%20DE%202007.pdf HTTP/1.1" 206 1027745
66.249.66.117 - - [31/Jan/2016:00:50:38 -0500] "GET /BLA/resoluciones/RESOLUCIONES%202010/0324.pdf HTTP/1.1" 200 142082
66.249.66.117 - - [31/Jan/2016:00:50:45 -0500] "GET /BLA/resoluciones/RESOLUCIONES%202011/0316.pdf HTTP/1.1" 200 87119
66.249.66.117 - - [31/Jan/2016:00:50:52 -0500] "GET /BLA/resoluciones/RESOLUCIONES%202010/4014.pdf HTTP/1.1" 200 63874
66.249.66.47 - - [31/Jan/2016:00:50:58 -0500] "GET /BLA/boletinlegal/js/ajax_conceptos.js HTTP/1.1" 200 1326
66.249.66.47 - - [31/Jan/2016:00:50:58 -0500] "GET /BLA/boletinlegal/niceforms-default.css HTTP/1.1" 200 6694
66.249.66.117 - - [31/Jan/2016:00:50:59 -0500] "GET /BLA/resoluciones/AUTOS%202013/3115.pdf HTTP/1.1" 200 346483
66.249.66.117 - - [31/Jan/2016:00:51:00 -0500] "GET /portel_dama/libreria/php/2006/restauracion/55_artic/xtras/2.pdf HTTP/1.1" 404 1018
69.162.124.233 - - [31/Jan/2016:00:51:05 -0500] "HEAD / HTTP/1.1" 200 -
66.249.66.117 - - [31/Jan/2016:00:51:06 -0500] "GET /BLA/resoluciones/RESOLUCIONES%202010/0921.pdf HTTP/1.1" 200 101250
66.249.66.117 - - [31/Jan/2016:00:51:13 -0500] "GET /BLA/resoluciones/RESOLUCIONES%202010/0778.pdf HTTP/1.1" 200 107342
66.249.66.117 - - [31/Jan/2016:00:51:15 -0500] "GET /BLA/resoluciones/Autos%202008/0698.pdf HTTP/1.1" 200 174827
66.249.66.117 - - [31/Jan/2016:00:51:21 -0500] "GET /BLA/resoluciones/RESOLUCIONES%202011/5007.pdf HTTP/1.1" 200 348039
66.249.66.117 - - [31/Jan/2016:00:51:28 -0500] "GET /BLA/resoluciones/AUTOS%202011/4286.pdf HTTP/1.1" 200 268409
74.208.16.115 - - [31/Jan/2016:00:51:31 -0500] "GET /blog/wp-admin/ HTTP/1.1" 404 1018
66.249.66.117 - - [31/Jan/2016:00:51:35 -0500] "GET /BLA/resoluciones/RESOLUCIONES%202010/0708.pdf HTTP/1.1" 200 105588
192.185.4.141 - - [31/Jan/2016:00:51:39 -0500] "GET /Autoliquidacion/index.php?dir=Solicitudes%20relacionadas%20con%20calidad%20del%20aire%20auditiva%20y%20visual%2FEvaluaci%F3n%20certificado%20de%20Intensidad%20Auditiva%2F'\" HTTP/1.1" 200 6982
192.185.4.141 - - [31/Jan/2016:00:51:39 -0500] "GET /Autoliquidacion/index.php?dir=Solicitudes%20relacionadas%20con%20calidad%20del%20aire%20auditiva%20y%20visual%2FEvaluaci%F3n%20certificado%20de%20Intensidad%20Auditiva%2F HTTP/1.1" 200 2811
192.185.4.141 - - [31/Jan/2016:00:51:39 -0500] "GET /Autoliquidacion/index.php?dir=Solicitudes%20relacionadas%20con%20calidad%20del%20aire%20auditiva%20y%20visual%2FEvaluaci%F3n%20certificado%20de%20Intensidad%20Auditiva%2F2121121121212.1 HTTP/1.1" 200 7021
192.185.4.141 - - [31/Jan/2016:00:51:40 -0500] "GET /Autoliquidacion/index.php?dir=Solicitudes%20relacionadas%20con%20calidad%20del%20aire%20auditiva%20y%20visual%2FEvaluaci%F3n%20certificado%20de%20Intensidad%20Auditiva%2F%20and%201%3D1 HTTP/1.1" 200 7000
192.185.4.141 - - [31/Jan/2016:00:51:40 -0500] "GET /Autoliquidacion/index.php?dir=Solicitudes%20relacionadas%20con%20calidad%20del%20aire%20auditiva%20y%20visual%2FEvaluaci%F3n%20certificado%20de%20Intensidad%20Auditiva%2F%20and%201%3E1 HTTP/1.1" 200 7000
192.185.4.141 - - [31/Jan/2016:00:51:41 -0500] "GET /Autoliquidacion/index.php?dir=Solicitudes%20relacionadas%20con%20calidad%20del%20aire%20auditiva%20y%20visual%2FEvaluaci%F3n%20certificado%20de%20Intensidad%20Auditiva%2F%27%20and%20%27x%27%3D%27x HTTP/1.1" 200 7012
192.185.4.141 - - [31/Jan/2016:00:51:41 -0500] "GET /Autoliquidacion/index.php?dir=Solicitudes%20relacionadas%20con%20calidad%20del%20aire%20auditiva%20y%20visual%2FEvaluaci%F3n%20certificado%20de%20Intensidad%20Auditiva%2F%27%20and%20%27x%27%3D%27y HTTP/1.1" 200 7012
192.185.4.141 - - [31/Jan/2016:00:51:41 -0500] "GET /Autoliquidacion/index.php?dir=Solicitudes%20relacionadas%20con%20calidad%20del%20aire%20auditiva%20y%20visual%2FEvaluaci%F3n%20certificado%20de%20Intensidad%20Auditiva%2F\"%20and%20\"x\"%3D\"x HTTP/1.1" 200 7012
192.185.4.141 - - [31/Jan/2016:00:51:42 -0500] "GET /Autoliquidacion/index.php?dir=Solicitudes%20relacionadas%20con%20calidad%20del%20aire%20auditiva%20y%20visual%2FEvaluaci%F3n%20certificado%20de%20Intensidad%20Auditiva%2F%22%20and%20%22x%22%3D%22y HTTP/1.1" 200 7012
192.185.4.141 - - [31/Jan/2016:00:51:42 -0500] "GET /Autoliquidacion/index.php?dir=Solicitudes%20relacionadas%20con%20calidad%20del%20aire%20auditiva%20y%20visual%2FEvaluaci%F3n%20certificado%20de%20Intensidad%20Auditiva%2F%20AND%201=1 HTTP/1.1" 200 7000
66.249.66.117 - - [31/Jan/2016:00:51:42 -0500] "GET /BLA/resoluciones/RESOLUCIONES%202010/3096.pdf HTTP/1.1" 200 349412
192.185.4.141 - - [31/Jan/2016:00:51:42 -0500] "GET /Autoliquidacion/index.php?dir=Solicitudes%20relacionadas%20con%20calidad%20del%20aire%20auditiva%20y%20visual%2FEvaluaci%F3n%20certificado%20de%20Intensidad%20Auditiva%2F HTTP/1.0" 200 2811
66.249.66.117 - - [31/Jan/2016:00:51:49 -0500] "GET /BLA/resoluciones/RESOLUCIONES%202010/1994.pdf HTTP/1.1" 200 337800
66.249.66.117 - - [31/Jan/2016:00:51:56 -0500] "GET /BLA/resoluciones/RESOLUCIONES%202010/3710.pdf HTTP/1.1" 200 51086
66.249.66.117 - - [31/Jan/2016:00:52:04 -0500] "GET /BLA/resoluciones/RESOLUCIONES%202010/3347.pdf HTTP/1.1" 200 356332
66.249.66.117 - - [31/Jan/2016:00:52:11 -0500] "GET /BLA/resoluciones/RESOLUCIONES%202010/4352.pdf HTTP/1.1" 200 524775
66.249.66.117 - - [31/Jan/2016:00:52:18 -0500] "GET /BLA/resoluciones/RESOLUCIONES%202010/0388.pdf HTTP/1.1" 200 57684
66.249.66.117 - - [31/Jan/2016:00:52:25 -0500] "GET /BLA/resoluciones/RESOLUCIONES%202010/0076.pdf HTTP/1.1" 200 526578
75.98.175.123 - - [31/Jan/2016:00:52:26 -0500] "POST /wp-login.php HTTP/1.1" 301 332
66.249.66.117 - - [31/Jan/2016:00:52:32 -0500] "GET /BLA/resoluciones/RESOLUCIONES%202009/4347.pdf HTTP/1.1" 200 413871
66.249.66.117 - - [31/Jan/2016:00:52:39 -0500] "GET /BLA/resoluciones/AUTOS%202010/5900.pdf HTTP/1.1" 200 1691555
66.249.66.117 - - [31/Jan/2016:00:52:49 -0500] "GET /BLA/resoluciones/RESOLUCIONES%202010/6627.pdf HTTP/1.1" 200 1092530
66.249.66.117 - - [31/Jan/2016:00:52:54 -0500] "GET /BLA/resoluciones/RESOLUCIONES%202010/3178.pdf HTTP/1.1" 200 525565
66.249.66.117 - - [31/Jan/2016:00:53:01 -0500] "GET /BLA/resoluciones/RESOLUCIONES%202007/RES%202007%203501%20AL%203600/RESOLUCION%203580%20DE%202007.pdf HTTP/1.1" 200 135346
66.249.66.117 - - [31/Jan/2016:00:53:08 -0500] "GET /BLA/resoluciones/RESOLUCIONES%202013/1318.pdf HTTP/1.1" 200 505067
186.155.18.128 - - [31/Jan/2016:00:53:15 -0500] "GET /BLA/boletinlegal/js/jquery.scrollShow.js HTTP/1.1" 200 4586
186.155.18.128 - - [31/Jan/2016:00:53:15 -0500] "GET /galeria/galeria/jquery.fancybox.css?v=2.1.5 HTTP/1.1" 200 4895
186.155.18.128 - - [31/Jan/2016:00:53:15 -0500] "GET /galeria/galeria/jquery.fancybox.js?v=2.1.5 HTTP/1.1" 200 48706
66.249.66.117 - - [31/Jan/2016:00:53:15 -0500] "GET /BLA/resoluciones/AUTOS%202013/0296.pdf HTTP/1.1" 200 1122383
66.249.66.117 - - [31/Jan/2016:00:53:22 -0500] "GET /BLA/resoluciones/AUTOS%202012/0075.pdf HTTP/1.1" 200 172932
66.249.66.44 - - [31/Jan/2016:00:53:30 -0500] "GET /SIG/Gesti%C3%B3n%20Talento%20Humano/126PA01-PR11.pdf HTTP/1.1" 200 61795
66.249.66.117 - - [31/Jan/2016:00:53:37 -0500] "GET /BLA/resoluciones/AUTOS%202012/0964.pdf HTTP/1.1" 200 172709
66.249.66.117 - - [31/Jan/2016:00:53:44 -0500] "GET /BLA/resoluciones/RESOLUCIONES%202011/1581.pdf HTTP/1.1" 200 70155
66.249.66.117 - - [31/Jan/2016:00:53:51 -0500] "GET /BLA/resoluciones/RESOLUCIONES%202011/1397.pdf HTTP/1.1" 200 73541
66.249.66.117 - - [31/Jan/2016:00:53:58 -0500] "GET /BLA/resoluciones/RESOLUCIONES%202009/1348.pdf HTTP/1.1" 200 535813
66.249.66.117 - - [31/Jan/2016:00:54:05 -0500] "GET /BLA/resoluciones/RESOLUCIONES%202011/4651.pdf HTTP/1.1" 200 628228
66.249.66.117 - - [31/Jan/2016:00:54:12 -0500] "GET /BLA/resoluciones/RESOLUCIONES%202010/0813.pdf HTTP/1.1" 200 98087
186.155.18.128 - - [31/Jan/2016:00:54:19 -0500] "GET /galeria/galeria/jquery.fancybox.css?v=2.1.5 HTTP/1.1" 304 -
186.155.18.128 - - [31/Jan/2016:00:54:19 -0500] "GET /BLA/boletinlegal/js/jquery.scrollShow.js HTTP/1.1" 304 -
186.155.18.128 - - [31/Jan/2016:00:54:19 -0500] "GET /galeria/galeria/jquery.fancybox.js?v=2.1.5 HTTP/1.1" 304 -
66.249.66.117 - - [31/Jan/2016:00:54:19 -0500] "GET /BLA/resoluciones/RESOLUCIONES%202010/0833.pdf HTTP/1.1" 200 108124
66.249.66.117 - - [31/Jan/2016:00:54:27 -0500] "GET /BLA/resoluciones/RESOLUCIONES%202010/3727.pdf HTTP/1.1" 200 495661
66.249.66.117 - - [31/Jan/2016:00:54:34 -0500] "GET /BLA/resoluciones/RESOLUCIONES%202010/0049.pdf HTTP/1.1" 200 502913
66.249.66.117 - - [31/Jan/2016:00:54:41 -0500] "GET /BLA/resoluciones/AUTOS%202014/1922.pdf HTTP/1.1" 200 214298
66.249.66.117 - - [31/Jan/2016:00:54:48 -0500] "GET /BLA/resoluciones/RESOLUCIONES%202009/0418.pdf HTTP/1.1" 200 232529
40.77.167.20 - - [31/Jan/2016:00:54:51 -0500] "GET /robots.txt HTTP/1.1" 301 334
66.249.66.117 - - [31/Jan/2016:00:54:55 -0500] "GET /BLA/resoluciones/RESOLUCIONES%202009/7654.pdf HTTP/1.1" 200 528965
66.249.66.117 - - [31/Jan/2016:00:55:02 -0500] "GET /BLA/resoluciones/RESOLUCIONES%202009/5317.pdf HTTP/1.1" 200 572069
66.249.66.117 - - [31/Jan/2016:00:55:05 -0500] "GET /PORTAL_SIAC/swf/vallas.swf HTTP/1.1" 200 18911
66.249.66.117 - - [31/Jan/2016:00:55:10 -0500] "GET /BLA/resoluciones/RESOLUCIONES%202009/7863.pdf HTTP/1.1" 200 764127
40.77.167.48 - - [31/Jan/2016:00:55:10 -0500] "GET /robots.txt HTTP/1.1" 404 1019
40.77.167.48 - - [31/Jan/2016:00:55:11 -0500] "GET /robots.txt HTTP/1.1" 404 1019
66.249.66.117 - - [31/Jan/2016:00:55:17 -0500] "GET /BLA/resoluciones/RESOLUCIONES%202009/1587.pdf HTTP/1.1" 200 583409
66.249.66.117 - - [31/Jan/2016:00:55:24 -0500] "GET /BLA/resoluciones/RESOLUCIONES%202011/4464.pdf HTTP/1.1" 200 548396
66.249.66.117 - - [31/Jan/2016:00:55:31 -0500] "GET /BLA/resoluciones/RESOLUCIONES%202010/7217.pdf HTTP/1.1" 200 49943
66.249.66.117 - - [31/Jan/2016:00:55:33 -0500] "GET /BLA/resoluciones/RESOLUCIONES%202004/RES%202004%2051-100/00000068.tif HTTP/1.1" 200 102548
66.249.66.117 - - [31/Jan/2016:00:55:38 -0500] "GET /BLA/resoluciones/RESOLUCIONES%202010/1247.pdf HTTP/1.1" 200 106814
40.77.167.48 - - [31/Jan/2016:00:55:41 -0500] "GET /ecodirectorio/ HTTP/1.1" 304 -
66.249.66.117 - - [31/Jan/2016:00:55:45 -0500] "GET /BLA/resoluciones/RESOLUCIONES%202010/1246.pdf HTTP/1.1" 200 104564
66.249.66.117 - - [31/Jan/2016:00:55:52 -0500] "GET /BLA/resoluciones/RESOLUCIONES%202010/3802.pdf HTTP/1.1" 200 486603
66.249.66.117 - - [31/Jan/2016:00:56:00 -0500] "GET /BLA/resoluciones/RESOLUCIONES%202009/8702.pdf HTTP/1.1" 200 418035
69.162.124.233 - - [31/Jan/2016:00:56:05 -0500] "HEAD / HTTP/1.1" 200 -
66.249.66.117 - - [31/Jan/2016:00:56:07 -0500] "GET /BLA/resoluciones/RESOLUCIONES%202009/1349.pdf HTTP/1.1" 200 530495
66.249.66.117 - - [31/Jan/2016:00:56:14 -0500] "GET /BLA/resoluciones/RESOLUCIONES%202009/3231.pdf HTTP/1.1" 200 807536
66.249.66.117 - - [31/Jan/2016:00:56:21 -0500] "GET /BLA/resoluciones/RESOLUCIONES%202009/0841.pdf HTTP/1.1" 200 321523
66.249.66.117 - - [31/Jan/2016:00:56:28 -0500] "GET /BLA/resoluciones/RESOLUCIONES%202009/4004.pdf HTTP/1.1" 200 499351
66.249.66.117 - - [31/Jan/2016:00:56:35 -0500] "GET /BLA/resoluciones/RESOLUCIONES%202010/4961.pdf HTTP/1.1" 200 248407
