66.249.66.117 - - [31/Jan/2016:00:56:43 -0500] "GET /BLA/resoluciones/RESOLUCIONES%202011/3766.pdf HTTP/1.1" 200 470903
66.249.66.117 - - [31/Jan/2016:00:56:50 -0500] "GET /BLA/resoluciones/RESOLUCIONES%202010/3630.pdf HTTP/1.1" 200 319312
66.249.66.117 - - [31/Jan/2016:00:56:57 -0500] "GET /BLA/resoluciones/RESOLUCIONES%202011/0028.pdf HTTP/1.1" 200 422848
66.249.66.117 - - [31/Jan/2016:00:57:04 -0500] "GET /BLA/resoluciones/RESOLUCIONES%202010/1181.pdf HTTP/1.1" 200 101936
200.118.11.105 - - [31/Jan/2016:00:57:08 -0500] "GET /galeria/galeria/jquery.fancybox.css?v=2.1.5 HTTP/1.1" 200 4895
200.118.11.105 - - [31/Jan/2016:00:57:08 -0500] "GET /BLA/boletinlegal/js/jquery.scrollShow.js HTTP/1.1" 200 4586
200.118.11.105 - - [31/Jan/2016:00:57:09 -0500] "GET /galeria/galeria/jquery.fancybox.js?v=2.1.5 HTTP/1.1" 200 48706
66.249.66.117 - - [31/Jan/2016:00:57:11 -0500] "GET /BLA/resoluciones/RESOLUCIONES%202009/2335.pdf HTTP/1.1" 200 767399
66.249.66.117 - - [31/Jan/2016:00:57:18 -0500] "GET /resoluciones/RESOLUCIONES%202007/RES%202007%202001%20AL%202100/RESOLUCION%202040%20DE%202007.pdf HTTP/1.1" 404 1018
200.118.11.105 - - [31/Jan/2016:00:57:21 -0500] "GET /galeria/galeria/jquery.fancybox.js?v=2.1.5 HTTP/1.1" 200 48706
200.118.11.105 - - [31/Jan/2016:00:57:21 -0500] "GET /BLA/boletinlegal/js/jquery.scrollShow.js HTTP/1.1" 200 4586
66.249.66.117 - - [31/Jan/2016:00:57:25 -0500] "GET /BLA/resoluciones/RESOLUCIONES%202009/8648.pdf HTTP/1.1" 200 92131
200.118.11.105 - - [31/Jan/2016:00:57:26 -0500] "GET /BLA/boletinlegal/js/jquery.scrollShow.js HTTP/1.1" 304 -
200.118.11.105 - - [31/Jan/2016:00:57:26 -0500] "GET /galeria/galeria/jquery.fancybox.js?v=2.1.5 HTTP/1.1" 304 -
200.118.11.105 - - [31/Jan/2016:00:57:31 -0500] "GET /galeria/galeria/jquery.fancybox.css?v=2.1.5 HTTP/1.1" 304 -
66.249.66.117 - - [31/Jan/2016:00:57:33 -0500] "GET /BLA/resoluciones/RESOLUCIONES%202009/1213.pdf HTTP/1.1" 200 562213
74.208.16.115 - - [31/Jan/2016:00:57:34 -0500] "GET /wp/wp-admin/ HTTP/1.1" 404 1018
66.249.66.117 - - [31/Jan/2016:00:57:40 -0500] "GET /BLA/resoluciones/RESOLUCIONES%202009/8233.pdf HTTP/1.1" 200 357674
180.76.15.31 - - [31/Jan/2016:00:57:42 -0500] "GET /BLA/resoluciones/RESOLUCIONES%202010/2853.pdf HTTP/1.1" 200 4821097
66.249.66.117 - - [31/Jan/2016:00:57:47 -0500] "GET /BLA/resoluciones/RESOLUCIONES%202012/0961.pdf HTTP/1.1" 200 571802
66.249.66.117 - - [31/Jan/2016:00:57:54 -0500] "GET /BLA/resoluciones/AUTOS%202014/3957.pdf HTTP/1.1" 200 499809
200.118.11.105 - - [31/Jan/2016:00:57:55 -0500] "GET /galeria/galeria/jquery.fancybox.css?v=2.1.5 HTTP/1.1" 304 -
200.118.11.105 - - [31/Jan/2016:00:57:55 -0500] "GET /BLA/boletinlegal/js/jquery.scrollShow.js HTTP/1.1" 304 -
200.118.11.105 - - [31/Jan/2016:00:57:55 -0500] "GET /galeria/galeria/jquery.fancybox.js?v=2.1.5 HTTP/1.1" 304 -
66.249.66.117 - - [31/Jan/2016:00:58:01 -0500] "GET /BLA/resoluciones/RESOLUCIONES%202010/7845.pdf HTTP/1.1" 200 39163
66.249.66.117 - - [31/Jan/2016:00:58:08 -0500] "GET /BLA/resoluciones/RESOLUCIONES%202009/6460.pdf HTTP/1.1" 200 509532
66.249.66.117 - - [31/Jan/2016:00:58:16 -0500] "GET /BLA/resoluciones/AUTOS%202009/1875.pdf HTTP/1.1" 200 101377
66.249.66.117 - - [31/Jan/2016:00:58:23 -0500] "GET /BLA/resoluciones/RESOLUCIONES%202010/1154.pdf HTTP/1.1" 200 105526
66.249.66.117 - - [31/Jan/2016:00:58:30 -0500] "GET /BLA/resoluciones/RESOLUCIONES%202010/6958.pdf HTTP/1.1" 200 181405
66.249.66.117 - - [31/Jan/2016:00:58:37 -0500] "GET /BLA/resoluciones/RESOLUCIONES%202013/1164.pdf HTTP/1.1" 200 400875
66.249.66.117 - - [31/Jan/2016:00:58:44 -0500] "GET /BLA/resoluciones/RESOLUCIONES%202009/1855.pdf HTTP/1.1" 200 526793
66.249.66.117 - - [31/Jan/2016:00:58:51 -0500] "GET /BLA/resoluciones/RESOLUCIONES%202010/4366.pdf HTTP/1.1" 200 499597
66.249.66.117 - - [31/Jan/2016:00:58:59 -0500] "GET /BLA/resoluciones/RESOLUCIONES%202009/2931.pdf HTTP/1.1" 200 409091
66.249.66.117 - - [31/Jan/2016:00:59:06 -0500] "GET /BLA/resoluciones/RESOLUCIONES%202010/1144.pdf HTTP/1.1" 200 120996
66.249.66.117 - - [31/Jan/2016:00:59:13 -0500] "GET /BLA/resoluciones/RESOLUCIONES%202009/9674.pdf HTTP/1.1" 200 496225
66.249.66.117 - - [31/Jan/2016:00:59:19 -0500] "GET /galeria/carrusel/Carrusel/jquery.thumbnailScroller.css HTTP/1.1" 200 2066
66.249.66.117 - - [31/Jan/2016:00:59:20 -0500] "GET /galeria/carrusel/Carrusel/jquery.thumbnailScroller.js HTTP/1.1" 200 8157
66.249.66.117 - - [31/Jan/2016:00:59:20 -0500] "GET /BLA/resoluciones/RESOLUCIONES%202009/6002.pdf HTTP/1.1" 200 112176
66.249.66.117 - - [31/Jan/2016:00:59:21 -0500] "GET /BLA/boletinlegal/js/jquery.scrollShow.js HTTP/1.1" 200 4586
66.249.66.117 - - [31/Jan/2016:00:59:21 -0500] "GET /galeria/galeria/jquery.fancybox.css?v=2.1.5 HTTP/1.1" 200 4895
66.249.66.117 - - [31/Jan/2016:00:59:22 -0500] "GET /galeria/carrusel/Carrusel/jquery-ui-1.8.13.custom.min.js HTTP/1.1" 200 10800
66.249.66.117 - - [31/Jan/2016:00:59:22 -0500] "GET /galeria/galeria/jquery.fancybox.js?v=2.1.5 HTTP/1.1" 200 48706
66.249.66.117 - - [31/Jan/2016:00:59:27 -0500] "GET /BLA/resoluciones/AUTOS%202014/7158.pdf HTTP/1.1" 304 -
66.249.66.117 - - [31/Jan/2016:00:59:34 -0500] "GET /BLA/resoluciones/RESOLUCIONES%202009/2503.pdf HTTP/1.1" 200 420574
66.249.66.117 - - [31/Jan/2016:00:59:36 -0500] "GET /galeria/nivo-slider/demo/demo.html HTTP/1.1" 200 3835
66.249.66.117 - - [31/Jan/2016:00:59:36 -0500] "GET /galeria/nivo-slider/themes/default/default.css HTTP/1.1" 200 1569
66.249.66.117 - - [31/Jan/2016:00:59:37 -0500] "GET /galeria/nivo-slider/themes/pascal/pascal.css HTTP/1.1" 200 2258
66.249.66.117 - - [31/Jan/2016:00:59:37 -0500] "GET /galeria/nivo-slider/themes/orman/orman.css HTTP/1.1" 200 2152
66.249.66.117 - - [31/Jan/2016:00:59:38 -0500] "GET /galeria/nivo-slider/nivo-slider.css HTTP/1.1" 200 1507
66.249.66.117 - - [31/Jan/2016:00:59:38 -0500] "GET /galeria/nivo-slider/demo/style.css HTTP/1.1" 200 2222
66.249.66.117 - - [31/Jan/2016:00:59:38 -0500] "GET /galeria/nivo-slider/jquery.nivo.slider.pack.js HTTP/1.1" 200 11561
66.249.66.117 - - [31/Jan/2016:00:59:39 -0500] "GET /galeria/nivo-slider/demo/scripts/jquery-1.7.1.min.js HTTP/1.1" 200 93868
66.249.66.117 - - [31/Jan/2016:00:59:41 -0500] "GET /BLA/resoluciones/RESOLUCIONES%202011/1543.pdf HTTP/1.1" 200 71221
66.249.66.117 - - [31/Jan/2016:00:59:49 -0500] "GET /BLA/resoluciones/RESOLUCIONES%202010/2459.pdf HTTP/1.1" 200 497024
66.249.66.117 - - [31/Jan/2016:00:59:56 -0500] "GET /BLA/resoluciones/RESOLUCIONES%202010/1666.pdf HTTP/1.1" 200 722411
66.249.66.117 - - [31/Jan/2016:01:00:03 -0500] "GET /BLA/resoluciones/RESOLUCIONES%202010/1385.pdf HTTP/1.1" 200 539187
181.63.112.153 - - [31/Jan/2016:01:00:07 -0500] "GET /BLA/resoluciones/index.php?dir=AUTOS+2013%2F HTTP/1.1" 200 379223
66.249.66.117 - - [31/Jan/2016:01:00:10 -0500] "GET /BLA/resoluciones/RESOLUCIONES%202010/0040.pdf HTTP/1.1" 200 529126
72.167.131.147 - - [31/Jan/2016:01:00:12 -0500] "POST /wp-login.php HTTP/1.1" 301 332
66.249.66.117 - - [31/Jan/2016:01:00:17 -0500] "GET /BLA/resoluciones/RESOLUCIONES%202010/1023.pdf HTTP/1.1" 200 94025
66.249.66.117 - - [31/Jan/2016:01:00:24 -0500] "GET /BLA/resoluciones/RESOLUCIONES%202009/0212.pdf HTTP/1.1" 200 142996
66.249.66.117 - - [31/Jan/2016:01:00:32 -0500] "GET /BLA/resoluciones/RESOLUCIONES%202008/3175.pdf HTTP/1.1" 200 241201
181.63.112.153 - - [31/Jan/2016:01:00:38 -0500] "GET /BLA/resoluciones/AUTOS%202013/0684.pdf HTTP/1.1" 200 767162
66.249.66.117 - - [31/Jan/2016:01:00:39 -0500] "GET /BLA/resoluciones/RESOLUCIONES%202010/0864.pdf HTTP/1.1" 200 436247
157.55.39.106 - - [31/Jan/2016:01:00:40 -0500] "GET /galeria/nivo-slider/themes/default/bullets.png HTTP/1.1" 200 1281
66.249.66.117 - - [31/Jan/2016:01:00:46 -0500] "GET /BLA/resoluciones/RESOLUCIONES%202009/9368.pdf HTTP/1.1" 200 535923
66.249.66.117 - - [31/Jan/2016:01:00:53 -0500] "GET /BLA/resoluciones/RESOLUCIONES%202009/7813.pdf HTTP/1.1" 200 526507
66.249.66.117 - - [31/Jan/2016:01:01:00 -0500] "GET /BLA/resoluciones/RESOLUCIONES%202011/1510.pdf HTTP/1.1" 200 71925
69.162.124.233 - - [31/Jan/2016:01:01:05 -0500] "HEAD / HTTP/1.1" 200 -
198.57.247.176 - - [31/Jan/2016:01:01:06 -0500] "-" 408 -
66.249.69.100 - - [31/Jan/2016:01:01:07 -0500] "GET /BLA/resoluciones/RESOLUCIONES%202010/3511.pdf HTTP/1.1" 200 360787
66.249.66.117 - - [31/Jan/2016:01:01:15 -0500] "GET /BLA/resoluciones/RESOLUCIONES%202010/1964.pdf HTTP/1.1" 200 495467
66.249.66.117 - - [31/Jan/2016:01:01:22 -0500] "GET /BLA/resoluciones/RESOLUCIONES%202009/8157.pdf HTTP/1.1" 200 522983
66.249.66.117 - - [31/Jan/2016:01:01:29 -0500] "GET /BLA/resoluciones/RESOLUCIONES%202010/2118.pdf HTTP/1.1" 200 427124
66.249.66.117 - - [31/Jan/2016:01:01:36 -0500] "GET /BLA/resoluciones/RESOLUCIONES%202010/7415.pdf HTTP/1.1" 200 80018
66.249.66.117 - - [31/Jan/2016:01:01:43 -0500] "GET /BLA/resoluciones/RESOLUCIONES%202011/1198.pdf HTTP/1.1" 200 347366
190.27.36.165 - - [31/Jan/2016:01:01:48 -0500] "GET /galeria/galeria/jquery.fancybox.css?v=2.1.5 HTTP/1.1" 200 4895
190.27.36.165 - - [31/Jan/2016:01:01:48 -0500] "GET /BLA/boletinlegal/js/jquery.scrollShow.js HTTP/1.1" 200 4586
190.27.36.165 - - [31/Jan/2016:01:01:48 -0500] "GET /galeria/galeria/jquery.fancybox.js?v=2.1.5 HTTP/1.1" 200 48706
66.249.66.117 - - [31/Jan/2016:01:01:50 -0500] "GET /BLA/resoluciones/RESOLUCIONES%202009/0691.pdf HTTP/1.1" 200 201603
190.27.36.165 - - [31/Jan/2016:01:01:54 -0500] "GET /BLA/boletinlegal/js/jquery.scrollShow.js HTTP/1.1" 304 -
190.27.36.165 - - [31/Jan/2016:01:01:54 -0500] "GET /galeria/galeria/jquery.fancybox.js?v=2.1.5 HTTP/1.1" 304 -
190.27.36.165 - - [31/Jan/2016:01:01:54 -0500] "GET /galeria/galeria/jquery.fancybox.css?v=2.1.5 HTTP/1.1" 304 -
190.27.36.165 - - [31/Jan/2016:01:01:55 -0500] "GET /galeria/galeria/jquery.fancybox.css?v=2.1.5 HTTP/1.1" 200 4895
66.249.66.117 - - [31/Jan/2016:01:01:57 -0500] "GET /BLA/resoluciones/RESOLUCIONES%202009/9785.pdf HTTP/1.1" 200 1005202
66.249.88.223 - - [31/Jan/2016:01:01:58 -0500] "GET /galeria/galeria/jquery.fancybox.js?v=2.1.5 HTTP/1.1" 200 48706
66.249.88.223 - - [31/Jan/2016:01:01:58 -0500] "GET /BLA/boletinlegal/js/jquery.scrollShow.js HTTP/1.1" 200 4586
66.249.66.117 - - [31/Jan/2016:01:02:04 -0500] "GET /BLA/resoluciones/RESOLUCIONES%202010/0597.pdf HTTP/1.1" 200 174416
66.249.66.117 - - [31/Jan/2016:01:02:12 -0500] "GET /BLA/resoluciones/RESOLUCIONES%202010/1228.pdf HTTP/1.1" 200 105660
66.249.64.96 - - [31/Jan/2016:01:02:19 -0500] "GET /BLA/resoluciones/RESOLUCIONES%202009/8095.pdf HTTP/1.1" 200 531743
66.249.66.41 - - [31/Jan/2016:01:02:24 -0500] "GET /galeria/nivo-slider/demo/images/Conejera1.jpg HTTP/1.1" 200 66367
66.249.66.117 - - [31/Jan/2016:01:02:26 -0500] "GET /BLA/resoluciones/RESOLUCIONES%202014/1667.pdf HTTP/1.1" 200 578914
66.249.88.223 - - [31/Jan/2016:01:02:28 -0500] "GET /galeria/galeria/jquery.fancybox.css?v=2.1.5 HTTP/1.1" 200 4895
66.249.66.117 - - [31/Jan/2016:01:02:33 -0500] "GET /BLA/resoluciones/RESOLUCIONES%202011/0559.pdf HTTP/1.1" 200 76675
66.249.66.117 - - [31/Jan/2016:01:02:40 -0500] "GET /BLA/resoluciones/RESOLUCIONES%202009/4033.pdf HTTP/1.1" 200 233827
66.249.66.117 - - [31/Jan/2016:01:02:47 -0500] "GET /BLA/resoluciones/RESOLUCIONES%202010/5273.pdf HTTP/1.1" 200 755643
66.249.66.117 - - [31/Jan/2016:01:02:55 -0500] "GET /BLA/resoluciones/RESOLUCIONES%202011/4305.pdf HTTP/1.1" 200 832822
66.249.66.117 - - [31/Jan/2016:01:02:56 -0500] "GET /BLA/resoluciones/RESOLUCIONES%202009/6916.pdf HTTP/1.1" 200 149098
66.249.66.117 - - [31/Jan/2016:01:03:02 -0500] "GET /BLA/resoluciones/RESOLUCIONES%202009/9569.pdf HTTP/1.1" 200 332654
66.249.66.117 - - [31/Jan/2016:01:03:09 -0500] "GET /BLA/resoluciones/RESOLUCIONES%202009/4562.pdf HTTP/1.1" 200 640647
66.249.66.117 - - [31/Jan/2016:01:03:16 -0500] "GET /BLA/resoluciones/RESOLUCIONES%202008/2682.pdf HTTP/1.1" 200 314398
66.249.66.117 - - [31/Jan/2016:01:03:23 -0500] "GET /BLA/resoluciones/RESOLUCIONES%202010/1347.pdf HTTP/1.1" 200 343450
74.208.16.115 - - [31/Jan/2016:01:03:24 -0500] "GET /old/wp-admin/ HTTP/1.1" 404 1018
66.249.66.117 - - [31/Jan/2016:01:03:29 -0500] "GET /BLA/resoluciones/Autos%202008/2823.pdf HTTP/1.1" 200 59111
66.249.66.117 - - [31/Jan/2016:01:03:30 -0500] "GET /BLA/resoluciones/RESOLUCIONES%202009/1629.pdf HTTP/1.1" 200 459094
66.249.66.117 - - [31/Jan/2016:01:03:38 -0500] "GET /BLA/resoluciones/RESOLUCIONES%202007/RES%202007%203501%20AL%203600/RESOLUCION%203510%20DE%202007.pdf HTTP/1.1" 200 280584
81.169.144.135 - - [31/Jan/2016:01:03:41 -0500] "GET /Autoliquidacion/index.php?dir=Solicitudes%20relacionadas%20con%20calidad%20del%20aire%20auditiva%20y%20visual%2FEvaluaci%F3n%20certificado%20de%20Intensidad%20Auditiva%2F'\" HTTP/1.1" 200 6982
81.169.144.135 - - [31/Jan/2016:01:03:42 -0500] "GET /Autoliquidacion/index.php?dir=Solicitudes%20relacionadas%20con%20calidad%20del%20aire%20auditiva%20y%20visual%2FEvaluaci%F3n%20certificado%20de%20Intensidad%20Auditiva%2F HTTP/1.1" 200 2811
81.169.144.135 - - [31/Jan/2016:01:03:43 -0500] "GET /Autoliquidacion/index.php?dir=Solicitudes%20relacionadas%20con%20calidad%20del%20aire%20auditiva%20y%20visual%2FEvaluaci%F3n%20certificado%20de%20Intensidad%20Auditiva%2F2121121121212.1 HTTP/1.1" 200 7021
81.169.144.135 - - [31/Jan/2016:01:03:44 -0500] "GET /Autoliquidacion/index.php?dir=Solicitudes%20relacionadas%20con%20calidad%20del%20aire%20auditiva%20y%20visual%2FEvaluaci%F3n%20certificado%20de%20Intensidad%20Auditiva%2F%20and%201%3D1 HTTP/1.1" 200 7000
66.249.66.117 - - [31/Jan/2016:01:03:45 -0500] "GET /BLA/resoluciones/RESOLUCIONES%202010/0479.pdf HTTP/1.1" 200 97949
81.169.144.135 - - [31/Jan/2016:01:03:45 -0500] "GET /Autoliquidacion/index.php?dir=Solicitudes%20relacionadas%20con%20calidad%20del%20aire%20auditiva%20y%20visual%2FEvaluaci%F3n%20certificado%20de%20Intensidad%20Auditiva%2F%20and%201%3E1 HTTP/1.1" 200 7000
81.169.144.135 - - [31/Jan/2016:01:03:46 -0500] "GET /Autoliquidacion/index.php?dir=Solicitudes%20relacionadas%20con%20calidad%20del%20aire%20auditiva%20y%20visual%2FEvaluaci%F3n%20certificado%20de%20Intensidad%20Auditiva%2F%27%20and%20%27x%27%3D%27x HTTP/1.1" 200 7012
81.169.144.135 - - [31/Jan/2016:01:03:47 -0500] "GET /Autoliquidacion/index.php?dir=Solicitudes%20relacionadas%20con%20calidad%20del%20aire%20auditiva%20y%20visual%2FEvaluaci%F3n%20certificado%20de%20Intensidad%20Auditiva%2F%27%20and%20%27x%27%3D%27y HTTP/1.1" 200 7012
81.169.144.135 - - [31/Jan/2016:01:03:48 -0500] "GET /Autoliquidacion/index.php?dir=Solicitudes%20relacionadas%20con%20calidad%20del%20aire%20auditiva%20y%20visual%2FEvaluaci%F3n%20certificado%20de%20Intensidad%20Auditiva%2F\"%20and%20\"x\"%3D\"x HTTP/1.1" 200 7012
81.169.144.135 - - [31/Jan/2016:01:03:49 -0500] "GET /Autoliquidacion/index.php?dir=Solicitudes%20relacionadas%20con%20calidad%20del%20aire%20auditiva%20y%20visual%2FEvaluaci%F3n%20certificado%20de%20Intensidad%20Auditiva%2F%22%20and%20%22x%22%3D%22y HTTP/1.1" 200 7012
81.169.144.135 - - [31/Jan/2016:01:03:50 -0500] "GET /Autoliquidacion/index.php?dir=Solicitudes%20relacionadas%20con%20calidad%20del%20aire%20auditiva%20y%20visual%2FEvaluaci%F3n%20certificado%20de%20Intensidad%20Auditiva%2F%20AND%201=1 HTTP/1.1" 200 7000
81.169.144.135 - - [31/Jan/2016:01:03:51 -0500] "GET /Autoliquidacion/index.php?dir=Solicitudes%20relacionadas%20con%20calidad%20del%20aire%20auditiva%20y%20visual%2FEvaluaci%F3n%20certificado%20de%20Intensidad%20Auditiva%2F HTTP/1.0" 200 2811
66.249.66.117 - - [31/Jan/2016:01:03:52 -0500] "GET /BLA/resoluciones/RESOLUCIONES%202009/7745.pdf HTTP/1.1" 200 342508
66.249.66.117 - - [31/Jan/2016:01:03:59 -0500] "GET /BLA/resoluciones/RESOLUCIONES%202010/0536.pdf HTTP/1.1" 200 395816
66.249.66.117 - - [31/Jan/2016:01:04:06 -0500] "GET /BLA/resoluciones/RESOLUCIONES%202009/0363.pdf HTTP/1.1" 200 352490
66.249.66.117 - - [31/Jan/2016:01:04:13 -0500] "GET /BLA/resoluciones/RESOLUCIONES%202009/0315.pdf HTTP/1.1" 200 264175
66.249.66.117 - - [31/Jan/2016:01:04:20 -0500] "GET /BLA/resoluciones/RESOLUCIONES%202010/7826.pdf HTTP/1.1" 200 355233
66.249.66.117 - - [31/Jan/2016:01:04:28 -0500] "GET /BLA/resoluciones/AUTOS%202008/3259.pdf HTTP/1.1" 200 63725
66.249.66.117 - - [31/Jan/2016:01:04:35 -0500] "GET /BLA/resoluciones/RESOLUCIONES%202011/1081.pdf HTTP/1.1" 200 65187
66.249.66.117 - - [31/Jan/2016:01:04:42 -0500] "GET /BLA/resoluciones/RESOLUCIONES%202008/1379.pdf HTTP/1.1" 200 284004
66.249.66.117 - - [31/Jan/2016:01:04:49 -0500] "GET /BLA/resoluciones/RESOLUCIONES%202008/5126.pdf HTTP/1.1" 200 555992
66.249.66.117 - - [31/Jan/2016:01:04:56 -0500] "GET /BLA/resoluciones/RESOLUCIONES%202009/3555.pdf HTTP/1.1" 200 707638
66.249.66.117 - - [31/Jan/2016:01:05:03 -0500] "GET /BLA/resoluciones/RESOLUCIONES%202009/3111.pdf HTTP/1.1" 200 480717
66.249.66.117 - - [31/Jan/2016:01:05:11 -0500] "GET /BLA/resoluciones/RESOLUCIONES%202008/2186.pdf HTTP/1.1" 200 430109
66.249.66.117 - - [31/Jan/2016:01:05:18 -0500] "GET /BLA/resoluciones/RESOLUCIONES%202009/9241.pdf HTTP/1.1" 200 518528
40.77.167.48 - - [31/Jan/2016:01:05:18 -0500] "GET /ecodirectorio/ HTTP/1.1" 304 -
66.249.66.117 - - [31/Jan/2016:01:05:25 -0500] "GET /BLA/resoluciones/RESOLUCIONES%202009/2734.pdf HTTP/1.1" 200 379658
66.249.66.117 - - [31/Jan/2016:01:05:32 -0500] "GET /BLA/resoluciones/RESOLUCIONES%202009/8274.pdf HTTP/1.1" 200 331953
66.249.66.117 - - [31/Jan/2016:01:05:39 -0500] "GET /BLA/resoluciones/AUTOS%202011/0899.pdf HTTP/1.1" 200 99753
66.249.66.117 - - [31/Jan/2016:01:05:46 -0500] "GET /BLA/resoluciones/RESOLUCIONES%202010/0678.pdf HTTP/1.1" 200 108010
66.249.66.117 - - [31/Jan/2016:01:05:53 -0500] "GET /BLA/resoluciones/RESOLUCIONES%202009/3078.pdf HTTP/1.1" 200 436861
66.249.66.117 - - [31/Jan/2016:01:06:01 -0500] "GET /BLA/resoluciones/RESOLUCIONES%202009/7112.pdf HTTP/1.1" 200 327155
69.162.124.233 - - [31/Jan/2016:01:06:05 -0500] "HEAD / HTTP/1.1" 200 -
66.249.66.117 - - [31/Jan/2016:01:06:08 -0500] "GET /BLA/resoluciones/RESOLUCIONES%202011/2008.pdf HTTP/1.1" 200 497934
66.249.66.117 - - [31/Jan/2016:01:06:15 -0500] "GET /BLA/resoluciones/RESOLUCIONES%202009/3020.pdf HTTP/1.1" 200 604804
66.249.66.117 - - [31/Jan/2016:01:06:22 -0500] "GET /BLA/resoluciones/RESOLUCIONES%202010/0013.pdf HTTP/1.1" 200 407879
66.249.66.117 - - [31/Jan/2016:01:06:29 -0500] "GET /BLA/resoluciones/RESOLUCIONES%202008/2259.pdf HTTP/1.1" 200 198596
66.249.66.117 - - [31/Jan/2016:01:06:36 -0500] "GET /BLA/resoluciones/RESOLUCIONES%202009/2550.pdf HTTP/1.1" 200 478364
66.249.66.117 - - [31/Jan/2016:01:06:44 -0500] "GET /BLA/resoluciones/RESOLUCIONES%202008/5414.pdf HTTP/1.1" 200 280012
66.249.66.117 - - [31/Jan/2016:01:06:51 -0500] "GET /BLA/resoluciones/AUTOS%202007/2376.pdf HTTP/1.1" 200 84330
66.249.66.117 - - [31/Jan/2016:01:06:58 -0500] "GET /BLA/resoluciones/RESOLUCIONES%202009/9728.pdf HTTP/1.1" 200 341060
66.249.66.117 - - [31/Jan/2016:01:07:05 -0500] "GET /BLA/resoluciones/RESOLUCIONES%202009/2242.pdf HTTP/1.1" 200 471283
66.249.66.117 - - [31/Jan/2016:01:07:12 -0500] "GET /BLA/resoluciones/RESOLUCIONES%202009/8078.pdf HTTP/1.1" 200 842843
184.168.200.229 - - [31/Jan/2016:01:07:14 -0500] "POST /wp-login.php HTTP/1.1" 301 332
66.249.66.117 - - [31/Jan/2016:01:07:19 -0500] "GET /BLA/resoluciones/RESOLUCIONES%202009/8267.pdf HTTP/1.1" 200 289287
66.249.66.117 - - [31/Jan/2016:01:07:26 -0500] "GET /BLA/resoluciones/RESOLUCIONES%202010/0548.pdf HTTP/1.1" 200 526925
66.249.66.117 - - [31/Jan/2016:01:07:34 -0500] "GET /BLA/resoluciones/RESOLUCIONES%202009/5905.pdf HTTP/1.1" 200 770388
66.249.66.117 - - [31/Jan/2016:01:07:41 -0500] "GET /BLA/resoluciones/RESOLUCIONES%202009/1131.pdf HTTP/1.1" 200 547782
66.249.66.117 - - [31/Jan/2016:01:07:48 -0500] "GET /BLA/resoluciones/RESOLUCIONES%202007/RES%202007%201901%20AL%202000/RESOLUCION%201960%20DE%202007.pdf HTTP/1.1" 200 149561
66.249.66.117 - - [31/Jan/2016:01:07:48 -0500] "GET /BLA/resoluciones/RESOLUCIONES%202009/7510.pdf HTTP/1.1" 200 517712
66.249.66.117 - - [31/Jan/2016:01:07:55 -0500] "GET /BLA/resoluciones/RESOLUCIONES%202011/4796.pdf HTTP/1.1" 200 387821
66.249.66.117 - - [31/Jan/2016:01:08:02 -0500] "GET /BLA/resoluciones/RESOLUCIONES%202009/8766.pdf HTTP/1.1" 200 281289
66.249.66.117 - - [31/Jan/2016:01:08:09 -0500] "GET /BLA/resoluciones/RESOLUCIONES%202009/7467.pdf HTTP/1.1" 200 713121
40.77.167.20 - - [31/Jan/2016:01:08:12 -0500] "GET / HTTP/1.1" 301 324
66.249.66.117 - - [31/Jan/2016:01:08:17 -0500] "GET /BLA/resoluciones/RESOLUCIONES%202009/0675.pdf HTTP/1.1" 200 238208
66.249.66.117 - - [31/Jan/2016:01:08:22 -0500] "GET /BLA/resoluciones/RESOLUCIONES%202011/2002.pdf HTTP/1.1" 200 574534
66.249.66.117 - - [31/Jan/2016:01:08:24 -0500] "GET /BLA/resoluciones/RESOLUCIONES%202010/4830.pdf HTTP/1.1" 200 754501
66.249.66.117 - - [31/Jan/2016:01:08:31 -0500] "GET /BLA/resoluciones/RESOLUCIONES%202010/3950.pdf HTTP/1.1" 200 52340
66.249.66.117 - - [31/Jan/2016:01:08:38 -0500] "GET /BLA/resoluciones/RESOLUCIONES%202010/2077.pdf HTTP/1.1" 200 210397
66.249.66.117 - - [31/Jan/2016:01:08:45 -0500] "GET /BLA/resoluciones/RESOLUCIONES%202011/4326.pdf HTTP/1.1" 200 730842
66.249.66.117 - - [31/Jan/2016:01:08:55 -0500] "GET /BLA/resoluciones/RESOLUCIONES%202010/3168.pdf HTTP/1.1" 200 358176
66.249.66.117 - - [31/Jan/2016:01:08:59 -0500] "GET /BLA/resoluciones/RESOLUCIONES%202010/7768.pdf HTTP/1.1" 200 67527
66.249.66.117 - - [31/Jan/2016:01:09:07 -0500] "GET /BLA/resoluciones/RESOLUCIONES%202009/3110.pdf HTTP/1.1" 200 476859
66.249.66.117 - - [31/Jan/2016:01:09:14 -0500] "GET /BLA/resoluciones/RESOLUCIONES%202010/1202.pdf HTTP/1.1" 200 102846
40.77.167.27 - - [31/Jan/2016:01:09:19 -0500] "GET /robots.txt HTTP/1.1" 404 1019
66.249.66.117 - - [31/Jan/2016:01:09:21 -0500] "GET /BLA/resoluciones/AUTOS%202009/3331.pdf HTTP/1.1" 200 197608
66.249.66.117 - - [31/Jan/2016:01:09:28 -0500] "GET /BLA/resoluciones/RESOLUCIONES%202009/0185.pdf HTTP/1.1" 200 263153
186.29.230.125 - - [31/Jan/2016:01:09:30 -0500] "GET /galeria/galeria/jquery.fancybox.css?v=2.1.5 HTTP/1.1" 200 4895
186.29.230.125 - - [31/Jan/2016:01:09:30 -0500] "GET /BLA/boletinlegal/js/jquery.scrollShow.js HTTP/1.1" 200 4586
186.29.230.125 - - [31/Jan/2016:01:09:30 -0500] "GET /galeria/galeria/jquery.fancybox.js?v=2.1.5 HTTP/1.1" 200 48706
66.249.66.117 - - [31/Jan/2016:01:09:35 -0500] "GET /BLA/resoluciones/RESOLUCIONES%202009/5654.pdf HTTP/1.1" 200 673040
66.249.66.117 - - [31/Jan/2016:01:09:42 -0500] "GET /BLA/resoluciones/RESOLUCIONES%202011/5232.pdf HTTP/1.1" 200 623880
66.249.66.117 - - [31/Jan/2016:01:09:50 -0500] "GET /BLA/resoluciones/RESOLUCIONES%202009/9285.pdf HTTP/1.1" 200 532763
186.29.230.125 - - [31/Jan/2016:01:09:53 -0500] "GET /galeria/galeria/jquery.fancybox.css?v=2.1.5 HTTP/1.1" 304 -
186.29.230.125 - - [31/Jan/2016:01:09:53 -0500] "GET /BLA/boletinlegal/js/jquery.scrollShow.js HTTP/1.1" 304 -
186.29.230.125 - - [31/Jan/2016:01:09:53 -0500] "GET /galeria/galeria/jquery.fancybox.js?v=2.1.5 HTTP/1.1" 304 -
66.249.66.117 - - [31/Jan/2016:01:09:57 -0500] "GET /BLA/resoluciones/RESOLUCIONES%202009/8114.pdf HTTP/1.1" 200 219477
66.249.66.117 - - [31/Jan/2016:01:10:04 -0500] "GET /BLA/resoluciones/RESOLUCIONES%202009/2942.pdf HTTP/1.1" 200 657938
40.77.167.48 - - [31/Jan/2016:01:10:10 -0500] "GET /ecodirectorio/ HTTP/1.1" 304 -
40.77.167.48 - - [31/Jan/2016:01:10:10 -0500] "GET /ecodirectorio/ HTTP/1.1" 304 -
66.249.66.117 - - [31/Jan/2016:01:10:11 -0500] "GET /BLA/resoluciones/RESOLUCIONES%202009/9035.pdf HTTP/1.1" 200 373792
66.249.66.117 - - [31/Jan/2016:01:10:18 -0500] "GET /BLA/resoluciones/RESOLUCIONES%202009/9691.pdf HTTP/1.1" 200 324488
66.249.66.117 - - [31/Jan/2016:01:10:25 -0500] "GET /BLA/resoluciones/RESOLUCIONES%202010/0531.pdf HTTP/1.1" 200 377698
66.249.66.117 - - [31/Jan/2016:01:10:32 -0500] "GET /BLA/resoluciones/RESOLUCIONES%202009/6030.pdf HTTP/1.1" 200 483449
66.249.66.117 - - [31/Jan/2016:01:10:40 -0500] "GET /BLA/resoluciones/RESOLUCIONES%202009/4689.pdf HTTP/1.1" 200 838325
66.249.66.117 - - [31/Jan/2016:01:10:47 -0500] "GET /BLA/resoluciones/RESOLUCIONES%202010/6832.pdf HTTP/1.1" 200 471723
66.249.66.117 - - [31/Jan/2016:01:10:47 -0500] "GET /robots.txt HTTP/1.1" 404 1018
66.249.66.117 - - [31/Jan/2016:01:10:54 -0500] "GET /BLA/resoluciones/RESOLUCIONES%202009/8346.pdf HTTP/1.1" 200 468290
66.249.66.117 - - [31/Jan/2016:01:11:01 -0500] "GET /BLA/resoluciones/RESOLUCIONES%202009/8658.pdf HTTP/1.1" 200 96458
69.162.124.233 - - [31/Jan/2016:01:11:04 -0500] "HEAD / HTTP/1.1" 200 -
66.249.66.117 - - [31/Jan/2016:01:11:08 -0500] "GET /BLA/resoluciones/RESOLUCIONES%202009/5557.pdf HTTP/1.1" 200 674561
66.249.66.117 - - [31/Jan/2016:01:11:15 -0500] "GET /BLA/resoluciones/RESOLUCIONES%202010/7002.pdf HTTP/1.1" 200 66055
66.249.66.117 - - [31/Jan/2016:01:11:23 -0500] "GET /BLA/resoluciones/RESOLUCIONES%202010/2928.pdf HTTP/1.1" 200 487365
66.249.66.117 - - [31/Jan/2016:01:11:30 -0500] "GET /BLA/resoluciones/RESOLUCIONES%202010/0139.pdf HTTP/1.1" 200 384224
66.249.66.117 - - [31/Jan/2016:01:11:37 -0500] "GET /BLA/resoluciones/AUTOS%202011/3216.pdf HTTP/1.1" 200 326416
152.61.192.232 - - [31/Jan/2016:01:11:40 -0500] "HEAD / HTTP/1.1" 200 -
66.249.66.117 - - [31/Jan/2016:01:11:44 -0500] "GET /BLA/resoluciones/RESOLUCIONES%202010/0197.pdf HTTP/1.1" 200 533534
66.249.66.117 - - [31/Jan/2016:01:11:51 -0500] "GET /BLA/resoluciones/RESOLUCIONES%202011/0599.pdf HTTP/1.1" 200 74079
66.249.66.117 - - [31/Jan/2016:01:11:58 -0500] "GET /BLA/resoluciones/RESOLUCIONES%202009/7298.pdf HTTP/1.1" 200 341536
152.61.192.232 - - [31/Jan/2016:01:11:40 -0500] "GET /arcgis/services/Calidad_del_Agua_WQI/MapServer/WMSServer?SERVICE=WMS&REQUEST=GetCapabilities HTTP/1.1" 503 1020
152.61.192.232 - - [31/Jan/2016:01:12:01 -0500] "GET /arcgis/services/Calidad_del_Agua_WQI/MapServer/WMSServer?WMTVER=1.0.0&REQUEST=capabilities HTTP/1.1" 503 1020
66.249.66.117 - - [31/Jan/2016:01:12:05 -0500] "GET /BLA/resoluciones/RESOLUCIONES%202008/2384.pdf HTTP/1.1" 200 265311
66.249.66.117 - - [31/Jan/2016:01:12:13 -0500] "GET /BLA/resoluciones/RESOLUCIONES%202011/2905.pdf HTTP/1.1" 200 518142
66.249.66.117 - - [31/Jan/2016:01:12:20 -0500] "GET /BLA/resoluciones/RESOLUCIONES%202009/1085.pdf HTTP/1.1" 200 278787
190.157.103.39 - - [31/Jan/2016:01:12:23 -0500] "GET /BLA/boletinlegal/js/jquery.scrollShow.js HTTP/1.1" 200 4586
190.157.103.39 - - [31/Jan/2016:01:12:23 -0500] "GET /galeria/galeria/jquery.fancybox.css?v=2.1.5 HTTP/1.1" 200 4895
190.157.103.39 - - [31/Jan/2016:01:12:24 -0500] "GET /galeria/galeria/jquery.fancybox.js?v=2.1.5 HTTP/1.1" 200 48706
66.249.66.117 - - [31/Jan/2016:01:12:27 -0500] "GET /BLA/resoluciones/RESOLUCIONES%202010/7774.pdf HTTP/1.1" 200 71034
190.157.103.39 - - [31/Jan/2016:01:12:28 -0500] "GET /BLA/boletinlegal/js/jquery.scrollShow.js HTTP/1.1" 304 -
190.157.103.39 - - [31/Jan/2016:01:12:28 -0500] "GET /galeria/galeria/jquery.fancybox.css?v=2.1.5 HTTP/1.1" 304 -
190.157.103.39 - - [31/Jan/2016:01:12:28 -0500] "GET /galeria/galeria/jquery.fancybox.js?v=2.1.5 HTTP/1.1" 304 -
66.249.66.117 - - [31/Jan/2016:01:12:34 -0500] "GET /BLA/resoluciones/RESOLUCIONES%202010/2065.pdf HTTP/1.1" 200 195611
66.249.66.117 - - [31/Jan/2016:01:12:41 -0500] "GET /BLA/resoluciones/RESOLUCIONES%202010/7515.pdf HTTP/1.1" 200 161432
66.249.66.117 - - [31/Jan/2016:01:12:48 -0500] "GET /BLA/resoluciones/RESOLUCIONES%202011/4467.pdf HTTP/1.1" 200 554830
66.249.66.117 - - [31/Jan/2016:01:12:56 -0500] "GET /BLA/resoluciones/RESOLUCIONES%202009/4713.pdf HTTP/1.1" 200 580353
66.249.66.117 - - [31/Jan/2016:01:13:03 -0500] "GET /BLA/resoluciones/RESOLUCIONES%202011/0485.pdf HTTP/1.1" 200 59661
66.249.66.117 - - [31/Jan/2016:01:13:10 -0500] "GET /BLA/resoluciones/AUTOS%202007/1906.pdf HTTP/1.1" 200 30423
66.249.66.117 - - [31/Jan/2016:01:13:11 -0500] "GET /BLA/resoluciones/Autos%202008/3279.pdf HTTP/1.1" 200 70423
66.249.66.117 - - [31/Jan/2016:01:13:17 -0500] "GET /BLA/resoluciones/RESOLUCIONES%202009/0907.pdf HTTP/1.1" 200 401184
66.249.66.117 - - [31/Jan/2016:01:13:24 -0500] "GET /BLA/resoluciones/RESOLUCIONES%202010/3896.pdf HTTP/1.1" 200 876996
66.249.66.117 - - [31/Jan/2016:01:13:31 -0500] "GET /BLA/resoluciones/RESOLUCIONES%202009/6879.pdf HTTP/1.1" 200 271109
66.249.66.117 - - [31/Jan/2016:01:13:39 -0500] "GET /BLA/resoluciones/AUTOS%202011/3690.pdf HTTP/1.1" 200 255903
152.61.193.99 - - [31/Jan/2016:01:13:39 -0500] "HEAD / HTTP/1.1" 200 -
66.249.66.117 - - [31/Jan/2016:01:13:46 -0500] "GET /BLA/resoluciones/RESOLUCIONES%202009/1567.pdf HTTP/1.1" 200 78927
186.29.230.125 - - [31/Jan/2016:01:13:46 -0500] "GET /BLA/boletinlegal/js/jquery.scrollShow.js HTTP/1.1" 200 4586
186.29.230.125 - - [31/Jan/2016:01:13:46 -0500] "GET /galeria/galeria/jquery.fancybox.css?v=2.1.5 HTTP/1.1" 200 4895
186.29.230.125 - - [31/Jan/2016:01:13:46 -0500] "GET /galeria/galeria/jquery.fancybox.js?v=2.1.5 HTTP/1.1" 200 48706
66.249.66.117 - - [31/Jan/2016:01:13:53 -0500] "GET /BLA/resoluciones/RESOLUCIONES%202009/1506.pdf HTTP/1.1" 200 463157
66.249.66.117 - - [31/Jan/2016:01:14:00 -0500] "GET /BLA/resoluciones/RESOLUCIONES%202009/1205.pdf HTTP/1.1" 200 404267
152.61.193.99 - - [31/Jan/2016:01:13:39 -0500] "GET /arcgis/services/Calidad_del_Agua_WQI/MapServer/WMSServer?request=GetCapabilities&service=WMS HTTP/1.1" 503 1020
152.61.193.99 - - [31/Jan/2016:01:14:01 -0500] "GET /arcgis/services/Calidad_del_Agua_WQI/MapServer/WMSServer?SERVICE=WMS&REQUEST=GetCapabilities HTTP/1.1" 503 1020
152.61.193.99 - - [31/Jan/2016:01:14:01 -0500] "GET /arcgis/services/Calidad_del_Agua_WQI/MapServer/WMSServer?SERVICE=WMS&REQUEST=GetCapabilities HTTP/1.1" 503 1020
152.61.193.99 - - [31/Jan/2016:01:14:01 -0500] "GET /arcgis/services/Calidad_del_Agua_WQI/MapServer/WMSServer?SERVICE=WMS&REQUEST=GetCapabilities HTTP/1.1" 503 1020
152.61.193.99 - - [31/Jan/2016:01:14:01 -0500] "GET /arcgis/services/Calidad_del_Agua_WQI/MapServer/WMSServer?WMTVER=1.0.0&REQUEST=capabilities HTTP/1.1" 503 1020
152.61.193.99 - - [31/Jan/2016:01:14:02 -0500] "GET /arcgis/services/Calidad_del_Agua_WQI/MapServer/WMSServer?SERVICE=WMS&REQUEST=GetCapabilities HTTP/1.1" 503 1020
66.249.66.117 - - [31/Jan/2016:01:14:07 -0500] "GET /BLA/resoluciones/RESOLUCIONES%202009/2095.pdf HTTP/1.1" 200 454938
66.249.66.117 - - [31/Jan/2016:01:14:14 -0500] "GET /BLA/resoluciones/RESOLUCIONES%202008/0269.pdf HTTP/1.1" 200 1000792
186.29.230.125 - - [31/Jan/2016:01:14:16 -0500] "GET /BLA/boletinlegal/js/jquery.scrollShow.js HTTP/1.1" 200 4586
186.29.230.125 - - [31/Jan/2016:01:14:16 -0500] "GET /galeria/galeria/jquery.fancybox.js?v=2.1.5 HTTP/1.1" 200 48706
186.29.230.125 - - [31/Jan/2016:01:14:17 -0500] "GET /galeria/galeria/jquery.fancybox.css?v=2.1.5 HTTP/1.1" 200 4895
66.249.66.117 - - [31/Jan/2016:01:14:21 -0500] "GET /BLA/resoluciones/RESOLUCIONES%202009/2048.pdf HTTP/1.1" 200 616915
66.249.66.117 - - [31/Jan/2016:01:14:29 -0500] "GET /BLA/resoluciones/RESOLUCIONES%202008/4199.pdf HTTP/1.1" 200 209166
66.249.66.117 - - [31/Jan/2016:01:14:36 -0500] "GET /BLA/resoluciones/RESOLUCIONES%202008/0304.pdf HTTP/1.1" 200 46278
66.249.66.117 - - [31/Jan/2016:01:14:43 -0500] "GET /BLA/resoluciones/RESOLUCIONES%202009/5782.pdf HTTP/1.1" 200 640955
66.249.66.117 - - [31/Jan/2016:01:14:50 -0500] "GET /BLA/resoluciones/RESOLUCIONES%202010/7666.pdf HTTP/1.1" 200 425952
66.249.66.117 - - [31/Jan/2016:01:14:57 -0500] "GET /BLA/resoluciones/RESOLUCIONES%202009/2199.pdf HTTP/1.1" 200 631932
66.249.66.117 - - [31/Jan/2016:01:15:04 -0500] "GET /BLA/resoluciones/RESOLUCIONES%202009/3341.pdf HTTP/1.1" 200 633966
66.249.66.117 - - [31/Jan/2016:01:15:11 -0500] "GET /BLA/resoluciones/RESOLUCIONES%202009/2719.pdf HTTP/1.1" 200 655604
66.249.66.117 - - [31/Jan/2016:01:15:19 -0500] "GET /BLA/resoluciones/RESOLUCIONES%202008/2937.pdf HTTP/1.1" 200 201702
66.249.66.117 - - [31/Jan/2016:01:15:26 -0500] "GET /BLA/resoluciones/RESOLUCIONES%202007/RES%202007%203801%20AL%203900/RESOLUCION%203838%20DE%202007.pdf HTTP/1.1" 200 675917
66.249.66.117 - - [31/Jan/2016:01:15:33 -0500] "GET /BLA/resoluciones/AUTOS%202007/3166.pdf HTTP/1.1" 200 86684
66.249.66.117 - - [31/Jan/2016:01:15:40 -0500] "GET /BLA/resoluciones/RESOLUCIONES%202009/0203.pdf HTTP/1.1" 200 253603
66.249.66.117 - - [31/Jan/2016:01:15:47 -0500] "GET /BLA/resoluciones/RESOLUCIONES%202009/4434.pdf HTTP/1.1" 200 427046
66.249.66.117 - - [31/Jan/2016:01:15:54 -0500] "GET /BLA/resoluciones/AUTOS%202007/2215.pdf HTTP/1.1" 200 85140
66.249.66.117 - - [31/Jan/2016:01:16:02 -0500] "GET /BLA/resoluciones/AUTOS%202010/3714.pdf HTTP/1.1" 200 267605
69.162.124.233 - - [31/Jan/2016:01:16:05 -0500] "HEAD / HTTP/1.1" 200 -
66.249.66.117 - - [31/Jan/2016:01:16:09 -0500] "GET /BLA/resoluciones/RESOLUCIONES%202009/3342.pdf HTTP/1.1" 200 605417
66.249.66.44 - - [31/Jan/2016:01:16:09 -0500] "GET /BLA/boletinlegal/styles2.css HTTP/1.1" 200 1838
66.249.66.41 - - [31/Jan/2016:01:16:10 -0500] "GET /BLA/boletinlegal/style.css HTTP/1.1" 200 9406
190.84.24.160 - - [31/Jan/2016:01:16:11 -0500] "GET /galeria/galeria/fotos/Humedal-Santa-Mar%C3%ADa-del-Lago1G.jpg HTTP/1.1" 200 290867
66.249.66.117 - - [31/Jan/2016:01:16:16 -0500] "GET /BLA/resoluciones/AUTOS%202009/2161.pdf HTTP/1.1" 200 105391
190.84.24.160 - - [31/Jan/2016:01:16:16 -0500] "GET /galeria/galeria/fotos/Humedal-Santa-Mar%C3%ADa-del-Lago4G.jpg HTTP/1.1" 200 361652
66.249.66.117 - - [31/Jan/2016:01:16:23 -0500] "GET /BLA/resoluciones/AUTOS%202009/1645.pdf HTTP/1.1" 200 98701
66.249.66.117 - - [31/Jan/2016:01:16:30 -0500] "GET /BLA/resoluciones/AUTOS%202014/2248.pdf HTTP/1.1" 200 473238
66.249.66.117 - - [31/Jan/2016:01:16:37 -0500] "GET /BLA/resoluciones/RESOLUCIONES%202011/3365.pdf HTTP/1.1" 200 434700
66.249.66.117 - - [31/Jan/2016:01:16:44 -0500] "GET /BLA/resoluciones/RESOLUCIONES%202011/1020.pdf HTTP/1.1" 200 65243
192.185.4.74 - - [31/Jan/2016:01:16:51 -0500] "GET /Autoliquidacion/index.php?dir=Solicitudes%20relacionadas%20con%20calidad%20del%20aire%20auditiva%20y%20visual%2FEvaluaci%F3n%20certificado%20de%20Intensidad%20Auditiva%2F'\" HTTP/1.1" 200 6982
66.249.66.117 - - [31/Jan/2016:01:16:52 -0500] "GET /BLA/resoluciones/AUTOS%202011/3773.pdf HTTP/1.1" 200 237299
192.185.4.74 - - [31/Jan/2016:01:16:52 -0500] "GET /Autoliquidacion/index.php?dir=Solicitudes%20relacionadas%20con%20calidad%20del%20aire%20auditiva%20y%20visual%2FEvaluaci%F3n%20certificado%20de%20Intensidad%20Auditiva%2F HTTP/1.1" 200 2811
192.185.4.74 - - [31/Jan/2016:01:16:52 -0500] "GET /Autoliquidacion/index.php?dir=Solicitudes%20relacionadas%20con%20calidad%20del%20aire%20auditiva%20y%20visual%2FEvaluaci%F3n%20certificado%20de%20Intensidad%20Auditiva%2F2121121121212.1 HTTP/1.1" 200 7021
192.185.4.74 - - [31/Jan/2016:01:16:52 -0500] "GET /Autoliquidacion/index.php?dir=Solicitudes%20relacionadas%20con%20calidad%20del%20aire%20auditiva%20y%20visual%2FEvaluaci%F3n%20certificado%20de%20Intensidad%20Auditiva%2F%20and%201%3D1 HTTP/1.1" 200 7000
192.185.4.74 - - [31/Jan/2016:01:16:53 -0500] "GET /Autoliquidacion/index.php?dir=Solicitudes%20relacionadas%20con%20calidad%20del%20aire%20auditiva%20y%20visual%2FEvaluaci%F3n%20certificado%20de%20Intensidad%20Auditiva%2F%20and%201%3E1 HTTP/1.1" 200 7000
192.185.4.74 - - [31/Jan/2016:01:16:53 -0500] "GET /Autoliquidacion/index.php?dir=Solicitudes%20relacionadas%20con%20calidad%20del%20aire%20auditiva%20y%20visual%2FEvaluaci%F3n%20certificado%20de%20Intensidad%20Auditiva%2F%27%20and%20%27x%27%3D%27x HTTP/1.1" 200 7012
192.185.4.74 - - [31/Jan/2016:01:16:53 -0500] "GET /Autoliquidacion/index.php?dir=Solicitudes%20relacionadas%20con%20calidad%20del%20aire%20auditiva%20y%20visual%2FEvaluaci%F3n%20certificado%20de%20Intensidad%20Auditiva%2F%27%20and%20%27x%27%3D%27y HTTP/1.1" 200 7012
192.185.4.74 - - [31/Jan/2016:01:16:54 -0500] "GET /Autoliquidacion/index.php?dir=Solicitudes%20relacionadas%20con%20calidad%20del%20aire%20auditiva%20y%20visual%2FEvaluaci%F3n%20certificado%20de%20Intensidad%20Auditiva%2F\"%20and%20\"x\"%3D\"x HTTP/1.1" 200 7012
192.185.4.74 - - [31/Jan/2016:01:16:54 -0500] "GET /Autoliquidacion/index.php?dir=Solicitudes%20relacionadas%20con%20calidad%20del%20aire%20auditiva%20y%20visual%2FEvaluaci%F3n%20certificado%20de%20Intensidad%20Auditiva%2F%22%20and%20%22x%22%3D%22y HTTP/1.1" 200 7012
192.185.4.74 - - [31/Jan/2016:01:16:54 -0500] "GET /Autoliquidacion/index.php?dir=Solicitudes%20relacionadas%20con%20calidad%20del%20aire%20auditiva%20y%20visual%2FEvaluaci%F3n%20certificado%20de%20Intensidad%20Auditiva%2F%20AND%201=1 HTTP/1.1" 200 7000
192.185.4.74 - - [31/Jan/2016:01:16:55 -0500] "GET /Autoliquidacion/index.php?dir=Solicitudes%20relacionadas%20con%20calidad%20del%20aire%20auditiva%20y%20visual%2FEvaluaci%F3n%20certificado%20de%20Intensidad%20Auditiva%2F HTTP/1.0" 200 2811
66.249.66.117 - - [31/Jan/2016:01:17:06 -0500] "GET /BLA/resoluciones/RESOLUCIONES%202010/3657.pdf HTTP/1.1" 200 730061
66.249.66.117 - - [31/Jan/2016:01:17:13 -0500] "GET /BLA/resoluciones/RESOLUCIONES%202010/1243.pdf HTTP/1.1" 200 115840
66.249.66.117 - - [31/Jan/2016:01:17:15 -0500] "GET /portel_dama/libreria/php/2006/restauracion/22_proye/xtras_in/2a.pdf HTTP/1.1" 404 1018
66.249.66.117 - - [31/Jan/2016:01:17:20 -0500] "GET /BLA/resoluciones/RESOLUCIONES%202009/2528.pdf HTTP/1.1" 200 485524
66.249.66.117 - - [31/Jan/2016:01:17:27 -0500] "GET /BLA/resoluciones/RESOLUCIONES%202010/0827.pdf HTTP/1.1" 200 96433
66.249.66.117 - - [31/Jan/2016:01:17:35 -0500] "GET /BLA/resoluciones/RESOLUCIONES%202009/9280.pdf HTTP/1.1" 200 512619
66.249.66.117 - - [31/Jan/2016:01:17:42 -0500] "GET /BLA/resoluciones/RESOLUCIONES%202009/1521.pdf HTTP/1.1" 200 414078
66.249.66.117 - - [31/Jan/2016:01:17:49 -0500] "GET /BLA/resoluciones/RESOLUCIONES%202008/4424.pdf HTTP/1.1" 200 310584
66.249.66.117 - - [31/Jan/2016:01:17:56 -0500] "GET /BLA/resoluciones/RESOLUCIONES%202009/7382.pdf HTTP/1.1" 200 961241
180.76.15.13 - - [31/Jan/2016:01:18:00 -0500] "GET /BLA/resoluciones/RESOLUCIONES%202010/5510.pdf HTTP/1.1" 200 2823167
66.249.66.117 - - [31/Jan/2016:01:18:03 -0500] "GET /BLA/resoluciones/AUTOS%202012/1763.pdf HTTP/1.1" 200 409990
66.249.66.117 - - [31/Jan/2016:01:18:10 -0500] "GET /BLA/resoluciones/RESOLUCIONES%202010/1244.pdf HTTP/1.1" 200 443145
66.249.66.117 - - [31/Jan/2016:01:18:18 -0500] "GET /BLA/resoluciones/RESOLUCIONES%202009/4783.pdf HTTP/1.1" 200 508947
66.249.66.117 - - [31/Jan/2016:01:18:25 -0500] "GET /BLA/resoluciones/RESOLUCIONES%202010/0173.pdf HTTP/1.1" 200 417669
66.249.66.117 - - [31/Jan/2016:01:18:32 -0500] "GET /BLA/resoluciones/RESOLUCIONES%202011/5383.pdf HTTP/1.1" 200 473891
186.147.40.173 - - [31/Jan/2016:01:18:38 -0500] "GET /galeria/nivo-slider/demo/images/banner-llantas2.jpg HTTP/1.1" 206 1
186.147.40.173 - - [31/Jan/2016:01:18:38 -0500] "GET /galeria/nivo-slider/demo/images/ecolecta-Dic2014.png HTTP/1.1" 206 1
186.147.40.173 - - [31/Jan/2016:01:18:38 -0500] "GET /galeria/nivo-slider/demo/images/banner-llantas2.jpg HTTP/1.1" 206 47195
66.249.66.117 - - [31/Jan/2016:01:18:39 -0500] "GET /BLA/resoluciones/RESOLUCIONES%202011/1310.pdf HTTP/1.1" 200 64049
186.147.40.173 - - [31/Jan/2016:01:18:39 -0500] "GET /galeria/nivo-slider/demo/images/ecolecta-Dic2014.png HTTP/1.1" 206 450873
186.147.40.173 - - [31/Jan/2016:01:18:41 -0500] "GET /galeria/nivo-slider/themes/default/arrows.png HTTP/1.1" 200 824
186.147.40.173 - - [31/Jan/2016:01:18:41 -0500] "GET /galeria/nivo-slider/themes/default/bullets.png HTTP/1.1" 200 1281
66.249.66.117 - - [31/Jan/2016:01:18:46 -0500] "GET /BLA/resoluciones/RESOLUCIONES%202009/4868.pdf HTTP/1.1" 200 757096
66.249.66.117 - - [31/Jan/2016:01:18:53 -0500] "GET /BLA/resoluciones/RESOLUCIONES%202011/5401.pdf HTTP/1.1" 200 464829
66.249.66.117 - - [31/Jan/2016:01:19:00 -0500] "GET /BLA/resoluciones/AUTOS%202009/2548.pdf HTTP/1.1" 200 100647
66.249.66.117 - - [31/Jan/2016:01:19:08 -0500] "GET /BLA/resoluciones/RESOLUCIONES%202011/5403.pdf HTTP/1.1" 200 486721
66.249.66.117 - - [31/Jan/2016:01:19:15 -0500] "GET /BLA/resoluciones/RESOLUCIONES%202011/4220.pdf HTTP/1.1" 200 353225
66.249.66.117 - - [31/Jan/2016:01:19:22 -0500] "GET /BLA/resoluciones/RESOLUCIONES%202009/2484.pdf HTTP/1.1" 200 392162
66.249.66.117 - - [31/Jan/2016:01:19:29 -0500] "GET /BLA/resoluciones/RESOLUCIONES%202010/7082.pdf HTTP/1.1" 200 66929
66.249.66.117 - - [31/Jan/2016:01:19:35 -0500] "GET /BLA/resoluciones/Autos%202008/0031.pdf HTTP/1.1" 200 102378
66.249.66.117 - - [31/Jan/2016:01:19:36 -0500] "GET /BLA/resoluciones/RESOLUCIONES%202007/RES%202007%202601%20AL%202700/RESOLUCION%202625%20DE%202007.pdf HTTP/1.1" 200 287371
66.249.66.117 - - [31/Jan/2016:01:19:43 -0500] "GET /BLA/resoluciones/RESOLUCIONES%202009/7542.pdf HTTP/1.1" 200 518232
66.249.66.117 - - [31/Jan/2016:01:19:50 -0500] "GET /BLA/resoluciones/RESOLUCIONES%202009/4356.pdf HTTP/1.1" 200 54318
66.249.66.117 - - [31/Jan/2016:01:19:58 -0500] "GET /BLA/resoluciones/RESOLUCIONES%202009/2741.pdf HTTP/1.1" 200 371507
66.249.66.117 - - [31/Jan/2016:01:20:00 -0500] "GET /portel_dama/libreria/php/2006/restauracion/22_proye/xtras_in/cni_3.pdf HTTP/1.1" 404 1018
66.249.66.117 - - [31/Jan/2016:01:20:05 -0500] "GET /BLA/resoluciones/AUTOS%202014/0184.pdf HTTP/1.1" 200 612902
66.249.66.117 - - [31/Jan/2016:01:20:12 -0500] "GET /BLA/resoluciones/RESOLUCIONES%202011/4978.pdf HTTP/1.1" 200 351701
66.249.66.117 - - [31/Jan/2016:01:20:19 -0500] "GET /BLA/resoluciones/AUTOS%202008/0549.pdf HTTP/1.1" 200 148217
66.249.66.117 - - [31/Jan/2016:01:20:26 -0500] "GET /BLA/resoluciones/RESOLUCIONES%202010/7239.pdf HTTP/1.1" 200 400661
66.249.66.117 - - [31/Jan/2016:01:20:33 -0500] "GET /BLA/resoluciones/RESOLUCIONES%202010/7063.pdf HTTP/1.1" 200 984886
66.249.66.117 - - [31/Jan/2016:01:20:41 -0500] "GET /BLA/resoluciones/AUTOS%202008/3332.pdf HTTP/1.1" 200 64039
66.249.66.117 - - [31/Jan/2016:01:20:48 -0500] "GET /BLA/resoluciones/RESOLUCIONES%202009/2884.pdf HTTP/1.1" 200 542950
66.249.66.117 - - [31/Jan/2016:01:20:55 -0500] "GET /BLA/resoluciones/RESOLUCIONES%202009/6991.pdf HTTP/1.1" 200 103388
66.249.66.117 - - [31/Jan/2016:01:21:02 -0500] "GET /BLA/resoluciones/RESOLUCIONES%202011/3548.pdf HTTP/1.1" 200 561620
69.162.124.233 - - [31/Jan/2016:01:21:04 -0500] "HEAD / HTTP/1.1" 200 -
66.249.66.117 - - [31/Jan/2016:01:21:09 -0500] "GET /BLA/resoluciones/RESOLUCIONES%202011/4936.pdf HTTP/1.1" 200 354681
66.249.66.117 - - [31/Jan/2016:01:21:16 -0500] "GET /BLA/resoluciones/RESOLUCIONES%202010/4780.pdf HTTP/1.1" 200 281855
66.249.66.117 - - [31/Jan/2016:01:21:24 -0500] "GET /BLA/resoluciones/RESOLUCIONES%202009/0258.pdf HTTP/1.1" 200 378791
66.249.66.117 - - [31/Jan/2016:01:21:31 -0500] "GET /BLA/resoluciones/RESOLUCIONES%202010/2971.pdf HTTP/1.1" 200 922297
66.249.66.117 - - [31/Jan/2016:01:21:36 -0500] "GET /BLA/resoluciones/RESOLUCIONES%202011/1865.pdf HTTP/1.1" 200 515381
66.249.66.117 - - [31/Jan/2016:01:21:38 -0500] "GET /BLA/resoluciones/AUTOS%202011/3926.pdf HTTP/1.1" 200 245685
66.249.66.117 - - [31/Jan/2016:01:21:45 -0500] "GET /BLA/resoluciones/RESOLUCIONES%202010/1543.pdf HTTP/1.1" 200 51958
66.249.66.117 - - [31/Jan/2016:01:21:52 -0500] "GET /BLA/resoluciones/AUTOS%202007/1257.pdf HTTP/1.1" 200 96359
66.249.66.117 - - [31/Jan/2016:01:21:59 -0500] "GET /BLA/resoluciones/RESOLUCIONES%202011/2602.pdf HTTP/1.1" 200 756480
66.249.66.117 - - [31/Jan/2016:01:22:06 -0500] "GET /BLA/resoluciones/RESOLUCIONES%202010/0697.pdf HTTP/1.1" 200 104172
66.249.66.117 - - [31/Jan/2016:01:22:14 -0500] "GET /BLA/resoluciones/RESOLUCIONES%202009/3653.pdf HTTP/1.1" 200 104690
66.249.66.117 - - [31/Jan/2016:01:22:21 -0500] "GET /BLA/resoluciones/RESOLUCIONES%202010/4896.pdf HTTP/1.1" 200 192598
66.249.66.117 - - [31/Jan/2016:01:22:28 -0500] "GET /BLA/resoluciones/RESOLUCIONES%202010/2447.pdf HTTP/1.1" 200 491891
66.249.66.117 - - [31/Jan/2016:01:22:35 -0500] "GET /BLA/resoluciones/RESOLUCIONES%202010/3318.pdf HTTP/1.1" 200 503199
66.249.66.117 - - [31/Jan/2016:01:22:42 -0500] "GET /BLA/resoluciones/RESOLUCIONES%202010/7150.pdf HTTP/1.1" 200 100330
66.249.66.117 - - [31/Jan/2016:01:22:49 -0500] "GET /BLA/resoluciones/RESOLUCIONES%202011/0071.pdf HTTP/1.1" 200 343592
66.249.66.117 - - [31/Jan/2016:01:22:57 -0500] "GET /BLA/resoluciones/RESOLUCIONES%202009/0851.pdf HTTP/1.1" 200 369966
66.249.66.117 - - [31/Jan/2016:01:23:04 -0500] "GET /BLA/resoluciones/RESOLUCIONES%202010/7099.pdf HTTP/1.1" 200 71601
66.249.66.117 - - [31/Jan/2016:01:23:11 -0500] "GET /BLA/resoluciones/RESOLUCIONES%202010/7699.pdf HTTP/1.1" 200 209636
66.249.66.117 - - [31/Jan/2016:01:23:11 -0500] "GET /BLA/resoluciones/Autos%202008/3437.pdf HTTP/1.1" 200 204615
66.249.66.117 - - [31/Jan/2016:01:23:18 -0500] "GET /BLA/resoluciones/RESOLUCIONES%202009/6665.pdf HTTP/1.1" 200 411858
66.249.66.117 - - [31/Jan/2016:01:23:25 -0500] "GET /BLA/resoluciones/RESOLUCIONES%202010/6960.pdf HTTP/1.1" 200 275205
66.249.66.117 - - [31/Jan/2016:01:23:32 -0500] "GET /BLA/resoluciones/AUTOS%202013/2128.pdf HTTP/1.1" 200 521623
66.249.66.117 - - [31/Jan/2016:01:23:39 -0500] "GET /BLA/resoluciones/RESOLUCIONES%202009/0941.pdf HTTP/1.1" 200 485488
66.249.66.117 - - [31/Jan/2016:01:23:47 -0500] "GET /BLA/resoluciones/RESOLUCIONES%202009/1120.pdf HTTP/1.1" 200 47176
66.249.66.117 - - [31/Jan/2016:01:23:54 -0500] "GET /BLA/resoluciones/RESOLUCIONES%202010/7846.pdf HTTP/1.1" 200 37776
66.249.66.117 - - [31/Jan/2016:01:24:01 -0500] "GET /BLA/resoluciones/RESOLUCIONES%202008/1779.pdf HTTP/1.1" 200 325637
66.249.66.117 - - [31/Jan/2016:01:24:06 -0500] "GET /BLA/resoluciones/RESOLUCIONES%202009/1087.pdf HTTP/1.1" 200 276095
66.249.66.117 - - [31/Jan/2016:01:24:08 -0500] "GET /BLA/resoluciones/RESOLUCIONES%202010/2679.pdf HTTP/1.1" 200 403787
66.249.66.117 - - [31/Jan/2016:01:24:15 -0500] "GET /BLA/resoluciones/RESOLUCIONES%202010/0035.pdf HTTP/1.1" 200 467718
51.255.65.42 - - [31/Jan/2016:01:24:19 -0500] "GET /BLA/resoluciones/RESOLUCIONES%202006/RES%202006%201001-1050/00001022.tif HTTP/1.1" 200 74804
66.249.66.117 - - [31/Jan/2016:01:24:21 -0500] "GET /BLA/resoluciones/RESOLUCIONES%202004/RES%202004%2051-100/00000052.tif HTTP/1.1" 200 100640
40.77.167.48 - - [31/Jan/2016:01:24:22 -0500] "GET /ecodirectorio/ HTTP/1.1" 304 -
66.249.66.117 - - [31/Jan/2016:01:24:22 -0500] "GET /BLA/resoluciones/RESOLUCIONES%202010/7866.pdf HTTP/1.1" 200 530232
66.249.66.117 - - [31/Jan/2016:01:24:30 -0500] "GET /BLA/resoluciones/AUTOS%202007/1749.pdf HTTP/1.1" 200 41371
66.249.66.117 - - [31/Jan/2016:01:24:37 -0500] "GET /BLA/resoluciones/RESOLUCIONES%202010/2249.pdf HTTP/1.1" 200 350147
190.66.162.183 - - [31/Jan/2016:01:24:41 -0500] "GET /galeria/galeria/jquery.fancybox.css?v=2.1.5 HTTP/1.1" 200 4895
190.66.162.183 - - [31/Jan/2016:01:24:41 -0500] "GET /BLA/boletinlegal/js/jquery.scrollShow.js HTTP/1.1" 200 4586
190.66.162.183 - - [31/Jan/2016:01:24:41 -0500] "GET /galeria/galeria/jquery.fancybox.js?v=2.1.5 HTTP/1.1" 200 48706
66.249.66.117 - - [31/Jan/2016:01:24:44 -0500] "GET /BLA/resoluciones/RESOLUCIONES%202009/6237.pdf HTTP/1.1" 200 485853
51.255.65.4 - - [31/Jan/2016:01:24:46 -0500] "GET /BLA/resoluciones/RESOLUCIONES%202006/RES%202006%201601-1650/00001640.tif HTTP/1.1" 200 265268
66.249.66.117 - - [31/Jan/2016:01:24:51 -0500] "GET /BLA/resoluciones/RESOLUCIONES%202009/5289.pdf HTTP/1.1" 200 510749
66.249.66.117 - - [31/Jan/2016:01:24:58 -0500] "GET /BLA/resoluciones/RESOLUCIONES%202009/1045.pdf HTTP/1.1" 200 202973
190.66.162.183 - - [31/Jan/2016:01:25:03 -0500] "GET /galeria/galeria/jquery.fancybox.css?v=2.1.5 HTTP/1.1" 304 -
190.66.162.183 - - [31/Jan/2016:01:25:03 -0500] "GET /BLA/boletinlegal/js/jquery.scrollShow.js HTTP/1.1" 304 -
190.66.162.183 - - [31/Jan/2016:01:25:03 -0500] "GET /galeria/galeria/jquery.fancybox.js?v=2.1.5 HTTP/1.1" 304 -
66.249.66.117 - - [31/Jan/2016:01:25:05 -0500] "GET /BLA/resoluciones/RESOLUCIONES%202010/7041.pdf HTTP/1.1" 200 62643
66.249.66.117 - - [31/Jan/2016:01:25:12 -0500] "GET /BLA/resoluciones/RESOLUCIONES%202008/3061.pdf HTTP/1.1" 200 324220
66.249.66.117 - - [31/Jan/2016:01:25:20 -0500] "GET /BLA/resoluciones/RESOLUCIONES%202010/3152.pdf HTTP/1.1" 200 349470
66.249.66.117 - - [31/Jan/2016:01:25:27 -0500] "GET /BLA/resoluciones/RESOLUCIONES%202009/4707.pdf HTTP/1.1" 200 693159
66.249.66.117 - - [31/Jan/2016:01:25:34 -0500] "GET /BLA/resoluciones/AUTOS%202007/3537.pdf HTTP/1.1" 200 77406
40.77.167.27 - - [31/Jan/2016:01:25:38 -0500] "GET /BLA/boletinlegal/js/popup.js HTTP/1.1" 200 1270
66.249.66.117 - - [31/Jan/2016:01:25:41 -0500] "GET /BLA/resoluciones/AUTOS%202011/1734.pdf HTTP/1.1" 200 146897
66.249.66.117 - - [31/Jan/2016:01:25:48 -0500] "GET /BLA/resoluciones/RESOLUCIONES%202010/6559.pdf HTTP/1.1" 200 275588
66.249.66.117 - - [31/Jan/2016:01:25:55 -0500] "GET /BLA/resoluciones/RESOLUCIONES%202011/5371.pdf HTTP/1.1" 200 447325
66.249.66.117 - - [31/Jan/2016:01:26:03 -0500] "GET /BLA/resoluciones/RESOLUCIONES%202009/7147.pdf HTTP/1.1" 200 98665
69.162.124.233 - - [31/Jan/2016:01:26:05 -0500] "HEAD / HTTP/1.1" 200 -
181.63.112.153 - - [31/Jan/2016:01:26:09 -0500] "GET /BLA/resoluciones/index.php?dir=AUTOS+2013%2F HTTP/1.1" 200 12235
66.249.66.117 - - [31/Jan/2016:01:26:10 -0500] "GET /BLA/resoluciones/RESOLUCIONES%202008/4674.pdf HTTP/1.1" 200 504781
181.63.112.153 - - [31/Jan/2016:01:26:09 -0500] "GET /BLA/resoluciones/index.php?dir=AUTOS+2013%2F HTTP/1.1" 200 379223
66.249.66.117 - - [31/Jan/2016:01:26:17 -0500] "GET /BLA/resoluciones/AUTOS%202007/3670.pdf HTTP/1.1" 200 219654
66.249.66.117 - - [31/Jan/2016:01:26:24 -0500] "GET /BLA/resoluciones/RESOLUCIONES%202009/9492.pdf HTTP/1.1" 200 52580
66.249.66.117 - - [31/Jan/2016:01:26:31 -0500] "GET /BLA/resoluciones/RESOLUCIONES%202010/7105.pdf HTTP/1.1" 200 74067
181.63.112.153 - - [31/Jan/2016:01:26:33 -0500] "GET /BLA/resoluciones/AUTOS%202013/3172.pdf HTTP/1.1" 200 797800
181.63.112.153 - - [31/Jan/2016:01:26:37 -0500] "GET /BLA/resoluciones/AUTOS%202013/3172.pdf HTTP/1.1" 206 32768
181.63.112.153 - - [31/Jan/2016:01:26:37 -0500] "GET /BLA/resoluciones/AUTOS%202013/3172.pdf HTTP/1.1" 206 765032
66.249.66.117 - - [31/Jan/2016:01:26:38 -0500] "GET /BLA/resoluciones/RESOLUCIONES%202008/2597.pdf HTTP/1.1" 200 107784
66.249.66.117 - - [31/Jan/2016:01:26:45 -0500] "GET /BLA/resoluciones/RESOLUCIONES%202009/1816.pdf HTTP/1.1" 200 363787
