172.22.2.1 - - [02/Feb/2016:08:49:37 -0500] "GET /isolucionsda/BancoConocimiento/C/CARTILLAMECI_/cartilla%20meci%20201501.pdf HTTP/1.1" 206 65536
190.60.95.136 - - [02/Feb/2016:08:49:38 -0500] "GET /galeria/galeria/jquery.fancybox.css?v=2.1.5 HTTP/1.1" 304 -
190.60.95.136 - - [02/Feb/2016:08:49:38 -0500] "GET /BLA/boletinlegal/js/jquery.scrollShow.js HTTP/1.1" 304 -
190.60.95.136 - - [02/Feb/2016:08:49:38 -0500] "GET /galeria/galeria/jquery.fancybox.js?v=2.1.5 HTTP/1.1" 304 -
172.22.2.1 - - [02/Feb/2016:08:49:37 -0500] "GET /isolucionsda/BancoConocimiento/C/CARTILLAMECI_/cartilla%20meci%20201501.pdf HTTP/1.1" 206 65536
172.22.2.1 - - [02/Feb/2016:08:49:38 -0500] "GET /isolucionsda/BancoConocimiento/C/CARTILLAMECI_/cartilla%20meci%20201501.pdf HTTP/1.1" 206 65536
186.155.211.115 - - [02/Feb/2016:08:49:39 -0500] "GET /galeria/nivo-slider/themes/default/arrows.png HTTP/1.1" 200 824
186.155.211.115 - - [02/Feb/2016:08:49:39 -0500] "GET /galeria/nivo-slider/themes/default/bullets.png HTTP/1.1" 200 1281
172.22.2.1 - - [02/Feb/2016:08:49:39 -0500] "GET /isolucionsda/BancoConocimiento/C/CARTILLAMECI_/cartilla%20meci%20201501.pdf HTTP/1.1" 206 65536
172.22.2.1 - - [02/Feb/2016:08:49:39 -0500] "GET /isolucionsda/BancoConocimiento/C/CARTILLAMECI_/cartilla%20meci%20201501.pdf HTTP/1.1" 206 65536
172.22.2.1 - - [02/Feb/2016:08:49:39 -0500] "GET /isolucionsda/BancoConocimiento/C/CARTILLAMECI_/cartilla%20meci%20201501.pdf HTTP/1.1" 206 65536
190.26.162.47 - - [02/Feb/2016:08:49:40 -0500] "POST /forms/lservlet;jsessionid=ac16012b30d63b4a283997fe48278c58a9034bb4350d.e3iSbxaKaheRe38La3yQa3eLbh90n6jAmljGr5XDqQLvpAe HTTP/1.1" 200 2
172.22.2.1 - - [02/Feb/2016:08:49:40 -0500] "GET /isolucionsda/BancoConocimiento/C/CARTILLAMECI_/cartilla%20meci%20201501.pdf HTTP/1.1" 206 65536
172.22.2.1 - - [02/Feb/2016:08:49:40 -0500] "GET /isolucionsda/BancoConocimiento/C/CARTILLAMECI_/cartilla%20meci%20201501.pdf HTTP/1.1" 206 65536
172.22.2.1 - - [02/Feb/2016:08:49:41 -0500] "GET /isolucionsda/BancoConocimiento/C/CARTILLAMECI_/cartilla%20meci%20201501.pdf HTTP/1.1" 206 65536
172.22.2.1 - - [02/Feb/2016:08:49:41 -0500] "GET /isolucionsda/BancoConocimiento/C/CARTILLAMECI_/cartilla%20meci%20201501.pdf HTTP/1.1" 206 65536
172.22.2.1 - - [02/Feb/2016:08:49:42 -0500] "GET /isolucionsda/BancoConocimiento/C/CARTILLAMECI_/cartilla%20meci%20201501.pdf HTTP/1.1" 206 65536
78.6.118.161 - - [02/Feb/2016:08:49:42 -0500] "GET /galeria/galeria/jquery.fancybox.css?v=2.1.5 HTTP/1.1" 200 4895
78.6.118.161 - - [02/Feb/2016:08:49:42 -0500] "GET /BLA/boletinlegal/js/jquery.scrollShow.js HTTP/1.1" 200 4586
78.6.118.161 - - [02/Feb/2016:08:49:42 -0500] "GET /galeria/galeria/jquery.fancybox.js?v=2.1.5 HTTP/1.1" 200 48706
172.22.2.1 - - [02/Feb/2016:08:49:42 -0500] "GET /isolucionsda/BancoConocimiento/C/CARTILLAMECI_/cartilla%20meci%20201501.pdf HTTP/1.1" 206 65536
172.22.2.1 - - [02/Feb/2016:08:49:43 -0500] "GET /isolucionsda/BancoConocimiento/C/CARTILLAMECI_/cartilla%20meci%20201501.pdf HTTP/1.1" 206 65536
172.22.2.1 - - [02/Feb/2016:08:49:44 -0500] "GET /isolucionsda/BancoConocimiento/C/CARTILLAMECI_/cartilla%20meci%20201501.pdf HTTP/1.1" 206 65536
172.22.2.1 - - [02/Feb/2016:08:49:44 -0500] "GET /isolucionsda/BancoConocimiento/C/CARTILLAMECI_/cartilla%20meci%20201501.pdf HTTP/1.1" 206 65536
172.22.2.1 - - [02/Feb/2016:08:49:45 -0500] "GET /isolucionsda/BancoConocimiento/C/CARTILLAMECI_/cartilla%20meci%20201501.pdf HTTP/1.1" 206 65536
172.22.2.1 - - [02/Feb/2016:08:49:45 -0500] "GET /isolucionsda/BancoConocimiento/C/CARTILLAMECI_/cartilla%20meci%20201501.pdf HTTP/1.1" 206 65536
172.22.2.1 - - [02/Feb/2016:08:49:46 -0500] "GET /isolucionsda/BancoConocimiento/C/CARTILLAMECI_/cartilla%20meci%20201501.pdf HTTP/1.1" 206 65536
172.22.2.1 - - [02/Feb/2016:08:49:46 -0500] "GET /isolucionsda/BancoConocimiento/C/CARTILLAMECI_/cartilla%20meci%20201501.pdf HTTP/1.1" 206 65536
172.22.2.1 - - [02/Feb/2016:08:49:47 -0500] "GET /isolucionsda/BancoConocimiento/C/CARTILLAMECI_/cartilla%20meci%20201501.pdf HTTP/1.1" 206 65536
172.22.2.1 - - [02/Feb/2016:08:49:47 -0500] "GET /isolucionsda/BancoConocimiento/C/CARTILLAMECI_/cartilla%20meci%20201501.pdf HTTP/1.1" 206 65536
172.22.2.1 - - [02/Feb/2016:08:49:48 -0500] "GET /isolucionsda/BancoConocimiento/C/CARTILLAMECI_/cartilla%20meci%20201501.pdf HTTP/1.1" 206 65536
172.22.2.1 - - [02/Feb/2016:08:49:48 -0500] "GET /isolucionsda/BancoConocimiento/C/CARTILLAMECI_/cartilla%20meci%20201501.pdf HTTP/1.1" 206 65536
172.22.2.1 - - [02/Feb/2016:08:49:49 -0500] "GET /isolucionsda/BancoConocimiento/C/CARTILLAMECI_/cartilla%20meci%20201501.pdf HTTP/1.1" 206 65536
172.22.2.1 - - [02/Feb/2016:08:49:49 -0500] "GET /isolucionsda/BancoConocimiento/C/CARTILLAMECI_/cartilla%20meci%20201501.pdf HTTP/1.1" 206 65536
172.22.2.1 - - [02/Feb/2016:08:49:49 -0500] "GET /isolucionsda/BancoConocimiento/C/CARTILLAMECI_/cartilla%20meci%20201501.pdf HTTP/1.1" 206 65536
172.22.2.1 - - [02/Feb/2016:08:49:50 -0500] "GET /isolucionsda/BancoConocimiento/C/CARTILLAMECI_/cartilla%20meci%20201501.pdf HTTP/1.1" 206 65536
172.22.2.1 - - [02/Feb/2016:08:49:50 -0500] "GET /isolucionsda/BancoConocimiento/C/CARTILLAMECI_/cartilla%20meci%20201501.pdf HTTP/1.1" 206 65536
172.22.2.1 - - [02/Feb/2016:08:49:51 -0500] "GET /isolucionsda/BancoConocimiento/C/CARTILLAMECI_/cartilla%20meci%20201501.pdf HTTP/1.1" 206 65536
172.22.2.1 - - [02/Feb/2016:08:49:51 -0500] "GET /isolucionsda/BancoConocimiento/C/CARTILLAMECI_/cartilla%20meci%20201501.pdf HTTP/1.1" 206 65536
172.22.2.1 - - [02/Feb/2016:08:49:52 -0500] "GET /isolucionsda/BancoConocimiento/C/CARTILLAMECI_/cartilla%20meci%20201501.pdf HTTP/1.1" 206 65536
172.22.2.1 - - [02/Feb/2016:08:49:52 -0500] "GET /isolucionsda/BancoConocimiento/C/CARTILLAMECI_/cartilla%20meci%20201501.pdf HTTP/1.1" 206 65536
172.22.2.1 - - [02/Feb/2016:08:49:53 -0500] "GET /isolucionsda/BancoConocimiento/C/CARTILLAMECI_/cartilla%20meci%20201501.pdf HTTP/1.1" 206 65536
172.22.2.1 - - [02/Feb/2016:08:49:53 -0500] "GET /isolucionsda/BancoConocimiento/C/CARTILLAMECI_/cartilla%20meci%20201501.pdf HTTP/1.1" 206 65536
172.22.2.1 - - [02/Feb/2016:08:49:54 -0500] "GET /isolucionsda/BancoConocimiento/C/CARTILLAMECI_/cartilla%20meci%20201501.pdf HTTP/1.1" 206 65536
172.22.2.1 - - [02/Feb/2016:08:49:54 -0500] "GET /isolucionsda/BancoConocimiento/C/CARTILLAMECI_/cartilla%20meci%20201501.pdf HTTP/1.1" 206 65536
78.6.118.161 - - [02/Feb/2016:08:49:55 -0500] "GET /BLA/boletinlegal/js/jquery.scrollShow.js HTTP/1.1" 304 -
78.6.118.161 - - [02/Feb/2016:08:49:55 -0500] "GET /galeria/galeria/jquery.fancybox.js?v=2.1.5 HTTP/1.1" 304 -
78.6.118.161 - - [02/Feb/2016:08:49:55 -0500] "GET /galeria/galeria/jquery.fancybox.css?v=2.1.5 HTTP/1.1" 304 -
186.28.170.138 - - [02/Feb/2016:08:49:56 -0500] "GET /BLA/resoluciones/RESOLUCIONES%202009/6708.pdf HTTP/1.1" 200 363984
172.22.2.1 - - [02/Feb/2016:08:49:56 -0500] "GET /isolucionsda/BancoConocimiento/C/CARTILLAMECI_/cartilla%20meci%20201501.pdf HTTP/1.1" 206 65536
186.28.170.138 - - [02/Feb/2016:08:49:56 -0500] "GET /favicon.ico HTTP/1.1" 200 7782
172.22.2.1 - - [02/Feb/2016:08:49:56 -0500] "GET /isolucionsda/BancoConocimiento/C/CARTILLAMECI_/cartilla%20meci%20201501.pdf HTTP/1.1" 206 65536
172.22.2.1 - - [02/Feb/2016:08:49:57 -0500] "GET /isolucionsda/BancoConocimiento/C/CARTILLAMECI_/cartilla%20meci%20201501.pdf HTTP/1.1" 206 65536
172.22.2.1 - - [02/Feb/2016:08:49:57 -0500] "GET /isolucionsda/BancoConocimiento/C/CARTILLAMECI_/cartilla%20meci%20201501.pdf HTTP/1.1" 206 65536
172.22.2.1 - - [02/Feb/2016:08:49:58 -0500] "GET /isolucionsda/BancoConocimiento/C/CARTILLAMECI_/cartilla%20meci%20201501.pdf HTTP/1.1" 206 65536
172.22.2.1 - - [02/Feb/2016:08:49:59 -0500] "GET /isolucionsda/BancoConocimiento/C/CARTILLAMECI_/cartilla%20meci%20201501.pdf HTTP/1.1" 206 65536
172.22.2.1 - - [02/Feb/2016:08:49:59 -0500] "GET /isolucionsda/BancoConocimiento/C/CARTILLAMECI_/cartilla%20meci%20201501.pdf HTTP/1.1" 206 65536
200.74.158.199 - - [02/Feb/2016:08:49:59 -0500] "GET /autoliquidacion/ HTTP/1.1" 200 6375
172.22.2.1 - - [02/Feb/2016:08:50:00 -0500] "GET /isolucionsda/BancoConocimiento/C/CARTILLAMECI_/cartilla%20meci%20201501.pdf HTTP/1.1" 206 65536
172.22.2.1 - - [02/Feb/2016:08:50:00 -0500] "GET /isolucionsda/BancoConocimiento/C/CARTILLAMECI_/cartilla%20meci%20201501.pdf HTTP/1.1" 206 65536
186.155.251.227 - - [02/Feb/2016:08:50:01 -0500] "GET /galeria/nivo-slider/demo/demo.html HTTP/1.1" 304 -
172.22.2.1 - - [02/Feb/2016:08:50:01 -0500] "GET /isolucionsda/BancoConocimiento/C/CARTILLAMECI_/cartilla%20meci%20201501.pdf HTTP/1.1" 206 65536
186.155.251.227 - - [02/Feb/2016:08:50:01 -0500] "GET /galeria/nivo-slider/demo/images/dias-humedales2016.jpg HTTP/1.1" 304 -
186.155.251.227 - - [02/Feb/2016:08:50:01 -0500] "GET /galeria/nivo-slider/demo/images/dia-sin-carro-2016.jpg HTTP/1.1" 304 -
172.22.2.1 - - [02/Feb/2016:08:50:01 -0500] "GET /isolucionsda/BancoConocimiento/C/CARTILLAMECI_/cartilla%20meci%20201501.pdf HTTP/1.1" 206 65536
172.22.2.1 - - [02/Feb/2016:08:50:02 -0500] "GET /isolucionsda/BancoConocimiento/C/CARTILLAMECI_/cartilla%20meci%20201501.pdf HTTP/1.1" 206 65536
172.22.2.1 - - [02/Feb/2016:08:50:03 -0500] "GET /isolucionsda/BancoConocimiento/C/CARTILLAMECI_/cartilla%20meci%20201501.pdf HTTP/1.1" 206 65536
172.22.2.1 - - [02/Feb/2016:08:50:03 -0500] "GET /isolucionsda/BancoConocimiento/C/CARTILLAMECI_/cartilla%20meci%20201501.pdf HTTP/1.1" 206 65536
172.22.2.1 - - [02/Feb/2016:08:50:03 -0500] "GET /isolucionsda/BancoConocimiento/C/CARTILLAMECI_/cartilla%20meci%20201501.pdf HTTP/1.1" 206 65536
172.22.2.1 - - [02/Feb/2016:08:50:04 -0500] "GET /isolucionsda/BancoConocimiento/C/CARTILLAMECI_/cartilla%20meci%20201501.pdf HTTP/1.1" 206 65536
172.22.2.1 - - [02/Feb/2016:08:50:05 -0500] "GET /isolucionsda/BancoConocimiento/C/CARTILLAMECI_/cartilla%20meci%20201501.pdf HTTP/1.1" 206 65536
201.236.210.232 - - [02/Feb/2016:08:50:05 -0500] "GET /BLA/boletinlegal/js/jquery.scrollShow.js HTTP/1.1" 200 4586
201.236.210.232 - - [02/Feb/2016:08:50:05 -0500] "GET /galeria/galeria/jquery.fancybox.css?v=2.1.5 HTTP/1.1" 200 4895
201.236.210.232 - - [02/Feb/2016:08:50:05 -0500] "GET /galeria/galeria/jquery.fancybox.js?v=2.1.5 HTTP/1.1" 200 48706
172.22.2.1 - - [02/Feb/2016:08:50:05 -0500] "GET /isolucionsda/BancoConocimiento/C/CARTILLAMECI_/cartilla%20meci%20201501.pdf HTTP/1.1" 206 65536
172.22.2.1 - - [02/Feb/2016:08:50:06 -0500] "GET /isolucionsda/BancoConocimiento/C/CARTILLAMECI_/cartilla%20meci%20201501.pdf HTTP/1.1" 206 65536
172.22.2.1 - - [02/Feb/2016:08:50:06 -0500] "GET /isolucionsda/BancoConocimiento/C/CARTILLAMECI_/cartilla%20meci%20201501.pdf HTTP/1.1" 206 65536
190.201.205.208 - - [02/Feb/2016:08:50:07 -0500] "GET /autoliquidacion HTTP/1.1" 301 310
172.22.2.1 - - [02/Feb/2016:08:50:07 -0500] "GET /isolucionsda/BancoConocimiento/C/CARTILLAMECI_/cartilla%20meci%20201501.pdf HTTP/1.1" 206 65536
190.201.205.208 - - [02/Feb/2016:08:50:07 -0500] "GET /autoliquidacion/ HTTP/1.1" 200 6375
172.22.2.1 - - [02/Feb/2016:08:50:07 -0500] "GET /isolucionsda/BancoConocimiento/C/CARTILLAMECI_/cartilla%20meci%20201501.pdf HTTP/1.1" 206 65536
172.22.2.1 - - [02/Feb/2016:08:50:08 -0500] "GET /isolucionsda/BancoConocimiento/C/CARTILLAMECI_/cartilla%20meci%20201501.pdf HTTP/1.1" 206 65536
190.201.205.208 - - [02/Feb/2016:08:50:08 -0500] "GET /autoliquidacion/dlf/styles.css HTTP/1.1" 200 3045
190.201.205.208 - - [02/Feb/2016:08:50:08 -0500] "GET /autoliquidacion/dlf/bg.gif HTTP/1.1" 200 54
190.201.205.208 - - [02/Feb/2016:08:50:08 -0500] "GET /autoliquidacion/dlf/folder.png HTTP/1.1" 200 410
172.22.2.1 - - [02/Feb/2016:08:50:08 -0500] "GET /isolucionsda/BancoConocimiento/C/CARTILLAMECI_/cartilla%20meci%20201501.pdf HTTP/1.1" 206 65536
172.22.2.1 - - [02/Feb/2016:08:50:09 -0500] "GET /isolucionsda/BancoConocimiento/C/CARTILLAMECI_/cartilla%20meci%20201501.pdf HTTP/1.1" 206 65536
172.22.2.1 - - [02/Feb/2016:08:50:09 -0500] "GET /isolucionsda/BancoConocimiento/C/CARTILLAMECI_/cartilla%20meci%20201501.pdf HTTP/1.1" 206 65536
198.57.247.229 - - [02/Feb/2016:08:50:10 -0500] "GET /Autoliquidacion/index.php?dir=Solicitudes%20relacionadas%20con%20calidad%20del%20aire%20auditiva%20y%20visual%2FEvaluaci%F3n%20certificado%20de%20Intensidad%20Auditiva%2F'\" HTTP/1.1" 200 6982
172.22.2.1 - - [02/Feb/2016:08:50:10 -0500] "GET /isolucionsda/BancoConocimiento/C/CARTILLAMECI_/cartilla%20meci%20201501.pdf HTTP/1.1" 206 65536
198.57.247.229 - - [02/Feb/2016:08:50:10 -0500] "GET /Autoliquidacion/index.php?dir=Solicitudes%20relacionadas%20con%20calidad%20del%20aire%20auditiva%20y%20visual%2FEvaluaci%F3n%20certificado%20de%20Intensidad%20Auditiva%2F HTTP/1.1" 200 2811
172.22.2.1 - - [02/Feb/2016:08:50:10 -0500] "GET /isolucionsda/BancoConocimiento/C/CARTILLAMECI_/cartilla%20meci%20201501.pdf HTTP/1.1" 206 65536
198.57.247.229 - - [02/Feb/2016:08:50:11 -0500] "GET /Autoliquidacion/index.php?dir=Solicitudes%20relacionadas%20con%20calidad%20del%20aire%20auditiva%20y%20visual%2FEvaluaci%F3n%20certificado%20de%20Intensidad%20Auditiva%2F2121121121212.1 HTTP/1.1" 200 7021
172.22.2.1 - - [02/Feb/2016:08:50:11 -0500] "GET /isolucionsda/BancoConocimiento/C/CARTILLAMECI_/cartilla%20meci%20201501.pdf HTTP/1.1" 206 65536
198.57.247.229 - - [02/Feb/2016:08:50:11 -0500] "GET /Autoliquidacion/index.php?dir=Solicitudes%20relacionadas%20con%20calidad%20del%20aire%20auditiva%20y%20visual%2FEvaluaci%F3n%20certificado%20de%20Intensidad%20Auditiva%2F%20and%201%3D1 HTTP/1.1" 200 7000
172.22.2.1 - - [02/Feb/2016:08:50:11 -0500] "GET /isolucionsda/BancoConocimiento/C/CARTILLAMECI_/cartilla%20meci%20201501.pdf HTTP/1.1" 206 65536
200.75.48.35 - - [02/Feb/2016:08:50:11 -0500] "GET /galeria/carrusel/Carrusel/jquery-ui-1.8.13.custom.min.js HTTP/1.1" 200 10800
200.75.48.35 - - [02/Feb/2016:08:50:11 -0500] "GET /galeria/carrusel/Carrusel/jquery.thumbnailScroller.css HTTP/1.1" 200 2066
200.75.48.35 - - [02/Feb/2016:08:50:11 -0500] "GET /galeria/carrusel/Carrusel/jquery.thumbnailScroller.js HTTP/1.1" 200 8157
198.57.247.229 - - [02/Feb/2016:08:50:12 -0500] "GET /Autoliquidacion/index.php?dir=Solicitudes%20relacionadas%20con%20calidad%20del%20aire%20auditiva%20y%20visual%2FEvaluaci%F3n%20certificado%20de%20Intensidad%20Auditiva%2F%20and%201%3E1 HTTP/1.1" 200 7000
172.22.2.1 - - [02/Feb/2016:08:50:12 -0500] "GET /isolucionsda/BancoConocimiento/C/CARTILLAMECI_/cartilla%20meci%20201501.pdf HTTP/1.1" 206 65536
198.57.247.229 - - [02/Feb/2016:08:50:12 -0500] "GET /Autoliquidacion/index.php?dir=Solicitudes%20relacionadas%20con%20calidad%20del%20aire%20auditiva%20y%20visual%2FEvaluaci%F3n%20certificado%20de%20Intensidad%20Auditiva%2F%27%20and%20%27x%27%3D%27x HTTP/1.1" 200 7012
172.22.2.1 - - [02/Feb/2016:08:50:12 -0500] "GET /isolucionsda/BancoConocimiento/C/CARTILLAMECI_/cartilla%20meci%20201501.pdf HTTP/1.1" 206 65536
198.57.247.229 - - [02/Feb/2016:08:50:12 -0500] "GET /Autoliquidacion/index.php?dir=Solicitudes%20relacionadas%20con%20calidad%20del%20aire%20auditiva%20y%20visual%2FEvaluaci%F3n%20certificado%20de%20Intensidad%20Auditiva%2F%27%20and%20%27x%27%3D%27y HTTP/1.1" 200 7012
172.22.2.1 - - [02/Feb/2016:08:50:12 -0500] "GET /isolucionsda/BancoConocimiento/C/CARTILLAMECI_/cartilla%20meci%20201501.pdf HTTP/1.1" 206 65536
198.57.247.229 - - [02/Feb/2016:08:50:13 -0500] "GET /Autoliquidacion/index.php?dir=Solicitudes%20relacionadas%20con%20calidad%20del%20aire%20auditiva%20y%20visual%2FEvaluaci%F3n%20certificado%20de%20Intensidad%20Auditiva%2F\"%20and%20\"x\"%3D\"x HTTP/1.1" 200 7012
198.57.247.229 - - [02/Feb/2016:08:50:13 -0500] "GET /Autoliquidacion/index.php?dir=Solicitudes%20relacionadas%20con%20calidad%20del%20aire%20auditiva%20y%20visual%2FEvaluaci%F3n%20certificado%20de%20Intensidad%20Auditiva%2F%22%20and%20%22x%22%3D%22y HTTP/1.1" 200 7012
172.22.2.1 - - [02/Feb/2016:08:50:13 -0500] "GET /isolucionsda/BancoConocimiento/C/CARTILLAMECI_/cartilla%20meci%20201501.pdf HTTP/1.1" 206 65536
198.57.247.229 - - [02/Feb/2016:08:50:14 -0500] "GET /Autoliquidacion/index.php?dir=Solicitudes%20relacionadas%20con%20calidad%20del%20aire%20auditiva%20y%20visual%2FEvaluaci%F3n%20certificado%20de%20Intensidad%20Auditiva%2F%20AND%201=1 HTTP/1.1" 200 7000
172.22.2.1 - - [02/Feb/2016:08:50:14 -0500] "GET /isolucionsda/BancoConocimiento/C/CARTILLAMECI_/cartilla%20meci%20201501.pdf HTTP/1.1" 206 65536
198.57.247.229 - - [02/Feb/2016:08:50:14 -0500] "GET /Autoliquidacion/index.php?dir=Solicitudes%20relacionadas%20con%20calidad%20del%20aire%20auditiva%20y%20visual%2FEvaluaci%F3n%20certificado%20de%20Intensidad%20Auditiva%2F HTTP/1.0" 200 2811
46.148.22.18 - - [02/Feb/2016:08:50:14 -0500] "POST /xmlrpc.php HTTP/1.1" 301 330
172.22.2.1 - - [02/Feb/2016:08:50:14 -0500] "GET /isolucionsda/BancoConocimiento/C/CARTILLAMECI_/cartilla%20meci%20201501.pdf HTTP/1.1" 206 65536
172.22.2.1 - - [02/Feb/2016:08:50:15 -0500] "GET /isolucionsda/BancoConocimiento/C/CARTILLAMECI_/cartilla%20meci%20201501.pdf HTTP/1.1" 206 65536
172.22.2.1 - - [02/Feb/2016:08:50:15 -0500] "GET /isolucionsda/BancoConocimiento/C/CARTILLAMECI_/cartilla%20meci%20201501.pdf HTTP/1.1" 206 65536
172.22.2.1 - - [02/Feb/2016:08:50:16 -0500] "GET /isolucionsda/BancoConocimiento/C/CARTILLAMECI_/cartilla%20meci%20201501.pdf HTTP/1.1" 206 65536
181.143.167.218 - - [02/Feb/2016:08:50:16 -0500] "GET /BLA/boletinlegal/js/jquery.scrollShow.js HTTP/1.1" 200 4586
181.143.167.218 - - [02/Feb/2016:08:50:17 -0500] "GET /galeria/galeria/jquery.fancybox.js?v=2.1.5 HTTP/1.1" 200 48706
172.22.2.1 - - [02/Feb/2016:08:50:16 -0500] "GET /isolucionsda/BancoConocimiento/C/CARTILLAMECI_/cartilla%20meci%20201501.pdf HTTP/1.1" 206 65536
201.236.210.232 - - [02/Feb/2016:08:50:17 -0500] "GET /galeria/galeria/jquery.fancybox.css?v=2.1.5 HTTP/1.1" 304 -
201.236.210.232 - - [02/Feb/2016:08:50:17 -0500] "GET /galeria/galeria/jquery.fancybox.js?v=2.1.5 HTTP/1.1" 304 -
201.236.210.232 - - [02/Feb/2016:08:50:17 -0500] "GET /BLA/boletinlegal/js/jquery.scrollShow.js HTTP/1.1" 304 -
181.143.167.218 - - [02/Feb/2016:08:50:17 -0500] "GET /galeria/galeria/jquery.fancybox.css?v=2.1.5 HTTP/1.1" 200 4895
172.22.2.1 - - [02/Feb/2016:08:50:17 -0500] "GET /isolucionsda/BancoConocimiento/C/CARTILLAMECI_/cartilla%20meci%20201501.pdf HTTP/1.1" 206 65536
200.75.48.35 - - [02/Feb/2016:08:50:18 -0500] "GET /galeria/nivo-slider/demo/demo.html HTTP/1.1" 200 4083
200.75.48.35 - - [02/Feb/2016:08:50:18 -0500] "GET /galeria/nivo-slider/themes/orman/orman.css HTTP/1.1" 200 2152
200.75.48.35 - - [02/Feb/2016:08:50:18 -0500] "GET /galeria/nivo-slider/themes/pascal/pascal.css HTTP/1.1" 200 2258
200.75.48.35 - - [02/Feb/2016:08:50:18 -0500] "GET /galeria/nivo-slider/themes/default/default.css HTTP/1.1" 200 1569
200.75.48.35 - - [02/Feb/2016:08:50:18 -0500] "GET /galeria/nivo-slider/demo/style.css HTTP/1.1" 200 2222
200.75.48.35 - - [02/Feb/2016:08:50:18 -0500] "GET /galeria/nivo-slider/nivo-slider.css HTTP/1.1" 200 1507
200.75.48.35 - - [02/Feb/2016:08:50:18 -0500] "GET /galeria/nivo-slider/demo/scripts/jquery-1.7.1.min.js HTTP/1.1" 200 93868
172.22.2.1 - - [02/Feb/2016:08:50:18 -0500] "GET /isolucionsda/BancoConocimiento/C/CARTILLAMECI_/cartilla%20meci%20201501.pdf HTTP/1.1" 206 65536
200.75.48.35 - - [02/Feb/2016:08:50:18 -0500] "GET /galeria/nivo-slider/demo/images/dias-humedales2016.jpg HTTP/1.1" 200 90165
200.75.48.35 - - [02/Feb/2016:08:50:18 -0500] "GET /galeria/nivo-slider/demo/images/dia-sin-carro-2016.jpg HTTP/1.1" 200 128081
200.75.48.35 - - [02/Feb/2016:08:50:18 -0500] "GET /galeria/nivo-slider/jquery.nivo.slider.pack.js HTTP/1.1" 200 11561
200.75.48.35 - - [02/Feb/2016:08:50:18 -0500] "GET /galeria/nivo-slider/demo/images/Convocatoria-CTPD-curvas-01.png HTTP/1.1" 200 565805
200.75.48.35 - - [02/Feb/2016:08:50:18 -0500] "GET /galeria/nivo-slider/demo/images/ABC-Plan-de-contigencia.jpg HTTP/1.1" 200 423901
200.75.48.35 - - [02/Feb/2016:08:50:18 -0500] "GET /galeria/nivo-slider/themes/default/loading.gif HTTP/1.1" 200 1737
200.75.48.35 - - [02/Feb/2016:08:50:18 -0500] "GET /galeria/nivo-slider/demo/images/4Simple_Slider.png HTTP/1.1" 200 11722
200.75.48.35 - - [02/Feb/2016:08:50:18 -0500] "GET /galeria/nivo-slider/demo/images/banner-llantas2015.jpg HTTP/1.1" 200 268366
200.75.48.35 - - [02/Feb/2016:08:50:18 -0500] "GET /galeria/nivo-slider/demo/images/caminata-ecologica.jpg HTTP/1.1" 200 192926
200.75.48.35 - - [02/Feb/2016:08:50:18 -0500] "GET /galeria/nivo-slider/demo/images/Cmapana-onestidad.jpg HTTP/1.1" 200 141638
200.75.48.35 - - [02/Feb/2016:08:50:18 -0500] "GET /galeria/nivo-slider/demo/images/PREDAcamp.jpg HTTP/1.1" 200 295358
172.22.2.1 - - [02/Feb/2016:08:50:18 -0500] "GET /isolucionsda/BancoConocimiento/C/CARTILLAMECI_/cartilla%20meci%20201501.pdf HTTP/1.1" 206 65536
172.22.2.1 - - [02/Feb/2016:08:50:19 -0500] "GET /isolucionsda/BancoConocimiento/C/CARTILLAMECI_/cartilla%20meci%20201501.pdf HTTP/1.1" 206 65536
200.75.48.35 - - [02/Feb/2016:08:50:19 -0500] "GET /galeria/nivo-slider/demo/images/banner-llantas2.jpg HTTP/1.1" 200 234514
200.69.119.82 - - [02/Feb/2016:08:50:19 -0500] "GET /BLA/boletinlegal/js/jquery.scrollShow.js HTTP/1.1" 304 -
200.69.119.82 - - [02/Feb/2016:08:50:19 -0500] "GET /galeria/galeria/jquery.fancybox.css?v=2.1.5 HTTP/1.1" 304 -
200.69.119.82 - - [02/Feb/2016:08:50:19 -0500] "GET /galeria/galeria/jquery.fancybox.js?v=2.1.5 HTTP/1.1" 304 -
200.75.48.35 - - [02/Feb/2016:08:50:19 -0500] "GET /galeria/nivo-slider/demo/images/9Signos.jpg HTTP/1.1" 200 81776
200.75.48.35 - - [02/Feb/2016:08:50:19 -0500] "GET /galeria/nivo-slider/demo/images/Ruta-vertimientos-01.jpg HTTP/1.1" 200 130151
172.22.2.1 - - [02/Feb/2016:08:50:19 -0500] "GET /isolucionsda/BancoConocimiento/C/CARTILLAMECI_/cartilla%20meci%20201501.pdf HTTP/1.1" 206 65536
200.75.48.35 - - [02/Feb/2016:08:50:20 -0500] "GET /galeria/nivo-slider/demo/images/bolsas-06.jpg HTTP/1.1" 200 210950
172.22.2.1 - - [02/Feb/2016:08:50:20 -0500] "GET /isolucionsda/BancoConocimiento/C/CARTILLAMECI_/cartilla%20meci%20201501.pdf HTTP/1.1" 206 65536
200.75.48.35 - - [02/Feb/2016:08:50:20 -0500] "GET /galeria/nivo-slider/demo/images/ecolecta-Dic2014.png HTTP/1.1" 200 856487
172.22.2.1 - - [02/Feb/2016:08:50:20 -0500] "GET /isolucionsda/BancoConocimiento/C/CARTILLAMECI_/cartilla%20meci%20201501.pdf HTTP/1.1" 206 65536
172.22.2.1 - - [02/Feb/2016:08:50:21 -0500] "GET /isolucionsda/BancoConocimiento/C/CARTILLAMECI_/cartilla%20meci%20201501.pdf HTTP/1.1" 206 65536
172.22.2.1 - - [02/Feb/2016:08:50:21 -0500] "GET /isolucionsda/BancoConocimiento/C/CARTILLAMECI_/cartilla%20meci%20201501.pdf HTTP/1.1" 206 65536
172.22.2.1 - - [02/Feb/2016:08:50:22 -0500] "GET /isolucionsda/BancoConocimiento/C/CARTILLAMECI_/cartilla%20meci%20201501.pdf HTTP/1.1" 206 65536
172.22.2.1 - - [02/Feb/2016:08:50:22 -0500] "GET /isolucionsda/BancoConocimiento/C/CARTILLAMECI_/cartilla%20meci%20201501.pdf HTTP/1.1" 206 65536
172.22.2.1 - - [02/Feb/2016:08:50:23 -0500] "GET /isolucionsda/BancoConocimiento/C/CARTILLAMECI_/cartilla%20meci%20201501.pdf HTTP/1.1" 206 65536
200.75.48.35 - - [02/Feb/2016:08:50:24 -0500] "GET /galeria/nivo-slider/themes/default/arrows.png HTTP/1.1" 200 824
172.22.2.1 - - [02/Feb/2016:08:50:23 -0500] "GET /isolucionsda/BancoConocimiento/C/CARTILLAMECI_/cartilla%20meci%20201501.pdf HTTP/1.1" 206 65536
200.75.48.35 - - [02/Feb/2016:08:50:24 -0500] "GET /galeria/nivo-slider/themes/default/bullets.png HTTP/1.1" 200 1281
172.22.2.1 - - [02/Feb/2016:08:50:24 -0500] "GET /isolucionsda/BancoConocimiento/C/CARTILLAMECI_/cartilla%20meci%20201501.pdf HTTP/1.1" 206 65536
172.22.2.1 - - [02/Feb/2016:08:50:24 -0500] "GET /isolucionsda/BancoConocimiento/C/CARTILLAMECI_/cartilla%20meci%20201501.pdf HTTP/1.1" 206 65536
172.22.2.1 - - [02/Feb/2016:08:50:25 -0500] "GET /isolucionsda/BancoConocimiento/C/CARTILLAMECI_/cartilla%20meci%20201501.pdf HTTP/1.1" 206 65536
172.22.2.1 - - [02/Feb/2016:08:50:26 -0500] "GET /isolucionsda/BancoConocimiento/C/CARTILLAMECI_/cartilla%20meci%20201501.pdf HTTP/1.1" 206 65536
172.22.2.1 - - [02/Feb/2016:08:50:26 -0500] "GET /isolucionsda/BancoConocimiento/C/CARTILLAMECI_/cartilla%20meci%20201501.pdf HTTP/1.1" 206 65536
172.22.2.1 - - [02/Feb/2016:08:50:27 -0500] "GET /isolucionsda/BancoConocimiento/C/CARTILLAMECI_/cartilla%20meci%20201501.pdf HTTP/1.1" 206 65536
172.22.2.1 - - [02/Feb/2016:08:50:27 -0500] "GET /isolucionsda/BancoConocimiento/C/CARTILLAMECI_/cartilla%20meci%20201501.pdf HTTP/1.1" 206 65536
172.22.2.1 - - [02/Feb/2016:08:50:28 -0500] "GET /isolucionsda/BancoConocimiento/C/CARTILLAMECI_/cartilla%20meci%20201501.pdf HTTP/1.1" 206 65536
172.22.2.1 - - [02/Feb/2016:08:50:28 -0500] "GET /isolucionsda/BancoConocimiento/C/CARTILLAMECI_/cartilla%20meci%20201501.pdf HTTP/1.1" 206 65536
181.143.167.218 - - [02/Feb/2016:08:50:29 -0500] "GET /BLA/boletinlegal/js/jquery.scrollShow.js HTTP/1.1" 304 -
181.143.167.218 - - [02/Feb/2016:08:50:29 -0500] "GET /galeria/galeria/jquery.fancybox.js?v=2.1.5 HTTP/1.1" 304 -
172.22.2.1 - - [02/Feb/2016:08:50:29 -0500] "GET /isolucionsda/BancoConocimiento/C/CARTILLAMECI_/cartilla%20meci%20201501.pdf HTTP/1.1" 206 65536
181.143.167.218 - - [02/Feb/2016:08:50:29 -0500] "GET /galeria/galeria/jquery.fancybox.css?v=2.1.5 HTTP/1.1" 304 -
190.201.205.208 - - [02/Feb/2016:08:50:29 -0500] "GET /autoliquidacion/index.php?dir=Plan+de+manejo+ambiental+para+sitios+de+aprovechamiento+y+o+disposicion+final+de+escombros%2F HTTP/1.1" 200 2472
172.22.2.1 - - [02/Feb/2016:08:50:29 -0500] "GET /isolucionsda/BancoConocimiento/C/CARTILLAMECI_/cartilla%20meci%20201501.pdf HTTP/1.1" 206 65536
190.201.205.208 - - [02/Feb/2016:08:50:30 -0500] "GET /autoliquidacion/dlf/dirup.png HTTP/1.1" 200 644
190.201.205.208 - - [02/Feb/2016:08:50:30 -0500] "GET /autoliquidacion/dlf/html.gif HTTP/1.1" 200 632
172.22.2.1 - - [02/Feb/2016:08:50:30 -0500] "GET /isolucionsda/BancoConocimiento/C/CARTILLAMECI_/cartilla%20meci%20201501.pdf HTTP/1.1" 206 65536
200.69.119.82 - - [02/Feb/2016:08:50:30 -0500] "GET /galeria/galeria/jquery.fancybox.js?v=2.1.5 HTTP/1.1" 304 -
200.69.119.82 - - [02/Feb/2016:08:50:30 -0500] "GET /galeria/galeria/jquery.fancybox.css?v=2.1.5 HTTP/1.1" 304 -
172.22.2.1 - - [02/Feb/2016:08:50:30 -0500] "GET /isolucionsda/BancoConocimiento/C/CARTILLAMECI_/cartilla%20meci%20201501.pdf HTTP/1.1" 206 65536
172.22.2.1 - - [02/Feb/2016:08:50:31 -0500] "GET /isolucionsda/BancoConocimiento/C/CARTILLAMECI_/cartilla%20meci%20201501.pdf HTTP/1.1" 206 65536
172.22.2.1 - - [02/Feb/2016:08:50:31 -0500] "GET /isolucionsda/BancoConocimiento/C/CARTILLAMECI_/cartilla%20meci%20201501.pdf HTTP/1.1" 206 65536
172.22.2.1 - - [02/Feb/2016:08:50:32 -0500] "GET /isolucionsda/BancoConocimiento/C/CARTILLAMECI_/cartilla%20meci%20201501.pdf HTTP/1.1" 206 65536
172.22.2.1 - - [02/Feb/2016:08:50:33 -0500] "GET /isolucionsda/BancoConocimiento/C/CARTILLAMECI_/cartilla%20meci%20201501.pdf HTTP/1.1" 206 65536
190.201.205.208 - - [02/Feb/2016:08:50:33 -0500] "GET /autoliquidacion/index.php?dir= HTTP/1.1" 200 6375
190.201.205.208 - - [02/Feb/2016:08:50:33 -0500] "GET /BLA/boletinlegal/js/jquery.scrollShow.js HTTP/1.1" 304 -
190.201.205.208 - - [02/Feb/2016:08:50:33 -0500] "GET /galeria/galeria/jquery.fancybox.js?v=2.1.5 HTTP/1.1" 304 -
172.22.2.1 - - [02/Feb/2016:08:50:33 -0500] "GET /isolucionsda/BancoConocimiento/C/CARTILLAMECI_/cartilla%20meci%20201501.pdf HTTP/1.1" 206 65536
172.22.2.1 - - [02/Feb/2016:08:50:34 -0500] "GET /isolucionsda/BancoConocimiento/C/CARTILLAMECI_/cartilla%20meci%20201501.pdf HTTP/1.1" 206 65536
172.22.2.1 - - [02/Feb/2016:08:50:34 -0500] "GET /isolucionsda/BancoConocimiento/C/CARTILLAMECI_/cartilla%20meci%20201501.pdf HTTP/1.1" 206 65536
172.22.2.1 - - [02/Feb/2016:08:50:35 -0500] "GET /isolucionsda/BancoConocimiento/C/CARTILLAMECI_/cartilla%20meci%20201501.pdf HTTP/1.1" 206 65536
172.22.2.1 - - [02/Feb/2016:08:50:36 -0500] "GET /isolucionsda/BancoConocimiento/C/CARTILLAMECI_/cartilla%20meci%20201501.pdf HTTP/1.1" 206 65536
172.22.2.1 - - [02/Feb/2016:08:50:36 -0500] "GET /isolucionsda/BancoConocimiento/C/CARTILLAMECI_/cartilla%20meci%20201501.pdf HTTP/1.1" 206 65536
172.22.2.1 - - [02/Feb/2016:08:50:37 -0500] "GET /isolucionsda/BancoConocimiento/C/CARTILLAMECI_/cartilla%20meci%20201501.pdf HTTP/1.1" 206 65536
172.22.2.1 - - [02/Feb/2016:08:50:37 -0500] "GET /isolucionsda/BancoConocimiento/C/CARTILLAMECI_/cartilla%20meci%20201501.pdf HTTP/1.1" 206 65536
172.22.2.1 - - [02/Feb/2016:08:50:38 -0500] "GET /isolucionsda/BancoConocimiento/C/CARTILLAMECI_/cartilla%20meci%20201501.pdf HTTP/1.1" 206 65536
190.201.205.208 - - [02/Feb/2016:08:50:38 -0500] "GET /autoliquidacion/index.php?dir=Solicitud+de+Clasificaci%F3n+de+Impacto+Ambiental%2F HTTP/1.1" 200 2872
172.22.2.1 - - [02/Feb/2016:08:50:39 -0500] "GET /isolucionsda/BancoConocimiento/C/CARTILLAMECI_/cartilla%20meci%20201501.pdf HTTP/1.1" 206 65536
190.201.205.208 - - [02/Feb/2016:08:50:39 -0500] "GET /autoliquidacion/dlf/xls.gif HTTP/1.1" 200 636
190.201.205.208 - - [02/Feb/2016:08:50:39 -0500] "GET /autoliquidacion/dlf/pdf.gif HTTP/1.1" 200 272
190.201.205.208 - - [02/Feb/2016:08:50:39 -0500] "GET /galeria/galeria/jquery.fancybox.css?v=2.1.5 HTTP/1.1" 304 -
172.22.2.1 - - [02/Feb/2016:08:50:39 -0500] "GET /isolucionsda/BancoConocimiento/C/CARTILLAMECI_/cartilla%20meci%20201501.pdf HTTP/1.1" 206 65536
200.69.119.82 - - [02/Feb/2016:08:50:40 -0500] "GET /BLA/boletinlegal/js/jquery.scrollShow.js HTTP/1.1" 304 -
200.69.119.82 - - [02/Feb/2016:08:50:40 -0500] "GET /galeria/galeria/jquery.fancybox.css?v=2.1.5 HTTP/1.1" 304 -
200.69.119.82 - - [02/Feb/2016:08:50:40 -0500] "GET /galeria/galeria/jquery.fancybox.js?v=2.1.5 HTTP/1.1" 304 -
172.22.2.1 - - [02/Feb/2016:08:50:40 -0500] "GET /isolucionsda/BancoConocimiento/C/CARTILLAMECI_/cartilla%20meci%20201501.pdf HTTP/1.1" 206 65536
172.22.2.1 - - [02/Feb/2016:08:50:40 -0500] "GET /isolucionsda/BancoConocimiento/C/CARTILLAMECI_/cartilla%20meci%20201501.pdf HTTP/1.1" 206 65536
172.22.2.1 - - [02/Feb/2016:08:50:41 -0500] "GET /isolucionsda/BancoConocimiento/C/CARTILLAMECI_/cartilla%20meci%20201501.pdf HTTP/1.1" 206 65536
190.201.205.208 - - [02/Feb/2016:08:50:41 -0500] "GET /autoliquidacion/Solicitud%20de%20Clasificaci%C3%B3n%20de%20Impacto%20Ambiental/lista-chequeo-sol-clasificacion-impacto-ambiental0.pdf HTTP/1.1" 200 124784
172.22.2.1 - - [02/Feb/2016:08:50:41 -0500] "GET /isolucionsda/BancoConocimiento/C/CARTILLAMECI_/cartilla%20meci%20201501.pdf HTTP/1.1" 206 65536
172.22.2.1 - - [02/Feb/2016:08:50:42 -0500] "GET /isolucionsda/BancoConocimiento/C/CARTILLAMECI_/cartilla%20meci%20201501.pdf HTTP/1.1" 206 65536
172.22.2.1 - - [02/Feb/2016:08:50:42 -0500] "GET /isolucionsda/BancoConocimiento/C/CARTILLAMECI_/cartilla%20meci%20201501.pdf HTTP/1.1" 206 65536
201.245.192.253 - - [02/Feb/2016:08:50:45 -0500] "GET /galeria/galeria/jquery.fancybox.css?v=2.1.5 HTTP/1.1" 304 -
201.245.192.253 - - [02/Feb/2016:08:50:45 -0500] "GET /galeria/galeria/jquery.fancybox.js?v=2.1.5 HTTP/1.1" 304 -
201.245.192.253 - - [02/Feb/2016:08:50:46 -0500] "GET /galeria/nivo-slider/demo/demo.html HTTP/1.1" 200 4083
201.245.192.253 - - [02/Feb/2016:08:50:46 -0500] "GET /galeria/nivo-slider/demo/images/dias-humedales2016.jpg HTTP/1.1" 200 90165
201.245.192.253 - - [02/Feb/2016:08:50:46 -0500] "GET /galeria/nivo-slider/demo/images/Convocatoria-CTPD-curvas-01.png HTTP/1.1" 304 -
201.245.192.253 - - [02/Feb/2016:08:50:46 -0500] "GET /galeria/nivo-slider/demo/images/dia-sin-carro-2016.jpg HTTP/1.1" 304 -
201.245.192.253 - - [02/Feb/2016:08:50:47 -0500] "GET /galeria/nivo-slider/demo/images/ABC-Plan-de-contigencia.jpg HTTP/1.1" 304 -
201.245.192.253 - - [02/Feb/2016:08:50:47 -0500] "GET /galeria/nivo-slider/demo/images/banner-llantas2015.jpg HTTP/1.1" 304 -
201.245.192.253 - - [02/Feb/2016:08:50:47 -0500] "GET /galeria/nivo-slider/demo/images/caminata-ecologica.jpg HTTP/1.1" 304 -
201.245.192.253 - - [02/Feb/2016:08:50:47 -0500] "GET /galeria/nivo-slider/demo/images/Cmapana-onestidad.jpg HTTP/1.1" 304 -
201.245.192.253 - - [02/Feb/2016:08:50:47 -0500] "GET /isolucionsda/ HTTP/1.1" 302 140
201.245.192.253 - - [02/Feb/2016:08:50:47 -0500] "GET /isolucionsda/ControlDeInicio.asp HTTP/1.1" 200 739
201.245.192.253 - - [02/Feb/2016:08:50:47 -0500] "GET /galeria/nivo-slider/demo/images/banner-llantas2.jpg HTTP/1.1" 304 -
201.245.192.253 - - [02/Feb/2016:08:50:47 -0500] "GET /isolucionsda/IdentificaUsuario.asp?Pagina1=FrameSetGeneral.asp& HTTP/1.1" 200 5090
201.245.192.253 - - [02/Feb/2016:08:50:47 -0500] "GET /isolucionsda/g/Img_LogoIsoCabezote.jpg HTTP/1.1" 200 7960
201.245.192.253 - - [02/Feb/2016:08:50:47 -0500] "GET /isolucionsda/StyleSheet/StyleSheet.css HTTP/1.1" 200 22894
201.245.192.253 - - [02/Feb/2016:08:50:47 -0500] "GET /isolucionsda/g/Img_DivBarraSup.jpg HTTP/1.1" 200 323
201.245.192.253 - - [02/Feb/2016:08:50:47 -0500] "GET /isolucionsda/g/shim.gif HTTP/1.1" 200 43
201.245.192.253 - - [02/Feb/2016:08:50:47 -0500] "GET /isolucionsda/g/Bgr_BarraSuperior.jpg HTTP/1.1" 200 419
201.245.192.253 - - [02/Feb/2016:08:50:52 -0500] "GET /BLA/resoluciones/RESOLUCIONES%202013/1039.pdf HTTP/1.1" 200 2529068
201.245.192.253 - - [02/Feb/2016:08:50:53 -0500] "GET /galeria/nivo-slider/demo/demo.html HTTP/1.1" 304 -
201.245.192.253 - - [02/Feb/2016:08:50:53 -0500] "GET /galeria/nivo-slider/demo/images/dias-humedales2016.jpg HTTP/1.1" 304 -
201.245.192.253 - - [02/Feb/2016:08:50:53 -0500] "GET /galeria/nivo-slider/demo/images/dia-sin-carro-2016.jpg HTTP/1.1" 304 -
201.245.192.253 - - [02/Feb/2016:08:50:53 -0500] "GET /galeria/nivo-slider/demo/images/Cmapana-onestidad.jpg HTTP/1.1" 304 -
201.245.192.253 - - [02/Feb/2016:08:50:53 -0500] "GET /galeria/nivo-slider/demo/scripts/jquery-1.7.1.min.js HTTP/1.1" 304 -
201.245.192.253 - - [02/Feb/2016:08:50:55 -0500] "POST /isolucionsda/IdentificaUsuario.asp?Pagina1=FrameSetGeneral.asp& HTTP/1.1" 302 173
201.245.192.253 - - [02/Feb/2016:08:50:55 -0500] "GET /isolucionsda/FrameSetGeneral.asp?Pagina1=FrameSetGeneral.asp& HTTP/1.1" 200 6613
201.245.192.253 - - [02/Feb/2016:08:50:55 -0500] "GET /isolucionsda/Encabezado.asp?Pagina1=FrameSetGeneral.asp&&Pagina=MagazinHome.asp HTTP/1.1" 200 15420
201.245.192.253 - - [02/Feb/2016:08:50:55 -0500] "GET /isolucionsda/g/Bot_Anterior.jpg HTTP/1.1" 200 1797
201.245.192.253 - - [02/Feb/2016:08:50:55 -0500] "GET /isolucionsda/g/Bot_Siguiente.jpg HTTP/1.1" 200 1727
201.245.192.253 - - [02/Feb/2016:08:50:55 -0500] "GET /isolucionsda/g/Bot_Home.jpg HTTP/1.1" 200 1936
201.245.192.253 - - [02/Feb/2016:08:50:55 -0500] "GET /isolucionsda/g/Bgr_BarraBotPrins.jpg HTTP/1.1" 200 944
201.245.192.253 - - [02/Feb/2016:08:50:55 -0500] "GET /isolucionsda/g/Bot_Glosario.jpg HTTP/1.1" 200 1989
201.245.192.253 - - [02/Feb/2016:08:50:55 -0500] "GET /isolucionsda/g/Bot_Ayuda.jpg HTTP/1.1" 200 1702
201.245.192.253 - - [02/Feb/2016:08:50:55 -0500] "GET /isolucionsda/g/Bot_Administrador.jpg HTTP/1.1" 200 1694
201.245.192.253 - - [02/Feb/2016:08:50:55 -0500] "GET /isolucionsda/g/Img_DivVertBarraSup.jpg HTTP/1.1" 200 810
201.245.192.253 - - [02/Feb/2016:08:50:55 -0500] "GET /isolucionsda/g/Bot_Meci_ESP.jpg HTTP/1.1" 200 4380
201.245.192.253 - - [02/Feb/2016:08:50:55 -0500] "GET /isolucionsda/BarraFavoritos.asp HTTP/1.1" 200 911
201.245.192.253 - - [02/Feb/2016:08:50:55 -0500] "GET /isolucionsda/Session.asp?Continue=1 HTTP/1.1" 200 6323
201.245.192.253 - - [02/Feb/2016:08:50:55 -0500] "GET /isolucionsda/BarraTitulos.asp?Pagina1=FrameSetGeneral.asp&&Pagina=MagazinHome.asp HTTP/1.1" 200 6972
201.245.192.253 - - [02/Feb/2016:08:50:55 -0500] "GET /isolucionsda/g/Bot_SySOOff_ESP.jpg HTTP/1.1" 200 3270
201.245.192.253 - - [02/Feb/2016:08:50:55 -0500] "GET /isolucionsda/MagazinHome.asp HTTP/1.1" 200 28596
201.245.192.253 - - [02/Feb/2016:08:50:55 -0500] "GET /isolucionsda/g/Bot_Indicadores_ESP.jpg HTTP/1.1" 200 5267
201.245.192.253 - - [02/Feb/2016:08:50:55 -0500] "GET /isolucionsda/g/Bot_Documentos_ESP.jpg HTTP/1.1" 200 5825
201.245.192.253 - - [02/Feb/2016:08:50:55 -0500] "GET /isolucionsda/g/Bot_TareasOff_ESP.jpg HTTP/1.1" 200 3028
201.245.192.253 - - [02/Feb/2016:08:50:55 -0500] "GET /isolucionsda/g/Bot_ClientesOff_ESP.jpg HTTP/1.1" 200 2917
201.245.192.253 - - [02/Feb/2016:08:50:55 -0500] "GET /isolucionsda/g/Bot_Ambiental_ESP.jpg HTTP/1.1" 200 5259
201.245.192.253 - - [02/Feb/2016:08:50:55 -0500] "GET /isolucionsda/g/Bot_Procesos_ESP.jpg HTTP/1.1" 200 4441
201.245.192.253 - - [02/Feb/2016:08:50:55 -0500] "GET /isolucionsda/g/Bot_Cerrar.jpg HTTP/1.1" 200 1944
201.245.192.253 - - [02/Feb/2016:08:50:55 -0500] "GET /isolucionsda/g/Bot_Manual_ESP.jpg HTTP/1.1" 200 4512
201.245.192.253 - - [02/Feb/2016:08:50:55 -0500] "GET /isolucionsda/g/Bot_RiesgosDaft_ESP.jpg HTTP/1.1" 200 2616
201.245.192.253 - - [02/Feb/2016:08:50:55 -0500] "GET /isolucionsda/g/Bot_ProveedoresOff_ESP.jpg HTTP/1.1" 200 3801
201.245.192.253 - - [02/Feb/2016:08:50:55 -0500] "GET /isolucionsda/g/Bot_Mejoramiento_ESP.jpg HTTP/1.1" 200 5904
201.245.192.253 - - [02/Feb/2016:08:50:55 -0500] "GET /isolucionsda/g/Bot_CalibracionOff_ESP.jpg HTTP/1.1" 200 3850
201.245.192.253 - - [02/Feb/2016:08:50:55 -0500] "GET /isolucionsda/g/Bot_TalentoOff_ESP.jpg HTTP/1.1" 200 3258
201.245.192.253 - - [02/Feb/2016:08:50:55 -0500] "GET /isolucionsda/g/Img_LogoIcono.jpg HTTP/1.1" 200 7870
201.245.192.253 - - [02/Feb/2016:08:50:55 -0500] "GET /isolucionsda/g/Bgr_BarraInferior.jpg HTTP/1.1" 200 398
201.245.192.253 - - [02/Feb/2016:08:50:55 -0500] "GET /isolucionsda/g/Bgr_BarraCurva.jpg HTTP/1.1" 200 374
201.245.192.253 - - [02/Feb/2016:08:50:55 -0500] "GET /isolucionsda/g/Img_BarraCurva.jpg HTTP/1.1" 200 1826
201.245.192.253 - - [02/Feb/2016:08:50:55 -0500] "GET /isolucionsda/g/Bgr_BarraCurva2.jpg HTTP/1.1" 200 409
201.245.192.253 - - [02/Feb/2016:08:50:55 -0500] "GET /isolucionsda/g/Bgr_Destacado3399CC.jpg HTTP/1.1" 404 1245
201.245.192.253 - - [02/Feb/2016:08:50:55 -0500] "GET /isolucionsda/GrafVinetas/logo%202016-20.png HTTP/1.1" 200 12367
201.245.192.253 - - [02/Feb/2016:08:50:55 -0500] "GET /isolucionsda/g/Bgr_BarraMediaHome.jpg HTTP/1.1" 200 446
201.245.192.253 - - [02/Feb/2016:08:50:55 -0500] "GET /isolucionsda/g/Img_LineaPunteada.gif HTTP/1.1" 200 123
201.245.192.253 - - [02/Feb/2016:08:50:55 -0500] "GET /isolucionsda/TareasSFRedirect.asp HTTP/1.1" 302 195
201.245.192.253 - - [02/Feb/2016:08:50:56 -0500] "GET /isolucionsda/g/Bgr_TituloCabezote3.jpg HTTP/1.1" 200 841
201.245.192.253 - - [02/Feb/2016:08:50:56 -0500] "GET /isolucionsda/g/GifTransparente.gif HTTP/1.1" 200 51
201.245.192.253 - - [02/Feb/2016:08:50:56 -0500] "GET /isolucionsda/g/Bullet_FlechaAzul.gif HTTP/1.1" 200 72
201.245.192.253 - - [02/Feb/2016:08:50:56 -0500] "GET /isolucionsda/g/Bullet_PuntoAzul.gif HTTP/1.1" 200 75
201.245.192.253 - - [02/Feb/2016:08:50:56 -0500] "GET /BLA/resoluciones/RESOLUCIONES%202013/1039.pdf HTTP/1.1" 206 32768
201.245.192.253 - - [02/Feb/2016:08:50:57 -0500] "GET /BLA/resoluciones/RESOLUCIONES%202013/1039.pdf HTTP/1.1" 206 2496300
201.245.192.253 - - [02/Feb/2016:08:50:56 -0500] "GET /isolucionsda/Login.aspx?TARGET=SFContainerFiltrado.aspx&number=67554849575648484554 HTTP/1.1" 302 886
201.245.192.253 - - [02/Feb/2016:08:50:57 -0500] "GET /isolucionsda/SFContainerFiltrado.aspx?Number=67554849575648484554 HTTP/1.1" 200 14314
201.245.192.253 - - [02/Feb/2016:08:50:57 -0500] "GET /isolucionsda/g/Bot_IndicadoresOver_ESP.jpg HTTP/1.1" 200 5413
201.245.192.253 - - [02/Feb/2016:08:50:57 -0500] "GET /isolucionsda/g/Bot_DocumentosOver_ESP.jpg HTTP/1.1" 200 5899
201.245.192.253 - - [02/Feb/2016:08:50:58 -0500] "GET /isolucionsda/FrameSetGeneral.asp?Pagina=Menu.asp&IdModulo=4 HTTP/1.1" 200 6583
201.245.192.253 - - [02/Feb/2016:08:50:58 -0500] "GET /isolucionsda/Menu.asp?Pagina=Menu.asp&IdModulo=4 HTTP/1.1" 200 9695
201.245.192.253 - - [02/Feb/2016:08:50:58 -0500] "GET /isolucionsda/BarraTitulos.asp?Pagina=Menu.asp&IdModulo=4 HTTP/1.1" 200 6985
201.245.192.253 - - [02/Feb/2016:08:50:58 -0500] "GET /isolucionsda/Encabezado.asp?Pagina=Menu.asp&IdModulo=4 HTTP/1.1" 200 15421
201.245.192.253 - - [02/Feb/2016:08:50:58 -0500] "GET /isolucionsda/BarraFavoritos.asp HTTP/1.1" 200 911
201.245.192.253 - - [02/Feb/2016:08:50:58 -0500] "GET /isolucionsda/g/Img_BordeTitulo01.jpg HTTP/1.1" 200 444
201.245.192.253 - - [02/Feb/2016:08:50:58 -0500] "GET /isolucionsda/g/Img_BordeTitulo02.jpg HTTP/1.1" 200 451
201.245.192.253 - - [02/Feb/2016:08:50:58 -0500] "GET /isolucionsda/g/MenuIcono/ico_doc.jpg HTTP/1.1" 200 3103
201.245.192.253 - - [02/Feb/2016:08:50:58 -0500] "GET /isolucionsda/Session.asp?Continue=1 HTTP/1.1" 200 6323
172.22.2.1 - - [02/Feb/2016:08:48:12 -0500] "GET /isolucionsda/BancoConocimiento/C/CARTILLAMECI_/cartilla%20meci%20201501.pdf HTTP/1.1" 200 19563656
201.245.192.253 - - [02/Feb/2016:08:50:13 -0500] "GET /BLA/boletinlegal/ HTTP/1.1" 200 51284
201.245.192.253 - - [02/Feb/2016:08:51:07 -0500] "GET /isolucionsda/FrameSetGeneral.asp?Pagina=ListadoMaestroDocumentos3.asp HTTP/1.1" 200 6634
201.245.192.253 - - [02/Feb/2016:08:51:07 -0500] "GET /isolucionsda/BarraTitulos.asp?Pagina=ListadoMaestroDocumentos3.asp HTTP/1.1" 200 6985
201.245.192.253 - - [02/Feb/2016:08:51:07 -0500] "GET /isolucionsda/Encabezado.asp?Pagina=ListadoMaestroDocumentos3.asp HTTP/1.1" 200 15396
201.245.192.253 - - [02/Feb/2016:08:51:07 -0500] "GET /isolucionsda/BarraFavoritos.asp HTTP/1.1" 200 911
201.245.192.253 - - [02/Feb/2016:08:51:07 -0500] "GET /isolucionsda/ListadoMaestroDocumentos3.asp?Pagina=ListadoMaestroDocumentos3.asp HTTP/1.1" 200 11719
201.245.192.253 - - [02/Feb/2016:08:51:07 -0500] "GET /isolucionsda/Session.asp?Continue=1 HTTP/1.1" 200 6323
190.0.61.202 - - [02/Feb/2016:08:51:08 -0500] "GET /BLA/boletinlegal/js/jquery.scrollShow.js HTTP/1.0" 200 4586
190.0.61.202 - - [02/Feb/2016:08:51:08 -0500] "GET /galeria/galeria/jquery.fancybox.js?v=2.1.5 HTTP/1.0" 200 48706
190.0.61.202 - - [02/Feb/2016:08:51:08 -0500] "GET /galeria/galeria/jquery.fancybox.css?v=2.1.5 HTTP/1.0" 200 4895
181.48.217.165 - - [02/Feb/2016:08:51:10 -0500] "GET /dama/libreria/jpg/sec_amb.jpg HTTP/1.1" 404 1019
181.48.217.165 - - [02/Feb/2016:08:51:10 -0500] "GET /dama/libreria/jpg/sec_amb.jpg HTTP/1.1" 404 1019
181.48.217.165 - - [02/Feb/2016:08:51:10 -0500] "GET /dama/libreria/jpg/sec_amb.jpg HTTP/1.1" 404 1019
181.48.217.165 - - [02/Feb/2016:08:51:10 -0500] "GET /dama/libreria/jpg/sec_amb.jpg HTTP/1.1" 404 1019
201.245.192.253 - - [02/Feb/2016:08:51:11 -0500] "GET /isolucionsda/Session.asp HTTP/1.1" 200 6325
190.0.61.202 - - [02/Feb/2016:08:51:14 -0500] "GET /galeria/galeria/jquery.fancybox.css?v=2.1.5 HTTP/1.0" 304 -
190.0.61.202 - - [02/Feb/2016:08:51:14 -0500] "GET /galeria/galeria/jquery.fancybox.js?v=2.1.5 HTTP/1.0" 304 -
190.0.61.202 - - [02/Feb/2016:08:51:14 -0500] "GET /BLA/boletinlegal/js/jquery.scrollShow.js HTTP/1.0" 304 -
190.201.205.208 - - [02/Feb/2016:08:51:15 -0500] "GET /autoliquidacion/ HTTP/1.1" 200 6375
201.245.192.253 - - [02/Feb/2016:08:51:17 -0500] "POST /isolucionsda/ListadoMaestroDocumentos3.asp HTTP/1.1" 200 17919
190.242.111.193 - - [02/Feb/2016:08:51:28 -0500] "GET /BLA/resoluciones/RESOLUCIONES%202012/1230.pdf HTTP/1.1" 200 533724
190.242.111.193 - - [02/Feb/2016:08:51:28 -0500] "GET /favicon.ico HTTP/1.1" 200 7782
190.242.111.193 - - [02/Feb/2016:08:51:29 -0500] "GET /BLA/resoluciones/RESOLUCIONES%202012/1230.pdf HTTP/1.1" 206 32768
190.242.111.193 - - [02/Feb/2016:08:51:29 -0500] "GET /BLA/resoluciones/RESOLUCIONES%202012/1230.pdf HTTP/1.1" 206 500956
131.253.24.158 - - [02/Feb/2016:08:51:30 -0500] "GET /BLA/boletinlegal/js/jquery.scrollShow.js HTTP/1.1" 200 4586
65.55.212.72 - - [02/Feb/2016:08:51:30 -0500] "GET /galeria/galeria/jquery.fancybox.js?v=2.1.5 HTTP/1.1" 200 48706
131.253.24.158 - - [02/Feb/2016:08:51:30 -0500] "GET /galeria/galeria/jquery.fancybox.css?v=2.1.5 HTTP/1.1" 200 4895
190.201.205.208 - - [02/Feb/2016:08:51:36 -0500] "GET /autoliquidacion/index.php?dir=Cobro+Evaluacion+Certificaci%F3n+Para+La+Deducci%F3n+Por+Inversi%F3n+En+Medio+Ambiente%2F HTTP/1.1" 200 2774
190.201.205.208 - - [02/Feb/2016:08:51:38 -0500] "GET /autoliquidacion/Cobro%20Evaluacion%20Certificaci%C3%B3n%20Para%20La%20Deducci%C3%B3n%20Por%20Inversi%C3%B3n%20En%20Medio%20Ambiente/Formato%20de%20solicitud%20por%20acreditaci%C3%B3n%20ambiental.....pdf HTTP/1.1" 200 35656
181.240.19.137 - - [02/Feb/2016:08:51:39 -0500] "GET /galeria/nivo-slider/demo/demo.html HTTP/1.1" 200 4083
190.26.162.47 - - [02/Feb/2016:08:51:40 -0500] "POST /forms/lservlet;jsessionid=ac16012b30d63b4a283997fe48278c58a9034bb4350d.e3iSbxaKaheRe38La3yQa3eLbh90n6jAmljGr5XDqQLvpAe HTTP/1.1" 200 2
191.70.67.143 - - [02/Feb/2016:08:51:41 -0500] "GET /galeria/galeria/jquery.fancybox.css?v=2.1.5 HTTP/1.1" 200 4895
191.70.67.143 - - [02/Feb/2016:08:51:41 -0500] "GET /BLA/boletinlegal/js/jquery.scrollShow.js HTTP/1.1" 200 4586
191.70.67.143 - - [02/Feb/2016:08:51:41 -0500] "GET /galeria/galeria/jquery.fancybox.js?v=2.1.5 HTTP/1.1" 200 48706
127.0.0.1 - - [02/Feb/2016:08:51:47 -0500] "POST /core/version-check/1.7/?version=4.2.2&php=5.5.15&locale=es_ES&mysql=5.6.20&local_package=&blogs=1&users=160&multisite_enabled=0 HTTP/1.0" 404 1021
127.0.0.1 - - [02/Feb/2016:08:51:47 -0500] "POST /plugins/update-check/1.1/ HTTP/1.0" 404 1021
127.0.0.1 - - [02/Feb/2016:08:51:47 -0500] "POST /themes/update-check/1.1/ HTTP/1.0" 404 1021
201.245.192.253 - - [02/Feb/2016:08:51:50 -0500] "GET /isolucionsda/FramesetArticulo.asp?Pagina=BancoConocimiento%2FF%2FFormatoUnicodeRegistrodePublicidadExteriorVisual%2Daprobacion%5Fv5%2FFormatoUnicodeRegistrodePublicidadExteriorVisual%2Daprobacion%5Fv5%2Easp&IdArticulo=5632 HTTP/1.1" 200 7589
201.245.192.253 - - [02/Feb/2016:08:51:51 -0500] "GET /isolucionsda/Arriba.asp?Pagina=BancoConocimiento%2FF%2FFormatoUnicodeRegistrodePublicidadExteriorVisual%2Daprobacion%5Fv5%2FFormatoUnicodeRegistrodePublicidadExteriorVisual%2Daprobacion%5Fv5%2Easp&IdArticulo=5632 HTTP/1.1" 200 10712
201.245.192.253 - - [02/Feb/2016:08:51:51 -0500] "GET /isolucionsda/BancoConocimiento/F/FormatoUnicodeRegistrodePublicidadExteriorVisual-aprobacion_v5/FormatoUnicodeRegistrodePublicidadExteriorVisual-aprobacion_v5.asp?IdArticulo=5632 HTTP/1.1" 302 160
201.245.192.253 - - [02/Feb/2016:08:51:51 -0500] "GET /isolucionsda/g/icono_noconformidad.jpg HTTP/1.1" 200 1235
201.245.192.253 - - [02/Feb/2016:08:51:51 -0500] "GET /isolucionsda/StyleSheet.css HTTP/1.1" 200 4664
201.245.192.253 - - [02/Feb/2016:08:51:51 -0500] "GET /isolucionsda/g/icono_alerta.jpg HTTP/1.1" 200 1448
201.245.192.253 - - [02/Feb/2016:08:51:51 -0500] "GET /isolucionsda/BancoConocimiento/F/FormatoUnicodeRegistrodePublicidadExteriorVisual-aprobacion_v5/a9%20-%20126pm04-pr16-f-a90%2020150.doc HTTP/1.1" 200 154112
200.116.224.2 - - [02/Feb/2016:08:51:54 -0500] "GET /autoliquidacion/index.php?dir=Solicitudes+relacionadas+con+calidad+del+aire+auditiva+y+visual%2F HTTP/1.1" 200 5748
65.55.212.88 - - [02/Feb/2016:08:51:57 -0500] "GET /BLA/boletinlegal/js/jquery.scrollShow.js HTTP/1.1" 200 4586
131.253.24.146 - - [02/Feb/2016:08:51:57 -0500] "GET /galeria/galeria/jquery.fancybox.js?v=2.1.5 HTTP/1.1" 200 48706
65.55.212.88 - - [02/Feb/2016:08:51:58 -0500] "GET /galeria/galeria/jquery.fancybox.css?v=2.1.5 HTTP/1.1" 200 4895
200.116.224.2 - - [02/Feb/2016:08:51:59 -0500] "GET /autoliquidacion/index.php?dir=Solicitudes+relacionadas+con+calidad+del+aire+auditiva+y+visual%2FAcompa%F1amiento+para+muestreo+isocin%E9tico+y+o+determinaciones+de+emisiones+a+fuentes+fijas%2F HTTP/1.1" 200 6029
200.116.224.2 - - [02/Feb/2016:08:51:59 -0500] "GET /autoliquidacion/dlf/pdf.gif HTTP/1.1" 200 272
200.116.224.2 - - [02/Feb/2016:08:51:59 -0500] "GET /autoliquidacion/dlf/xls.gif HTTP/1.1" 200 636
200.26.147.214 - - [02/Feb/2016:08:52:00 -0500] "GET /dama/libreria/jpg/sec_amb.jpg HTTP/1.0" 404 1019
200.26.147.214 - - [02/Feb/2016:08:52:00 -0500] "GET /dama/libreria/jpg/sec_amb.jpg HTTP/1.0" 404 1019
200.26.147.214 - - [02/Feb/2016:08:52:00 -0500] "GET /dama/libreria/jpg/sec_amb.jpg HTTP/1.0" 404 1019
200.26.147.214 - - [02/Feb/2016:08:52:00 -0500] "GET /dama/libreria/jpg/sec_amb.jpg HTTP/1.0" 404 1019
200.26.147.214 - - [02/Feb/2016:08:52:00 -0500] "GET /dama/libreria/jpg/sec_amb.jpg HTTP/1.0" 404 1019
200.26.147.214 - - [02/Feb/2016:08:52:00 -0500] "GET /dama/libreria/jpg/sec_amb.jpg HTTP/1.0" 404 1019
200.26.147.214 - - [02/Feb/2016:08:52:01 -0500] "GET /dama/libreria/jpg/sec_amb.jpg HTTP/1.0" 404 1019
200.26.147.214 - - [02/Feb/2016:08:52:01 -0500] "GET /dama/libreria/jpg/sec_amb.jpg HTTP/1.0" 404 1019
190.201.205.208 - - [02/Feb/2016:08:52:01 -0500] "GET /autoliquidacion/index.php?dir=Solicitudes+relacionadas+con+calidad+del+aire+auditiva+y+visual%2F HTTP/1.1" 200 5748
200.116.224.2 - - [02/Feb/2016:08:52:01 -0500] "GET /autoliquidacion/Solicitudes%20relacionadas%20con%20calidad%20del%20aire%20auditiva%20y%20visual/Acompa%C3%B1amiento%20para%20muestreo%20isocin%C3%A9tico%20y%20o%20determinaciones%20de%20emisiones%20a%20fuentes%20fijas/Aplicativo.html HTTP/1.1" 200 359
191.70.67.143 - - [02/Feb/2016:08:52:03 -0500] "GET /galeria/galeria/jquery.fancybox.css?v=2.1.5 HTTP/1.1" 304 -
191.70.67.143 - - [02/Feb/2016:08:52:04 -0500] "GET /BLA/boletinlegal/js/jquery.scrollShow.js HTTP/1.1" 304 -
191.70.67.143 - - [02/Feb/2016:08:52:04 -0500] "GET /galeria/galeria/jquery.fancybox.js?v=2.1.5 HTTP/1.1" 304 -
200.26.147.214 - - [02/Feb/2016:08:52:04 -0500] "GET /dama/libreria/jpg/sec_amb.jpg HTTP/1.1" 404 1019
200.26.147.214 - - [02/Feb/2016:08:52:04 -0500] "GET /dama/libreria/jpg/sec_amb.jpg HTTP/1.1" 404 1019
200.26.147.214 - - [02/Feb/2016:08:52:04 -0500] "GET /dama/libreria/jpg/sec_amb.jpg HTTP/1.1" 404 1019
200.26.147.214 - - [02/Feb/2016:08:52:04 -0500] "GET /dama/libreria/jpg/sec_amb.jpg HTTP/1.1" 404 1019
200.26.147.214 - - [02/Feb/2016:08:52:04 -0500] "GET /dama/libreria/jpg/sec_amb.jpg HTTP/1.1" 404 1019
200.26.147.214 - - [02/Feb/2016:08:52:04 -0500] "GET /dama/libreria/jpg/sec_amb.jpg HTTP/1.1" 404 1019
200.26.147.214 - - [02/Feb/2016:08:52:04 -0500] "GET /dama/libreria/jpg/sec_amb.jpg HTTP/1.1" 404 1019
200.26.147.214 - - [02/Feb/2016:08:52:04 -0500] "GET /dama/libreria/jpg/sec_amb.jpg HTTP/1.1" 404 1019
