190.26.13.215 - - [14/Feb/2016:16:01:37 -0500] "GET /BLA/boletinlegal/js/jquery.scrollShow.js HTTP/1.1" 200 4586
190.26.13.215 - - [14/Feb/2016:16:01:37 -0500] "GET /galeria/galeria/jquery.fancybox.js?v=2.1.5 HTTP/1.1" 200 48706
209.58.178.49 - - [14/Feb/2016:16:01:37 -0500] "GET /PruebasSTORM/StormSDA_pruebas/userFiles/user_files/86/?C=D;O=A HTTP/1.0" 200 1752
190.26.13.215 - - [14/Feb/2016:16:01:38 -0500] "GET /galeria/carrusel/Carrusel/jquery-ui-1.8.13.custom.min.js HTTP/1.1" 200 10800
190.26.13.215 - - [14/Feb/2016:16:01:38 -0500] "GET /galeria/carrusel/Carrusel/jquery.thumbnailScroller.js HTTP/1.1" 200 8157
209.58.178.49 - - [14/Feb/2016:16:01:39 -0500] "GET /PruebasSTORM/StormSDA_pruebas/userFiles/user_files/86/?C=D;O=D HTTP/1.0" 200 1752
209.58.178.49 - - [14/Feb/2016:16:01:41 -0500] "GET /PruebasSTORM/StormSDA_pruebas/userFiles/user_files/86/?C=M;O=A HTTP/1.0" 200 1752
190.26.13.215 - - [14/Feb/2016:16:01:43 -0500] "GET /galeria/nivo-slider/demo/demo.html HTTP/1.1" 200 3817
190.26.13.215 - - [14/Feb/2016:16:01:43 -0500] "GET /galeria/nivo-slider/demo/style.css HTTP/1.1" 200 2222
190.26.13.215 - - [14/Feb/2016:16:01:43 -0500] "GET /galeria/nivo-slider/demo/images/ecolecta2016.jpg HTTP/1.1" 200 147170
209.58.178.49 - - [14/Feb/2016:16:01:43 -0500] "GET /PruebasSTORM/StormSDA_pruebas/userFiles/user_files/86/?C=M;O=D HTTP/1.0" 200 1752
190.26.13.215 - - [14/Feb/2016:16:01:43 -0500] "GET /galeria/nivo-slider/themes/pascal/pascal.css HTTP/1.1" 200 2258
190.26.13.215 - - [14/Feb/2016:16:01:43 -0500] "GET /galeria/nivo-slider/nivo-slider.css HTTP/1.1" 200 1507
190.26.13.215 - - [14/Feb/2016:16:01:43 -0500] "GET /galeria/nivo-slider/themes/orman/orman.css HTTP/1.1" 200 2152
190.26.13.215 - - [14/Feb/2016:16:01:43 -0500] "GET /galeria/nivo-slider/themes/default/default.css HTTP/1.1" 200 1569
190.26.13.215 - - [14/Feb/2016:16:01:43 -0500] "GET /galeria/nivo-slider/demo/scripts/jquery-1.7.1.min.js HTTP/1.1" 200 93868
190.26.13.215 - - [14/Feb/2016:16:01:44 -0500] "GET /galeria/nivo-slider/jquery.nivo.slider.pack.js HTTP/1.1" 200 11561
190.26.13.215 - - [14/Feb/2016:16:01:44 -0500] "GET /galeria/nivo-slider/demo/images/Baner-ACERCAR.jpg HTTP/1.1" 200 68021
190.26.13.215 - - [14/Feb/2016:16:01:44 -0500] "GET /galeria/nivo-slider/demo/images/Banner-Pread-2016.jpg HTTP/1.1" 200 84394
190.26.13.215 - - [14/Feb/2016:16:01:44 -0500] "GET /galeria/nivo-slider/demo/images/banner-anticorupcion2016.jpg HTTP/1.1" 200 230809
190.26.13.215 - - [14/Feb/2016:16:01:44 -0500] "GET /galeria/nivo-slider/demo/images/4Simple_Slider.png HTTP/1.1" 200 11722
190.26.13.215 - - [14/Feb/2016:16:01:45 -0500] "GET /galeria/nivo-slider/themes/default/loading.gif HTTP/1.1" 200 1737
209.58.178.49 - - [14/Feb/2016:16:01:45 -0500] "GET /PruebasSTORM/StormSDA_pruebas/userFiles/user_files/86/?C=N;O=A HTTP/1.0" 200 1752
190.26.13.215 - - [14/Feb/2016:16:01:45 -0500] "GET /galeria/nivo-slider/demo/images/ABC-Plan-de-contigencia.jpg HTTP/1.1" 200 423901
181.61.71.225 - - [14/Feb/2016:16:01:45 -0500] "GET /galeria/galeria/fotos/Huemdal-Cordoba1G.jpg HTTP/1.1" 200 379768
190.26.13.215 - - [14/Feb/2016:16:01:45 -0500] "GET /galeria/nivo-slider/demo/images/banner-llantas2015.jpg HTTP/1.1" 200 268366
190.26.13.215 - - [14/Feb/2016:16:01:46 -0500] "GET /galeria/nivo-slider/demo/images/caminata-ecologica.jpg HTTP/1.1" 200 192926
181.61.71.225 - - [14/Feb/2016:16:01:47 -0500] "GET /galeria/galeria/fotos/Capellania3G.jpg HTTP/1.1" 200 515718
209.58.178.49 - - [14/Feb/2016:16:01:47 -0500] "GET /PruebasSTORM/StormSDA_pruebas/userFiles/user_files/86/?C=N;O=D HTTP/1.0" 200 1752
190.26.13.215 - - [14/Feb/2016:16:01:49 -0500] "GET /galeria/nivo-slider/demo/images/Cmapana-onestidad.jpg HTTP/1.1" 200 141638
209.58.178.49 - - [14/Feb/2016:16:01:49 -0500] "GET /PruebasSTORM/StormSDA_pruebas/userFiles/user_files/86/?C=S;O=A HTTP/1.0" 200 1752
190.26.13.215 - - [14/Feb/2016:16:01:50 -0500] "GET /galeria/nivo-slider/demo/images/banner-llantas2.jpg HTTP/1.1" 200 234514
181.61.71.225 - - [14/Feb/2016:16:01:50 -0500] "GET /galeria/galeria/fotos/2humedal-Burro2G.jpg HTTP/1.1" 200 140889
209.58.178.49 - - [14/Feb/2016:16:01:51 -0500] "GET /PruebasSTORM/StormSDA_pruebas/userFiles/user_files/86/?C=S;O=D HTTP/1.0" 200 1752
190.26.13.215 - - [14/Feb/2016:16:01:52 -0500] "GET /galeria/nivo-slider/demo/images/9Signos.jpg HTTP/1.1" 200 81776
209.58.178.49 - - [14/Feb/2016:16:01:53 -0500] "GET /PruebasSTORM/StormSDA_pruebas/userFiles/user_files/86/asocia.xml HTTP/1.0" 200 5602
190.26.13.215 - - [14/Feb/2016:16:01:54 -0500] "GET /galeria/nivo-slider/demo/images/Ruta-vertimientos-01.jpg HTTP/1.1" 200 130151
190.26.13.215 - - [14/Feb/2016:16:01:55 -0500] "GET /galeria/nivo-slider/demo/images/bolsas-06.jpg HTTP/1.1" 200 210950
209.58.178.49 - - [14/Feb/2016:16:01:55 -0500] "GET /PruebasSTORM/StormSDA_pruebas/userFiles/user_files/86/asociaFormula.xml HTTP/1.0" 200 55174
190.26.13.215 - - [14/Feb/2016:16:01:57 -0500] "GET /galeria/nivo-slider/themes/default/arrows.png HTTP/1.1" 200 824
190.26.13.215 - - [14/Feb/2016:16:01:57 -0500] "GET /galeria/nivo-slider/themes/default/bullets.png HTTP/1.1" 200 1281
209.58.178.49 - - [14/Feb/2016:16:02:00 -0500] "GET /PruebasSTORM/StormSDA_pruebas/userFiles/user_files/86/desasocia.xml HTTP/1.0" 200 58
209.58.178.49 - - [14/Feb/2016:16:02:02 -0500] "GET /PruebasSTORM/StormSDA_pruebas/userFiles/user_files/86/desasociaFormula.xml HTTP/1.0" 200 58
209.58.178.49 - - [14/Feb/2016:16:02:04 -0500] "GET /PruebasSTORM/StormSDA_pruebas/userFiles/user_files/87/?C=D;O=A HTTP/1.0" 200 1752
209.58.178.49 - - [14/Feb/2016:16:02:06 -0500] "GET /PruebasSTORM/StormSDA_pruebas/userFiles/user_files/87/?C=D;O=D HTTP/1.0" 200 1752
209.58.178.49 - - [14/Feb/2016:16:02:08 -0500] "GET /PruebasSTORM/StormSDA_pruebas/userFiles/user_files/87/?C=M;O=A HTTP/1.0" 200 1752
209.58.178.49 - - [14/Feb/2016:16:02:10 -0500] "GET /PruebasSTORM/StormSDA_pruebas/userFiles/user_files/87/?C=M;O=D HTTP/1.0" 200 1752
190.148.84.96 - - [14/Feb/2016:16:02:10 -0500] "GET /galeria/galeria/jquery.fancybox.css?v=2.1.5 HTTP/1.1" 200 4895
190.148.78.41 - - [14/Feb/2016:16:02:10 -0500] "GET /BLA/boletinlegal/js/jquery.scrollShow.js HTTP/1.1" 200 4586
190.56.72.195 - - [14/Feb/2016:16:02:10 -0500] "GET /galeria/galeria/jquery.fancybox.js?v=2.1.5 HTTP/1.1" 200 48706
209.58.178.49 - - [14/Feb/2016:16:02:12 -0500] "GET /PruebasSTORM/StormSDA_pruebas/userFiles/user_files/87/?C=N;O=A HTTP/1.0" 200 1752
209.58.178.49 - - [14/Feb/2016:16:02:14 -0500] "GET /PruebasSTORM/StormSDA_pruebas/userFiles/user_files/87/?C=N;O=D HTTP/1.0" 200 1752
209.58.178.49 - - [14/Feb/2016:16:02:16 -0500] "GET /PruebasSTORM/StormSDA_pruebas/userFiles/user_files/87/?C=S;O=A HTTP/1.0" 200 1752
209.58.178.49 - - [14/Feb/2016:16:02:18 -0500] "GET /PruebasSTORM/StormSDA_pruebas/userFiles/user_files/87/?C=S;O=D HTTP/1.0" 200 1752
209.58.178.49 - - [14/Feb/2016:16:02:20 -0500] "GET /PruebasSTORM/StormSDA_pruebas/userFiles/user_files/87/asocia.xml HTTP/1.0" 200 5183
209.58.178.49 - - [14/Feb/2016:16:02:22 -0500] "GET /PruebasSTORM/StormSDA_pruebas/userFiles/user_files/87/asociaFormula.xml HTTP/1.0" 200 54334
209.58.178.49 - - [14/Feb/2016:16:02:26 -0500] "GET /PruebasSTORM/StormSDA_pruebas/userFiles/user_files/87/desasocia.xml HTTP/1.0" 200 58
209.58.178.49 - - [14/Feb/2016:16:02:28 -0500] "GET /PruebasSTORM/StormSDA_pruebas/userFiles/user_files/87/desasociaFormula.xml HTTP/1.0" 200 58
209.58.178.49 - - [14/Feb/2016:16:02:30 -0500] "GET /PruebasSTORM/StormSDA_pruebas/userFiles/user_files/88/?C=D;O=A HTTP/1.0" 200 1752
66.249.88.223 - - [14/Feb/2016:16:02:31 -0500] "GET /galeria/carrusel/Carrusel/jquery.thumbnailScroller.css HTTP/1.1" 200 2066
66.249.88.233 - - [14/Feb/2016:16:02:31 -0500] "GET /galeria/galeria/jquery.fancybox.css?v=2.1.5 HTTP/1.1" 200 4895
66.249.88.223 - - [14/Feb/2016:16:02:31 -0500] "GET /galeria/carrusel/Carrusel/jquery.thumbnailScroller.js HTTP/1.1" 200 8157
66.249.88.228 - - [14/Feb/2016:16:02:31 -0500] "GET /galeria/carrusel/Carrusel/jquery-ui-1.8.13.custom.min.js HTTP/1.1" 200 10800
66.249.88.223 - - [14/Feb/2016:16:02:31 -0500] "GET /galeria/galeria/jquery.fancybox.js?v=2.1.5 HTTP/1.1" 200 48706
209.58.178.49 - - [14/Feb/2016:16:02:31 -0500] "GET /PruebasSTORM/StormSDA_pruebas/userFiles/user_files/88/?C=D;O=D HTTP/1.0" 200 1752
66.249.88.233 - - [14/Feb/2016:16:02:32 -0500] "GET /BLA/boletinlegal/js/jquery.scrollShow.js HTTP/1.1" 200 4586
209.58.178.49 - - [14/Feb/2016:16:02:33 -0500] "GET /PruebasSTORM/StormSDA_pruebas/userFiles/user_files/88/?C=M;O=A HTTP/1.0" 200 1752
209.58.178.49 - - [14/Feb/2016:16:02:35 -0500] "GET /PruebasSTORM/StormSDA_pruebas/userFiles/user_files/88/?C=M;O=D HTTP/1.0" 200 1752
66.249.88.228 - - [14/Feb/2016:16:02:36 -0500] "GET /galeria/nivo-slider/demo/demo.html HTTP/1.1" 200 3817
66.249.88.223 - - [14/Feb/2016:16:02:36 -0500] "GET /galeria/nivo-slider/themes/default/default.css HTTP/1.1" 200 1569
66.249.88.223 - - [14/Feb/2016:16:02:37 -0500] "GET /galeria/nivo-slider/nivo-slider.css HTTP/1.1" 200 1507
66.249.88.228 - - [14/Feb/2016:16:02:37 -0500] "GET /galeria/nivo-slider/themes/orman/orman.css HTTP/1.1" 200 2152
66.249.88.223 - - [14/Feb/2016:16:02:37 -0500] "GET /galeria/nivo-slider/demo/images/Cmapana-onestidad.jpg HTTP/1.1" 200 141638
66.249.88.223 - - [14/Feb/2016:16:02:37 -0500] "GET /galeria/nivo-slider/demo/images/Ruta-vertimientos-01.jpg HTTP/1.1" 200 130151
66.249.88.233 - - [14/Feb/2016:16:02:37 -0500] "GET /galeria/nivo-slider/demo/images/caminata-ecologica.jpg HTTP/1.1" 200 192926
66.249.88.228 - - [14/Feb/2016:16:02:37 -0500] "GET /galeria/nivo-slider/demo/style.css HTTP/1.1" 200 2222
66.249.88.228 - - [14/Feb/2016:16:02:37 -0500] "GET /galeria/nivo-slider/themes/pascal/pascal.css HTTP/1.1" 200 2258
66.249.88.223 - - [14/Feb/2016:16:02:37 -0500] "GET /galeria/nivo-slider/demo/images/banner-llantas2015.jpg HTTP/1.1" 200 268366
66.249.88.233 - - [14/Feb/2016:16:02:37 -0500] "GET /galeria/nivo-slider/demo/images/Baner-ACERCAR.jpg HTTP/1.1" 200 68021
66.249.88.228 - - [14/Feb/2016:16:02:37 -0500] "GET /galeria/nivo-slider/demo/images/Banner-Pread-2016.jpg HTTP/1.1" 200 84394
66.249.88.233 - - [14/Feb/2016:16:02:37 -0500] "GET /galeria/nivo-slider/demo/images/ABC-Plan-de-contigencia.jpg HTTP/1.1" 200 423901
66.249.88.228 - - [14/Feb/2016:16:02:37 -0500] "GET /galeria/nivo-slider/demo/scripts/jquery-1.7.1.min.js HTTP/1.1" 200 93868
66.249.88.223 - - [14/Feb/2016:16:02:37 -0500] "GET /galeria/nivo-slider/demo/images/banner-anticorupcion2016.jpg HTTP/1.1" 200 230809
66.249.88.233 - - [14/Feb/2016:16:02:37 -0500] "GET /galeria/nivo-slider/demo/images/ecolecta2016.jpg HTTP/1.1" 200 147170
66.249.88.223 - - [14/Feb/2016:16:02:37 -0500] "GET /galeria/nivo-slider/demo/images/banner-llantas2.jpg HTTP/1.1" 200 234514
66.249.88.223 - - [14/Feb/2016:16:02:37 -0500] "GET /galeria/nivo-slider/demo/images/9Signos.jpg HTTP/1.1" 200 81776
66.249.88.228 - - [14/Feb/2016:16:02:37 -0500] "GET /galeria/nivo-slider/jquery.nivo.slider.pack.js HTTP/1.1" 200 11561
66.249.88.228 - - [14/Feb/2016:16:02:37 -0500] "GET /galeria/nivo-slider/demo/images/bolsas-06.jpg HTTP/1.1" 200 210950
209.58.178.49 - - [14/Feb/2016:16:02:37 -0500] "GET /PruebasSTORM/StormSDA_pruebas/userFiles/user_files/88/?C=N;O=A HTTP/1.0" 200 1752
66.249.88.228 - - [14/Feb/2016:16:02:37 -0500] "GET /galeria/nivo-slider/themes/default/loading.gif HTTP/1.1" 200 1737
66.249.88.233 - - [14/Feb/2016:16:02:37 -0500] "GET /galeria/nivo-slider/demo/images/4Simple_Slider.png HTTP/1.1" 200 11722
209.58.178.49 - - [14/Feb/2016:16:02:39 -0500] "GET /PruebasSTORM/StormSDA_pruebas/userFiles/user_files/88/?C=N;O=D HTTP/1.0" 200 1752
209.58.178.49 - - [14/Feb/2016:16:02:41 -0500] "GET /PruebasSTORM/StormSDA_pruebas/userFiles/user_files/88/?C=S;O=A HTTP/1.0" 200 1752
209.58.178.49 - - [14/Feb/2016:16:02:43 -0500] "GET /PruebasSTORM/StormSDA_pruebas/userFiles/user_files/88/?C=S;O=D HTTP/1.0" 200 1752
209.58.178.49 - - [14/Feb/2016:16:02:45 -0500] "GET /PruebasSTORM/StormSDA_pruebas/userFiles/user_files/88/asocia.xml HTTP/1.0" 200 5183
66.249.88.228 - - [14/Feb/2016:16:02:46 -0500] "GET /galeria/nivo-slider/themes/default/arrows.png HTTP/1.1" 200 824
66.249.88.228 - - [14/Feb/2016:16:02:46 -0500] "GET /galeria/nivo-slider/themes/default/bullets.png HTTP/1.1" 200 1281
209.58.178.49 - - [14/Feb/2016:16:02:47 -0500] "GET /PruebasSTORM/StormSDA_pruebas/userFiles/user_files/88/asociaFormula.xml HTTP/1.0" 200 54334
186.82.130.112 - - [14/Feb/2016:16:02:47 -0500] "GET /galeria/galeria/jquery.fancybox.css?v=2.1.5 HTTP/1.1" 200 4895
186.82.130.112 - - [14/Feb/2016:16:02:47 -0500] "GET /BLA/boletinlegal/js/jquery.scrollShow.js HTTP/1.1" 200 4586
186.82.130.112 - - [14/Feb/2016:16:02:47 -0500] "GET /galeria/galeria/jquery.fancybox.js?v=2.1.5 HTTP/1.1" 200 48706
209.58.178.49 - - [14/Feb/2016:16:02:50 -0500] "GET /PruebasSTORM/StormSDA_pruebas/userFiles/user_files/88/desasocia.xml HTTP/1.0" 200 58
190.66.82.234 - - [14/Feb/2016:16:02:52 -0500] "GET /galeria/galeria/fotos/Capellania2G.jpg HTTP/1.1" 200 523013
209.58.178.49 - - [14/Feb/2016:16:02:52 -0500] "GET /PruebasSTORM/StormSDA_pruebas/userFiles/user_files/88/desasociaFormula.xml HTTP/1.0" 200 58
209.58.178.49 - - [14/Feb/2016:16:02:54 -0500] "GET /PruebasSTORM/StormSDA_pruebas/userFiles/user_files/89/?C=D;O=A HTTP/1.0" 200 1752
209.58.178.49 - - [14/Feb/2016:16:02:57 -0500] "GET /PruebasSTORM/StormSDA_pruebas/userFiles/user_files/89/?C=D;O=D HTTP/1.0" 200 1752
209.58.178.49 - - [14/Feb/2016:16:02:59 -0500] "GET /PruebasSTORM/StormSDA_pruebas/userFiles/user_files/89/?C=M;O=A HTTP/1.0" 200 1752
209.58.178.49 - - [14/Feb/2016:16:03:01 -0500] "GET /PruebasSTORM/StormSDA_pruebas/userFiles/user_files/89/?C=M;O=D HTTP/1.0" 200 1752
209.58.178.49 - - [14/Feb/2016:16:03:03 -0500] "GET /PruebasSTORM/StormSDA_pruebas/userFiles/user_files/89/?C=N;O=A HTTP/1.0" 200 1752
66.249.64.96 - - [14/Feb/2016:16:03:03 -0500] "GET /BLA/resoluciones/AUTOS%202008/0520.pdf HTTP/1.1" 304 -
209.58.178.49 - - [14/Feb/2016:16:03:05 -0500] "GET /PruebasSTORM/StormSDA_pruebas/userFiles/user_files/89/?C=N;O=D HTTP/1.0" 200 1752
209.58.178.49 - - [14/Feb/2016:16:03:07 -0500] "GET /PruebasSTORM/StormSDA_pruebas/userFiles/user_files/89/?C=S;O=A HTTP/1.0" 200 1752
209.58.178.49 - - [14/Feb/2016:16:03:09 -0500] "GET /PruebasSTORM/StormSDA_pruebas/userFiles/user_files/89/?C=S;O=D HTTP/1.0" 200 1752
209.58.178.49 - - [14/Feb/2016:16:03:11 -0500] "GET /PruebasSTORM/StormSDA_pruebas/userFiles/user_files/89/asocia.xml HTTP/1.0" 200 5183
209.58.178.49 - - [14/Feb/2016:16:03:13 -0500] "GET /PruebasSTORM/StormSDA_pruebas/userFiles/user_files/89/asociaFormula.xml HTTP/1.0" 200 54334
186.82.130.112 - - [14/Feb/2016:16:03:13 -0500] "GET /BLA/boletinlegal/js/jquery.scrollShow.js HTTP/1.1" 304 -
186.82.130.112 - - [14/Feb/2016:16:03:13 -0500] "GET /galeria/galeria/jquery.fancybox.css?v=2.1.5 HTTP/1.1" 304 -
186.82.130.112 - - [14/Feb/2016:16:03:13 -0500] "GET /galeria/galeria/jquery.fancybox.js?v=2.1.5 HTTP/1.1" 304 -
209.58.178.49 - - [14/Feb/2016:16:03:16 -0500] "GET /PruebasSTORM/StormSDA_pruebas/userFiles/user_files/89/desasocia.xml HTTP/1.0" 200 58
209.58.178.49 - - [14/Feb/2016:16:03:18 -0500] "GET /PruebasSTORM/StormSDA_pruebas/userFiles/user_files/89/desasociaFormula.xml HTTP/1.0" 200 58
209.58.178.49 - - [14/Feb/2016:16:03:20 -0500] "GET /PruebasSTORM/StormSDA_pruebas/userFiles/user_files/90/?C=D;O=A HTTP/1.0" 200 1752
209.58.178.49 - - [14/Feb/2016:16:03:22 -0500] "GET /PruebasSTORM/StormSDA_pruebas/userFiles/user_files/90/?C=D;O=D HTTP/1.0" 200 1752
69.162.124.232 - - [14/Feb/2016:16:03:23 -0500] "HEAD / HTTP/1.1" 200 -
209.58.178.49 - - [14/Feb/2016:16:03:24 -0500] "GET /PruebasSTORM/StormSDA_pruebas/userFiles/user_files/90/?C=M;O=A HTTP/1.0" 200 1752
209.58.178.49 - - [14/Feb/2016:16:03:26 -0500] "GET /PruebasSTORM/StormSDA_pruebas/userFiles/user_files/90/?C=M;O=D HTTP/1.0" 200 1752
209.58.178.49 - - [14/Feb/2016:16:03:28 -0500] "GET /PruebasSTORM/StormSDA_pruebas/userFiles/user_files/90/?C=N;O=A HTTP/1.0" 200 1752
209.58.178.49 - - [14/Feb/2016:16:03:30 -0500] "GET /PruebasSTORM/StormSDA_pruebas/userFiles/user_files/90/?C=N;O=D HTTP/1.0" 200 1752
209.58.178.49 - - [14/Feb/2016:16:03:32 -0500] "GET /PruebasSTORM/StormSDA_pruebas/userFiles/user_files/90/?C=S;O=A HTTP/1.0" 200 1752
209.58.178.49 - - [14/Feb/2016:16:03:34 -0500] "GET /PruebasSTORM/StormSDA_pruebas/userFiles/user_files/90/?C=S;O=D HTTP/1.0" 200 1752
209.58.178.49 - - [14/Feb/2016:16:03:36 -0500] "GET /PruebasSTORM/StormSDA_pruebas/userFiles/user_files/90/asocia.xml HTTP/1.0" 200 5183
209.58.178.49 - - [14/Feb/2016:16:03:38 -0500] "GET /PruebasSTORM/StormSDA_pruebas/userFiles/user_files/90/asociaFormula.xml HTTP/1.0" 200 54334
209.58.178.49 - - [14/Feb/2016:16:03:41 -0500] "GET /PruebasSTORM/StormSDA_pruebas/userFiles/user_files/90/desasocia.xml HTTP/1.0" 200 58
209.58.178.49 - - [14/Feb/2016:16:03:43 -0500] "GET /PruebasSTORM/StormSDA_pruebas/userFiles/user_files/90/desasociaFormula.xml HTTP/1.0" 200 58
209.58.178.49 - - [14/Feb/2016:16:03:45 -0500] "GET /PruebasSTORM/StormSDA_pruebas/userFiles/user_files/91/?C=D;O=A HTTP/1.0" 200 1752
181.60.245.186 - - [14/Feb/2016:16:03:46 -0500] "GET /galeria/nivo-slider/demo/demo.html HTTP/1.1" 200 3817
181.60.245.186 - - [14/Feb/2016:16:03:46 -0500] "GET /galeria/nivo-slider/demo/images/ecolecta2016.jpg HTTP/1.1" 200 147170
181.60.245.186 - - [14/Feb/2016:16:03:47 -0500] "GET /galeria/nivo-slider/demo/images/Baner-ACERCAR.jpg HTTP/1.1" 304 -
181.60.245.186 - - [14/Feb/2016:16:03:47 -0500] "GET /galeria/nivo-slider/demo/images/Banner-Pread-2016.jpg HTTP/1.1" 304 -
209.58.178.49 - - [14/Feb/2016:16:03:47 -0500] "GET /PruebasSTORM/StormSDA_pruebas/userFiles/user_files/91/?C=D;O=D HTTP/1.0" 200 1752
181.60.245.186 - - [14/Feb/2016:16:03:47 -0500] "GET /galeria/nivo-slider/demo/images/banner-anticorupcion2016.jpg HTTP/1.1" 200 230809
181.60.245.186 - - [14/Feb/2016:16:03:47 -0500] "GET /galeria/nivo-slider/demo/images/ABC-Plan-de-contigencia.jpg HTTP/1.1" 304 -
181.60.245.186 - - [14/Feb/2016:16:03:48 -0500] "GET /galeria/nivo-slider/demo/images/caminata-ecologica.jpg HTTP/1.1" 304 -
181.60.245.186 - - [14/Feb/2016:16:03:48 -0500] "GET /galeria/nivo-slider/demo/images/banner-llantas2015.jpg HTTP/1.1" 304 -
181.60.245.186 - - [14/Feb/2016:16:03:48 -0500] "GET /galeria/nivo-slider/demo/images/banner-llantas2.jpg HTTP/1.1" 304 -
181.60.245.186 - - [14/Feb/2016:16:03:48 -0500] "GET /galeria/nivo-slider/demo/images/bolsas-06.jpg HTTP/1.1" 304 -
209.58.178.49 - - [14/Feb/2016:16:03:49 -0500] "GET /PruebasSTORM/StormSDA_pruebas/userFiles/user_files/91/?C=M;O=A HTTP/1.0" 200 1752
209.58.178.49 - - [14/Feb/2016:16:03:50 -0500] "GET /PruebasSTORM/StormSDA_pruebas/userFiles/user_files/91/?C=M;O=D HTTP/1.0" 200 1752
181.60.245.186 - - [14/Feb/2016:16:03:51 -0500] "GET /galeria/nivo-slider/themes/default/arrows.png HTTP/1.1" 200 824
181.60.245.186 - - [14/Feb/2016:16:03:51 -0500] "GET /galeria/nivo-slider/themes/default/bullets.png HTTP/1.1" 200 1281
181.49.65.113 - - [14/Feb/2016:16:03:52 -0500] "GET /galeria/galeria/jquery.fancybox.css?v=2.1.5 HTTP/1.1" 304 -
181.49.65.113 - - [14/Feb/2016:16:03:52 -0500] "GET /BLA/boletinlegal/js/jquery.scrollShow.js HTTP/1.1" 304 -
181.49.65.113 - - [14/Feb/2016:16:03:52 -0500] "GET /galeria/galeria/jquery.fancybox.js?v=2.1.5 HTTP/1.1" 304 -
186.80.141.190 - - [14/Feb/2016:16:03:52 -0500] "GET /galeria/galeria/jquery.fancybox.css?v=2.1.5 HTTP/1.1" 200 4895
186.80.141.190 - - [14/Feb/2016:16:03:52 -0500] "GET /BLA/boletinlegal/js/jquery.scrollShow.js HTTP/1.1" 200 4586
186.80.141.190 - - [14/Feb/2016:16:03:52 -0500] "GET /galeria/galeria/jquery.fancybox.js?v=2.1.5 HTTP/1.1" 200 48706
209.58.178.49 - - [14/Feb/2016:16:03:53 -0500] "GET /PruebasSTORM/StormSDA_pruebas/userFiles/user_files/91/?C=N;O=A HTTP/1.0" 200 1752
209.58.178.49 - - [14/Feb/2016:16:03:54 -0500] "GET /PruebasSTORM/StormSDA_pruebas/userFiles/user_files/91/?C=N;O=D HTTP/1.0" 200 1752
209.58.178.49 - - [14/Feb/2016:16:03:57 -0500] "GET /PruebasSTORM/StormSDA_pruebas/userFiles/user_files/91/?C=S;O=A HTTP/1.0" 200 1752
209.58.178.49 - - [14/Feb/2016:16:03:59 -0500] "GET /PruebasSTORM/StormSDA_pruebas/userFiles/user_files/91/asocia.xml HTTP/1.0" 200 5183
209.58.178.49 - - [14/Feb/2016:16:04:01 -0500] "GET /PruebasSTORM/StormSDA_pruebas/userFiles/user_files/91/asociaFormula.xml HTTP/1.0" 200 54334
209.58.178.49 - - [14/Feb/2016:16:04:04 -0500] "GET /PruebasSTORM/StormSDA_pruebas/userFiles/user_files/91/desasocia.xml HTTP/1.0" 200 58
209.58.178.49 - - [14/Feb/2016:16:04:06 -0500] "GET /PruebasSTORM/StormSDA_pruebas/userFiles/user_files/91/desasociaFormula.xml HTTP/1.0" 200 58
209.58.178.49 - - [14/Feb/2016:16:04:08 -0500] "GET /PruebasSTORM/StormSDA_pruebas/userFiles/user_files/92/?C=D;O=A HTTP/1.0" 200 1752
209.58.178.49 - - [14/Feb/2016:16:04:09 -0500] "GET /PruebasSTORM/StormSDA_pruebas/userFiles/user_files/92/?C=D;O=D HTTP/1.0" 200 1752
209.58.178.49 - - [14/Feb/2016:16:04:11 -0500] "GET /PruebasSTORM/StormSDA_pruebas/userFiles/user_files/92/?C=M;O=A HTTP/1.0" 200 1752
209.58.178.49 - - [14/Feb/2016:16:04:13 -0500] "GET /PruebasSTORM/StormSDA_pruebas/userFiles/user_files/92/?C=M;O=D HTTP/1.0" 200 1752
209.58.178.49 - - [14/Feb/2016:16:04:15 -0500] "GET /PruebasSTORM/StormSDA_pruebas/userFiles/user_files/92/?C=N;O=A HTTP/1.0" 200 1752
209.58.178.49 - - [14/Feb/2016:16:04:17 -0500] "GET /PruebasSTORM/StormSDA_pruebas/userFiles/user_files/92/?C=N;O=D HTTP/1.0" 200 1752
186.80.141.190 - - [14/Feb/2016:16:04:18 -0500] "GET /BLA/boletinlegal/js/jquery.scrollShow.js HTTP/1.1" 304 -
209.58.178.49 - - [14/Feb/2016:16:04:19 -0500] "GET /PruebasSTORM/StormSDA_pruebas/userFiles/user_files/92/?C=S;O=A HTTP/1.0" 200 1752
186.80.141.190 - - [14/Feb/2016:16:04:19 -0500] "GET /galeria/galeria/jquery.fancybox.js?v=2.1.5 HTTP/1.1" 304 -
186.80.141.190 - - [14/Feb/2016:16:04:19 -0500] "GET /galeria/galeria/jquery.fancybox.css?v=2.1.5 HTTP/1.1" 304 -
209.58.178.49 - - [14/Feb/2016:16:04:21 -0500] "GET /PruebasSTORM/StormSDA_pruebas/userFiles/user_files/92/?C=S;O=D HTTP/1.0" 200 1752
209.58.178.49 - - [14/Feb/2016:16:04:23 -0500] "GET /PruebasSTORM/StormSDA_pruebas/userFiles/user_files/92/asocia.xml HTTP/1.0" 200 5183
209.58.178.49 - - [14/Feb/2016:16:04:25 -0500] "GET /PruebasSTORM/StormSDA_pruebas/userFiles/user_files/92/asociaFormula.xml HTTP/1.0" 200 54334
209.58.178.49 - - [14/Feb/2016:16:04:28 -0500] "GET /PruebasSTORM/StormSDA_pruebas/userFiles/user_files/92/desasocia.xml HTTP/1.0" 200 58
209.58.178.49 - - [14/Feb/2016:16:04:30 -0500] "GET /PruebasSTORM/StormSDA_pruebas/userFiles/user_files/92/desasociaFormula.xml HTTP/1.0" 200 58
209.58.178.49 - - [14/Feb/2016:16:04:32 -0500] "GET /PruebasSTORM/StormSDA_pruebas/userFiles/user_files/93/?C=D;O=A HTTP/1.0" 200 1752
209.58.178.49 - - [14/Feb/2016:16:04:34 -0500] "GET /PruebasSTORM/StormSDA_pruebas/userFiles/user_files/93/?C=D;O=D HTTP/1.0" 200 1752
66.249.88.233 - - [14/Feb/2016:16:04:35 -0500] "GET /galeria/galeria/jquery.fancybox.css?v=2.1.5 HTTP/1.1" 304 -
66.249.88.223 - - [14/Feb/2016:16:04:35 -0500] "GET /BLA/boletinlegal/js/jquery.scrollShow.js HTTP/1.1" 304 -
66.249.88.233 - - [14/Feb/2016:16:04:35 -0500] "GET /galeria/galeria/jquery.fancybox.js?v=2.1.5 HTTP/1.1" 304 -
209.58.178.49 - - [14/Feb/2016:16:04:36 -0500] "GET /PruebasSTORM/StormSDA_pruebas/userFiles/user_files/93/?C=M;O=A HTTP/1.0" 200 1752
209.58.178.49 - - [14/Feb/2016:16:04:38 -0500] "GET /PruebasSTORM/StormSDA_pruebas/userFiles/user_files/93/?C=N;O=D HTTP/1.0" 200 1752
209.58.178.49 - - [14/Feb/2016:16:04:40 -0500] "GET /PruebasSTORM/StormSDA_pruebas/userFiles/user_files/93/?C=S;O=A HTTP/1.0" 200 1752
209.58.178.49 - - [14/Feb/2016:16:04:42 -0500] "GET /PruebasSTORM/StormSDA_pruebas/userFiles/user_files/93/asocia.xml HTTP/1.0" 200 5183
209.58.178.49 - - [14/Feb/2016:16:04:44 -0500] "GET /PruebasSTORM/StormSDA_pruebas/userFiles/user_files/93/asociaFormula.xml HTTP/1.0" 200 54334
136.243.103.156 - - [14/Feb/2016:16:04:45 -0500] "GET /robots.txt HTTP/1.0" 404 1015
136.243.103.156 - - [14/Feb/2016:16:04:47 -0500] "GET /PruebasSTORM/StormSDA_pruebas/userFiles/user_files/formulas/2/54.xml HTTP/1.0" 200 2092
209.58.178.49 - - [14/Feb/2016:16:04:47 -0500] "GET /PruebasSTORM/StormSDA_pruebas/userFiles/user_files/93/desasocia.xml HTTP/1.0" 200 58
209.58.178.49 - - [14/Feb/2016:16:04:49 -0500] "GET /PruebasSTORM/StormSDA_pruebas/userFiles/user_files/93/desasociaFormula.xml HTTP/1.0" 200 58
136.243.103.156 - - [14/Feb/2016:16:04:49 -0500] "GET /PruebasSTORM/StormSDA_pruebas/userFiles/user_files/formulas/2/55.xml HTTP/1.0" 200 2033
181.60.181.107 - - [14/Feb/2016:16:04:50 -0500] "GET /galeria/galeria/jquery.fancybox.css?v=2.1.5 HTTP/1.1" 200 4895
181.60.181.107 - - [14/Feb/2016:16:04:50 -0500] "GET /galeria/carrusel/Carrusel/jquery.thumbnailScroller.css HTTP/1.1" 200 2066
181.60.181.107 - - [14/Feb/2016:16:04:50 -0500] "GET /galeria/galeria/jquery.fancybox.js?v=2.1.5 HTTP/1.1" 200 48706
181.60.181.107 - - [14/Feb/2016:16:04:50 -0500] "GET /galeria/carrusel/Carrusel/jquery-ui-1.8.13.custom.min.js HTTP/1.1" 200 10800
181.60.181.107 - - [14/Feb/2016:16:04:50 -0500] "GET /BLA/boletinlegal/js/jquery.scrollShow.js HTTP/1.1" 200 4586
181.60.181.107 - - [14/Feb/2016:16:04:50 -0500] "GET /galeria/carrusel/Carrusel/jquery.thumbnailScroller.js HTTP/1.1" 200 8157
209.58.178.49 - - [14/Feb/2016:16:04:51 -0500] "GET /PruebasSTORM/StormSDA_pruebas/userFiles/user_files/94/?C=D;O=A HTTP/1.0" 200 1752
181.60.181.107 - - [14/Feb/2016:16:04:52 -0500] "GET /galeria/nivo-slider/demo/demo.html HTTP/1.1" 200 3817
181.60.181.107 - - [14/Feb/2016:16:04:52 -0500] "GET /galeria/nivo-slider/themes/default/default.css HTTP/1.1" 200 1569
181.60.181.107 - - [14/Feb/2016:16:04:52 -0500] "GET /galeria/nivo-slider/themes/pascal/pascal.css HTTP/1.1" 200 2258
181.60.181.107 - - [14/Feb/2016:16:04:52 -0500] "GET /galeria/nivo-slider/nivo-slider.css HTTP/1.1" 200 1507
181.60.181.107 - - [14/Feb/2016:16:04:52 -0500] "GET /galeria/nivo-slider/themes/orman/orman.css HTTP/1.1" 200 2152
181.60.181.107 - - [14/Feb/2016:16:04:52 -0500] "GET /galeria/nivo-slider/demo/style.css HTTP/1.1" 200 2222
181.60.181.107 - - [14/Feb/2016:16:04:52 -0500] "GET /galeria/nivo-slider/demo/images/ecolecta2016.jpg HTTP/1.1" 200 147170
181.60.181.107 - - [14/Feb/2016:16:04:52 -0500] "GET /galeria/nivo-slider/demo/scripts/jquery-1.7.1.min.js HTTP/1.1" 200 93868
181.60.181.107 - - [14/Feb/2016:16:04:52 -0500] "GET /galeria/nivo-slider/jquery.nivo.slider.pack.js HTTP/1.1" 200 11561
181.60.181.107 - - [14/Feb/2016:16:04:52 -0500] "GET /galeria/nivo-slider/demo/images/Baner-ACERCAR.jpg HTTP/1.1" 200 68021
181.60.181.107 - - [14/Feb/2016:16:04:52 -0500] "GET /galeria/nivo-slider/demo/images/Banner-Pread-2016.jpg HTTP/1.1" 200 84394
181.60.181.107 - - [14/Feb/2016:16:04:52 -0500] "GET /galeria/nivo-slider/demo/images/4Simple_Slider.png HTTP/1.1" 200 11722
136.243.103.156 - - [14/Feb/2016:16:04:53 -0500] "GET /PruebasSTORM/StormSDA_pruebas/userFiles/user_files/formulas/2/56.xml HTTP/1.0" 200 2091
209.58.178.49 - - [14/Feb/2016:16:04:53 -0500] "GET /PruebasSTORM/StormSDA_pruebas/userFiles/user_files/94/?C=M;O=A HTTP/1.0" 200 1752
181.60.181.107 - - [14/Feb/2016:16:04:54 -0500] "GET /galeria/nivo-slider/themes/default/loading.gif HTTP/1.1" 200 1737
136.243.103.156 - - [14/Feb/2016:16:04:55 -0500] "GET /PruebasSTORM/StormSDA_pruebas/userFiles/user_files/formulas/2/57.xml HTTP/1.0" 200 940
209.58.178.49 - - [14/Feb/2016:16:04:55 -0500] "GET /PruebasSTORM/StormSDA_pruebas/userFiles/user_files/94/?C=N;O=D HTTP/1.0" 200 1752
209.58.178.49 - - [14/Feb/2016:16:04:57 -0500] "GET /PruebasSTORM/StormSDA_pruebas/userFiles/user_files/94/?C=S;O=A HTTP/1.0" 200 1752
136.243.103.156 - - [14/Feb/2016:16:04:57 -0500] "GET /PruebasSTORM/StormSDA_pruebas/userFiles/user_files/formulas/2/58.xml HTTP/1.0" 200 939
181.60.181.107 - - [14/Feb/2016:16:04:58 -0500] "GET /galeria/nivo-slider/demo/images/banner-anticorupcion2016.jpg HTTP/1.1" 200 230809
181.60.181.107 - - [14/Feb/2016:16:04:58 -0500] "GET /galeria/nivo-slider/demo/images/ABC-Plan-de-contigencia.jpg HTTP/1.1" 200 423901
209.58.178.49 - - [14/Feb/2016:16:04:59 -0500] "GET /PruebasSTORM/StormSDA_pruebas/userFiles/user_files/94/asocia.xml HTTP/1.0" 200 5183
100.43.91.6 - - [14/Feb/2016:16:04:59 -0500] "GET /robots.txt HTTP/1.1" 404 1019
136.243.103.156 - - [14/Feb/2016:16:05:00 -0500] "GET /PruebasSTORM/StormSDA_pruebas/userFiles/user_files/formulas/2/59.xml HTTP/1.0" 200 2096
181.60.181.107 - - [14/Feb/2016:16:05:00 -0500] "GET /galeria/nivo-slider/demo/images/banner-llantas2015.jpg HTTP/1.1" 200 268366
181.60.181.107 - - [14/Feb/2016:16:05:01 -0500] "GET /galeria/nivo-slider/demo/images/caminata-ecologica.jpg HTTP/1.1" 200 192926
181.60.181.107 - - [14/Feb/2016:16:05:01 -0500] "GET /galeria/nivo-slider/demo/images/Cmapana-onestidad.jpg HTTP/1.1" 200 141638
209.58.178.49 - - [14/Feb/2016:16:05:01 -0500] "GET /PruebasSTORM/StormSDA_pruebas/userFiles/user_files/94/asociaFormula.xml HTTP/1.0" 200 54334
136.243.103.156 - - [14/Feb/2016:16:05:03 -0500] "GET /PruebasSTORM/StormSDA_pruebas/userFiles/user_files/formulas/2/6.xml HTTP/1.0" 200 888
186.84.139.228 - - [14/Feb/2016:16:05:04 -0500] "GET /galeria/mapa/3MapaBogot%C3%A1.jpg HTTP/1.1" 200 688183
209.58.178.49 - - [14/Feb/2016:16:05:04 -0500] "GET /PruebasSTORM/StormSDA_pruebas/userFiles/user_files/94/desasocia.xml HTTP/1.0" 200 58
136.243.103.156 - - [14/Feb/2016:16:05:06 -0500] "GET /PruebasSTORM/StormSDA_pruebas/userFiles/user_files/formulas/2/60.xml HTTP/1.0" 200 2038
209.58.178.49 - - [14/Feb/2016:16:05:06 -0500] "GET /PruebasSTORM/StormSDA_pruebas/userFiles/user_files/94/desasociaFormula.xml HTTP/1.0" 200 58
209.58.178.49 - - [14/Feb/2016:16:05:08 -0500] "GET /PruebasSTORM/StormSDA_pruebas/userFiles/user_files/95/?C=D;O=A HTTP/1.0" 200 1752
181.60.181.107 - - [14/Feb/2016:16:05:09 -0500] "GET /galeria/galeria/jquery.fancybox.css?v=2.1.5 HTTP/1.1" 304 -
181.60.181.107 - - [14/Feb/2016:16:05:09 -0500] "GET /BLA/boletinlegal/js/jquery.scrollShow.js HTTP/1.1" 304 -
181.60.181.107 - - [14/Feb/2016:16:05:09 -0500] "GET /galeria/galeria/jquery.fancybox.js?v=2.1.5 HTTP/1.1" 304 -
209.58.178.49 - - [14/Feb/2016:16:05:10 -0500] "GET /PruebasSTORM/StormSDA_pruebas/userFiles/user_files/95/?C=M;O=A HTTP/1.0" 200 1752
136.243.103.156 - - [14/Feb/2016:16:05:11 -0500] "GET /PruebasSTORM/StormSDA_pruebas/userFiles/user_files/formulas/2/61.xml HTTP/1.0" 200 2097
181.53.78.177 - - [14/Feb/2016:16:05:12 -0500] "GET /galeria/galeria/jquery.fancybox.css?v=2.1.5 HTTP/1.1" 200 4895
181.53.78.177 - - [14/Feb/2016:16:05:12 -0500] "GET /galeria/carrusel/Carrusel/jquery.thumbnailScroller.css HTTP/1.1" 200 2066
181.53.78.177 - - [14/Feb/2016:16:05:12 -0500] "GET /galeria/galeria/jquery.fancybox.js?v=2.1.5 HTTP/1.1" 200 48706
181.53.78.177 - - [14/Feb/2016:16:05:12 -0500] "GET /galeria/carrusel/Carrusel/jquery-ui-1.8.13.custom.min.js HTTP/1.1" 200 10800
181.53.78.177 - - [14/Feb/2016:16:05:12 -0500] "GET /BLA/boletinlegal/js/jquery.scrollShow.js HTTP/1.1" 200 4586
181.53.78.177 - - [14/Feb/2016:16:05:12 -0500] "GET /galeria/carrusel/Carrusel/jquery.thumbnailScroller.js HTTP/1.1" 200 8157
209.58.178.49 - - [14/Feb/2016:16:05:12 -0500] "GET /PruebasSTORM/StormSDA_pruebas/userFiles/user_files/95/?C=N;O=D HTTP/1.0" 200 1752
181.53.78.177 - - [14/Feb/2016:16:05:13 -0500] "GET /galeria/nivo-slider/demo/demo.html HTTP/1.1" 200 3817
181.53.78.177 - - [14/Feb/2016:16:05:13 -0500] "GET /galeria/nivo-slider/themes/default/default.css HTTP/1.1" 200 1569
181.53.78.177 - - [14/Feb/2016:16:05:13 -0500] "GET /galeria/nivo-slider/themes/pascal/pascal.css HTTP/1.1" 200 2258
181.53.78.177 - - [14/Feb/2016:16:05:13 -0500] "GET /galeria/nivo-slider/themes/orman/orman.css HTTP/1.1" 200 2152
181.53.78.177 - - [14/Feb/2016:16:05:13 -0500] "GET /galeria/nivo-slider/demo/style.css HTTP/1.1" 200 2222
181.53.78.177 - - [14/Feb/2016:16:05:13 -0500] "GET /galeria/nivo-slider/nivo-slider.css HTTP/1.1" 200 1507
181.53.78.177 - - [14/Feb/2016:16:05:13 -0500] "GET /galeria/nivo-slider/demo/images/ecolecta2016.jpg HTTP/1.1" 200 147170
181.53.78.177 - - [14/Feb/2016:16:05:13 -0500] "GET /galeria/nivo-slider/demo/scripts/jquery-1.7.1.min.js HTTP/1.1" 200 93868
181.53.78.177 - - [14/Feb/2016:16:05:13 -0500] "GET /galeria/nivo-slider/jquery.nivo.slider.pack.js HTTP/1.1" 200 11561
181.53.78.177 - - [14/Feb/2016:16:05:13 -0500] "GET /galeria/nivo-slider/demo/images/Banner-Pread-2016.jpg HTTP/1.1" 200 84394
181.53.78.177 - - [14/Feb/2016:16:05:13 -0500] "GET /galeria/nivo-slider/demo/images/Baner-ACERCAR.jpg HTTP/1.1" 200 68021
181.53.78.177 - - [14/Feb/2016:16:05:13 -0500] "GET /galeria/nivo-slider/demo/images/banner-anticorupcion2016.jpg HTTP/1.1" 200 230809
136.243.103.156 - - [14/Feb/2016:16:05:13 -0500] "GET /PruebasSTORM/StormSDA_pruebas/userFiles/user_files/formulas/2/62.xml HTTP/1.0" 200 2097
181.53.78.177 - - [14/Feb/2016:16:05:14 -0500] "GET /galeria/nivo-slider/demo/images/ABC-Plan-de-contigencia.jpg HTTP/1.1" 200 423901
181.53.78.177 - - [14/Feb/2016:16:05:14 -0500] "GET /galeria/nivo-slider/demo/images/4Simple_Slider.png HTTP/1.1" 200 11722
209.58.178.49 - - [14/Feb/2016:16:05:14 -0500] "GET /PruebasSTORM/StormSDA_pruebas/userFiles/user_files/95/?C=S;O=A HTTP/1.0" 200 1752
181.53.78.177 - - [14/Feb/2016:16:05:14 -0500] "GET /galeria/nivo-slider/themes/default/loading.gif HTTP/1.1" 200 1737
136.243.103.156 - - [14/Feb/2016:16:05:16 -0500] "GET /PruebasSTORM/StormSDA_pruebas/userFiles/user_files/formulas/2/64.xml HTTP/1.0" 200 1642
209.58.178.49 - - [14/Feb/2016:16:05:16 -0500] "GET /PruebasSTORM/StormSDA_pruebas/userFiles/user_files/95/?C=S;O=D HTTP/1.0" 200 1752
181.53.78.177 - - [14/Feb/2016:16:05:16 -0500] "GET /galeria/nivo-slider/demo/images/banner-llantas2015.jpg HTTP/1.1" 200 268366
181.53.78.177 - - [14/Feb/2016:16:05:16 -0500] "GET /galeria/nivo-slider/demo/images/caminata-ecologica.jpg HTTP/1.1" 200 192926
181.53.78.177 - - [14/Feb/2016:16:05:17 -0500] "GET /galeria/nivo-slider/demo/images/Cmapana-onestidad.jpg HTTP/1.1" 200 141638
181.53.78.177 - - [14/Feb/2016:16:05:17 -0500] "GET /galeria/nivo-slider/demo/images/banner-llantas2.jpg HTTP/1.1" 200 234514
181.53.78.177 - - [14/Feb/2016:16:05:17 -0500] "GET /galeria/nivo-slider/demo/images/9Signos.jpg HTTP/1.1" 200 81776
181.53.78.177 - - [14/Feb/2016:16:05:18 -0500] "GET /galeria/nivo-slider/demo/images/Ruta-vertimientos-01.jpg HTTP/1.1" 200 130151
209.58.178.49 - - [14/Feb/2016:16:05:18 -0500] "GET /PruebasSTORM/StormSDA_pruebas/userFiles/user_files/95/asocia.xml HTTP/1.0" 200 5183
136.243.103.156 - - [14/Feb/2016:16:05:18 -0500] "GET /PruebasSTORM/StormSDA_pruebas/userFiles/user_files/formulas/2/8.xml HTTP/1.0" 200 1026
181.53.78.177 - - [14/Feb/2016:16:05:18 -0500] "GET /galeria/nivo-slider/demo/images/bolsas-06.jpg HTTP/1.1" 200 210950
181.53.78.177 - - [14/Feb/2016:16:05:19 -0500] "GET /galeria/nivo-slider/themes/default/bullets.png HTTP/1.1" 200 1281
136.243.103.156 - - [14/Feb/2016:16:05:20 -0500] "GET /PruebasSTORM/StormSDA_pruebas/userFiles/user_files/formulas/2/?C=D;O=A HTTP/1.0" 200 11396
209.58.178.49 - - [14/Feb/2016:16:05:20 -0500] "GET /PruebasSTORM/StormSDA_pruebas/userFiles/user_files/95/asociaFormula.xml HTTP/1.0" 200 54334
181.53.78.177 - - [14/Feb/2016:16:05:21 -0500] "GET /galeria/nivo-slider/themes/default/arrows.png HTTP/1.1" 200 824
136.243.103.156 - - [14/Feb/2016:16:05:23 -0500] "GET /PruebasSTORM/StormSDA_pruebas/userFiles/user_files/formulas/2/?C=M;O=A HTTP/1.0" 200 11396
209.58.178.49 - - [14/Feb/2016:16:05:23 -0500] "GET /PruebasSTORM/StormSDA_pruebas/userFiles/user_files/95/desasocia.xml HTTP/1.0" 200 58
66.249.88.228 - - [14/Feb/2016:16:05:23 -0500] "GET /BLA/boletinlegal/js/jquery.scrollShow.js HTTP/1.1" 200 4586
66.249.88.233 - - [14/Feb/2016:16:05:24 -0500] "GET /galeria/galeria/jquery.fancybox.js?v=2.1.5 HTTP/1.1" 200 48706
66.249.88.233 - - [14/Feb/2016:16:05:24 -0500] "GET /galeria/galeria/jquery.fancybox.css?v=2.1.5 HTTP/1.1" 200 4895
209.58.178.49 - - [14/Feb/2016:16:05:25 -0500] "GET /PruebasSTORM/StormSDA_pruebas/userFiles/user_files/95/desasociaFormula.xml HTTP/1.0" 200 58
136.243.103.156 - - [14/Feb/2016:16:05:25 -0500] "GET /PruebasSTORM/StormSDA_pruebas/userFiles/user_files/formulas/2/?C=N;O=A HTTP/1.0" 200 11396
209.58.178.49 - - [14/Feb/2016:16:05:27 -0500] "GET /PruebasSTORM/StormSDA_pruebas/userFiles/user_files/96/?C=D;O=A HTTP/1.0" 200 1752
209.58.178.49 - - [14/Feb/2016:16:05:29 -0500] "GET /PruebasSTORM/StormSDA_pruebas/userFiles/user_files/96/?C=M;O=A HTTP/1.0" 200 1752
136.243.103.156 - - [14/Feb/2016:16:05:29 -0500] "GET /PruebasSTORM/StormSDA_pruebas/userFiles/user_files/formulas/2/?C=S;O=A HTTP/1.0" 200 11396
123.125.71.40 - - [14/Feb/2016:16:05:30 -0500] "GET /BLA/resoluciones/RESOLUCIONES%202008/2502.pdf HTTP/1.1" 200 253003
209.58.178.49 - - [14/Feb/2016:16:05:31 -0500] "GET /PruebasSTORM/StormSDA_pruebas/userFiles/user_files/96/?C=N;O=D HTTP/1.0" 200 1752
209.58.178.49 - - [14/Feb/2016:16:05:33 -0500] "GET /PruebasSTORM/StormSDA_pruebas/userFiles/user_files/96/?C=S;O=A HTTP/1.0" 200 1752
186.154.148.216 - - [14/Feb/2016:16:05:34 -0500] "GET /BLA/boletinlegal/js/jquery.scrollShow.js HTTP/1.1" 200 4586
186.154.148.216 - - [14/Feb/2016:16:05:34 -0500] "GET /galeria/galeria/jquery.fancybox.js?v=2.1.5 HTTP/1.1" 200 48706
136.243.103.156 - - [14/Feb/2016:16:05:35 -0500] "GET /PruebasSTORM/StormSDA_pruebas/userFiles/user_files/formulas/?C=D;O=D HTTP/1.0" 200 1503
209.58.178.49 - - [14/Feb/2016:16:05:35 -0500] "GET /PruebasSTORM/StormSDA_pruebas/userFiles/user_files/96/asocia.xml HTTP/1.0" 200 5183
186.154.148.216 - - [14/Feb/2016:16:05:35 -0500] "GET /galeria/galeria/jquery.fancybox.css?v=2.1.5 HTTP/1.1" 200 4895
186.154.148.216 - - [14/Feb/2016:16:05:36 -0500] "GET /galeria/carrusel/Carrusel/jquery.thumbnailScroller.css HTTP/1.1" 200 2066
181.135.93.174 - - [14/Feb/2016:16:05:36 -0500] "GET /galeria/galeria/jquery.fancybox.css?v=2.1.5 HTTP/1.1" 200 4895
181.135.93.174 - - [14/Feb/2016:16:05:36 -0500] "GET /BLA/boletinlegal/js/jquery.scrollShow.js HTTP/1.1" 200 4586
181.135.93.174 - - [14/Feb/2016:16:05:36 -0500] "GET /galeria/galeria/jquery.fancybox.js?v=2.1.5 HTTP/1.1" 200 48706
186.154.148.216 - - [14/Feb/2016:16:05:37 -0500] "GET /galeria/carrusel/Carrusel/jquery-ui-1.8.13.custom.min.js HTTP/1.1" 200 10800
209.58.178.49 - - [14/Feb/2016:16:05:37 -0500] "GET /PruebasSTORM/StormSDA_pruebas/userFiles/user_files/96/asociaFormula.xml HTTP/1.0" 200 54334
136.243.103.156 - - [14/Feb/2016:16:05:37 -0500] "GET /PruebasSTORM/StormSDA_pruebas/userFiles/user_files/formulas/?C=M;O=D HTTP/1.0" 200 1503
186.154.148.216 - - [14/Feb/2016:16:05:38 -0500] "GET /galeria/carrusel/Carrusel/jquery.thumbnailScroller.js HTTP/1.1" 200 8157
131.253.26.237 - - [14/Feb/2016:16:05:39 -0500] "GET /galeria/galeria/jquery.fancybox.js?v=2.1.5 HTTP/1.1" 200 48706
131.253.24.149 - - [14/Feb/2016:16:05:39 -0500] "GET /BLA/boletinlegal/js/jquery.scrollShow.js HTTP/1.1" 200 4586
131.253.24.149 - - [14/Feb/2016:16:05:40 -0500] "GET /galeria/galeria/jquery.fancybox.css?v=2.1.5 HTTP/1.1" 200 4895
136.243.103.156 - - [14/Feb/2016:16:05:40 -0500] "GET /PruebasSTORM/StormSDA_pruebas/userFiles/user_files/formulas/?C=N;O=A HTTP/1.0" 200 1503
209.58.178.49 - - [14/Feb/2016:16:05:40 -0500] "GET /PruebasSTORM/StormSDA_pruebas/userFiles/user_files/96/desasocia.xml HTTP/1.0" 200 58
209.58.178.49 - - [14/Feb/2016:16:05:42 -0500] "GET /PruebasSTORM/StormSDA_pruebas/userFiles/user_files/96/desasociaFormula.xml HTTP/1.0" 200 58
136.243.103.156 - - [14/Feb/2016:16:05:43 -0500] "GET /PruebasSTORM/StormSDA_pruebas/userFiles/user_files/formulas/?C=S;O=D HTTP/1.0" 200 1503
209.58.178.49 - - [14/Feb/2016:16:05:44 -0500] "GET /PruebasSTORM/StormSDA_pruebas/userFiles/user_files/97/?C=D;O=A HTTP/1.0" 200 1752
157.55.39.161 - - [14/Feb/2016:16:05:44 -0500] "GET /robots.txt HTTP/1.1" 404 1018
181.135.93.174 - - [14/Feb/2016:16:05:45 -0500] "GET /BLA/boletinlegal/js/jquery.scrollShow.js HTTP/1.1" 304 -
181.135.93.174 - - [14/Feb/2016:16:05:45 -0500] "GET /galeria/galeria/jquery.fancybox.js?v=2.1.5 HTTP/1.1" 304 -
181.135.93.174 - - [14/Feb/2016:16:05:45 -0500] "GET /galeria/galeria/jquery.fancybox.css?v=2.1.5 HTTP/1.1" 304 -
66.249.88.233 - - [14/Feb/2016:16:05:45 -0500] "GET /galeria/galeria/jquery.fancybox.js?v=2.1.5 HTTP/1.1" 304 -
66.249.88.223 - - [14/Feb/2016:16:05:45 -0500] "GET /BLA/boletinlegal/js/jquery.scrollShow.js HTTP/1.1" 304 -
66.249.88.228 - - [14/Feb/2016:16:05:45 -0500] "GET /galeria/galeria/jquery.fancybox.css?v=2.1.5 HTTP/1.1" 304 -
181.135.93.174 - - [14/Feb/2016:16:05:45 -0500] "GET /galeria/galeria/jquery.fancybox.css?v=2.1.5 HTTP/1.1" 200 4895
66.249.64.96 - - [14/Feb/2016:16:05:46 -0500] "GET /BLA/resoluciones/AUTOS%202011/2404.pdf HTTP/1.1" 304 -
209.58.178.49 - - [14/Feb/2016:16:05:46 -0500] "GET /PruebasSTORM/StormSDA_pruebas/userFiles/user_files/97/?C=M;O=A HTTP/1.0" 200 1752
136.243.103.156 - - [14/Feb/2016:16:05:47 -0500] "GET /PruebasSTORM/StormSDA_pruebas/userFiles/user_files/listas/0.xml HTTP/1.0" 200 90
209.58.178.49 - - [14/Feb/2016:16:05:48 -0500] "GET /PruebasSTORM/StormSDA_pruebas/userFiles/user_files/97/?C=N;O=D HTTP/1.0" 200 1752
136.243.103.156 - - [14/Feb/2016:16:05:49 -0500] "GET /PruebasSTORM/StormSDA_pruebas/userFiles/user_files/listas/1.xml HTTP/1.0" 200 190
209.58.178.49 - - [14/Feb/2016:16:05:49 -0500] "GET /PruebasSTORM/StormSDA_pruebas/userFiles/user_files/97/?C=S;O=A HTTP/1.0" 200 1752
66.249.88.233 - - [14/Feb/2016:16:05:50 -0500] "GET /galeria/galeria/jquery.fancybox.js?v=2.1.5 HTTP/1.1" 304 -
209.58.178.49 - - [14/Feb/2016:16:05:51 -0500] "GET /PruebasSTORM/StormSDA_pruebas/userFiles/user_files/97/asocia.xml HTTP/1.0" 200 5183
136.243.103.156 - - [14/Feb/2016:16:05:52 -0500] "GET /PruebasSTORM/StormSDA_pruebas/userFiles/user_files/listas/10.xml HTTP/1.0" 200 249
209.58.178.49 - - [14/Feb/2016:16:05:54 -0500] "GET /PruebasSTORM/StormSDA_pruebas/userFiles/user_files/97/asociaFormula.xml HTTP/1.0" 200 54334
136.243.103.156 - - [14/Feb/2016:16:05:55 -0500] "GET /PruebasSTORM/StormSDA_pruebas/userFiles/user_files/listas/100.xml HTTP/1.0" 200 605
66.249.88.228 - - [14/Feb/2016:16:05:55 -0500] "GET /galeria/galeria/jquery.fancybox.css?v=2.1.5 HTTP/1.1" 304 -
209.58.178.49 - - [14/Feb/2016:16:05:57 -0500] "GET /PruebasSTORM/StormSDA_pruebas/userFiles/user_files/97/desasocia.xml HTTP/1.0" 200 58
136.243.103.156 - - [14/Feb/2016:16:05:58 -0500] "GET /PruebasSTORM/StormSDA_pruebas/userFiles/user_files/listas/101.xml HTTP/1.0" 200 371
209.58.178.49 - - [14/Feb/2016:16:05:59 -0500] "GET /PruebasSTORM/StormSDA_pruebas/userFiles/user_files/97/desasociaFormula.xml HTTP/1.0" 200 58
136.243.103.156 - - [14/Feb/2016:16:06:00 -0500] "GET /PruebasSTORM/StormSDA_pruebas/userFiles/user_files/listas/102.xml HTTP/1.0" 200 191
209.58.178.49 - - [14/Feb/2016:16:06:01 -0500] "GET /PruebasSTORM/StormSDA_pruebas/userFiles/user_files/98/?C=D;O=A HTTP/1.0" 200 1752
191.95.249.62 - - [14/Feb/2016:16:06:01 -0500] "GET /galeria/galeria/jquery.fancybox.css?v=2.1.5 HTTP/1.1" 200 4895
191.95.249.62 - - [14/Feb/2016:16:06:01 -0500] "GET /BLA/boletinlegal/js/jquery.scrollShow.js HTTP/1.1" 200 4586
191.95.249.62 - - [14/Feb/2016:16:06:01 -0500] "GET /galeria/galeria/jquery.fancybox.js?v=2.1.5 HTTP/1.1" 200 48706
209.58.178.49 - - [14/Feb/2016:16:06:03 -0500] "GET /PruebasSTORM/StormSDA_pruebas/userFiles/user_files/98/?C=M;O=A HTTP/1.0" 200 1752
136.243.103.156 - - [14/Feb/2016:16:06:03 -0500] "GET /PruebasSTORM/StormSDA_pruebas/userFiles/user_files/listas/103.xml HTTP/1.0" 200 265
209.58.178.49 - - [14/Feb/2016:16:06:04 -0500] "GET /PruebasSTORM/StormSDA_pruebas/userFiles/user_files/98/?C=N;O=D HTTP/1.0" 200 1752
136.243.103.156 - - [14/Feb/2016:16:06:05 -0500] "GET /robots.txt HTTP/1.0" 404 1015
209.58.178.49 - - [14/Feb/2016:16:06:06 -0500] "GET /PruebasSTORM/StormSDA_pruebas/userFiles/user_files/98/?C=S;O=A HTTP/1.0" 200 1752
190.156.207.128 - - [14/Feb/2016:16:06:08 -0500] "GET /galeria/galeria/jquery.fancybox.css?v=2.1.5 HTTP/1.1" 200 4895
190.156.207.128 - - [14/Feb/2016:16:06:08 -0500] "GET /BLA/boletinlegal/js/jquery.scrollShow.js HTTP/1.1" 200 4586
190.156.207.128 - - [14/Feb/2016:16:06:08 -0500] "GET /galeria/galeria/jquery.fancybox.js?v=2.1.5 HTTP/1.1" 200 48706
136.243.103.156 - - [14/Feb/2016:16:06:08 -0500] "GET /PruebasSTORM/StormSDA_pruebas/userFiles/user_files/listas/104.xml HTTP/1.0" 200 331
209.58.178.49 - - [14/Feb/2016:16:06:08 -0500] "GET /PruebasSTORM/StormSDA_pruebas/userFiles/user_files/98/asocia.xml HTTP/1.0" 200 5183
209.58.178.49 - - [14/Feb/2016:16:06:11 -0500] "GET /PruebasSTORM/StormSDA_pruebas/userFiles/user_files/98/asociaFormula.xml HTTP/1.0" 200 54334
136.243.103.156 - - [14/Feb/2016:16:06:11 -0500] "GET /PruebasSTORM/StormSDA_pruebas/userFiles/user_files/listas/105.xml HTTP/1.0" 200 258
200.118.158.46 - - [14/Feb/2016:16:06:13 -0500] "GET /BLA/boletinlegal/js/jquery.scrollShow.js HTTP/1.1" 200 4586
200.118.158.46 - - [14/Feb/2016:16:06:13 -0500] "GET /galeria/galeria/jquery.fancybox.js?v=2.1.5 HTTP/1.1" 200 48706
191.95.249.62 - - [14/Feb/2016:16:06:13 -0500] "GET /BLA/boletinlegal/js/jquery.scrollShow.js HTTP/1.1" 304 -
191.95.249.62 - - [14/Feb/2016:16:06:13 -0500] "GET /galeria/galeria/jquery.fancybox.js?v=2.1.5 HTTP/1.1" 304 -
209.58.178.49 - - [14/Feb/2016:16:06:14 -0500] "GET /PruebasSTORM/StormSDA_pruebas/userFiles/user_files/98/desasocia.xml HTTP/1.0" 200 58
200.118.158.46 - - [14/Feb/2016:16:06:14 -0500] "GET /galeria/galeria/jquery.fancybox.css?v=2.1.5 HTTP/1.1" 200 4895
136.243.103.156 - - [14/Feb/2016:16:06:15 -0500] "GET /robots.txt HTTP/1.0" 404 1015
200.118.158.46 - - [14/Feb/2016:16:06:15 -0500] "GET /galeria/carrusel/Carrusel/jquery.thumbnailScroller.css HTTP/1.1" 200 2066
191.95.249.62 - - [14/Feb/2016:16:06:15 -0500] "GET /galeria/galeria/jquery.fancybox.css?v=2.1.5 HTTP/1.1" 304 -
186.154.148.216 - - [14/Feb/2016:16:06:15 -0500] "GET /galeria/nivo-slider/demo/demo.html HTTP/1.1" 200 3817
200.118.158.46 - - [14/Feb/2016:16:06:15 -0500] "GET /galeria/carrusel/Carrusel/jquery-ui-1.8.13.custom.min.js HTTP/1.1" 200 10800
209.58.178.49 - - [14/Feb/2016:16:06:16 -0500] "GET /PruebasSTORM/StormSDA_pruebas/userFiles/user_files/98/desasociaFormula.xml HTTP/1.0" 200 58
186.154.148.216 - - [14/Feb/2016:16:06:17 -0500] "GET /galeria/nivo-slider/themes/default/default.css HTTP/1.1" 200 1569
200.118.158.46 - - [14/Feb/2016:16:06:17 -0500] "GET /galeria/carrusel/Carrusel/jquery.thumbnailScroller.js HTTP/1.1" 200 8157
186.154.148.216 - - [14/Feb/2016:16:06:17 -0500] "GET /galeria/nivo-slider/themes/pascal/pascal.css HTTP/1.1" 200 2258
186.154.148.216 - - [14/Feb/2016:16:06:17 -0500] "GET /galeria/nivo-slider/themes/orman/orman.css HTTP/1.1" 200 2152
186.154.148.216 - - [14/Feb/2016:16:06:17 -0500] "GET /galeria/nivo-slider/nivo-slider.css HTTP/1.1" 200 1507
186.154.148.216 - - [14/Feb/2016:16:06:17 -0500] "GET /galeria/nivo-slider/demo/style.css HTTP/1.1" 200 2222
186.154.148.216 - - [14/Feb/2016:16:06:17 -0500] "GET /galeria/nivo-slider/demo/images/ecolecta2016.jpg HTTP/1.1" 200 147170
186.154.148.216 - - [14/Feb/2016:16:06:17 -0500] "GET /galeria/nivo-slider/demo/images/Baner-ACERCAR.jpg HTTP/1.1" 200 68021
186.154.148.216 - - [14/Feb/2016:16:06:17 -0500] "GET /galeria/nivo-slider/demo/images/Banner-Pread-2016.jpg HTTP/1.1" 200 84394
136.243.103.156 - - [14/Feb/2016:16:06:17 -0500] "GET /PruebasSTORM/StormSDA_pruebas/userFiles/user_files/listas/106.xml HTTP/1.0" 200 604
209.58.178.49 - - [14/Feb/2016:16:06:17 -0500] "GET /PruebasSTORM/StormSDA_pruebas/userFiles/user_files/formatos/10.xml HTTP/1.0" 200 1696
186.154.148.216 - - [14/Feb/2016:16:06:18 -0500] "GET /galeria/nivo-slider/demo/images/banner-anticorupcion2016.jpg HTTP/1.1" 200 230809
186.154.148.216 - - [14/Feb/2016:16:06:18 -0500] "GET /galeria/nivo-slider/demo/images/ABC-Plan-de-contigencia.jpg HTTP/1.1" 200 423901
186.154.148.216 - - [14/Feb/2016:16:06:18 -0500] "GET /galeria/nivo-slider/demo/images/banner-llantas2015.jpg HTTP/1.1" 200 268366
136.243.103.156 - - [14/Feb/2016:16:06:19 -0500] "GET /PruebasSTORM/StormSDA_pruebas/userFiles/user_files/listas/107.xml HTTP/1.0" 200 321
209.58.178.49 - - [14/Feb/2016:16:06:19 -0500] "GET /PruebasSTORM/StormSDA_pruebas/userFiles/user_files/formatos/19.xml HTTP/1.0" 200 3904
186.154.148.216 - - [14/Feb/2016:16:06:20 -0500] "GET /galeria/nivo-slider/demo/images/4Simple_Slider.png HTTP/1.1" 200 11722
200.118.158.46 - - [14/Feb/2016:16:06:21 -0500] "GET /galeria/nivo-slider/demo/demo.html HTTP/1.1" 200 3817
186.154.148.216 - - [14/Feb/2016:16:06:21 -0500] "GET /galeria/nivo-slider/themes/default/loading.gif HTTP/1.1" 200 1737
186.154.148.216 - - [14/Feb/2016:16:06:21 -0500] "GET /galeria/nivo-slider/demo/images/caminata-ecologica.jpg HTTP/1.1" 200 192926
186.154.148.216 - - [14/Feb/2016:16:06:21 -0500] "GET /galeria/nivo-slider/demo/images/Cmapana-onestidad.jpg HTTP/1.1" 200 141638
209.58.178.49 - - [14/Feb/2016:16:06:22 -0500] "GET /PruebasSTORM/StormSDA_pruebas/userFiles/user_files/formatos/2.xml HTTP/1.0" 200 2824
136.243.103.156 - - [14/Feb/2016:16:06:22 -0500] "GET /PruebasSTORM/StormSDA_pruebas/userFiles/user_files/listas/108.xml HTTP/1.0" 200 190
200.118.158.46 - - [14/Feb/2016:16:06:22 -0500] "GET /galeria/nivo-slider/themes/pascal/pascal.css HTTP/1.1" 200 2258
200.118.158.46 - - [14/Feb/2016:16:06:22 -0500] "GET /galeria/nivo-slider/themes/default/default.css HTTP/1.1" 200 1569
200.118.158.46 - - [14/Feb/2016:16:06:22 -0500] "GET /galeria/nivo-slider/themes/orman/orman.css HTTP/1.1" 200 2152
200.118.158.46 - - [14/Feb/2016:16:06:23 -0500] "GET /galeria/nivo-slider/demo/style.css HTTP/1.1" 200 2222
200.118.158.46 - - [14/Feb/2016:16:06:23 -0500] "GET /galeria/nivo-slider/nivo-slider.css HTTP/1.1" 200 1507
200.118.158.46 - - [14/Feb/2016:16:06:23 -0500] "GET /galeria/nivo-slider/demo/images/Baner-ACERCAR.jpg HTTP/1.1" 200 68021
200.118.158.46 - - [14/Feb/2016:16:06:23 -0500] "GET /galeria/nivo-slider/demo/images/ecolecta2016.jpg HTTP/1.1" 200 147170
