186.119.220.220 - - [15/Mar/2016:01:21:03 -0500] "GET /galeria/nivo-slider/demo/images/bolsas-06.jpg HTTP/1.1" 200 210950
66.249.69.100 - - [15/Mar/2016:01:21:06 -0500] "GET /BLA/resoluciones/AUTOS%202011/0172.pdf HTTP/1.1" 200 168269
186.119.220.220 - - [15/Mar/2016:01:21:07 -0500] "GET /galeria/nivo-slider/themes/default/bullets.png HTTP/1.1" 200 1281
186.119.220.220 - - [15/Mar/2016:01:21:09 -0500] "GET /galeria/nivo-slider/themes/default/arrows.png HTTP/1.1" 200 824
69.162.124.232 - - [15/Mar/2016:01:21:12 -0500] "HEAD / HTTP/1.1" 200 -
167.0.133.4 - - [15/Mar/2016:01:21:15 -0500] "GET /galeria/galeria/jquery.fancybox.css?v=2.1.5 HTTP/1.1" 200 4895
167.0.133.4 - - [15/Mar/2016:01:21:15 -0500] "GET /BLA/boletinlegal/js/jquery.scrollShow.js HTTP/1.1" 200 4586
167.0.133.4 - - [15/Mar/2016:01:21:15 -0500] "GET /galeria/galeria/jquery.fancybox.js?v=2.1.5 HTTP/1.1" 200 48706
167.0.133.4 - - [15/Mar/2016:01:21:23 -0500] "GET /BLA/boletinlegal/js/jquery.scrollShow.js HTTP/1.1" 304 -
167.0.133.4 - - [15/Mar/2016:01:21:23 -0500] "GET /galeria/galeria/jquery.fancybox.js?v=2.1.5 HTTP/1.1" 304 -
167.0.133.4 - - [15/Mar/2016:01:21:23 -0500] "GET /galeria/galeria/jquery.fancybox.css?v=2.1.5 HTTP/1.1" 304 -
66.249.69.100 - - [15/Mar/2016:01:21:50 -0500] "GET /BLA/resoluciones/AUTOS%202008/2593.pdf HTTP/1.1" 200 360517
181.50.107.173 - - [15/Mar/2016:01:22:02 -0500] "POST /forms/lservlet;jsessionid=ac16012b30d692dce521a5e8467599c3ee7016fee10c.e3iSbxaKaheRe3mSaNqNbNeNay1ynknvrkLOlQzNp65In0 HTTP/1.1" 200 2
66.249.69.100 - - [15/Mar/2016:01:22:35 -0500] "GET /BLA/resoluciones/RESOLUCIONES%202008/3442.pdf HTTP/1.1" 200 313110
201.234.75.11 - - [15/Mar/2016:01:22:53 -0500] "GET /galeria/nivo-slider/demo/images/Baner-ACERCAR.jpg HTTP/1.1" 304 -
66.249.69.100 - - [15/Mar/2016:01:23:20 -0500] "GET /BLA/resoluciones/RESOLUCIONES%202011/0626.pdf HTTP/1.1" 200 72821
100.43.91.6 - - [15/Mar/2016:01:24:02 -0500] "GET /robots.txt HTTP/1.1" 404 1015
181.50.107.173 - - [15/Mar/2016:01:24:02 -0500] "POST /forms/lservlet;jsessionid=ac16012b30d692dce521a5e8467599c3ee7016fee10c.e3iSbxaKaheRe3mSaNqNbNeNay1ynknvrkLOlQzNp65In0 HTTP/1.1" 200 2
100.43.91.6 - - [15/Mar/2016:01:24:03 -0500] "GET / HTTP/1.1" 200 10190
66.249.69.100 - - [15/Mar/2016:01:24:05 -0500] "GET /BLA/resoluciones/AUTOS%202011/4585.pdf HTTP/1.1" 200 126298
100.43.91.6 - - [15/Mar/2016:01:24:06 -0500] "GET / HTTP/1.1" 200 10190
100.43.81.155 - - [15/Mar/2016:01:24:07 -0500] "GET /videos/C40BannerNominacion.swf HTTP/1.1" 200 21698
141.8.143.205 - - [15/Mar/2016:01:24:10 -0500] "GET / HTTP/1.1" 200 10190
141.8.143.138 - - [15/Mar/2016:01:24:11 -0500] "GET /galeria/juegos/rompecabezas/animales.swf HTTP/1.1" 200 352988
100.43.91.6 - - [15/Mar/2016:01:24:14 -0500] "GET /videos/galeria-cronicas/skin/circle.skin/progress_sprite.jpg HTTP/1.1" 304 -
100.43.91.6 - - [15/Mar/2016:01:24:18 -0500] "GET /StormSDA/userFiles%20-%20Copy%2019-07-2012/user_files/Str_Informe.xml HTTP/1.1" 200 346
100.43.91.6 - - [15/Mar/2016:01:24:21 -0500] "GET /Autoliquidacion/Grupo%20Forestal%20-%20Silvicultura/Formato%20de%20revision%20de%20documentacion%20-%20Tramite%20facil.xls HTTP/1.1" 200 1698816
100.43.91.6 - - [15/Mar/2016:01:24:30 -0500] "GET /cyber/ecour/15.jpg HTTP/1.1" 404 1019
100.43.91.6 - - [15/Mar/2016:01:24:34 -0500] "GET /StormSDA/userFiles%20-%20Copy%2019-07-2012/user_files/str_periodicidad.xml HTTP/1.1" 200 327
100.43.91.6 - - [15/Mar/2016:01:24:37 -0500] "GET /cyber/ecour/16.jpg HTTP/1.1" 404 1019
100.43.91.6 - - [15/Mar/2016:01:24:41 -0500] "GET / HTTP/1.1" 200 10190
186.114.34.229 - - [15/Mar/2016:01:24:43 -0500] "GET /galeria/galeria/jquery.fancybox.css?v=2.1.5 HTTP/1.1" 200 4895
186.114.34.229 - - [15/Mar/2016:01:24:43 -0500] "GET /BLA/boletinlegal/js/jquery.scrollShow.js HTTP/1.1" 200 4586
186.114.34.229 - - [15/Mar/2016:01:24:43 -0500] "GET /galeria/galeria/jquery.fancybox.js?v=2.1.5 HTTP/1.1" 200 48706
66.249.69.100 - - [15/Mar/2016:01:24:49 -0500] "GET /BLA/resoluciones/RESOLUCIONES%202009/9524.pdf HTTP/1.1" 304 -
186.114.34.229 - - [15/Mar/2016:01:25:05 -0500] "GET /galeria/galeria/jquery.fancybox.css?v=2.1.5 HTTP/1.1" 304 -
186.114.34.229 - - [15/Mar/2016:01:25:05 -0500] "GET /BLA/boletinlegal/js/jquery.scrollShow.js HTTP/1.1" 304 -
186.114.34.229 - - [15/Mar/2016:01:25:05 -0500] "GET /galeria/galeria/jquery.fancybox.js?v=2.1.5 HTTP/1.1" 304 -
66.249.69.100 - - [15/Mar/2016:01:25:34 -0500] "GET /BLA/resoluciones/AUTOS%202011/3704.pdf HTTP/1.1" 200 273535
181.50.107.173 - - [15/Mar/2016:01:26:03 -0500] "POST /forms/lservlet;jsessionid=ac16012b30d692dce521a5e8467599c3ee7016fee10c.e3iSbxaKaheRe3mSaNqNbNeNay1ynknvrkLOlQzNp65In0 HTTP/1.1" 200 2
190.240.37.96 - - [15/Mar/2016:01:26:06 -0500] "GET /galeria/galeria/jquery.fancybox.css?v=2.1.5 HTTP/1.1" 200 4895
190.240.37.96 - - [15/Mar/2016:01:26:06 -0500] "GET /BLA/boletinlegal/js/jquery.scrollShow.js HTTP/1.1" 200 4586
190.240.37.96 - - [15/Mar/2016:01:26:06 -0500] "GET /galeria/galeria/jquery.fancybox.js?v=2.1.5 HTTP/1.1" 200 48706
69.162.124.232 - - [15/Mar/2016:01:26:12 -0500] "HEAD / HTTP/1.1" 200 -
181.50.107.173 - - [15/Mar/2016:01:26:18 -0500] "POST /forms/lservlet;jsessionid=ac16012b30d692dce521a5e8467599c3ee7016fee10c.e3iSbxaKaheRe3mSaNqNbNeNay1ynknvrkLOlQzNp65In0 HTTP/1.1" 200 2
181.50.107.173 - - [15/Mar/2016:01:26:18 -0500] "POST /forms/lservlet;jsessionid=ac16012b30d692dce521a5e8467599c3ee7016fee10c.e3iSbxaKaheRe3mSaNqNbNeNay1ynknvrkLOlQzNp65In0 HTTP/1.1" 200 106
181.50.107.173 - - [15/Mar/2016:01:26:18 -0500] "POST /forms/lservlet;jsessionid=ac16012b30d692dce521a5e8467599c3ee7016fee10c.e3iSbxaKaheRe3mSaNqNbNeNay1ynknvrkLOlQzNp65In0 HTTP/1.1" 200 2
66.249.69.100 - - [15/Mar/2016:01:26:19 -0500] "GET /BLA/resoluciones/AUTOS%202009/2936.pdf HTTP/1.1" 200 160343
181.50.107.173 - - [15/Mar/2016:01:26:19 -0500] "POST /forms/lservlet;jsessionid=ac16012b30d692dce521a5e8467599c3ee7016fee10c.e3iSbxaKaheRe3mSaNqNbNeNay1ynknvrkLOlQzNp65In0 HTTP/1.1" 200 2
181.50.107.173 - - [15/Mar/2016:01:26:19 -0500] "POST /forms/lservlet;jsessionid=ac16012b30d692dce521a5e8467599c3ee7016fee10c.e3iSbxaKaheRe3mSaNqNbNeNay1ynknvrkLOlQzNp65In0 HTTP/1.1" 200 2029
181.50.107.173 - - [15/Mar/2016:01:26:19 -0500] "POST /forms/lservlet;jsessionid=ac16012b30d692dce521a5e8467599c3ee7016fee10c.e3iSbxaKaheRe3mSaNqNbNeNay1ynknvrkLOlQzNp65In0 HTTP/1.1" 200 78
181.50.107.173 - - [15/Mar/2016:01:26:23 -0500] "POST /forms/lservlet;jsessionid=ac16012b30d692dce521a5e8467599c3ee7016fee10c.e3iSbxaKaheRe3mSaNqNbNeNay1ynknvrkLOlQzNp65In0 HTTP/1.1" 200 29316
181.50.107.173 - - [15/Mar/2016:01:26:24 -0500] "POST /forms/lservlet;jsessionid=ac16012b30d692dce521a5e8467599c3ee7016fee10c.e3iSbxaKaheRe3mSaNqNbNeNay1ynknvrkLOlQzNp65In0 HTTP/1.1" 200 2
181.50.107.173 - - [15/Mar/2016:01:26:24 -0500] "POST /forms/lservlet;jsessionid=ac16012b30d692dce521a5e8467599c3ee7016fee10c.e3iSbxaKaheRe3mSaNqNbNeNay1ynknvrkLOlQzNp65In0 HTTP/1.1" 200 27
181.50.107.173 - - [15/Mar/2016:01:26:24 -0500] "POST /forms/lservlet;jsessionid=ac16012b30d692dce521a5e8467599c3ee7016fee10c.e3iSbxaKaheRe3mSaNqNbNeNay1ynknvrkLOlQzNp65In0 HTTP/1.1" 200 2
181.50.107.173 - - [15/Mar/2016:01:26:25 -0500] "POST /forms/lservlet;jsessionid=ac16012b30d692dce521a5e8467599c3ee7016fee10c.e3iSbxaKaheRe3mSaNqNbNeNay1ynknvrkLOlQzNp65In0 HTTP/1.1" 200 125
181.50.107.173 - - [15/Mar/2016:01:26:26 -0500] "POST /forms/lservlet;jsessionid=ac16012b30d692dce521a5e8467599c3ee7016fee10c.e3iSbxaKaheRe3mSaNqNbNeNay1ynknvrkLOlQzNp65In0 HTTP/1.1" 200 2
181.50.107.173 - - [15/Mar/2016:01:26:26 -0500] "POST /forms/lservlet;jsessionid=ac16012b30d692dce521a5e8467599c3ee7016fee10c.e3iSbxaKaheRe3mSaNqNbNeNay1ynknvrkLOlQzNp65In0 HTTP/1.1" 200 630
181.50.107.173 - - [15/Mar/2016:01:26:26 -0500] "POST /forms/lservlet;jsessionid=ac16012b30d692dce521a5e8467599c3ee7016fee10c.e3iSbxaKaheRe3mSaNqNbNeNay1ynknvrkLOlQzNp65In0 HTTP/1.1" 200 10
181.50.107.173 - - [15/Mar/2016:01:26:27 -0500] "POST /forms/lservlet;jsessionid=ac16012b30d692dce521a5e8467599c3ee7016fee10c.e3iSbxaKaheRe3mSaNqNbNeNay1ynknvrkLOlQzNp65In0 HTTP/1.1" 200 39
190.240.37.96 - - [15/Mar/2016:01:26:09 -0500] "GET /videos/CRRFFS.mp4 HTTP/1.1" 200 286784363
190.240.37.96 - - [15/Mar/2016:01:26:28 -0500] "GET /galeria/galeria/jquery.fancybox.css?v=2.1.5 HTTP/1.1" 304 -
190.240.37.96 - - [15/Mar/2016:01:26:28 -0500] "GET /BLA/boletinlegal/js/jquery.scrollShow.js HTTP/1.1" 304 -
190.240.37.96 - - [15/Mar/2016:01:26:28 -0500] "GET /galeria/galeria/jquery.fancybox.js?v=2.1.5 HTTP/1.1" 304 -
190.240.37.96 - - [15/Mar/2016:01:26:30 -0500] "GET /videos/CRRFFS.mp4 HTTP/1.1" 206 1
190.240.37.96 - - [15/Mar/2016:01:26:30 -0500] "GET /videos/CRRFFS.mp4 HTTP/1.1" 206 274634515
186.154.151.96 - - [15/Mar/2016:01:26:47 -0500] "GET /galeria/galeria/jquery.fancybox.css?v=2.1.5 HTTP/1.1" 200 4895
186.154.151.96 - - [15/Mar/2016:01:26:47 -0500] "GET /galeria/carrusel/Carrusel/jquery.thumbnailScroller.css HTTP/1.1" 200 2066
186.154.151.96 - - [15/Mar/2016:01:26:47 -0500] "GET /BLA/boletinlegal/js/jquery.scrollShow.js HTTP/1.1" 200 4586
186.154.151.96 - - [15/Mar/2016:01:26:47 -0500] "GET /galeria/galeria/jquery.fancybox.js?v=2.1.5 HTTP/1.1" 200 48706
186.154.151.96 - - [15/Mar/2016:01:26:47 -0500] "GET /galeria/carrusel/Carrusel/jquery-ui-1.8.13.custom.min.js HTTP/1.1" 200 10800
186.154.151.96 - - [15/Mar/2016:01:26:47 -0500] "GET /galeria/carrusel/Carrusel/jquery.thumbnailScroller.js HTTP/1.1" 200 8157
181.50.107.173 - - [15/Mar/2016:01:26:48 -0500] "POST /forms/lservlet;jsessionid=ac16012b30d692dce521a5e8467599c3ee7016fee10c.e3iSbxaKaheRe3mSaNqNbNeNay1ynknvrkLOlQzNp65In0 HTTP/1.1" 200 22
181.50.107.173 - - [15/Mar/2016:01:26:48 -0500] "POST /forms/lservlet;jsessionid=ac16012b30d692dce521a5e8467599c3ee7016fee10c.e3iSbxaKaheRe3mSaNqNbNeNay1ynknvrkLOlQzNp65In0 HTTP/1.1" 200 670
181.50.107.173 - - [15/Mar/2016:01:26:48 -0500] "POST /forms/lservlet;jsessionid=ac16012b30d692dce521a5e8467599c3ee7016fee10c.e3iSbxaKaheRe3mSaNqNbNeNay1ynknvrkLOlQzNp65In0 HTTP/1.1" 200 17
190.240.37.96 - - [15/Mar/2016:01:26:49 -0500] "GET /videos/CRRFFS.mp4 HTTP/1.1" 206 1
181.50.107.173 - - [15/Mar/2016:01:26:49 -0500] "POST /forms/lservlet;jsessionid=ac16012b30d692dce521a5e8467599c3ee7016fee10c.e3iSbxaKaheRe3mSaNqNbNeNay1ynknvrkLOlQzNp65In0 HTTP/1.1" 200 47
190.240.37.96 - - [15/Mar/2016:01:26:49 -0500] "GET /videos/CRRFFS.mp4 HTTP/1.1" 206 266724571
186.154.151.96 - - [15/Mar/2016:01:26:51 -0500] "GET /galeria/nivo-slider/demo/demo.html HTTP/1.1" 200 3960
186.154.151.96 - - [15/Mar/2016:01:26:52 -0500] "GET /galeria/nivo-slider/themes/default/default.css HTTP/1.1" 200 1569
186.154.151.96 - - [15/Mar/2016:01:26:52 -0500] "GET /galeria/nivo-slider/themes/pascal/pascal.css HTTP/1.1" 200 2258
186.154.151.96 - - [15/Mar/2016:01:26:52 -0500] "GET /galeria/nivo-slider/themes/orman/orman.css HTTP/1.1" 200 2152
186.154.151.96 - - [15/Mar/2016:01:26:52 -0500] "GET /galeria/nivo-slider/nivo-slider.css HTTP/1.1" 200 1507
186.154.151.96 - - [15/Mar/2016:01:26:52 -0500] "GET /galeria/nivo-slider/demo/style.css HTTP/1.1" 200 2222
186.154.151.96 - - [15/Mar/2016:01:26:52 -0500] "GET /galeria/nivo-slider/demo/images/Reconciliate-con-la-naturalez.jpg HTTP/1.1" 200 348334
186.154.151.96 - - [15/Mar/2016:01:26:52 -0500] "GET /galeria/nivo-slider/demo/scripts/jquery-1.7.1.min.js HTTP/1.1" 200 93868
186.154.151.96 - - [15/Mar/2016:01:26:52 -0500] "GET /galeria/nivo-slider/jquery.nivo.slider.pack.js HTTP/1.1" 200 11561
186.154.151.96 - - [15/Mar/2016:01:26:52 -0500] "GET /galeria/nivo-slider/demo/images/encuentros_ciudadanos.jpg HTTP/1.1" 200 128337
186.154.151.96 - - [15/Mar/2016:01:26:53 -0500] "GET /galeria/nivo-slider/demo/images/4Simple_Slider.png HTTP/1.1" 200 11722
186.154.151.96 - - [15/Mar/2016:01:26:53 -0500] "GET /galeria/nivo-slider/demo/images/Cmapana-onestidad.jpg HTTP/1.1" 200 141638
181.50.107.173 - - [15/Mar/2016:01:26:54 -0500] "POST /forms/lservlet;jsessionid=ac16012b30d692dce521a5e8467599c3ee7016fee10c.e3iSbxaKaheRe3mSaNqNbNeNay1ynknvrkLOlQzNp65In0 HTTP/1.1" 200 22
181.50.107.173 - - [15/Mar/2016:01:26:54 -0500] "POST /forms/lservlet;jsessionid=ac16012b30d692dce521a5e8467599c3ee7016fee10c.e3iSbxaKaheRe3mSaNqNbNeNay1ynknvrkLOlQzNp65In0 HTTP/1.1" 200 387
181.50.107.173 - - [15/Mar/2016:01:26:54 -0500] "POST /forms/lservlet;jsessionid=ac16012b30d692dce521a5e8467599c3ee7016fee10c.e3iSbxaKaheRe3mSaNqNbNeNay1ynknvrkLOlQzNp65In0 HTTP/1.1" 200 12
186.154.151.96 - - [15/Mar/2016:01:26:54 -0500] "GET /galeria/nivo-slider/themes/default/loading.gif HTTP/1.1" 200 1737
181.50.107.173 - - [15/Mar/2016:01:26:55 -0500] "POST /forms/lservlet;jsessionid=ac16012b30d692dce521a5e8467599c3ee7016fee10c.e3iSbxaKaheRe3mSaNqNbNeNay1ynknvrkLOlQzNp65In0 HTTP/1.1" 200 39
190.240.37.96 - - [15/Mar/2016:01:26:56 -0500] "GET /videos/CRRFFS.mp4 HTTP/1.1" 206 1
190.240.37.96 - - [15/Mar/2016:01:26:56 -0500] "GET /videos/CRRFFS.mp4 HTTP/1.1" 206 266381807
181.50.107.173 - - [15/Mar/2016:01:26:58 -0500] "POST /forms/lservlet;jsessionid=ac16012b30d692dce521a5e8467599c3ee7016fee10c.e3iSbxaKaheRe3mSaNqNbNeNay1ynknvrkLOlQzNp65In0 HTTP/1.1" 200 22
181.50.107.173 - - [15/Mar/2016:01:26:58 -0500] "POST /forms/lservlet;jsessionid=ac16012b30d692dce521a5e8467599c3ee7016fee10c.e3iSbxaKaheRe3mSaNqNbNeNay1ynknvrkLOlQzNp65In0 HTTP/1.1" 200 608
181.50.107.173 - - [15/Mar/2016:01:26:58 -0500] "POST /forms/lservlet;jsessionid=ac16012b30d692dce521a5e8467599c3ee7016fee10c.e3iSbxaKaheRe3mSaNqNbNeNay1ynknvrkLOlQzNp65In0 HTTP/1.1" 200 12
186.154.151.96 - - [15/Mar/2016:01:26:59 -0500] "GET /galeria/nivo-slider/demo/images/banner-llantas2.jpg HTTP/1.1" 200 234514
181.50.107.173 - - [15/Mar/2016:01:26:59 -0500] "POST /forms/lservlet;jsessionid=ac16012b30d692dce521a5e8467599c3ee7016fee10c.e3iSbxaKaheRe3mSaNqNbNeNay1ynknvrkLOlQzNp65In0 HTTP/1.1" 200 2
181.50.107.173 - - [15/Mar/2016:01:27:00 -0500] "POST /forms/lservlet;jsessionid=ac16012b30d692dce521a5e8467599c3ee7016fee10c.e3iSbxaKaheRe3mSaNqNbNeNay1ynknvrkLOlQzNp65In0 HTTP/1.1" 200 351
181.50.107.173 - - [15/Mar/2016:01:27:00 -0500] "POST /forms/lservlet;jsessionid=ac16012b30d692dce521a5e8467599c3ee7016fee10c.e3iSbxaKaheRe3mSaNqNbNeNay1ynknvrkLOlQzNp65In0 HTTP/1.1" 200 7
181.50.107.173 - - [15/Mar/2016:01:27:00 -0500] "POST /forms/lservlet;jsessionid=ac16012b30d692dce521a5e8467599c3ee7016fee10c.e3iSbxaKaheRe3mSaNqNbNeNay1ynknvrkLOlQzNp65In0 HTTP/1.1" 200 2
181.50.107.173 - - [15/Mar/2016:01:27:01 -0500] "POST /forms/lservlet;jsessionid=ac16012b30d692dce521a5e8467599c3ee7016fee10c.e3iSbxaKaheRe3mSaNqNbNeNay1ynknvrkLOlQzNp65In0 HTTP/1.1" 200 501
181.50.107.173 - - [15/Mar/2016:01:27:01 -0500] "POST /forms/lservlet;jsessionid=ac16012b30d692dce521a5e8467599c3ee7016fee10c.e3iSbxaKaheRe3mSaNqNbNeNay1ynknvrkLOlQzNp65In0 HTTP/1.1" 200 7
190.240.37.96 - - [15/Mar/2016:01:27:01 -0500] "GET /videos/CRRFFS.mp4 HTTP/1.1" 206 1
66.249.69.100 - - [15/Mar/2016:01:27:01 -0500] "GET /BLA/resoluciones/RESOLUCIONES%202012/0255.pdf HTTP/1.1" 200 119706
190.240.37.96 - - [15/Mar/2016:01:27:01 -0500] "GET /videos/CRRFFS.mp4 HTTP/1.1" 206 265815663
181.50.107.173 - - [15/Mar/2016:01:27:02 -0500] "POST /forms/lservlet;jsessionid=ac16012b30d692dce521a5e8467599c3ee7016fee10c.e3iSbxaKaheRe3mSaNqNbNeNay1ynknvrkLOlQzNp65In0 HTTP/1.1" 200 2
181.50.107.173 - - [15/Mar/2016:01:27:02 -0500] "POST /forms/lservlet;jsessionid=ac16012b30d692dce521a5e8467599c3ee7016fee10c.e3iSbxaKaheRe3mSaNqNbNeNay1ynknvrkLOlQzNp65In0 HTTP/1.1" 200 154
181.50.107.173 - - [15/Mar/2016:01:27:02 -0500] "POST /forms/lservlet;jsessionid=ac16012b30d692dce521a5e8467599c3ee7016fee10c.e3iSbxaKaheRe3mSaNqNbNeNay1ynknvrkLOlQzNp65In0 HTTP/1.1" 200 2
186.154.151.96 - - [15/Mar/2016:01:27:02 -0500] "GET /galeria/nivo-slider/demo/images/banner-llantas2015.jpg HTTP/1.1" 200 268366
181.50.107.173 - - [15/Mar/2016:01:27:03 -0500] "POST /forms/lservlet;jsessionid=ac16012b30d692dce521a5e8467599c3ee7016fee10c.e3iSbxaKaheRe3mSaNqNbNeNay1ynknvrkLOlQzNp65In0 HTTP/1.1" 200 2
181.50.107.173 - - [15/Mar/2016:01:27:03 -0500] "POST /forms/lservlet;jsessionid=ac16012b30d692dce521a5e8467599c3ee7016fee10c.e3iSbxaKaheRe3mSaNqNbNeNay1ynknvrkLOlQzNp65In0 HTTP/1.1" 200 1315
181.50.107.173 - - [15/Mar/2016:01:27:03 -0500] "POST /forms/lservlet;jsessionid=ac16012b30d692dce521a5e8467599c3ee7016fee10c.e3iSbxaKaheRe3mSaNqNbNeNay1ynknvrkLOlQzNp65In0 HTTP/1.1" 200 2
66.249.69.100 - - [15/Mar/2016:01:27:03 -0500] "GET /BLA/resoluciones/RESOLUCIONES%202012/1213.pdf HTTP/1.1" 200 2008093
181.50.107.173 - - [15/Mar/2016:01:27:06 -0500] "POST /forms/lservlet;jsessionid=ac16012b30d692dce521a5e8467599c3ee7016fee10c.e3iSbxaKaheRe3mSaNqNbNeNay1ynknvrkLOlQzNp65In0 HTTP/1.1" 200 34740
181.50.107.173 - - [15/Mar/2016:01:27:07 -0500] "GET /imagenes/listval.gif HTTP/1.1" 200 905
181.50.107.173 - - [15/Mar/2016:01:27:07 -0500] "POST /forms/lservlet;jsessionid=ac16012b30d692dce521a5e8467599c3ee7016fee10c.e3iSbxaKaheRe3mSaNqNbNeNay1ynknvrkLOlQzNp65In0 HTTP/1.1" 200 7
181.50.107.173 - - [15/Mar/2016:01:27:07 -0500] "POST /forms/lservlet;jsessionid=ac16012b30d692dce521a5e8467599c3ee7016fee10c.e3iSbxaKaheRe3mSaNqNbNeNay1ynknvrkLOlQzNp65In0 HTTP/1.1" 200 34
181.50.107.173 - - [15/Mar/2016:01:27:07 -0500] "POST /forms/lservlet;jsessionid=ac16012b30d692dce521a5e8467599c3ee7016fee10c.e3iSbxaKaheRe3mSaNqNbNeNay1ynknvrkLOlQzNp65In0 HTTP/1.1" 200 2
181.50.107.173 - - [15/Mar/2016:01:27:08 -0500] "POST /forms/lservlet;jsessionid=ac16012b30d692dce521a5e8467599c3ee7016fee10c.e3iSbxaKaheRe3mSaNqNbNeNay1ynknvrkLOlQzNp65In0 HTTP/1.1" 200 2
181.50.107.173 - - [15/Mar/2016:01:27:08 -0500] "POST /forms/lservlet;jsessionid=ac16012b30d692dce521a5e8467599c3ee7016fee10c.e3iSbxaKaheRe3mSaNqNbNeNay1ynknvrkLOlQzNp65In0 HTTP/1.1" 200 662
181.50.107.173 - - [15/Mar/2016:01:27:08 -0500] "POST /forms/lservlet;jsessionid=ac16012b30d692dce521a5e8467599c3ee7016fee10c.e3iSbxaKaheRe3mSaNqNbNeNay1ynknvrkLOlQzNp65In0 HTTP/1.1" 200 10
181.50.107.173 - - [15/Mar/2016:01:27:10 -0500] "POST /forms/lservlet;jsessionid=ac16012b30d692dce521a5e8467599c3ee7016fee10c.e3iSbxaKaheRe3mSaNqNbNeNay1ynknvrkLOlQzNp65In0 HTTP/1.1" 200 2
181.50.107.173 - - [15/Mar/2016:01:27:10 -0500] "POST /forms/lservlet;jsessionid=ac16012b30d692dce521a5e8467599c3ee7016fee10c.e3iSbxaKaheRe3mSaNqNbNeNay1ynknvrkLOlQzNp65In0 HTTP/1.1" 200 239
181.50.107.173 - - [15/Mar/2016:01:27:10 -0500] "POST /forms/lservlet;jsessionid=ac16012b30d692dce521a5e8467599c3ee7016fee10c.e3iSbxaKaheRe3mSaNqNbNeNay1ynknvrkLOlQzNp65In0 HTTP/1.1" 200 46
181.50.107.173 - - [15/Mar/2016:01:27:10 -0500] "POST /forms/lservlet;jsessionid=ac16012b30d692dce521a5e8467599c3ee7016fee10c.e3iSbxaKaheRe3mSaNqNbNeNay1ynknvrkLOlQzNp65In0 HTTP/1.1" 200 15
181.50.107.173 - - [15/Mar/2016:01:27:11 -0500] "POST /forms/lservlet;jsessionid=ac16012b30d692dce521a5e8467599c3ee7016fee10c.e3iSbxaKaheRe3mSaNqNbNeNay1ynknvrkLOlQzNp65In0 HTTP/1.1" 200 2
66.249.69.100 - - [15/Mar/2016:01:27:12 -0500] "GET /resoluciones/RESOLUCIONES%202010/0128.pdf HTTP/1.1" 404 1018
186.154.151.96 - - [15/Mar/2016:01:27:12 -0500] "GET /galeria/nivo-slider/demo/images/Baner-ACERCAR.jpg HTTP/1.1" 200 68021
186.154.151.96 - - [15/Mar/2016:01:27:13 -0500] "GET /galeria/nivo-slider/demo/images/caminata-ecologica.jpg HTTP/1.1" 200 192926
181.50.107.173 - - [15/Mar/2016:01:27:13 -0500] "POST /forms/lservlet;jsessionid=ac16012b30d692dce521a5e8467599c3ee7016fee10c.e3iSbxaKaheRe3mSaNqNbNeNay1ynknvrkLOlQzNp65In0 HTTP/1.1" 200 71
181.50.107.173 - - [15/Mar/2016:01:27:14 -0500] "POST /forms/lservlet;jsessionid=ac16012b30d692dce521a5e8467599c3ee7016fee10c.e3iSbxaKaheRe3mSaNqNbNeNay1ynknvrkLOlQzNp65In0 HTTP/1.1" 200 31
186.154.151.96 - - [15/Mar/2016:01:27:14 -0500] "GET /galeria/nivo-slider/demo/images/Ruta-vertimientos-01.jpg HTTP/1.1" 200 130151
181.50.107.173 - - [15/Mar/2016:01:27:15 -0500] "POST /forms/lservlet;jsessionid=ac16012b30d692dce521a5e8467599c3ee7016fee10c.e3iSbxaKaheRe3mSaNqNbNeNay1ynknvrkLOlQzNp65In0 HTTP/1.1" 200 68
181.50.107.173 - - [15/Mar/2016:01:27:16 -0500] "POST /forms/lservlet;jsessionid=ac16012b30d692dce521a5e8467599c3ee7016fee10c.e3iSbxaKaheRe3mSaNqNbNeNay1ynknvrkLOlQzNp65In0 HTTP/1.1" 200 54
186.154.151.96 - - [15/Mar/2016:01:27:16 -0500] "GET /galeria/nivo-slider/demo/images/ABC-Plan-de-contigencia.jpg HTTP/1.1" 200 423901
186.154.151.96 - - [15/Mar/2016:01:27:18 -0500] "GET /galeria/nivo-slider/demo/images/9Signos.jpg HTTP/1.1" 200 81776
186.154.151.96 - - [15/Mar/2016:01:27:20 -0500] "GET /galeria/nivo-slider/demo/images/ecolecta2016.jpg HTTP/1.1" 200 147170
186.154.151.96 - - [15/Mar/2016:01:27:21 -0500] "GET /galeria/nivo-slider/demo/images/bolsas-06.jpg HTTP/1.1" 200 210950
186.154.151.96 - - [15/Mar/2016:01:27:25 -0500] "GET /galeria/nivo-slider/demo/images/Banner-Pread-2016.jpg HTTP/1.1" 200 130816
186.154.151.96 - - [15/Mar/2016:01:27:29 -0500] "GET /galeria/nivo-slider/themes/default/arrows.png HTTP/1.1" 200 824
186.154.151.96 - - [15/Mar/2016:01:27:29 -0500] "GET /galeria/nivo-slider/themes/default/bullets.png HTTP/1.1" 200 1281
181.50.107.173 - - [15/Mar/2016:01:27:35 -0500] "POST /forms/lservlet;jsessionid=ac16012b30d692dce521a5e8467599c3ee7016fee10c.e3iSbxaKaheRe3mSaNqNbNeNay1ynknvrkLOlQzNp65In0 HTTP/1.1" 200 26
181.50.107.173 - - [15/Mar/2016:01:27:35 -0500] "POST /forms/lservlet;jsessionid=ac16012b30d692dce521a5e8467599c3ee7016fee10c.e3iSbxaKaheRe3mSaNqNbNeNay1ynknvrkLOlQzNp65In0 HTTP/1.1" 200 594
181.50.107.173 - - [15/Mar/2016:01:27:35 -0500] "POST /forms/lservlet;jsessionid=ac16012b30d692dce521a5e8467599c3ee7016fee10c.e3iSbxaKaheRe3mSaNqNbNeNay1ynknvrkLOlQzNp65In0 HTTP/1.1" 200 20
181.50.107.173 - - [15/Mar/2016:01:27:37 -0500] "POST /forms/lservlet;jsessionid=ac16012b30d692dce521a5e8467599c3ee7016fee10c.e3iSbxaKaheRe3mSaNqNbNeNay1ynknvrkLOlQzNp65In0 HTTP/1.1" 200 62
181.50.107.173 - - [15/Mar/2016:01:27:41 -0500] "POST /forms/lservlet;jsessionid=ac16012b30d692dce521a5e8467599c3ee7016fee10c.e3iSbxaKaheRe3mSaNqNbNeNay1ynknvrkLOlQzNp65In0 HTTP/1.1" 200 26
181.50.107.173 - - [15/Mar/2016:01:27:41 -0500] "POST /forms/lservlet;jsessionid=ac16012b30d692dce521a5e8467599c3ee7016fee10c.e3iSbxaKaheRe3mSaNqNbNeNay1ynknvrkLOlQzNp65In0 HTTP/1.1" 200 511
181.50.107.173 - - [15/Mar/2016:01:27:41 -0500] "POST /forms/lservlet;jsessionid=ac16012b30d692dce521a5e8467599c3ee7016fee10c.e3iSbxaKaheRe3mSaNqNbNeNay1ynknvrkLOlQzNp65In0 HTTP/1.1" 200 20
181.50.107.173 - - [15/Mar/2016:01:27:42 -0500] "POST /forms/lservlet;jsessionid=ac16012b30d692dce521a5e8467599c3ee7016fee10c.e3iSbxaKaheRe3mSaNqNbNeNay1ynknvrkLOlQzNp65In0 HTTP/1.1" 200 54
181.50.107.173 - - [15/Mar/2016:01:27:47 -0500] "POST /forms/lservlet;jsessionid=ac16012b30d692dce521a5e8467599c3ee7016fee10c.e3iSbxaKaheRe3mSaNqNbNeNay1ynknvrkLOlQzNp65In0 HTTP/1.1" 200 26
181.50.107.173 - - [15/Mar/2016:01:27:47 -0500] "POST /forms/lservlet;jsessionid=ac16012b30d692dce521a5e8467599c3ee7016fee10c.e3iSbxaKaheRe3mSaNqNbNeNay1ynknvrkLOlQzNp65In0 HTTP/1.1" 200 4387
181.50.107.173 - - [15/Mar/2016:01:27:48 -0500] "POST /forms/lservlet;jsessionid=ac16012b30d692dce521a5e8467599c3ee7016fee10c.e3iSbxaKaheRe3mSaNqNbNeNay1ynknvrkLOlQzNp65In0 HTTP/1.1" 200 20
66.249.69.100 - - [15/Mar/2016:01:27:48 -0500] "GET /BLA/resoluciones/RESOLUCIONES%202010/2415.pdf HTTP/1.1" 200 615493
77.37.222.233 - - [15/Mar/2016:01:27:51 -0500] "GET /BLA/boletinlegal/js/jquery.scrollShow.js HTTP/1.1" 200 4586
181.50.107.173 - - [15/Mar/2016:01:27:51 -0500] "POST /forms/lservlet;jsessionid=ac16012b30d692dce521a5e8467599c3ee7016fee10c.e3iSbxaKaheRe3mSaNqNbNeNay1ynknvrkLOlQzNp65In0 HTTP/1.1" 200 98
77.37.222.233 - - [15/Mar/2016:01:27:51 -0500] "GET /galeria/galeria/jquery.fancybox.js?v=2.1.5 HTTP/1.1" 200 48706
77.37.222.233 - - [15/Mar/2016:01:27:51 -0500] "GET /galeria/galeria/jquery.fancybox.css?v=2.1.5 HTTP/1.1" 200 4895
181.50.107.173 - - [15/Mar/2016:01:28:00 -0500] "POST /forms/lservlet;jsessionid=ac16012b30d692dce521a5e8467599c3ee7016fee10c.e3iSbxaKaheRe3mSaNqNbNeNay1ynknvrkLOlQzNp65In0 HTTP/1.1" 200 68
181.50.107.173 - - [15/Mar/2016:01:28:01 -0500] "POST /forms/lservlet;jsessionid=ac16012b30d692dce521a5e8467599c3ee7016fee10c.e3iSbxaKaheRe3mSaNqNbNeNay1ynknvrkLOlQzNp65In0 HTTP/1.1" 200 2
181.50.107.173 - - [15/Mar/2016:01:28:02 -0500] "POST /forms/lservlet;jsessionid=ac16012b30d692dce521a5e8467599c3ee7016fee10c.e3iSbxaKaheRe3mSaNqNbNeNay1ynknvrkLOlQzNp65In0 HTTP/1.1" 200 2093
181.50.107.173 - - [15/Mar/2016:01:28:02 -0500] "POST /forms/lservlet;jsessionid=ac16012b30d692dce521a5e8467599c3ee7016fee10c.e3iSbxaKaheRe3mSaNqNbNeNay1ynknvrkLOlQzNp65In0 HTTP/1.1" 200 2
181.50.107.173 - - [15/Mar/2016:01:28:03 -0500] "POST /forms/lservlet;jsessionid=ac16012b30d692dce521a5e8467599c3ee7016fee10c.e3iSbxaKaheRe3mSaNqNbNeNay1ynknvrkLOlQzNp65In0 HTTP/1.1" 200 2
181.50.107.173 - - [15/Mar/2016:01:28:04 -0500] "POST /forms/lservlet;jsessionid=ac16012b30d692dce521a5e8467599c3ee7016fee10c.e3iSbxaKaheRe3mSaNqNbNeNay1ynknvrkLOlQzNp65In0 HTTP/1.1" 200 2
181.50.107.173 - - [15/Mar/2016:01:28:04 -0500] "POST /forms/lservlet;jsessionid=ac16012b30d692dce521a5e8467599c3ee7016fee10c.e3iSbxaKaheRe3mSaNqNbNeNay1ynknvrkLOlQzNp65In0 HTTP/1.1" 200 2157
181.50.107.173 - - [15/Mar/2016:01:28:04 -0500] "POST /forms/lservlet;jsessionid=ac16012b30d692dce521a5e8467599c3ee7016fee10c.e3iSbxaKaheRe3mSaNqNbNeNay1ynknvrkLOlQzNp65In0 HTTP/1.1" 200 2
181.50.107.173 - - [15/Mar/2016:01:28:07 -0500] "POST /forms/lservlet;jsessionid=ac16012b30d692dce521a5e8467599c3ee7016fee10c.e3iSbxaKaheRe3mSaNqNbNeNay1ynknvrkLOlQzNp65In0 HTTP/1.1" 200 2
181.50.107.173 - - [15/Mar/2016:01:28:07 -0500] "POST /forms/lservlet;jsessionid=ac16012b30d692dce521a5e8467599c3ee7016fee10c.e3iSbxaKaheRe3mSaNqNbNeNay1ynknvrkLOlQzNp65In0 HTTP/1.1" 200 2658
181.50.107.173 - - [15/Mar/2016:01:28:08 -0500] "POST /forms/lservlet;jsessionid=ac16012b30d692dce521a5e8467599c3ee7016fee10c.e3iSbxaKaheRe3mSaNqNbNeNay1ynknvrkLOlQzNp65In0 HTTP/1.1" 200 2
181.50.107.173 - - [15/Mar/2016:01:28:11 -0500] "POST /forms/lservlet;jsessionid=ac16012b30d692dce521a5e8467599c3ee7016fee10c.e3iSbxaKaheRe3mSaNqNbNeNay1ynknvrkLOlQzNp65In0 HTTP/1.1" 200 2
181.50.107.173 - - [15/Mar/2016:01:28:11 -0500] "POST /forms/lservlet;jsessionid=ac16012b30d692dce521a5e8467599c3ee7016fee10c.e3iSbxaKaheRe3mSaNqNbNeNay1ynknvrkLOlQzNp65In0 HTTP/1.1" 200 3362
181.50.107.173 - - [15/Mar/2016:01:28:11 -0500] "POST /forms/lservlet;jsessionid=ac16012b30d692dce521a5e8467599c3ee7016fee10c.e3iSbxaKaheRe3mSaNqNbNeNay1ynknvrkLOlQzNp65In0 HTTP/1.1" 200 2
181.50.107.173 - - [15/Mar/2016:01:28:14 -0500] "POST /forms/lservlet;jsessionid=ac16012b30d692dce521a5e8467599c3ee7016fee10c.e3iSbxaKaheRe3mSaNqNbNeNay1ynknvrkLOlQzNp65In0 HTTP/1.1" 200 101
181.50.107.173 - - [15/Mar/2016:01:28:23 -0500] "POST /forms/lservlet;jsessionid=ac16012b30d692dce521a5e8467599c3ee7016fee10c.e3iSbxaKaheRe3mSaNqNbNeNay1ynknvrkLOlQzNp65In0 HTTP/1.1" 200 68
181.50.107.173 - - [15/Mar/2016:01:28:24 -0500] "POST /forms/lservlet;jsessionid=ac16012b30d692dce521a5e8467599c3ee7016fee10c.e3iSbxaKaheRe3mSaNqNbNeNay1ynknvrkLOlQzNp65In0 HTTP/1.1" 200 2
46.148.18.162 - - [15/Mar/2016:01:28:24 -0500] "POST /xmlrpc.php HTTP/1.1" 301 330
181.50.107.173 - - [15/Mar/2016:01:28:24 -0500] "POST /forms/lservlet;jsessionid=ac16012b30d692dce521a5e8467599c3ee7016fee10c.e3iSbxaKaheRe3mSaNqNbNeNay1ynknvrkLOlQzNp65In0 HTTP/1.1" 200 3424
181.50.107.173 - - [15/Mar/2016:01:28:25 -0500] "POST /forms/lservlet;jsessionid=ac16012b30d692dce521a5e8467599c3ee7016fee10c.e3iSbxaKaheRe3mSaNqNbNeNay1ynknvrkLOlQzNp65In0 HTTP/1.1" 200 2
181.50.107.173 - - [15/Mar/2016:01:28:32 -0500] "POST /forms/lservlet;jsessionid=ac16012b30d692dce521a5e8467599c3ee7016fee10c.e3iSbxaKaheRe3mSaNqNbNeNay1ynknvrkLOlQzNp65In0 HTTP/1.1" 200 2
181.50.107.173 - - [15/Mar/2016:01:28:32 -0500] "POST /forms/lservlet;jsessionid=ac16012b30d692dce521a5e8467599c3ee7016fee10c.e3iSbxaKaheRe3mSaNqNbNeNay1ynknvrkLOlQzNp65In0 HTTP/1.1" 200 14
66.249.69.100 - - [15/Mar/2016:01:28:33 -0500] "GET /BLA/resoluciones/AUTOS%202011/3995.pdf HTTP/1.1" 200 317265
181.50.107.173 - - [15/Mar/2016:01:28:33 -0500] "POST /forms/lservlet;jsessionid=ac16012b30d692dce521a5e8467599c3ee7016fee10c.e3iSbxaKaheRe3mSaNqNbNeNay1ynknvrkLOlQzNp65In0 HTTP/1.1" 200 133
181.50.107.173 - - [15/Mar/2016:01:28:33 -0500] "POST /forms/lservlet;jsessionid=ac16012b30d692dce521a5e8467599c3ee7016fee10c.e3iSbxaKaheRe3mSaNqNbNeNay1ynknvrkLOlQzNp65In0 HTTP/1.1" 200 2
181.50.107.173 - - [15/Mar/2016:01:28:45 -0500] "POST /forms/lservlet;jsessionid=ac16012b30d692dce521a5e8467599c3ee7016fee10c.e3iSbxaKaheRe3mSaNqNbNeNay1ynknvrkLOlQzNp65In0 HTTP/1.1" 200 83
181.50.107.173 - - [15/Mar/2016:01:28:46 -0500] "GET /reports/rwservlet/getjobid373520?server=rep_srvapsda HTTP/1.1" 200 689104
181.50.107.173 - - [15/Mar/2016:01:29:09 -0500] "POST /forms/lservlet;jsessionid=ac16012b30d692dce521a5e8467599c3ee7016fee10c.e3iSbxaKaheRe3mSaNqNbNeNay1ynknvrkLOlQzNp65In0 HTTP/1.1" 200 68
181.50.107.173 - - [15/Mar/2016:01:29:10 -0500] "POST /forms/lservlet;jsessionid=ac16012b30d692dce521a5e8467599c3ee7016fee10c.e3iSbxaKaheRe3mSaNqNbNeNay1ynknvrkLOlQzNp65In0 HTTP/1.1" 200 2
181.50.107.173 - - [15/Mar/2016:01:29:10 -0500] "POST /forms/lservlet;jsessionid=ac16012b30d692dce521a5e8467599c3ee7016fee10c.e3iSbxaKaheRe3mSaNqNbNeNay1ynknvrkLOlQzNp65In0 HTTP/1.1" 200 3192
181.50.107.173 - - [15/Mar/2016:01:29:10 -0500] "POST /forms/lservlet;jsessionid=ac16012b30d692dce521a5e8467599c3ee7016fee10c.e3iSbxaKaheRe3mSaNqNbNeNay1ynknvrkLOlQzNp65In0 HTTP/1.1" 200 2
181.50.107.173 - - [15/Mar/2016:01:29:14 -0500] "POST /forms/lservlet;jsessionid=ac16012b30d692dce521a5e8467599c3ee7016fee10c.e3iSbxaKaheRe3mSaNqNbNeNay1ynknvrkLOlQzNp65In0 HTTP/1.1" 200 2
181.50.107.173 - - [15/Mar/2016:01:29:14 -0500] "POST /forms/lservlet;jsessionid=ac16012b30d692dce521a5e8467599c3ee7016fee10c.e3iSbxaKaheRe3mSaNqNbNeNay1ynknvrkLOlQzNp65In0 HTTP/1.1" 200 2240
181.50.107.173 - - [15/Mar/2016:01:29:15 -0500] "POST /forms/lservlet;jsessionid=ac16012b30d692dce521a5e8467599c3ee7016fee10c.e3iSbxaKaheRe3mSaNqNbNeNay1ynknvrkLOlQzNp65In0 HTTP/1.1" 200 2
181.50.107.173 - - [15/Mar/2016:01:29:16 -0500] "POST /forms/lservlet;jsessionid=ac16012b30d692dce521a5e8467599c3ee7016fee10c.e3iSbxaKaheRe3mSaNqNbNeNay1ynknvrkLOlQzNp65In0 HTTP/1.1" 200 2
181.50.107.173 - - [15/Mar/2016:01:29:17 -0500] "POST /forms/lservlet;jsessionid=ac16012b30d692dce521a5e8467599c3ee7016fee10c.e3iSbxaKaheRe3mSaNqNbNeNay1ynknvrkLOlQzNp65In0 HTTP/1.1" 200 2240
181.50.107.173 - - [15/Mar/2016:01:29:17 -0500] "POST /forms/lservlet;jsessionid=ac16012b30d692dce521a5e8467599c3ee7016fee10c.e3iSbxaKaheRe3mSaNqNbNeNay1ynknvrkLOlQzNp65In0 HTTP/1.1" 200 2
66.249.69.100 - - [15/Mar/2016:01:29:18 -0500] "GET /BLA/resoluciones/RESOLUCIONES%202009/8671.pdf HTTP/1.1" 200 118698
181.50.107.173 - - [15/Mar/2016:01:29:18 -0500] "POST /forms/lservlet;jsessionid=ac16012b30d692dce521a5e8467599c3ee7016fee10c.e3iSbxaKaheRe3mSaNqNbNeNay1ynknvrkLOlQzNp65In0 HTTP/1.1" 200 2
181.50.107.173 - - [15/Mar/2016:01:29:18 -0500] "POST /forms/lservlet;jsessionid=ac16012b30d692dce521a5e8467599c3ee7016fee10c.e3iSbxaKaheRe3mSaNqNbNeNay1ynknvrkLOlQzNp65In0 HTTP/1.1" 200 3028
181.50.107.173 - - [15/Mar/2016:01:29:19 -0500] "POST /forms/lservlet;jsessionid=ac16012b30d692dce521a5e8467599c3ee7016fee10c.e3iSbxaKaheRe3mSaNqNbNeNay1ynknvrkLOlQzNp65In0 HTTP/1.1" 200 2
181.50.107.173 - - [15/Mar/2016:01:29:23 -0500] "POST /forms/lservlet;jsessionid=ac16012b30d692dce521a5e8467599c3ee7016fee10c.e3iSbxaKaheRe3mSaNqNbNeNay1ynknvrkLOlQzNp65In0 HTTP/1.1" 200 2
181.50.107.173 - - [15/Mar/2016:01:29:23 -0500] "POST /forms/lservlet;jsessionid=ac16012b30d692dce521a5e8467599c3ee7016fee10c.e3iSbxaKaheRe3mSaNqNbNeNay1ynknvrkLOlQzNp65In0 HTTP/1.1" 200 2208
181.50.107.173 - - [15/Mar/2016:01:29:24 -0500] "POST /forms/lservlet;jsessionid=ac16012b30d692dce521a5e8467599c3ee7016fee10c.e3iSbxaKaheRe3mSaNqNbNeNay1ynknvrkLOlQzNp65In0 HTTP/1.1" 200 2
181.50.107.173 - - [15/Mar/2016:01:29:25 -0500] "POST /forms/lservlet;jsessionid=ac16012b30d692dce521a5e8467599c3ee7016fee10c.e3iSbxaKaheRe3mSaNqNbNeNay1ynknvrkLOlQzNp65In0 HTTP/1.1" 200 2
181.50.107.173 - - [15/Mar/2016:01:29:25 -0500] "POST /forms/lservlet;jsessionid=ac16012b30d692dce521a5e8467599c3ee7016fee10c.e3iSbxaKaheRe3mSaNqNbNeNay1ynknvrkLOlQzNp65In0 HTTP/1.1" 200 2252
181.50.107.173 - - [15/Mar/2016:01:29:26 -0500] "POST /forms/lservlet;jsessionid=ac16012b30d692dce521a5e8467599c3ee7016fee10c.e3iSbxaKaheRe3mSaNqNbNeNay1ynknvrkLOlQzNp65In0 HTTP/1.1" 200 2
181.50.107.173 - - [15/Mar/2016:01:29:34 -0500] "POST /forms/lservlet;jsessionid=ac16012b30d692dce521a5e8467599c3ee7016fee10c.e3iSbxaKaheRe3mSaNqNbNeNay1ynknvrkLOlQzNp65In0 HTTP/1.1" 200 2
181.50.107.173 - - [15/Mar/2016:01:29:34 -0500] "POST /forms/lservlet;jsessionid=ac16012b30d692dce521a5e8467599c3ee7016fee10c.e3iSbxaKaheRe3mSaNqNbNeNay1ynknvrkLOlQzNp65In0 HTTP/1.1" 200 2184
181.50.107.173 - - [15/Mar/2016:01:29:34 -0500] "POST /forms/lservlet;jsessionid=ac16012b30d692dce521a5e8467599c3ee7016fee10c.e3iSbxaKaheRe3mSaNqNbNeNay1ynknvrkLOlQzNp65In0 HTTP/1.1" 200 10
66.249.69.100 - - [15/Mar/2016:01:30:02 -0500] "GET /BLA/resoluciones/AUTOS%202009/1823.pdf HTTP/1.1" 304 -
181.50.107.173 - - [15/Mar/2016:01:30:03 -0500] "POST /forms/lservlet;jsessionid=ac16012b30d692dce521a5e8467599c3ee7016fee10c.e3iSbxaKaheRe3mSaNqNbNeNay1ynknvrkLOlQzNp65In0 HTTP/1.1" 200 2
180.76.15.149 - - [15/Mar/2016:01:30:25 -0500] "GET / HTTP/1.1" 200 10190
66.249.69.100 - - [15/Mar/2016:01:30:47 -0500] "GET /BLA/resoluciones/RESOLUCIONES%202009/7726.pdf HTTP/1.1" 304 -
180.76.15.163 - - [15/Mar/2016:01:31:11 -0500] "GET / HTTP/1.1" 200 10190
69.162.124.232 - - [15/Mar/2016:01:31:12 -0500] "HEAD / HTTP/1.1" 200 -
66.249.69.40 - - [15/Mar/2016:01:31:18 -0500] "GET /ecodirectorio/files/res/mobile/page0009_i1.jpg HTTP/1.1" 200 70649
66.249.69.100 - - [15/Mar/2016:01:31:32 -0500] "GET /BLA/resoluciones/AUTOS%202013/1829.pdf HTTP/1.1" 200 1049913
181.50.107.173 - - [15/Mar/2016:01:32:03 -0500] "POST /forms/lservlet;jsessionid=ac16012b30d692dce521a5e8467599c3ee7016fee10c.e3iSbxaKaheRe3mSaNqNbNeNay1ynknvrkLOlQzNp65In0 HTTP/1.1" 200 2
66.249.69.100 - - [15/Mar/2016:01:32:17 -0500] "GET /BLA/resoluciones/AUTOS%202013/1537.pdf HTTP/1.1" 304 -
201.146.198.10 - - [15/Mar/2016:01:32:38 -0500] "GET /galeria/galeria/jquery.fancybox.css?v=2.1.5 HTTP/1.1" 200 4895
201.146.198.10 - - [15/Mar/2016:01:32:38 -0500] "GET /BLA/boletinlegal/js/jquery.scrollShow.js HTTP/1.1" 200 4586
201.146.198.10 - - [15/Mar/2016:01:32:38 -0500] "GET /galeria/galeria/jquery.fancybox.js?v=2.1.5 HTTP/1.1" 200 48706
66.249.69.100 - - [15/Mar/2016:01:32:54 -0500] "GET /galeria/galeria/fotos/MeandrodelSay1P.jpg HTTP/1.1" 304 -
66.249.69.100 - - [15/Mar/2016:01:33:01 -0500] "GET /BLA/resoluciones/RESOLUCIONES%202007/RES%202007%201001%20AL%201100/RESOLUCION%201085%20DE%202007.pdf HTTP/1.1" 304 -
201.146.198.10 - - [15/Mar/2016:01:33:05 -0500] "GET /BLA/boletinlegal/js/jquery.scrollShow.js HTTP/1.1" 304 -
201.146.198.10 - - [15/Mar/2016:01:33:05 -0500] "GET /galeria/galeria/jquery.fancybox.js?v=2.1.5 HTTP/1.1" 304 -
201.146.198.10 - - [15/Mar/2016:01:33:07 -0500] "GET /galeria/galeria/jquery.fancybox.css?v=2.1.5 HTTP/1.1" 200 4895
66.249.69.100 - - [15/Mar/2016:01:33:46 -0500] "GET /BLA/resoluciones/RESOLUCIONES%202007/RES%202007%204201%20AL%204300/RESOLUCION%204252%20DE%202007.pdf HTTP/1.1" 304 -
181.50.107.173 - - [15/Mar/2016:01:34:03 -0500] "POST /forms/lservlet;jsessionid=ac16012b30d692dce521a5e8467599c3ee7016fee10c.e3iSbxaKaheRe3mSaNqNbNeNay1ynknvrkLOlQzNp65In0 HTTP/1.1" 200 2
66.249.69.100 - - [15/Mar/2016:01:34:15 -0500] "GET /BLA/resoluciones/RESOLUCIONES%202010/5952.pdf HTTP/1.1" 200 73408
66.249.69.100 - - [15/Mar/2016:01:34:31 -0500] "GET /BLA/resoluciones/RESOLUCIONES%202008/4396.pdf HTTP/1.1" 304 -
66.249.69.100 - - [15/Mar/2016:01:35:15 -0500] "GET /BLA/resoluciones/RESOLUCIONES%202007/RES%202007%201726%20AL%201800/RESOLUCION%201787%20DE%202007.pdf HTTP/1.1" 304 -
180.76.15.140 - - [15/Mar/2016:01:35:54 -0500] "GET /galeria/nivo-slider/demo/images/ HTTP/1.1" 200 190964
66.249.69.100 - - [15/Mar/2016:01:36:00 -0500] "GET /BLA/resoluciones/AUTOS%202010/1274.pdf HTTP/1.1" 304 -
181.50.107.173 - - [15/Mar/2016:01:36:04 -0500] "POST /forms/lservlet;jsessionid=ac16012b30d692dce521a5e8467599c3ee7016fee10c.e3iSbxaKaheRe3mSaNqNbNeNay1ynknvrkLOlQzNp65In0 HTTP/1.1" 200 2
69.162.124.232 - - [15/Mar/2016:01:36:13 -0500] "HEAD / HTTP/1.1" 200 -
66.249.69.100 - - [15/Mar/2016:01:36:45 -0500] "GET /BLA/resoluciones/AUTOS%202011/7232.pdf HTTP/1.1" 304 -
208.79.232.208 - - [15/Mar/2016:01:37:27 -0500] "GET / HTTP/1.1" 200 10190
208.79.232.208 - - [15/Mar/2016:01:37:28 -0500] "GET / HTTP/1.1" 200 10190
66.249.69.100 - - [15/Mar/2016:01:37:30 -0500] "GET /BLA/resoluciones/RESOLUCIONES%202010/7421.pdf HTTP/1.1" 304 -
181.50.107.173 - - [15/Mar/2016:01:38:05 -0500] "POST /forms/lservlet;jsessionid=ac16012b30d692dce521a5e8467599c3ee7016fee10c.e3iSbxaKaheRe3mSaNqNbNeNay1ynknvrkLOlQzNp65In0 HTTP/1.1" 200 2
66.249.69.100 - - [15/Mar/2016:01:38:14 -0500] "GET /BLA/resoluciones/RESOLUCIONES%202009/1013.pdf HTTP/1.1" 200 210994
190.26.210.162 - - [15/Mar/2016:01:38:51 -0500] "GET /galeria/juegos/ear/EARI.swf HTTP/1.1" 200 526915
66.249.69.100 - - [15/Mar/2016:01:38:59 -0500] "GET /BLA/resoluciones/RESOLUCIONES%202010/2391.pdf HTTP/1.1" 200 485331
190.26.210.162 - - [15/Mar/2016:01:39:12 -0500] "GET /videos/galeria-cronicas/1V3wnplaylist.htm? HTTP/1.1" 200 4013
190.26.210.162 - - [15/Mar/2016:01:39:12 -0500] "GET /videos/galeria-cronicas/ HTTP/1.1" 200 4198
66.249.69.100 - - [15/Mar/2016:01:39:44 -0500] "GET /BLA/resoluciones/RESOLUCIONES%202010/1715.pdf HTTP/1.1" 200 396824
181.50.107.173 - - [15/Mar/2016:01:40:05 -0500] "POST /forms/lservlet;jsessionid=ac16012b30d692dce521a5e8467599c3ee7016fee10c.e3iSbxaKaheRe3mSaNqNbNeNay1ynknvrkLOlQzNp65In0 HTTP/1.1" 200 2
180.76.15.143 - - [15/Mar/2016:01:40:07 -0500] "GET /StormSDA/nsjars/?C=S;O=D HTTP/1.1" 200 5598
66.249.69.100 - - [15/Mar/2016:01:40:28 -0500] "GET /BLA/resoluciones/RESOLUCIONES%202009/9597.pdf HTTP/1.1" 200 416914
69.162.124.232 - - [15/Mar/2016:01:41:12 -0500] "HEAD / HTTP/1.1" 200 -
66.249.69.100 - - [15/Mar/2016:01:41:13 -0500] "GET /BLA/resoluciones/RESOLUCIONES%202010/7577.pdf HTTP/1.1" 304 -
66.249.69.100 - - [15/Mar/2016:01:41:25 -0500] "GET /BLA/resoluciones/RESOLUCIONES%202007/RES%202007%201101%20AL%201200/RESOLUCION%201184%20DE%202007.pdf HTTP/1.1" 200 426605
186.86.236.173 - - [15/Mar/2016:01:41:33 -0500] "GET /galeria/galeria/jquery.fancybox.css?v=2.1.5 HTTP/1.1" 200 4895
186.86.236.173 - - [15/Mar/2016:01:41:33 -0500] "GET /BLA/boletinlegal/js/jquery.scrollShow.js HTTP/1.1" 200 4586
186.86.236.173 - - [15/Mar/2016:01:41:33 -0500] "GET /galeria/galeria/jquery.fancybox.js?v=2.1.5 HTTP/1.1" 200 48706
186.86.236.173 - - [15/Mar/2016:01:41:52 -0500] "GET /galeria/galeria/jquery.fancybox.css?v=2.1.5 HTTP/1.1" 304 -
186.86.236.173 - - [15/Mar/2016:01:41:52 -0500] "GET /BLA/boletinlegal/js/jquery.scrollShow.js HTTP/1.1" 304 -
186.86.236.173 - - [15/Mar/2016:01:41:52 -0500] "GET /galeria/galeria/jquery.fancybox.js?v=2.1.5 HTTP/1.1" 304 -
66.249.69.100 - - [15/Mar/2016:01:41:58 -0500] "GET /BLA/resoluciones/Notificaciones/REGISTROS%202015/0056.doc HTTP/1.1" 200 197120
158.69.195.208 - - [15/Mar/2016:01:41:58 -0500] "HEAD /BLA/circulares/2-2011.pdf HTTP/1.1" 200 -
181.50.107.173 - - [15/Mar/2016:01:42:05 -0500] "POST /forms/lservlet;jsessionid=ac16012b30d692dce521a5e8467599c3ee7016fee10c.e3iSbxaKaheRe3mSaNqNbNeNay1ynknvrkLOlQzNp65In0 HTTP/1.1" 200 2
66.249.69.100 - - [15/Mar/2016:01:42:43 -0500] "GET /BLA/resoluciones/AUTOS%202012/3006.pdf HTTP/1.1" 304 -
119.71.142.247 - - [15/Mar/2016:01:43:01 -0500] "GET /manager/html HTTP/1.1" 404 1018
66.249.69.100 - - [15/Mar/2016:01:43:27 -0500] "GET /BLA/resoluciones/AUTOS%202012/1743.pdf HTTP/1.1" 304 -
181.50.107.173 - - [15/Mar/2016:01:44:05 -0500] "POST /forms/lservlet;jsessionid=ac16012b30d692dce521a5e8467599c3ee7016fee10c.e3iSbxaKaheRe3mSaNqNbNeNay1ynknvrkLOlQzNp65In0 HTTP/1.1" 200 2
66.249.69.100 - - [15/Mar/2016:01:44:12 -0500] "GET /BLA/resoluciones/RESOLUCIONES%202007/RES%202007%202501%20AL%202600/RESOLUCION%202565%20DE%202007.pdf HTTP/1.1" 304 -
66.249.69.100 - - [15/Mar/2016:01:44:57 -0500] "GET /BLA/resoluciones/RESOLUCIONES%202007/RES%202007%202001%20AL%202100/RESOLUCION%202027%20DE%202007.pdf HTTP/1.1" 304 -
66.249.69.100 - - [15/Mar/2016:01:45:41 -0500] "GET /BLA/resoluciones/AUTOS%202013/2015.pdf HTTP/1.1" 304 -
71.80.26.102 - - [15/Mar/2016:01:45:58 -0500] "GET /webdav/x32.php HTTP/1.1" 404 1018
181.50.107.173 - - [15/Mar/2016:01:46:05 -0500] "POST /forms/lservlet;jsessionid=ac16012b30d692dce521a5e8467599c3ee7016fee10c.e3iSbxaKaheRe3mSaNqNbNeNay1ynknvrkLOlQzNp65In0 HTTP/1.1" 200 2
69.162.124.232 - - [15/Mar/2016:01:46:12 -0500] "HEAD / HTTP/1.1" 200 -
66.249.69.100 - - [15/Mar/2016:01:46:26 -0500] "GET /BLA/resoluciones/RESOLUCIONES%202007/RES%202007%201401%20AL%201500/RESOLUCION%201408%20DE%202007.pdf HTTP/1.1" 304 -
66.249.69.100 - - [15/Mar/2016:01:47:11 -0500] "GET /BLA/resoluciones/AUTOS%202008/3103.pdf HTTP/1.1" 200 71666
66.249.69.100 - - [15/Mar/2016:01:47:56 -0500] "GET /BLA/resoluciones/RESOLUCIONES%202008/3869.pdf HTTP/1.1" 200 627186
181.50.107.173 - - [15/Mar/2016:01:48:05 -0500] "POST /forms/lservlet;jsessionid=ac16012b30d692dce521a5e8467599c3ee7016fee10c.e3iSbxaKaheRe3mSaNqNbNeNay1ynknvrkLOlQzNp65In0 HTTP/1.1" 200 2
66.249.69.100 - - [15/Mar/2016:01:48:36 -0500] "GET /BLA/resoluciones/RESOLUCIONES%202008/1754.pdf HTTP/1.1" 200 450786
66.249.69.100 - - [15/Mar/2016:01:48:40 -0500] "GET /BLA/resoluciones/RESOLUCIONES%202013/2092.pdf HTTP/1.1" 200 773169
66.249.69.100 - - [15/Mar/2016:01:49:25 -0500] "GET /BLA/resoluciones/RESOLUCIONES%202007/RES%202007%201501%20AL%201600/RESOLUCION%201544%20DE%202007.pdf HTTP/1.1" 200 825392
181.50.107.173 - - [15/Mar/2016:01:50:08 -0500] "POST /forms/lservlet;jsessionid=ac16012b30d692dce521a5e8467599c3ee7016fee10c.e3iSbxaKaheRe3mSaNqNbNeNay1ynknvrkLOlQzNp65In0 HTTP/1.1" 200 2
66.249.69.100 - - [15/Mar/2016:01:50:54 -0500] "GET /BLA/resoluciones/AUTOS%202011/7067.pdf HTTP/1.1" 200 174534
69.162.124.232 - - [15/Mar/2016:01:51:13 -0500] "HEAD / HTTP/1.1" 200 -
66.249.69.100 - - [15/Mar/2016:01:51:39 -0500] "GET /BLA/resoluciones/AUTOS%202014/1217.pdf HTTP/1.1" 304 -
181.50.107.173 - - [15/Mar/2016:01:52:08 -0500] "POST /forms/lservlet;jsessionid=ac16012b30d692dce521a5e8467599c3ee7016fee10c.e3iSbxaKaheRe3mSaNqNbNeNay1ynknvrkLOlQzNp65In0 HTTP/1.1" 200 2
66.249.69.100 - - [15/Mar/2016:01:52:24 -0500] "GET /BLA/resoluciones/RESOLUCIONES%202014/1725.pdf HTTP/1.1" 304 -
66.249.69.100 - - [15/Mar/2016:01:53:09 -0500] "GET /BLA/resoluciones/AUTOS%202008/3185.pdf HTTP/1.1" 200 220381
66.249.69.40 - - [15/Mar/2016:01:53:47 -0500] "GET /ecodirectorio/files/res/mobile/page0078_i1.jpg HTTP/1.1" 200 74649
66.249.69.100 - - [15/Mar/2016:01:53:53 -0500] "GET /BLA/resoluciones/RESOLUCIONES%202010/4711.pdf HTTP/1.1" 200 715574
66.249.69.100 - - [15/Mar/2016:01:54:07 -0500] "GET /BLA/resoluciones/RESOLUCIONES%202010/0008.pdf HTTP/1.1" 304 -
181.50.107.173 - - [15/Mar/2016:01:54:08 -0500] "POST /forms/lservlet;jsessionid=ac16012b30d692dce521a5e8467599c3ee7016fee10c.e3iSbxaKaheRe3mSaNqNbNeNay1ynknvrkLOlQzNp65In0 HTTP/1.1" 200 2
66.249.69.100 - - [15/Mar/2016:01:54:38 -0500] "GET /BLA/resoluciones/AUTOS%202012/2270.pdf HTTP/1.1" 200 332130
66.249.69.100 - - [15/Mar/2016:01:55:23 -0500] "GET /BLA/resoluciones/RESOLUCIONES%202009/3729.pdf HTTP/1.1" 200 518421
181.52.139.17 - - [15/Mar/2016:01:55:46 -0500] "GET /BLA/boletinlegal/js/jquery.scrollShow.js HTTP/1.1" 200 4586
181.52.139.17 - - [15/Mar/2016:01:55:46 -0500] "GET /galeria/galeria/jquery.fancybox.js?v=2.1.5 HTTP/1.1" 200 48706
181.52.139.17 - - [15/Mar/2016:01:55:46 -0500] "GET /galeria/galeria/jquery.fancybox.css?v=2.1.5 HTTP/1.1" 200 4895
66.249.69.100 - - [15/Mar/2016:01:55:47 -0500] "GET /BLA/resoluciones/RESOLUCIONES%202010/7600.pdf HTTP/1.1" 200 72527
181.52.139.17 - - [15/Mar/2016:01:55:52 -0500] "GET /galeria/galeria/jquery.fancybox.css?v=2.1.5 HTTP/1.1" 304 -
181.52.139.17 - - [15/Mar/2016:01:55:52 -0500] "GET /BLA/boletinlegal/js/jquery.scrollShow.js HTTP/1.1" 304 -
181.52.139.17 - - [15/Mar/2016:01:55:52 -0500] "GET /galeria/galeria/jquery.fancybox.js?v=2.1.5 HTTP/1.1" 304 -
66.249.69.100 - - [15/Mar/2016:01:56:08 -0500] "GET /BLA/resoluciones/RESOLUCIONES%202007/RES%202007%202201%20AL%202300/RESOLUCION%202258%20DE%202007.pdf HTTP/1.1" 200 549103
181.50.107.173 - - [15/Mar/2016:01:56:08 -0500] "POST /forms/lservlet;jsessionid=ac16012b30d692dce521a5e8467599c3ee7016fee10c.e3iSbxaKaheRe3mSaNqNbNeNay1ynknvrkLOlQzNp65In0 HTTP/1.1" 200 2
69.162.124.232 - - [15/Mar/2016:01:56:13 -0500] "HEAD / HTTP/1.1" 200 -
66.249.69.100 - - [15/Mar/2016:01:56:52 -0500] "GET /BLA/resoluciones/AUTOS%202013/0452.pdf HTTP/1.1" 200 3087889
99.244.230.166 - - [15/Mar/2016:01:57:33 -0500] "GET /BLA/resoluciones/RESOLUCIONES%202007/RES%202007%203001%20AL%203100/RESOLUCION%203064_%20DE%202007.pdf HTTP/1.1" 200 477658
66.249.69.100 - - [15/Mar/2016:01:57:37 -0500] "GET /BLA/resoluciones/RESOLUCIONES%202010/7410.pdf HTTP/1.1" 304 -
181.50.107.173 - - [15/Mar/2016:01:58:08 -0500] "POST /forms/lservlet;jsessionid=ac16012b30d692dce521a5e8467599c3ee7016fee10c.e3iSbxaKaheRe3mSaNqNbNeNay1ynknvrkLOlQzNp65In0 HTTP/1.1" 200 2
66.249.69.100 - - [15/Mar/2016:01:58:22 -0500] "GET /BLA/resoluciones/RESOLUCIONES%202009/2028.pdf HTTP/1.1" 304 -
66.249.69.100 - - [15/Mar/2016:01:59:06 -0500] "GET /BLA/resoluciones/AUTOS%202009/0983.pdf HTTP/1.1" 200 192948
66.249.69.100 - - [15/Mar/2016:01:59:51 -0500] "GET /BLA/resoluciones/RESOLUCIONES%202012/0329.pdf HTTP/1.1" 200 285292
181.50.107.173 - - [15/Mar/2016:02:00:08 -0500] "POST /forms/lservlet;jsessionid=ac16012b30d692dce521a5e8467599c3ee7016fee10c.e3iSbxaKaheRe3mSaNqNbNeNay1ynknvrkLOlQzNp65In0 HTTP/1.1" 200 2
181.52.139.17 - - [15/Mar/2016:02:00:24 -0500] "GET /BLA/boletinlegal/js/jquery.scrollShow.js HTTP/1.1" 304 -
181.52.139.17 - - [15/Mar/2016:02:00:24 -0500] "GET /galeria/galeria/jquery.fancybox.css?v=2.1.5 HTTP/1.1" 304 -
181.52.139.17 - - [15/Mar/2016:02:00:24 -0500] "GET /galeria/galeria/jquery.fancybox.js?v=2.1.5 HTTP/1.1" 304 -
66.249.69.100 - - [15/Mar/2016:02:00:36 -0500] "GET /BLA/resoluciones/AUTOS%202013/0160.pdf HTTP/1.1" 304 -
69.162.124.232 - - [15/Mar/2016:02:01:12 -0500] "HEAD / HTTP/1.1" 200 -
66.249.69.100 - - [15/Mar/2016:02:01:21 -0500] "GET /BLA/resoluciones/RESOLUCIONES%202011/2626.pdf HTTP/1.1" 304 -
66.249.69.100 - - [15/Mar/2016:02:01:44 -0500] "GET /BLA/resoluciones/RESOLUCIONES%202010/0128.pdf HTTP/1.1" 200 386612
66.249.69.100 - - [15/Mar/2016:02:02:04 -0500] "GET /portel_dama/libreria/php/2006/ECOSISTEMAS%20FINAL%20web_mz27/x%20restauracion/sitio/55_artic/xtras/10.pdf HTTP/1.1" 404 1018
66.249.69.100 - - [15/Mar/2016:02:02:05 -0500] "GET /BLA/resoluciones/RESOLUCIONES%202010/2826.pdf HTTP/1.1" 304 -
181.50.107.173 - - [15/Mar/2016:02:02:09 -0500] "POST /forms/lservlet;jsessionid=ac16012b30d692dce521a5e8467599c3ee7016fee10c.e3iSbxaKaheRe3mSaNqNbNeNay1ynknvrkLOlQzNp65In0 HTTP/1.1" 200 2
66.249.69.100 - - [15/Mar/2016:02:02:50 -0500] "GET /BLA/resoluciones/AUTOS%202015/1890.pdf HTTP/1.1" 200 724772
66.249.69.100 - - [15/Mar/2016:02:03:02 -0500] "GET /BLA/resoluciones/RESOLUCIONES%202011/6115.pdf HTTP/1.1" 200 684470
66.249.69.100 - - [15/Mar/2016:02:03:35 -0500] "GET /BLA/resoluciones/AUTOS%202008/0899.pdf HTTP/1.1" 304 -
181.50.107.173 - - [15/Mar/2016:02:04:09 -0500] "POST /forms/lservlet;jsessionid=ac16012b30d692dce521a5e8467599c3ee7016fee10c.e3iSbxaKaheRe3mSaNqNbNeNay1ynknvrkLOlQzNp65In0 HTTP/1.1" 200 2
66.249.69.100 - - [15/Mar/2016:02:04:11 -0500] "GET /BLA/resoluciones/RESOLUCIONES%202011/2088.pdf HTTP/1.1" 200 591482
66.249.69.100 - - [15/Mar/2016:02:04:19 -0500] "GET /BLA/resoluciones/RESOLUCIONES%202013/0898.pdf HTTP/1.1" 200 727764
130.211.130.157 - - [15/Mar/2016:02:04:47 -0500] "GET /galeria/galeria/jquery.fancybox.css?v=2.1.5 HTTP/1.1" 200 4895
130.211.130.157 - - [15/Mar/2016:02:04:47 -0500] "GET /galeria/carrusel/Carrusel/jquery.thumbnailScroller.css HTTP/1.1" 200 2066
130.211.130.157 - - [15/Mar/2016:02:04:47 -0500] "GET /galeria/galeria/jquery.fancybox.js?v=2.1.5 HTTP/1.1" 200 48706
130.211.130.157 - - [15/Mar/2016:02:04:47 -0500] "GET /BLA/boletinlegal/js/jquery.scrollShow.js HTTP/1.1" 200 4586
130.211.130.157 - - [15/Mar/2016:02:04:47 -0500] "GET /galeria/carrusel/Carrusel/jquery.thumbnailScroller.js HTTP/1.1" 200 8157
130.211.130.157 - - [15/Mar/2016:02:04:47 -0500] "GET /galeria/carrusel/Carrusel/jquery-ui-1.8.13.custom.min.js HTTP/1.1" 200 10800
66.249.69.100 - - [15/Mar/2016:02:04:51 -0500] "GET /resoluciones/RESOLUCIONES%202010/0073.pdf HTTP/1.1" 404 1018
130.211.130.157 - - [15/Mar/2016:02:04:51 -0500] "GET /galeria/nivo-slider/demo/demo.html HTTP/1.1" 200 3960
130.211.130.157 - - [15/Mar/2016:02:04:53 -0500] "GET /galeria/nivo-slider/themes/default/default.css HTTP/1.1" 200 1569
130.211.130.157 - - [15/Mar/2016:02:04:53 -0500] "GET /galeria/nivo-slider/themes/orman/orman.css HTTP/1.1" 200 2152
130.211.130.157 - - [15/Mar/2016:02:04:53 -0500] "GET /galeria/nivo-slider/themes/pascal/pascal.css HTTP/1.1" 200 2258
130.211.130.157 - - [15/Mar/2016:02:04:53 -0500] "GET /galeria/nivo-slider/nivo-slider.css HTTP/1.1" 200 1507
130.211.130.157 - - [15/Mar/2016:02:04:53 -0500] "GET /galeria/nivo-slider/demo/style.css HTTP/1.1" 200 2222
130.211.130.157 - - [15/Mar/2016:02:04:53 -0500] "GET /galeria/nivo-slider/demo/scripts/jquery-1.7.1.min.js HTTP/1.1" 200 93868
130.211.130.157 - - [15/Mar/2016:02:04:54 -0500] "GET /galeria/nivo-slider/jquery.nivo.slider.pack.js HTTP/1.1" 200 11561
130.211.130.157 - - [15/Mar/2016:02:04:56 -0500] "GET /galeria/nivo-slider/demo/images/4Simple_Slider.png HTTP/1.1" 200 11722
130.211.130.157 - - [15/Mar/2016:02:04:58 -0500] "GET /galeria/nivo-slider/themes/default/loading.gif HTTP/1.1" 200 1737
66.249.69.100 - - [15/Mar/2016:02:05:04 -0500] "GET /BLA/resoluciones/RESOLUCIONES%202009/0537.pdf HTTP/1.1" 200 196038
186.86.236.173 - - [15/Mar/2016:02:05:08 -0500] "GET /ecodirectorio/? HTTP/1.1" 200 4742
186.86.236.173 - - [15/Mar/2016:02:05:09 -0500] "GET /ecodirectorio/files/js/swfaddress.js HTTP/1.1" 200 15916
