66.249.69.116 - - [15/Mar/2016:03:15:29 -0500] "GET /silvicultura/6.pdf HTTP/1.1" 404 1018
66.249.69.108 - - [15/Mar/2016:03:15:49 -0500] "GET /resoluciones/RESOLUCIONES%202008/2736.pdf HTTP/1.1" 404 1018
66.249.69.100 - - [15/Mar/2016:03:15:56 -0500] "GET /BLA/resoluciones/RESOLUCIONES%202008/0969.pdf HTTP/1.1" 200 422398
69.162.124.232 - - [15/Mar/2016:03:16:13 -0500] "HEAD / HTTP/1.1" 200 -
180.76.15.158 - - [15/Mar/2016:03:16:51 -0500] "GET / HTTP/1.1" 200 10190
180.76.15.13 - - [15/Mar/2016:03:17:06 -0500] "GET / HTTP/1.1" 200 10190
66.249.69.116 - - [15/Mar/2016:03:18:19 -0500] "GET /resoluciones/RESOLUCIONES%202009/1335.pdf HTTP/1.1" 404 1018
66.249.69.116 - - [15/Mar/2016:03:19:18 -0500] "GET /BLA/resoluciones/RESOLUCIONES%202009/4429.pdf HTTP/1.1" 304 -
66.249.69.100 - - [15/Mar/2016:03:19:22 -0500] "GET /resoluciones/RESOLUCIONES%202009/6916.pdf HTTP/1.1" 404 1018
69.162.124.232 - - [15/Mar/2016:03:21:13 -0500] "HEAD / HTTP/1.1" 200 -
152.201.43.35 - - [15/Mar/2016:03:21:49 -0500] "GET /BLA/boletinlegal/js/jquery.scrollShow.js HTTP/1.1" 200 4586
152.201.43.35 - - [15/Mar/2016:03:21:49 -0500] "GET /galeria/galeria/jquery.fancybox.css?v=2.1.5 HTTP/1.1" 200 4895
152.201.43.35 - - [15/Mar/2016:03:21:49 -0500] "GET /galeria/galeria/jquery.fancybox.js?v=2.1.5 HTTP/1.1" 200 48706
152.201.43.35 - - [15/Mar/2016:03:21:57 -0500] "GET /BLA/boletinlegal/js/jquery.scrollShow.js HTTP/1.1" 304 -
152.201.43.35 - - [15/Mar/2016:03:21:57 -0500] "GET /galeria/galeria/jquery.fancybox.css?v=2.1.5 HTTP/1.1" 304 -
152.201.43.35 - - [15/Mar/2016:03:21:57 -0500] "GET /galeria/galeria/jquery.fancybox.js?v=2.1.5 HTTP/1.1" 304 -
66.249.69.108 - - [15/Mar/2016:03:22:39 -0500] "GET /BLA/resoluciones/AUTOS%202011/0102.pdf HTTP/1.1" 200 147317
66.249.69.108 - - [15/Mar/2016:03:22:40 -0500] "GET /BLA/resoluciones/RESOLUCIONES%202009/3237.pdf HTTP/1.1" 200 428920
66.249.69.48 - - [15/Mar/2016:03:23:39 -0500] "GET /hum.pdf HTTP/1.1" 404 1019
66.249.69.40 - - [15/Mar/2016:03:23:40 -0500] "GET /ecodirectorio/files/res/mobile/page0150_i1.jpg HTTP/1.1" 200 75074
66.249.69.100 - - [15/Mar/2016:03:24:49 -0500] "GET /resoluciones/RESOLUCIONES%202008/4024.pdf HTTP/1.1" 404 1018
66.249.69.40 - - [15/Mar/2016:03:25:35 -0500] "GET /dama/libreria/pdf/pdf_entrenubes/a7.pdf HTTP/1.1" 404 1019
66.249.69.108 - - [15/Mar/2016:03:26:02 -0500] "GET /BLA/resoluciones/RESOLUCIONES%202011/5299.pdf HTTP/1.1" 304 -
69.162.124.232 - - [15/Mar/2016:03:26:13 -0500] "HEAD / HTTP/1.1" 200 -
66.249.69.108 - - [15/Mar/2016:03:26:39 -0500] "GET /BLA/resoluciones/RESOLUCIONES%202008/4396.pdf HTTP/1.1" 304 -
190.8.235.166 - - [15/Mar/2016:03:26:51 -0500] "GET /BLA/resoluciones/RESOLUCIONES%202010/7679.pdf HTTP/1.1" 200 67913
66.249.69.100 - - [15/Mar/2016:03:27:01 -0500] "GET /BLA/resoluciones/Autos%202008/0368.pdf HTTP/1.1" 200 151967
208.115.113.84 - - [15/Mar/2016:03:27:24 -0500] "GET /robots.txt HTTP/1.1" 301 334
66.249.69.100 - - [15/Mar/2016:03:29:24 -0500] "GET /BLA/resoluciones/RESOLUCIONES%202014/0736.pdf HTTP/1.1" 304 -
66.249.69.108 - - [15/Mar/2016:03:29:59 -0500] "GET /BLA/resoluciones/AUTOS%202009/0294.pdf HTTP/1.1" 200 573142
46.148.22.18 - - [15/Mar/2016:03:30:06 -0500] "POST /xmlrpc.php HTTP/1.1" 301 330
46.148.22.18 - - [15/Mar/2016:03:30:06 -0500] "POST /xmlrpc.php HTTP/1.1" 301 330
69.162.124.232 - - [15/Mar/2016:03:31:13 -0500] "HEAD / HTTP/1.1" 200 -
66.249.69.100 - - [15/Mar/2016:03:31:31 -0500] "GET /BLA/resoluciones/Autos%202008/1313.pdf HTTP/1.1" 200 315430
66.249.69.48 - - [15/Mar/2016:03:32:30 -0500] "GET /dama/libreria/pdf/foroaire/UNIANDES%201.pdf HTTP/1.1" 404 1019
66.249.69.108 - - [15/Mar/2016:03:32:46 -0500] "GET /BLA/resoluciones/RESOLUCIONES%202009/1202.pdf HTTP/1.1" 200 345900
66.249.69.100 - - [15/Mar/2016:03:33:26 -0500] "GET /BLA/resoluciones/Autos%202008/0393.pdf HTTP/1.1" 200 80304
66.249.69.116 - - [15/Mar/2016:03:35:06 -0500] "GET /BLA/resoluciones/RESOLUCIONES%202011/0299.pdf HTTP/1.1" 200 80163
66.249.69.100 - - [15/Mar/2016:03:35:35 -0500] "GET /galeria/galeria/fotos/Humedal-la-Isla1G.jpg HTTP/1.1" 304 -
66.249.69.100 - - [15/Mar/2016:03:36:07 -0500] "GET /BLA/resoluciones/RESOLUCIONES%202014/0386.pdf HTTP/1.1" 304 -
69.162.124.232 - - [15/Mar/2016:03:36:13 -0500] "HEAD / HTTP/1.1" 200 -
66.249.69.100 - - [15/Mar/2016:03:37:11 -0500] "GET /BLA/resoluciones/RESOLUCIONES%202009/8671.pdf HTTP/1.1" 200 118698
66.249.69.108 - - [15/Mar/2016:03:39:29 -0500] "GET /BLA/resoluciones/RESOLUCIONES%202007/RES%202007%203501%20AL%203600/RESOLUCION%203547%20DE%202007.pdf HTTP/1.1" 200 766604
66.249.69.100 - - [15/Mar/2016:03:40:33 -0500] "GET /BLA/resoluciones/RESOLUCIONES%202007/RES%202007%201726%20AL%201800/RESOLUCION%201787%20DE%202007.pdf HTTP/1.1" 304 -
69.162.124.232 - - [15/Mar/2016:03:41:13 -0500] "HEAD / HTTP/1.1" 200 -
66.249.69.116 - - [15/Mar/2016:03:42:18 -0500] "GET /portel_dama/libreria/php/2006/ECOSISTEMAS%20FINAL%20web_mz27/humedales/sitio/22_pol/xtras/1.pdf HTTP/1.1" 404 1018
66.249.69.108 - - [15/Mar/2016:03:42:51 -0500] "GET /BLA/resoluciones/RESOLUCIONES%202009/3478.pdf HTTP/1.1" 200 582023
66.249.69.48 - - [15/Mar/2016:03:44:27 -0500] "GET /ecodirectorio/files/res/mobile/page0117_i2.jpg HTTP/1.1" 200 92926
69.162.124.232 - - [15/Mar/2016:03:46:13 -0500] "HEAD / HTTP/1.1" 200 -
66.249.69.108 - - [15/Mar/2016:03:46:13 -0500] "GET /BLA/resoluciones/AUTOS%202013/3450.pdf HTTP/1.1" 304 -
66.249.69.116 - - [15/Mar/2016:03:47:43 -0500] "GET /resoluciones/RESOLUCIONES%202009/3864.pdf HTTP/1.1" 404 1018
66.249.69.108 - - [15/Mar/2016:03:48:07 -0500] "GET /portel_dama/libreria/php/2006/ECOSISTEMAS%20FINAL%20web_mz27/x%20restauracion/sitio/22_proye/xtras_in/cni_3.pdf HTTP/1.1" 404 1018
66.249.69.116 - - [15/Mar/2016:03:49:35 -0500] "GET /BLA/resoluciones/AUTOS%202014/4220.pdf HTTP/1.1" 200 235374
204.79.180.83 - - [15/Mar/2016:03:49:41 -0500] "GET /SIG/Gesti%C3%B3n%20de%20Recursos%20F%C3%ADsicos/126PA04-PR18.pdf HTTP/1.1" 200 60234
66.249.69.108 - - [15/Mar/2016:03:49:45 -0500] "GET /portel_dama/libreria/php/2006/ECOSISTEMAS%20FINAL%20web_mz27/restauracion/sitio/55_artic/xtras/13.pdf HTTP/1.1" 404 1018
69.162.124.232 - - [15/Mar/2016:03:51:13 -0500] "HEAD / HTTP/1.1" 200 -
66.249.69.108 - - [15/Mar/2016:03:51:37 -0500] "GET /BLA/resoluciones/AUTOS%202010/5625.pdf HTTP/1.1" 200 635533
66.249.69.108 - - [15/Mar/2016:03:52:57 -0500] "GET /BLA/resoluciones/RESOLUCIONES%202010/0919.pdf HTTP/1.1" 200 121268
66.249.69.108 - - [15/Mar/2016:03:54:20 -0500] "GET /resoluciones/RESOLUCIONES%202009/9360.pdf HTTP/1.1" 404 1018
66.249.69.108 - - [15/Mar/2016:03:55:14 -0500] "GET /resoluciones/RESOLUCIONES%202009/0082.pdf HTTP/1.1" 404 1018
66.249.69.100 - - [15/Mar/2016:03:55:22 -0500] "GET /BLA/resoluciones/RESOLUCIONES%202010/7471.pdf HTTP/1.1" 200 464330
66.249.69.100 - - [15/Mar/2016:03:55:38 -0500] "GET /BLA/resoluciones/RESOLUCIONES%202010/7716.pdf HTTP/1.1" 200 523958
69.162.124.232 - - [15/Mar/2016:03:56:12 -0500] "HEAD / HTTP/1.1" 200 -
66.249.69.100 - - [15/Mar/2016:03:56:19 -0500] "GET /BLA/resoluciones/RESOLUCIONES%202010/6743.pdf HTTP/1.1" 200 1042055
198.100.149.55 - - [15/Mar/2016:03:58:33 -0500] "GET /robots.txt HTTP/1.1" 404 1019
198.100.149.55 - - [15/Mar/2016:03:58:33 -0500] "GET / HTTP/1.1" 200 10190
198.100.149.55 - - [15/Mar/2016:03:58:33 -0500] "GET / HTTP/1.1" 200 10190
198.100.149.55 - - [15/Mar/2016:03:58:50 -0500] "GET / HTTP/1.1" 200 10190
198.100.149.55 - - [15/Mar/2016:03:58:51 -0500] "GET / HTTP/1.1" 200 10190
66.249.69.100 - - [15/Mar/2016:03:58:57 -0500] "GET /BLA/resoluciones/AUTOS%202007/2044.pdf HTTP/1.1" 200 92809
207.241.237.211 - - [15/Mar/2016:03:59:25 -0500] "GET /robots.txt HTTP/1.0" 404 1018
207.241.237.211 - - [15/Mar/2016:03:59:32 -0500] "GET /galeria/carrusel/Carrusel/prevArrow.png HTTP/1.0" 200 1066
66.249.69.108 - - [15/Mar/2016:03:59:40 -0500] "GET /BLA/resoluciones/RESOLUCIONES%202007/RES%202007%20901%20AL%201000/RESOLUCION%200981%20DE%202007.pdf HTTP/1.1" 200 135942
69.162.124.232 - - [15/Mar/2016:04:01:12 -0500] "HEAD / HTTP/1.1" 200 -
66.249.69.100 - - [15/Mar/2016:04:01:29 -0500] "GET /BLA/resoluciones/RESOLUCIONES%202007/RES%202007%203201%20AL%203300/RESOLUCION%203217%20DE%202007.pdf HTTP/1.1" 200 257006
207.241.237.211 - - [15/Mar/2016:04:02:52 -0500] "GET /galeria/galeria/fancybox_sprite@2x.png HTTP/1.0" 200 6553
66.249.69.116 - - [15/Mar/2016:04:03:02 -0500] "GET /BLA/resoluciones/RESOLUCIONES%202007/RES%202007%203201%20AL%203300/RESOLUCION%203262%20DE%202007.pdf HTTP/1.1" 200 1280478
201.228.250.71 - - [15/Mar/2016:04:03:07 -0500] "GET /BLA/boletinlegal/js/jquery.scrollShow.js HTTP/1.1" 200 4586
201.228.250.71 - - [15/Mar/2016:04:03:07 -0500] "GET /galeria/galeria/jquery.fancybox.js?v=2.1.5 HTTP/1.1" 200 48706
54.90.210.34 - - [15/Mar/2016:04:04:01 -0500] "GET / HTTP/1.1" 200 10190
66.249.69.40 - - [15/Mar/2016:04:04:43 -0500] "GET / HTTP/1.1" 200 10190
69.162.124.232 - - [15/Mar/2016:04:06:12 -0500] "HEAD / HTTP/1.1" 200 -
66.249.69.100 - - [15/Mar/2016:04:06:24 -0500] "GET /BLA/resoluciones/RESOLUCIONES%202007/RES%202007%201101%20AL%201200/RESOLUCION%201148%20DE%202007.pdf HTTP/1.1" 304 -
157.55.39.210 - - [15/Mar/2016:04:06:42 -0500] "GET /dama/libreria/pdf/ciclodemateriales.pdf HTTP/1.1" 404 1015
66.249.69.56 - - [15/Mar/2016:04:07:31 -0500] "GET /ecodirectorio/files/res/mobile/page0107_i2.jpg HTTP/1.1" 200 159273
66.249.69.100 - - [15/Mar/2016:04:07:37 -0500] "GET /BLA/resoluciones/RESOLUCIONES%202010/7230.pdf HTTP/1.1" 200 485401
66.249.69.40 - - [15/Mar/2016:04:08:04 -0500] "GET /BLA/boletinlegal/js/jquery.scrollShow.js HTTP/1.1" 200 4586
66.249.69.116 - - [15/Mar/2016:04:09:16 -0500] "GET /BLA/resoluciones/AUTOS%202014/3686.pdf HTTP/1.1" 200 503503
66.249.69.100 - - [15/Mar/2016:04:09:46 -0500] "GET /BLA/resoluciones/RESOLUCIONES%202010/4885.pdf HTTP/1.1" 200 740275
66.249.69.108 - - [15/Mar/2016:04:09:49 -0500] "GET /BLA/resoluciones/RESOLUCIONES%202010/4035.pdf HTTP/1.1" 200 752905
66.249.69.100 - - [15/Mar/2016:04:09:59 -0500] "GET /BLA/resoluciones/RESOLUCIONES%202009/5038.pdf HTTP/1.1" 304 -
66.249.75.227 - - [15/Mar/2016:04:10:18 -0500] "GET /robots.txt HTTP/1.1" 404 1015
66.249.75.227 - - [15/Mar/2016:04:10:18 -0500] "GET /dama/libreria/pdf/pigas/PIGA_JB/ANEXO8.pdf HTTP/1.1" 404 1015
40.77.167.36 - - [15/Mar/2016:04:10:52 -0500] "GET /dama/libreria/pdf/pigas/piga_jb/anexo19.pdf HTTP/1.1" 404 1015
69.162.124.232 - - [15/Mar/2016:04:11:12 -0500] "HEAD / HTTP/1.1" 200 -
66.249.69.116 - - [15/Mar/2016:04:12:20 -0500] "GET /BLA/resoluciones/RESOLUCIONES%202010/7640.pdf HTTP/1.1" 200 72823
181.232.82.238 - - [15/Mar/2016:04:12:34 -0500] "GET /galeria/galeria/jquery.fancybox.js?v=2.1.5 HTTP/1.1" 200 48706
181.232.82.238 - - [15/Mar/2016:04:12:34 -0500] "GET /galeria/galeria/jquery.fancybox.css?v=2.1.5 HTTP/1.1" 200 4895
181.232.82.238 - - [15/Mar/2016:04:12:34 -0500] "GET /BLA/boletinlegal/js/jquery.scrollShow.js HTTP/1.1" 200 4586
181.232.82.238 - - [15/Mar/2016:04:12:42 -0500] "GET /BLA/boletinlegal/js/jquery.scrollShow.js HTTP/1.1" 304 -
181.232.82.238 - - [15/Mar/2016:04:12:42 -0500] "GET /galeria/galeria/jquery.fancybox.js?v=2.1.5 HTTP/1.1" 304 -
181.232.82.238 - - [15/Mar/2016:04:12:42 -0500] "GET /galeria/galeria/jquery.fancybox.css?v=2.1.5 HTTP/1.1" 304 -
66.249.69.100 - - [15/Mar/2016:04:13:08 -0500] "GET /Residuos/maderas/maderas.html HTTP/1.1" 200 1957
66.249.69.116 - - [15/Mar/2016:04:13:08 -0500] "GET /BLA/resoluciones/RESOLUCIONES%202010/4847.pdf HTTP/1.1" 200 756567
66.249.69.100 - - [15/Mar/2016:04:13:14 -0500] "GET /BLA/resoluciones/RESOLUCIONES%202010/7419.pdf HTTP/1.1" 200 283928
66.249.69.100 - - [15/Mar/2016:04:13:21 -0500] "GET /BLA/resoluciones/RESOLUCIONES%202007/RES%202007%202101%20AL%202200/RESOLUCION%202126%20DE%202007.pdf HTTP/1.1" 200 1050561
181.133.29.99 - - [15/Mar/2016:04:15:20 -0500] "GET /galeria/galeria/fotos/Humedal-Santa-Mar%C3%ADa-del-Lago1G.jpg HTTP/1.1" 200 290867
181.133.29.99 - - [15/Mar/2016:04:15:42 -0500] "GET /galeria/galeria/fotos/Humedal-Santa-Mar%C3%ADa-del-Lago1G.jpg HTTP/1.1" 200 290867
69.162.124.232 - - [15/Mar/2016:04:16:12 -0500] "HEAD / HTTP/1.1" 200 -
66.249.69.100 - - [15/Mar/2016:04:16:30 -0500] "GET /BLA/resoluciones/AUTOS%202009/1999.pdf HTTP/1.1" 200 101325
66.249.69.100 - - [15/Mar/2016:04:16:59 -0500] "GET /galeria/galeria/fotos/Humedal-la-Isla4G.jpg HTTP/1.1" 304 -
207.46.13.27 - - [15/Mar/2016:04:17:29 -0500] "GET / HTTP/1.1" 200 10190
66.249.69.116 - - [15/Mar/2016:04:19:52 -0500] "GET /BLA/resoluciones/RESOLUCIONES%202012/1725.pdf HTTP/1.1" 304 -
69.162.124.232 - - [15/Mar/2016:04:21:12 -0500] "HEAD / HTTP/1.1" 200 -
66.249.69.100 - - [15/Mar/2016:04:21:14 -0500] "GET /Residuos/maderas/maderas.swf HTTP/1.1" 200 400853
66.249.69.108 - - [15/Mar/2016:04:21:58 -0500] "GET /Residuos/maderas/files/search/searchtext.xml HTTP/1.1" 200 203644
66.249.69.100 - - [15/Mar/2016:04:21:59 -0500] "GET /Residuos/maderas/files/info.xml?rnd=77b4adf8-78a6-443f-926b-8f6e4bbd6518 HTTP/1.1" 200 70968
207.241.237.211 - - [15/Mar/2016:04:22:17 -0500] "GET /galeria/nivo-slider/demo/images/9Signos.jpg HTTP/1.0" 200 81776
157.55.39.210 - - [15/Mar/2016:04:22:22 -0500] "GET /dama/libreria/php/decide.php?patron=03 HTTP/1.1" 404 1019
66.249.69.100 - - [15/Mar/2016:04:22:46 -0500] "GET /Residuos/maderas/images/page1.swf HTTP/1.1" 200 348315
66.249.69.108 - - [15/Mar/2016:04:23:13 -0500] "GET /BLA/resoluciones/AUTOS%202013/0553.pdf HTTP/1.1" 304 -
180.76.15.141 - - [15/Mar/2016:04:23:45 -0500] "GET / HTTP/1.1" 200 10190
66.249.69.100 - - [15/Mar/2016:04:23:48 -0500] "GET /Residuos/maderas/files/search/search1.xml HTTP/1.1" 200 506
66.249.69.100 - - [15/Mar/2016:04:23:49 -0500] "GET /Residuos/maderas/images/page2.swf HTTP/1.1" 200 30952
180.76.15.6 - - [15/Mar/2016:04:24:16 -0500] "GET / HTTP/1.1" 200 10190
66.249.69.100 - - [15/Mar/2016:04:25:38 -0500] "GET /BLA/resoluciones/AUTOS%202007/3132.pdf HTTP/1.1" 200 124958
66.249.69.100 - - [15/Mar/2016:04:25:54 -0500] "GET /BLA/resoluciones/AUTOS%202007/3537.pdf HTTP/1.1" 200 77406
69.162.124.232 - - [15/Mar/2016:04:26:12 -0500] "HEAD / HTTP/1.1" 200 -
66.249.69.100 - - [15/Mar/2016:04:26:35 -0500] "GET /BLA/resoluciones/RESOLUCIONES%202009/1803.pdf HTTP/1.1" 304 -
66.249.69.100 - - [15/Mar/2016:04:26:59 -0500] "GET /BLA/resoluciones/RESOLUCIONES%202010/7120.pdf HTTP/1.1" 200 267176
66.249.69.100 - - [15/Mar/2016:04:27:36 -0500] "GET /BLA/resoluciones/RESOLUCIONES%202010/7179.pdf HTTP/1.1" 200 690524
66.249.69.100 - - [15/Mar/2016:04:27:53 -0500] "GET /BLA/resoluciones/RESOLUCIONES%202010/7472.pdf HTTP/1.1" 200 289213
157.55.39.210 - - [15/Mar/2016:04:28:14 -0500] "GET /dama/libreria/pdf/INDUSTRIASFORESTALESREGISRADASYGEOREFERENCIADAS.pdf HTTP/1.1" 404 1019
66.249.69.100 - - [15/Mar/2016:04:29:57 -0500] "GET /BLA/resoluciones/AUTOS%202011/1304.pdf HTTP/1.1" 200 160937
66.249.69.40 - - [15/Mar/2016:04:30:37 -0500] "GET /ecodirectorio/files/res/mobile/page0123_i2.jpg HTTP/1.1" 200 168401
186.85.219.210 - - [15/Mar/2016:04:31:00 -0500] "-" 408 -
186.85.219.210 - - [15/Mar/2016:04:31:00 -0500] "-" 408 -
186.85.219.210 - - [15/Mar/2016:04:31:00 -0500] "-" 408 -
69.162.124.232 - - [15/Mar/2016:04:31:12 -0500] "HEAD / HTTP/1.1" 200 -
207.241.237.211 - - [15/Mar/2016:04:31:18 -0500] "GET /galeria/nivo-slider/demo/images/bolsas-06.jpg HTTP/1.0" 200 210950
66.249.69.100 - - [15/Mar/2016:04:31:34 -0500] "GET /BLA/resoluciones/RESOLUCIONES%202010/5997.pdf HTTP/1.1" 200 578846
207.46.13.27 - - [15/Mar/2016:04:32:43 -0500] "GET / HTTP/1.1" 200 10190
181.134.157.139 - - [15/Mar/2016:04:33:04 -0500] "GET /galeria/galeria/jquery.fancybox.js?v=2.1.5 HTTP/1.1" 200 48706
181.134.157.139 - - [15/Mar/2016:04:33:04 -0500] "GET /galeria/galeria/jquery.fancybox.css?v=2.1.5 HTTP/1.1" 200 4895
181.134.157.139 - - [15/Mar/2016:04:33:04 -0500] "GET /BLA/boletinlegal/js/jquery.scrollShow.js HTTP/1.1" 200 4586
181.134.157.139 - - [15/Mar/2016:04:33:18 -0500] "GET /BLA/boletinlegal/js/jquery.scrollShow.js HTTP/1.1" 200 4586
181.134.157.139 - - [15/Mar/2016:04:33:18 -0500] "GET /galeria/galeria/jquery.fancybox.js?v=2.1.5 HTTP/1.1" 200 48706
181.134.157.139 - - [15/Mar/2016:04:33:18 -0500] "GET /galeria/galeria/jquery.fancybox.css?v=2.1.5 HTTP/1.1" 200 4895
66.249.69.108 - - [15/Mar/2016:04:33:19 -0500] "GET /BLA/resoluciones/AUTOS%202011/1282.pdf HTTP/1.1" 200 246265
66.249.69.108 - - [15/Mar/2016:04:35:10 -0500] "GET /BLA/resoluciones/AUTOS%202013/0256.pdf HTTP/1.1" 200 1403267
66.249.69.108 - - [15/Mar/2016:04:35:14 -0500] "GET /BLA/resoluciones/RESOLUCIONES%202010/7585.pdf HTTP/1.1" 200 317643
69.162.124.232 - - [15/Mar/2016:04:36:12 -0500] "HEAD / HTTP/1.1" 200 -
66.249.69.108 - - [15/Mar/2016:04:36:16 -0500] "GET /BLA/resoluciones/Autos%202008/0155.pdf HTTP/1.1" 200 228577
66.249.69.100 - - [15/Mar/2016:04:36:41 -0500] "GET /BLA/resoluciones/AUTOS%202009/1245.pdf HTTP/1.1" 200 116262
207.241.237.211 - - [15/Mar/2016:04:37:19 -0500] "GET /galeria/nivo-slider/demo/images/Baner-ACERCAR.jpg HTTP/1.0" 200 68021
66.249.69.108 - - [15/Mar/2016:04:37:23 -0500] "GET /BLA/resoluciones/AUTOS%202007/0104.pdf HTTP/1.1" 200 47781
190.66.99.197 - - [15/Mar/2016:04:39:54 -0500] "GET /BLA/boletinlegal/js/jquery.scrollShow.js HTTP/1.1" 200 4586
190.66.99.197 - - [15/Mar/2016:04:39:54 -0500] "GET /galeria/galeria/jquery.fancybox.js?v=2.1.5 HTTP/1.1" 200 48706
190.66.99.197 - - [15/Mar/2016:04:39:56 -0500] "GET /galeria/galeria/jquery.fancybox.css?v=2.1.5 HTTP/1.1" 200 4895
190.66.99.197 - - [15/Mar/2016:04:39:59 -0500] "GET /galeria/carrusel/Carrusel/jquery.thumbnailScroller.css HTTP/1.1" 200 2066
190.66.99.197 - - [15/Mar/2016:04:39:59 -0500] "GET /galeria/carrusel/Carrusel/jquery-ui-1.8.13.custom.min.js HTTP/1.1" 200 10800
190.66.99.197 - - [15/Mar/2016:04:40:01 -0500] "GET /galeria/carrusel/Carrusel/jquery.thumbnailScroller.js HTTP/1.1" 200 8157
66.249.69.100 - - [15/Mar/2016:04:40:03 -0500] "GET /BLA/resoluciones/RESOLUCIONES%202010/0871.pdf HTTP/1.1" 304 -
190.66.99.197 - - [15/Mar/2016:04:40:05 -0500] "GET /galeria/nivo-slider/demo/demo.html HTTP/1.1" 200 3960
190.66.99.197 - - [15/Mar/2016:04:40:06 -0500] "GET /galeria/nivo-slider/themes/pascal/pascal.css HTTP/1.1" 200 2258
190.66.99.197 - - [15/Mar/2016:04:40:06 -0500] "GET /galeria/nivo-slider/nivo-slider.css HTTP/1.1" 200 1507
190.66.99.197 - - [15/Mar/2016:04:40:06 -0500] "GET /galeria/nivo-slider/themes/orman/orman.css HTTP/1.1" 200 2152
190.66.99.197 - - [15/Mar/2016:04:40:06 -0500] "GET /galeria/nivo-slider/themes/default/default.css HTTP/1.1" 200 1569
190.66.99.197 - - [15/Mar/2016:04:40:06 -0500] "GET /galeria/nivo-slider/demo/style.css HTTP/1.1" 200 2222
190.66.99.197 - - [15/Mar/2016:04:40:06 -0500] "GET /galeria/nivo-slider/demo/scripts/jquery-1.7.1.min.js HTTP/1.1" 200 93868
190.66.99.197 - - [15/Mar/2016:04:40:07 -0500] "GET /galeria/nivo-slider/jquery.nivo.slider.pack.js HTTP/1.1" 200 11561
190.66.99.197 - - [15/Mar/2016:04:40:07 -0500] "GET /galeria/nivo-slider/demo/images/Reconciliate-con-la-naturalez.jpg HTTP/1.1" 200 348334
190.66.99.197 - - [15/Mar/2016:04:40:07 -0500] "GET /galeria/nivo-slider/demo/images/encuentros_ciudadanos.jpg HTTP/1.1" 200 128337
190.66.99.197 - - [15/Mar/2016:04:40:07 -0500] "GET /galeria/nivo-slider/demo/images/ecolecta2016.jpg HTTP/1.1" 200 147170
190.66.99.197 - - [15/Mar/2016:04:40:07 -0500] "GET /galeria/nivo-slider/demo/images/Baner-ACERCAR.jpg HTTP/1.1" 200 68021
190.66.99.197 - - [15/Mar/2016:04:40:10 -0500] "GET /galeria/nivo-slider/themes/default/loading.gif HTTP/1.1" 200 1737
190.66.99.197 - - [15/Mar/2016:04:40:10 -0500] "GET /galeria/nivo-slider/demo/images/4Simple_Slider.png HTTP/1.1" 200 11722
190.66.99.197 - - [15/Mar/2016:04:40:11 -0500] "GET /galeria/nivo-slider/demo/images/Banner-Pread-2016.jpg HTTP/1.1" 200 130816
190.66.99.197 - - [15/Mar/2016:04:40:13 -0500] "GET /galeria/nivo-slider/demo/images/ABC-Plan-de-contigencia.jpg HTTP/1.1" 200 423901
190.66.99.197 - - [15/Mar/2016:04:40:13 -0500] "GET /galeria/nivo-slider/demo/images/banner-llantas2015.jpg HTTP/1.1" 200 268366
190.66.99.197 - - [15/Mar/2016:04:40:19 -0500] "GET /galeria/nivo-slider/demo/images/caminata-ecologica.jpg HTTP/1.1" 200 192926
190.66.99.197 - - [15/Mar/2016:04:40:26 -0500] "GET /galeria/nivo-slider/demo/images/banner-llantas2.jpg HTTP/1.1" 200 234514
190.66.99.197 - - [15/Mar/2016:04:40:26 -0500] "GET /galeria/nivo-slider/demo/images/9Signos.jpg HTTP/1.1" 200 81776
190.66.99.197 - - [15/Mar/2016:04:40:33 -0500] "GET /galeria/nivo-slider/demo/images/Ruta-vertimientos-01.jpg HTTP/1.1" 200 130151
190.66.99.197 - - [15/Mar/2016:04:40:33 -0500] "GET /galeria/nivo-slider/demo/images/bolsas-06.jpg HTTP/1.1" 200 210950
190.66.99.197 - - [15/Mar/2016:04:40:33 -0500] "GET /galeria/nivo-slider/demo/images/Cmapana-onestidad.jpg HTTP/1.1" 200 141638
190.66.99.197 - - [15/Mar/2016:04:41:06 -0500] "GET /galeria/nivo-slider/themes/default/arrows.png HTTP/1.1" 200 824
190.66.99.197 - - [15/Mar/2016:04:41:06 -0500] "GET /galeria/nivo-slider/themes/default/bullets.png HTTP/1.1" 200 1281
69.162.124.232 - - [15/Mar/2016:04:41:12 -0500] "HEAD / HTTP/1.1" 200 -
66.249.69.100 - - [15/Mar/2016:04:41:27 -0500] "GET /BLA/resoluciones/RESOLUCIONES%202010/7598.pdf HTTP/1.1" 200 66657
66.249.69.108 - - [15/Mar/2016:04:41:35 -0500] "GET /BLA/resoluciones/RESOLUCIONES%202007/RES%202007%20201%20AL%20300/RESOLUCION%200239%20DE%202007.pdf HTTP/1.1" 200 160621
66.249.69.100 - - [15/Mar/2016:04:42:24 -0500] "GET /BLA/resoluciones/RESOLUCIONES%202007/RES%202007%202601%20AL%202700/RESOLUCION%202646%20DE%202007.pdf HTTP/1.1" 200 373873
190.127.139.174 - - [15/Mar/2016:04:42:39 -0500] "GET /galeria/galeria/jquery.fancybox.css?v=2.1.5 HTTP/1.1" 200 4895
190.127.139.174 - - [15/Mar/2016:04:42:42 -0500] "GET /galeria/galeria/jquery.fancybox.js?v=2.1.5 HTTP/1.1" 200 48706
190.127.139.174 - - [15/Mar/2016:04:42:42 -0500] "GET /BLA/boletinlegal/js/jquery.scrollShow.js HTTP/1.1" 200 4586
66.249.69.100 - - [15/Mar/2016:04:43:25 -0500] "GET /BLA/resoluciones/RESOLUCIONES%202007/RES%202007%202301%20AL%202400/RESOLUCION%202304%20DE%202007.pdf HTTP/1.1" 304 -
66.249.69.100 - - [15/Mar/2016:04:43:34 -0500] "GET /BLA/resoluciones/RESOLUCIONES%202010/7875.pdf HTTP/1.1" 200 1545333
66.249.69.100 - - [15/Mar/2016:04:44:11 -0500] "GET /BLA/resoluciones/RESOLUCIONES%202010/7125.pdf HTTP/1.1" 200 277470
66.249.69.100 - - [15/Mar/2016:04:44:19 -0500] "GET /BLA/resoluciones/RESOLUCIONES%202010/7691.pdf HTTP/1.1" 200 218827
190.127.139.174 - - [15/Mar/2016:04:44:49 -0500] "GET /galeria/galeria/jquery.fancybox.css?v=2.1.5 HTTP/1.1" 200 4895
190.127.139.174 - - [15/Mar/2016:04:44:49 -0500] "GET /BLA/boletinlegal/js/jquery.scrollShow.js HTTP/1.1" 200 4586
190.127.139.174 - - [15/Mar/2016:04:45:40 -0500] "GET /galeria/galeria/jquery.fancybox.js?v=2.1.5 HTTP/1.1" 200 48706
66.249.69.100 - - [15/Mar/2016:04:45:55 -0500] "GET /galeria/bibloteca/contentflow.css HTTP/1.1" 200 3201
69.162.124.232 - - [15/Mar/2016:04:46:12 -0500] "HEAD / HTTP/1.1" 200 -
66.249.69.108 - - [15/Mar/2016:04:46:46 -0500] "GET /BLA/resoluciones/AUTOS%202013/2008.pdf HTTP/1.1" 304 -
66.249.69.108 - - [15/Mar/2016:04:47:30 -0500] "GET /BLA/resoluciones/Autos%202008/3450.pdf HTTP/1.1" 200 123021
66.249.69.100 - - [15/Mar/2016:04:47:40 -0500] "GET /BLA/resoluciones/Autos%202008/1074.pdf HTTP/1.1" 200 135028
79.170.40.182 - - [15/Mar/2016:04:47:52 -0500] "GET /wp-admin/ HTTP/1.1" 404 1018
207.46.13.183 - - [15/Mar/2016:04:48:04 -0500] "GET /dama/libreria/php/decide.php?patron=03.1202 HTTP/1.1" 404 1019
208.115.113.84 - - [15/Mar/2016:04:48:22 -0500] "GET / HTTP/1.1" 301 324
201.228.250.71 - - [15/Mar/2016:04:49:28 -0500] "GET /galeria/galeria/jquery.fancybox.css?v=2.1.5 HTTP/1.1" 200 4895
66.249.69.100 - - [15/Mar/2016:04:49:39 -0500] "GET /BLA/resoluciones/AUTOS%202010/0094.pdf HTTP/1.1" 200 268445
66.249.69.100 - - [15/Mar/2016:04:49:57 -0500] "GET /BLA/resoluciones/RESOLUCIONES%202010/7751.pdf HTTP/1.1" 200 298094
186.113.10.143 - - [15/Mar/2016:04:50:11 -0500] "GET /galeria/galeria/fotos/Movilizacion7P.jpg HTTP/1.1" 304 -
66.249.69.100 - - [15/Mar/2016:04:50:13 -0500] "GET /BLA/resoluciones/RESOLUCIONES%202010/7847.pdf HTTP/1.1" 200 37569
69.162.124.232 - - [15/Mar/2016:04:51:12 -0500] "HEAD / HTTP/1.1" 200 -
68.180.230.29 - - [15/Mar/2016:04:51:52 -0500] "GET /robots.txt HTTP/1.1" 404 1018
66.249.69.100 - - [15/Mar/2016:04:52:05 -0500] "GET /BLA/resoluciones/RESOLUCIONES%202010/7667.pdf HTTP/1.1" 200 422586
66.249.69.100 - - [15/Mar/2016:04:52:53 -0500] "GET /BLA/resoluciones/RESOLUCIONES%202010/5480.pdf HTTP/1.1" 200 248045
190.127.139.174 - - [15/Mar/2016:04:52:59 -0500] "GET /galeria/galeria/jquery.fancybox.js?v=2.1.5 HTTP/1.1" 304 -
190.127.139.174 - - [15/Mar/2016:04:53:02 -0500] "GET /BLA/boletinlegal/js/jquery.scrollShow.js HTTP/1.1" 200 4586
190.127.139.174 - - [15/Mar/2016:04:53:12 -0500] "GET /galeria/galeria/jquery.fancybox.css?v=2.1.5 HTTP/1.1" 304 -
66.249.69.56 - - [15/Mar/2016:04:53:24 -0500] "GET /ecodirectorio/files/res/mobile/page0083_i2.jpg HTTP/1.1" 200 190738
66.249.69.100 - - [15/Mar/2016:04:53:30 -0500] "GET /BLA/resoluciones/RESOLUCIONES%202011/2409.pdf HTTP/1.1" 200 312318
66.249.69.100 - - [15/Mar/2016:04:53:32 -0500] "GET /BLA/resoluciones/Autos%202008/2307.pdf HTTP/1.1" 200 152487
66.249.69.100 - - [15/Mar/2016:04:53:45 -0500] "GET /BLA/resoluciones/RESOLUCIONES%202010/7612.pdf HTTP/1.1" 200 373556
66.249.69.100 - - [15/Mar/2016:04:54:25 -0500] "GET /BLA/resoluciones/RESOLUCIONES%202010/7014.pdf HTTP/1.1" 200 966980
66.249.69.100 - - [15/Mar/2016:04:54:36 -0500] "GET /BLA/resoluciones/Autos%202008/0008.pdf HTTP/1.1" 200 78177
66.249.69.100 - - [15/Mar/2016:04:54:47 -0500] "GET /BLA/resoluciones/RESOLUCIONES%202010/7335.pdf HTTP/1.1" 200 520814
66.249.69.100 - - [15/Mar/2016:04:54:53 -0500] "GET /BLA/resoluciones/RESOLUCIONES%202010/0889.pdf HTTP/1.1" 200 108412
79.170.40.182 - - [15/Mar/2016:04:55:18 -0500] "GET /test/wp-admin/ HTTP/1.1" 404 1018
66.249.69.100 - - [15/Mar/2016:04:56:00 -0500] "GET /BLA/resoluciones/AUTOS%202010/5500.pdf HTTP/1.1" 200 319781
69.162.124.232 - - [15/Mar/2016:04:56:12 -0500] "HEAD / HTTP/1.1" 200 -
66.249.69.100 - - [15/Mar/2016:04:56:15 -0500] "GET /BLA/resoluciones/RESOLUCIONES%202009/6121.pdf HTTP/1.1" 304 -
176.195.36.164 - - [15/Mar/2016:04:56:50 -0500] "GET /galeria/galeria/jquery.fancybox.js?v=2.1.5 HTTP/1.1" 200 48706
176.195.36.164 - - [15/Mar/2016:04:56:50 -0500] "GET /galeria/galeria/jquery.fancybox.css?v=2.1.5 HTTP/1.1" 200 4895
176.195.36.164 - - [15/Mar/2016:04:56:50 -0500] "GET /BLA/boletinlegal/js/jquery.scrollShow.js HTTP/1.1" 200 4586
66.249.69.100 - - [15/Mar/2016:04:56:52 -0500] "GET /BLA/resoluciones/RESOLUCIONES%202008/0282.pdf HTTP/1.1" 304 -
192.99.44.141 - - [15/Mar/2016:04:57:26 -0500] "GET / HTTP/1.1" 301 324
66.249.69.100 - - [15/Mar/2016:04:57:32 -0500] "GET /BLA/resoluciones/RESOLUCIONES%202010/6229.pdf HTTP/1.1" 200 802945
66.249.69.100 - - [15/Mar/2016:04:57:56 -0500] "GET /galeria/galeria/fotos/Humedal-la-Isla3G.jpg HTTP/1.1" 304 -
66.249.69.100 - - [15/Mar/2016:04:58:47 -0500] "GET /BLA/resoluciones/RESOLUCIONES%202007/RES%202007%201101%20AL%201200/RESOLUCION%201125%20DE%202007.pdf HTTP/1.1" 200 362512
190.66.99.197 - - [15/Mar/2016:04:59:06 -0500] "GET /BLA/boletinlegal/js/jquery.scrollShow.js HTTP/1.1" 304 -
190.66.99.197 - - [15/Mar/2016:04:59:06 -0500] "GET /galeria/galeria/jquery.fancybox.css?v=2.1.5 HTTP/1.1" 304 -
190.66.99.197 - - [15/Mar/2016:04:59:06 -0500] "GET /galeria/galeria/jquery.fancybox.js?v=2.1.5 HTTP/1.1" 304 -
190.66.99.197 - - [15/Mar/2016:04:59:08 -0500] "GET /galeria/galeria/jquery.fancybox.css?v=2.1.5 HTTP/1.1" 200 4895
66.249.69.100 - - [15/Mar/2016:05:00:14 -0500] "GET /BLA/resoluciones/RESOLUCIONES%202007/RES%202007%20701%20AL%20800/RESOLUCION%200781%20DE%202007.pdf HTTP/1.1" 200 779099
69.162.124.232 - - [15/Mar/2016:05:01:12 -0500] "HEAD / HTTP/1.1" 200 -
66.249.69.108 - - [15/Mar/2016:05:02:08 -0500] "GET /BLA/resoluciones/RESOLUCIONES%202011/5341.pdf HTTP/1.1" 200 986864
79.170.40.182 - - [15/Mar/2016:05:02:25 -0500] "GET /wordpress/wp-admin/ HTTP/1.1" 404 1018
66.249.69.108 - - [15/Mar/2016:05:02:25 -0500] "GET /BLA/resoluciones/Autos%202008/2945.pdf HTTP/1.1" 200 50071
66.249.69.100 - - [15/Mar/2016:05:02:28 -0500] "GET /BLA/resoluciones/RESOLUCIONES%202010/7465.pdf HTTP/1.1" 200 131550
66.249.69.100 - - [15/Mar/2016:05:02:36 -0500] "GET /BLA/resoluciones/RESOLUCIONES%202010/7336.pdf HTTP/1.1" 200 517113
190.146.202.135 - - [15/Mar/2016:05:03:25 -0500] "GET /BLA/boletinlegal/js/jquery.scrollShow.js HTTP/1.1" 200 4586
190.146.202.135 - - [15/Mar/2016:05:03:25 -0500] "GET /galeria/galeria/jquery.fancybox.js?v=2.1.5 HTTP/1.1" 200 48706
190.146.202.135 - - [15/Mar/2016:05:03:25 -0500] "GET /galeria/galeria/jquery.fancybox.css?v=2.1.5 HTTP/1.1" 200 4895
190.146.202.135 - - [15/Mar/2016:05:03:34 -0500] "GET /galeria/galeria/jquery.fancybox.css?v=2.1.5 HTTP/1.1" 304 -
190.146.202.135 - - [15/Mar/2016:05:03:34 -0500] "GET /BLA/boletinlegal/js/jquery.scrollShow.js HTTP/1.1" 304 -
190.146.202.135 - - [15/Mar/2016:05:03:34 -0500] "GET /galeria/galeria/jquery.fancybox.js?v=2.1.5 HTTP/1.1" 304 -
190.146.202.135 - - [15/Mar/2016:05:03:35 -0500] "GET /galeria/galeria/jquery.fancybox.css?v=2.1.5 HTTP/1.1" 200 4895
66.249.69.100 - - [15/Mar/2016:05:03:36 -0500] "GET /BLA/resoluciones/RESOLUCIONES%202014/2073.pdf HTTP/1.1" 200 539757
190.147.219.44 - - [15/Mar/2016:05:03:55 -0500] "GET /BLA/boletinlegal/js/jquery.scrollShow.js HTTP/1.1" 304 -
181.49.150.18 - - [15/Mar/2016:05:03:55 -0500] "GET /galeria/galeria/jquery.fancybox.css?v=2.1.5 HTTP/1.1" 304 -
190.147.219.44 - - [15/Mar/2016:05:03:55 -0500] "GET /galeria/galeria/jquery.fancybox.js?v=2.1.5 HTTP/1.1" 304 -
66.249.69.100 - - [15/Mar/2016:05:03:55 -0500] "GET /BLA/resoluciones/RESOLUCIONES%202010/7733.pdf HTTP/1.1" 200 114665
66.249.69.100 - - [15/Mar/2016:05:04:08 -0500] "GET /BLA/resoluciones/RESOLUCIONES%202009/1943.pdf HTTP/1.1" 200 457769
66.249.69.100 - - [15/Mar/2016:05:04:31 -0500] "GET /BLA/resoluciones/Autos%202008/0015.pdf HTTP/1.1" 200 74441
190.0.16.22 - - [15/Mar/2016:05:05:27 -0500] "GET /BLA/resoluciones/RESOLUCIONES%202014/1243.pdf HTTP/1.1" 200 539001
190.0.16.22 - - [15/Mar/2016:05:05:29 -0500] "GET /favicon.ico HTTP/1.1" 200 7782
69.162.124.232 - - [15/Mar/2016:05:06:12 -0500] "HEAD / HTTP/1.1" 200 -
66.249.69.108 - - [15/Mar/2016:05:06:33 -0500] "GET /BLA/resoluciones/RESOLUCIONES%202010/7344.pdf HTTP/1.1" 200 344051
66.249.69.100 - - [15/Mar/2016:05:06:44 -0500] "GET /BLA/resoluciones/RESOLUCIONES%202010/6954.pdf HTTP/1.1" 200 381204
66.249.69.40 - - [15/Mar/2016:05:06:58 -0500] "GET /POT-2013/index.php?dir=Cartografia%2F HTTP/1.1" 200 11465
66.249.69.100 - - [15/Mar/2016:05:06:58 -0500] "GET /BLA/resoluciones/RESOLUCIONES%202010/7750.pdf HTTP/1.1" 200 228179
66.249.69.100 - - [15/Mar/2016:05:07:24 -0500] "GET /BLA/resoluciones/Autos%202008/0342.pdf HTTP/1.1" 200 61114
66.249.69.100 - - [15/Mar/2016:05:08:28 -0500] "GET /BLA/resoluciones/RESOLUCIONES%202010/5899.pdf HTTP/1.1" 200 313906
88.24.183.161 - - [15/Mar/2016:05:08:43 -0500] "GET /galeria/galeria/jquery.fancybox.css?v=2.1.5 HTTP/1.1" 200 4895
88.24.183.161 - - [15/Mar/2016:05:08:43 -0500] "GET /BLA/boletinlegal/js/jquery.scrollShow.js HTTP/1.1" 200 4586
88.24.183.161 - - [15/Mar/2016:05:08:43 -0500] "GET /galeria/galeria/jquery.fancybox.js?v=2.1.5 HTTP/1.1" 200 48706
88.24.183.161 - - [15/Mar/2016:05:08:51 -0500] "GET /galeria/galeria/jquery.fancybox.js?v=2.1.5 HTTP/1.1" 304 -
88.24.183.161 - - [15/Mar/2016:05:08:51 -0500] "GET /galeria/galeria/jquery.fancybox.css?v=2.1.5 HTTP/1.1" 304 -
88.24.183.161 - - [15/Mar/2016:05:08:51 -0500] "GET /BLA/boletinlegal/js/jquery.scrollShow.js HTTP/1.1" 304 -
186.146.19.252 - - [15/Mar/2016:05:09:39 -0500] "GET /BLA/boletinlegal/js/jquery.scrollShow.js HTTP/1.1" 200 4586
186.146.19.252 - - [15/Mar/2016:05:09:39 -0500] "GET /galeria/galeria/jquery.fancybox.js?v=2.1.5 HTTP/1.1" 200 48706
186.146.19.252 - - [15/Mar/2016:05:09:39 -0500] "GET /galeria/galeria/jquery.fancybox.css?v=2.1.5 HTTP/1.1" 200 4895
186.146.19.252 - - [15/Mar/2016:05:09:39 -0500] "GET /galeria/carrusel/Carrusel/jquery.thumbnailScroller.css HTTP/1.1" 200 2066
186.146.19.252 - - [15/Mar/2016:05:09:39 -0500] "GET /galeria/carrusel/Carrusel/jquery-ui-1.8.13.custom.min.js HTTP/1.1" 200 10800
186.146.19.252 - - [15/Mar/2016:05:09:40 -0500] "GET /galeria/carrusel/Carrusel/jquery.thumbnailScroller.js HTTP/1.1" 200 8157
186.146.19.252 - - [15/Mar/2016:05:09:45 -0500] "GET /galeria/nivo-slider/demo/demo.html HTTP/1.1" 200 3960
186.146.19.252 - - [15/Mar/2016:05:09:46 -0500] "GET /galeria/nivo-slider/themes/default/default.css HTTP/1.1" 200 1569
186.146.19.252 - - [15/Mar/2016:05:09:46 -0500] "GET /galeria/nivo-slider/themes/pascal/pascal.css HTTP/1.1" 200 2258
186.146.19.252 - - [15/Mar/2016:05:09:46 -0500] "GET /galeria/nivo-slider/nivo-slider.css HTTP/1.1" 200 1507
186.146.19.252 - - [15/Mar/2016:05:09:46 -0500] "GET /galeria/nivo-slider/themes/orman/orman.css HTTP/1.1" 200 2152
186.146.19.252 - - [15/Mar/2016:05:09:46 -0500] "GET /galeria/nivo-slider/demo/images/Reconciliate-con-la-naturalez.jpg HTTP/1.1" 200 348334
186.146.19.252 - - [15/Mar/2016:05:09:46 -0500] "GET /galeria/nivo-slider/demo/style.css HTTP/1.1" 200 2222
186.146.19.252 - - [15/Mar/2016:05:09:46 -0500] "GET /galeria/nivo-slider/demo/images/encuentros_ciudadanos.jpg HTTP/1.1" 200 128337
186.146.19.252 - - [15/Mar/2016:05:09:46 -0500] "GET /galeria/nivo-slider/demo/images/ecolecta2016.jpg HTTP/1.1" 200 147170
186.146.19.252 - - [15/Mar/2016:05:09:46 -0500] "GET /galeria/nivo-slider/demo/images/Baner-ACERCAR.jpg HTTP/1.1" 200 68021
186.146.19.252 - - [15/Mar/2016:05:09:46 -0500] "GET /galeria/nivo-slider/demo/images/Banner-Pread-2016.jpg HTTP/1.1" 200 130816
186.146.19.252 - - [15/Mar/2016:05:09:46 -0500] "GET /galeria/nivo-slider/demo/images/ABC-Plan-de-contigencia.jpg HTTP/1.1" 200 423901
186.146.19.252 - - [15/Mar/2016:05:09:46 -0500] "GET /galeria/nivo-slider/demo/images/banner-llantas2015.jpg HTTP/1.1" 200 268366
186.146.19.252 - - [15/Mar/2016:05:09:47 -0500] "GET /galeria/nivo-slider/demo/images/caminata-ecologica.jpg HTTP/1.1" 200 192926
186.146.19.252 - - [15/Mar/2016:05:09:48 -0500] "GET /galeria/nivo-slider/demo/images/Cmapana-onestidad.jpg HTTP/1.1" 200 141638
186.146.19.252 - - [15/Mar/2016:05:09:48 -0500] "GET /galeria/nivo-slider/demo/images/banner-llantas2.jpg HTTP/1.1" 200 234514
186.146.19.252 - - [15/Mar/2016:05:09:49 -0500] "GET /galeria/nivo-slider/demo/images/9Signos.jpg HTTP/1.1" 200 81776
186.146.19.252 - - [15/Mar/2016:05:09:50 -0500] "GET /galeria/nivo-slider/demo/scripts/jquery-1.7.1.min.js HTTP/1.1" 200 93868
186.146.19.252 - - [15/Mar/2016:05:09:50 -0500] "GET /galeria/nivo-slider/jquery.nivo.slider.pack.js HTTP/1.1" 200 11561
186.146.19.252 - - [15/Mar/2016:05:09:51 -0500] "GET /galeria/nivo-slider/demo/images/Ruta-vertimientos-01.jpg HTTP/1.1" 200 130151
186.146.19.252 - - [15/Mar/2016:05:09:51 -0500] "GET /galeria/nivo-slider/demo/images/bolsas-06.jpg HTTP/1.1" 200 210950
186.146.19.252 - - [15/Mar/2016:05:09:51 -0500] "GET /galeria/nivo-slider/demo/images/4Simple_Slider.png HTTP/1.1" 200 11722
186.146.19.252 - - [15/Mar/2016:05:09:52 -0500] "GET /galeria/nivo-slider/themes/default/loading.gif HTTP/1.1" 200 1737
186.146.19.252 - - [15/Mar/2016:05:09:54 -0500] "GET /galeria/nivo-slider/themes/default/arrows.png HTTP/1.1" 200 824
186.146.19.252 - - [15/Mar/2016:05:09:54 -0500] "GET /galeria/nivo-slider/themes/default/bullets.png HTTP/1.1" 200 1281
186.146.19.252 - - [15/Mar/2016:05:10:19 -0500] "GET /galeria/galeria/jquery.fancybox.css?v=2.1.5 HTTP/1.1" 304 -
186.146.19.252 - - [15/Mar/2016:05:10:19 -0500] "GET /BLA/boletinlegal/js/jquery.scrollShow.js HTTP/1.1" 304 -
186.146.19.252 - - [15/Mar/2016:05:10:19 -0500] "GET /galeria/galeria/jquery.fancybox.js?v=2.1.5 HTTP/1.1" 304 -
66.249.69.100 - - [15/Mar/2016:05:10:19 -0500] "GET /BLA/resoluciones/RESOLUCIONES%202014/2594.pdf HTTP/1.1" 200 475632
186.146.19.252 - - [15/Mar/2016:05:10:20 -0500] "GET /galeria/galeria/jquery.fancybox.css?v=2.1.5 HTTP/1.1" 200 4895
66.249.69.108 - - [15/Mar/2016:05:10:37 -0500] "GET /BLA/resoluciones/RESOLUCIONES%202010/7141.pdf HTTP/1.1" 200 72441
69.162.124.232 - - [15/Mar/2016:05:11:12 -0500] "HEAD / HTTP/1.1" 200 -
66.249.69.100 - - [15/Mar/2016:05:11:23 -0500] "GET /BLA/resoluciones/RESOLUCIONES%202010/7751.pdf HTTP/1.1" 200 298094
79.170.40.182 - - [15/Mar/2016:05:11:34 -0500] "GET /blog/wp-admin/ HTTP/1.1" 404 1018
66.249.69.100 - - [15/Mar/2016:05:11:41 -0500] "GET /BLA/resoluciones/RESOLUCIONES%202007/RES%202007%202601%20AL%202700/RESOLUCION%202618%20DE%202007.pdf HTTP/1.1" 304 -
207.241.237.211 - - [15/Mar/2016:05:11:51 -0500] "GET /galeria/nivo-slider/demo/images/Reconciliate-con-la-naturalez.jpg HTTP/1.0" 200 348334
66.249.69.116 - - [15/Mar/2016:05:13:41 -0500] "GET /BLA/resoluciones/RESOLUCIONES%202007/RES%202007%201101%20AL%201200/RESOLUCION%201110%20DE%202007.pdf HTTP/1.1" 200 195116
66.249.69.40 - - [15/Mar/2016:05:13:56 -0500] "GET /ecodirectorio/files/res/mobile/page0090_i1.jpg HTTP/1.1" 200 61423
186.146.19.252 - - [15/Mar/2016:05:14:11 -0500] "GET /galeria/galeria/jquery.fancybox.css?v=2.1.5 HTTP/1.1" 304 -
186.146.19.252 - - [15/Mar/2016:05:14:11 -0500] "GET /BLA/boletinlegal/js/jquery.scrollShow.js HTTP/1.1" 304 -
186.146.19.252 - - [15/Mar/2016:05:14:11 -0500] "GET /galeria/galeria/jquery.fancybox.js?v=2.1.5 HTTP/1.1" 304 -
186.146.19.252 - - [15/Mar/2016:05:14:11 -0500] "GET /galeria/galeria/jquery.fancybox.css?v=2.1.5 HTTP/1.1" 304 -
5.178.68.254 - - [15/Mar/2016:05:14:41 -0500] "POST /xmlrpc.php HTTP/1.1" 301 330
186.146.19.252 - - [15/Mar/2016:05:15:28 -0500] "GET /BLA/boletinlegal/js/jquery.scrollShow.js HTTP/1.1" 304 -
186.146.19.252 - - [15/Mar/2016:05:15:28 -0500] "GET /galeria/galeria/jquery.fancybox.js?v=2.1.5 HTTP/1.1" 304 -
186.146.19.252 - - [15/Mar/2016:05:15:28 -0500] "GET /galeria/galeria/jquery.fancybox.css?v=2.1.5 HTTP/1.1" 304 -
186.146.19.252 - - [15/Mar/2016:05:15:29 -0500] "GET /galeria/galeria/jquery.fancybox.css?v=2.1.5 HTTP/1.1" 200 4895
66.249.69.116 - - [15/Mar/2016:05:16:00 -0500] "GET /BLA/resoluciones/RESOLUCIONES%202010/7018.pdf HTTP/1.1" 200 1284890
69.162.124.232 - - [15/Mar/2016:05:16:12 -0500] "HEAD / HTTP/1.1" 200 -
66.249.69.108 - - [15/Mar/2016:05:16:13 -0500] "GET /BLA/resoluciones/AUTOS%202010/6578.pdf HTTP/1.1" 200 147903
66.249.69.100 - - [15/Mar/2016:05:16:19 -0500] "GET /BLA/resoluciones/RESOLUCIONES%202010/4394.pdf HTTP/1.1" 200 495403
207.241.237.211 - - [15/Mar/2016:05:16:27 -0500] "GET /galeria/carrusel/Carrusel/nextArrow.png HTTP/1.0" 200 1060
79.170.40.182 - - [15/Mar/2016:05:16:42 -0500] "GET /wp/wp-admin/ HTTP/1.1" 404 1018
181.128.208.128 - - [15/Mar/2016:05:16:51 -0500] "GET /galeria/galeria/jquery.fancybox.css?v=2.1.5 HTTP/1.1" 200 4895
181.128.208.128 - - [15/Mar/2016:05:16:51 -0500] "GET /BLA/boletinlegal/js/jquery.scrollShow.js HTTP/1.1" 200 4586
181.128.208.128 - - [15/Mar/2016:05:16:51 -0500] "GET /galeria/galeria/jquery.fancybox.js?v=2.1.5 HTTP/1.1" 200 48706
66.249.69.100 - - [15/Mar/2016:05:17:00 -0500] "GET /BLA/resoluciones/RESOLUCIONES%202010/5862.pdf HTTP/1.1" 200 198822
66.249.69.100 - - [15/Mar/2016:05:17:01 -0500] "GET /BLA/resoluciones/RESOLUCIONES%202010/7406.pdf HTTP/1.1" 200 491895
66.249.69.100 - - [15/Mar/2016:05:17:03 -0500] "GET /BLA/resoluciones/RESOLUCIONES%202009/6701.pdf HTTP/1.1" 200 342936
181.128.208.128 - - [15/Mar/2016:05:17:07 -0500] "GET /galeria/galeria/jquery.fancybox.css?v=2.1.5 HTTP/1.1" 304 -
181.128.208.128 - - [15/Mar/2016:05:17:07 -0500] "GET /BLA/boletinlegal/js/jquery.scrollShow.js HTTP/1.1" 304 -
181.128.208.128 - - [15/Mar/2016:05:17:07 -0500] "GET /galeria/galeria/jquery.fancybox.js?v=2.1.5 HTTP/1.1" 304 -
181.128.208.128 - - [15/Mar/2016:05:17:55 -0500] "GET /galeria/galeria/jquery.fancybox.css?v=2.1.5 HTTP/1.1" 304 -
181.128.208.128 - - [15/Mar/2016:05:17:55 -0500] "GET /BLA/boletinlegal/js/jquery.scrollShow.js HTTP/1.1" 304 -
181.128.208.128 - - [15/Mar/2016:05:17:55 -0500] "GET /galeria/galeria/jquery.fancybox.js?v=2.1.5 HTTP/1.1" 304 -
66.249.69.100 - - [15/Mar/2016:05:18:18 -0500] "GET /BLA/resoluciones/Autos%202008/1691.pdf HTTP/1.1" 200 120230
66.249.69.100 - - [15/Mar/2016:05:18:34 -0500] "GET /BLA/resoluciones/Autos%202008/0202.pdf HTTP/1.1" 200 103693
66.249.69.100 - - [15/Mar/2016:05:18:38 -0500] "GET /BLA/resoluciones/AUTOS%202013/3100.pdf HTTP/1.1" 200 1012609
66.249.69.56 - - [15/Mar/2016:05:18:46 -0500] "GET /Anexos%20estudio%20Organizacional%20SDA/dlf/styles.css HTTP/1.1" 200 3045
66.249.69.100 - - [15/Mar/2016:05:18:52 -0500] "GET /BLA/resoluciones/RESOLUCIONES%202007/RES%202007%20601%20AL%20700/RESOLUCION%200695%20DE%202007.pdf HTTP/1.1" 200 24665
209.126.230.71 - - [15/Mar/2016:05:19:13 -0500] "GET / HTTP/1.0" 200 10190
66.249.69.108 - - [15/Mar/2016:05:20:25 -0500] "GET /BLA/resoluciones/RESOLUCIONES%202014/2879.pdf HTTP/1.1" 304 -
190.131.194.135 - - [15/Mar/2016:05:20:30 -0500] "GET /galeria/nivo-slider/demo/images/Baner-ACERCAR.jpg HTTP/1.1" 304 -
66.249.69.100 - - [15/Mar/2016:05:20:35 -0500] "GET /BLA/resoluciones/RESOLUCIONES%202010/7741.pdf HTTP/1.1" 200 505798
152.201.216.188 - - [15/Mar/2016:05:20:53 -0500] "GET /galeria/galeria/jquery.fancybox.css?v=2.1.5 HTTP/1.1" 200 4895
152.201.216.188 - - [15/Mar/2016:05:20:54 -0500] "GET /BLA/boletinlegal/js/jquery.scrollShow.js HTTP/1.1" 200 4586
152.201.216.188 - - [15/Mar/2016:05:20:54 -0500] "GET /galeria/galeria/jquery.fancybox.js?v=2.1.5 HTTP/1.1" 200 48706
69.162.124.232 - - [15/Mar/2016:05:21:12 -0500] "HEAD / HTTP/1.1" 200 -
66.249.69.100 - - [15/Mar/2016:05:21:30 -0500] "GET /BLA/resoluciones/RESOLUCIONES%202010/7266.pdf HTTP/1.1" 200 275434
66.249.69.100 - - [15/Mar/2016:05:21:51 -0500] "GET /BLA/resoluciones/RESOLUCIONES%202010/5911.pdf HTTP/1.1" 200 995134
201.184.29.27 - - [15/Mar/2016:05:22:13 -0500] "GET /galeria/galeria/jquery.fancybox.css?v=2.1.5 HTTP/1.1" 304 -
201.184.29.27 - - [15/Mar/2016:05:22:13 -0500] "GET /BLA/boletinlegal/js/jquery.scrollShow.js HTTP/1.1" 304 -
201.184.29.27 - - [15/Mar/2016:05:22:13 -0500] "GET /galeria/galeria/jquery.fancybox.js?v=2.1.5 HTTP/1.1" 206 1
201.184.29.27 - - [15/Mar/2016:05:22:15 -0500] "GET /galeria/galeria/jquery.fancybox.js?v=2.1.5 HTTP/1.1" 206 12655
66.249.69.100 - - [15/Mar/2016:05:23:03 -0500] "GET /BLA/resoluciones/RESOLUCIONES%202007/RES%202007%202101%20AL%202200/RESOLUCION%202200%20DE%202007.pdf HTTP/1.1" 200 646903
66.249.69.100 - - [15/Mar/2016:05:23:19 -0500] "GET /BLA/resoluciones/RESOLUCIONES%202010/7365.pdf HTTP/1.1" 200 343332
79.170.40.182 - - [15/Mar/2016:05:23:23 -0500] "GET /old/wp-admin/ HTTP/1.1" 404 1018
207.46.13.183 - - [15/Mar/2016:05:23:30 -0500] "GET /dama/libreria/php/decide.php?patron=04.11 HTTP/1.1" 404 1015
66.249.69.100 - - [15/Mar/2016:05:23:32 -0500] "GET /BLA/resoluciones/RESOLUCIONES%202007/RES%202007%203401%20AL%203500/RESOLUCION%203419%20DE%202007.pdf HTTP/1.1" 200 22682
201.244.212.179 - - [15/Mar/2016:05:23:40 -0500] "GET /galeria/galeria/jquery.fancybox.css?v=2.1.5 HTTP/1.1" 200 4895
201.244.212.179 - - [15/Mar/2016:05:23:40 -0500] "GET /BLA/boletinlegal/js/jquery.scrollShow.js HTTP/1.1" 200 4586
201.244.212.179 - - [15/Mar/2016:05:23:40 -0500] "GET /galeria/galeria/jquery.fancybox.js?v=2.1.5 HTTP/1.1" 200 48706
66.249.69.100 - - [15/Mar/2016:05:23:44 -0500] "GET /BLA/resoluciones/RESOLUCIONES%202010/7720.pdf HTTP/1.1" 200 521952
66.249.69.100 - - [15/Mar/2016:05:23:47 -0500] "GET /BLA/resoluciones/RESOLUCIONES%202008/2104.pdf HTTP/1.1" 200 118664
66.249.69.100 - - [15/Mar/2016:05:24:09 -0500] "GET /BLA/resoluciones/RESOLUCIONES%202010/7518.pdf HTTP/1.1" 200 701503
66.249.69.100 - - [15/Mar/2016:05:24:22 -0500] "GET /BLA/resoluciones/AUTOS%202007/3054.pdf HTTP/1.1" 200 161982
84.120.0.159 - - [15/Mar/2016:05:25:16 -0500] "GET /BLA/boletinlegal/js/jquery.scrollShow.js HTTP/1.1" 200 4586
84.120.0.159 - - [15/Mar/2016:05:25:16 -0500] "GET /galeria/galeria/jquery.fancybox.js?v=2.1.5 HTTP/1.1" 200 48706
84.120.0.159 - - [15/Mar/2016:05:25:16 -0500] "GET /galeria/galeria/jquery.fancybox.css?v=2.1.5 HTTP/1.1" 200 4895
84.120.0.159 - - [15/Mar/2016:05:25:16 -0500] "GET /galeria/carrusel/Carrusel/jquery.thumbnailScroller.css HTTP/1.1" 200 2066
84.120.0.159 - - [15/Mar/2016:05:25:16 -0500] "GET /galeria/carrusel/Carrusel/jquery-ui-1.8.13.custom.min.js HTTP/1.1" 200 10800
84.120.0.159 - - [15/Mar/2016:05:25:16 -0500] "GET /galeria/carrusel/Carrusel/jquery.thumbnailScroller.js HTTP/1.1" 200 8157
84.120.0.159 - - [15/Mar/2016:05:25:25 -0500] "GET /galeria/nivo-slider/demo/demo.html HTTP/1.1" 200 3960
84.120.0.159 - - [15/Mar/2016:05:25:25 -0500] "GET /galeria/nivo-slider/themes/default/default.css HTTP/1.1" 200 1569
84.120.0.159 - - [15/Mar/2016:05:25:25 -0500] "GET /galeria/nivo-slider/themes/pascal/pascal.css HTTP/1.1" 200 2258
84.120.0.159 - - [15/Mar/2016:05:25:25 -0500] "GET /galeria/nivo-slider/nivo-slider.css HTTP/1.1" 200 1507
84.120.0.159 - - [15/Mar/2016:05:25:25 -0500] "GET /galeria/nivo-slider/themes/orman/orman.css HTTP/1.1" 200 2152
84.120.0.159 - - [15/Mar/2016:05:25:25 -0500] "GET /galeria/nivo-slider/demo/images/ecolecta2016.jpg HTTP/1.1" 200 147170
84.120.0.159 - - [15/Mar/2016:05:25:25 -0500] "GET /galeria/nivo-slider/demo/images/Reconciliate-con-la-naturalez.jpg HTTP/1.1" 200 348334
84.120.0.159 - - [15/Mar/2016:05:25:25 -0500] "GET /galeria/nivo-slider/demo/style.css HTTP/1.1" 200 2222
84.120.0.159 - - [15/Mar/2016:05:25:25 -0500] "GET /galeria/nivo-slider/demo/images/encuentros_ciudadanos.jpg HTTP/1.1" 200 128337
84.120.0.159 - - [15/Mar/2016:05:25:25 -0500] "GET /galeria/nivo-slider/demo/images/Banner-Pread-2016.jpg HTTP/1.1" 200 130816
84.120.0.159 - - [15/Mar/2016:05:25:25 -0500] "GET /galeria/nivo-slider/demo/images/Baner-ACERCAR.jpg HTTP/1.1" 200 68021
84.120.0.159 - - [15/Mar/2016:05:25:26 -0500] "GET /galeria/nivo-slider/demo/images/ABC-Plan-de-contigencia.jpg HTTP/1.1" 200 423901
84.120.0.159 - - [15/Mar/2016:05:25:26 -0500] "GET /galeria/nivo-slider/demo/images/banner-llantas2015.jpg HTTP/1.1" 200 268366
84.120.0.159 - - [15/Mar/2016:05:25:27 -0500] "GET /galeria/nivo-slider/demo/images/4Simple_Slider.png HTTP/1.1" 200 11722
84.120.0.159 - - [15/Mar/2016:05:25:27 -0500] "GET /galeria/nivo-slider/themes/default/loading.gif HTTP/1.1" 200 1737
84.120.0.159 - - [15/Mar/2016:05:25:27 -0500] "GET /galeria/nivo-slider/demo/images/caminata-ecologica.jpg HTTP/1.1" 200 192926
84.120.0.159 - - [15/Mar/2016:05:25:27 -0500] "GET /galeria/nivo-slider/demo/images/Cmapana-onestidad.jpg HTTP/1.1" 200 141638
84.120.0.159 - - [15/Mar/2016:05:25:27 -0500] "GET /galeria/nivo-slider/demo/images/banner-llantas2.jpg HTTP/1.1" 200 234514
84.120.0.159 - - [15/Mar/2016:05:25:28 -0500] "GET /galeria/nivo-slider/demo/images/9Signos.jpg HTTP/1.1" 200 81776
84.120.0.159 - - [15/Mar/2016:05:25:28 -0500] "GET /galeria/nivo-slider/demo/images/bolsas-06.jpg HTTP/1.1" 200 210950
84.120.0.159 - - [15/Mar/2016:05:25:28 -0500] "GET /galeria/nivo-slider/demo/images/Ruta-vertimientos-01.jpg HTTP/1.1" 200 130151
84.120.0.159 - - [15/Mar/2016:05:25:28 -0500] "GET /galeria/nivo-slider/demo/scripts/jquery-1.7.1.min.js HTTP/1.1" 200 93868
84.120.0.159 - - [15/Mar/2016:05:25:28 -0500] "GET /galeria/nivo-slider/jquery.nivo.slider.pack.js HTTP/1.1" 200 11561
84.120.0.159 - - [15/Mar/2016:05:25:30 -0500] "GET /galeria/nivo-slider/themes/default/arrows.png HTTP/1.1" 200 824
84.120.0.159 - - [15/Mar/2016:05:25:30 -0500] "GET /galeria/nivo-slider/themes/default/bullets.png HTTP/1.1" 200 1281
66.249.69.108 - - [15/Mar/2016:05:25:53 -0500] "GET /BLA/resoluciones/RESOLUCIONES%202007/RES%202007%201501%20AL%201600/RESOLUCION%201577%20DE%202007.pdf HTTP/1.1" 200 532471
69.162.124.232 - - [15/Mar/2016:05:26:12 -0500] "HEAD / HTTP/1.1" 200 -
66.249.69.108 - - [15/Mar/2016:05:26:14 -0500] "GET /BLA/resoluciones/RESOLUCIONES%202011/3357.pdf HTTP/1.1" 304 -
207.46.13.27 - - [15/Mar/2016:05:26:18 -0500] "GET /BLA/boletinlegal/jurisprudencia/analisis/CUADRO%20ANALISIS%20SENTENCIA%20C-554%20DE%202007.doc HTTP/1.1" 200 35328
66.249.69.108 - - [15/Mar/2016:05:26:32 -0500] "GET /BLA/resoluciones/RESOLUCIONES%202010/7602.pdf HTTP/1.1" 200 65959
66.249.69.100 - - [15/Mar/2016:05:26:58 -0500] "GET /BLA/resoluciones/RESOLUCIONES%202010/7399.pdf HTTP/1.1" 200 496643
169.229.3.91 - - [15/Mar/2016:05:27:44 -0500] "\xce\xff\xfc\xcadE\xe7\xb9J\x84\xbau1" 400 291
180.76.15.10 - - [15/Mar/2016:05:29:00 -0500] "GET / HTTP/1.1" 200 10190
207.241.237.211 - - [15/Mar/2016:05:29:29 -0500] "GET /galeria/nivo-slider/demo/images/ABC-Plan-de-contigencia.jpg HTTP/1.0" 200 423901
180.76.15.10 - - [15/Mar/2016:05:29:45 -0500] "GET / HTTP/1.1" 200 10190
66.249.69.116 - - [15/Mar/2016:05:30:31 -0500] "GET /BLA/resoluciones/AUTOS%202007/0602.pdf HTTP/1.1" 304 -
69.162.124.232 - - [15/Mar/2016:05:31:12 -0500] "HEAD / HTTP/1.1" 200 -
80.33.111.72 - - [15/Mar/2016:05:32:10 -0500] "GET /BLA/boletinlegal/js/jquery.scrollShow.js HTTP/1.1" 200 4586
80.33.111.72 - - [15/Mar/2016:05:32:10 -0500] "GET /galeria/galeria/jquery.fancybox.js?v=2.1.5 HTTP/1.1" 200 48706
80.33.111.72 - - [15/Mar/2016:05:32:10 -0500] "GET /galeria/galeria/jquery.fancybox.css?v=2.1.5 HTTP/1.1" 200 4895
80.33.111.72 - - [15/Mar/2016:05:32:11 -0500] "GET /galeria/carrusel/Carrusel/jquery.thumbnailScroller.css HTTP/1.1" 200 2066
80.33.111.72 - - [15/Mar/2016:05:32:11 -0500] "GET /galeria/carrusel/Carrusel/jquery-ui-1.8.13.custom.min.js HTTP/1.1" 200 10800
80.33.111.72 - - [15/Mar/2016:05:32:11 -0500] "GET /galeria/carrusel/Carrusel/jquery.thumbnailScroller.js HTTP/1.1" 200 8157
207.241.237.211 - - [15/Mar/2016:05:32:19 -0500] "GET /galeria/nivo-slider/demo/images/caminata-ecologica.jpg HTTP/1.0" 200 192926
66.249.69.116 - - [15/Mar/2016:05:32:28 -0500] "GET /galeria/galeria/jquery.fancybox.css?v=2.1.5 HTTP/1.1" 200 4895
80.33.111.72 - - [15/Mar/2016:05:32:28 -0500] "GET /galeria/nivo-slider/demo/demo.html HTTP/1.1" 200 3960
80.33.111.72 - - [15/Mar/2016:05:32:29 -0500] "GET /galeria/nivo-slider/themes/default/default.css HTTP/1.1" 200 1569
