212.71.250.193 - - [21/Mar/2016:05:56:14 -0500] "GET /galeria/nivo-slider/demo/images/ABC-Plan-de-contigencia.jpg HTTP/1.1" 200 423901
212.71.250.193 - - [21/Mar/2016:05:56:14 -0500] "GET /galeria/nivo-slider/demo/images/caminata-ecologica.jpg HTTP/1.1" 200 192926
212.71.250.193 - - [21/Mar/2016:05:56:14 -0500] "GET /galeria/nivo-slider/demo/images/banner-llantas2015.jpg HTTP/1.1" 200 268366
212.71.250.193 - - [21/Mar/2016:05:56:14 -0500] "GET /galeria/nivo-slider/demo/images/Cmapana-onestidad.jpg HTTP/1.1" 200 141638
212.71.250.193 - - [21/Mar/2016:05:56:14 -0500] "GET /galeria/nivo-slider/demo/images/banner-llantas2.jpg HTTP/1.1" 200 234514
212.71.250.193 - - [21/Mar/2016:05:56:15 -0500] "GET /galeria/nivo-slider/demo/images/9Signos.jpg HTTP/1.1" 200 81776
212.71.250.193 - - [21/Mar/2016:05:56:15 -0500] "GET /galeria/nivo-slider/demo/images/Ruta-vertimientos-01.jpg HTTP/1.1" 200 130151
212.71.250.193 - - [21/Mar/2016:05:56:15 -0500] "GET /galeria/nivo-slider/demo/images/bolsas-06.jpg HTTP/1.1" 200 210950
212.71.250.193 - - [21/Mar/2016:05:56:15 -0500] "GET /galeria/nivo-slider/demo/images/4Simple_Slider.png HTTP/1.1" 200 11722
212.71.250.193 - - [21/Mar/2016:05:56:15 -0500] "GET /galeria/nivo-slider/themes/default/loading.gif HTTP/1.1" 200 1737
212.71.250.193 - - [21/Mar/2016:05:56:17 -0500] "GET /galeria/nivo-slider/themes/default/arrows.png HTTP/1.1" 200 824
212.71.250.193 - - [21/Mar/2016:05:56:17 -0500] "GET /galeria/nivo-slider/themes/default/bullets.png HTTP/1.1" 200 1281
66.249.64.101 - - [21/Mar/2016:05:56:41 -0500] "GET /BLA/resoluciones/AUTOS%202015/1011.pdf HTTP/1.1" 200 592201
190.25.106.145 - - [21/Mar/2016:05:57:16 -0500] "GET /autoliquidacion HTTP/1.1" 301 310
190.25.106.145 - - [21/Mar/2016:05:57:16 -0500] "GET /autoliquidacion/ HTTP/1.1" 200 6375
190.25.106.145 - - [21/Mar/2016:05:57:16 -0500] "GET /autoliquidacion/dlf/styles.css HTTP/1.1" 200 3045
190.25.106.145 - - [21/Mar/2016:05:57:16 -0500] "GET /autoliquidacion/dlf/folder.png HTTP/1.1" 200 410
190.25.106.145 - - [21/Mar/2016:05:57:17 -0500] "GET /autoliquidacion/dlf/bg.gif HTTP/1.1" 200 54
190.25.106.145 - - [21/Mar/2016:05:57:19 -0500] "GET /BLA/boletinlegal/js/jquery.scrollShow.js HTTP/1.1" 304 -
190.25.106.145 - - [21/Mar/2016:05:57:19 -0500] "GET /galeria/galeria/jquery.fancybox.js?v=2.1.5 HTTP/1.1" 304 -
190.25.106.145 - - [21/Mar/2016:05:57:19 -0500] "GET /galeria/galeria/jquery.fancybox.css?v=2.1.5 HTTP/1.1" 304 -
190.25.106.145 - - [21/Mar/2016:05:57:20 -0500] "GET /autoliquidacion HTTP/1.1" 301 310
190.25.106.145 - - [21/Mar/2016:05:57:20 -0500] "GET /autoliquidacion/ HTTP/1.1" 200 6375
190.25.106.145 - - [21/Mar/2016:05:57:20 -0500] "GET /autoliquidacion/dlf/styles.css HTTP/1.1" 304 -
190.25.106.145 - - [21/Mar/2016:05:57:20 -0500] "GET /autoliquidacion/dlf/folder.png HTTP/1.1" 304 -
190.25.106.145 - - [21/Mar/2016:05:57:28 -0500] "GET /autoliquidacion/index.php?dir=Grupo+Forestal+-+Silvicultura%2F HTTP/1.1" 200 4956
190.25.106.145 - - [21/Mar/2016:05:57:28 -0500] "GET /autoliquidacion/dlf/dirup.png HTTP/1.1" 200 644
190.25.106.145 - - [21/Mar/2016:05:57:28 -0500] "GET /autoliquidacion/dlf/html.gif HTTP/1.1" 200 632
190.25.106.145 - - [21/Mar/2016:05:57:28 -0500] "GET /autoliquidacion/dlf/unknown.png HTTP/1.1" 200 266
190.25.106.145 - - [21/Mar/2016:05:57:28 -0500] "GET /autoliquidacion/dlf/xls.gif HTTP/1.1" 200 636
190.25.106.145 - - [21/Mar/2016:05:57:51 -0500] "GET /autoliquidacion/Grupo%20Forestal%20-%20Silvicultura/Solicitud%20y%20lista%20de%20chequeo%20Evaluaci%C3%B3n%20Silvicultural.xlsx HTTP/1.1" 200 110173
66.249.64.96 - - [21/Mar/2016:05:57:52 -0500] "GET /BLA/resoluciones/RESOLUCIONES%202011/2167.pdf HTTP/1.1" 200 515672
190.25.106.145 - - [21/Mar/2016:05:58:00 -0500] "GET /autoliquidacion/Grupo%20Forestal%20-%20Silvicultura/Solicitud%20y%20lista%20de%20chequeo%20Evaluaci%C3%B3n%20Silvicultural.xlsx HTTP/1.1" 206 1
190.25.106.145 - - [21/Mar/2016:05:58:00 -0500] "GET /autoliquidacion/Grupo%20Forestal%20-%20Silvicultura/Solicitud%20y%20lista%20de%20chequeo%20Evaluaci%C3%B3n%20Silvicultural.xlsx HTTP/1.1" 206 109095
66.249.64.96 - - [21/Mar/2016:05:59:02 -0500] "GET /BLA/resoluciones/RESOLUCIONES%202008/3721.pdf HTTP/1.1" 200 387190
66.249.64.96 - - [21/Mar/2016:05:59:10 -0500] "GET /BLA/resoluciones/RESOLUCIONES%202011/1342.pdf HTTP/1.1" 200 66585
69.162.124.232 - - [21/Mar/2016:05:59:13 -0500] "HEAD / HTTP/1.1" 200 -
104.236.213.66 - - [21/Mar/2016:06:00:04 -0500] "GET / HTTP/1.1" 200 10190
66.249.64.96 - - [21/Mar/2016:06:00:13 -0500] "GET /BLA/resoluciones/RESOLUCIONES%202010/6625.pdf HTTP/1.1" 304 -
40.77.167.67 - - [21/Mar/2016:06:00:18 -0500] "GET /BLA/resoluciones/AUTOS%202014/6086.pdf HTTP/1.1" 200 107871
157.55.39.201 - - [21/Mar/2016:06:01:09 -0500] "GET /galeria/galeria/jquery.fancybox.css?v=2.1.5 HTTP/1.1" 304 -
66.249.64.96 - - [21/Mar/2016:06:01:24 -0500] "GET /BLA/resoluciones/RESOLUCIONES%202008/5413.pdf HTTP/1.1" 200 288191
66.249.64.96 - - [21/Mar/2016:06:02:28 -0500] "GET /BLA/resoluciones/RESOLUCIONES%202011/3756.pdf HTTP/1.1" 200 377015
66.249.64.96 - - [21/Mar/2016:06:02:35 -0500] "GET /BLA/resoluciones/RESOLUCIONES%202010/3345.pdf HTTP/1.1" 304 -
179.180.86.247 - - [21/Mar/2016:06:03:29 -0500] "GET / HTTP/1.1" 302 298
40.77.167.67 - - [21/Mar/2016:06:03:37 -0500] "GET /galeria/galeria/jquery.fancybox.js?v=2.1.5 HTTP/1.1" 304 -
66.249.64.243 - - [21/Mar/2016:06:03:46 -0500] "GET /SIG/Comunicaciones/126PG02-PR06.pdf HTTP/1.1" 200 62670
157.55.39.201 - - [21/Mar/2016:06:03:48 -0500] "GET /galeria/galeria/jquery.fancybox.css?v=2.1.5 HTTP/1.1" 304 -
190.25.106.145 - - [21/Mar/2016:06:04:12 -0500] "GET /autoliquidacion/Grupo%20Forestal%20-%20Silvicultura/Especies%20de%20flora%20en%20la%20ciudad%20de%20bogota.xls HTTP/1.1" 200 1636352
69.162.124.232 - - [21/Mar/2016:06:04:13 -0500] "HEAD / HTTP/1.1" 200 -
83.56.46.52 - - [21/Mar/2016:06:04:15 -0500] "GET /galeria/galeria/jquery.fancybox.css?v=2.1.5 HTTP/1.1" 200 4895
83.56.46.52 - - [21/Mar/2016:06:04:15 -0500] "GET /BLA/boletinlegal/js/jquery.scrollShow.js HTTP/1.1" 200 4586
83.56.46.52 - - [21/Mar/2016:06:04:15 -0500] "GET /galeria/galeria/jquery.fancybox.js?v=2.1.5 HTTP/1.1" 200 48706
190.25.106.145 - - [21/Mar/2016:06:04:19 -0500] "GET /autoliquidacion/Grupo%20Forestal%20-%20Silvicultura/Estructura%20del%20SIADAMA.xls HTTP/1.1" 200 2426880
83.56.46.52 - - [21/Mar/2016:06:04:23 -0500] "GET /BLA/boletinlegal/js/jquery.scrollShow.js HTTP/1.1" 304 -
83.56.46.52 - - [21/Mar/2016:06:04:23 -0500] "GET /galeria/galeria/jquery.fancybox.js?v=2.1.5 HTTP/1.1" 304 -
83.56.46.52 - - [21/Mar/2016:06:04:23 -0500] "GET /galeria/galeria/jquery.fancybox.css?v=2.1.5 HTTP/1.1" 304 -
40.77.167.67 - - [21/Mar/2016:06:04:42 -0500] "GET /BLA/resoluciones/AUTOS%202014/4027.pdf HTTP/1.1" 200 495451
66.249.64.101 - - [21/Mar/2016:06:04:56 -0500] "GET /BLA/resoluciones/RESOLUCIONES%202014/2297.pdf HTTP/1.1" 200 4088240
66.249.64.96 - - [21/Mar/2016:06:05:31 -0500] "GET /BLA/resoluciones/AUTOS%202006/AUTOS%202006%202801%20-%202900/00002829.tif HTTP/1.1" 200 103722
66.249.64.96 - - [21/Mar/2016:06:05:47 -0500] "GET /BLA/resoluciones/Notificaciones/AUTOS%202014/6553.doc HTTP/1.1" 200 157696
190.25.106.145 - - [21/Mar/2016:06:06:04 -0500] "GET /autoliquidacion/Grupo%20Forestal%20-%20Silvicultura/Formato%20de%20revision%20de%20documentacion%20-%20Tramite%20facil.xls HTTP/1.1" 200 1698816
66.249.64.96 - - [21/Mar/2016:06:06:07 -0500] "GET /BLA/resoluciones/AUTOS%202011/6051.pdf HTTP/1.1" 200 268320
66.249.64.96 - - [21/Mar/2016:06:07:18 -0500] "GET /BLA/resoluciones/RESOLUCIONES%202014/2958.pdf HTTP/1.1" 200 473777
190.25.106.145 - - [21/Mar/2016:06:07:24 -0500] "GET /autoliquidacion/Grupo%20Forestal%20-%20Silvicultura/Ficha%20t%C3%A9cnica%20de%20registro%20(Ficha%202).docx HTTP/1.1" 200 676985
190.25.106.145 - - [21/Mar/2016:06:07:30 -0500] "GET /autoliquidacion/Grupo%20Forestal%20-%20Silvicultura/Formulario%20de%20recoleccion%20de%20informacion%20silvicultural%20-%20%20Ficha1.xls HTTP/1.1" 200 197120
190.223.58.50 - - [21/Mar/2016:06:07:43 -0500] "GET /BLA/resoluciones/AUTOS%202013/1616.pdf HTTP/1.1" 200 290460
66.249.64.96 - - [21/Mar/2016:06:08:29 -0500] "GET /BLA/resoluciones/AUTOS%202009/0279.pdf HTTP/1.1" 200 66958
66.249.64.96 - - [21/Mar/2016:06:09:06 -0500] "GET /BLA/resoluciones/RESOLUCIONES%202014/0387.pdf HTTP/1.1" 200 511445
69.162.124.232 - - [21/Mar/2016:06:09:13 -0500] "HEAD / HTTP/1.1" 200 -
66.249.64.96 - - [21/Mar/2016:06:09:36 -0500] "GET /BLA/resoluciones/RESOLUCIONES%202012/0532.pdf HTTP/1.1" 200 339706
190.25.106.145 - - [21/Mar/2016:06:10:26 -0500] "GET /autoliquidacion/ HTTP/1.1" 200 6375
190.25.106.145 - - [21/Mar/2016:06:10:34 -0500] "GET /autoliquidacion/index.php?dir=Grupo+Forestal+-+Industria+de+la+Madera%2F HTTP/1.1" 200 5539
190.25.106.145 - - [21/Mar/2016:06:10:34 -0500] "GET /autoliquidacion/dlf/pdf.gif HTTP/1.1" 200 272
66.249.64.96 - - [21/Mar/2016:06:10:51 -0500] "GET /BLA/resoluciones/RESOLUCIONES%202007/RES%202007%201001%20AL%201100/RESOLUCION%201007%20DE%202007.pdf HTTP/1.1" 200 221601
195.77.90.186 - - [21/Mar/2016:06:11:33 -0500] "GET /BLA/resoluciones/AUTOS%202013/3508.pdf HTTP/1.1" 200 484419
195.77.90.186 - - [21/Mar/2016:06:11:34 -0500] "GET /BLA/resoluciones/AUTOS%202013/3508.pdf HTTP/1.1" 206 65536
195.77.90.186 - - [21/Mar/2016:06:11:34 -0500] "GET /BLA/resoluciones/AUTOS%202013/3508.pdf HTTP/1.1" 206 25667
195.77.90.186 - - [21/Mar/2016:06:11:35 -0500] "GET /favicon.ico HTTP/1.1" 200 7782
190.25.106.145 - - [21/Mar/2016:06:11:39 -0500] "GET /autoliquidacion/index.php?dir=TR%C1MITES+AGUAS+SUPERFICIALES%2F HTTP/1.1" 200 2647
190.25.106.145 - - [21/Mar/2016:06:11:46 -0500] "GET /autoliquidacion/TR%C3%81MITES%20AGUAS%20SUPERFICIALES/FORMULARIO%20NACIONAL%20SOLICITUD%20-Concesion%20Aguas%20Superficiales.pdf HTTP/1.1" 200 94522
66.249.64.96 - - [21/Mar/2016:06:12:01 -0500] "GET /BLA/resoluciones/RESOLUCIONES%202009/8015.pdf HTTP/1.1" 200 82649
82.124.133.220 - - [21/Mar/2016:06:12:04 -0500] "GET /galeria/galeria/jquery.fancybox.css?v=2.1.5 HTTP/1.1" 200 4895
82.124.133.220 - - [21/Mar/2016:06:12:04 -0500] "GET /BLA/boletinlegal/js/jquery.scrollShow.js HTTP/1.1" 200 4586
82.124.133.220 - - [21/Mar/2016:06:12:04 -0500] "GET /galeria/galeria/jquery.fancybox.js?v=2.1.5 HTTP/1.1" 200 48706
66.249.64.96 - - [21/Mar/2016:06:12:23 -0500] "GET /BLA/resoluciones/AUTOS%202012/1637.pdf HTTP/1.1" 200 2270082
190.25.106.145 - - [21/Mar/2016:06:13:10 -0500] "GET /autoliquidacion/TR%C3%81MITES%20AGUAS%20SUPERFICIALES/Lista%20de%20chequeo%20concesion%20de%20aguas%20superficiales.XLS HTTP/1.1" 200 70144
66.249.64.96 - - [21/Mar/2016:06:13:12 -0500] "GET /BLA/resoluciones/RESOLUCIONES%202014/0085.pdf HTTP/1.1" 200 457041
180.76.15.156 - - [21/Mar/2016:06:13:19 -0500] "GET / HTTP/1.1" 301 324
190.25.106.145 - - [21/Mar/2016:06:13:19 -0500] "GET /autoliquidacion/index.php?dir=TR%C1MITES+AGUAS+SUBTERR%C1NEAS%2F HTTP/1.1" 200 3643
190.25.106.145 - - [21/Mar/2016:06:13:19 -0500] "GET /autoliquidacion/dlf/doc.gif HTTP/1.1" 200 1079
180.76.15.26 - - [21/Mar/2016:06:13:24 -0500] "GET / HTTP/1.1" 301 324
190.25.106.145 - - [21/Mar/2016:06:13:32 -0500] "GET /autoliquidacion/TR%C3%81MITES%20AGUAS%20SUBTERR%C3%81NEAS/formato%20toma%20de%20niveles.doc HTTP/1.1" 200 713728
190.25.106.145 - - [21/Mar/2016:06:13:40 -0500] "GET /autoliquidacion/index.php?dir=TR%C1MITES+AGUAS+SUBTERR%C1NEAS%2F126PM04-PR92-+PERMISO+EXPLORACI%D3N+AGUAS+SUBTERRANEAS%2F HTTP/1.1" 200 2974
190.25.106.145 - - [21/Mar/2016:06:13:42 -0500] "GET /autoliquidacion/TR%C3%81MITES%20AGUAS%20SUBTERR%C3%81NEAS/126PM04-PR92-%20PERMISO%20EXPLORACI%C3%93N%20AGUAS%20SUBTERRANEAS/-PR92-F-A2-V1.0(1)-lista%20de%20chequeo.xls HTTP/1.1" 200 195072
101.226.65.104 - - [21/Mar/2016:06:13:44 -0500] "GET /galeria/carrusel/Carrusel/jquery.thumbnailScroller.js HTTP/1.1" 200 8157
101.226.65.104 - - [21/Mar/2016:06:13:44 -0500] "GET /BLA/boletinlegal/js/jquery.scrollShow.js HTTP/1.1" 200 4586
101.226.65.104 - - [21/Mar/2016:06:13:44 -0500] "GET /galeria/galeria/jquery.fancybox.js?v=2.1.5 HTTP/1.1" 200 48706
101.226.65.104 - - [21/Mar/2016:06:13:44 -0500] "GET /galeria/nivo-slider/demo/demo.html HTTP/1.1" 200 4237
190.25.106.145 - - [21/Mar/2016:06:13:47 -0500] "GET /autoliquidacion/TR%C3%81MITES%20AGUAS%20SUBTERR%C3%81NEAS/126PM04-PR92-%20PERMISO%20EXPLORACI%C3%93N%20AGUAS%20SUBTERRANEAS/FORMULARIO%20NACIONAL%20SOLICITUD%20EXPLORACI%C3%93N%20AGUAS%20SUBT..doc HTTP/1.1" 200 73728
190.25.106.145 - - [21/Mar/2016:06:13:59 -0500] "GET /autoliquidacion/index.php?dir=TR%C1MITES+AGUAS+SUBTERR%C1NEAS%2F126PM04-PR92-+PERMISO+EXPLORACI%D3N+AGUAS+SUBTERRANEAS%2F HTTP/1.1" 200 2974
69.162.124.232 - - [21/Mar/2016:06:14:13 -0500] "HEAD / HTTP/1.1" 200 -
190.25.106.145 - - [21/Mar/2016:06:14:23 -0500] "GET /autoliquidacion/index.php?dir=Solicitudes+relacionadas+con+ocupaci%F3n+de+cauce%2F HTTP/1.1" 200 2697
66.249.64.96 - - [21/Mar/2016:06:14:23 -0500] "GET /BLA/resoluciones/RESOLUCIONES%202007/RES%202007%201901%20AL%202000/RESOLUCION%201935%20DE%202007.pdf HTTP/1.1" 200 660784
190.25.106.145 - - [21/Mar/2016:06:14:25 -0500] "GET /autoliquidacion/Solicitudes%20relacionadas%20con%20ocupaci%C3%B3n%20de%20cauce/126PM04-PR36%20LISTA%20DE%20CHEQUEO.pdf HTTP/1.1" 200 93315
190.25.106.145 - - [21/Mar/2016:06:14:55 -0500] "GET /autoliquidacion/Solicitudes%20relacionadas%20con%20ocupaci%C3%B3n%20de%20cauce/126pm04-pr36-f-a2-v60-SOLICITUD%20POC.pdf HTTP/1.1" 200 123941
190.25.106.145 - - [21/Mar/2016:06:15:15 -0500] "GET /autoliquidacion/Solicitudes%20relacionadas%20con%20ocupaci%C3%B3n%20de%20cauce/Aplicativo.html HTTP/1.1" 200 359
66.249.64.96 - - [21/Mar/2016:06:15:34 -0500] "GET /BLA/resoluciones/AUTOS%202012/1683.pdf HTTP/1.1" 200 334241
190.25.106.145 - - [21/Mar/2016:06:15:37 -0500] "GET /autoliquidacion/ HTTP/1.1" 200 6375
66.249.64.96 - - [21/Mar/2016:06:15:42 -0500] "GET /BLA/resoluciones/AUTOS%202009/0504.pdf HTTP/1.1" 200 166295
190.25.106.145 - - [21/Mar/2016:06:15:43 -0500] "GET /autoliquidacion/index.php?dir=Solicitudes+relacionadas+con+calidad+del+aire+auditiva+y+visual%2F HTTP/1.1" 200 5748
190.25.106.145 - - [21/Mar/2016:06:15:46 -0500] "GET /autoliquidacion/index.php?dir=Solicitudes+relacionadas+con+ocupaci%F3n+de+cauce%2F HTTP/1.1" 200 2697
40.77.167.67 - - [21/Mar/2016:06:16:04 -0500] "GET /galeria/galeria/jquery.fancybox.js?v=2.1.5 HTTP/1.1" 304 -
190.25.106.145 - - [21/Mar/2016:06:16:14 -0500] "GET /autoliquidacion/ HTTP/1.1" 200 6375
190.25.106.145 - - [21/Mar/2016:06:16:21 -0500] "GET /autoliquidacion/index.php?dir=Grupo+Forestal+-+Silvicultura%2F HTTP/1.1" 200 4956
190.25.106.145 - - [21/Mar/2016:06:16:39 -0500] "GET /autoliquidacion/Grupo%20Forestal%20-%20Silvicultura/Aplicativo.html HTTP/1.1" 200 359
66.249.64.96 - - [21/Mar/2016:06:16:45 -0500] "GET /BLA/resoluciones/AUTOS%202012/2415.pdf HTTP/1.1" 200 180663
157.55.39.201 - - [21/Mar/2016:06:16:47 -0500] "GET /galeria/galeria/jquery.fancybox.css?v=2.1.5 HTTP/1.1" 304 -
190.25.106.145 - - [21/Mar/2016:06:16:50 -0500] "GET /autoliquidacion/ HTTP/1.1" 200 6375
191.147.36.58 - - [21/Mar/2016:06:17:02 -0500] "GET /BLA/resoluciones/AUTOS%202014/1898.pdf HTTP/1.1" 200 190249
191.147.36.58 - - [21/Mar/2016:06:17:04 -0500] "GET /BLA/resoluciones/AUTOS%202014/1898.pdf HTTP/1.1" 200 190249
190.25.106.145 - - [21/Mar/2016:06:17:11 -0500] "GET /autoliquidacion/index.php?dir=Fauna+Silvestre%2F HTTP/1.1" 200 3033
190.25.106.145 - - [21/Mar/2016:06:17:22 -0500] "GET /autoliquidacion/Fauna%20Silvestre/LISTA%20DE%20CHEQUEO%20Y%20FORMATO%20DE%20SOLICITUD%20DE%20OTORGAMIENTO%20O%20MODIFICACION%20DE%20PERMISOS.xls HTTP/1.1" 200 852480
66.249.64.96 - - [21/Mar/2016:06:17:55 -0500] "GET /BLA/resoluciones/AUTOS%202015/0066.pdf HTTP/1.1" 200 512926
66.249.64.96 - - [21/Mar/2016:06:19:01 -0500] "GET /BLA/resoluciones/RESOLUCIONES%202007/RES%202007%203001%20AL%203100/RESOLUCION%203065%20DE%202007.pdf HTTP/1.1" 200 304615
66.249.64.96 - - [21/Mar/2016:06:19:06 -0500] "GET /BLA/resoluciones/AUTOS%202011/4255.pdf HTTP/1.1" 200 198251
69.162.124.232 - - [21/Mar/2016:06:19:13 -0500] "HEAD / HTTP/1.1" 200 -
190.25.106.145 - - [21/Mar/2016:06:19:44 -0500] "GET /autoliquidacion/Fauna%20Silvestre/Aplicativo.html HTTP/1.1" 200 359
84.124.24.194 - - [21/Mar/2016:06:20:03 -0500] "GET /galeria/galeria/jquery.fancybox.css?v=2.1.5 HTTP/1.1" 200 4895
84.124.24.194 - - [21/Mar/2016:06:20:03 -0500] "GET /BLA/boletinlegal/js/jquery.scrollShow.js HTTP/1.1" 200 4586
84.124.24.194 - - [21/Mar/2016:06:20:03 -0500] "GET /galeria/galeria/jquery.fancybox.js?v=2.1.5 HTTP/1.1" 200 48706
84.124.24.194 - - [21/Mar/2016:06:20:10 -0500] "GET /BLA/boletinlegal/js/jquery.scrollShow.js HTTP/1.1" 304 -
84.124.24.194 - - [21/Mar/2016:06:20:10 -0500] "GET /galeria/galeria/jquery.fancybox.js?v=2.1.5 HTTP/1.1" 304 -
84.124.24.194 - - [21/Mar/2016:06:20:10 -0500] "GET /galeria/galeria/jquery.fancybox.css?v=2.1.5 HTTP/1.1" 304 -
84.124.24.194 - - [21/Mar/2016:06:20:12 -0500] "GET /galeria/galeria/jquery.fancybox.css?v=2.1.5 HTTP/1.1" 200 4895
66.249.64.96 - - [21/Mar/2016:06:20:17 -0500] "GET /BLA/resoluciones/RESOLUCIONES%202010/7628.pdf HTTP/1.1" 200 322472
207.46.13.55 - - [21/Mar/2016:06:20:22 -0500] "GET /galeria/galeria/fotos/Humedal-Vaca3G.jpg HTTP/1.1" 200 540039
181.132.123.158 - - [21/Mar/2016:06:21:01 -0500] "GET /galeria/galeria/jquery.fancybox.js?v=2.1.5 HTTP/1.1" 200 48706
181.132.123.158 - - [21/Mar/2016:06:21:01 -0500] "GET /galeria/galeria/jquery.fancybox.css?v=2.1.5 HTTP/1.1" 200 4895
181.132.123.158 - - [21/Mar/2016:06:21:01 -0500] "GET /BLA/boletinlegal/js/jquery.scrollShow.js HTTP/1.1" 200 4586
152.61.192.232 - - [21/Mar/2016:06:21:07 -0500] "HEAD / HTTP/1.1" 200 -
66.249.64.96 - - [21/Mar/2016:06:21:28 -0500] "GET /BLA/resoluciones/RESOLUCIONES%202014/1389.pdf HTTP/1.1" 200 801911
152.61.192.232 - - [21/Mar/2016:06:21:07 -0500] "GET /arcgis/services/Calidad_del_Agua_WQI/MapServer/WMSServer?request=GetCapabilities&service=WMS HTTP/1.1" 503 1020
152.61.192.232 - - [21/Mar/2016:06:21:28 -0500] "GET /arcgis/services/Calidad_del_Agua_WQI/MapServer/WMSServer?SERVICE=WMS&REQUEST=GetCapabilities HTTP/1.1" 503 1020
152.61.192.232 - - [21/Mar/2016:06:21:29 -0500] "GET /arcgis/services/Calidad_del_Agua_WQI/MapServer/WMSServer?WMTVER=1.0.0&REQUEST=capabilities HTTP/1.1" 503 1020
101.226.65.104 - - [21/Mar/2016:06:21:36 -0500] "GET /galeria/nivo-slider/demo/scripts/jquery-1.7.1.min.js HTTP/1.1" 200 93868
101.226.65.104 - - [21/Mar/2016:06:21:36 -0500] "GET /galeria/nivo-slider/jquery.nivo.slider.pack.js HTTP/1.1" 200 11561
66.249.64.96 - - [21/Mar/2016:06:22:18 -0500] "GET /BLA/resoluciones/RESOLUCIONES%202007/RES%202007%201201%20AL%201300/RESOLUCION%20122_%20DE%202007.pdf HTTP/1.1" 200 252200
190.25.106.145 - - [21/Mar/2016:06:22:25 -0500] "GET /autoliquidacion/ HTTP/1.1" 200 6375
66.249.64.96 - - [21/Mar/2016:06:22:39 -0500] "GET /BLA/resoluciones/AUTOS%202008/2524.pdf HTTP/1.1" 200 100299
66.249.64.96 - - [21/Mar/2016:06:23:49 -0500] "GET /BLA/resoluciones/RESOLUCIONES%202013/2439.pdf HTTP/1.1" 200 891918
69.162.124.232 - - [21/Mar/2016:06:24:13 -0500] "HEAD / HTTP/1.1" 200 -
186.29.14.59 - - [21/Mar/2016:06:24:22 -0500] "GET /dama/libreria/php/frame_detalle.php?h_id=784 HTTP/1.1" 404 1319
186.29.14.59 - - [21/Mar/2016:06:24:22 -0500] "GET /favicon.ico HTTP/1.1" 200 7782
190.25.106.145 - - [21/Mar/2016:06:24:25 -0500] "GET /autoliquidacion/index.php?dir=Solicitudes+relacionadas+con+calidad+del+aire+auditiva+y+visual%2F HTTP/1.1" 200 5748
66.249.64.96 - - [21/Mar/2016:06:25:00 -0500] "GET /BLA/resoluciones/RESOLUCIONES%202008/4450.pdf HTTP/1.1" 200 730213
190.25.106.145 - - [21/Mar/2016:06:25:03 -0500] "GET /autoliquidacion/index.php?dir=Solicitudes+relacionadas+con+calidad+del+aire+auditiva+y+visual%2FAcompa%F1amiento+para+muestreo+isocin%E9tico+y+o+determinaciones+de+emisiones+a+fuentes+fijas%2F HTTP/1.1" 200 6029
66.249.64.96 - - [21/Mar/2016:06:25:12 -0500] "GET /galeria/carrusel/Carrusel/jquery-ui-1.8.13.custom.min.js HTTP/1.1" 200 10800
66.249.64.96 - - [21/Mar/2016:06:25:13 -0500] "GET /galeria/carrusel/Carrusel/jquery.thumbnailScroller.js HTTP/1.1" 200 8157
190.25.106.145 - - [21/Mar/2016:06:25:23 -0500] "GET /autoliquidacion/index.php?dir=Solicitudes+relacionadas+con+calidad+del+aire+auditiva+y+visual%2FEvaluaci%F3n+certificado+de+Intensidad+Auditiva%2F HTTP/1.1" 200 2811
66.249.64.96 - - [21/Mar/2016:06:25:37 -0500] "GET /BLA/resoluciones/RESOLUCIONES%202007/RES%202007%20601%20AL%20700/RESOLUCION%200662%20DE%202007.pdf HTTP/1.1" 200 705283
58.20.65.38 - - [21/Mar/2016:06:25:44 -0500] "GET / HTTP/1.1" 301 324
190.25.106.145 - - [21/Mar/2016:06:25:54 -0500] "GET /autoliquidacion/index.php?dir=Solicitudes+relacionadas+con+calidad+del+aire+auditiva+y+visual%2FEvaluaci%F3n+de+estudios+de+Emisiones+con+miras+a+verificar+el+cumplimiento+de+las+normas+de+emisiones%2F HTTP/1.1" 200 3251
190.25.106.145 - - [21/Mar/2016:06:26:00 -0500] "GET /autoliquidacion/index.php?dir=Solicitudes+relacionadas+con+calidad+del+aire+auditiva+y+visual%2FEvaluaci%F3n+de+permisos+de+emisi%F3n+para+fuentes+fijas%2F HTTP/1.1" 200 3709
190.25.106.145 - - [21/Mar/2016:06:26:04 -0500] "GET /autoliquidacion/Solicitudes%20relacionadas%20con%20calidad%20del%20aire%20auditiva%20y%20visual/Evaluaci%C3%B3n%20de%20permisos%20de%20emisi%C3%B3n%20para%20fuentes%20fijas/industrias,%20obras%20o%20actividades%20que%20requieren%20permiso%20de%20emisiones%20atmosfe.pdf HTTP/1.1" 200 81090
66.249.64.96 - - [21/Mar/2016:06:26:11 -0500] "GET /BLA/resoluciones/Notificaciones/REGISTROS%202015/1030.doc HTTP/1.1" 304 -
190.25.106.145 - - [21/Mar/2016:06:27:17 -0500] "GET /autoliquidacion/Solicitudes%20relacionadas%20con%20calidad%20del%20aire%20auditiva%20y%20visual/Evaluaci%C3%B3n%20de%20permisos%20de%20emisi%C3%B3n%20para%20fuentes%20fijas/lista%20de%20chequeo%20permiso%20de%20emisiones.pdf HTTP/1.1" 200 58783
66.249.64.96 - - [21/Mar/2016:06:27:22 -0500] "GET /BLA/resoluciones/Notificaciones/AUTOS%202014/2366.doc HTTP/1.1" 200 285696
179.37.4.108 - - [21/Mar/2016:06:28:24 -0500] "GET /BLA/boletinlegal/js/jquery.scrollShow.js HTTP/1.1" 200 4586
179.37.4.108 - - [21/Mar/2016:06:28:24 -0500] "GET /galeria/galeria/jquery.fancybox.js?v=2.1.5 HTTP/1.1" 200 48706
179.37.4.108 - - [21/Mar/2016:06:28:24 -0500] "GET /galeria/galeria/jquery.fancybox.css?v=2.1.5 HTTP/1.1" 200 4895
66.249.64.101 - - [21/Mar/2016:06:28:33 -0500] "GET /BLA/resoluciones/AUTOS%202014/6152.pdf HTTP/1.1" 304 -
190.25.106.145 - - [21/Mar/2016:06:28:39 -0500] "GET /autoliquidacion/index.php?dir=TR%C1MITES+VERTIMIENTOS%2F HTTP/1.1" 200 1989
190.25.106.145 - - [21/Mar/2016:06:28:41 -0500] "GET /autoliquidacion/index.php?dir=TR%C1MITES+VERTIMIENTOS%2FPERMISOS+DE+VERTIMIENTOS%2F HTTP/1.1" 200 3709
190.25.106.145 - - [21/Mar/2016:06:28:44 -0500] "GET /autoliquidacion/TR%C3%81MITES%20VERTIMIENTOS/PERMISOS%20DE%20VERTIMIENTOS/ANEXO%202.%20LISTA%20CHEQUEO%20PERMISO%20VERT.%20SUELO%20Y%20CUERPO%20DE%20AGUA%20F..xls HTTP/1.1" 200 211456
66.249.64.106 - - [21/Mar/2016:06:28:56 -0500] "GET /BLA/resoluciones/RESOLUCIONES%202011/5217.pdf HTTP/1.1" 200 602224
190.25.106.145 - - [21/Mar/2016:06:28:59 -0500] "GET /autoliquidacion/TR%C3%81MITES%20VERTIMIENTOS/PERMISOS%20DE%20VERTIMIENTOS/ANEXO3.%20LISTA%20DE%20CHEQUEO%20PERMISO%20VERT.%20ALCANTARILLADO%20-%20F.xls HTTP/1.1" 200 225792
190.25.106.145 - - [21/Mar/2016:06:29:03 -0500] "GET /autoliquidacion/TR%C3%81MITES%20VERTIMIENTOS/PERMISOS%20DE%20VERTIMIENTOS/ANEXO%204.%20formulario%20Unico%20nacional%20de%20solicitud%20de%20permiso%20de%20vertimientos.doc HTTP/1.1" 200 75777
190.25.106.145 - - [21/Mar/2016:06:29:06 -0500] "GET /autoliquidacion/TR%C3%81MITES%20VERTIMIENTOS/PERMISOS%20DE%20VERTIMIENTOS/ANEXO%20%205.%20%20MATRIZ%20PAR%C3%81METRSO%20ACTIVDADES%20PRODUCTIVAS.xls HTTP/1.1" 200 86528
179.37.4.108 - - [21/Mar/2016:06:29:12 -0500] "GET /BLA/boletinlegal/js/jquery.scrollShow.js HTTP/1.1" 304 -
179.37.4.108 - - [21/Mar/2016:06:29:12 -0500] "GET /galeria/galeria/jquery.fancybox.css?v=2.1.5 HTTP/1.1" 304 -
179.37.4.108 - - [21/Mar/2016:06:29:12 -0500] "GET /galeria/galeria/jquery.fancybox.js?v=2.1.5 HTTP/1.1" 304 -
69.162.124.232 - - [21/Mar/2016:06:29:13 -0500] "HEAD / HTTP/1.1" 200 -
151.80.31.174 - - [21/Mar/2016:06:29:14 -0500] "GET /robots.txt HTTP/1.1" 404 1018
179.37.4.108 - - [21/Mar/2016:06:29:16 -0500] "GET /galeria/galeria/jquery.fancybox.css?v=2.1.5 HTTP/1.1" 200 4895
66.249.64.101 - - [21/Mar/2016:06:29:44 -0500] "GET /BLA/resoluciones/RESOLUCIONES%202013/1743.pdf HTTP/1.1" 200 516936
66.249.64.101 - - [21/Mar/2016:06:30:54 -0500] "GET /BLA/resoluciones/RESOLUCIONES%202010/1000.pdf HTTP/1.1" 200 100966
66.249.64.96 - - [21/Mar/2016:06:32:05 -0500] "GET /BLA/resoluciones/RESOLUCIONES%202007/RES%202007%201401%20AL%201500/RESOLUCION%201416%20DE%202007.pdf HTTP/1.1" 200 206488
68.180.230.29 - - [21/Mar/2016:06:32:13 -0500] "GET /robots.txt HTTP/1.1" 404 1018
66.249.64.101 - - [21/Mar/2016:06:33:16 -0500] "GET /BLA/resoluciones/RESOLUCIONES%202009/3891.pdf HTTP/1.1" 304 -
91.121.221.15 - - [21/Mar/2016:06:34:02 -0500] "GET /robots.txt HTTP/1.0" 404 1019
91.121.221.15 - - [21/Mar/2016:06:34:04 -0500] "GET /kmz/?C=N;O=D HTTP/1.0" 200 4481
91.121.221.15 - - [21/Mar/2016:06:34:06 -0500] "GET /kmz/?C=S;O=A HTTP/1.0" 200 4481
91.121.221.15 - - [21/Mar/2016:06:34:08 -0500] "GET /portalsiaccapacitaciones/ HTTP/1.0" 200 4184
66.249.64.101 - - [21/Mar/2016:06:34:27 -0500] "GET /BLA/resoluciones/RESOLUCIONES%202013/0669.pdf HTTP/1.1" 304 -
157.55.39.201 - - [21/Mar/2016:06:34:32 -0500] "GET /galeria/galeria/jquery.fancybox.css?v=2.1.5 HTTP/1.1" 304 -
40.77.167.67 - - [21/Mar/2016:06:34:38 -0500] "GET /galeria/galeria/jquery.fancybox.js?v=2.1.5 HTTP/1.1" 304 -
208.30.41.204 - - [21/Mar/2016:06:34:49 -0500] "GET /galeria/galeria/jquery.fancybox.css?v=2.1.5 HTTP/1.1" 200 4895
208.30.41.204 - - [21/Mar/2016:06:34:49 -0500] "GET /BLA/boletinlegal/js/jquery.scrollShow.js HTTP/1.1" 200 4586
208.30.41.204 - - [21/Mar/2016:06:34:49 -0500] "GET /galeria/galeria/jquery.fancybox.js?v=2.1.5 HTTP/1.1" 200 48706
208.30.41.204 - - [21/Mar/2016:06:34:59 -0500] "GET /BLA/boletinlegal/js/jquery.scrollShow.js HTTP/1.1" 304 -
208.30.41.204 - - [21/Mar/2016:06:34:59 -0500] "GET /galeria/galeria/jquery.fancybox.js?v=2.1.5 HTTP/1.1" 304 -
208.30.41.204 - - [21/Mar/2016:06:34:59 -0500] "GET /galeria/galeria/jquery.fancybox.css?v=2.1.5 HTTP/1.1" 304 -
66.249.64.96 - - [21/Mar/2016:06:35:14 -0500] "GET /BLA/resoluciones/AUTOS%202006/AUTOS%202006%202801%20-%202900/00002852.tif HTTP/1.1" 200 82292
66.249.64.96 - - [21/Mar/2016:06:35:32 -0500] "GET /BLA/resoluciones/RESOLUCIONES%202010/6177.pdf HTTP/1.1" 200 331650
66.249.64.96 - - [21/Mar/2016:06:35:38 -0500] "GET /BLA/resoluciones/AUTOS%202013/2799.pdf HTTP/1.1" 200 409868
66.249.64.96 - - [21/Mar/2016:06:36:48 -0500] "GET /BLA/resoluciones/RESOLUCIONES%202010/0116.pdf HTTP/1.1" 200 870708
89.107.243.24 - - [21/Mar/2016:06:37:21 -0500] "GET /galeria/galeria/jquery.fancybox.css?v=2.1.5 HTTP/1.1" 200 4895
89.107.243.24 - - [21/Mar/2016:06:37:21 -0500] "GET /galeria/galeria/jquery.fancybox.js?v=2.1.5 HTTP/1.1" 200 48706
89.107.243.24 - - [21/Mar/2016:06:37:21 -0500] "GET /BLA/boletinlegal/js/jquery.scrollShow.js HTTP/1.1" 200 4586
69.162.124.232 - - [21/Mar/2016:06:37:30 -0500] "HEAD / HTTP/1.1" 200 -
66.249.64.96 - - [21/Mar/2016:06:37:59 -0500] "GET /BLA/resoluciones/AUTOS%202013/0655.pdf HTTP/1.1" 304 -
152.61.192.232 - - [21/Mar/2016:06:38:09 -0500] "HEAD / HTTP/1.1" 200 -
190.104.166.12 - - [21/Mar/2016:06:38:25 -0500] "GET /galeria/galeria/jquery.fancybox.js?v=2.1.5 HTTP/1.1" 200 48706
190.104.166.12 - - [21/Mar/2016:06:38:25 -0500] "GET /BLA/boletinlegal/js/jquery.scrollShow.js HTTP/1.1" 200 4586
190.104.166.12 - - [21/Mar/2016:06:38:26 -0500] "GET /galeria/galeria/jquery.fancybox.css?v=2.1.5 HTTP/1.1" 200 4895
152.61.192.232 - - [21/Mar/2016:06:38:09 -0500] "GET /arcgis/services/Calidad_del_Agua_WQI/MapServer/WMSServer?SERVICE=WMS&REQUEST=GetCapabilities HTTP/1.1" 503 1020
152.61.192.232 - - [21/Mar/2016:06:38:31 -0500] "GET /arcgis/services/Calidad_del_Agua_WQI/MapServer/WMSServer?WMTVER=1.0.0&REQUEST=capabilities HTTP/1.1" 503 1020
176.184.71.146 - - [21/Mar/2016:06:38:36 -0500] "GET /BLA/resoluciones/RESOLUCIONES%202009/8416.pdf HTTP/1.1" 200 541551
82.118.17.88 - - [21/Mar/2016:06:38:38 -0500] "GET /wp-admin/ HTTP/1.1" 404 1018
176.184.71.146 - - [21/Mar/2016:06:38:39 -0500] "GET /favicon.ico HTTP/1.1" 200 7782
66.249.64.96 - - [21/Mar/2016:06:38:51 -0500] "GET /BLA/resoluciones/RESOLUCIONES%202009/3458.pdf HTTP/1.1" 200 484673
190.104.166.12 - - [21/Mar/2016:06:38:57 -0500] "GET /galeria/galeria/jquery.fancybox.js?v=2.1.5 HTTP/1.1" 304 -
190.104.166.12 - - [21/Mar/2016:06:38:58 -0500] "GET /galeria/galeria/jquery.fancybox.css?v=2.1.5 HTTP/1.1" 304 -
190.104.166.12 - - [21/Mar/2016:06:38:58 -0500] "GET /BLA/boletinlegal/js/jquery.scrollShow.js HTTP/1.1" 304 -
190.104.166.12 - - [21/Mar/2016:06:39:05 -0500] "GET /BLA/boletinlegal/js/jquery.scrollShow.js HTTP/1.1" 200 4586
190.104.166.12 - - [21/Mar/2016:06:39:05 -0500] "GET /galeria/galeria/jquery.fancybox.js?v=2.1.5 HTTP/1.1" 200 48706
66.249.64.96 - - [21/Mar/2016:06:39:10 -0500] "GET /BLA/resoluciones/RESOLUCIONES%202013/1189.pdf HTTP/1.1" 200 438786
66.249.64.96 - - [21/Mar/2016:06:40:21 -0500] "GET /BLA/resoluciones/RESOLUCIONES%202009/6952.pdf HTTP/1.1" 304 -
66.249.64.96 - - [21/Mar/2016:06:41:32 -0500] "GET /BLA/resoluciones/RESOLUCIONES%202014/2383.pdf HTTP/1.1" 200 296676
66.249.64.96 - - [21/Mar/2016:06:42:10 -0500] "GET /BLA/resoluciones/RESOLUCIONES%202014/3000.pdf HTTP/1.1" 200 3417006
69.162.124.232 - - [21/Mar/2016:06:42:30 -0500] "HEAD / HTTP/1.1" 200 -
66.249.64.96 - - [21/Mar/2016:06:42:43 -0500] "GET /BLA/resoluciones/RESOLUCIONES%202009/5848.pdf HTTP/1.1" 200 305282
192.187.114.10 - - [21/Mar/2016:06:42:45 -0500] "GET /wp-login.php HTTP/1.1" 302 310
192.187.114.10 - - [21/Mar/2016:06:42:49 -0500] "GET /wp-login.php HTTP/1.1" 301 332
192.187.114.10 - - [21/Mar/2016:06:42:51 -0500] "GET /?author=1 HTTP/1.1" 301 329
192.187.114.10 - - [21/Mar/2016:06:42:54 -0500] "GET /?author=2 HTTP/1.1" 301 329
192.187.114.10 - - [21/Mar/2016:06:42:55 -0500] "POST /wp-login.php HTTP/1.1" 301 332
192.187.114.10 - - [21/Mar/2016:06:42:55 -0500] "POST /wp-login.php HTTP/1.1" 301 332
192.187.114.10 - - [21/Mar/2016:06:42:56 -0500] "POST /wp-login.php HTTP/1.1" 301 332
192.187.114.10 - - [21/Mar/2016:06:42:56 -0500] "POST /wp-login.php HTTP/1.1" 301 332
66.249.64.96 - - [21/Mar/2016:06:43:53 -0500] "GET /BLA/resoluciones/AUTOS%202015/0194.pdf HTTP/1.1" 200 524991
82.118.17.88 - - [21/Mar/2016:06:44:58 -0500] "GET /test/wp-admin/ HTTP/1.1" 404 1018
186.103.159.199 - - [21/Mar/2016:06:45:04 -0500] "GET /galeria/galeria/jquery.fancybox.css?v=2.1.5 HTTP/1.1" 200 4895
66.249.64.96 - - [21/Mar/2016:06:45:04 -0500] "GET /BLA/resoluciones/AUTOS%202015/0292.pdf HTTP/1.1" 200 758356
186.103.159.199 - - [21/Mar/2016:06:45:04 -0500] "GET /galeria/galeria/jquery.fancybox.js?v=2.1.5 HTTP/1.1" 200 48706
186.103.159.199 - - [21/Mar/2016:06:45:05 -0500] "GET /BLA/boletinlegal/js/jquery.scrollShow.js HTTP/1.1" 200 4586
186.103.159.199 - - [21/Mar/2016:06:45:19 -0500] "GET /galeria/galeria/jquery.fancybox.css?v=2.1.5 HTTP/1.1" 200 4895
186.103.159.199 - - [21/Mar/2016:06:45:19 -0500] "GET /galeria/galeria/jquery.fancybox.js?v=2.1.5 HTTP/1.1" 200 48706
186.103.159.199 - - [21/Mar/2016:06:45:19 -0500] "GET /BLA/boletinlegal/js/jquery.scrollShow.js HTTP/1.1" 200 4586
66.249.64.96 - - [21/Mar/2016:06:45:27 -0500] "GET /BLA/resoluciones/RESOLUCIONES%202011/0193.pdf HTTP/1.1" 200 67275
157.55.39.201 - - [21/Mar/2016:06:46:09 -0500] "GET /galeria/galeria/jquery.fancybox.css?v=2.1.5 HTTP/1.1" 304 -
66.249.64.96 - - [21/Mar/2016:06:46:15 -0500] "GET /BLA/resoluciones/AUTOS%202013/0553.pdf HTTP/1.1" 304 -
66.249.64.96 - - [21/Mar/2016:06:47:26 -0500] "GET /BLA/resoluciones/AUTOS%202015/0665.pdf HTTP/1.1" 200 553102
69.162.124.232 - - [21/Mar/2016:06:47:30 -0500] "HEAD / HTTP/1.1" 200 -
66.249.64.96 - - [21/Mar/2016:06:48:37 -0500] "GET /BLA/resoluciones/RESOLUCIONES%202010/1326.pdf HTTP/1.1" 200 111506
66.249.64.96 - - [21/Mar/2016:06:48:46 -0500] "GET /BLA/resoluciones/RESOLUCIONES%202007/RES%202007%202301%20AL%202400/RESOLUCION%202384%20DE%202007.pdf HTTP/1.1" 200 549993
190.159.59.160 - - [21/Mar/2016:06:49:03 -0500] "GET /galeria/galeria/jquery.fancybox.css?v=2.1.5 HTTP/1.1" 200 4895
190.159.59.160 - - [21/Mar/2016:06:49:03 -0500] "GET /galeria/galeria/jquery.fancybox.js?v=2.1.5 HTTP/1.1" 200 48706
190.159.59.160 - - [21/Mar/2016:06:49:03 -0500] "GET /galeria/carrusel/Carrusel/jquery.thumbnailScroller.css HTTP/1.1" 200 2066
190.159.59.160 - - [21/Mar/2016:06:49:03 -0500] "GET /BLA/boletinlegal/js/jquery.scrollShow.js HTTP/1.1" 200 4586
190.159.59.160 - - [21/Mar/2016:06:49:03 -0500] "GET /galeria/carrusel/Carrusel/jquery-ui-1.8.13.custom.min.js HTTP/1.1" 200 10800
190.159.59.160 - - [21/Mar/2016:06:49:03 -0500] "GET /galeria/carrusel/Carrusel/jquery.thumbnailScroller.js HTTP/1.1" 200 8157
190.159.59.160 - - [21/Mar/2016:06:49:07 -0500] "GET /galeria/nivo-slider/demo/demo.html HTTP/1.1" 200 4237
190.159.59.160 - - [21/Mar/2016:06:49:07 -0500] "GET /galeria/nivo-slider/themes/orman/orman.css HTTP/1.1" 200 2152
190.159.59.160 - - [21/Mar/2016:06:49:07 -0500] "GET /galeria/nivo-slider/themes/default/default.css HTTP/1.1" 200 1569
190.159.59.160 - - [21/Mar/2016:06:49:07 -0500] "GET /galeria/nivo-slider/themes/pascal/pascal.css HTTP/1.1" 200 2258
190.159.59.160 - - [21/Mar/2016:06:49:07 -0500] "GET /galeria/nivo-slider/demo/style.css HTTP/1.1" 200 2222
190.159.59.160 - - [21/Mar/2016:06:49:07 -0500] "GET /galeria/nivo-slider/nivo-slider.css HTTP/1.1" 200 1507
190.159.59.160 - - [21/Mar/2016:06:49:07 -0500] "GET /galeria/nivo-slider/demo/images/banner_decreto.png HTTP/1.1" 200 32523
190.159.59.160 - - [21/Mar/2016:06:49:07 -0500] "GET /galeria/nivo-slider/demo/scripts/jquery-1.7.1.min.js HTTP/1.1" 200 93868
190.159.59.160 - - [21/Mar/2016:06:49:07 -0500] "GET /galeria/nivo-slider/jquery.nivo.slider.pack.js HTTP/1.1" 200 11561
190.159.59.160 - - [21/Mar/2016:06:49:07 -0500] "GET /galeria/nivo-slider/demo/images/Banner_caminatas.jpg HTTP/1.1" 200 244095
190.159.59.160 - - [21/Mar/2016:06:49:07 -0500] "GET /galeria/nivo-slider/demo/images/Reconciliate-con-la-naturalez.jpg HTTP/1.1" 200 348334
190.159.59.160 - - [21/Mar/2016:06:49:07 -0500] "GET /galeria/nivo-slider/demo/images/encuentros_ciudadanos.jpg HTTP/1.1" 200 128337
190.159.59.160 - - [21/Mar/2016:06:49:09 -0500] "GET /galeria/nivo-slider/demo/images/4Simple_Slider.png HTTP/1.1" 200 11722
190.159.59.160 - - [21/Mar/2016:06:49:09 -0500] "GET /galeria/nivo-slider/themes/default/loading.gif HTTP/1.1" 200 1737
190.159.59.160 - - [21/Mar/2016:06:49:22 -0500] "GET /galeria/nivo-slider/demo/images/ecolecta2016.jpg HTTP/1.1" 200 147170
190.159.59.160 - - [21/Mar/2016:06:49:31 -0500] "GET /galeria/nivo-slider/demo/images/Baner-ACERCAR.jpg HTTP/1.1" 200 68021
190.159.59.160 - - [21/Mar/2016:06:49:31 -0500] "GET /galeria/nivo-slider/demo/images/Banner-Pread-2016.jpg HTTP/1.1" 200 130816
66.249.64.96 - - [21/Mar/2016:06:49:47 -0500] "GET /BLA/resoluciones/AUTOS%202015/0639.pdf HTTP/1.1" 200 280907
66.249.64.96 - - [21/Mar/2016:06:49:48 -0500] "GET /robots.txt HTTP/1.1" 404 1018
201.93.170.95 - - [21/Mar/2016:06:49:54 -0500] "GET / HTTP/1.1" 301 320
201.93.170.95 - - [21/Mar/2016:06:50:02 -0500] "GET /wp-content/uploads/2015/08/banner2.png HTTP/1.1" 301 362
201.93.170.95 - - [21/Mar/2016:06:50:02 -0500] "GET /wp-content/uploads/2015/08/fotos1b.png HTTP/1.1" 301 362
201.93.170.95 - - [21/Mar/2016:06:50:02 -0500] "GET /wp-content/uploads/2015/08/fotos2b.png HTTP/1.1" 301 362
201.93.170.95 - - [21/Mar/2016:06:50:02 -0500] "GET /wp-content/uploads/2015/08/fotos3b.png HTTP/1.1" 301 362
201.93.170.95 - - [21/Mar/2016:06:50:02 -0500] "GET /wp-content/uploads/2015/08/danos.png HTTP/1.1" 301 360
201.93.170.95 - - [21/Mar/2016:06:50:02 -0500] "GET /wp-content/uploads/2015/07/UNO.png HTTP/1.1" 301 358
201.93.170.95 - - [21/Mar/2016:06:50:02 -0500] "GET /wp-content/uploads/2015/07/DOS.png HTTP/1.1" 301 358
201.93.170.95 - - [21/Mar/2016:06:50:02 -0500] "GET /wp-content/uploads/2015/07/TERCER.png HTTP/1.1" 301 361
201.93.170.95 - - [21/Mar/2016:06:50:02 -0500] "GET /wp-content/uploads/2015/07/CUARTO.png HTTP/1.1" 301 361
82.118.17.88 - - [21/Mar/2016:06:50:50 -0500] "GET /wordpress/wp-admin/ HTTP/1.1" 404 1018
66.249.64.96 - - [21/Mar/2016:06:50:58 -0500] "GET /BLA/resoluciones/AUTOS%202012/1250.pdf HTTP/1.1" 200 395842
52.72.91.81 - - [21/Mar/2016:06:51:07 -0500] "GET / HTTP/1.1" 200 10190
52.72.91.81 - - [21/Mar/2016:06:51:08 -0500] "GET / HTTP/1.1" 200 10190
52.72.91.81 - - [21/Mar/2016:06:51:08 -0500] "GET / HTTP/1.1" 200 10190
52.72.91.81 - - [21/Mar/2016:06:51:08 -0500] "GET / HTTP/1.1" 200 10190
52.72.91.81 - - [21/Mar/2016:06:51:09 -0500] "GET / HTTP/1.1" 200 10190
52.72.91.81 - - [21/Mar/2016:06:51:09 -0500] "GET / HTTP/1.1" 200 10190
52.72.91.81 - - [21/Mar/2016:06:51:09 -0500] "GET / HTTP/1.1" 200 10190
52.72.91.81 - - [21/Mar/2016:06:51:10 -0500] "GET /images/SDA.jpg HTTP/1.1" 200 48976
52.72.91.81 - - [21/Mar/2016:06:51:10 -0500] "GET /images/SDA.jpg HTTP/1.1" 200 48976
52.72.91.81 - - [21/Mar/2016:06:51:10 -0500] "GET /images/INTRANET.jpg HTTP/1.1" 200 37297
52.72.91.81 - - [21/Mar/2016:06:51:11 -0500] "GET /images/INTRANET.jpg HTTP/1.1" 200 37297
52.72.91.81 - - [21/Mar/2016:06:51:11 -0500] "GET /images/LINEA.jpg HTTP/1.1" 200 33035
52.72.91.81 - - [21/Mar/2016:06:51:11 -0500] "GET /images/LINEA.jpg HTTP/1.1" 200 33035
52.72.91.81 - - [21/Mar/2016:06:51:11 -0500] "GET /images/INTERNET.jpg HTTP/1.1" 200 34880
52.72.91.81 - - [21/Mar/2016:06:51:12 -0500] "GET /images/INTERNET.jpg HTTP/1.1" 200 34880
52.72.91.81 - - [21/Mar/2016:06:51:12 -0500] "GET /images/NINOS.jpg HTTP/1.1" 200 44828
52.72.91.81 - - [21/Mar/2016:06:51:12 -0500] "GET /images/NINOS.jpg HTTP/1.1" 200 44828
52.72.91.81 - - [21/Mar/2016:06:51:12 -0500] "GET /images/FOREST.jpg HTTP/1.1" 200 33277
52.72.91.81 - - [21/Mar/2016:06:51:13 -0500] "GET /images/FOREST.jpg HTTP/1.1" 200 33277
52.72.91.81 - - [21/Mar/2016:06:51:13 -0500] "GET /images/RMCAB.jpg HTTP/1.1" 200 49926
52.72.91.81 - - [21/Mar/2016:06:51:13 -0500] "GET /images/RMCAB.jpg HTTP/1.1" 200 49926
52.72.91.81 - - [21/Mar/2016:06:51:13 -0500] "GET /images/BLA.jpg HTTP/1.1" 200 34672
52.72.91.81 - - [21/Mar/2016:06:51:14 -0500] "GET /images/BLA.jpg HTTP/1.1" 200 34672
52.72.91.81 - - [21/Mar/2016:06:51:14 -0500] "GET /images/SDQS.jpg HTTP/1.1" 200 47976
52.72.91.81 - - [21/Mar/2016:06:51:14 -0500] "GET /images/SDQS.jpg HTTP/1.1" 200 47976
52.72.91.81 - - [21/Mar/2016:06:51:15 -0500] "GET /images/CORREO.jpg HTTP/1.1" 200 39337
52.72.91.81 - - [21/Mar/2016:06:51:15 -0500] "GET /images/CORREO.jpg HTTP/1.1" 200 39337
52.72.91.81 - - [21/Mar/2016:06:51:16 -0500] "GET /images/SDA.jpg HTTP/1.1" 200 48976
52.72.91.81 - - [21/Mar/2016:06:51:16 -0500] "GET /images/INTRANET.jpg HTTP/1.1" 200 37297
52.72.91.81 - - [21/Mar/2016:06:51:16 -0500] "GET /images/NINOS.jpg HTTP/1.1" 200 44828
52.72.91.81 - - [21/Mar/2016:06:51:16 -0500] "GET /images/BLA.jpg HTTP/1.1" 200 34672
52.72.91.81 - - [21/Mar/2016:06:51:16 -0500] "GET /images/CATALOGO.jpg HTTP/1.1" 200 35661
52.72.91.81 - - [21/Mar/2016:06:51:16 -0500] "GET /images/INTERNET.jpg HTTP/1.1" 200 34880
52.72.91.81 - - [21/Mar/2016:06:51:16 -0500] "GET /images/RMCAB.jpg HTTP/1.1" 200 49926
52.72.91.81 - - [21/Mar/2016:06:51:16 -0500] "GET /images/CORREO.jpg HTTP/1.1" 200 39337
52.72.91.81 - - [21/Mar/2016:06:51:16 -0500] "GET /images/FOREST.jpg HTTP/1.1" 200 33277
52.72.91.81 - - [21/Mar/2016:06:51:16 -0500] "GET /images/SDQS.jpg HTTP/1.1" 200 47976
52.72.91.81 - - [21/Mar/2016:06:51:17 -0500] "GET /images/LINEA.jpg HTTP/1.1" 200 33035
52.72.91.81 - - [21/Mar/2016:06:51:17 -0500] "GET /images/FORMATOS.jpg HTTP/1.1" 200 41585
190.131.194.135 - - [21/Mar/2016:06:51:49 -0500] "GET /galeria/nivo-slider/demo/images/rendicion-de-cuentas-formulario.jpg HTTP/1.1" 304 -
186.145.79.158 - - [21/Mar/2016:06:51:54 -0500] "GET /BLA/boletinlegal/js/jquery.scrollShow.js HTTP/1.1" 200 4586
186.145.79.158 - - [21/Mar/2016:06:51:54 -0500] "GET /galeria/galeria/jquery.fancybox.js?v=2.1.5 HTTP/1.1" 200 48706
186.145.79.158 - - [21/Mar/2016:06:51:55 -0500] "GET /galeria/galeria/jquery.fancybox.css?v=2.1.5 HTTP/1.1" 200 4895
66.249.64.96 - - [21/Mar/2016:06:52:06 -0500] "GET /BLA/resoluciones/RESOLUCIONES%202008/3471.pdf HTTP/1.1" 200 252310
66.249.64.96 - - [21/Mar/2016:06:52:09 -0500] "GET /BLA/resoluciones/RESOLUCIONES%202008/3203.pdf HTTP/1.1" 200 338152
69.162.124.232 - - [21/Mar/2016:06:52:30 -0500] "HEAD / HTTP/1.1" 200 -
66.249.64.96 - - [21/Mar/2016:06:53:20 -0500] "GET /BLA/resoluciones/AUTOS%202010/5455.pdf HTTP/1.1" 200 1591998
66.249.64.96 - - [21/Mar/2016:06:53:50 -0500] "GET /BLA/resoluciones/AUTOS%202015/0277.pdf HTTP/1.1" 200 558419
66.103.9.12 - - [21/Mar/2016:06:54:29 -0500] "GET /BLA/boletinlegal/js/jquery.scrollShow.js HTTP/1.1" 200 4586
66.103.9.12 - - [21/Mar/2016:06:54:29 -0500] "GET /galeria/galeria/jquery.fancybox.css?v=2.1.5 HTTP/1.1" 200 4895
66.103.9.12 - - [21/Mar/2016:06:54:29 -0500] "GET /galeria/galeria/jquery.fancybox.js?v=2.1.5 HTTP/1.1" 200 48706
66.249.64.96 - - [21/Mar/2016:06:54:31 -0500] "GET /BLA/resoluciones/AUTOS%202012/1934.pdf HTTP/1.1" 200 914765
66.103.9.12 - - [21/Mar/2016:06:54:33 -0500] "GET /galeria/galeria/jquery.fancybox.css?v=2.1.5 HTTP/1.1" 304 -
66.103.9.12 - - [21/Mar/2016:06:54:33 -0500] "GET /galeria/galeria/jquery.fancybox.js?v=2.1.5 HTTP/1.1" 304 -
66.103.9.12 - - [21/Mar/2016:06:54:33 -0500] "GET /BLA/boletinlegal/js/jquery.scrollShow.js HTTP/1.1" 304 -
66.249.64.96 - - [21/Mar/2016:06:55:42 -0500] "GET /BLA/resoluciones/AUTOS%202015/0325.pdf HTTP/1.1" 200 2390605
66.249.64.96 - - [21/Mar/2016:06:56:52 -0500] "GET /BLA/resoluciones/AUTOS%202009/1782.pdf HTTP/1.1" 200 98427
207.46.13.126 - - [21/Mar/2016:06:57:29 -0500] "GET /BLA/boletinlegal/norma_menu.php HTTP/1.1" 200 5344
69.162.124.232 - - [21/Mar/2016:06:57:30 -0500] "HEAD / HTTP/1.1" 200 -
66.249.64.96 - - [21/Mar/2016:06:58:03 -0500] "GET /BLA/resoluciones/RESOLUCIONES%202008/3841.pdf HTTP/1.1" 200 601240
207.46.13.185 - - [21/Mar/2016:06:58:06 -0500] "GET /BLA/boletinlegal/js/ajax.js HTTP/1.1" 200 772
207.46.13.185 - - [21/Mar/2016:06:58:06 -0500] "GET /BLA/boletinlegal/js/popup.js HTTP/1.1" 200 1270
66.249.64.96 - - [21/Mar/2016:06:58:21 -0500] "GET /BLA/resoluciones/RESOLUCIONES%202008/5611.pdf HTTP/1.1" 200 249245
66.249.64.96 - - [21/Mar/2016:06:58:41 -0500] "GET /BLA/resoluciones/AUTOS%202007/0704.pdf HTTP/1.1" 200 65092
66.249.64.96 - - [21/Mar/2016:06:59:14 -0500] "GET /BLA/resoluciones/RESOLUCIONES%202013/2099.pdf HTTP/1.1" 200 3101425
66.249.64.96 - - [21/Mar/2016:07:00:25 -0500] "GET /BLA/resoluciones/RESOLUCIONES%202007/RES%202007%20701%20AL%20800/RESOLUCION%200772%20DE%202007.pdf HTTP/1.1" 200 1528849
186.146.193.250 - - [21/Mar/2016:07:00:26 -0500] "GET /BLA/boletinlegal/js/jquery.scrollShow.js HTTP/1.1" 200 4586
186.146.193.250 - - [21/Mar/2016:07:00:26 -0500] "GET /galeria/galeria/jquery.fancybox.css?v=2.1.5 HTTP/1.1" 200 4895
186.146.193.250 - - [21/Mar/2016:07:00:26 -0500] "GET /galeria/galeria/jquery.fancybox.js?v=2.1.5 HTTP/1.1" 200 48706
157.55.39.19 - - [21/Mar/2016:07:00:33 -0500] "GET /BLA/boletinlegal/js/jquery1.js HTTP/1.1" 200 29846
157.55.39.19 - - [21/Mar/2016:07:00:34 -0500] "GET /BLA/boletinlegal/js/lib.js HTTP/1.1" 200 6474
157.55.39.19 - - [21/Mar/2016:07:00:34 -0500] "GET /BLA/boletinlegal/swfobject.js HTTP/1.1" 200 9763
40.77.167.67 - - [21/Mar/2016:07:01:19 -0500] "GET /galeria/galeria/jquery.fancybox.js?v=2.1.5 HTTP/1.1" 304 -
157.55.39.201 - - [21/Mar/2016:07:01:25 -0500] "GET /galeria/galeria/jquery.fancybox.css?v=2.1.5 HTTP/1.1" 304 -
66.249.64.96 - - [21/Mar/2016:07:01:36 -0500] "GET /BLA/resoluciones/RESOLUCIONES%202009/3938.pdf HTTP/1.1" 304 -
66.249.64.96 - - [21/Mar/2016:07:02:00 -0500] "GET /BLA/resoluciones/RESOLUCIONES%202007/RES%202007%203401%20AL%203500/RESOLUCION%203487%20DE%202007.pdf HTTP/1.1" 200 354803
152.201.0.48 - - [21/Mar/2016:07:02:11 -0500] "GET /videos/ArchivoSDA.flv HTTP/1.1" 304 -
51.255.66.130 - - [21/Mar/2016:07:02:19 -0500] "GET /dama/libreria/jpg/ecosistemas/ruralidad/ru_1b.jpg HTTP/1.1" 404 1019
181.63.114.19 - - [21/Mar/2016:07:02:26 -0500] "GET /BLA/boletinlegal/js/jquery.scrollShow.js HTTP/1.1" 200 4586
181.63.114.19 - - [21/Mar/2016:07:02:26 -0500] "GET /galeria/galeria/jquery.fancybox.css?v=2.1.5 HTTP/1.1" 200 4895
181.63.114.19 - - [21/Mar/2016:07:02:26 -0500] "GET /galeria/galeria/jquery.fancybox.js?v=2.1.5 HTTP/1.1" 200 48706
69.162.124.232 - - [21/Mar/2016:07:02:30 -0500] "HEAD / HTTP/1.1" 200 -
66.249.64.96 - - [21/Mar/2016:07:02:46 -0500] "GET /BLA/resoluciones/RESOLUCIONES%202009/9710.pdf HTTP/1.1" 200 314471
82.118.17.88 - - [21/Mar/2016:07:02:48 -0500] "GET /wp/wp-admin/ HTTP/1.1" 404 1018
66.249.64.101 - - [21/Mar/2016:07:03:57 -0500] "GET /BLA/resoluciones/AUTOS%202013/0160.pdf HTTP/1.1" 304 -
95.211.206.202 - - [21/Mar/2016:07:04:12 -0500] "GET /rom-0 HTTP/1.1" 404 1018
66.249.64.96 - - [21/Mar/2016:07:04:14 -0500] "GET /BLA/resoluciones/RESOLUCIONES%202009/8822.pdf HTTP/1.1" 200 514743
66.249.64.101 - - [21/Mar/2016:07:05:08 -0500] "GET /BLA/resoluciones/RESOLUCIONES%202007/RES%202007%203301%20AL%203400/RESOLUCION%203344%20DE%202007.pdf HTTP/1.1" 304 -
66.249.64.96 - - [21/Mar/2016:07:05:17 -0500] "GET /BLA/resoluciones/RESOLUCIONES%202007/RES%202007%202801%20AL%202900/RESOLUCION%202851%20DE%202007.pdf HTTP/1.1" 200 69413
66.249.64.96 - - [21/Mar/2016:07:06:19 -0500] "GET /BLA/resoluciones/RESOLUCIONES%202007/RES%202007%202401%20AL%202500/RESOLUCION%202481%20DE%202007.pdf HTTP/1.1" 304 -
190.127.143.14 - - [21/Mar/2016:07:06:20 -0500] "GET /galeria/galeria/jquery.fancybox.css?v=2.1.5 HTTP/1.1" 200 4895
66.249.64.96 - - [21/Mar/2016:07:06:37 -0500] "GET /BLA/resoluciones/AUTOS%202006/AUTOS%202006%202801%20-%202900/00002841.tif HTTP/1.1" 200 102012
66.249.64.248 - - [21/Mar/2016:07:07:08 -0500] "GET / HTTP/1.1" 200 10190
190.157.196.74 - - [21/Mar/2016:07:07:20 -0500] "GET /galeria/galeria/jquery.fancybox.css?v=2.1.5 HTTP/1.1" 200 4895
190.157.196.74 - - [21/Mar/2016:07:07:20 -0500] "GET /galeria/galeria/jquery.fancybox.js?v=2.1.5 HTTP/1.1" 200 48706
190.157.196.74 - - [21/Mar/2016:07:07:20 -0500] "GET /BLA/boletinlegal/js/jquery.scrollShow.js HTTP/1.1" 200 4586
66.249.64.96 - - [21/Mar/2016:07:07:30 -0500] "GET /BLA/resoluciones/RESOLUCIONES%202007/RES%202007%204201%20AL%204300/RESOLUCION%204262%20DE%202007.pdf HTTP/1.1" 304 -
69.162.124.232 - - [21/Mar/2016:07:07:30 -0500] "HEAD / HTTP/1.1" 200 -
190.157.196.74 - - [21/Mar/2016:07:07:47 -0500] "GET /galeria/galeria/jquery.fancybox.css?v=2.1.5 HTTP/1.1" 304 -
190.157.196.74 - - [21/Mar/2016:07:07:47 -0500] "GET /BLA/boletinlegal/js/jquery.scrollShow.js HTTP/1.1" 304 -
190.157.196.74 - - [21/Mar/2016:07:07:47 -0500] "GET /galeria/galeria/jquery.fancybox.js?v=2.1.5 HTTP/1.1" 304 -
66.249.64.96 - - [21/Mar/2016:07:08:36 -0500] "GET /BLA/resoluciones/RESOLUCIONES%202010/0309.pdf HTTP/1.1" 200 499335
181.142.149.70 - - [21/Mar/2016:07:08:36 -0500] "GET /galeria/nivo-slider/demo/demo.html HTTP/1.1" 304 -
181.142.149.70 - - [21/Mar/2016:07:08:36 -0500] "GET /galeria/nivo-slider/demo/images/banner_decreto.png HTTP/1.1" 304 -
181.142.149.70 - - [21/Mar/2016:07:08:37 -0500] "GET /galeria/nivo-slider/demo/images/Banner_caminatas.jpg HTTP/1.1" 304 -
66.249.64.96 - - [21/Mar/2016:07:08:40 -0500] "GET /BLA/resoluciones/RESOLUCIONES%202007/RES%202007%202301%20AL%202400/RESOLUCION%202304%20DE%202007.pdf HTTP/1.1" 304 -
82.118.17.88 - - [21/Mar/2016:07:08:53 -0500] "GET /old/wp-admin/ HTTP/1.1" 404 1018
190.157.196.74 - - [21/Mar/2016:07:08:57 -0500] "GET /galeria/galeria/fotos/Entrenube2G.jpg HTTP/1.1" 200 111422
66.249.64.101 - - [21/Mar/2016:07:11:02 -0500] "GET /BLA/resoluciones/RESOLUCIONES%202010/3942.pdf HTTP/1.1" 200 500047
107.167.108.53 - - [21/Mar/2016:07:11:22 -0500] "GET /BLA/boletinlegal/js/jquery.scrollShow.js HTTP/1.1" 200 4586
107.167.108.53 - - [21/Mar/2016:07:11:22 -0500] "GET /galeria/galeria/jquery.fancybox.js?v=2.1.5 HTTP/1.1" 200 48706
107.167.108.53 - - [21/Mar/2016:07:11:22 -0500] "GET /galeria/galeria/jquery.fancybox.css?v=2.1.5 HTTP/1.1" 200 4895
107.167.108.53 - - [21/Mar/2016:07:11:26 -0500] "GET /BLA/boletinlegal/js/jquery.scrollShow.js HTTP/1.1" 200 4586
107.167.108.53 - - [21/Mar/2016:07:11:26 -0500] "GET /galeria/galeria/jquery.fancybox.js?v=2.1.5 HTTP/1.1" 200 48706
107.167.108.53 - - [21/Mar/2016:07:11:27 -0500] "GET /galeria/galeria/jquery.fancybox.css?v=2.1.5 HTTP/1.1" 200 4895
66.249.64.96 - - [21/Mar/2016:07:11:57 -0500] "GET /BLA/resoluciones/RESOLUCIONES%202009/0478.pdf HTTP/1.1" 200 601449
66.249.64.96 - - [21/Mar/2016:07:12:13 -0500] "GET /BLA/resoluciones/RESOLUCIONES%202007/RES%202007%201%20AL%20100/RESOLUCION%200072%20DE%202007.pdf HTTP/1.1" 304 -
69.162.124.232 - - [21/Mar/2016:07:12:30 -0500] "HEAD / HTTP/1.1" 200 -
190.26.53.104 - - [21/Mar/2016:07:13:50 -0500] "GET /galeria/galeria/jquery.fancybox.css?v=2.1.5 HTTP/1.1" 200 4895
190.26.53.104 - - [21/Mar/2016:07:13:50 -0500] "GET /galeria/carrusel/Carrusel/jquery.thumbnailScroller.css HTTP/1.1" 200 2066
190.26.53.104 - - [21/Mar/2016:07:13:50 -0500] "GET /BLA/boletinlegal/js/jquery.scrollShow.js HTTP/1.1" 200 4586
190.26.53.104 - - [21/Mar/2016:07:13:50 -0500] "GET /galeria/galeria/jquery.fancybox.js?v=2.1.5 HTTP/1.1" 200 48706
190.26.53.104 - - [21/Mar/2016:07:13:50 -0500] "GET /galeria/carrusel/Carrusel/jquery-ui-1.8.13.custom.min.js HTTP/1.1" 200 10800
190.26.53.104 - - [21/Mar/2016:07:13:50 -0500] "GET /galeria/carrusel/Carrusel/jquery.thumbnailScroller.js HTTP/1.1" 200 8157
190.26.53.104 - - [21/Mar/2016:07:13:52 -0500] "GET /galeria/nivo-slider/demo/demo.html HTTP/1.1" 200 4237
190.26.53.104 - - [21/Mar/2016:07:13:52 -0500] "GET /galeria/nivo-slider/themes/default/default.css HTTP/1.1" 200 1569
190.26.53.104 - - [21/Mar/2016:07:13:52 -0500] "GET /galeria/nivo-slider/themes/pascal/pascal.css HTTP/1.1" 200 2258
