186.145.97.91 - - [25/Mar/2016:08:36:20 -0500] "POST /forms/lservlet;jsessionid=ac16012b30d662d6cc60af4946b59e389005b31d4099.e3iSbxaKaheRe3mSaNqNbNeNay1ynknvrkLOlQzNp65In0 HTTP/1.1" 200 2
186.145.97.91 - - [25/Mar/2016:08:36:20 -0500] "POST /forms/lservlet;jsessionid=ac16012b30d662d6cc60af4946b59e389005b31d4099.e3iSbxaKaheRe3mSaNqNbNeNay1ynknvrkLOlQzNp65In0 HTTP/1.1" 200 2752
186.145.97.91 - - [25/Mar/2016:08:36:21 -0500] "POST /forms/lservlet;jsessionid=ac16012b30d662d6cc60af4946b59e389005b31d4099.e3iSbxaKaheRe3mSaNqNbNeNay1ynknvrkLOlQzNp65In0 HTTP/1.1" 200 2
186.145.97.91 - - [25/Mar/2016:08:36:21 -0500] "POST /forms/lservlet;jsessionid=ac16012b30d662d6cc60af4946b59e389005b31d4099.e3iSbxaKaheRe3mSaNqNbNeNay1ynknvrkLOlQzNp65In0 HTTP/1.1" 200 2
186.145.97.91 - - [25/Mar/2016:08:36:21 -0500] "POST /forms/lservlet;jsessionid=ac16012b30d662d6cc60af4946b59e389005b31d4099.e3iSbxaKaheRe3mSaNqNbNeNay1ynknvrkLOlQzNp65In0 HTTP/1.1" 200 3016
186.145.97.91 - - [25/Mar/2016:08:36:22 -0500] "POST /forms/lservlet;jsessionid=ac16012b30d662d6cc60af4946b59e389005b31d4099.e3iSbxaKaheRe3mSaNqNbNeNay1ynknvrkLOlQzNp65In0 HTTP/1.1" 200 2
186.145.97.91 - - [25/Mar/2016:08:36:22 -0500] "POST /forms/lservlet;jsessionid=ac16012b30d662d6cc60af4946b59e389005b31d4099.e3iSbxaKaheRe3mSaNqNbNeNay1ynknvrkLOlQzNp65In0 HTTP/1.1" 200 2
186.145.97.91 - - [25/Mar/2016:08:36:22 -0500] "POST /forms/lservlet;jsessionid=ac16012b30d662d6cc60af4946b59e389005b31d4099.e3iSbxaKaheRe3mSaNqNbNeNay1ynknvrkLOlQzNp65In0 HTTP/1.1" 200 3221
186.145.97.91 - - [25/Mar/2016:08:36:22 -0500] "POST /forms/lservlet;jsessionid=ac16012b30d662d6cc60af4946b59e389005b31d4099.e3iSbxaKaheRe3mSaNqNbNeNay1ynknvrkLOlQzNp65In0 HTTP/1.1" 200 2
186.145.97.91 - - [25/Mar/2016:08:36:24 -0500] "POST /forms/lservlet;jsessionid=ac16012b30d662d6cc60af4946b59e389005b31d4099.e3iSbxaKaheRe3mSaNqNbNeNay1ynknvrkLOlQzNp65In0 HTTP/1.1" 200 2
186.145.97.91 - - [25/Mar/2016:08:36:24 -0500] "POST /forms/lservlet;jsessionid=ac16012b30d662d6cc60af4946b59e389005b31d4099.e3iSbxaKaheRe3mSaNqNbNeNay1ynknvrkLOlQzNp65In0 HTTP/1.1" 200 2383
186.145.97.91 - - [25/Mar/2016:08:36:24 -0500] "POST /forms/lservlet;jsessionid=ac16012b30d662d6cc60af4946b59e389005b31d4099.e3iSbxaKaheRe3mSaNqNbNeNay1ynknvrkLOlQzNp65In0 HTTP/1.1" 200 2
186.145.97.91 - - [25/Mar/2016:08:36:26 -0500] "POST /forms/lservlet;jsessionid=ac16012b30d662d6cc60af4946b59e389005b31d4099.e3iSbxaKaheRe3mSaNqNbNeNay1ynknvrkLOlQzNp65In0 HTTP/1.1" 200 2
186.145.97.91 - - [25/Mar/2016:08:36:26 -0500] "POST /forms/lservlet;jsessionid=ac16012b30d662d6cc60af4946b59e389005b31d4099.e3iSbxaKaheRe3mSaNqNbNeNay1ynknvrkLOlQzNp65In0 HTTP/1.1" 200 2412
186.145.97.91 - - [25/Mar/2016:08:36:26 -0500] "POST /forms/lservlet;jsessionid=ac16012b30d662d6cc60af4946b59e389005b31d4099.e3iSbxaKaheRe3mSaNqNbNeNay1ynknvrkLOlQzNp65In0 HTTP/1.1" 200 2
186.145.97.91 - - [25/Mar/2016:08:36:26 -0500] "POST /forms/lservlet;jsessionid=ac16012b30d662d6cc60af4946b59e389005b31d4099.e3iSbxaKaheRe3mSaNqNbNeNay1ynknvrkLOlQzNp65In0 HTTP/1.1" 200 2
186.145.97.91 - - [25/Mar/2016:08:36:26 -0500] "POST /forms/lservlet;jsessionid=ac16012b30d662d6cc60af4946b59e389005b31d4099.e3iSbxaKaheRe3mSaNqNbNeNay1ynknvrkLOlQzNp65In0 HTTP/1.1" 200 2588
186.145.97.91 - - [25/Mar/2016:08:36:27 -0500] "POST /forms/lservlet;jsessionid=ac16012b30d662d6cc60af4946b59e389005b31d4099.e3iSbxaKaheRe3mSaNqNbNeNay1ynknvrkLOlQzNp65In0 HTTP/1.1" 200 2
190.159.228.176 - - [25/Mar/2016:08:36:29 -0500] "GET /galeria/galeria/jquery.fancybox.js?v=2.1.5 HTTP/1.1" 200 48706
190.159.228.176 - - [25/Mar/2016:08:36:29 -0500] "GET /BLA/boletinlegal/js/jquery.scrollShow.js HTTP/1.1" 200 4586
190.159.228.176 - - [25/Mar/2016:08:36:29 -0500] "GET /galeria/carrusel/Carrusel/jquery.thumbnailScroller.js HTTP/1.1" 200 8157
190.159.228.176 - - [25/Mar/2016:08:36:29 -0500] "GET /galeria/carrusel/Carrusel/jquery.thumbnailScroller.css HTTP/1.1" 200 2066
190.159.228.176 - - [25/Mar/2016:08:36:29 -0500] "GET /galeria/galeria/jquery.fancybox.css?v=2.1.5 HTTP/1.1" 200 4895
190.159.228.176 - - [25/Mar/2016:08:36:29 -0500] "GET /galeria/carrusel/Carrusel/jquery-ui-1.8.13.custom.min.js HTTP/1.1" 200 10800
186.145.97.91 - - [25/Mar/2016:08:36:30 -0500] "POST /forms/lservlet;jsessionid=ac16012b30d662d6cc60af4946b59e389005b31d4099.e3iSbxaKaheRe3mSaNqNbNeNay1ynknvrkLOlQzNp65In0 HTTP/1.1" 200 99
190.159.228.176 - - [25/Mar/2016:08:36:30 -0500] "GET /galeria/nivo-slider/demo/demo.html HTTP/1.1" 200 4237
190.159.228.176 - - [25/Mar/2016:08:36:30 -0500] "GET /galeria/nivo-slider/themes/pascal/pascal.css HTTP/1.1" 200 2258
190.159.228.176 - - [25/Mar/2016:08:36:30 -0500] "GET /galeria/nivo-slider/themes/orman/orman.css HTTP/1.1" 200 2152
190.159.228.176 - - [25/Mar/2016:08:36:30 -0500] "GET /galeria/nivo-slider/themes/default/default.css HTTP/1.1" 200 1569
190.159.228.176 - - [25/Mar/2016:08:36:30 -0500] "GET /galeria/nivo-slider/nivo-slider.css HTTP/1.1" 200 1507
190.159.228.176 - - [25/Mar/2016:08:36:30 -0500] "GET /galeria/nivo-slider/demo/style.css HTTP/1.1" 200 2222
190.159.228.176 - - [25/Mar/2016:08:36:30 -0500] "GET /galeria/nivo-slider/demo/images/banner_decreto.png HTTP/1.1" 200 32523
190.159.228.176 - - [25/Mar/2016:08:36:30 -0500] "GET /galeria/nivo-slider/demo/scripts/jquery-1.7.1.min.js HTTP/1.1" 200 93868
190.159.228.176 - - [25/Mar/2016:08:36:30 -0500] "GET /galeria/nivo-slider/jquery.nivo.slider.pack.js HTTP/1.1" 200 11561
190.159.228.176 - - [25/Mar/2016:08:36:30 -0500] "GET /galeria/nivo-slider/demo/images/Banner_caminatas.jpg HTTP/1.1" 200 244095
190.159.228.176 - - [25/Mar/2016:08:36:30 -0500] "GET /galeria/nivo-slider/demo/images/Reconciliate-con-la-naturalez.jpg HTTP/1.1" 200 348334
190.159.228.176 - - [25/Mar/2016:08:36:30 -0500] "GET /galeria/nivo-slider/demo/images/encuentros_ciudadanos.jpg HTTP/1.1" 200 128337
190.159.228.176 - - [25/Mar/2016:08:36:30 -0500] "GET /galeria/nivo-slider/demo/images/4Simple_Slider.png HTTP/1.1" 200 11722
190.159.228.176 - - [25/Mar/2016:08:36:31 -0500] "GET /galeria/nivo-slider/themes/default/loading.gif HTTP/1.1" 200 1737
190.159.228.176 - - [25/Mar/2016:08:36:31 -0500] "GET /galeria/nivo-slider/demo/images/ecolecta2016.jpg HTTP/1.1" 200 147170
190.159.228.176 - - [25/Mar/2016:08:36:31 -0500] "GET /galeria/nivo-slider/demo/images/Baner-ACERCAR.jpg HTTP/1.1" 200 68021
190.159.228.176 - - [25/Mar/2016:08:36:31 -0500] "GET /galeria/nivo-slider/demo/images/Banner-Pread-2016.jpg HTTP/1.1" 200 130816
190.159.228.176 - - [25/Mar/2016:08:36:32 -0500] "GET /galeria/nivo-slider/demo/images/ABC-Plan-de-contigencia.jpg HTTP/1.1" 200 423901
190.159.228.176 - - [25/Mar/2016:08:36:33 -0500] "GET /galeria/nivo-slider/demo/images/9Signos.jpg HTTP/1.1" 200 81776
190.159.228.176 - - [25/Mar/2016:08:36:33 -0500] "GET /galeria/nivo-slider/demo/images/Ruta-vertimientos-01.jpg HTTP/1.1" 200 130151
190.159.228.176 - - [25/Mar/2016:08:36:33 -0500] "GET /galeria/nivo-slider/demo/images/bolsas-06.jpg HTTP/1.1" 200 210950
190.159.228.176 - - [25/Mar/2016:08:36:33 -0500] "GET /galeria/nivo-slider/demo/images/banner-llantas2015.jpg HTTP/1.1" 200 268366
190.159.228.176 - - [25/Mar/2016:08:36:33 -0500] "GET /galeria/nivo-slider/demo/images/caminata-ecologica.jpg HTTP/1.1" 200 192926
190.159.228.176 - - [25/Mar/2016:08:36:33 -0500] "GET /galeria/nivo-slider/demo/images/banner-llantas2.jpg HTTP/1.1" 200 234514
190.159.228.176 - - [25/Mar/2016:08:36:33 -0500] "GET /galeria/nivo-slider/demo/images/Cmapana-onestidad.jpg HTTP/1.1" 200 141638
186.145.97.91 - - [25/Mar/2016:08:36:39 -0500] "POST /forms/lservlet;jsessionid=ac16012b30d662d6cc60af4946b59e389005b31d4099.e3iSbxaKaheRe3mSaNqNbNeNay1ynknvrkLOlQzNp65In0 HTTP/1.1" 200 2
190.255.133.229 - - [25/Mar/2016:08:36:39 -0500] "POST /forms/lservlet;jsessionid=ac16012b30d6b57254a5964c45fa9f198e7096723d67.e3iSbxaKaheRe3mSaNqNbNeNay1ynknvrkLOlQzNp65In0 HTTP/1.1" 200 2
186.145.97.91 - - [25/Mar/2016:08:36:39 -0500] "POST /forms/lservlet;jsessionid=ac16012b30d662d6cc60af4946b59e389005b31d4099.e3iSbxaKaheRe3mSaNqNbNeNay1ynknvrkLOlQzNp65In0 HTTP/1.1" 200 14
190.159.228.176 - - [25/Mar/2016:08:36:40 -0500] "GET /galeria/nivo-slider/themes/default/arrows.png HTTP/1.1" 200 824
190.159.228.176 - - [25/Mar/2016:08:36:40 -0500] "GET /galeria/nivo-slider/themes/default/bullets.png HTTP/1.1" 200 1281
186.145.97.91 - - [25/Mar/2016:08:36:40 -0500] "POST /forms/lservlet;jsessionid=ac16012b30d662d6cc60af4946b59e389005b31d4099.e3iSbxaKaheRe3mSaNqNbNeNay1ynknvrkLOlQzNp65In0 HTTP/1.1" 200 14
186.145.97.91 - - [25/Mar/2016:08:36:41 -0500] "POST /forms/lservlet;jsessionid=ac16012b30d662d6cc60af4946b59e389005b31d4099.e3iSbxaKaheRe3mSaNqNbNeNay1ynknvrkLOlQzNp65In0 HTTP/1.1" 200 14
186.145.97.91 - - [25/Mar/2016:08:36:42 -0500] "POST /forms/lservlet;jsessionid=ac16012b30d662d6cc60af4946b59e389005b31d4099.e3iSbxaKaheRe3mSaNqNbNeNay1ynknvrkLOlQzNp65In0 HTTP/1.1" 200 14
186.145.97.91 - - [25/Mar/2016:08:36:44 -0500] "POST /forms/lservlet;jsessionid=ac16012b30d662d6cc60af4946b59e389005b31d4099.e3iSbxaKaheRe3mSaNqNbNeNay1ynknvrkLOlQzNp65In0 HTTP/1.1" 200 15
186.145.97.91 - - [25/Mar/2016:08:36:47 -0500] "POST /forms/lservlet;jsessionid=ac16012b30d662d6cc60af4946b59e389005b31d4099.e3iSbxaKaheRe3mSaNqNbNeNay1ynknvrkLOlQzNp65In0 HTTP/1.1" 200 131
186.145.97.91 - - [25/Mar/2016:08:36:47 -0500] "POST /forms/lservlet;jsessionid=ac16012b30d662d6cc60af4946b59e389005b31d4099.e3iSbxaKaheRe3mSaNqNbNeNay1ynknvrkLOlQzNp65In0 HTTP/1.1" 200 12
186.145.97.91 - - [25/Mar/2016:08:36:50 -0500] "POST /forms/lservlet;jsessionid=ac16012b30d662d6cc60af4946b59e389005b31d4099.e3iSbxaKaheRe3mSaNqNbNeNay1ynknvrkLOlQzNp65In0 HTTP/1.1" 200 2
186.145.97.91 - - [25/Mar/2016:08:36:47 -0500] "GET /reports/rwservlet/getjobid373773?server=rep_srvapsda HTTP/1.1" 200 7288187
191.102.99.218 - - [25/Mar/2016:08:36:55 -0500] "GET /forest/ HTTP/1.1" 404 1120
191.102.99.218 - - [25/Mar/2016:08:36:56 -0500] "GET /favicon.ico HTTP/1.1" 200 7782
69.162.124.232 - - [25/Mar/2016:08:37:08 -0500] "HEAD / HTTP/1.1" 200 -
51.255.65.14 - - [25/Mar/2016:08:37:51 -0500] "GET /BLA/resoluciones/RESOLUCIONES%202006/RES%202006%202401-2450/00002438.tif HTTP/1.1" 200 187766
66.249.64.101 - - [25/Mar/2016:08:38:12 -0500] "GET /Residuos/lavanderias/lavanderias.swf?pageNumber= HTTP/1.1" 304 -
51.255.65.17 - - [25/Mar/2016:08:38:24 -0500] "GET /BLA/resoluciones/RESOLUCIONES%202006/RES%202006%20%202801-2850/00002809.tif HTTP/1.1" 200 39254
190.255.133.229 - - [25/Mar/2016:08:38:39 -0500] "POST /forms/lservlet;jsessionid=ac16012b30d6b57254a5964c45fa9f198e7096723d67.e3iSbxaKaheRe3mSaNqNbNeNay1ynknvrkLOlQzNp65In0 HTTP/1.1" 200 2
186.145.97.91 - - [25/Mar/2016:08:38:50 -0500] "POST /forms/lservlet;jsessionid=ac16012b30d662d6cc60af4946b59e389005b31d4099.e3iSbxaKaheRe3mSaNqNbNeNay1ynknvrkLOlQzNp65In0 HTTP/1.1" 200 2
66.249.64.101 - - [25/Mar/2016:08:38:57 -0500] "GET /BLA/resoluciones/RESOLUCIONES%202009/8447.pdf HTTP/1.1" 200 518350
66.249.64.96 - - [25/Mar/2016:08:39:07 -0500] "GET /BLA/resoluciones/RESOLUCIONES%202009/3689.pdf HTTP/1.1" 200 103840
66.249.88.223 - - [25/Mar/2016:08:39:24 -0500] "GET /galeria/galeria/jquery.fancybox.css?v=2.1.5 HTTP/1.1" 200 4895
66.249.88.223 - - [25/Mar/2016:08:39:24 -0500] "GET /BLA/boletinlegal/js/jquery.scrollShow.js HTTP/1.1" 200 4586
66.249.88.233 - - [25/Mar/2016:08:39:24 -0500] "GET /galeria/galeria/jquery.fancybox.js?v=2.1.5 HTTP/1.1" 200 48706
66.249.88.223 - - [25/Mar/2016:08:39:31 -0500] "GET /galeria/galeria/jquery.fancybox.css?v=2.1.5 HTTP/1.1" 304 -
66.249.88.233 - - [25/Mar/2016:08:39:31 -0500] "GET /galeria/galeria/jquery.fancybox.js?v=2.1.5 HTTP/1.1" 304 -
66.249.88.228 - - [25/Mar/2016:08:39:31 -0500] "GET /BLA/boletinlegal/js/jquery.scrollShow.js HTTP/1.1" 304 -
66.249.88.228 - - [25/Mar/2016:08:39:33 -0500] "GET /galeria/galeria/jquery.fancybox.js?v=2.1.5 HTTP/1.1" 304 -
66.249.88.233 - - [25/Mar/2016:08:39:33 -0500] "GET /galeria/galeria/jquery.fancybox.css?v=2.1.5 HTTP/1.1" 304 -
190.255.133.229 - - [25/Mar/2016:08:40:39 -0500] "POST /forms/lservlet;jsessionid=ac16012b30d6b57254a5964c45fa9f198e7096723d67.e3iSbxaKaheRe3mSaNqNbNeNay1ynknvrkLOlQzNp65In0 HTTP/1.1" 200 2
186.145.97.91 - - [25/Mar/2016:08:40:50 -0500] "POST /forms/lservlet;jsessionid=ac16012b30d662d6cc60af4946b59e389005b31d4099.e3iSbxaKaheRe3mSaNqNbNeNay1ynknvrkLOlQzNp65In0 HTTP/1.1" 200 2
201.233.94.101 - - [25/Mar/2016:08:40:56 -0500] "GET /galeria/galeria/jquery.fancybox.css?v=2.1.5 HTTP/1.1" 200 4895
201.233.94.101 - - [25/Mar/2016:08:40:56 -0500] "GET /galeria/galeria/jquery.fancybox.js?v=2.1.5 HTTP/1.1" 200 48706
201.233.94.101 - - [25/Mar/2016:08:40:56 -0500] "GET /BLA/boletinlegal/js/jquery.scrollShow.js HTTP/1.1" 200 4586
201.233.94.101 - - [25/Mar/2016:08:41:03 -0500] "GET /BLA/boletinlegal/js/jquery.scrollShow.js HTTP/1.1" 304 -
201.233.94.101 - - [25/Mar/2016:08:41:03 -0500] "GET /galeria/galeria/jquery.fancybox.js?v=2.1.5 HTTP/1.1" 304 -
201.233.94.101 - - [25/Mar/2016:08:41:03 -0500] "GET /galeria/galeria/jquery.fancybox.css?v=2.1.5 HTTP/1.1" 304 -
201.233.94.101 - - [25/Mar/2016:08:41:03 -0500] "GET /galeria/galeria/jquery.fancybox.css?v=2.1.5 HTTP/1.1" 200 4895
186.145.97.91 - - [25/Mar/2016:08:41:56 -0500] "POST /forms/lservlet;jsessionid=ac16012b30d662d6cc60af4946b59e389005b31d4099.e3iSbxaKaheRe3mSaNqNbNeNay1ynknvrkLOlQzNp65In0 HTTP/1.1" 200 2
186.145.97.91 - - [25/Mar/2016:08:41:56 -0500] "POST /forms/lservlet;jsessionid=ac16012b30d662d6cc60af4946b59e389005b31d4099.e3iSbxaKaheRe3mSaNqNbNeNay1ynknvrkLOlQzNp65In0 HTTP/1.1" 200 2970
186.145.97.91 - - [25/Mar/2016:08:41:56 -0500] "POST /forms/lservlet;jsessionid=ac16012b30d662d6cc60af4946b59e389005b31d4099.e3iSbxaKaheRe3mSaNqNbNeNay1ynknvrkLOlQzNp65In0 HTTP/1.1" 200 20
186.145.97.91 - - [25/Mar/2016:08:41:57 -0500] "POST /forms/lservlet;jsessionid=ac16012b30d662d6cc60af4946b59e389005b31d4099.e3iSbxaKaheRe3mSaNqNbNeNay1ynknvrkLOlQzNp65In0 HTTP/1.1" 200 2
186.145.97.91 - - [25/Mar/2016:08:41:57 -0500] "POST /forms/lservlet;jsessionid=ac16012b30d662d6cc60af4946b59e389005b31d4099.e3iSbxaKaheRe3mSaNqNbNeNay1ynknvrkLOlQzNp65In0 HTTP/1.1" 200 2454
186.145.97.91 - - [25/Mar/2016:08:41:57 -0500] "POST /forms/lservlet;jsessionid=ac16012b30d662d6cc60af4946b59e389005b31d4099.e3iSbxaKaheRe3mSaNqNbNeNay1ynknvrkLOlQzNp65In0 HTTP/1.1" 200 2
186.145.97.91 - - [25/Mar/2016:08:41:58 -0500] "POST /forms/lservlet;jsessionid=ac16012b30d662d6cc60af4946b59e389005b31d4099.e3iSbxaKaheRe3mSaNqNbNeNay1ynknvrkLOlQzNp65In0 HTTP/1.1" 200 2
186.145.97.91 - - [25/Mar/2016:08:41:58 -0500] "POST /forms/lservlet;jsessionid=ac16012b30d662d6cc60af4946b59e389005b31d4099.e3iSbxaKaheRe3mSaNqNbNeNay1ynknvrkLOlQzNp65In0 HTTP/1.1" 200 2885
186.145.97.91 - - [25/Mar/2016:08:41:58 -0500] "POST /forms/lservlet;jsessionid=ac16012b30d662d6cc60af4946b59e389005b31d4099.e3iSbxaKaheRe3mSaNqNbNeNay1ynknvrkLOlQzNp65In0 HTTP/1.1" 200 2
69.162.124.232 - - [25/Mar/2016:08:42:08 -0500] "HEAD / HTTP/1.1" 200 -
186.145.97.91 - - [25/Mar/2016:08:42:21 -0500] "POST /forms/lservlet;jsessionid=ac16012b30d662d6cc60af4946b59e389005b31d4099.e3iSbxaKaheRe3mSaNqNbNeNay1ynknvrkLOlQzNp65In0 HTTP/1.1" 200 2
186.145.97.91 - - [25/Mar/2016:08:42:21 -0500] "POST /forms/lservlet;jsessionid=ac16012b30d662d6cc60af4946b59e389005b31d4099.e3iSbxaKaheRe3mSaNqNbNeNay1ynknvrkLOlQzNp65In0 HTTP/1.1" 200 3243
186.145.97.91 - - [25/Mar/2016:08:42:21 -0500] "POST /forms/lservlet;jsessionid=ac16012b30d662d6cc60af4946b59e389005b31d4099.e3iSbxaKaheRe3mSaNqNbNeNay1ynknvrkLOlQzNp65In0 HTTP/1.1" 200 2
186.145.97.91 - - [25/Mar/2016:08:42:24 -0500] "POST /forms/lservlet;jsessionid=ac16012b30d662d6cc60af4946b59e389005b31d4099.e3iSbxaKaheRe3mSaNqNbNeNay1ynknvrkLOlQzNp65In0 HTTP/1.1" 200 2
186.145.97.91 - - [25/Mar/2016:08:42:24 -0500] "POST /forms/lservlet;jsessionid=ac16012b30d662d6cc60af4946b59e389005b31d4099.e3iSbxaKaheRe3mSaNqNbNeNay1ynknvrkLOlQzNp65In0 HTTP/1.1" 200 3214
186.145.97.91 - - [25/Mar/2016:08:42:25 -0500] "POST /forms/lservlet;jsessionid=ac16012b30d662d6cc60af4946b59e389005b31d4099.e3iSbxaKaheRe3mSaNqNbNeNay1ynknvrkLOlQzNp65In0 HTTP/1.1" 200 2
186.145.97.91 - - [25/Mar/2016:08:42:25 -0500] "POST /forms/lservlet;jsessionid=ac16012b30d662d6cc60af4946b59e389005b31d4099.e3iSbxaKaheRe3mSaNqNbNeNay1ynknvrkLOlQzNp65In0 HTTP/1.1" 200 2
186.145.97.91 - - [25/Mar/2016:08:42:26 -0500] "POST /forms/lservlet;jsessionid=ac16012b30d662d6cc60af4946b59e389005b31d4099.e3iSbxaKaheRe3mSaNqNbNeNay1ynknvrkLOlQzNp65In0 HTTP/1.1" 200 3429
186.145.97.91 - - [25/Mar/2016:08:42:26 -0500] "POST /forms/lservlet;jsessionid=ac16012b30d662d6cc60af4946b59e389005b31d4099.e3iSbxaKaheRe3mSaNqNbNeNay1ynknvrkLOlQzNp65In0 HTTP/1.1" 200 2
186.145.97.91 - - [25/Mar/2016:08:42:27 -0500] "POST /forms/lservlet;jsessionid=ac16012b30d662d6cc60af4946b59e389005b31d4099.e3iSbxaKaheRe3mSaNqNbNeNay1ynknvrkLOlQzNp65In0 HTTP/1.1" 200 2
186.145.97.91 - - [25/Mar/2016:08:42:27 -0500] "POST /forms/lservlet;jsessionid=ac16012b30d662d6cc60af4946b59e389005b31d4099.e3iSbxaKaheRe3mSaNqNbNeNay1ynknvrkLOlQzNp65In0 HTTP/1.1" 200 3047
186.145.97.91 - - [25/Mar/2016:08:42:27 -0500] "POST /forms/lservlet;jsessionid=ac16012b30d662d6cc60af4946b59e389005b31d4099.e3iSbxaKaheRe3mSaNqNbNeNay1ynknvrkLOlQzNp65In0 HTTP/1.1" 200 2
186.145.97.91 - - [25/Mar/2016:08:42:29 -0500] "POST /forms/lservlet;jsessionid=ac16012b30d662d6cc60af4946b59e389005b31d4099.e3iSbxaKaheRe3mSaNqNbNeNay1ynknvrkLOlQzNp65In0 HTTP/1.1" 200 2
186.145.97.91 - - [25/Mar/2016:08:42:29 -0500] "POST /forms/lservlet;jsessionid=ac16012b30d662d6cc60af4946b59e389005b31d4099.e3iSbxaKaheRe3mSaNqNbNeNay1ynknvrkLOlQzNp65In0 HTTP/1.1" 200 2909
186.145.97.91 - - [25/Mar/2016:08:42:29 -0500] "POST /forms/lservlet;jsessionid=ac16012b30d662d6cc60af4946b59e389005b31d4099.e3iSbxaKaheRe3mSaNqNbNeNay1ynknvrkLOlQzNp65In0 HTTP/1.1" 200 2
186.145.97.91 - - [25/Mar/2016:08:42:30 -0500] "POST /forms/lservlet;jsessionid=ac16012b30d662d6cc60af4946b59e389005b31d4099.e3iSbxaKaheRe3mSaNqNbNeNay1ynknvrkLOlQzNp65In0 HTTP/1.1" 200 2
186.145.97.91 - - [25/Mar/2016:08:42:30 -0500] "POST /forms/lservlet;jsessionid=ac16012b30d662d6cc60af4946b59e389005b31d4099.e3iSbxaKaheRe3mSaNqNbNeNay1ynknvrkLOlQzNp65In0 HTTP/1.1" 200 2800
186.145.97.91 - - [25/Mar/2016:08:42:30 -0500] "POST /forms/lservlet;jsessionid=ac16012b30d662d6cc60af4946b59e389005b31d4099.e3iSbxaKaheRe3mSaNqNbNeNay1ynknvrkLOlQzNp65In0 HTTP/1.1" 200 2
186.145.97.91 - - [25/Mar/2016:08:42:31 -0500] "POST /forms/lservlet;jsessionid=ac16012b30d662d6cc60af4946b59e389005b31d4099.e3iSbxaKaheRe3mSaNqNbNeNay1ynknvrkLOlQzNp65In0 HTTP/1.1" 200 2
186.145.97.91 - - [25/Mar/2016:08:42:31 -0500] "POST /forms/lservlet;jsessionid=ac16012b30d662d6cc60af4946b59e389005b31d4099.e3iSbxaKaheRe3mSaNqNbNeNay1ynknvrkLOlQzNp65In0 HTTP/1.1" 200 2930
186.145.97.91 - - [25/Mar/2016:08:42:32 -0500] "POST /forms/lservlet;jsessionid=ac16012b30d662d6cc60af4946b59e389005b31d4099.e3iSbxaKaheRe3mSaNqNbNeNay1ynknvrkLOlQzNp65In0 HTTP/1.1" 200 2
186.145.97.91 - - [25/Mar/2016:08:42:33 -0500] "POST /forms/lservlet;jsessionid=ac16012b30d662d6cc60af4946b59e389005b31d4099.e3iSbxaKaheRe3mSaNqNbNeNay1ynknvrkLOlQzNp65In0 HTTP/1.1" 200 2
186.145.97.91 - - [25/Mar/2016:08:42:33 -0500] "POST /forms/lservlet;jsessionid=ac16012b30d662d6cc60af4946b59e389005b31d4099.e3iSbxaKaheRe3mSaNqNbNeNay1ynknvrkLOlQzNp65In0 HTTP/1.1" 200 3205
186.145.97.91 - - [25/Mar/2016:08:42:33 -0500] "POST /forms/lservlet;jsessionid=ac16012b30d662d6cc60af4946b59e389005b31d4099.e3iSbxaKaheRe3mSaNqNbNeNay1ynknvrkLOlQzNp65In0 HTTP/1.1" 200 2
151.80.31.165 - - [25/Mar/2016:08:42:33 -0500] "GET /BLA/resoluciones/index.php?dir=RESOLUCIONES%202007/RES%202007%202301%20AL%202400/&sort=date&order=asc HTTP/1.1" 200 26611
186.145.97.91 - - [25/Mar/2016:08:42:34 -0500] "POST /forms/lservlet;jsessionid=ac16012b30d662d6cc60af4946b59e389005b31d4099.e3iSbxaKaheRe3mSaNqNbNeNay1ynknvrkLOlQzNp65In0 HTTP/1.1" 200 2
186.145.97.91 - - [25/Mar/2016:08:42:34 -0500] "POST /forms/lservlet;jsessionid=ac16012b30d662d6cc60af4946b59e389005b31d4099.e3iSbxaKaheRe3mSaNqNbNeNay1ynknvrkLOlQzNp65In0 HTTP/1.1" 200 3460
186.145.97.91 - - [25/Mar/2016:08:42:35 -0500] "POST /forms/lservlet;jsessionid=ac16012b30d662d6cc60af4946b59e389005b31d4099.e3iSbxaKaheRe3mSaNqNbNeNay1ynknvrkLOlQzNp65In0 HTTP/1.1" 200 2
186.145.97.91 - - [25/Mar/2016:08:42:36 -0500] "POST /forms/lservlet;jsessionid=ac16012b30d662d6cc60af4946b59e389005b31d4099.e3iSbxaKaheRe3mSaNqNbNeNay1ynknvrkLOlQzNp65In0 HTTP/1.1" 200 2
186.145.97.91 - - [25/Mar/2016:08:42:36 -0500] "POST /forms/lservlet;jsessionid=ac16012b30d662d6cc60af4946b59e389005b31d4099.e3iSbxaKaheRe3mSaNqNbNeNay1ynknvrkLOlQzNp65In0 HTTP/1.1" 200 2814
186.145.97.91 - - [25/Mar/2016:08:42:36 -0500] "POST /forms/lservlet;jsessionid=ac16012b30d662d6cc60af4946b59e389005b31d4099.e3iSbxaKaheRe3mSaNqNbNeNay1ynknvrkLOlQzNp65In0 HTTP/1.1" 200 2
186.145.97.91 - - [25/Mar/2016:08:42:37 -0500] "POST /forms/lservlet;jsessionid=ac16012b30d662d6cc60af4946b59e389005b31d4099.e3iSbxaKaheRe3mSaNqNbNeNay1ynknvrkLOlQzNp65In0 HTTP/1.1" 200 2
186.145.97.91 - - [25/Mar/2016:08:42:37 -0500] "POST /forms/lservlet;jsessionid=ac16012b30d662d6cc60af4946b59e389005b31d4099.e3iSbxaKaheRe3mSaNqNbNeNay1ynknvrkLOlQzNp65In0 HTTP/1.1" 200 3165
186.145.97.91 - - [25/Mar/2016:08:42:37 -0500] "POST /forms/lservlet;jsessionid=ac16012b30d662d6cc60af4946b59e389005b31d4099.e3iSbxaKaheRe3mSaNqNbNeNay1ynknvrkLOlQzNp65In0 HTTP/1.1" 200 2
186.145.97.91 - - [25/Mar/2016:08:42:39 -0500] "POST /forms/lservlet;jsessionid=ac16012b30d662d6cc60af4946b59e389005b31d4099.e3iSbxaKaheRe3mSaNqNbNeNay1ynknvrkLOlQzNp65In0 HTTP/1.1" 200 2
66.249.64.96 - - [25/Mar/2016:08:42:39 -0500] "GET /BLA/resoluciones/RESOLUCIONES%202008/2523.pdf HTTP/1.1" 200 424388
186.145.97.91 - - [25/Mar/2016:08:42:39 -0500] "POST /forms/lservlet;jsessionid=ac16012b30d662d6cc60af4946b59e389005b31d4099.e3iSbxaKaheRe3mSaNqNbNeNay1ynknvrkLOlQzNp65In0 HTTP/1.1" 200 3244
186.145.97.91 - - [25/Mar/2016:08:42:39 -0500] "POST /forms/lservlet;jsessionid=ac16012b30d662d6cc60af4946b59e389005b31d4099.e3iSbxaKaheRe3mSaNqNbNeNay1ynknvrkLOlQzNp65In0 HTTP/1.1" 200 2
190.255.133.229 - - [25/Mar/2016:08:42:39 -0500] "POST /forms/lservlet;jsessionid=ac16012b30d6b57254a5964c45fa9f198e7096723d67.e3iSbxaKaheRe3mSaNqNbNeNay1ynknvrkLOlQzNp65In0 HTTP/1.1" 200 2
186.145.97.91 - - [25/Mar/2016:08:42:41 -0500] "POST /forms/lservlet;jsessionid=ac16012b30d662d6cc60af4946b59e389005b31d4099.e3iSbxaKaheRe3mSaNqNbNeNay1ynknvrkLOlQzNp65In0 HTTP/1.1" 200 2
186.145.97.91 - - [25/Mar/2016:08:42:41 -0500] "POST /forms/lservlet;jsessionid=ac16012b30d662d6cc60af4946b59e389005b31d4099.e3iSbxaKaheRe3mSaNqNbNeNay1ynknvrkLOlQzNp65In0 HTTP/1.1" 200 2785
186.145.97.91 - - [25/Mar/2016:08:42:42 -0500] "POST /forms/lservlet;jsessionid=ac16012b30d662d6cc60af4946b59e389005b31d4099.e3iSbxaKaheRe3mSaNqNbNeNay1ynknvrkLOlQzNp65In0 HTTP/1.1" 200 2
186.145.97.91 - - [25/Mar/2016:08:42:43 -0500] "POST /forms/lservlet;jsessionid=ac16012b30d662d6cc60af4946b59e389005b31d4099.e3iSbxaKaheRe3mSaNqNbNeNay1ynknvrkLOlQzNp65In0 HTTP/1.1" 200 2
186.145.97.91 - - [25/Mar/2016:08:42:43 -0500] "POST /forms/lservlet;jsessionid=ac16012b30d662d6cc60af4946b59e389005b31d4099.e3iSbxaKaheRe3mSaNqNbNeNay1ynknvrkLOlQzNp65In0 HTTP/1.1" 200 2919
186.145.97.91 - - [25/Mar/2016:08:42:43 -0500] "POST /forms/lservlet;jsessionid=ac16012b30d662d6cc60af4946b59e389005b31d4099.e3iSbxaKaheRe3mSaNqNbNeNay1ynknvrkLOlQzNp65In0 HTTP/1.1" 200 2
66.249.64.96 - - [25/Mar/2016:08:42:44 -0500] "GET /BLA/resoluciones/RESOLUCIONES%202008/5237.pdf HTTP/1.1" 200 333611
186.145.97.91 - - [25/Mar/2016:08:42:44 -0500] "POST /forms/lservlet;jsessionid=ac16012b30d662d6cc60af4946b59e389005b31d4099.e3iSbxaKaheRe3mSaNqNbNeNay1ynknvrkLOlQzNp65In0 HTTP/1.1" 200 2
186.145.97.91 - - [25/Mar/2016:08:42:44 -0500] "POST /forms/lservlet;jsessionid=ac16012b30d662d6cc60af4946b59e389005b31d4099.e3iSbxaKaheRe3mSaNqNbNeNay1ynknvrkLOlQzNp65In0 HTTP/1.1" 200 2881
186.145.97.91 - - [25/Mar/2016:08:42:45 -0500] "POST /forms/lservlet;jsessionid=ac16012b30d662d6cc60af4946b59e389005b31d4099.e3iSbxaKaheRe3mSaNqNbNeNay1ynknvrkLOlQzNp65In0 HTTP/1.1" 200 2
186.145.97.91 - - [25/Mar/2016:08:42:48 -0500] "POST /forms/lservlet;jsessionid=ac16012b30d662d6cc60af4946b59e389005b31d4099.e3iSbxaKaheRe3mSaNqNbNeNay1ynknvrkLOlQzNp65In0 HTTP/1.1" 200 2
186.145.97.91 - - [25/Mar/2016:08:42:48 -0500] "POST /forms/lservlet;jsessionid=ac16012b30d662d6cc60af4946b59e389005b31d4099.e3iSbxaKaheRe3mSaNqNbNeNay1ynknvrkLOlQzNp65In0 HTTP/1.1" 200 2999
186.145.97.91 - - [25/Mar/2016:08:42:48 -0500] "POST /forms/lservlet;jsessionid=ac16012b30d662d6cc60af4946b59e389005b31d4099.e3iSbxaKaheRe3mSaNqNbNeNay1ynknvrkLOlQzNp65In0 HTTP/1.1" 200 2
186.145.97.91 - - [25/Mar/2016:08:42:50 -0500] "POST /forms/lservlet;jsessionid=ac16012b30d662d6cc60af4946b59e389005b31d4099.e3iSbxaKaheRe3mSaNqNbNeNay1ynknvrkLOlQzNp65In0 HTTP/1.1" 200 2
186.145.97.91 - - [25/Mar/2016:08:42:50 -0500] "POST /forms/lservlet;jsessionid=ac16012b30d662d6cc60af4946b59e389005b31d4099.e3iSbxaKaheRe3mSaNqNbNeNay1ynknvrkLOlQzNp65In0 HTTP/1.1" 200 3467
186.145.97.91 - - [25/Mar/2016:08:42:50 -0500] "POST /forms/lservlet;jsessionid=ac16012b30d662d6cc60af4946b59e389005b31d4099.e3iSbxaKaheRe3mSaNqNbNeNay1ynknvrkLOlQzNp65In0 HTTP/1.1" 200 2
186.145.97.91 - - [25/Mar/2016:08:42:50 -0500] "POST /forms/lservlet;jsessionid=ac16012b30d662d6cc60af4946b59e389005b31d4099.e3iSbxaKaheRe3mSaNqNbNeNay1ynknvrkLOlQzNp65In0 HTTP/1.1" 200 2
186.145.97.91 - - [25/Mar/2016:08:42:51 -0500] "POST /forms/lservlet;jsessionid=ac16012b30d662d6cc60af4946b59e389005b31d4099.e3iSbxaKaheRe3mSaNqNbNeNay1ynknvrkLOlQzNp65In0 HTTP/1.1" 200 2
186.145.97.91 - - [25/Mar/2016:08:42:51 -0500] "POST /forms/lservlet;jsessionid=ac16012b30d662d6cc60af4946b59e389005b31d4099.e3iSbxaKaheRe3mSaNqNbNeNay1ynknvrkLOlQzNp65In0 HTTP/1.1" 200 2824
186.145.97.91 - - [25/Mar/2016:08:42:52 -0500] "POST /forms/lservlet;jsessionid=ac16012b30d662d6cc60af4946b59e389005b31d4099.e3iSbxaKaheRe3mSaNqNbNeNay1ynknvrkLOlQzNp65In0 HTTP/1.1" 200 2
186.145.97.91 - - [25/Mar/2016:08:42:53 -0500] "POST /forms/lservlet;jsessionid=ac16012b30d662d6cc60af4946b59e389005b31d4099.e3iSbxaKaheRe3mSaNqNbNeNay1ynknvrkLOlQzNp65In0 HTTP/1.1" 200 2
186.145.97.91 - - [25/Mar/2016:08:42:53 -0500] "POST /forms/lservlet;jsessionid=ac16012b30d662d6cc60af4946b59e389005b31d4099.e3iSbxaKaheRe3mSaNqNbNeNay1ynknvrkLOlQzNp65In0 HTTP/1.1" 200 2274
186.145.97.91 - - [25/Mar/2016:08:42:54 -0500] "POST /forms/lservlet;jsessionid=ac16012b30d662d6cc60af4946b59e389005b31d4099.e3iSbxaKaheRe3mSaNqNbNeNay1ynknvrkLOlQzNp65In0 HTTP/1.1" 200 2
186.145.97.91 - - [25/Mar/2016:08:42:54 -0500] "POST /forms/lservlet;jsessionid=ac16012b30d662d6cc60af4946b59e389005b31d4099.e3iSbxaKaheRe3mSaNqNbNeNay1ynknvrkLOlQzNp65In0 HTTP/1.1" 200 2
186.145.97.91 - - [25/Mar/2016:08:42:55 -0500] "POST /forms/lservlet;jsessionid=ac16012b30d662d6cc60af4946b59e389005b31d4099.e3iSbxaKaheRe3mSaNqNbNeNay1ynknvrkLOlQzNp65In0 HTTP/1.1" 200 3252
186.145.97.91 - - [25/Mar/2016:08:42:55 -0500] "POST /forms/lservlet;jsessionid=ac16012b30d662d6cc60af4946b59e389005b31d4099.e3iSbxaKaheRe3mSaNqNbNeNay1ynknvrkLOlQzNp65In0 HTTP/1.1" 200 2
186.145.97.91 - - [25/Mar/2016:08:43:01 -0500] "POST /forms/lservlet;jsessionid=ac16012b30d662d6cc60af4946b59e389005b31d4099.e3iSbxaKaheRe3mSaNqNbNeNay1ynknvrkLOlQzNp65In0 HTTP/1.1" 200 2
186.145.97.91 - - [25/Mar/2016:08:43:01 -0500] "POST /forms/lservlet;jsessionid=ac16012b30d662d6cc60af4946b59e389005b31d4099.e3iSbxaKaheRe3mSaNqNbNeNay1ynknvrkLOlQzNp65In0 HTTP/1.1" 200 2905
186.145.97.91 - - [25/Mar/2016:08:43:01 -0500] "POST /forms/lservlet;jsessionid=ac16012b30d662d6cc60af4946b59e389005b31d4099.e3iSbxaKaheRe3mSaNqNbNeNay1ynknvrkLOlQzNp65In0 HTTP/1.1" 200 2
186.145.97.91 - - [25/Mar/2016:08:43:05 -0500] "POST /forms/lservlet;jsessionid=ac16012b30d662d6cc60af4946b59e389005b31d4099.e3iSbxaKaheRe3mSaNqNbNeNay1ynknvrkLOlQzNp65In0 HTTP/1.1" 200 99
186.145.97.91 - - [25/Mar/2016:08:43:10 -0500] "POST /forms/lservlet;jsessionid=ac16012b30d662d6cc60af4946b59e389005b31d4099.e3iSbxaKaheRe3mSaNqNbNeNay1ynknvrkLOlQzNp65In0 HTTP/1.1" 200 2
186.145.97.91 - - [25/Mar/2016:08:43:10 -0500] "POST /forms/lservlet;jsessionid=ac16012b30d662d6cc60af4946b59e389005b31d4099.e3iSbxaKaheRe3mSaNqNbNeNay1ynknvrkLOlQzNp65In0 HTTP/1.1" 200 14
186.145.97.91 - - [25/Mar/2016:08:43:11 -0500] "POST /forms/lservlet;jsessionid=ac16012b30d662d6cc60af4946b59e389005b31d4099.e3iSbxaKaheRe3mSaNqNbNeNay1ynknvrkLOlQzNp65In0 HTTP/1.1" 200 14
186.145.97.91 - - [25/Mar/2016:08:43:12 -0500] "POST /forms/lservlet;jsessionid=ac16012b30d662d6cc60af4946b59e389005b31d4099.e3iSbxaKaheRe3mSaNqNbNeNay1ynknvrkLOlQzNp65In0 HTTP/1.1" 200 14
51.255.65.36 - - [25/Mar/2016:08:43:13 -0500] "GET /BLA/resoluciones/RESOLUCIONES%202003/RES%202003%201201-1250/2003RES1228.tif HTTP/1.1" 200 202392
186.145.97.91 - - [25/Mar/2016:08:43:13 -0500] "POST /forms/lservlet;jsessionid=ac16012b30d662d6cc60af4946b59e389005b31d4099.e3iSbxaKaheRe3mSaNqNbNeNay1ynknvrkLOlQzNp65In0 HTTP/1.1" 200 131
186.145.97.91 - - [25/Mar/2016:08:43:14 -0500] "POST /forms/lservlet;jsessionid=ac16012b30d662d6cc60af4946b59e389005b31d4099.e3iSbxaKaheRe3mSaNqNbNeNay1ynknvrkLOlQzNp65In0 HTTP/1.1" 200 12
186.145.97.91 - - [25/Mar/2016:08:43:14 -0500] "GET /reports/rwservlet/getjobid373774?server=rep_srvapsda HTTP/1.1" 200 3606263
66.249.88.223 - - [25/Mar/2016:08:44:08 -0500] "GET /galeria/galeria/jquery.fancybox.css?v=2.1.5 HTTP/1.1" 200 4895
66.249.88.233 - - [25/Mar/2016:08:44:08 -0500] "GET /BLA/boletinlegal/js/jquery.scrollShow.js HTTP/1.1" 200 4586
66.249.88.228 - - [25/Mar/2016:08:44:08 -0500] "GET /galeria/galeria/jquery.fancybox.js?v=2.1.5 HTTP/1.1" 200 48706
66.249.88.233 - - [25/Mar/2016:08:44:14 -0500] "GET /galeria/galeria/jquery.fancybox.css?v=2.1.5 HTTP/1.1" 304 -
66.249.88.223 - - [25/Mar/2016:08:44:14 -0500] "GET /BLA/boletinlegal/js/jquery.scrollShow.js HTTP/1.1" 304 -
66.249.88.233 - - [25/Mar/2016:08:44:15 -0500] "GET /galeria/galeria/jquery.fancybox.js?v=2.1.5 HTTP/1.1" 304 -
190.9.60.3 - - [25/Mar/2016:08:44:16 -0500] "GET /galeria/galeria/fotos/Humedal-Tibanica4G.jpg HTTP/1.1" 200 442374
66.249.64.243 - - [25/Mar/2016:08:44:18 -0500] "GET /galeria/galeria/fotos/loro3G.jpg HTTP/1.1" 200 156110
186.145.97.91 - - [25/Mar/2016:08:44:31 -0500] "POST /forms/lservlet;jsessionid=ac16012b30d662d6cc60af4946b59e389005b31d4099.e3iSbxaKaheRe3mSaNqNbNeNay1ynknvrkLOlQzNp65In0 HTTP/1.1" 200 2
186.145.97.91 - - [25/Mar/2016:08:44:31 -0500] "POST /forms/lservlet;jsessionid=ac16012b30d662d6cc60af4946b59e389005b31d4099.e3iSbxaKaheRe3mSaNqNbNeNay1ynknvrkLOlQzNp65In0 HTTP/1.1" 200 2998
186.145.97.91 - - [25/Mar/2016:08:44:31 -0500] "POST /forms/lservlet;jsessionid=ac16012b30d662d6cc60af4946b59e389005b31d4099.e3iSbxaKaheRe3mSaNqNbNeNay1ynknvrkLOlQzNp65In0 HTTP/1.1" 200 20
186.145.97.91 - - [25/Mar/2016:08:44:32 -0500] "POST /forms/lservlet;jsessionid=ac16012b30d662d6cc60af4946b59e389005b31d4099.e3iSbxaKaheRe3mSaNqNbNeNay1ynknvrkLOlQzNp65In0 HTTP/1.1" 200 2
186.145.97.91 - - [25/Mar/2016:08:44:32 -0500] "POST /forms/lservlet;jsessionid=ac16012b30d662d6cc60af4946b59e389005b31d4099.e3iSbxaKaheRe3mSaNqNbNeNay1ynknvrkLOlQzNp65In0 HTTP/1.1" 200 3402
186.145.97.91 - - [25/Mar/2016:08:44:32 -0500] "POST /forms/lservlet;jsessionid=ac16012b30d662d6cc60af4946b59e389005b31d4099.e3iSbxaKaheRe3mSaNqNbNeNay1ynknvrkLOlQzNp65In0 HTTP/1.1" 200 2
186.145.97.91 - - [25/Mar/2016:08:44:33 -0500] "POST /forms/lservlet;jsessionid=ac16012b30d662d6cc60af4946b59e389005b31d4099.e3iSbxaKaheRe3mSaNqNbNeNay1ynknvrkLOlQzNp65In0 HTTP/1.1" 200 2
186.145.97.91 - - [25/Mar/2016:08:44:33 -0500] "POST /forms/lservlet;jsessionid=ac16012b30d662d6cc60af4946b59e389005b31d4099.e3iSbxaKaheRe3mSaNqNbNeNay1ynknvrkLOlQzNp65In0 HTTP/1.1" 200 3546
186.145.97.91 - - [25/Mar/2016:08:44:33 -0500] "POST /forms/lservlet;jsessionid=ac16012b30d662d6cc60af4946b59e389005b31d4099.e3iSbxaKaheRe3mSaNqNbNeNay1ynknvrkLOlQzNp65In0 HTTP/1.1" 200 2
186.145.97.91 - - [25/Mar/2016:08:44:34 -0500] "POST /forms/lservlet;jsessionid=ac16012b30d662d6cc60af4946b59e389005b31d4099.e3iSbxaKaheRe3mSaNqNbNeNay1ynknvrkLOlQzNp65In0 HTTP/1.1" 200 2
186.145.97.91 - - [25/Mar/2016:08:44:35 -0500] "POST /forms/lservlet;jsessionid=ac16012b30d662d6cc60af4946b59e389005b31d4099.e3iSbxaKaheRe3mSaNqNbNeNay1ynknvrkLOlQzNp65In0 HTTP/1.1" 200 3001
186.145.97.91 - - [25/Mar/2016:08:44:35 -0500] "POST /forms/lservlet;jsessionid=ac16012b30d662d6cc60af4946b59e389005b31d4099.e3iSbxaKaheRe3mSaNqNbNeNay1ynknvrkLOlQzNp65In0 HTTP/1.1" 200 2
186.145.97.91 - - [25/Mar/2016:08:44:36 -0500] "POST /forms/lservlet;jsessionid=ac16012b30d662d6cc60af4946b59e389005b31d4099.e3iSbxaKaheRe3mSaNqNbNeNay1ynknvrkLOlQzNp65In0 HTTP/1.1" 200 2
186.145.97.91 - - [25/Mar/2016:08:44:36 -0500] "POST /forms/lservlet;jsessionid=ac16012b30d662d6cc60af4946b59e389005b31d4099.e3iSbxaKaheRe3mSaNqNbNeNay1ynknvrkLOlQzNp65In0 HTTP/1.1" 200 2966
186.145.97.91 - - [25/Mar/2016:08:44:36 -0500] "POST /forms/lservlet;jsessionid=ac16012b30d662d6cc60af4946b59e389005b31d4099.e3iSbxaKaheRe3mSaNqNbNeNay1ynknvrkLOlQzNp65In0 HTTP/1.1" 200 2
186.145.97.91 - - [25/Mar/2016:08:44:37 -0500] "POST /forms/lservlet;jsessionid=ac16012b30d662d6cc60af4946b59e389005b31d4099.e3iSbxaKaheRe3mSaNqNbNeNay1ynknvrkLOlQzNp65In0 HTTP/1.1" 200 2
186.145.97.91 - - [25/Mar/2016:08:44:37 -0500] "POST /forms/lservlet;jsessionid=ac16012b30d662d6cc60af4946b59e389005b31d4099.e3iSbxaKaheRe3mSaNqNbNeNay1ynknvrkLOlQzNp65In0 HTTP/1.1" 200 3291
186.145.97.91 - - [25/Mar/2016:08:44:37 -0500] "POST /forms/lservlet;jsessionid=ac16012b30d662d6cc60af4946b59e389005b31d4099.e3iSbxaKaheRe3mSaNqNbNeNay1ynknvrkLOlQzNp65In0 HTTP/1.1" 200 2
186.145.97.91 - - [25/Mar/2016:08:44:38 -0500] "POST /forms/lservlet;jsessionid=ac16012b30d662d6cc60af4946b59e389005b31d4099.e3iSbxaKaheRe3mSaNqNbNeNay1ynknvrkLOlQzNp65In0 HTTP/1.1" 200 2
186.145.97.91 - - [25/Mar/2016:08:44:38 -0500] "POST /forms/lservlet;jsessionid=ac16012b30d662d6cc60af4946b59e389005b31d4099.e3iSbxaKaheRe3mSaNqNbNeNay1ynknvrkLOlQzNp65In0 HTTP/1.1" 200 2502
186.145.97.91 - - [25/Mar/2016:08:44:38 -0500] "POST /forms/lservlet;jsessionid=ac16012b30d662d6cc60af4946b59e389005b31d4099.e3iSbxaKaheRe3mSaNqNbNeNay1ynknvrkLOlQzNp65In0 HTTP/1.1" 200 2
186.145.97.91 - - [25/Mar/2016:08:44:39 -0500] "POST /forms/lservlet;jsessionid=ac16012b30d662d6cc60af4946b59e389005b31d4099.e3iSbxaKaheRe3mSaNqNbNeNay1ynknvrkLOlQzNp65In0 HTTP/1.1" 200 2
186.145.97.91 - - [25/Mar/2016:08:44:39 -0500] "POST /forms/lservlet;jsessionid=ac16012b30d662d6cc60af4946b59e389005b31d4099.e3iSbxaKaheRe3mSaNqNbNeNay1ynknvrkLOlQzNp65In0 HTTP/1.1" 200 3737
186.145.97.91 - - [25/Mar/2016:08:44:39 -0500] "POST /forms/lservlet;jsessionid=ac16012b30d662d6cc60af4946b59e389005b31d4099.e3iSbxaKaheRe3mSaNqNbNeNay1ynknvrkLOlQzNp65In0 HTTP/1.1" 200 2
190.255.133.229 - - [25/Mar/2016:08:44:40 -0500] "POST /forms/lservlet;jsessionid=ac16012b30d6b57254a5964c45fa9f198e7096723d67.e3iSbxaKaheRe3mSaNqNbNeNay1ynknvrkLOlQzNp65In0 HTTP/1.1" 200 2
186.145.97.91 - - [25/Mar/2016:08:44:40 -0500] "POST /forms/lservlet;jsessionid=ac16012b30d662d6cc60af4946b59e389005b31d4099.e3iSbxaKaheRe3mSaNqNbNeNay1ynknvrkLOlQzNp65In0 HTTP/1.1" 200 2
186.145.97.91 - - [25/Mar/2016:08:44:40 -0500] "POST /forms/lservlet;jsessionid=ac16012b30d662d6cc60af4946b59e389005b31d4099.e3iSbxaKaheRe3mSaNqNbNeNay1ynknvrkLOlQzNp65In0 HTTP/1.1" 200 3438
186.145.97.91 - - [25/Mar/2016:08:44:41 -0500] "POST /forms/lservlet;jsessionid=ac16012b30d662d6cc60af4946b59e389005b31d4099.e3iSbxaKaheRe3mSaNqNbNeNay1ynknvrkLOlQzNp65In0 HTTP/1.1" 200 2
186.145.97.91 - - [25/Mar/2016:08:44:41 -0500] "POST /forms/lservlet;jsessionid=ac16012b30d662d6cc60af4946b59e389005b31d4099.e3iSbxaKaheRe3mSaNqNbNeNay1ynknvrkLOlQzNp65In0 HTTP/1.1" 200 2
186.145.97.91 - - [25/Mar/2016:08:44:41 -0500] "POST /forms/lservlet;jsessionid=ac16012b30d662d6cc60af4946b59e389005b31d4099.e3iSbxaKaheRe3mSaNqNbNeNay1ynknvrkLOlQzNp65In0 HTTP/1.1" 200 2398
186.145.97.91 - - [25/Mar/2016:08:44:42 -0500] "POST /forms/lservlet;jsessionid=ac16012b30d662d6cc60af4946b59e389005b31d4099.e3iSbxaKaheRe3mSaNqNbNeNay1ynknvrkLOlQzNp65In0 HTTP/1.1" 200 2
186.145.97.91 - - [25/Mar/2016:08:44:43 -0500] "POST /forms/lservlet;jsessionid=ac16012b30d662d6cc60af4946b59e389005b31d4099.e3iSbxaKaheRe3mSaNqNbNeNay1ynknvrkLOlQzNp65In0 HTTP/1.1" 200 2
186.145.97.91 - - [25/Mar/2016:08:44:43 -0500] "POST /forms/lservlet;jsessionid=ac16012b30d662d6cc60af4946b59e389005b31d4099.e3iSbxaKaheRe3mSaNqNbNeNay1ynknvrkLOlQzNp65In0 HTTP/1.1" 200 2085
186.145.97.91 - - [25/Mar/2016:08:44:43 -0500] "POST /forms/lservlet;jsessionid=ac16012b30d662d6cc60af4946b59e389005b31d4099.e3iSbxaKaheRe3mSaNqNbNeNay1ynknvrkLOlQzNp65In0 HTTP/1.1" 200 2
186.145.97.91 - - [25/Mar/2016:08:44:44 -0500] "POST /forms/lservlet;jsessionid=ac16012b30d662d6cc60af4946b59e389005b31d4099.e3iSbxaKaheRe3mSaNqNbNeNay1ynknvrkLOlQzNp65In0 HTTP/1.1" 200 99
186.145.97.91 - - [25/Mar/2016:08:44:48 -0500] "POST /forms/lservlet;jsessionid=ac16012b30d662d6cc60af4946b59e389005b31d4099.e3iSbxaKaheRe3mSaNqNbNeNay1ynknvrkLOlQzNp65In0 HTTP/1.1" 200 2
186.145.97.91 - - [25/Mar/2016:08:44:49 -0500] "POST /forms/lservlet;jsessionid=ac16012b30d662d6cc60af4946b59e389005b31d4099.e3iSbxaKaheRe3mSaNqNbNeNay1ynknvrkLOlQzNp65In0 HTTP/1.1" 200 14
186.145.97.91 - - [25/Mar/2016:08:44:50 -0500] "POST /forms/lservlet;jsessionid=ac16012b30d662d6cc60af4946b59e389005b31d4099.e3iSbxaKaheRe3mSaNqNbNeNay1ynknvrkLOlQzNp65In0 HTTP/1.1" 200 14
186.145.97.91 - - [25/Mar/2016:08:44:51 -0500] "POST /forms/lservlet;jsessionid=ac16012b30d662d6cc60af4946b59e389005b31d4099.e3iSbxaKaheRe3mSaNqNbNeNay1ynknvrkLOlQzNp65In0 HTTP/1.1" 200 14
186.145.97.91 - - [25/Mar/2016:08:44:52 -0500] "POST /forms/lservlet;jsessionid=ac16012b30d662d6cc60af4946b59e389005b31d4099.e3iSbxaKaheRe3mSaNqNbNeNay1ynknvrkLOlQzNp65In0 HTTP/1.1" 200 14
186.145.97.91 - - [25/Mar/2016:08:44:54 -0500] "POST /forms/lservlet;jsessionid=ac16012b30d662d6cc60af4946b59e389005b31d4099.e3iSbxaKaheRe3mSaNqNbNeNay1ynknvrkLOlQzNp65In0 HTTP/1.1" 200 15
186.145.97.91 - - [25/Mar/2016:08:44:57 -0500] "POST /forms/lservlet;jsessionid=ac16012b30d662d6cc60af4946b59e389005b31d4099.e3iSbxaKaheRe3mSaNqNbNeNay1ynknvrkLOlQzNp65In0 HTTP/1.1" 200 131
186.145.97.91 - - [25/Mar/2016:08:44:57 -0500] "POST /forms/lservlet;jsessionid=ac16012b30d662d6cc60af4946b59e389005b31d4099.e3iSbxaKaheRe3mSaNqNbNeNay1ynknvrkLOlQzNp65In0 HTTP/1.1" 200 12
186.145.97.91 - - [25/Mar/2016:08:44:57 -0500] "GET /reports/rwservlet/getjobid373775?server=rep_srvapsda HTTP/1.1" 200 10206285
181.50.204.90 - - [25/Mar/2016:08:45:45 -0500] "GET /BLA/boletinlegal/js/jquery.scrollShow.js HTTP/1.1" 200 4586
181.50.204.90 - - [25/Mar/2016:08:45:45 -0500] "GET /galeria/galeria/jquery.fancybox.js?v=2.1.5 HTTP/1.1" 200 48706
181.50.204.90 - - [25/Mar/2016:08:45:45 -0500] "GET /galeria/galeria/jquery.fancybox.css?v=2.1.5 HTTP/1.1" 200 4895
190.107.226.226 - - [25/Mar/2016:08:45:48 -0500] "GET /BLA/boletinlegal/js/jquery.scrollShow.js HTTP/1.1" 200 4586
190.107.226.226 - - [25/Mar/2016:08:45:49 -0500] "GET /galeria/galeria/jquery.fancybox.css?v=2.1.5 HTTP/1.1" 200 4895
190.107.226.226 - - [25/Mar/2016:08:45:49 -0500] "GET /galeria/galeria/jquery.fancybox.js?v=2.1.5 HTTP/1.1" 200 48706
181.50.204.90 - - [25/Mar/2016:08:45:50 -0500] "GET /BLA/boletinlegal/js/jquery.scrollShow.js HTTP/1.1" 304 -
181.50.204.90 - - [25/Mar/2016:08:45:50 -0500] "GET /galeria/galeria/jquery.fancybox.css?v=2.1.5 HTTP/1.1" 304 -
181.50.204.90 - - [25/Mar/2016:08:45:50 -0500] "GET /galeria/galeria/jquery.fancybox.js?v=2.1.5 HTTP/1.1" 304 -
66.249.64.101 - - [25/Mar/2016:08:46:11 -0500] "GET /BLA/resoluciones/RESOLUCIONES%202009/7031.pdf HTTP/1.1" 200 726757
199.30.24.90 - - [25/Mar/2016:08:46:21 -0500] "GET /BLA/boletinlegal/style.css HTTP/1.1" 200 9406
66.249.64.101 - - [25/Mar/2016:08:46:36 -0500] "GET /BLA/resoluciones/RESOLUCIONES%202008/1529.pdf HTTP/1.1" 200 340338
190.255.133.229 - - [25/Mar/2016:08:46:40 -0500] "POST /forms/lservlet;jsessionid=ac16012b30d6b57254a5964c45fa9f198e7096723d67.e3iSbxaKaheRe3mSaNqNbNeNay1ynknvrkLOlQzNp65In0 HTTP/1.1" 200 2
186.145.97.91 - - [25/Mar/2016:08:46:46 -0500] "POST /forms/lservlet;jsessionid=ac16012b30d662d6cc60af4946b59e389005b31d4099.e3iSbxaKaheRe3mSaNqNbNeNay1ynknvrkLOlQzNp65In0 HTTP/1.1" 200 2
186.145.97.91 - - [25/Mar/2016:08:46:46 -0500] "POST /forms/lservlet;jsessionid=ac16012b30d662d6cc60af4946b59e389005b31d4099.e3iSbxaKaheRe3mSaNqNbNeNay1ynknvrkLOlQzNp65In0 HTTP/1.1" 200 2085
186.145.97.91 - - [25/Mar/2016:08:46:46 -0500] "POST /forms/lservlet;jsessionid=ac16012b30d662d6cc60af4946b59e389005b31d4099.e3iSbxaKaheRe3mSaNqNbNeNay1ynknvrkLOlQzNp65In0 HTTP/1.1" 200 20
186.145.97.91 - - [25/Mar/2016:08:46:49 -0500] "POST /forms/lservlet;jsessionid=ac16012b30d662d6cc60af4946b59e389005b31d4099.e3iSbxaKaheRe3mSaNqNbNeNay1ynknvrkLOlQzNp65In0 HTTP/1.1" 200 73
186.145.97.91 - - [25/Mar/2016:08:46:50 -0500] "POST /forms/lservlet;jsessionid=ac16012b30d662d6cc60af4946b59e389005b31d4099.e3iSbxaKaheRe3mSaNqNbNeNay1ynknvrkLOlQzNp65In0 HTTP/1.1" 200 2
186.145.97.91 - - [25/Mar/2016:08:46:53 -0500] "POST /forms/lservlet;jsessionid=ac16012b30d662d6cc60af4946b59e389005b31d4099.e3iSbxaKaheRe3mSaNqNbNeNay1ynknvrkLOlQzNp65In0 HTTP/1.1" 200 2
186.145.97.91 - - [25/Mar/2016:08:46:53 -0500] "POST /forms/lservlet;jsessionid=ac16012b30d662d6cc60af4946b59e389005b31d4099.e3iSbxaKaheRe3mSaNqNbNeNay1ynknvrkLOlQzNp65In0 HTTP/1.1" 200 14
186.145.97.91 - - [25/Mar/2016:08:46:54 -0500] "POST /forms/lservlet;jsessionid=ac16012b30d662d6cc60af4946b59e389005b31d4099.e3iSbxaKaheRe3mSaNqNbNeNay1ynknvrkLOlQzNp65In0 HTTP/1.1" 200 14
186.145.97.91 - - [25/Mar/2016:08:46:56 -0500] "POST /forms/lservlet;jsessionid=ac16012b30d662d6cc60af4946b59e389005b31d4099.e3iSbxaKaheRe3mSaNqNbNeNay1ynknvrkLOlQzNp65In0 HTTP/1.1" 200 112
186.145.97.91 - - [25/Mar/2016:08:46:56 -0500] "POST /forms/lservlet;jsessionid=ac16012b30d662d6cc60af4946b59e389005b31d4099.e3iSbxaKaheRe3mSaNqNbNeNay1ynknvrkLOlQzNp65In0 HTTP/1.1" 200 12
186.145.97.91 - - [25/Mar/2016:08:46:56 -0500] "GET /reports/rwservlet/getjobid373776?server=rep_srvapsda HTTP/1.1" 200 1529849
69.162.124.232 - - [25/Mar/2016:08:47:08 -0500] "HEAD / HTTP/1.1" 200 -
186.145.97.91 - - [25/Mar/2016:08:47:34 -0500] "POST /forms/lservlet;jsessionid=ac16012b30d662d6cc60af4946b59e389005b31d4099.e3iSbxaKaheRe3mSaNqNbNeNay1ynknvrkLOlQzNp65In0 HTTP/1.1" 200 2
186.145.97.91 - - [25/Mar/2016:08:47:34 -0500] "POST /forms/lservlet;jsessionid=ac16012b30d662d6cc60af4946b59e389005b31d4099.e3iSbxaKaheRe3mSaNqNbNeNay1ynknvrkLOlQzNp65In0 HTTP/1.1" 200 2290
186.145.97.91 - - [25/Mar/2016:08:47:35 -0500] "POST /forms/lservlet;jsessionid=ac16012b30d662d6cc60af4946b59e389005b31d4099.e3iSbxaKaheRe3mSaNqNbNeNay1ynknvrkLOlQzNp65In0 HTTP/1.1" 200 20
186.145.97.91 - - [25/Mar/2016:08:47:37 -0500] "POST /forms/lservlet;jsessionid=ac16012b30d662d6cc60af4946b59e389005b31d4099.e3iSbxaKaheRe3mSaNqNbNeNay1ynknvrkLOlQzNp65In0 HTTP/1.1" 200 2
186.155.134.235 - - [25/Mar/2016:08:47:38 -0500] "GET /galeria/galeria/jquery.fancybox.css?v=2.1.5 HTTP/1.1" 200 4895
186.145.97.91 - - [25/Mar/2016:08:47:38 -0500] "POST /forms/lservlet;jsessionid=ac16012b30d662d6cc60af4946b59e389005b31d4099.e3iSbxaKaheRe3mSaNqNbNeNay1ynknvrkLOlQzNp65In0 HTTP/1.1" 200 2669
186.145.97.91 - - [25/Mar/2016:08:47:38 -0500] "POST /forms/lservlet;jsessionid=ac16012b30d662d6cc60af4946b59e389005b31d4099.e3iSbxaKaheRe3mSaNqNbNeNay1ynknvrkLOlQzNp65In0 HTTP/1.1" 200 2
186.155.134.235 - - [25/Mar/2016:08:47:39 -0500] "GET /galeria/carrusel/Carrusel/jquery.thumbnailScroller.css HTTP/1.1" 200 2066
186.155.134.235 - - [25/Mar/2016:08:47:39 -0500] "GET /galeria/carrusel/Carrusel/jquery-ui-1.8.13.custom.min.js HTTP/1.1" 200 10800
186.155.134.235 - - [25/Mar/2016:08:47:39 -0500] "GET /galeria/carrusel/Carrusel/jquery.thumbnailScroller.js HTTP/1.1" 200 8157
186.145.97.91 - - [25/Mar/2016:08:47:40 -0500] "POST /forms/lservlet;jsessionid=ac16012b30d662d6cc60af4946b59e389005b31d4099.e3iSbxaKaheRe3mSaNqNbNeNay1ynknvrkLOlQzNp65In0 HTTP/1.1" 200 76
186.155.134.235 - - [25/Mar/2016:08:47:42 -0500] "GET /galeria/nivo-slider/demo/demo.html HTTP/1.1" 200 4237
186.155.134.235 - - [25/Mar/2016:08:47:42 -0500] "GET /galeria/nivo-slider/themes/default/default.css HTTP/1.1" 200 1569
186.155.134.235 - - [25/Mar/2016:08:47:42 -0500] "GET /galeria/nivo-slider/themes/orman/orman.css HTTP/1.1" 200 2152
186.155.134.235 - - [25/Mar/2016:08:47:42 -0500] "GET /galeria/nivo-slider/themes/pascal/pascal.css HTTP/1.1" 200 2258
186.155.134.235 - - [25/Mar/2016:08:47:42 -0500] "GET /galeria/nivo-slider/nivo-slider.css HTTP/1.1" 200 1507
186.155.134.235 - - [25/Mar/2016:08:47:42 -0500] "GET /galeria/nivo-slider/demo/style.css HTTP/1.1" 200 2222
186.155.134.235 - - [25/Mar/2016:08:47:42 -0500] "GET /galeria/nivo-slider/demo/scripts/jquery-1.7.1.min.js HTTP/1.1" 200 93868
186.155.134.235 - - [25/Mar/2016:08:47:43 -0500] "GET /galeria/nivo-slider/jquery.nivo.slider.pack.js HTTP/1.1" 200 11561
186.155.134.235 - - [25/Mar/2016:08:47:43 -0500] "GET /galeria/nivo-slider/demo/images/Reconciliate-con-la-naturalez.jpg HTTP/1.1" 200 348334
186.155.134.235 - - [25/Mar/2016:08:47:43 -0500] "GET /galeria/nivo-slider/demo/images/banner_decreto.png HTTP/1.1" 200 32523
186.155.134.235 - - [25/Mar/2016:08:47:43 -0500] "GET /galeria/nivo-slider/demo/images/Banner_caminatas.jpg HTTP/1.1" 200 244095
186.155.134.235 - - [25/Mar/2016:08:47:43 -0500] "GET /galeria/nivo-slider/demo/images/encuentros_ciudadanos.jpg HTTP/1.1" 200 128337
186.155.134.235 - - [25/Mar/2016:08:47:43 -0500] "GET /galeria/nivo-slider/demo/images/4Simple_Slider.png HTTP/1.1" 200 11722
186.155.134.235 - - [25/Mar/2016:08:47:43 -0500] "GET /galeria/nivo-slider/demo/images/ecolecta2016.jpg HTTP/1.1" 200 147170
186.155.134.235 - - [25/Mar/2016:08:47:43 -0500] "GET /galeria/nivo-slider/demo/images/Baner-ACERCAR.jpg HTTP/1.1" 200 68021
181.136.69.6 - - [25/Mar/2016:08:47:44 -0500] "GET /BLA/resoluciones/Notificaciones/AUTOS%202014/0227.doc HTTP/1.1" 200 232448
181.136.69.6 - - [25/Mar/2016:08:47:45 -0500] "GET /BLA/resoluciones/Notificaciones/AUTOS%202014/0227.doc HTTP/1.1" 200 232448
186.145.97.91 - - [25/Mar/2016:08:47:46 -0500] "POST /forms/lservlet;jsessionid=ac16012b30d662d6cc60af4946b59e389005b31d4099.e3iSbxaKaheRe3mSaNqNbNeNay1ynknvrkLOlQzNp65In0 HTTP/1.1" 200 2
186.155.134.235 - - [25/Mar/2016:08:47:47 -0500] "GET /galeria/nivo-slider/themes/default/loading.gif HTTP/1.1" 200 1737
186.145.97.91 - - [25/Mar/2016:08:47:46 -0500] "POST /forms/lservlet;jsessionid=ac16012b30d662d6cc60af4946b59e389005b31d4099.e3iSbxaKaheRe3mSaNqNbNeNay1ynknvrkLOlQzNp65In0 HTTP/1.1" 200 14
186.145.97.91 - - [25/Mar/2016:08:47:47 -0500] "POST /forms/lservlet;jsessionid=ac16012b30d662d6cc60af4946b59e389005b31d4099.e3iSbxaKaheRe3mSaNqNbNeNay1ynknvrkLOlQzNp65In0 HTTP/1.1" 200 14
186.145.97.91 - - [25/Mar/2016:08:47:48 -0500] "POST /forms/lservlet;jsessionid=ac16012b30d662d6cc60af4946b59e389005b31d4099.e3iSbxaKaheRe3mSaNqNbNeNay1ynknvrkLOlQzNp65In0 HTTP/1.1" 200 112
186.145.97.91 - - [25/Mar/2016:08:47:48 -0500] "POST /forms/lservlet;jsessionid=ac16012b30d662d6cc60af4946b59e389005b31d4099.e3iSbxaKaheRe3mSaNqNbNeNay1ynknvrkLOlQzNp65In0 HTTP/1.1" 200 12
186.145.97.91 - - [25/Mar/2016:08:47:48 -0500] "GET /reports/rwservlet/getjobid373777?server=rep_srvapsda HTTP/1.1" 200 3066794
181.136.69.6 - - [25/Mar/2016:08:47:52 -0500] "GET /BLA/resoluciones/Notificaciones/AUTOS%202014/0227.doc HTTP/1.1" 200 232448
186.155.134.235 - - [25/Mar/2016:08:47:52 -0500] "GET /galeria/nivo-slider/demo/images/Banner-Pread-2016.jpg HTTP/1.1" 200 130816
186.155.134.235 - - [25/Mar/2016:08:47:54 -0500] "GET /galeria/nivo-slider/demo/images/banner-llantas2015.jpg HTTP/1.1" 200 268366
151.80.31.178 - - [25/Mar/2016:08:47:57 -0500] "GET /BLA/resoluciones/AUTOS%202006/AUTOS%202006%20101-200/00000164.tif HTTP/1.1" 200 51842
186.155.134.235 - - [25/Mar/2016:08:47:58 -0500] "GET /galeria/nivo-slider/demo/images/ABC-Plan-de-contigencia.jpg HTTP/1.1" 200 423901
186.155.134.235 - - [25/Mar/2016:08:48:03 -0500] "GET /galeria/nivo-slider/demo/images/caminata-ecologica.jpg HTTP/1.1" 200 192926
186.155.134.235 - - [25/Mar/2016:08:48:08 -0500] "GET /galeria/nivo-slider/demo/images/Cmapana-onestidad.jpg HTTP/1.1" 200 141638
186.155.134.235 - - [25/Mar/2016:08:48:12 -0500] "GET /galeria/nivo-slider/demo/images/banner-llantas2.jpg HTTP/1.1" 200 234514
186.155.134.235 - - [25/Mar/2016:08:48:12 -0500] "GET /galeria/nivo-slider/demo/images/9Signos.jpg HTTP/1.1" 200 81776
186.155.134.235 - - [25/Mar/2016:08:48:12 -0500] "GET /galeria/nivo-slider/demo/images/Ruta-vertimientos-01.jpg HTTP/1.1" 200 130151
186.155.134.235 - - [25/Mar/2016:08:48:13 -0500] "GET /galeria/nivo-slider/demo/images/bolsas-06.jpg HTTP/1.1" 200 210950
186.155.134.235 - - [25/Mar/2016:08:48:16 -0500] "GET /galeria/nivo-slider/themes/default/bullets.png HTTP/1.1" 200 1281
40.77.167.92 - - [25/Mar/2016:08:48:19 -0500] "GET / HTTP/1.1" 200 10190
186.155.134.235 - - [25/Mar/2016:08:48:20 -0500] "GET /galeria/nivo-slider/themes/default/arrows.png HTTP/1.1" 200 824
190.255.133.229 - - [25/Mar/2016:08:48:40 -0500] "POST /forms/lservlet;jsessionid=ac16012b30d6b57254a5964c45fa9f198e7096723d67.e3iSbxaKaheRe3mSaNqNbNeNay1ynknvrkLOlQzNp65In0 HTTP/1.1" 200 2
186.145.97.91 - - [25/Mar/2016:08:48:50 -0500] "POST /forms/lservlet;jsessionid=ac16012b30d662d6cc60af4946b59e389005b31d4099.e3iSbxaKaheRe3mSaNqNbNeNay1ynknvrkLOlQzNp65In0 HTTP/1.1" 200 2
186.80.200.92 - - [25/Mar/2016:08:49:03 -0500] "GET /BLA/boletinlegal/js/jquery.scrollShow.js HTTP/1.1" 200 4586
186.80.200.92 - - [25/Mar/2016:08:49:03 -0500] "GET /galeria/galeria/jquery.fancybox.js?v=2.1.5 HTTP/1.1" 200 48706
186.80.200.92 - - [25/Mar/2016:08:49:03 -0500] "GET /galeria/galeria/jquery.fancybox.css?v=2.1.5 HTTP/1.1" 200 4895
186.80.200.92 - - [25/Mar/2016:08:49:03 -0500] "GET /galeria/carrusel/Carrusel/jquery.thumbnailScroller.css HTTP/1.1" 200 2066
186.80.200.92 - - [25/Mar/2016:08:49:03 -0500] "GET /galeria/carrusel/Carrusel/jquery-ui-1.8.13.custom.min.js HTTP/1.1" 200 10800
186.80.200.92 - - [25/Mar/2016:08:49:03 -0500] "GET /galeria/carrusel/Carrusel/jquery.thumbnailScroller.js HTTP/1.1" 200 8157
