186.145.5.50 - - [25/Mar/2016:09:12:46 -0500] "GET /BLA/boletinlegal/images/pdf.gif HTTP/1.1" 304 -
186.145.5.50 - - [25/Mar/2016:09:12:46 -0500] "GET /BLA/boletinlegal/images/video.png HTTP/1.1" 304 -
186.145.97.91 - - [25/Mar/2016:09:12:51 -0500] "POST /forms/lservlet;jsessionid=ac16012b30d662d6cc60af4946b59e389005b31d4099.e3iSbxaKaheRe3mSaNqNbNeNay1ynknvrkLOlQzNp65In0 HTTP/1.1" 200 2
164.132.161.44 - - [25/Mar/2016:09:13:00 -0500] "GET /BLA/resoluciones/index.php?dir=RESOLUCIONES%202002/RES%202002%201551-1600/&sort=size&order=desc HTTP/1.1" 200 12154
51.255.65.84 - - [25/Mar/2016:09:13:12 -0500] "GET /BLA/resoluciones/index.php?dir=RESOLUCIONES%202005/RES%202005%202901-2950/&sort=date&order=desc HTTP/1.1" 200 12330
66.249.64.106 - - [25/Mar/2016:09:13:18 -0500] "GET /BLA/resoluciones/RESOLUCIONES%202009/9662.pdf HTTP/1.1" 200 540731
51.255.65.29 - - [25/Mar/2016:09:13:46 -0500] "GET /BLA/resoluciones/AUTOS%202006/AUTOS%202006%201501%20-%201600/00001545.tif HTTP/1.1" 200 137394
66.249.64.243 - - [25/Mar/2016:09:14:05 -0500] "GET /galeria/galeria/fotos/mico1G.jpg HTTP/1.1" 200 241617
66.249.64.96 - - [25/Mar/2016:09:14:25 -0500] "GET /BLA/resoluciones/AUTOS%202007/1564.pdf HTTP/1.1" 200 29815
181.50.7.204 - - [25/Mar/2016:09:14:46 -0500] "GET /galeria/carrusel/Carrusel/jquery.thumbnailScroller.css HTTP/1.1" 200 2066
181.50.7.204 - - [25/Mar/2016:09:14:46 -0500] "GET /galeria/galeria/jquery.fancybox.css?v=2.1.5 HTTP/1.1" 200 4895
181.50.7.204 - - [25/Mar/2016:09:14:46 -0500] "GET /galeria/galeria/jquery.fancybox.js?v=2.1.5 HTTP/1.1" 200 48706
181.50.7.204 - - [25/Mar/2016:09:14:46 -0500] "GET /BLA/boletinlegal/js/jquery.scrollShow.js HTTP/1.1" 200 4586
181.50.7.204 - - [25/Mar/2016:09:14:46 -0500] "GET /galeria/carrusel/Carrusel/jquery-ui-1.8.13.custom.min.js HTTP/1.1" 200 10800
181.50.7.204 - - [25/Mar/2016:09:14:46 -0500] "GET /galeria/carrusel/Carrusel/jquery.thumbnailScroller.js HTTP/1.1" 200 8157
190.255.133.229 - - [25/Mar/2016:09:14:46 -0500] "POST /forms/lservlet;jsessionid=ac16012b30d6b57254a5964c45fa9f198e7096723d67.e3iSbxaKaheRe3mSaNqNbNeNay1ynknvrkLOlQzNp65In0 HTTP/1.1" 200 2
181.50.7.204 - - [25/Mar/2016:09:14:47 -0500] "GET /galeria/nivo-slider/demo/demo.html HTTP/1.1" 200 4237
181.50.7.204 - - [25/Mar/2016:09:14:47 -0500] "GET /galeria/nivo-slider/demo/images/banner_decreto.png HTTP/1.1" 200 32523
181.50.7.204 - - [25/Mar/2016:09:14:47 -0500] "GET /galeria/nivo-slider/demo/style.css HTTP/1.1" 200 2222
181.50.7.204 - - [25/Mar/2016:09:14:47 -0500] "GET /galeria/nivo-slider/themes/default/default.css HTTP/1.1" 200 1569
181.50.7.204 - - [25/Mar/2016:09:14:47 -0500] "GET /galeria/nivo-slider/nivo-slider.css HTTP/1.1" 200 1507
181.50.7.204 - - [25/Mar/2016:09:14:47 -0500] "GET /galeria/nivo-slider/themes/pascal/pascal.css HTTP/1.1" 200 2258
181.50.7.204 - - [25/Mar/2016:09:14:47 -0500] "GET /galeria/nivo-slider/themes/orman/orman.css HTTP/1.1" 200 2152
181.50.7.204 - - [25/Mar/2016:09:14:47 -0500] "GET /galeria/nivo-slider/demo/scripts/jquery-1.7.1.min.js HTTP/1.1" 200 93868
181.50.7.204 - - [25/Mar/2016:09:14:47 -0500] "GET /galeria/nivo-slider/jquery.nivo.slider.pack.js HTTP/1.1" 200 11561
181.50.7.204 - - [25/Mar/2016:09:14:47 -0500] "GET /galeria/nivo-slider/demo/images/Reconciliate-con-la-naturalez.jpg HTTP/1.1" 200 348334
181.50.7.204 - - [25/Mar/2016:09:14:47 -0500] "GET /galeria/nivo-slider/demo/images/Banner_caminatas.jpg HTTP/1.1" 200 244095
181.50.7.204 - - [25/Mar/2016:09:14:47 -0500] "GET /galeria/nivo-slider/demo/images/encuentros_ciudadanos.jpg HTTP/1.1" 200 128337
181.50.7.204 - - [25/Mar/2016:09:14:47 -0500] "GET /galeria/nivo-slider/demo/images/4Simple_Slider.png HTTP/1.1" 200 11722
181.50.7.204 - - [25/Mar/2016:09:14:47 -0500] "GET /galeria/nivo-slider/themes/default/loading.gif HTTP/1.1" 200 1737
181.50.7.204 - - [25/Mar/2016:09:14:49 -0500] "GET /galeria/nivo-slider/demo/images/ecolecta2016.jpg HTTP/1.1" 200 147170
181.50.7.204 - - [25/Mar/2016:09:14:49 -0500] "GET /galeria/nivo-slider/demo/images/Baner-ACERCAR.jpg HTTP/1.1" 200 68021
181.50.7.204 - - [25/Mar/2016:09:14:49 -0500] "GET /galeria/nivo-slider/demo/images/Banner-Pread-2016.jpg HTTP/1.1" 200 130816
181.50.7.204 - - [25/Mar/2016:09:14:50 -0500] "GET /galeria/nivo-slider/demo/images/ABC-Plan-de-contigencia.jpg HTTP/1.1" 200 423901
181.50.7.204 - - [25/Mar/2016:09:14:50 -0500] "GET /galeria/nivo-slider/demo/images/banner-llantas2015.jpg HTTP/1.1" 200 268366
181.50.7.204 - - [25/Mar/2016:09:14:50 -0500] "GET /galeria/nivo-slider/demo/images/caminata-ecologica.jpg HTTP/1.1" 200 192926
181.50.7.204 - - [25/Mar/2016:09:14:50 -0500] "GET /galeria/nivo-slider/demo/images/Cmapana-onestidad.jpg HTTP/1.1" 200 141638
186.145.97.91 - - [25/Mar/2016:09:14:51 -0500] "POST /forms/lservlet;jsessionid=ac16012b30d662d6cc60af4946b59e389005b31d4099.e3iSbxaKaheRe3mSaNqNbNeNay1ynknvrkLOlQzNp65In0 HTTP/1.1" 200 2
181.50.7.204 - - [25/Mar/2016:09:14:53 -0500] "GET /galeria/galeria/jquery.fancybox.js?v=2.1.5 HTTP/1.1" 304 -
181.50.7.204 - - [25/Mar/2016:09:14:53 -0500] "GET /BLA/boletinlegal/js/jquery.scrollShow.js HTTP/1.1" 304 -
181.50.7.204 - - [25/Mar/2016:09:14:53 -0500] "GET /galeria/galeria/jquery.fancybox.css?v=2.1.5 HTTP/1.1" 304 -
51.255.65.66 - - [25/Mar/2016:09:14:57 -0500] "GET /BLA/resoluciones/index.php?dir=RESOLUCIONES+2006%2FRES+2006++2801-2850%2F HTTP/1.1" 200 12415
190.255.133.229 - - [25/Mar/2016:09:16:46 -0500] "POST /forms/lservlet;jsessionid=ac16012b30d6b57254a5964c45fa9f198e7096723d67.e3iSbxaKaheRe3mSaNqNbNeNay1ynknvrkLOlQzNp65In0 HTTP/1.1" 200 2
186.145.97.91 - - [25/Mar/2016:09:16:51 -0500] "POST /forms/lservlet;jsessionid=ac16012b30d662d6cc60af4946b59e389005b31d4099.e3iSbxaKaheRe3mSaNqNbNeNay1ynknvrkLOlQzNp65In0 HTTP/1.1" 200 2
51.255.65.15 - - [25/Mar/2016:09:17:02 -0500] "GET /BLA/resoluciones/RESOLUCIONES%202006/RES%202006%20651-700/00000663.tif HTTP/1.1" 200 281780
186.28.97.36 - - [25/Mar/2016:09:17:04 -0500] "GET /galeria/mapa/3MapaBogot%C3%A1.jpg HTTP/1.1" 200 688183
69.162.124.232 - - [25/Mar/2016:09:17:08 -0500] "HEAD / HTTP/1.1" 200 -
181.61.9.106 - - [25/Mar/2016:09:17:08 -0500] "GET /BLA/resoluciones/RESOLUCIONES%202009/4098.pdf HTTP/1.1" 200 393436
66.249.64.101 - - [25/Mar/2016:09:17:10 -0500] "GET /BLA/resoluciones/AUTOS%202014/6240.pdf HTTP/1.1" 200 676953
181.142.232.151 - - [25/Mar/2016:09:17:11 -0500] "GET /galeria/galeria/jquery.fancybox.css?v=2.1.5 HTTP/1.1" 200 4895
131.221.41.34 - - [25/Mar/2016:09:17:43 -0500] "GET /galeria/galeria/jquery.fancybox.css?v=2.1.5 HTTP/1.1" 200 4895
131.221.41.34 - - [25/Mar/2016:09:17:43 -0500] "GET /galeria/galeria/jquery.fancybox.js?v=2.1.5 HTTP/1.1" 200 48706
131.221.41.34 - - [25/Mar/2016:09:17:43 -0500] "GET /BLA/boletinlegal/js/jquery.scrollShow.js HTTP/1.1" 200 4586
66.249.64.101 - - [25/Mar/2016:09:17:56 -0500] "GET /BLA/resoluciones/index.php?dir=RESOLUCIONES%202007/RES%202007%201601%20AL%201725/&sort=size&order=asc HTTP/1.1" 200 7202
190.25.169.14 - - [25/Mar/2016:09:18:14 -0500] "GET /forms/frmservlet?config=sia HTTP/1.1" 200 4028
151.80.31.184 - - [25/Mar/2016:09:18:17 -0500] "GET /BLA/resoluciones/RESOLUCIONES%202004/RES%202004%202351-2401/00002388.tif HTTP/1.1" 200 134168
131.221.41.34 - - [25/Mar/2016:09:18:18 -0500] "GET /galeria/galeria/jquery.fancybox.css?v=2.1.5 HTTP/1.1" 304 -
131.221.41.34 - - [25/Mar/2016:09:18:19 -0500] "GET /galeria/galeria/jquery.fancybox.js?v=2.1.5 HTTP/1.1" 304 -
131.221.41.34 - - [25/Mar/2016:09:18:19 -0500] "GET /BLA/boletinlegal/js/jquery.scrollShow.js HTTP/1.1" 304 -
190.255.133.229 - - [25/Mar/2016:09:18:47 -0500] "POST /forms/lservlet;jsessionid=ac16012b30d6b57254a5964c45fa9f198e7096723d67.e3iSbxaKaheRe3mSaNqNbNeNay1ynknvrkLOlQzNp65In0 HTTP/1.1" 200 2
186.145.97.91 - - [25/Mar/2016:09:18:51 -0500] "POST /forms/lservlet;jsessionid=ac16012b30d662d6cc60af4946b59e389005b31d4099.e3iSbxaKaheRe3mSaNqNbNeNay1ynknvrkLOlQzNp65In0 HTTP/1.1" 200 2
190.25.169.14 - - [25/Mar/2016:09:19:21 -0500] "GET /forms/java/frmall_jinit.jar HTTP/1.1" 304 -
186.28.97.36 - - [25/Mar/2016:09:19:22 -0500] "GET /galeria/galeria/jquery.fancybox.js?v=2.1.5 HTTP/1.1" 200 48706
186.28.97.36 - - [25/Mar/2016:09:19:22 -0500] "GET /BLA/boletinlegal/js/jquery.scrollShow.js HTTP/1.1" 200 4586
186.28.97.36 - - [25/Mar/2016:09:19:22 -0500] "GET /galeria/galeria/jquery.fancybox.css?v=2.1.5 HTTP/1.1" 200 4895
190.25.169.14 - - [25/Mar/2016:09:19:23 -0500] "GET /forms/java/icons.jar HTTP/1.1" 304 -
190.25.169.14 - - [25/Mar/2016:09:19:23 -0500] "GET /forms/java/java/awt/KeyboardFocusManager.class HTTP/1.1" 404 352
190.25.169.14 - - [25/Mar/2016:09:19:23 -0500] "GET /forms/java/java/awt/KeyboardFocusManager.class HTTP/1.1" 404 352
190.25.169.14 - - [25/Mar/2016:09:19:26 -0500] "GET /forms/java/java/awt/event/MouseWheelListener.class HTTP/1.1" 404 356
190.25.169.14 - - [25/Mar/2016:09:19:26 -0500] "GET /forms/java/java/awt/event/MouseWheelListener.class HTTP/1.1" 404 356
190.25.169.14 - - [25/Mar/2016:09:19:27 -0500] "GET /forms/java/oracle/forms/registry/Registry.dat HTTP/1.1" 200 4213
190.25.169.14 - - [25/Mar/2016:09:19:27 -0500] "GET /forms/java/oracle/forms/registry/default.dat HTTP/1.1" 404 350
190.25.169.14 - - [25/Mar/2016:09:19:27 -0500] "GET /forms/frmservlet?config=sia&acceptLanguage=es-CO&ifcmd=startsession HTTP/1.1" 200 118
190.25.169.14 - - [25/Mar/2016:09:19:27 -0500] "GET /forms/lservlet;jsessionid=ac16012b30d6d75d25b8fdb94215ababddad7b4deffa.e3iSbxaKaheRe3mSaNqNbNeNay1ynknvrkLOlQzNp65In0?ifcmd=getinfo&ifhost=Paola&ifip=10.127.127.1 HTTP/1.1" 200 8
190.25.169.14 - - [25/Mar/2016:09:19:27 -0500] "POST /forms/lservlet;jsessionid=ac16012b30d6d75d25b8fdb94215ababddad7b4deffa.e3iSbxaKaheRe3mSaNqNbNeNay1ynknvrkLOlQzNp65In0 HTTP/1.1" 200 8
190.25.169.14 - - [25/Mar/2016:09:19:28 -0500] "GET /forms/java/oracle/forms/engine/RunformBundle_es_CO.class HTTP/1.1" 404 362
190.25.169.14 - - [25/Mar/2016:09:19:28 -0500] "GET /forms/java/oracle/forms/engine/RunformBundle_es_CO.class HTTP/1.1" 404 362
190.25.169.14 - - [25/Mar/2016:09:19:28 -0500] "GET /forms/java/oracle/forms/engine/RunformBundle_es_CO.properties HTTP/1.1" 404 367
190.25.169.14 - - [25/Mar/2016:09:19:29 -0500] "POST /forms/lservlet;jsessionid=ac16012b30d6d75d25b8fdb94215ababddad7b4deffa.e3iSbxaKaheRe3mSaNqNbNeNay1ynknvrkLOlQzNp65In0 HTTP/1.1" 200 64000
190.25.169.14 - - [25/Mar/2016:09:19:29 -0500] "POST /forms/lservlet;jsessionid=ac16012b30d6d75d25b8fdb94215ababddad7b4deffa.e3iSbxaKaheRe3mSaNqNbNeNay1ynknvrkLOlQzNp65In0 HTTP/1.1" 200 64000
190.25.169.14 - - [25/Mar/2016:09:19:29 -0500] "POST /forms/lservlet;jsessionid=ac16012b30d6d75d25b8fdb94215ababddad7b4deffa.e3iSbxaKaheRe3mSaNqNbNeNay1ynknvrkLOlQzNp65In0 HTTP/1.1" 200 63623
46.246.83.172 - - [25/Mar/2016:09:19:30 -0500] "GET / HTTP/1.0" 200 10190
46.246.83.172 - - [25/Mar/2016:09:19:31 -0500] "GET / HTTP/1.0" 200 10190
190.25.169.14 - - [25/Mar/2016:09:19:32 -0500] "HEAD /imagenes/dama_logo.gif HTTP/1.1" 200 -
190.25.169.14 - - [25/Mar/2016:09:19:32 -0500] "GET /imagenes/dama_logo.gif HTTP/1.1" 200 21482
190.25.169.14 - - [25/Mar/2016:09:19:33 -0500] "POST /forms/lservlet;jsessionid=ac16012b30d6d75d25b8fdb94215ababddad7b4deffa.e3iSbxaKaheRe3mSaNqNbNeNay1ynknvrkLOlQzNp65In0 HTTP/1.1" 200 2
190.25.169.14 - - [25/Mar/2016:09:19:33 -0500] "POST /forms/lservlet;jsessionid=ac16012b30d6d75d25b8fdb94215ababddad7b4deffa.e3iSbxaKaheRe3mSaNqNbNeNay1ynknvrkLOlQzNp65In0 HTTP/1.1" 200 2
190.25.111.183 - - [25/Mar/2016:09:20:02 -0500] "GET /videos/ArchivoSDA.flv HTTP/1.1" 200 31205279
51.255.65.24 - - [25/Mar/2016:09:20:13 -0500] "GET /BLA/resoluciones/AUTOS%202006/AUTOS%202006%202801%20-%202900/00002825.tif HTTP/1.1" 200 102054
190.255.133.229 - - [25/Mar/2016:09:20:47 -0500] "POST /forms/lservlet;jsessionid=ac16012b30d6b57254a5964c45fa9f198e7096723d67.e3iSbxaKaheRe3mSaNqNbNeNay1ynknvrkLOlQzNp65In0 HTTP/1.1" 200 2
186.145.97.91 - - [25/Mar/2016:09:20:51 -0500] "POST /forms/lservlet;jsessionid=ac16012b30d662d6cc60af4946b59e389005b31d4099.e3iSbxaKaheRe3mSaNqNbNeNay1ynknvrkLOlQzNp65In0 HTTP/1.1" 200 2
66.249.64.96 - - [25/Mar/2016:09:20:59 -0500] "GET /BLA/resoluciones/RESOLUCIONES%202010/5986.pdf HTTP/1.1" 200 1993994
164.132.161.52 - - [25/Mar/2016:09:21:22 -0500] "GET /BLA/resoluciones/RESOLUCIONES%202006/RES%202006%201701-1751/00001734.tif HTTP/1.1" 200 266692
66.249.64.101 - - [25/Mar/2016:09:21:28 -0500] "GET /BLA/resoluciones/RESOLUCIONES%202009/9225.pdf HTTP/1.1" 200 517236
190.25.169.14 - - [25/Mar/2016:09:21:28 -0500] "POST /forms/lservlet;jsessionid=ac16012b30d6d75d25b8fdb94215ababddad7b4deffa.e3iSbxaKaheRe3mSaNqNbNeNay1ynknvrkLOlQzNp65In0 HTTP/1.1" 200 2
164.132.161.29 - - [25/Mar/2016:09:21:40 -0500] "GET /BLA/resoluciones/index.php?dir=RESOLUCIONES%202002/&sort=date&order=desc HTTP/1.1" 200 11294
69.162.124.232 - - [25/Mar/2016:09:22:08 -0500] "HEAD / HTTP/1.1" 200 -
191.102.72.238 - - [25/Mar/2016:09:22:30 -0500] "GET /galeria/galeria/jquery.fancybox.css?v=2.1.5 HTTP/1.1" 200 4895
191.102.72.238 - - [25/Mar/2016:09:22:30 -0500] "GET /BLA/boletinlegal/js/jquery.scrollShow.js HTTP/1.1" 200 4586
191.102.72.238 - - [25/Mar/2016:09:22:30 -0500] "GET /galeria/galeria/jquery.fancybox.js?v=2.1.5 HTTP/1.1" 200 48706
190.255.133.229 - - [25/Mar/2016:09:22:47 -0500] "POST /forms/lservlet;jsessionid=ac16012b30d6b57254a5964c45fa9f198e7096723d67.e3iSbxaKaheRe3mSaNqNbNeNay1ynknvrkLOlQzNp65In0 HTTP/1.1" 200 2
186.145.97.91 - - [25/Mar/2016:09:22:51 -0500] "POST /forms/lservlet;jsessionid=ac16012b30d662d6cc60af4946b59e389005b31d4099.e3iSbxaKaheRe3mSaNqNbNeNay1ynknvrkLOlQzNp65In0 HTTP/1.1" 200 2
191.102.72.238 - - [25/Mar/2016:09:22:55 -0500] "GET /galeria/galeria/jquery.fancybox.css?v=2.1.5 HTTP/1.1" 304 -
191.102.72.238 - - [25/Mar/2016:09:22:55 -0500] "GET /BLA/boletinlegal/js/jquery.scrollShow.js HTTP/1.1" 304 -
191.102.72.238 - - [25/Mar/2016:09:22:55 -0500] "GET /galeria/galeria/jquery.fancybox.js?v=2.1.5 HTTP/1.1" 304 -
164.132.161.62 - - [25/Mar/2016:09:23:04 -0500] "GET /BLA/resoluciones/RESOLUCIONES%202004/RES%202004%20301-350/00000303.tif HTTP/1.1" 200 201280
51.255.65.27 - - [25/Mar/2016:09:23:12 -0500] "GET /BLA/resoluciones/AUTOS%202006/AUTOS%202006%201701%20-%201800/00001789.tif HTTP/1.1" 200 137100
66.249.64.101 - - [25/Mar/2016:09:23:20 -0500] "GET /BLA/resoluciones/AUTOS%202015/0282.pdf HTTP/1.1" 200 451294
190.25.169.14 - - [25/Mar/2016:09:23:28 -0500] "POST /forms/lservlet;jsessionid=ac16012b30d6d75d25b8fdb94215ababddad7b4deffa.e3iSbxaKaheRe3mSaNqNbNeNay1ynknvrkLOlQzNp65In0 HTTP/1.1" 200 2
181.54.116.178 - - [25/Mar/2016:09:24:09 -0500] "GET /galeria/galeria/jquery.fancybox.css?v=2.1.5 HTTP/1.1" 200 4895
181.54.116.178 - - [25/Mar/2016:09:24:09 -0500] "GET /galeria/galeria/jquery.fancybox.js?v=2.1.5 HTTP/1.1" 200 48706
181.54.116.178 - - [25/Mar/2016:09:24:09 -0500] "GET /BLA/boletinlegal/js/jquery.scrollShow.js HTTP/1.1" 200 4586
66.249.64.101 - - [25/Mar/2016:09:24:46 -0500] "GET /BLA/resoluciones/RESOLUCIONES%202013/2538.pdf HTTP/1.1" 200 668249
190.255.133.229 - - [25/Mar/2016:09:24:47 -0500] "POST /forms/lservlet;jsessionid=ac16012b30d6b57254a5964c45fa9f198e7096723d67.e3iSbxaKaheRe3mSaNqNbNeNay1ynknvrkLOlQzNp65In0 HTTP/1.1" 200 2
186.145.97.91 - - [25/Mar/2016:09:24:51 -0500] "POST /forms/lservlet;jsessionid=ac16012b30d662d6cc60af4946b59e389005b31d4099.e3iSbxaKaheRe3mSaNqNbNeNay1ynknvrkLOlQzNp65In0 HTTP/1.1" 200 2
66.249.64.96 - - [25/Mar/2016:09:25:00 -0500] "GET /BLA/resoluciones/RESOLUCIONES%202011/1175.pdf HTTP/1.1" 200 707376
181.54.116.178 - - [25/Mar/2016:09:25:08 -0500] "GET /BLA/boletinlegal/js/jquery.scrollShow.js HTTP/1.1" 304 -
181.54.116.178 - - [25/Mar/2016:09:25:08 -0500] "GET /galeria/galeria/jquery.fancybox.css?v=2.1.5 HTTP/1.1" 304 -
181.54.116.178 - - [25/Mar/2016:09:25:08 -0500] "GET /galeria/galeria/jquery.fancybox.js?v=2.1.5 HTTP/1.1" 304 -
179.253.142.138 - - [25/Mar/2016:09:25:14 -0500] "GET / HTTP/1.1" 302 298
191.102.101.223 - - [25/Mar/2016:09:25:28 -0500] "GET /galeria/galeria/jquery.fancybox.js?v=2.1.5 HTTP/1.1" 200 48706
191.102.101.223 - - [25/Mar/2016:09:25:28 -0500] "GET /BLA/boletinlegal/js/jquery.scrollShow.js HTTP/1.1" 200 4586
191.102.101.223 - - [25/Mar/2016:09:25:28 -0500] "GET /galeria/galeria/jquery.fancybox.css?v=2.1.5 HTTP/1.1" 200 4895
190.25.169.14 - - [25/Mar/2016:09:25:28 -0500] "POST /forms/lservlet;jsessionid=ac16012b30d6d75d25b8fdb94215ababddad7b4deffa.e3iSbxaKaheRe3mSaNqNbNeNay1ynknvrkLOlQzNp65In0 HTTP/1.1" 200 2
191.102.101.223 - - [25/Mar/2016:09:25:34 -0500] "GET /galeria/galeria/jquery.fancybox.js?v=2.1.5 HTTP/1.1" 304 -
191.102.101.223 - - [25/Mar/2016:09:25:34 -0500] "GET /BLA/boletinlegal/js/jquery.scrollShow.js HTTP/1.1" 304 -
191.102.101.223 - - [25/Mar/2016:09:25:34 -0500] "GET /galeria/galeria/jquery.fancybox.css?v=2.1.5 HTTP/1.1" 304 -
186.170.35.92 - - [25/Mar/2016:09:25:46 -0500] "GET /galeria/galeria/jquery.fancybox.css?v=2.1.5 HTTP/1.1" 200 4895
186.170.35.92 - - [25/Mar/2016:09:25:46 -0500] "GET /BLA/boletinlegal/js/jquery.scrollShow.js HTTP/1.1" 200 4586
186.170.35.92 - - [25/Mar/2016:09:25:46 -0500] "GET /galeria/galeria/jquery.fancybox.js?v=2.1.5 HTTP/1.1" 200 48706
190.255.133.229 - - [25/Mar/2016:09:26:47 -0500] "POST /forms/lservlet;jsessionid=ac16012b30d6b57254a5964c45fa9f198e7096723d67.e3iSbxaKaheRe3mSaNqNbNeNay1ynknvrkLOlQzNp65In0 HTTP/1.1" 200 2
186.145.97.91 - - [25/Mar/2016:09:26:51 -0500] "POST /forms/lservlet;jsessionid=ac16012b30d662d6cc60af4946b59e389005b31d4099.e3iSbxaKaheRe3mSaNqNbNeNay1ynknvrkLOlQzNp65In0 HTTP/1.1" 200 2
69.162.124.232 - - [25/Mar/2016:09:27:08 -0500] "HEAD / HTTP/1.1" 200 -
190.25.169.14 - - [25/Mar/2016:09:27:28 -0500] "POST /forms/lservlet;jsessionid=ac16012b30d6d75d25b8fdb94215ababddad7b4deffa.e3iSbxaKaheRe3mSaNqNbNeNay1ynknvrkLOlQzNp65In0 HTTP/1.1" 200 2
180.76.15.138 - - [25/Mar/2016:09:27:54 -0500] "GET / HTTP/1.1" 200 10190
66.249.64.106 - - [25/Mar/2016:09:28:32 -0500] "GET /BLA/resoluciones/RESOLUCIONES%202009/6518.pdf HTTP/1.1" 200 429281
200.112.213.10 - - [25/Mar/2016:09:28:32 -0500] "GET /BLA/resoluciones/RESOLUCIONES%202009/4698.pdf HTTP/1.1" 200 326782
200.112.213.10 - - [25/Mar/2016:09:28:33 -0500] "GET /favicon.ico HTTP/1.1" 200 7782
186.28.72.100 - - [25/Mar/2016:09:28:33 -0500] "GET /galeria/galeria/jquery.fancybox.css?v=2.1.5 HTTP/1.1" 200 4895
186.28.72.100 - - [25/Mar/2016:09:28:33 -0500] "GET /BLA/boletinlegal/js/jquery.scrollShow.js HTTP/1.1" 200 4586
186.28.72.100 - - [25/Mar/2016:09:28:33 -0500] "GET /galeria/galeria/jquery.fancybox.js?v=2.1.5 HTTP/1.1" 200 48706
180.76.15.134 - - [25/Mar/2016:09:28:34 -0500] "GET / HTTP/1.1" 200 10190
157.55.39.29 - - [25/Mar/2016:09:28:36 -0500] "GET /galeria/galeria/jquery.fancybox.css?v=2.1.5 HTTP/1.1" 304 -
66.249.64.96 - - [25/Mar/2016:09:28:38 -0500] "GET /BLA/resoluciones/RESOLUCIONES%202009/4147.pdf HTTP/1.1" 200 785391
186.28.72.100 - - [25/Mar/2016:09:28:44 -0500] "GET /BLA/boletinlegal/js/jquery.scrollShow.js HTTP/1.1" 304 -
186.28.72.100 - - [25/Mar/2016:09:28:44 -0500] "GET /galeria/galeria/jquery.fancybox.js?v=2.1.5 HTTP/1.1" 304 -
186.28.72.100 - - [25/Mar/2016:09:28:44 -0500] "GET /galeria/galeria/jquery.fancybox.css?v=2.1.5 HTTP/1.1" 304 -
190.255.133.229 - - [25/Mar/2016:09:28:47 -0500] "POST /forms/lservlet;jsessionid=ac16012b30d6b57254a5964c45fa9f198e7096723d67.e3iSbxaKaheRe3mSaNqNbNeNay1ynknvrkLOlQzNp65In0 HTTP/1.1" 200 2
186.145.97.91 - - [25/Mar/2016:09:28:51 -0500] "POST /forms/lservlet;jsessionid=ac16012b30d662d6cc60af4946b59e389005b31d4099.e3iSbxaKaheRe3mSaNqNbNeNay1ynknvrkLOlQzNp65In0 HTTP/1.1" 200 2
181.57.22.23 - - [25/Mar/2016:09:29:08 -0500] "GET /BLA/boletinlegal/js/jquery.scrollShow.js HTTP/1.1" 200 4586
181.57.22.23 - - [25/Mar/2016:09:29:08 -0500] "GET /galeria/galeria/jquery.fancybox.css?v=2.1.5 HTTP/1.1" 200 4895
181.57.22.23 - - [25/Mar/2016:09:29:08 -0500] "GET /galeria/galeria/jquery.fancybox.js?v=2.1.5 HTTP/1.1" 200 48706
181.1.162.31 - - [25/Mar/2016:09:29:16 -0500] "GET /galeria/galeria/jquery.fancybox.js?v=2.1.5 HTTP/1.1" 200 48706
181.1.162.31 - - [25/Mar/2016:09:29:16 -0500] "GET /BLA/boletinlegal/js/jquery.scrollShow.js HTTP/1.1" 200 4586
181.1.162.31 - - [25/Mar/2016:09:29:16 -0500] "GET /galeria/galeria/jquery.fancybox.css?v=2.1.5 HTTP/1.1" 200 4895
141.8.143.138 - - [25/Mar/2016:09:29:28 -0500] "GET /PruebasSTORM/silvicultura2Pruebas/en_construccion.jpg HTTP/1.1" 304 -
190.25.169.14 - - [25/Mar/2016:09:29:28 -0500] "POST /forms/lservlet;jsessionid=ac16012b30d6d75d25b8fdb94215ababddad7b4deffa.e3iSbxaKaheRe3mSaNqNbNeNay1ynknvrkLOlQzNp65In0 HTTP/1.1" 200 2
181.232.60.32 - - [25/Mar/2016:09:29:32 -0500] "GET /galeria/galeria/jquery.fancybox.css?v=2.1.5 HTTP/1.1" 200 4895
181.232.60.32 - - [25/Mar/2016:09:29:32 -0500] "GET /BLA/boletinlegal/js/jquery.scrollShow.js HTTP/1.1" 200 4586
181.232.60.32 - - [25/Mar/2016:09:29:32 -0500] "GET /galeria/galeria/jquery.fancybox.js?v=2.1.5 HTTP/1.1" 200 48706
181.1.162.31 - - [25/Mar/2016:09:29:37 -0500] "GET /BLA/boletinlegal/js/jquery.scrollShow.js HTTP/1.1" 200 4586
181.1.162.31 - - [25/Mar/2016:09:29:38 -0500] "GET /galeria/galeria/jquery.fancybox.js?v=2.1.5 HTTP/1.1" 200 48706
181.1.162.31 - - [25/Mar/2016:09:29:39 -0500] "GET /galeria/galeria/jquery.fancybox.css?v=2.1.5 HTTP/1.1" 200 4895
62.210.185.3 - - [25/Mar/2016:09:29:51 -0500] "GET /wp-admin/ HTTP/1.1" 404 1018
66.249.64.96 - - [25/Mar/2016:09:29:56 -0500] "GET /BLA/resoluciones/RESOLUCIONES%202008/4676.pdf HTTP/1.1" 200 414988
181.1.162.31 - - [25/Mar/2016:09:30:25 -0500] "GET /galeria/bibloteca/contentflow.js HTTP/1.1" 200 42804
186.28.92.196 - - [25/Mar/2016:09:30:26 -0500] "GET /BLA/boletinlegal/js/jquery.scrollShow.js HTTP/1.1" 200 4586
186.28.92.196 - - [25/Mar/2016:09:30:26 -0500] "GET /galeria/galeria/jquery.fancybox.js?v=2.1.5 HTTP/1.1" 200 48706
186.28.92.196 - - [25/Mar/2016:09:30:26 -0500] "GET /galeria/galeria/jquery.fancybox.css?v=2.1.5 HTTP/1.1" 200 4895
181.1.162.31 - - [25/Mar/2016:09:30:27 -0500] "GET /galeria/bibloteca/contentflow.css HTTP/1.1" 200 3201
181.1.162.31 - - [25/Mar/2016:09:30:27 -0500] "GET /galeria/bibloteca/mycontentflow.css HTTP/1.1" 200 3110
181.1.162.31 - - [25/Mar/2016:09:30:29 -0500] "GET /galeria/bibloteca/ContentFlowAddOn_white.js HTTP/1.1" 200 2497
181.1.162.31 - - [25/Mar/2016:09:30:30 -0500] "GET /galeria/bibloteca/ContentFlowAddOn_white.css HTTP/1.1" 200 3355
181.1.162.31 - - [25/Mar/2016:09:30:31 -0500] "GET /galeria/bibloteca/img/slider_white.png HTTP/1.1" 200 178
181.1.162.31 - - [25/Mar/2016:09:30:31 -0500] "GET /galeria/bibloteca/img/loader.gif HTTP/1.1" 200 8238
181.1.162.31 - - [25/Mar/2016:09:30:31 -0500] "GET /galeria/bibloteca/img/scrollbar_white.png HTTP/1.1" 200 82
186.28.92.196 - - [25/Mar/2016:09:30:32 -0500] "GET /BLA/boletinlegal/js/jquery.scrollShow.js HTTP/1.1" 304 -
186.28.92.196 - - [25/Mar/2016:09:30:32 -0500] "GET /galeria/galeria/jquery.fancybox.js?v=2.1.5 HTTP/1.1" 304 -
186.28.92.196 - - [25/Mar/2016:09:30:32 -0500] "GET /galeria/galeria/jquery.fancybox.css?v=2.1.5 HTTP/1.1" 304 -
181.1.162.31 - - [25/Mar/2016:09:30:40 -0500] "GET /galeria/bibloteca/img/1x1_0.5_white.png HTTP/1.1" 200 82
181.1.162.31 - - [25/Mar/2016:09:30:40 -0500] "GET /galeria/bibloteca/img/ajax-loader.gif HTTP/1.1" 200 9427
181.1.162.31 - - [25/Mar/2016:09:30:40 -0500] "GET /galeria/bibloteca/img/scrollbar_black.png HTTP/1.1" 200 82
181.1.162.31 - - [25/Mar/2016:09:30:40 -0500] "GET /galeria/bibloteca/img/slider_black.png HTTP/1.1" 200 175
190.255.133.229 - - [25/Mar/2016:09:30:48 -0500] "POST /forms/lservlet;jsessionid=ac16012b30d6b57254a5964c45fa9f198e7096723d67.e3iSbxaKaheRe3mSaNqNbNeNay1ynknvrkLOlQzNp65In0 HTTP/1.1" 200 2
186.145.97.91 - - [25/Mar/2016:09:30:51 -0500] "POST /forms/lservlet;jsessionid=ac16012b30d662d6cc60af4946b59e389005b31d4099.e3iSbxaKaheRe3mSaNqNbNeNay1ynknvrkLOlQzNp65In0 HTTP/1.1" 200 2
190.25.169.14 - - [25/Mar/2016:09:31:28 -0500] "POST /forms/lservlet;jsessionid=ac16012b30d6d75d25b8fdb94215ababddad7b4deffa.e3iSbxaKaheRe3mSaNqNbNeNay1ynknvrkLOlQzNp65In0 HTTP/1.1" 200 2
40.77.167.31 - - [25/Mar/2016:09:31:44 -0500] "GET /galeria/galeria/jquery.fancybox.js?v=2.1.5 HTTP/1.1" 304 -
66.249.64.101 - - [25/Mar/2016:09:32:03 -0500] "GET /transparencia/financiera/General%20Asignado/Historico/Apropiaci%C3%B3n%20inicial%202015.pdf HTTP/1.1" 200 24758
69.162.124.232 - - [25/Mar/2016:09:32:08 -0500] "HEAD / HTTP/1.1" 200 -
66.249.64.101 - - [25/Mar/2016:09:32:25 -0500] "GET /BLA/resoluciones/RESOLUCIONES%202009/7406.pdf HTTP/1.1" 200 176583
186.145.97.91 - - [25/Mar/2016:09:32:51 -0500] "POST /forms/lservlet;jsessionid=ac16012b30d662d6cc60af4946b59e389005b31d4099.e3iSbxaKaheRe3mSaNqNbNeNay1ynknvrkLOlQzNp65In0 HTTP/1.1" 200 2
190.255.133.229 - - [25/Mar/2016:09:33:11 -0500] "POST /forms/lservlet;jsessionid=ac16012b30d6b57254a5964c45fa9f198e7096723d67.e3iSbxaKaheRe3mSaNqNbNeNay1ynknvrkLOlQzNp65In0 HTTP/1.1" 200 2
190.156.32.130 - - [25/Mar/2016:09:33:25 -0500] "GET /galeria/galeria/jquery.fancybox.css?v=2.1.5 HTTP/1.1" 200 4895
190.156.32.130 - - [25/Mar/2016:09:33:25 -0500] "GET /BLA/boletinlegal/js/jquery.scrollShow.js HTTP/1.1" 200 4586
190.156.32.130 - - [25/Mar/2016:09:33:25 -0500] "GET /galeria/galeria/jquery.fancybox.js?v=2.1.5 HTTP/1.1" 200 48706
190.25.169.14 - - [25/Mar/2016:09:33:28 -0500] "POST /forms/lservlet;jsessionid=ac16012b30d6d75d25b8fdb94215ababddad7b4deffa.e3iSbxaKaheRe3mSaNqNbNeNay1ynknvrkLOlQzNp65In0 HTTP/1.1" 200 2
190.156.32.130 - - [25/Mar/2016:09:33:46 -0500] "GET /galeria/galeria/jquery.fancybox.css?v=2.1.5 HTTP/1.1" 304 -
190.156.32.130 - - [25/Mar/2016:09:33:46 -0500] "GET /BLA/boletinlegal/js/jquery.scrollShow.js HTTP/1.1" 304 -
190.156.32.130 - - [25/Mar/2016:09:33:46 -0500] "GET /galeria/galeria/jquery.fancybox.js?v=2.1.5 HTTP/1.1" 304 -
200.116.127.164 - - [25/Mar/2016:09:34:15 -0500] "GET /galeria/galeria/jquery.fancybox.css?v=2.1.5 HTTP/1.1" 200 4895
200.116.127.164 - - [25/Mar/2016:09:34:15 -0500] "GET /BLA/boletinlegal/js/jquery.scrollShow.js HTTP/1.1" 200 4586
200.116.127.164 - - [25/Mar/2016:09:34:15 -0500] "GET /galeria/galeria/jquery.fancybox.js?v=2.1.5 HTTP/1.1" 200 48706
151.80.31.168 - - [25/Mar/2016:09:34:35 -0500] "GET /BLA/resoluciones/AUTOS%202006/AUTOS%202006%20801-900/00000805.tif HTTP/1.1" 200 131394
186.145.97.91 - - [25/Mar/2016:09:34:51 -0500] "POST /forms/lservlet;jsessionid=ac16012b30d662d6cc60af4946b59e389005b31d4099.e3iSbxaKaheRe3mSaNqNbNeNay1ynknvrkLOlQzNp65In0 HTTP/1.1" 200 2
190.255.133.229 - - [25/Mar/2016:09:35:11 -0500] "POST /forms/lservlet;jsessionid=ac16012b30d6b57254a5964c45fa9f198e7096723d67.e3iSbxaKaheRe3mSaNqNbNeNay1ynknvrkLOlQzNp65In0 HTTP/1.1" 200 2
190.25.169.14 - - [25/Mar/2016:09:35:29 -0500] "POST /forms/lservlet;jsessionid=ac16012b30d6d75d25b8fdb94215ababddad7b4deffa.e3iSbxaKaheRe3mSaNqNbNeNay1ynknvrkLOlQzNp65In0 HTTP/1.1" 200 2
66.249.64.96 - - [25/Mar/2016:09:35:35 -0500] "GET /BLA/resoluciones/RESOLUCIONES%202009/3698.pdf HTTP/1.1" 200 50524
66.249.64.101 - - [25/Mar/2016:09:36:17 -0500] "GET /BLA/resoluciones/AUTOS%202013/1118.pdf HTTP/1.1" 200 1011792
186.145.97.91 - - [25/Mar/2016:09:36:51 -0500] "POST /forms/lservlet;jsessionid=ac16012b30d662d6cc60af4946b59e389005b31d4099.e3iSbxaKaheRe3mSaNqNbNeNay1ynknvrkLOlQzNp65In0 HTTP/1.1" 200 2
69.162.124.232 - - [25/Mar/2016:09:37:08 -0500] "HEAD / HTTP/1.1" 200 -
164.132.161.43 - - [25/Mar/2016:09:37:09 -0500] "GET /BLA/resoluciones/RESOLUCIONES%202004/RES%202004%202051-2100/00002062.tif HTTP/1.1" 200 143260
190.255.133.229 - - [25/Mar/2016:09:37:11 -0500] "POST /forms/lservlet;jsessionid=ac16012b30d6b57254a5964c45fa9f198e7096723d67.e3iSbxaKaheRe3mSaNqNbNeNay1ynknvrkLOlQzNp65In0 HTTP/1.1" 200 2
190.25.169.14 - - [25/Mar/2016:09:37:29 -0500] "POST /forms/lservlet;jsessionid=ac16012b30d6d75d25b8fdb94215ababddad7b4deffa.e3iSbxaKaheRe3mSaNqNbNeNay1ynknvrkLOlQzNp65In0 HTTP/1.1" 200 2
186.115.57.83 - - [25/Mar/2016:09:38:17 -0500] "GET /galeria/galeria/jquery.fancybox.css?v=2.1.5 HTTP/1.1" 200 4895
186.115.57.83 - - [25/Mar/2016:09:38:17 -0500] "GET /galeria/carrusel/Carrusel/jquery.thumbnailScroller.css HTTP/1.1" 200 2066
186.115.57.83 - - [25/Mar/2016:09:38:17 -0500] "GET /BLA/boletinlegal/js/jquery.scrollShow.js HTTP/1.1" 200 4586
186.115.57.83 - - [25/Mar/2016:09:38:17 -0500] "GET /galeria/carrusel/Carrusel/jquery-ui-1.8.13.custom.min.js HTTP/1.1" 200 10800
186.115.57.83 - - [25/Mar/2016:09:38:17 -0500] "GET /galeria/carrusel/Carrusel/jquery.thumbnailScroller.js HTTP/1.1" 200 8157
186.115.57.83 - - [25/Mar/2016:09:38:17 -0500] "GET /galeria/galeria/jquery.fancybox.js?v=2.1.5 HTTP/1.1" 200 48706
186.115.57.83 - - [25/Mar/2016:09:38:20 -0500] "GET /galeria/nivo-slider/demo/demo.html HTTP/1.1" 200 4237
186.115.57.83 - - [25/Mar/2016:09:38:21 -0500] "GET /galeria/nivo-slider/themes/default/default.css HTTP/1.1" 200 1569
186.115.57.83 - - [25/Mar/2016:09:38:21 -0500] "GET /galeria/nivo-slider/themes/pascal/pascal.css HTTP/1.1" 200 2258
186.115.57.83 - - [25/Mar/2016:09:38:21 -0500] "GET /galeria/nivo-slider/nivo-slider.css HTTP/1.1" 200 1507
186.115.57.83 - - [25/Mar/2016:09:38:21 -0500] "GET /galeria/nivo-slider/themes/orman/orman.css HTTP/1.1" 200 2152
186.115.57.83 - - [25/Mar/2016:09:38:21 -0500] "GET /galeria/nivo-slider/demo/style.css HTTP/1.1" 200 2222
186.115.57.83 - - [25/Mar/2016:09:38:21 -0500] "GET /galeria/nivo-slider/demo/images/banner_decreto.png HTTP/1.1" 200 32523
186.115.57.83 - - [25/Mar/2016:09:38:21 -0500] "GET /galeria/nivo-slider/demo/scripts/jquery-1.7.1.min.js HTTP/1.1" 200 93868
186.115.57.83 - - [25/Mar/2016:09:38:21 -0500] "GET /galeria/nivo-slider/jquery.nivo.slider.pack.js HTTP/1.1" 200 11561
186.115.57.83 - - [25/Mar/2016:09:38:21 -0500] "GET /galeria/nivo-slider/demo/images/Banner_caminatas.jpg HTTP/1.1" 200 244095
186.115.57.83 - - [25/Mar/2016:09:38:21 -0500] "GET /galeria/nivo-slider/demo/images/Reconciliate-con-la-naturalez.jpg HTTP/1.1" 200 348334
186.115.57.83 - - [25/Mar/2016:09:38:21 -0500] "GET /galeria/nivo-slider/demo/images/encuentros_ciudadanos.jpg HTTP/1.1" 200 128337
186.115.57.83 - - [25/Mar/2016:09:38:22 -0500] "GET /galeria/nivo-slider/demo/images/4Simple_Slider.png HTTP/1.1" 200 11722
186.115.57.83 - - [25/Mar/2016:09:38:22 -0500] "GET /galeria/nivo-slider/demo/images/ecolecta2016.jpg HTTP/1.1" 200 147170
186.115.57.83 - - [25/Mar/2016:09:38:23 -0500] "GET /galeria/nivo-slider/demo/images/Baner-ACERCAR.jpg HTTP/1.1" 200 68021
186.115.57.83 - - [25/Mar/2016:09:38:23 -0500] "GET /galeria/nivo-slider/demo/images/Banner-Pread-2016.jpg HTTP/1.1" 200 130816
186.115.57.83 - - [25/Mar/2016:09:38:23 -0500] "GET /galeria/nivo-slider/themes/default/loading.gif HTTP/1.1" 200 1737
186.115.57.83 - - [25/Mar/2016:09:38:24 -0500] "GET /galeria/nivo-slider/demo/images/ABC-Plan-de-contigencia.jpg HTTP/1.1" 200 423901
186.115.57.83 - - [25/Mar/2016:09:38:24 -0500] "GET /galeria/nivo-slider/demo/images/banner-llantas2015.jpg HTTP/1.1" 200 268366
186.115.57.83 - - [25/Mar/2016:09:38:26 -0500] "GET /galeria/nivo-slider/demo/images/caminata-ecologica.jpg HTTP/1.1" 200 192926
186.115.57.83 - - [25/Mar/2016:09:38:26 -0500] "GET /galeria/nivo-slider/demo/images/Cmapana-onestidad.jpg HTTP/1.1" 200 141638
186.115.57.83 - - [25/Mar/2016:09:38:26 -0500] "GET /galeria/nivo-slider/demo/images/banner-llantas2.jpg HTTP/1.1" 200 234514
186.115.57.83 - - [25/Mar/2016:09:38:26 -0500] "GET /galeria/nivo-slider/demo/images/9Signos.jpg HTTP/1.1" 200 81776
186.115.57.83 - - [25/Mar/2016:09:38:26 -0500] "GET /galeria/nivo-slider/demo/images/Ruta-vertimientos-01.jpg HTTP/1.1" 200 130151
186.115.57.83 - - [25/Mar/2016:09:38:26 -0500] "GET /galeria/nivo-slider/demo/images/bolsas-06.jpg HTTP/1.1" 200 210950
62.210.185.3 - - [25/Mar/2016:09:38:27 -0500] "GET /test/wp-admin/ HTTP/1.1" 404 1018
181.232.60.32 - - [25/Mar/2016:09:38:30 -0500] "GET /galeria/galeria/jquery.fancybox.css?v=2.1.5 HTTP/1.1" 304 -
181.232.60.32 - - [25/Mar/2016:09:38:30 -0500] "GET /BLA/boletinlegal/js/jquery.scrollShow.js HTTP/1.1" 304 -
181.232.60.32 - - [25/Mar/2016:09:38:30 -0500] "GET /galeria/galeria/jquery.fancybox.js?v=2.1.5 HTTP/1.1" 304 -
181.232.60.32 - - [25/Mar/2016:09:38:31 -0500] "GET /galeria/galeria/jquery.fancybox.css?v=2.1.5 HTTP/1.1" 200 4895
186.115.57.83 - - [25/Mar/2016:09:38:36 -0500] "GET /galeria/nivo-slider/themes/default/arrows.png HTTP/1.1" 200 824
186.115.57.83 - - [25/Mar/2016:09:38:36 -0500] "GET /galeria/nivo-slider/themes/default/bullets.png HTTP/1.1" 200 1281
186.145.97.91 - - [25/Mar/2016:09:38:51 -0500] "POST /forms/lservlet;jsessionid=ac16012b30d662d6cc60af4946b59e389005b31d4099.e3iSbxaKaheRe3mSaNqNbNeNay1ynknvrkLOlQzNp65In0 HTTP/1.1" 200 2
190.255.133.229 - - [25/Mar/2016:09:39:11 -0500] "POST /forms/lservlet;jsessionid=ac16012b30d6b57254a5964c45fa9f198e7096723d67.e3iSbxaKaheRe3mSaNqNbNeNay1ynknvrkLOlQzNp65In0 HTTP/1.1" 200 2
181.232.60.32 - - [25/Mar/2016:09:39:14 -0500] "GET /galeria/galeria/jquery.fancybox.css?v=2.1.5 HTTP/1.1" 304 -
181.232.60.32 - - [25/Mar/2016:09:39:14 -0500] "GET /BLA/boletinlegal/js/jquery.scrollShow.js HTTP/1.1" 304 -
181.232.60.32 - - [25/Mar/2016:09:39:14 -0500] "GET /galeria/galeria/jquery.fancybox.js?v=2.1.5 HTTP/1.1" 304 -
181.232.60.32 - - [25/Mar/2016:09:39:15 -0500] "GET /galeria/galeria/jquery.fancybox.css?v=2.1.5 HTTP/1.1" 200 4895
186.115.57.83 - - [25/Mar/2016:09:39:17 -0500] "GET /galeria/galeria/jquery.fancybox.css?v=2.1.5 HTTP/1.1" 304 -
186.115.57.83 - - [25/Mar/2016:09:39:17 -0500] "GET /BLA/boletinlegal/js/jquery.scrollShow.js HTTP/1.1" 304 -
186.115.57.83 - - [25/Mar/2016:09:39:17 -0500] "GET /galeria/galeria/jquery.fancybox.js?v=2.1.5 HTTP/1.1" 304 -
190.25.169.14 - - [25/Mar/2016:09:39:29 -0500] "POST /forms/lservlet;jsessionid=ac16012b30d6d75d25b8fdb94215ababddad7b4deffa.e3iSbxaKaheRe3mSaNqNbNeNay1ynknvrkLOlQzNp65In0 HTTP/1.1" 200 2
190.157.77.29 - - [25/Mar/2016:09:40:05 -0500] "GET /BLA/boletinlegal/js/jquery.scrollShow.js HTTP/1.1" 200 4586
190.157.77.29 - - [25/Mar/2016:09:40:05 -0500] "GET /galeria/galeria/jquery.fancybox.js?v=2.1.5 HTTP/1.1" 200 48706
190.157.77.29 - - [25/Mar/2016:09:40:05 -0500] "GET /galeria/galeria/jquery.fancybox.css?v=2.1.5 HTTP/1.1" 200 4895
190.157.77.29 - - [25/Mar/2016:09:40:05 -0500] "GET /galeria/carrusel/Carrusel/jquery.thumbnailScroller.css HTTP/1.1" 200 2066
190.157.77.29 - - [25/Mar/2016:09:40:05 -0500] "GET /galeria/carrusel/Carrusel/jquery-ui-1.8.13.custom.min.js HTTP/1.1" 200 10800
190.157.77.29 - - [25/Mar/2016:09:40:05 -0500] "GET /galeria/carrusel/Carrusel/jquery.thumbnailScroller.js HTTP/1.1" 200 8157
190.157.77.29 - - [25/Mar/2016:09:40:07 -0500] "GET /galeria/nivo-slider/demo/demo.html HTTP/1.1" 200 4237
190.157.77.29 - - [25/Mar/2016:09:40:08 -0500] "GET /galeria/nivo-slider/themes/default/default.css HTTP/1.1" 200 1569
190.157.77.29 - - [25/Mar/2016:09:40:08 -0500] "GET /galeria/nivo-slider/themes/orman/orman.css HTTP/1.1" 200 2152
190.157.77.29 - - [25/Mar/2016:09:40:08 -0500] "GET /galeria/nivo-slider/themes/pascal/pascal.css HTTP/1.1" 200 2258
190.157.77.29 - - [25/Mar/2016:09:40:08 -0500] "GET /galeria/nivo-slider/nivo-slider.css HTTP/1.1" 200 1507
190.157.77.29 - - [25/Mar/2016:09:40:08 -0500] "GET /galeria/nivo-slider/demo/images/banner_decreto.png HTTP/1.1" 200 32523
190.157.77.29 - - [25/Mar/2016:09:40:08 -0500] "GET /galeria/nivo-slider/demo/style.css HTTP/1.1" 200 2222
190.157.77.29 - - [25/Mar/2016:09:40:08 -0500] "GET /galeria/nivo-slider/demo/images/Banner_caminatas.jpg HTTP/1.1" 200 244095
190.157.77.29 - - [25/Mar/2016:09:40:08 -0500] "GET /galeria/nivo-slider/demo/images/Reconciliate-con-la-naturalez.jpg HTTP/1.1" 200 348334
190.157.77.29 - - [25/Mar/2016:09:40:08 -0500] "GET /galeria/nivo-slider/demo/images/ecolecta2016.jpg HTTP/1.1" 200 147170
190.157.77.29 - - [25/Mar/2016:09:40:08 -0500] "GET /galeria/nivo-slider/demo/images/encuentros_ciudadanos.jpg HTTP/1.1" 200 128337
190.157.77.29 - - [25/Mar/2016:09:40:08 -0500] "GET /galeria/nivo-slider/demo/images/Baner-ACERCAR.jpg HTTP/1.1" 200 68021
190.157.77.29 - - [25/Mar/2016:09:40:08 -0500] "GET /galeria/nivo-slider/demo/images/Banner-Pread-2016.jpg HTTP/1.1" 200 130816
190.157.77.29 - - [25/Mar/2016:09:40:08 -0500] "GET /galeria/nivo-slider/demo/images/ABC-Plan-de-contigencia.jpg HTTP/1.1" 200 423901
190.157.77.29 - - [25/Mar/2016:09:40:09 -0500] "GET /galeria/nivo-slider/demo/images/4Simple_Slider.png HTTP/1.1" 200 11722
190.157.77.29 - - [25/Mar/2016:09:40:09 -0500] "GET /galeria/nivo-slider/themes/default/loading.gif HTTP/1.1" 200 1737
190.157.77.29 - - [25/Mar/2016:09:40:11 -0500] "GET /galeria/nivo-slider/demo/images/Banner_caminatas.jpg HTTP/1.1" 206 1
190.157.77.29 - - [25/Mar/2016:09:40:11 -0500] "GET /galeria/nivo-slider/demo/images/ecolecta2016.jpg HTTP/1.1" 206 1
190.157.77.29 - - [25/Mar/2016:09:40:11 -0500] "GET /galeria/nivo-slider/demo/images/banner-llantas2015.jpg HTTP/1.1" 200 268366
190.157.77.29 - - [25/Mar/2016:09:40:11 -0500] "GET /galeria/nivo-slider/demo/images/ABC-Plan-de-contigencia.jpg HTTP/1.1" 206 1
190.157.77.29 - - [25/Mar/2016:09:40:11 -0500] "GET /galeria/nivo-slider/demo/images/caminata-ecologica.jpg HTTP/1.1" 200 192926
190.157.77.29 - - [25/Mar/2016:09:40:11 -0500] "GET /galeria/nivo-slider/demo/images/Cmapana-onestidad.jpg HTTP/1.1" 200 141638
190.157.77.29 - - [25/Mar/2016:09:40:11 -0500] "GET /galeria/nivo-slider/demo/images/ecolecta2016.jpg HTTP/1.1" 206 18957
190.157.77.29 - - [25/Mar/2016:09:40:12 -0500] "GET /galeria/nivo-slider/demo/images/Banner_caminatas.jpg HTTP/1.1" 206 104202
190.157.77.29 - - [25/Mar/2016:09:40:12 -0500] "GET /galeria/nivo-slider/demo/images/ABC-Plan-de-contigencia.jpg HTTP/1.1" 206 181808
190.157.77.29 - - [25/Mar/2016:09:40:12 -0500] "GET /galeria/nivo-slider/demo/images/banner-llantas2.jpg HTTP/1.1" 200 234514
190.157.77.29 - - [25/Mar/2016:09:40:12 -0500] "GET /galeria/nivo-slider/demo/images/9Signos.jpg HTTP/1.1" 200 81776
190.157.77.29 - - [25/Mar/2016:09:40:12 -0500] "GET /galeria/nivo-slider/demo/images/Ruta-vertimientos-01.jpg HTTP/1.1" 200 130151
190.157.77.29 - - [25/Mar/2016:09:40:12 -0500] "GET /galeria/nivo-slider/demo/images/bolsas-06.jpg HTTP/1.1" 200 210950
190.157.77.29 - - [25/Mar/2016:09:40:13 -0500] "GET /galeria/nivo-slider/demo/scripts/jquery-1.7.1.min.js HTTP/1.1" 200 93868
190.157.77.29 - - [25/Mar/2016:09:40:13 -0500] "GET /galeria/nivo-slider/jquery.nivo.slider.pack.js HTTP/1.1" 200 11561
190.157.77.29 - - [25/Mar/2016:09:40:17 -0500] "GET /galeria/nivo-slider/themes/default/arrows.png HTTP/1.1" 200 824
190.157.77.29 - - [25/Mar/2016:09:40:17 -0500] "GET /galeria/nivo-slider/themes/default/bullets.png HTTP/1.1" 200 1281
186.145.97.91 - - [25/Mar/2016:09:40:51 -0500] "POST /forms/lservlet;jsessionid=ac16012b30d662d6cc60af4946b59e389005b31d4099.e3iSbxaKaheRe3mSaNqNbNeNay1ynknvrkLOlQzNp65In0 HTTP/1.1" 200 2
190.146.174.81 - - [25/Mar/2016:09:40:57 -0500] "GET /galeria/galeria/jquery.fancybox.css?v=2.1.5 HTTP/1.1" 200 4895
190.146.174.81 - - [25/Mar/2016:09:40:57 -0500] "GET /BLA/boletinlegal/js/jquery.scrollShow.js HTTP/1.1" 200 4586
190.146.174.81 - - [25/Mar/2016:09:40:57 -0500] "GET /galeria/galeria/jquery.fancybox.js?v=2.1.5 HTTP/1.1" 200 48706
190.157.77.29 - - [25/Mar/2016:09:41:11 -0500] "GET /galeria/galeria/jquery.fancybox.css?v=2.1.5 HTTP/1.1" 304 -
190.157.77.29 - - [25/Mar/2016:09:41:11 -0500] "GET /BLA/boletinlegal/js/jquery.scrollShow.js HTTP/1.1" 304 -
190.157.77.29 - - [25/Mar/2016:09:41:11 -0500] "GET /galeria/galeria/jquery.fancybox.js?v=2.1.5 HTTP/1.1" 304 -
190.255.133.229 - - [25/Mar/2016:09:41:12 -0500] "POST /forms/lservlet;jsessionid=ac16012b30d6b57254a5964c45fa9f198e7096723d67.e3iSbxaKaheRe3mSaNqNbNeNay1ynknvrkLOlQzNp65In0 HTTP/1.1" 200 2
190.146.174.81 - - [25/Mar/2016:09:41:19 -0500] "GET /BLA/boletinlegal/js/jquery.scrollShow.js HTTP/1.1" 304 -
190.146.174.81 - - [25/Mar/2016:09:41:19 -0500] "GET /galeria/galeria/jquery.fancybox.css?v=2.1.5 HTTP/1.1" 304 -
190.146.174.81 - - [25/Mar/2016:09:41:19 -0500] "GET /galeria/galeria/jquery.fancybox.js?v=2.1.5 HTTP/1.1" 304 -
190.25.169.14 - - [25/Mar/2016:09:41:29 -0500] "POST /forms/lservlet;jsessionid=ac16012b30d6d75d25b8fdb94215ababddad7b4deffa.e3iSbxaKaheRe3mSaNqNbNeNay1ynknvrkLOlQzNp65In0 HTTP/1.1" 200 2
51.255.65.51 - - [25/Mar/2016:09:41:48 -0500] "GET /BLA/resoluciones/RESOLUCIONES%202004/RES%202004%202151-2200/00002168.tif HTTP/1.1" 200 88622
186.113.10.143 - - [25/Mar/2016:09:41:53 -0500] "GET /galeria/nivo-slider/demo/images/banner-fuera-funcionaminto.jpg HTTP/1.1" 304 -
66.249.64.238 - - [25/Mar/2016:09:41:54 -0500] "GET /galeria/galeria/fotos/boa11G.jpg HTTP/1.1" 200 158672
51.255.65.31 - - [25/Mar/2016:09:41:59 -0500] "GET /BLA/resoluciones/RESOLUCIONES%202006/RES%202006%20%202901-2950/00002937.tif HTTP/1.1" 200 199084
69.162.124.232 - - [25/Mar/2016:09:42:08 -0500] "HEAD / HTTP/1.1" 200 -
66.249.64.96 - - [25/Mar/2016:09:42:39 -0500] "GET /BLA/resoluciones/RESOLUCIONES%202009/7554.pdf HTTP/1.1" 200 511796
186.145.97.91 - - [25/Mar/2016:09:42:52 -0500] "POST /forms/lservlet;jsessionid=ac16012b30d662d6cc60af4946b59e389005b31d4099.e3iSbxaKaheRe3mSaNqNbNeNay1ynknvrkLOlQzNp65In0 HTTP/1.1" 200 2
190.255.133.229 - - [25/Mar/2016:09:43:12 -0500] "POST /forms/lservlet;jsessionid=ac16012b30d6b57254a5964c45fa9f198e7096723d67.e3iSbxaKaheRe3mSaNqNbNeNay1ynknvrkLOlQzNp65In0 HTTP/1.1" 200 2
190.25.169.14 - - [25/Mar/2016:09:43:29 -0500] "POST /forms/lservlet;jsessionid=ac16012b30d6d75d25b8fdb94215ababddad7b4deffa.e3iSbxaKaheRe3mSaNqNbNeNay1ynknvrkLOlQzNp65In0 HTTP/1.1" 200 2
186.29.25.219 - - [25/Mar/2016:09:43:32 -0500] "GET /galeria/galeria/fotos/Entrenube2G.jpg HTTP/1.1" 200 111422
157.55.39.29 - - [25/Mar/2016:09:43:37 -0500] "GET /galeria/galeria/jquery.fancybox.css?v=2.1.5 HTTP/1.1" 304 -
190.250.48.106 - - [25/Mar/2016:09:43:55 -0500] "GET /galeria/galeria/jquery.fancybox.css?v=2.1.5 HTTP/1.1" 200 4895
190.250.48.106 - - [25/Mar/2016:09:43:55 -0500] "GET /BLA/boletinlegal/js/jquery.scrollShow.js HTTP/1.1" 200 4586
190.250.48.106 - - [25/Mar/2016:09:43:55 -0500] "GET /galeria/galeria/jquery.fancybox.js?v=2.1.5 HTTP/1.1" 200 48706
40.77.167.31 - - [25/Mar/2016:09:44:03 -0500] "GET /galeria/galeria/jquery.fancybox.js?v=2.1.5 HTTP/1.1" 304 -
190.68.179.133 - - [25/Mar/2016:09:44:03 -0500] "GET /BLA/boletinlegal/js/jquery.scrollShow.js HTTP/1.1" 200 4586
190.68.179.133 - - [25/Mar/2016:09:44:03 -0500] "GET /galeria/galeria/jquery.fancybox.js?v=2.1.5 HTTP/1.1" 200 48706
190.68.179.133 - - [25/Mar/2016:09:44:03 -0500] "GET /galeria/galeria/jquery.fancybox.css?v=2.1.5 HTTP/1.1" 200 4895
190.68.179.133 - - [25/Mar/2016:09:44:03 -0500] "GET /galeria/carrusel/Carrusel/jquery.thumbnailScroller.css HTTP/1.1" 200 2066
181.49.70.114 - - [25/Mar/2016:09:44:04 -0500] "GET /galeria/galeria/jquery.fancybox.css?v=2.1.5 HTTP/1.1" 200 4895
181.49.70.114 - - [25/Mar/2016:09:44:04 -0500] "GET /galeria/galeria/jquery.fancybox.js?v=2.1.5 HTTP/1.1" 200 48706
181.49.70.114 - - [25/Mar/2016:09:44:04 -0500] "GET /BLA/boletinlegal/js/jquery.scrollShow.js HTTP/1.1" 200 4586
190.68.179.133 - - [25/Mar/2016:09:44:04 -0500] "GET /galeria/carrusel/Carrusel/jquery-ui-1.8.13.custom.min.js HTTP/1.1" 200 10800
190.68.179.133 - - [25/Mar/2016:09:44:04 -0500] "GET /galeria/carrusel/Carrusel/jquery.thumbnailScroller.js HTTP/1.1" 200 8157
190.68.179.133 - - [25/Mar/2016:09:44:06 -0500] "GET /galeria/nivo-slider/demo/demo.html HTTP/1.1" 200 4237
190.68.179.133 - - [25/Mar/2016:09:44:06 -0500] "GET /galeria/nivo-slider/themes/default/default.css HTTP/1.1" 200 1569
190.68.179.133 - - [25/Mar/2016:09:44:06 -0500] "GET /galeria/nivo-slider/themes/orman/orman.css HTTP/1.1" 200 2152
190.68.179.133 - - [25/Mar/2016:09:44:06 -0500] "GET /galeria/nivo-slider/themes/pascal/pascal.css HTTP/1.1" 200 2258
190.68.179.133 - - [25/Mar/2016:09:44:06 -0500] "GET /galeria/nivo-slider/nivo-slider.css HTTP/1.1" 200 1507
190.68.179.133 - - [25/Mar/2016:09:44:06 -0500] "GET /galeria/nivo-slider/demo/style.css HTTP/1.1" 200 2222
190.68.179.133 - - [25/Mar/2016:09:44:06 -0500] "GET /galeria/nivo-slider/demo/scripts/jquery-1.7.1.min.js HTTP/1.1" 200 93868
190.68.179.133 - - [25/Mar/2016:09:44:06 -0500] "GET /galeria/nivo-slider/jquery.nivo.slider.pack.js HTTP/1.1" 200 11561
190.68.179.133 - - [25/Mar/2016:09:44:06 -0500] "GET /galeria/nivo-slider/demo/images/banner_decreto.png HTTP/1.1" 200 32523
190.68.179.133 - - [25/Mar/2016:09:44:06 -0500] "GET /galeria/nivo-slider/demo/images/Banner_caminatas.jpg HTTP/1.1" 200 244095
190.68.179.133 - - [25/Mar/2016:09:44:06 -0500] "GET /galeria/nivo-slider/demo/images/Reconciliate-con-la-naturalez.jpg HTTP/1.1" 200 348334
190.68.179.133 - - [25/Mar/2016:09:44:06 -0500] "GET /galeria/nivo-slider/demo/images/encuentros_ciudadanos.jpg HTTP/1.1" 200 128337
190.68.179.133 - - [25/Mar/2016:09:44:07 -0500] "GET /galeria/nivo-slider/demo/images/ecolecta2016.jpg HTTP/1.1" 200 147170
190.68.179.133 - - [25/Mar/2016:09:44:08 -0500] "GET /galeria/nivo-slider/demo/images/Banner-Pread-2016.jpg HTTP/1.1" 200 130816
190.68.179.133 - - [25/Mar/2016:09:44:09 -0500] "GET /galeria/nivo-slider/demo/images/ABC-Plan-de-contigencia.jpg HTTP/1.1" 200 423901
190.68.179.133 - - [25/Mar/2016:09:44:09 -0500] "GET /galeria/nivo-slider/demo/images/banner-llantas2015.jpg HTTP/1.1" 200 268366
181.49.70.114 - - [25/Mar/2016:09:44:15 -0500] "GET /BLA/boletinlegal/js/jquery.scrollShow.js HTTP/1.1" 304 -
181.49.70.114 - - [25/Mar/2016:09:44:15 -0500] "GET /galeria/galeria/jquery.fancybox.css?v=2.1.5 HTTP/1.1" 304 -
181.49.70.114 - - [25/Mar/2016:09:44:15 -0500] "GET /galeria/galeria/jquery.fancybox.js?v=2.1.5 HTTP/1.1" 304 -
190.68.179.133 - - [25/Mar/2016:09:44:16 -0500] "GET /galeria/nivo-slider/demo/images/caminata-ecologica.jpg HTTP/1.1" 200 192926
190.68.179.133 - - [25/Mar/2016:09:44:42 -0500] "GET /galeria/nivo-slider/demo/images/Baner-ACERCAR.jpg HTTP/1.1" 200 68021
190.68.179.133 - - [25/Mar/2016:09:44:43 -0500] "GET /galeria/nivo-slider/demo/images/Ruta-vertimientos-01.jpg HTTP/1.1" 200 130151
190.68.179.133 - - [25/Mar/2016:09:44:44 -0500] "GET /galeria/nivo-slider/themes/default/loading.gif HTTP/1.1" 200 1737
190.68.179.133 - - [25/Mar/2016:09:44:44 -0500] "GET /galeria/nivo-slider/demo/images/Cmapana-onestidad.jpg HTTP/1.1" 200 141638
190.68.179.133 - - [25/Mar/2016:09:44:45 -0500] "GET /galeria/nivo-slider/demo/images/bolsas-06.jpg HTTP/1.1" 200 210950
190.68.179.133 - - [25/Mar/2016:09:44:46 -0500] "GET /galeria/nivo-slider/demo/images/4Simple_Slider.png HTTP/1.1" 200 11722
190.68.179.133 - - [25/Mar/2016:09:44:46 -0500] "GET /galeria/nivo-slider/demo/images/banner-llantas2.jpg HTTP/1.1" 200 234514
190.68.179.133 - - [25/Mar/2016:09:44:46 -0500] "GET /galeria/nivo-slider/demo/images/9Signos.jpg HTTP/1.1" 200 81776
190.68.179.133 - - [25/Mar/2016:09:44:49 -0500] "GET /galeria/nivo-slider/themes/default/arrows.png HTTP/1.1" 200 824
190.68.179.133 - - [25/Mar/2016:09:44:49 -0500] "GET /galeria/nivo-slider/themes/default/bullets.png HTTP/1.1" 200 1281
186.145.97.91 - - [25/Mar/2016:09:44:52 -0500] "POST /forms/lservlet;jsessionid=ac16012b30d662d6cc60af4946b59e389005b31d4099.e3iSbxaKaheRe3mSaNqNbNeNay1ynknvrkLOlQzNp65In0 HTTP/1.1" 200 2
179.32.83.236 - - [25/Mar/2016:09:44:57 -0500] "GET /galeria/galeria/jquery.fancybox.js?v=2.1.5 HTTP/1.1" 200 48706
179.32.83.236 - - [25/Mar/2016:09:44:57 -0500] "GET /BLA/boletinlegal/js/jquery.scrollShow.js HTTP/1.1" 200 4586
179.32.83.236 - - [25/Mar/2016:09:44:57 -0500] "GET /galeria/galeria/jquery.fancybox.css?v=2.1.5 HTTP/1.1" 200 4895
179.32.83.236 - - [25/Mar/2016:09:44:57 -0500] "GET /galeria/carrusel/Carrusel/jquery.thumbnailScroller.css HTTP/1.1" 200 2066
179.32.83.236 - - [25/Mar/2016:09:44:57 -0500] "GET /galeria/carrusel/Carrusel/jquery-ui-1.8.13.custom.min.js HTTP/1.1" 200 10800
179.32.83.236 - - [25/Mar/2016:09:44:57 -0500] "GET /galeria/carrusel/Carrusel/jquery.thumbnailScroller.js HTTP/1.1" 200 8157
164.132.161.31 - - [25/Mar/2016:09:44:59 -0500] "GET /BLA/resoluciones/AUTOS%202006/AUTOS%202006%203201%20-%203300/00003247.tif HTTP/1.1" 200 73964
179.32.83.236 - - [25/Mar/2016:09:44:59 -0500] "GET /galeria/nivo-slider/demo/demo.html HTTP/1.1" 200 4237
179.32.83.236 - - [25/Mar/2016:09:44:59 -0500] "GET /galeria/nivo-slider/themes/default/default.css HTTP/1.1" 200 1569
179.32.83.236 - - [25/Mar/2016:09:44:59 -0500] "GET /galeria/nivo-slider/themes/pascal/pascal.css HTTP/1.1" 200 2258
179.32.83.236 - - [25/Mar/2016:09:44:59 -0500] "GET /galeria/nivo-slider/themes/orman/orman.css HTTP/1.1" 200 2152
179.32.83.236 - - [25/Mar/2016:09:44:59 -0500] "GET /galeria/nivo-slider/nivo-slider.css HTTP/1.1" 200 1507
179.32.83.236 - - [25/Mar/2016:09:44:59 -0500] "GET /galeria/nivo-slider/demo/style.css HTTP/1.1" 200 2222
179.32.83.236 - - [25/Mar/2016:09:44:59 -0500] "GET /galeria/nivo-slider/demo/images/banner_decreto.png HTTP/1.1" 200 32523
179.32.83.236 - - [25/Mar/2016:09:44:59 -0500] "GET /galeria/nivo-slider/demo/scripts/jquery-1.7.1.min.js HTTP/1.1" 200 93868
179.32.83.236 - - [25/Mar/2016:09:44:59 -0500] "GET /galeria/nivo-slider/jquery.nivo.slider.pack.js HTTP/1.1" 200 11561
179.32.83.236 - - [25/Mar/2016:09:44:59 -0500] "GET /galeria/nivo-slider/demo/images/Banner_caminatas.jpg HTTP/1.1" 200 244095
179.32.83.236 - - [25/Mar/2016:09:44:59 -0500] "GET /galeria/nivo-slider/demo/images/Reconciliate-con-la-naturalez.jpg HTTP/1.1" 200 348334
179.32.83.236 - - [25/Mar/2016:09:44:59 -0500] "GET /galeria/nivo-slider/demo/images/encuentros_ciudadanos.jpg HTTP/1.1" 200 128337
179.32.83.236 - - [25/Mar/2016:09:44:59 -0500] "GET /galeria/nivo-slider/demo/images/4Simple_Slider.png HTTP/1.1" 200 11722
179.32.83.236 - - [25/Mar/2016:09:44:59 -0500] "GET /galeria/nivo-slider/themes/default/loading.gif HTTP/1.1" 200 1737
179.32.83.236 - - [25/Mar/2016:09:45:00 -0500] "GET /galeria/nivo-slider/demo/images/Banner-Pread-2016.jpg HTTP/1.1" 200 130816
179.32.83.236 - - [25/Mar/2016:09:45:00 -0500] "GET /galeria/nivo-slider/demo/images/ABC-Plan-de-contigencia.jpg HTTP/1.1" 200 423901
179.32.83.236 - - [25/Mar/2016:09:45:00 -0500] "GET /galeria/nivo-slider/demo/images/banner-llantas2015.jpg HTTP/1.1" 200 268366
179.32.83.236 - - [25/Mar/2016:09:45:00 -0500] "GET /galeria/nivo-slider/demo/images/caminata-ecologica.jpg HTTP/1.1" 200 192926
