179.32.83.236 - - [25/Mar/2016:09:45:00 -0500] "GET /galeria/nivo-slider/demo/images/ecolecta2016.jpg HTTP/1.1" 200 147170
179.32.83.236 - - [25/Mar/2016:09:45:00 -0500] "GET /galeria/nivo-slider/demo/images/Baner-ACERCAR.jpg HTTP/1.1" 200 68021
179.32.83.236 - - [25/Mar/2016:09:45:01 -0500] "GET /galeria/nivo-slider/demo/images/Cmapana-onestidad.jpg HTTP/1.1" 200 141638
179.32.83.236 - - [25/Mar/2016:09:45:02 -0500] "GET /galeria/nivo-slider/demo/images/Ruta-vertimientos-01.jpg HTTP/1.1" 200 130151
179.32.83.236 - - [25/Mar/2016:09:45:02 -0500] "GET /galeria/nivo-slider/demo/images/banner-llantas2.jpg HTTP/1.1" 200 234514
179.32.83.236 - - [25/Mar/2016:09:45:02 -0500] "GET /galeria/nivo-slider/demo/images/9Signos.jpg HTTP/1.1" 200 81776
179.32.83.236 - - [25/Mar/2016:09:45:02 -0500] "GET /galeria/nivo-slider/demo/images/bolsas-06.jpg HTTP/1.1" 200 210950
190.255.133.229 - - [25/Mar/2016:09:45:12 -0500] "POST /forms/lservlet;jsessionid=ac16012b30d6b57254a5964c45fa9f198e7096723d67.e3iSbxaKaheRe3mSaNqNbNeNay1ynknvrkLOlQzNp65In0 HTTP/1.1" 200 2
179.32.83.236 - - [25/Mar/2016:09:45:14 -0500] "GET /galeria/nivo-slider/themes/default/bullets.png HTTP/1.1" 200 1281
201.137.54.223 - - [25/Mar/2016:09:45:20 -0500] "GET /galeria/galeria/jquery.fancybox.css?v=2.1.5 HTTP/1.1" 200 4895
201.137.54.223 - - [25/Mar/2016:09:45:20 -0500] "GET /BLA/boletinlegal/js/jquery.scrollShow.js HTTP/1.1" 200 4586
201.137.54.223 - - [25/Mar/2016:09:45:20 -0500] "GET /galeria/galeria/jquery.fancybox.js?v=2.1.5 HTTP/1.1" 200 48706
179.32.83.236 - - [25/Mar/2016:09:45:21 -0500] "GET /BLA/boletinlegal/js/jquery.scrollShow.js HTTP/1.1" 200 4586
179.32.83.236 - - [25/Mar/2016:09:45:21 -0500] "GET /galeria/galeria/jquery.fancybox.js?v=2.1.5 HTTP/1.1" 200 48706
179.32.83.236 - - [25/Mar/2016:09:45:21 -0500] "GET /galeria/galeria/jquery.fancybox.css?v=2.1.5 HTTP/1.1" 200 4895
190.25.169.14 - - [25/Mar/2016:09:45:29 -0500] "POST /forms/lservlet;jsessionid=ac16012b30d6d75d25b8fdb94215ababddad7b4deffa.e3iSbxaKaheRe3mSaNqNbNeNay1ynknvrkLOlQzNp65In0 HTTP/1.1" 200 2
186.31.82.169 - - [25/Mar/2016:09:46:08 -0500] "GET / HTTP/1.1" 200 10190
186.31.82.169 - - [25/Mar/2016:09:46:08 -0500] "GET /images/INTERNET.jpg HTTP/1.1" 200 34880
186.31.82.169 - - [25/Mar/2016:09:46:08 -0500] "GET /js/jquery.js HTTP/1.1" 200 97120
186.31.82.169 - - [25/Mar/2016:09:46:08 -0500] "GET /js/bootstrap.min.js HTTP/1.1" 200 28538
186.31.82.169 - - [25/Mar/2016:09:46:08 -0500] "GET /images/LINEA.jpg HTTP/1.1" 200 33035
186.31.82.169 - - [25/Mar/2016:09:46:08 -0500] "GET /images/RMCAB.jpg HTTP/1.1" 200 49926
186.31.82.169 - - [25/Mar/2016:09:46:08 -0500] "GET /css/style.css HTTP/1.1" 200 3610
186.31.82.169 - - [25/Mar/2016:09:46:08 -0500] "GET /images/SDA.jpg HTTP/1.1" 200 48976
186.31.82.169 - - [25/Mar/2016:09:46:08 -0500] "GET /images/SDQS.jpg HTTP/1.1" 200 47976
186.31.82.169 - - [25/Mar/2016:09:46:08 -0500] "GET /css/bootstrap.min.css HTTP/1.1" 200 105939
186.31.82.169 - - [25/Mar/2016:09:46:08 -0500] "GET /images/INTRANET.jpg HTTP/1.1" 200 37297
186.31.82.169 - - [25/Mar/2016:09:46:08 -0500] "GET /images/NINOS.jpg HTTP/1.1" 200 44828
186.31.82.169 - - [25/Mar/2016:09:46:08 -0500] "GET /images/FOREST.jpg HTTP/1.1" 200 33277
186.31.82.169 - - [25/Mar/2016:09:46:08 -0500] "GET /images/BLA.jpg HTTP/1.1" 200 34672
186.31.82.169 - - [25/Mar/2016:09:46:08 -0500] "GET /images/FORMATOS.jpg HTTP/1.1" 200 41585
186.31.82.169 - - [25/Mar/2016:09:46:08 -0500] "GET /images/CORREO.jpg HTTP/1.1" 200 39337
186.31.82.169 - - [25/Mar/2016:09:46:08 -0500] "GET /images/CATALOGO.jpg HTTP/1.1" 200 35661
66.249.64.106 - - [25/Mar/2016:09:46:10 -0500] "GET /BLA/resoluciones/RESOLUCIONES%202010/3597.pdf HTTP/1.1" 200 502065
190.250.48.106 - - [25/Mar/2016:09:46:33 -0500] "GET /BLA/boletinlegal/js/jquery.scrollShow.js HTTP/1.1" 200 4586
190.250.48.106 - - [25/Mar/2016:09:46:33 -0500] "GET /galeria/galeria/jquery.fancybox.js?v=2.1.5 HTTP/1.1" 200 48706
190.250.48.106 - - [25/Mar/2016:09:46:33 -0500] "GET /galeria/galeria/jquery.fancybox.css?v=2.1.5 HTTP/1.1" 206 1
191.156.131.190 - - [25/Mar/2016:09:46:43 -0500] "GET /galeria/galeria/jquery.fancybox.css?v=2.1.5 HTTP/1.1" 200 4895
191.156.131.190 - - [25/Mar/2016:09:46:44 -0500] "GET /BLA/boletinlegal/js/jquery.scrollShow.js HTTP/1.1" 200 4586
191.156.131.190 - - [25/Mar/2016:09:46:44 -0500] "GET /galeria/galeria/jquery.fancybox.js?v=2.1.5 HTTP/1.1" 200 48706
186.145.97.91 - - [25/Mar/2016:09:46:52 -0500] "POST /forms/lservlet;jsessionid=ac16012b30d662d6cc60af4946b59e389005b31d4099.e3iSbxaKaheRe3mSaNqNbNeNay1ynknvrkLOlQzNp65In0 HTTP/1.1" 200 2
62.210.185.3 - - [25/Mar/2016:09:47:00 -0500] "GET /wordpress/wp-admin/ HTTP/1.1" 404 1018
69.162.124.232 - - [25/Mar/2016:09:47:08 -0500] "HEAD / HTTP/1.1" 200 -
186.119.5.194 - - [25/Mar/2016:09:47:12 -0500] "GET /galeria/galeria/jquery.fancybox.css?v=2.1.5 HTTP/1.1" 200 4895
186.119.5.194 - - [25/Mar/2016:09:47:12 -0500] "GET /BLA/boletinlegal/js/jquery.scrollShow.js HTTP/1.1" 200 4586
190.255.133.229 - - [25/Mar/2016:09:47:12 -0500] "POST /forms/lservlet;jsessionid=ac16012b30d6b57254a5964c45fa9f198e7096723d67.e3iSbxaKaheRe3mSaNqNbNeNay1ynknvrkLOlQzNp65In0 HTTP/1.1" 200 2
186.119.5.194 - - [25/Mar/2016:09:47:12 -0500] "GET /galeria/galeria/jquery.fancybox.js?v=2.1.5 HTTP/1.1" 200 48706
64.233.172.227 - - [25/Mar/2016:09:47:24 -0500] "GET /BLA/resoluciones/AUTOS%202013/0854.pdf HTTP/1.1" 200 1650332
190.25.169.14 - - [25/Mar/2016:09:47:29 -0500] "POST /forms/lservlet;jsessionid=ac16012b30d6d75d25b8fdb94215ababddad7b4deffa.e3iSbxaKaheRe3mSaNqNbNeNay1ynknvrkLOlQzNp65In0 HTTP/1.1" 200 2
186.154.21.221 - - [25/Mar/2016:09:47:49 -0500] "GET /BLA/boletinlegal/js/jquery.scrollShow.js HTTP/1.1" 200 4586
186.154.21.221 - - [25/Mar/2016:09:47:49 -0500] "GET /galeria/galeria/jquery.fancybox.js?v=2.1.5 HTTP/1.1" 200 48706
186.154.21.221 - - [25/Mar/2016:09:47:49 -0500] "GET /galeria/galeria/jquery.fancybox.css?v=2.1.5 HTTP/1.1" 200 4895
186.154.21.221 - - [25/Mar/2016:09:47:49 -0500] "GET /galeria/carrusel/Carrusel/jquery.thumbnailScroller.css HTTP/1.1" 200 2066
186.154.21.221 - - [25/Mar/2016:09:47:50 -0500] "GET /galeria/carrusel/Carrusel/jquery-ui-1.8.13.custom.min.js HTTP/1.1" 200 10800
186.154.21.221 - - [25/Mar/2016:09:47:51 -0500] "GET /galeria/carrusel/Carrusel/jquery.thumbnailScroller.js HTTP/1.1" 200 8157
186.154.21.221 - - [25/Mar/2016:09:47:51 -0500] "GET /galeria/nivo-slider/demo/demo.html HTTP/1.1" 200 4237
186.154.21.221 - - [25/Mar/2016:09:47:51 -0500] "GET /galeria/nivo-slider/themes/default/default.css HTTP/1.1" 200 1569
186.154.21.221 - - [25/Mar/2016:09:47:51 -0500] "GET /galeria/nivo-slider/themes/pascal/pascal.css HTTP/1.1" 200 2258
186.154.21.221 - - [25/Mar/2016:09:47:51 -0500] "GET /galeria/nivo-slider/themes/orman/orman.css HTTP/1.1" 200 2152
186.154.21.221 - - [25/Mar/2016:09:47:51 -0500] "GET /galeria/nivo-slider/nivo-slider.css HTTP/1.1" 200 1507
186.154.21.221 - - [25/Mar/2016:09:47:52 -0500] "GET /galeria/nivo-slider/demo/style.css HTTP/1.1" 200 2222
186.154.21.221 - - [25/Mar/2016:09:47:52 -0500] "GET /galeria/nivo-slider/demo/scripts/jquery-1.7.1.min.js HTTP/1.1" 200 93868
186.154.21.221 - - [25/Mar/2016:09:47:52 -0500] "GET /galeria/nivo-slider/jquery.nivo.slider.pack.js HTTP/1.1" 200 11561
186.154.21.221 - - [25/Mar/2016:09:47:52 -0500] "GET /galeria/nivo-slider/demo/images/banner_decreto.png HTTP/1.1" 200 32523
186.154.21.221 - - [25/Mar/2016:09:47:52 -0500] "GET /galeria/nivo-slider/demo/images/Banner_caminatas.jpg HTTP/1.1" 200 244095
186.154.21.221 - - [25/Mar/2016:09:47:52 -0500] "GET /galeria/nivo-slider/demo/images/Reconciliate-con-la-naturalez.jpg HTTP/1.1" 200 348334
186.154.21.221 - - [25/Mar/2016:09:47:52 -0500] "GET /galeria/nivo-slider/demo/images/encuentros_ciudadanos.jpg HTTP/1.1" 200 128337
201.190.18.108 - - [25/Mar/2016:09:47:54 -0500] "GET /galeria/galeria/jquery.fancybox.css?v=2.1.5 HTTP/1.1" 200 4895
201.190.18.108 - - [25/Mar/2016:09:47:54 -0500] "GET /BLA/boletinlegal/js/jquery.scrollShow.js HTTP/1.1" 200 4586
201.190.18.108 - - [25/Mar/2016:09:47:54 -0500] "GET /galeria/galeria/jquery.fancybox.js?v=2.1.5 HTTP/1.1" 200 48706
186.154.21.221 - - [25/Mar/2016:09:47:56 -0500] "GET /galeria/nivo-slider/demo/images/4Simple_Slider.png HTTP/1.1" 200 11722
186.154.21.221 - - [25/Mar/2016:09:47:56 -0500] "GET /galeria/nivo-slider/themes/default/loading.gif HTTP/1.1" 200 1737
186.154.21.221 - - [25/Mar/2016:09:47:57 -0500] "GET /galeria/nivo-slider/demo/images/ecolecta2016.jpg HTTP/1.1" 200 147170
186.154.21.221 - - [25/Mar/2016:09:48:02 -0500] "GET /galeria/nivo-slider/demo/images/Baner-ACERCAR.jpg HTTP/1.1" 200 68021
186.154.21.221 - - [25/Mar/2016:09:48:02 -0500] "GET /galeria/nivo-slider/demo/images/Banner-Pread-2016.jpg HTTP/1.1" 200 130816
186.154.21.221 - - [25/Mar/2016:09:48:03 -0500] "GET /galeria/nivo-slider/demo/images/ABC-Plan-de-contigencia.jpg HTTP/1.1" 200 423901
186.154.21.221 - - [25/Mar/2016:09:48:04 -0500] "GET /galeria/nivo-slider/demo/images/banner-llantas2015.jpg HTTP/1.1" 200 268366
186.119.5.194 - - [25/Mar/2016:09:48:05 -0500] "GET /galeria/carrusel/Carrusel/jquery.thumbnailScroller.css HTTP/1.1" 200 2066
186.119.5.194 - - [25/Mar/2016:09:48:05 -0500] "GET /galeria/carrusel/Carrusel/jquery-ui-1.8.13.custom.min.js HTTP/1.1" 200 10800
186.119.5.194 - - [25/Mar/2016:09:48:05 -0500] "GET /galeria/carrusel/Carrusel/jquery.thumbnailScroller.js HTTP/1.1" 200 8157
186.119.5.194 - - [25/Mar/2016:09:48:05 -0500] "GET /galeria/nivo-slider/demo/demo.html HTTP/1.1" 200 4237
186.119.5.194 - - [25/Mar/2016:09:48:06 -0500] "GET /galeria/nivo-slider/themes/default/default.css HTTP/1.1" 200 1569
186.119.5.194 - - [25/Mar/2016:09:48:06 -0500] "GET /galeria/nivo-slider/themes/pascal/pascal.css HTTP/1.1" 200 2258
186.119.5.194 - - [25/Mar/2016:09:48:06 -0500] "GET /galeria/nivo-slider/themes/orman/orman.css HTTP/1.1" 200 2152
186.119.5.194 - - [25/Mar/2016:09:48:06 -0500] "GET /galeria/nivo-slider/nivo-slider.css HTTP/1.1" 200 1507
186.119.5.194 - - [25/Mar/2016:09:48:06 -0500] "GET /galeria/nivo-slider/demo/style.css HTTP/1.1" 200 2222
186.119.5.194 - - [25/Mar/2016:09:48:07 -0500] "GET /galeria/nivo-slider/demo/scripts/jquery-1.7.1.min.js HTTP/1.1" 200 93868
186.119.5.194 - - [25/Mar/2016:09:48:07 -0500] "GET /galeria/nivo-slider/jquery.nivo.slider.pack.js HTTP/1.1" 200 11561
186.154.21.221 - - [25/Mar/2016:09:48:07 -0500] "GET /galeria/nivo-slider/demo/images/caminata-ecologica.jpg HTTP/1.1" 200 192926
186.154.21.221 - - [25/Mar/2016:09:48:07 -0500] "GET /galeria/nivo-slider/demo/images/Cmapana-onestidad.jpg HTTP/1.1" 200 141638
186.119.5.194 - - [25/Mar/2016:09:48:07 -0500] "GET /galeria/nivo-slider/demo/images/4Simple_Slider.png HTTP/1.1" 200 11722
186.119.5.194 - - [25/Mar/2016:09:48:07 -0500] "GET /galeria/nivo-slider/themes/default/loading.gif HTTP/1.1" 200 1737
186.119.5.194 - - [25/Mar/2016:09:48:09 -0500] "GET /galeria/nivo-slider/demo/images/banner_decreto.png HTTP/1.1" 200 32523
186.119.5.194 - - [25/Mar/2016:09:48:12 -0500] "GET /galeria/nivo-slider/demo/images/Banner_caminatas.jpg HTTP/1.1" 200 244095
186.119.5.194 - - [25/Mar/2016:09:48:13 -0500] "GET /galeria/nivo-slider/demo/images/Reconciliate-con-la-naturalez.jpg HTTP/1.1" 200 348334
186.154.21.221 - - [25/Mar/2016:09:48:13 -0500] "GET /galeria/nivo-slider/demo/images/banner-llantas2.jpg HTTP/1.1" 200 234514
186.154.21.221 - - [25/Mar/2016:09:48:14 -0500] "GET /galeria/nivo-slider/demo/images/9Signos.jpg HTTP/1.1" 200 81776
186.119.5.194 - - [25/Mar/2016:09:48:17 -0500] "GET /galeria/nivo-slider/demo/images/encuentros_ciudadanos.jpg HTTP/1.1" 200 128337
186.154.21.221 - - [25/Mar/2016:09:48:20 -0500] "GET /BLA/boletinlegal/js/jquery.scrollShow.js HTTP/1.1" 304 -
186.154.21.221 - - [25/Mar/2016:09:48:20 -0500] "GET /galeria/galeria/jquery.fancybox.js?v=2.1.5 HTTP/1.1" 304 -
186.154.21.221 - - [25/Mar/2016:09:48:21 -0500] "GET /galeria/galeria/jquery.fancybox.css?v=2.1.5 HTTP/1.1" 200 4895
186.119.5.194 - - [25/Mar/2016:09:48:22 -0500] "GET /galeria/nivo-slider/demo/images/Banner_caminatas.jpg HTTP/1.1" 206 1
186.119.5.194 - - [25/Mar/2016:09:48:22 -0500] "GET /galeria/nivo-slider/demo/images/ecolecta2016.jpg HTTP/1.1" 200 147170
186.119.5.194 - - [25/Mar/2016:09:48:22 -0500] "GET /galeria/nivo-slider/demo/images/Reconciliate-con-la-naturalez.jpg HTTP/1.1" 206 1
186.119.5.194 - - [25/Mar/2016:09:48:22 -0500] "GET /galeria/nivo-slider/demo/images/encuentros_ciudadanos.jpg HTTP/1.1" 206 1
186.119.5.194 - - [25/Mar/2016:09:48:22 -0500] "GET /galeria/nivo-slider/demo/images/Banner_caminatas.jpg HTTP/1.1" 206 108362
186.119.5.194 - - [25/Mar/2016:09:48:22 -0500] "GET /galeria/nivo-slider/demo/images/Reconciliate-con-la-naturalez.jpg HTTP/1.1" 206 8601
186.119.5.194 - - [25/Mar/2016:09:48:22 -0500] "GET /galeria/nivo-slider/demo/images/encuentros_ciudadanos.jpg HTTP/1.1" 206 91884
186.119.5.194 - - [25/Mar/2016:09:48:24 -0500] "GET /galeria/nivo-slider/demo/images/Baner-ACERCAR.jpg HTTP/1.1" 200 68021
186.119.5.194 - - [25/Mar/2016:09:48:27 -0500] "GET /galeria/nivo-slider/demo/images/Banner-Pread-2016.jpg HTTP/1.1" 200 130816
201.190.18.108 - - [25/Mar/2016:09:48:27 -0500] "GET /galeria/galeria/jquery.fancybox.css?v=2.1.5 HTTP/1.1" 304 -
201.190.18.108 - - [25/Mar/2016:09:48:27 -0500] "GET /BLA/boletinlegal/js/jquery.scrollShow.js HTTP/1.1" 304 -
201.190.18.108 - - [25/Mar/2016:09:48:27 -0500] "GET /galeria/galeria/jquery.fancybox.js?v=2.1.5 HTTP/1.1" 304 -
186.119.5.194 - - [25/Mar/2016:09:48:28 -0500] "GET /galeria/nivo-slider/demo/images/ABC-Plan-de-contigencia.jpg HTTP/1.1" 200 423901
186.119.5.194 - - [25/Mar/2016:09:48:28 -0500] "GET /galeria/nivo-slider/demo/images/banner-llantas2015.jpg HTTP/1.1" 200 268366
186.119.5.194 - - [25/Mar/2016:09:48:31 -0500] "GET /galeria/nivo-slider/demo/images/ecolecta2016.jpg HTTP/1.1" 206 1
186.119.5.194 - - [25/Mar/2016:09:48:31 -0500] "GET /galeria/nivo-slider/demo/images/Banner-Pread-2016.jpg HTTP/1.1" 206 1
186.119.5.194 - - [25/Mar/2016:09:48:31 -0500] "GET /galeria/nivo-slider/demo/images/banner-llantas2015.jpg HTTP/1.1" 206 1
186.119.5.194 - - [25/Mar/2016:09:48:31 -0500] "GET /galeria/nivo-slider/demo/images/Banner-Pread-2016.jpg HTTP/1.1" 206 86203
186.119.5.194 - - [25/Mar/2016:09:48:31 -0500] "GET /galeria/nivo-slider/demo/images/banner-llantas2015.jpg HTTP/1.1" 206 245513
186.119.5.194 - - [25/Mar/2016:09:48:31 -0500] "GET /galeria/nivo-slider/demo/images/ecolecta2016.jpg HTTP/1.1" 206 20957
186.119.5.194 - - [25/Mar/2016:09:48:31 -0500] "GET /galeria/nivo-slider/demo/images/ABC-Plan-de-contigencia.jpg HTTP/1.1" 206 1
186.119.5.194 - - [25/Mar/2016:09:48:31 -0500] "GET /galeria/nivo-slider/demo/images/ABC-Plan-de-contigencia.jpg HTTP/1.1" 206 409208
186.119.5.194 - - [25/Mar/2016:09:48:34 -0500] "GET /galeria/nivo-slider/demo/images/caminata-ecologica.jpg HTTP/1.1" 200 192926
186.119.5.194 - - [25/Mar/2016:09:48:34 -0500] "GET /galeria/nivo-slider/demo/images/Cmapana-onestidad.jpg HTTP/1.1" 200 141638
186.119.5.194 - - [25/Mar/2016:09:48:34 -0500] "GET /galeria/nivo-slider/demo/images/banner-llantas2.jpg HTTP/1.1" 200 234514
186.119.5.194 - - [25/Mar/2016:09:48:37 -0500] "GET /galeria/nivo-slider/demo/images/9Signos.jpg HTTP/1.1" 200 81776
186.119.5.194 - - [25/Mar/2016:09:48:39 -0500] "GET /galeria/nivo-slider/demo/images/ABC-Plan-de-contigencia.jpg HTTP/1.1" 206 1
186.119.5.194 - - [25/Mar/2016:09:48:39 -0500] "GET /galeria/nivo-slider/demo/images/banner-llantas2015.jpg HTTP/1.1" 206 1
186.119.5.194 - - [25/Mar/2016:09:48:39 -0500] "GET /galeria/nivo-slider/demo/images/Cmapana-onestidad.jpg HTTP/1.1" 206 1
186.119.5.194 - - [25/Mar/2016:09:48:39 -0500] "GET /galeria/nivo-slider/demo/images/9Signos.jpg HTTP/1.1" 206 1
186.119.5.194 - - [25/Mar/2016:09:48:39 -0500] "GET /galeria/nivo-slider/demo/images/caminata-ecologica.jpg HTTP/1.1" 206 1
186.119.5.194 - - [25/Mar/2016:09:48:39 -0500] "GET /galeria/nivo-slider/demo/images/banner-llantas2.jpg HTTP/1.1" 206 1
186.119.5.194 - - [25/Mar/2016:09:48:39 -0500] "GET /galeria/nivo-slider/demo/images/ABC-Plan-de-contigencia.jpg HTTP/1.1" 206 319770
186.119.5.194 - - [25/Mar/2016:09:48:39 -0500] "GET /galeria/nivo-slider/demo/images/Cmapana-onestidad.jpg HTTP/1.1" 206 91585
186.119.5.194 - - [25/Mar/2016:09:48:39 -0500] "GET /galeria/nivo-slider/demo/images/banner-llantas2015.jpg HTTP/1.1" 206 131595
186.119.5.194 - - [25/Mar/2016:09:48:39 -0500] "GET /galeria/nivo-slider/demo/images/9Signos.jpg HTTP/1.1" 206 79322
186.119.5.194 - - [25/Mar/2016:09:48:39 -0500] "GET /galeria/nivo-slider/demo/images/caminata-ecologica.jpg HTTP/1.1" 206 134713
186.119.5.194 - - [25/Mar/2016:09:48:39 -0500] "GET /galeria/nivo-slider/demo/images/banner-llantas2.jpg HTTP/1.1" 206 177661
186.119.5.194 - - [25/Mar/2016:09:48:45 -0500] "GET /galeria/nivo-slider/demo/images/ABC-Plan-de-contigencia.jpg HTTP/1.1" 206 1
186.119.5.194 - - [25/Mar/2016:09:48:45 -0500] "GET /galeria/nivo-slider/demo/images/banner-llantas2015.jpg HTTP/1.1" 206 1
186.119.5.194 - - [25/Mar/2016:09:48:45 -0500] "GET /galeria/nivo-slider/demo/images/caminata-ecologica.jpg HTTP/1.1" 206 1
186.119.5.194 - - [25/Mar/2016:09:48:45 -0500] "GET /galeria/nivo-slider/demo/images/banner-llantas2.jpg HTTP/1.1" 206 1
186.119.5.194 - - [25/Mar/2016:09:48:45 -0500] "GET /galeria/nivo-slider/demo/images/9Signos.jpg HTTP/1.1" 206 1
186.119.5.194 - - [25/Mar/2016:09:48:45 -0500] "GET /galeria/nivo-slider/demo/images/Cmapana-onestidad.jpg HTTP/1.1" 206 1
186.119.5.194 - - [25/Mar/2016:09:48:45 -0500] "GET /galeria/nivo-slider/demo/images/ABC-Plan-de-contigencia.jpg HTTP/1.1" 206 218093
186.119.5.194 - - [25/Mar/2016:09:48:45 -0500] "GET /galeria/nivo-slider/demo/images/caminata-ecologica.jpg HTTP/1.1" 206 90155
186.119.5.194 - - [25/Mar/2016:09:48:45 -0500] "GET /galeria/nivo-slider/demo/images/9Signos.jpg HTTP/1.1" 206 30680
186.119.5.194 - - [25/Mar/2016:09:48:45 -0500] "GET /galeria/nivo-slider/demo/images/Cmapana-onestidad.jpg HTTP/1.1" 206 30706
186.119.5.194 - - [25/Mar/2016:09:48:46 -0500] "GET /galeria/nivo-slider/demo/images/banner-llantas2015.jpg HTTP/1.1" 206 67998
186.119.5.194 - - [25/Mar/2016:09:48:47 -0500] "GET /galeria/nivo-slider/demo/images/banner-llantas2.jpg HTTP/1.1" 206 130383
186.119.5.194 - - [25/Mar/2016:09:48:49 -0500] "GET /galeria/nivo-slider/demo/images/Ruta-vertimientos-01.jpg HTTP/1.1" 200 130151
186.119.5.194 - - [25/Mar/2016:09:48:50 -0500] "GET /galeria/nivo-slider/demo/images/bolsas-06.jpg HTTP/1.1" 200 210950
186.145.97.91 - - [25/Mar/2016:09:48:52 -0500] "POST /forms/lservlet;jsessionid=ac16012b30d662d6cc60af4946b59e389005b31d4099.e3iSbxaKaheRe3mSaNqNbNeNay1ynknvrkLOlQzNp65In0 HTTP/1.1" 200 2
40.77.167.92 - - [25/Mar/2016:09:48:53 -0500] "GET /dama/libreria/php/decide.php?patron=03.130601 HTTP/1.1" 404 1015
190.255.133.229 - - [25/Mar/2016:09:49:12 -0500] "POST /forms/lservlet;jsessionid=ac16012b30d6b57254a5964c45fa9f198e7096723d67.e3iSbxaKaheRe3mSaNqNbNeNay1ynknvrkLOlQzNp65In0 HTTP/1.1" 200 2
190.25.169.14 - - [25/Mar/2016:09:49:29 -0500] "POST /forms/lservlet;jsessionid=ac16012b30d6d75d25b8fdb94215ababddad7b4deffa.e3iSbxaKaheRe3mSaNqNbNeNay1ynknvrkLOlQzNp65In0 HTTP/1.1" 200 2
66.249.64.106 - - [25/Mar/2016:09:49:42 -0500] "GET /BLA/resoluciones/RESOLUCIONES%202009/0868.pdf HTTP/1.1" 200 378581
179.32.8.191 - - [25/Mar/2016:09:49:52 -0500] "GET /galeria/galeria/jquery.fancybox.js?v=2.1.5 HTTP/1.1" 200 48706
179.32.8.191 - - [25/Mar/2016:09:49:52 -0500] "GET /galeria/galeria/jquery.fancybox.css?v=2.1.5 HTTP/1.1" 200 4895
179.32.8.191 - - [25/Mar/2016:09:49:52 -0500] "GET /BLA/boletinlegal/js/jquery.scrollShow.js HTTP/1.1" 200 4586
179.32.8.191 - - [25/Mar/2016:09:50:03 -0500] "GET /BLA/boletinlegal/js/jquery.scrollShow.js HTTP/1.1" 304 -
179.32.8.191 - - [25/Mar/2016:09:50:03 -0500] "GET /galeria/galeria/jquery.fancybox.js?v=2.1.5 HTTP/1.1" 304 -
179.32.8.191 - - [25/Mar/2016:09:50:03 -0500] "GET /galeria/galeria/jquery.fancybox.css?v=2.1.5 HTTP/1.1" 304 -
179.32.8.191 - - [25/Mar/2016:09:50:04 -0500] "GET /galeria/galeria/jquery.fancybox.css?v=2.1.5 HTTP/1.1" 200 4895
186.145.97.91 - - [25/Mar/2016:09:50:52 -0500] "POST /forms/lservlet;jsessionid=ac16012b30d662d6cc60af4946b59e389005b31d4099.e3iSbxaKaheRe3mSaNqNbNeNay1ynknvrkLOlQzNp65In0 HTTP/1.1" 200 2
190.255.133.229 - - [25/Mar/2016:09:51:12 -0500] "POST /forms/lservlet;jsessionid=ac16012b30d6b57254a5964c45fa9f198e7096723d67.e3iSbxaKaheRe3mSaNqNbNeNay1ynknvrkLOlQzNp65In0 HTTP/1.1" 200 2
66.249.64.243 - - [25/Mar/2016:09:51:14 -0500] "GET /galeria/nivo-slider/demo/images/BFebrero-mes-de-los-humedales.jpg HTTP/1.1" 304 -
190.25.169.14 - - [25/Mar/2016:09:51:29 -0500] "POST /forms/lservlet;jsessionid=ac16012b30d6d75d25b8fdb94215ababddad7b4deffa.e3iSbxaKaheRe3mSaNqNbNeNay1ynknvrkLOlQzNp65In0 HTTP/1.1" 200 2
66.249.64.106 - - [25/Mar/2016:09:51:34 -0500] "GET /BLA/resoluciones/RESOLUCIONES%202011/0747.pdf HTTP/1.1" 200 421152
181.253.67.7 - - [25/Mar/2016:09:51:43 -0500] "GET /galeria/galeria/jquery.fancybox.css?v=2.1.5 HTTP/1.1" 200 4895
181.253.67.7 - - [25/Mar/2016:09:51:43 -0500] "GET /galeria/carrusel/Carrusel/jquery.thumbnailScroller.css HTTP/1.1" 200 2066
181.253.67.7 - - [25/Mar/2016:09:51:43 -0500] "GET /BLA/boletinlegal/js/jquery.scrollShow.js HTTP/1.1" 200 4586
181.253.67.7 - - [25/Mar/2016:09:51:43 -0500] "GET /galeria/galeria/jquery.fancybox.js?v=2.1.5 HTTP/1.1" 200 48706
181.253.67.7 - - [25/Mar/2016:09:51:43 -0500] "GET /galeria/carrusel/Carrusel/jquery-ui-1.8.13.custom.min.js HTTP/1.1" 200 10800
181.253.67.7 - - [25/Mar/2016:09:51:43 -0500] "GET /galeria/carrusel/Carrusel/jquery.thumbnailScroller.js HTTP/1.1" 200 8157
181.253.67.7 - - [25/Mar/2016:09:51:44 -0500] "GET /galeria/nivo-slider/demo/demo.html HTTP/1.1" 200 4237
181.253.67.7 - - [25/Mar/2016:09:51:44 -0500] "GET /galeria/nivo-slider/themes/pascal/pascal.css HTTP/1.1" 200 2258
181.253.67.7 - - [25/Mar/2016:09:51:44 -0500] "GET /galeria/nivo-slider/themes/default/default.css HTTP/1.1" 200 1569
181.253.67.7 - - [25/Mar/2016:09:51:44 -0500] "GET /galeria/nivo-slider/demo/images/banner_decreto.png HTTP/1.1" 200 32523
181.253.67.7 - - [25/Mar/2016:09:51:44 -0500] "GET /galeria/nivo-slider/demo/style.css HTTP/1.1" 200 2222
181.253.67.7 - - [25/Mar/2016:09:51:44 -0500] "GET /galeria/nivo-slider/themes/orman/orman.css HTTP/1.1" 200 2152
181.253.67.7 - - [25/Mar/2016:09:51:44 -0500] "GET /galeria/nivo-slider/nivo-slider.css HTTP/1.1" 200 1507
181.253.67.7 - - [25/Mar/2016:09:51:45 -0500] "GET /galeria/nivo-slider/demo/scripts/jquery-1.7.1.min.js HTTP/1.1" 200 93868
181.253.67.7 - - [25/Mar/2016:09:51:45 -0500] "GET /galeria/nivo-slider/demo/images/Reconciliate-con-la-naturalez.jpg HTTP/1.1" 200 348334
181.253.67.7 - - [25/Mar/2016:09:51:45 -0500] "GET /galeria/nivo-slider/jquery.nivo.slider.pack.js HTTP/1.1" 200 11561
181.253.67.7 - - [25/Mar/2016:09:51:45 -0500] "GET /galeria/nivo-slider/demo/images/Banner_caminatas.jpg HTTP/1.1" 200 244095
181.253.67.7 - - [25/Mar/2016:09:51:45 -0500] "GET /galeria/nivo-slider/demo/images/encuentros_ciudadanos.jpg HTTP/1.1" 200 128337
181.253.67.7 - - [25/Mar/2016:09:51:45 -0500] "GET /galeria/nivo-slider/demo/images/4Simple_Slider.png HTTP/1.1" 200 11722
181.253.67.7 - - [25/Mar/2016:09:51:45 -0500] "GET /galeria/nivo-slider/demo/images/ecolecta2016.jpg HTTP/1.1" 200 147170
181.253.67.7 - - [25/Mar/2016:09:51:45 -0500] "GET /galeria/nivo-slider/themes/default/loading.gif HTTP/1.1" 200 1737
181.253.67.7 - - [25/Mar/2016:09:51:46 -0500] "GET /galeria/nivo-slider/demo/images/Baner-ACERCAR.jpg HTTP/1.1" 200 68021
181.253.67.7 - - [25/Mar/2016:09:51:46 -0500] "GET /galeria/nivo-slider/demo/images/Banner-Pread-2016.jpg HTTP/1.1" 200 130816
181.253.67.7 - - [25/Mar/2016:09:51:47 -0500] "GET /galeria/nivo-slider/demo/images/ABC-Plan-de-contigencia.jpg HTTP/1.1" 200 423901
181.253.67.7 - - [25/Mar/2016:09:51:47 -0500] "GET /galeria/nivo-slider/demo/images/banner-llantas2015.jpg HTTP/1.1" 200 268366
181.253.67.7 - - [25/Mar/2016:09:51:49 -0500] "GET /galeria/nivo-slider/demo/images/caminata-ecologica.jpg HTTP/1.1" 200 192926
181.253.67.7 - - [25/Mar/2016:09:51:50 -0500] "GET /galeria/nivo-slider/demo/images/Cmapana-onestidad.jpg HTTP/1.1" 200 141638
181.253.67.7 - - [25/Mar/2016:09:51:50 -0500] "GET /galeria/nivo-slider/demo/images/banner-llantas2.jpg HTTP/1.1" 200 234514
181.253.67.7 - - [25/Mar/2016:09:51:50 -0500] "GET /galeria/nivo-slider/demo/images/9Signos.jpg HTTP/1.1" 200 81776
181.253.67.7 - - [25/Mar/2016:09:51:51 -0500] "GET /galeria/nivo-slider/demo/images/Ruta-vertimientos-01.jpg HTTP/1.1" 200 130151
181.253.67.7 - - [25/Mar/2016:09:51:51 -0500] "GET /galeria/nivo-slider/demo/images/bolsas-06.jpg HTTP/1.1" 200 210950
190.250.48.106 - - [25/Mar/2016:09:51:52 -0500] "GET /galeria/galeria/jquery.fancybox.css?v=2.1.5 HTTP/1.1" 206 1
190.250.48.106 - - [25/Mar/2016:09:51:52 -0500] "GET /galeria/galeria/jquery.fancybox.css?v=2.1.5 HTTP/1.1" 206 801
157.55.39.29 - - [25/Mar/2016:09:52:04 -0500] "GET /galeria/galeria/jquery.fancybox.css?v=2.1.5 HTTP/1.1" 304 -
69.162.124.232 - - [25/Mar/2016:09:52:08 -0500] "HEAD / HTTP/1.1" 200 -
181.253.67.7 - - [25/Mar/2016:09:52:33 -0500] "GET /galeria/nivo-slider/themes/default/arrows.png HTTP/1.1" 200 824
181.253.67.7 - - [25/Mar/2016:09:52:33 -0500] "GET /galeria/nivo-slider/themes/default/bullets.png HTTP/1.1" 200 1281
190.250.48.106 - - [25/Mar/2016:09:52:33 -0500] "GET /galeria/galeria/jquery.fancybox.js?v=2.1.5 HTTP/1.1" 200 48706
186.145.97.91 - - [25/Mar/2016:09:52:52 -0500] "POST /forms/lservlet;jsessionid=ac16012b30d662d6cc60af4946b59e389005b31d4099.e3iSbxaKaheRe3mSaNqNbNeNay1ynknvrkLOlQzNp65In0 HTTP/1.1" 200 2
201.216.47.51 - - [25/Mar/2016:09:52:56 -0500] "GET /galeria/galeria/jquery.fancybox.css?v=2.1.5 HTTP/1.1" 200 4895
201.216.47.51 - - [25/Mar/2016:09:52:56 -0500] "GET /galeria/galeria/jquery.fancybox.js?v=2.1.5 HTTP/1.1" 200 48706
201.216.47.51 - - [25/Mar/2016:09:52:56 -0500] "GET /BLA/boletinlegal/js/jquery.scrollShow.js HTTP/1.1" 200 4586
190.255.133.229 - - [25/Mar/2016:09:53:12 -0500] "POST /forms/lservlet;jsessionid=ac16012b30d6b57254a5964c45fa9f198e7096723d67.e3iSbxaKaheRe3mSaNqNbNeNay1ynknvrkLOlQzNp65In0 HTTP/1.1" 200 2
66.249.64.101 - - [25/Mar/2016:09:53:14 -0500] "GET /BLA/resoluciones/RESOLUCIONES%202009/3377.pdf HTTP/1.1" 200 476141
186.145.97.91 - - [25/Mar/2016:09:53:20 -0500] "POST /forms/lservlet;jsessionid=ac16012b30d662d6cc60af4946b59e389005b31d4099.e3iSbxaKaheRe3mSaNqNbNeNay1ynknvrkLOlQzNp65In0 HTTP/1.1" 200 2326
186.145.97.91 - - [25/Mar/2016:09:53:21 -0500] "POST /forms/lservlet;jsessionid=ac16012b30d662d6cc60af4946b59e389005b31d4099.e3iSbxaKaheRe3mSaNqNbNeNay1ynknvrkLOlQzNp65In0 HTTP/1.1" 200 69
190.25.169.14 - - [25/Mar/2016:09:53:29 -0500] "POST /forms/lservlet;jsessionid=ac16012b30d6d75d25b8fdb94215ababddad7b4deffa.e3iSbxaKaheRe3mSaNqNbNeNay1ynknvrkLOlQzNp65In0 HTTP/1.1" 200 2
186.145.97.91 - - [25/Mar/2016:09:53:29 -0500] "POST /forms/lservlet;jsessionid=ac16012b30d662d6cc60af4946b59e389005b31d4099.e3iSbxaKaheRe3mSaNqNbNeNay1ynknvrkLOlQzNp65In0 HTTP/1.1" 200 24
186.145.97.91 - - [25/Mar/2016:09:53:29 -0500] "POST /forms/lservlet;jsessionid=ac16012b30d662d6cc60af4946b59e389005b31d4099.e3iSbxaKaheRe3mSaNqNbNeNay1ynknvrkLOlQzNp65In0 HTTP/1.1" 200 4095
186.145.97.91 - - [25/Mar/2016:09:53:30 -0500] "POST /forms/lservlet;jsessionid=ac16012b30d662d6cc60af4946b59e389005b31d4099.e3iSbxaKaheRe3mSaNqNbNeNay1ynknvrkLOlQzNp65In0 HTTP/1.1" 200 20
186.145.97.91 - - [25/Mar/2016:09:53:33 -0500] "POST /forms/lservlet;jsessionid=ac16012b30d662d6cc60af4946b59e389005b31d4099.e3iSbxaKaheRe3mSaNqNbNeNay1ynknvrkLOlQzNp65In0 HTTP/1.1" 200 2
186.145.97.91 - - [25/Mar/2016:09:53:34 -0500] "POST /forms/lservlet;jsessionid=ac16012b30d662d6cc60af4946b59e389005b31d4099.e3iSbxaKaheRe3mSaNqNbNeNay1ynknvrkLOlQzNp65In0 HTTP/1.1" 200 3229
186.145.97.91 - - [25/Mar/2016:09:53:34 -0500] "POST /forms/lservlet;jsessionid=ac16012b30d662d6cc60af4946b59e389005b31d4099.e3iSbxaKaheRe3mSaNqNbNeNay1ynknvrkLOlQzNp65In0 HTTP/1.1" 200 2
186.145.97.91 - - [25/Mar/2016:09:53:36 -0500] "POST /forms/lservlet;jsessionid=ac16012b30d662d6cc60af4946b59e389005b31d4099.e3iSbxaKaheRe3mSaNqNbNeNay1ynknvrkLOlQzNp65In0 HTTP/1.1" 200 2
186.145.97.91 - - [25/Mar/2016:09:53:36 -0500] "POST /forms/lservlet;jsessionid=ac16012b30d662d6cc60af4946b59e389005b31d4099.e3iSbxaKaheRe3mSaNqNbNeNay1ynknvrkLOlQzNp65In0 HTTP/1.1" 200 3536
186.145.97.91 - - [25/Mar/2016:09:53:36 -0500] "POST /forms/lservlet;jsessionid=ac16012b30d662d6cc60af4946b59e389005b31d4099.e3iSbxaKaheRe3mSaNqNbNeNay1ynknvrkLOlQzNp65In0 HTTP/1.1" 200 2
186.145.97.91 - - [25/Mar/2016:09:53:39 -0500] "POST /forms/lservlet;jsessionid=ac16012b30d662d6cc60af4946b59e389005b31d4099.e3iSbxaKaheRe3mSaNqNbNeNay1ynknvrkLOlQzNp65In0 HTTP/1.1" 200 99
186.145.97.91 - - [25/Mar/2016:09:53:44 -0500] "POST /forms/lservlet;jsessionid=ac16012b30d662d6cc60af4946b59e389005b31d4099.e3iSbxaKaheRe3mSaNqNbNeNay1ynknvrkLOlQzNp65In0 HTTP/1.1" 200 2
186.145.97.91 - - [25/Mar/2016:09:53:45 -0500] "POST /forms/lservlet;jsessionid=ac16012b30d662d6cc60af4946b59e389005b31d4099.e3iSbxaKaheRe3mSaNqNbNeNay1ynknvrkLOlQzNp65In0 HTTP/1.1" 200 14
186.145.97.91 - - [25/Mar/2016:09:53:46 -0500] "POST /forms/lservlet;jsessionid=ac16012b30d662d6cc60af4946b59e389005b31d4099.e3iSbxaKaheRe3mSaNqNbNeNay1ynknvrkLOlQzNp65In0 HTTP/1.1" 200 14
186.145.97.91 - - [25/Mar/2016:09:53:47 -0500] "POST /forms/lservlet;jsessionid=ac16012b30d662d6cc60af4946b59e389005b31d4099.e3iSbxaKaheRe3mSaNqNbNeNay1ynknvrkLOlQzNp65In0 HTTP/1.1" 200 14
40.77.167.31 - - [25/Mar/2016:09:53:48 -0500] "GET /galeria/galeria/jquery.fancybox.js?v=2.1.5 HTTP/1.1" 304 -
186.145.97.91 - - [25/Mar/2016:09:53:48 -0500] "POST /forms/lservlet;jsessionid=ac16012b30d662d6cc60af4946b59e389005b31d4099.e3iSbxaKaheRe3mSaNqNbNeNay1ynknvrkLOlQzNp65In0 HTTP/1.1" 200 131
186.145.97.91 - - [25/Mar/2016:09:53:48 -0500] "POST /forms/lservlet;jsessionid=ac16012b30d662d6cc60af4946b59e389005b31d4099.e3iSbxaKaheRe3mSaNqNbNeNay1ynknvrkLOlQzNp65In0 HTTP/1.1" 200 12
186.145.97.91 - - [25/Mar/2016:09:53:48 -0500] "GET /reports/rwservlet/getjobid373782?server=rep_srvapsda HTTP/1.1" 200 1838362
82.118.17.88 - - [25/Mar/2016:09:54:00 -0500] "GET /wp-admin/ HTTP/1.1" 404 1018
186.145.97.91 - - [25/Mar/2016:09:54:13 -0500] "POST /forms/lservlet;jsessionid=ac16012b30d662d6cc60af4946b59e389005b31d4099.e3iSbxaKaheRe3mSaNqNbNeNay1ynknvrkLOlQzNp65In0 HTTP/1.1" 200 2
186.145.97.91 - - [25/Mar/2016:09:54:13 -0500] "POST /forms/lservlet;jsessionid=ac16012b30d662d6cc60af4946b59e389005b31d4099.e3iSbxaKaheRe3mSaNqNbNeNay1ynknvrkLOlQzNp65In0 HTTP/1.1" 200 3631
186.145.97.91 - - [25/Mar/2016:09:54:14 -0500] "POST /forms/lservlet;jsessionid=ac16012b30d662d6cc60af4946b59e389005b31d4099.e3iSbxaKaheRe3mSaNqNbNeNay1ynknvrkLOlQzNp65In0 HTTP/1.1" 200 20
179.32.83.236 - - [25/Mar/2016:09:54:17 -0500] "GET /BLA/boletinlegal/js/jquery.scrollShow.js HTTP/1.1" 200 4586
179.32.83.236 - - [25/Mar/2016:09:54:17 -0500] "GET /galeria/galeria/jquery.fancybox.js?v=2.1.5 HTTP/1.1" 200 48706
179.32.83.236 - - [25/Mar/2016:09:54:17 -0500] "GET /galeria/galeria/jquery.fancybox.css?v=2.1.5 HTTP/1.1" 200 4895
179.32.83.236 - - [25/Mar/2016:09:54:17 -0500] "GET /galeria/carrusel/Carrusel/jquery-ui-1.8.13.custom.min.js HTTP/1.1" 200 10800
179.32.83.236 - - [25/Mar/2016:09:54:17 -0500] "GET /galeria/carrusel/Carrusel/jquery.thumbnailScroller.css HTTP/1.1" 200 2066
179.32.83.236 - - [25/Mar/2016:09:54:17 -0500] "GET /galeria/carrusel/Carrusel/jquery.thumbnailScroller.js HTTP/1.1" 200 8157
186.145.97.91 - - [25/Mar/2016:09:54:17 -0500] "POST /forms/lservlet;jsessionid=ac16012b30d662d6cc60af4946b59e389005b31d4099.e3iSbxaKaheRe3mSaNqNbNeNay1ynknvrkLOlQzNp65In0 HTTP/1.1" 200 73
179.32.83.236 - - [25/Mar/2016:09:54:19 -0500] "GET /galeria/nivo-slider/demo/demo.html HTTP/1.1" 200 4237
179.32.83.236 - - [25/Mar/2016:09:54:19 -0500] "GET /galeria/nivo-slider/themes/default/default.css HTTP/1.1" 200 1569
179.32.83.236 - - [25/Mar/2016:09:54:19 -0500] "GET /galeria/nivo-slider/themes/pascal/pascal.css HTTP/1.1" 200 2258
179.32.83.236 - - [25/Mar/2016:09:54:19 -0500] "GET /galeria/nivo-slider/themes/orman/orman.css HTTP/1.1" 200 2152
179.32.83.236 - - [25/Mar/2016:09:54:19 -0500] "GET /galeria/nivo-slider/nivo-slider.css HTTP/1.1" 200 1507
179.32.83.236 - - [25/Mar/2016:09:54:19 -0500] "GET /galeria/nivo-slider/demo/style.css HTTP/1.1" 200 2222
179.32.83.236 - - [25/Mar/2016:09:54:19 -0500] "GET /galeria/nivo-slider/demo/images/banner_decreto.png HTTP/1.1" 200 32523
179.32.83.236 - - [25/Mar/2016:09:54:19 -0500] "GET /galeria/nivo-slider/demo/images/Banner_caminatas.jpg HTTP/1.1" 200 244095
179.32.83.236 - - [25/Mar/2016:09:54:19 -0500] "GET /galeria/nivo-slider/demo/images/Reconciliate-con-la-naturalez.jpg HTTP/1.1" 200 348334
179.32.83.236 - - [25/Mar/2016:09:54:19 -0500] "GET /galeria/nivo-slider/demo/images/encuentros_ciudadanos.jpg HTTP/1.1" 200 128337
179.32.83.236 - - [25/Mar/2016:09:54:19 -0500] "GET /galeria/nivo-slider/demo/images/ecolecta2016.jpg HTTP/1.1" 200 147170
179.32.83.236 - - [25/Mar/2016:09:54:19 -0500] "GET /galeria/nivo-slider/demo/images/Baner-ACERCAR.jpg HTTP/1.1" 200 68021
179.32.83.236 - - [25/Mar/2016:09:54:21 -0500] "GET /galeria/nivo-slider/demo/images/Banner-Pread-2016.jpg HTTP/1.1" 200 130816
179.32.83.236 - - [25/Mar/2016:09:54:24 -0500] "GET /galeria/nivo-slider/demo/images/9Signos.jpg HTTP/1.1" 200 81776
179.32.83.236 - - [25/Mar/2016:09:54:24 -0500] "GET /galeria/nivo-slider/demo/images/banner-llantas2.jpg HTTP/1.1" 200 234514
179.32.83.236 - - [25/Mar/2016:09:54:24 -0500] "GET /galeria/nivo-slider/demo/images/caminata-ecologica.jpg HTTP/1.1" 200 192926
186.145.97.91 - - [25/Mar/2016:09:54:24 -0500] "POST /forms/lservlet;jsessionid=ac16012b30d662d6cc60af4946b59e389005b31d4099.e3iSbxaKaheRe3mSaNqNbNeNay1ynknvrkLOlQzNp65In0 HTTP/1.1" 200 2
179.32.83.236 - - [25/Mar/2016:09:54:25 -0500] "GET /galeria/nivo-slider/demo/images/Ruta-vertimientos-01.jpg HTTP/1.1" 200 130151
179.32.83.236 - - [25/Mar/2016:09:54:25 -0500] "GET /galeria/nivo-slider/demo/images/4Simple_Slider.png HTTP/1.1" 200 11722
179.32.83.236 - - [25/Mar/2016:09:54:25 -0500] "GET /galeria/nivo-slider/demo/scripts/jquery-1.7.1.min.js HTTP/1.1" 200 93868
179.32.83.236 - - [25/Mar/2016:09:54:25 -0500] "GET /galeria/nivo-slider/demo/images/Cmapana-onestidad.jpg HTTP/1.1" 200 141638
179.32.83.236 - - [25/Mar/2016:09:54:25 -0500] "GET /galeria/nivo-slider/demo/images/ABC-Plan-de-contigencia.jpg HTTP/1.1" 200 423901
186.145.97.91 - - [25/Mar/2016:09:54:25 -0500] "POST /forms/lservlet;jsessionid=ac16012b30d662d6cc60af4946b59e389005b31d4099.e3iSbxaKaheRe3mSaNqNbNeNay1ynknvrkLOlQzNp65In0 HTTP/1.1" 200 14
179.32.83.236 - - [25/Mar/2016:09:54:26 -0500] "GET /galeria/nivo-slider/themes/default/loading.gif HTTP/1.1" 200 1737
179.32.83.236 - - [25/Mar/2016:09:54:26 -0500] "GET /galeria/nivo-slider/demo/images/bolsas-06.jpg HTTP/1.1" 200 210950
179.32.83.236 - - [25/Mar/2016:09:54:26 -0500] "GET /galeria/nivo-slider/jquery.nivo.slider.pack.js HTTP/1.1" 200 11561
186.145.97.91 - - [25/Mar/2016:09:54:26 -0500] "POST /forms/lservlet;jsessionid=ac16012b30d662d6cc60af4946b59e389005b31d4099.e3iSbxaKaheRe3mSaNqNbNeNay1ynknvrkLOlQzNp65In0 HTTP/1.1" 200 14
179.32.83.236 - - [25/Mar/2016:09:54:27 -0500] "GET /galeria/nivo-slider/demo/images/banner-llantas2015.jpg HTTP/1.1" 200 268366
186.145.97.91 - - [25/Mar/2016:09:54:27 -0500] "POST /forms/lservlet;jsessionid=ac16012b30d662d6cc60af4946b59e389005b31d4099.e3iSbxaKaheRe3mSaNqNbNeNay1ynknvrkLOlQzNp65In0 HTTP/1.1" 200 14
186.145.97.91 - - [25/Mar/2016:09:54:28 -0500] "POST /forms/lservlet;jsessionid=ac16012b30d662d6cc60af4946b59e389005b31d4099.e3iSbxaKaheRe3mSaNqNbNeNay1ynknvrkLOlQzNp65In0 HTTP/1.1" 200 14
179.32.83.236 - - [25/Mar/2016:09:54:29 -0500] "GET /galeria/nivo-slider/themes/default/arrows.png HTTP/1.1" 200 824
179.32.83.236 - - [25/Mar/2016:09:54:29 -0500] "GET /galeria/nivo-slider/themes/default/bullets.png HTTP/1.1" 200 1281
186.145.97.91 - - [25/Mar/2016:09:54:30 -0500] "POST /forms/lservlet;jsessionid=ac16012b30d662d6cc60af4946b59e389005b31d4099.e3iSbxaKaheRe3mSaNqNbNeNay1ynknvrkLOlQzNp65In0 HTTP/1.1" 200 15
186.145.97.91 - - [25/Mar/2016:09:54:33 -0500] "POST /forms/lservlet;jsessionid=ac16012b30d662d6cc60af4946b59e389005b31d4099.e3iSbxaKaheRe3mSaNqNbNeNay1ynknvrkLOlQzNp65In0 HTTP/1.1" 200 112
186.145.97.91 - - [25/Mar/2016:09:54:33 -0500] "POST /forms/lservlet;jsessionid=ac16012b30d662d6cc60af4946b59e389005b31d4099.e3iSbxaKaheRe3mSaNqNbNeNay1ynknvrkLOlQzNp65In0 HTTP/1.1" 200 12
186.147.143.40 - - [25/Mar/2016:09:54:40 -0500] "GET /BLA/boletinlegal/js/jquery.scrollShow.js HTTP/1.1" 200 4586
186.147.143.40 - - [25/Mar/2016:09:54:40 -0500] "GET /galeria/galeria/jquery.fancybox.js?v=2.1.5 HTTP/1.1" 200 48706
186.147.143.40 - - [25/Mar/2016:09:54:40 -0500] "GET /galeria/galeria/jquery.fancybox.css?v=2.1.5 HTTP/1.1" 200 4895
190.71.174.176 - - [25/Mar/2016:09:54:42 -0500] "GET /galeria/galeria/fotos/1humedal-Burro1G.jpg HTTP/1.1" 200 132804
186.145.97.91 - - [25/Mar/2016:09:54:33 -0500] "GET /reports/rwservlet/getjobid373783?server=rep_srvapsda HTTP/1.1" 200 9856976
186.145.97.91 - - [25/Mar/2016:09:54:52 -0500] "POST /forms/lservlet;jsessionid=ac16012b30d662d6cc60af4946b59e389005b31d4099.e3iSbxaKaheRe3mSaNqNbNeNay1ynknvrkLOlQzNp65In0 HTTP/1.1" 200 2
186.147.143.40 - - [25/Mar/2016:09:54:57 -0500] "GET /BLA/boletinlegal/js/jquery.scrollShow.js HTTP/1.1" 304 -
186.147.143.40 - - [25/Mar/2016:09:54:57 -0500] "GET /galeria/galeria/jquery.fancybox.js?v=2.1.5 HTTP/1.1" 304 -
186.147.143.40 - - [25/Mar/2016:09:54:57 -0500] "GET /galeria/galeria/jquery.fancybox.css?v=2.1.5 HTTP/1.1" 304 -
62.210.185.3 - - [25/Mar/2016:09:55:03 -0500] "GET /blog/wp-admin/ HTTP/1.1" 404 1018
190.255.133.229 - - [25/Mar/2016:09:55:13 -0500] "POST /forms/lservlet;jsessionid=ac16012b30d6b57254a5964c45fa9f198e7096723d67.e3iSbxaKaheRe3mSaNqNbNeNay1ynknvrkLOlQzNp65In0 HTTP/1.1" 200 2
186.145.113.100 - - [25/Mar/2016:09:55:20 -0500] "GET /BLA/boletinlegal/js/jquery.scrollShow.js HTTP/1.1" 200 4586
186.145.113.100 - - [25/Mar/2016:09:55:20 -0500] "GET /galeria/galeria/jquery.fancybox.css?v=2.1.5 HTTP/1.1" 200 4895
186.145.113.100 - - [25/Mar/2016:09:55:20 -0500] "GET /galeria/galeria/jquery.fancybox.js?v=2.1.5 HTTP/1.1" 200 48706
66.249.64.106 - - [25/Mar/2016:09:55:21 -0500] "GET /BLA/resoluciones/RESOLUCIONES%202011/5637.pdf HTTP/1.1" 200 1023681
190.25.169.14 - - [25/Mar/2016:09:55:29 -0500] "POST /forms/lservlet;jsessionid=ac16012b30d6d75d25b8fdb94215ababddad7b4deffa.e3iSbxaKaheRe3mSaNqNbNeNay1ynknvrkLOlQzNp65In0 HTTP/1.1" 200 2
186.145.113.100 - - [25/Mar/2016:09:55:30 -0500] "GET /BLA/boletinlegal/js/jquery.scrollShow.js HTTP/1.1" 304 -
186.145.113.100 - - [25/Mar/2016:09:55:30 -0500] "GET /galeria/galeria/jquery.fancybox.css?v=2.1.5 HTTP/1.1" 304 -
186.145.113.100 - - [25/Mar/2016:09:55:30 -0500] "GET /galeria/galeria/jquery.fancybox.js?v=2.1.5 HTTP/1.1" 304 -
151.80.31.161 - - [25/Mar/2016:09:56:28 -0500] "GET /BLA/resoluciones/AUTOS%202006/AUTOS%202006%20101-200/00000193.tif HTTP/1.1" 200 52708
66.249.64.106 - - [25/Mar/2016:09:56:46 -0500] "GET /BLA/resoluciones/RESOLUCIONES%202009/6186.pdf HTTP/1.1" 200 702492
186.145.97.91 - - [25/Mar/2016:09:56:52 -0500] "POST /forms/lservlet;jsessionid=ac16012b30d662d6cc60af4946b59e389005b31d4099.e3iSbxaKaheRe3mSaNqNbNeNay1ynknvrkLOlQzNp65In0 HTTP/1.1" 200 2
186.145.97.91 - - [25/Mar/2016:09:56:52 -0500] "POST /forms/lservlet;jsessionid=ac16012b30d662d6cc60af4946b59e389005b31d4099.e3iSbxaKaheRe3mSaNqNbNeNay1ynknvrkLOlQzNp65In0 HTTP/1.1" 200 3142
186.145.97.91 - - [25/Mar/2016:09:56:52 -0500] "POST /forms/lservlet;jsessionid=ac16012b30d662d6cc60af4946b59e389005b31d4099.e3iSbxaKaheRe3mSaNqNbNeNay1ynknvrkLOlQzNp65In0 HTTP/1.1" 200 20
186.145.97.91 - - [25/Mar/2016:09:57:00 -0500] "POST /forms/lservlet;jsessionid=ac16012b30d662d6cc60af4946b59e389005b31d4099.e3iSbxaKaheRe3mSaNqNbNeNay1ynknvrkLOlQzNp65In0 HTTP/1.1" 200 2
186.145.97.91 - - [25/Mar/2016:09:57:00 -0500] "POST /forms/lservlet;jsessionid=ac16012b30d662d6cc60af4946b59e389005b31d4099.e3iSbxaKaheRe3mSaNqNbNeNay1ynknvrkLOlQzNp65In0 HTTP/1.1" 200 111
186.145.97.91 - - [25/Mar/2016:09:57:01 -0500] "POST /forms/lservlet;jsessionid=ac16012b30d662d6cc60af4946b59e389005b31d4099.e3iSbxaKaheRe3mSaNqNbNeNay1ynknvrkLOlQzNp65In0 HTTP/1.1" 200 2
186.145.97.91 - - [25/Mar/2016:09:57:01 -0500] "GET /reports/rwservlet/getjobid373784?server=rep_srvapsda HTTP/1.1" 200 561148
69.162.124.232 - - [25/Mar/2016:09:57:08 -0500] "HEAD / HTTP/1.1" 200 -
66.249.64.101 - - [25/Mar/2016:09:57:09 -0500] "GET /BLA/boletinlegal/js/jquery.scrollShow.js HTTP/1.1" 200 4586
66.249.64.96 - - [25/Mar/2016:09:57:09 -0500] "GET /galeria/galeria/jquery.fancybox.css?v=2.1.5 HTTP/1.1" 200 4895
66.249.64.101 - - [25/Mar/2016:09:57:11 -0500] "GET /galeria/galeria/jquery.fancybox.js?v=2.1.5 HTTP/1.1" 200 48706
190.255.133.229 - - [25/Mar/2016:09:57:13 -0500] "POST /forms/lservlet;jsessionid=ac16012b30d6b57254a5964c45fa9f198e7096723d67.e3iSbxaKaheRe3mSaNqNbNeNay1ynknvrkLOlQzNp65In0 HTTP/1.1" 200 2
186.145.97.91 - - [25/Mar/2016:09:57:24 -0500] "POST /forms/lservlet;jsessionid=ac16012b30d662d6cc60af4946b59e389005b31d4099.e3iSbxaKaheRe3mSaNqNbNeNay1ynknvrkLOlQzNp65In0 HTTP/1.1" 200 2
186.145.97.91 - - [25/Mar/2016:09:57:24 -0500] "POST /forms/lservlet;jsessionid=ac16012b30d662d6cc60af4946b59e389005b31d4099.e3iSbxaKaheRe3mSaNqNbNeNay1ynknvrkLOlQzNp65In0 HTTP/1.1" 200 2631
186.145.97.91 - - [25/Mar/2016:09:57:24 -0500] "POST /forms/lservlet;jsessionid=ac16012b30d662d6cc60af4946b59e389005b31d4099.e3iSbxaKaheRe3mSaNqNbNeNay1ynknvrkLOlQzNp65In0 HTTP/1.1" 200 2
186.145.97.91 - - [25/Mar/2016:09:57:27 -0500] "POST /forms/lservlet;jsessionid=ac16012b30d662d6cc60af4946b59e389005b31d4099.e3iSbxaKaheRe3mSaNqNbNeNay1ynknvrkLOlQzNp65In0 HTTP/1.1" 200 2
186.145.97.91 - - [25/Mar/2016:09:57:27 -0500] "POST /forms/lservlet;jsessionid=ac16012b30d662d6cc60af4946b59e389005b31d4099.e3iSbxaKaheRe3mSaNqNbNeNay1ynknvrkLOlQzNp65In0 HTTP/1.1" 200 112
186.145.97.91 - - [25/Mar/2016:09:57:27 -0500] "POST /forms/lservlet;jsessionid=ac16012b30d662d6cc60af4946b59e389005b31d4099.e3iSbxaKaheRe3mSaNqNbNeNay1ynknvrkLOlQzNp65In0 HTTP/1.1" 200 2
186.145.97.91 - - [25/Mar/2016:09:57:27 -0500] "GET /reports/rwservlet/getjobid373785?server=rep_srvapsda HTTP/1.1" 200 314306
190.25.169.14 - - [25/Mar/2016:09:57:29 -0500] "POST /forms/lservlet;jsessionid=ac16012b30d6d75d25b8fdb94215ababddad7b4deffa.e3iSbxaKaheRe3mSaNqNbNeNay1ynknvrkLOlQzNp65In0 HTTP/1.1" 200 2
186.145.97.91 - - [25/Mar/2016:09:57:40 -0500] "POST /forms/lservlet;jsessionid=ac16012b30d662d6cc60af4946b59e389005b31d4099.e3iSbxaKaheRe3mSaNqNbNeNay1ynknvrkLOlQzNp65In0 HTTP/1.1" 200 2
186.145.97.91 - - [25/Mar/2016:09:57:40 -0500] "POST /forms/lservlet;jsessionid=ac16012b30d662d6cc60af4946b59e389005b31d4099.e3iSbxaKaheRe3mSaNqNbNeNay1ynknvrkLOlQzNp65In0 HTTP/1.1" 200 3517
186.145.97.91 - - [25/Mar/2016:09:57:40 -0500] "POST /forms/lservlet;jsessionid=ac16012b30d662d6cc60af4946b59e389005b31d4099.e3iSbxaKaheRe3mSaNqNbNeNay1ynknvrkLOlQzNp65In0 HTTP/1.1" 200 2
186.145.97.91 - - [25/Mar/2016:09:57:46 -0500] "POST /forms/lservlet;jsessionid=ac16012b30d662d6cc60af4946b59e389005b31d4099.e3iSbxaKaheRe3mSaNqNbNeNay1ynknvrkLOlQzNp65In0 HTTP/1.1" 200 99
186.145.97.91 - - [25/Mar/2016:09:57:49 -0500] "POST /forms/lservlet;jsessionid=ac16012b30d662d6cc60af4946b59e389005b31d4099.e3iSbxaKaheRe3mSaNqNbNeNay1ynknvrkLOlQzNp65In0 HTTP/1.1" 200 2
186.145.97.91 - - [25/Mar/2016:09:57:49 -0500] "POST /forms/lservlet;jsessionid=ac16012b30d662d6cc60af4946b59e389005b31d4099.e3iSbxaKaheRe3mSaNqNbNeNay1ynknvrkLOlQzNp65In0 HTTP/1.1" 200 14
186.145.97.91 - - [25/Mar/2016:09:57:51 -0500] "POST /forms/lservlet;jsessionid=ac16012b30d662d6cc60af4946b59e389005b31d4099.e3iSbxaKaheRe3mSaNqNbNeNay1ynknvrkLOlQzNp65In0 HTTP/1.1" 200 14
186.145.97.91 - - [25/Mar/2016:09:57:52 -0500] "POST /forms/lservlet;jsessionid=ac16012b30d662d6cc60af4946b59e389005b31d4099.e3iSbxaKaheRe3mSaNqNbNeNay1ynknvrkLOlQzNp65In0 HTTP/1.1" 200 14
186.145.97.91 - - [25/Mar/2016:09:57:53 -0500] "POST /forms/lservlet;jsessionid=ac16012b30d662d6cc60af4946b59e389005b31d4099.e3iSbxaKaheRe3mSaNqNbNeNay1ynknvrkLOlQzNp65In0 HTTP/1.1" 200 14
186.145.97.91 - - [25/Mar/2016:09:57:55 -0500] "POST /forms/lservlet;jsessionid=ac16012b30d662d6cc60af4946b59e389005b31d4099.e3iSbxaKaheRe3mSaNqNbNeNay1ynknvrkLOlQzNp65In0 HTTP/1.1" 200 15
186.145.97.91 - - [25/Mar/2016:09:57:58 -0500] "POST /forms/lservlet;jsessionid=ac16012b30d662d6cc60af4946b59e389005b31d4099.e3iSbxaKaheRe3mSaNqNbNeNay1ynknvrkLOlQzNp65In0 HTTP/1.1" 200 15
186.145.97.91 - - [25/Mar/2016:09:58:02 -0500] "POST /forms/lservlet;jsessionid=ac16012b30d662d6cc60af4946b59e389005b31d4099.e3iSbxaKaheRe3mSaNqNbNeNay1ynknvrkLOlQzNp65In0 HTTP/1.1" 200 15
186.145.97.91 - - [25/Mar/2016:09:58:09 -0500] "POST /forms/lservlet;jsessionid=ac16012b30d662d6cc60af4946b59e389005b31d4099.e3iSbxaKaheRe3mSaNqNbNeNay1ynknvrkLOlQzNp65In0 HTTP/1.1" 200 112
186.145.97.91 - - [25/Mar/2016:09:58:09 -0500] "POST /forms/lservlet;jsessionid=ac16012b30d662d6cc60af4946b59e389005b31d4099.e3iSbxaKaheRe3mSaNqNbNeNay1ynknvrkLOlQzNp65In0 HTTP/1.1" 200 12
186.80.210.224 - - [25/Mar/2016:09:58:37 -0500] "GET /BLA/boletinlegal/js/jquery.scrollShow.js HTTP/1.1" 200 4586
186.80.210.224 - - [25/Mar/2016:09:58:37 -0500] "GET /galeria/galeria/jquery.fancybox.js?v=2.1.5 HTTP/1.1" 200 48706
186.80.210.224 - - [25/Mar/2016:09:58:37 -0500] "GET /galeria/galeria/jquery.fancybox.css?v=2.1.5 HTTP/1.1" 200 4895
186.80.210.224 - - [25/Mar/2016:09:58:37 -0500] "GET /BLA/boletinlegal/images/pdf.gif HTTP/1.1" 200 567
186.80.210.224 - - [25/Mar/2016:09:58:37 -0500] "GET /BLA/boletinlegal/images/video.png HTTP/1.1" 200 57565
186.30.141.183 - - [25/Mar/2016:09:58:41 -0500] "GET /BLA/resoluciones/AUTOS%202013/0745.pdf HTTP/1.1" 200 1623901
186.30.141.183 - - [25/Mar/2016:09:58:43 -0500] "GET /BLA/resoluciones/AUTOS%202013/0745.pdf HTTP/1.1" 206 1615775
186.145.97.91 - - [25/Mar/2016:09:58:09 -0500] "GET /reports/rwservlet/getjobid373786?server=rep_srvapsda HTTP/1.1" 200 35857263
186.145.97.91 - - [25/Mar/2016:09:58:52 -0500] "POST /forms/lservlet;jsessionid=ac16012b30d662d6cc60af4946b59e389005b31d4099.e3iSbxaKaheRe3mSaNqNbNeNay1ynknvrkLOlQzNp65In0 HTTP/1.1" 200 2
190.156.140.218 - - [25/Mar/2016:09:59:00 -0500] "GET /BLA/boletinlegal/js/jquery.scrollShow.js HTTP/1.1" 200 4586
190.156.140.218 - - [25/Mar/2016:09:59:00 -0500] "GET /galeria/galeria/jquery.fancybox.css?v=2.1.5 HTTP/1.1" 200 4895
190.156.140.218 - - [25/Mar/2016:09:59:00 -0500] "GET /galeria/galeria/jquery.fancybox.js?v=2.1.5 HTTP/1.1" 200 48706
190.156.140.218 - - [25/Mar/2016:09:59:04 -0500] "GET /galeria/galeria/jquery.fancybox.css?v=2.1.5 HTTP/1.1" 304 -
190.156.140.218 - - [25/Mar/2016:09:59:04 -0500] "GET /BLA/boletinlegal/js/jquery.scrollShow.js HTTP/1.1" 304 -
190.156.140.218 - - [25/Mar/2016:09:59:04 -0500] "GET /galeria/galeria/jquery.fancybox.js?v=2.1.5 HTTP/1.1" 304 -
66.249.64.106 - - [25/Mar/2016:09:59:12 -0500] "GET /BLA/resoluciones/RESOLUCIONES%202012/1757.pdf HTTP/1.1" 200 524113
190.255.133.229 - - [25/Mar/2016:09:59:13 -0500] "POST /forms/lservlet;jsessionid=ac16012b30d6b57254a5964c45fa9f198e7096723d67.e3iSbxaKaheRe3mSaNqNbNeNay1ynknvrkLOlQzNp65In0 HTTP/1.1" 200 2
190.25.169.14 - - [25/Mar/2016:09:59:29 -0500] "POST /forms/lservlet;jsessionid=ac16012b30d6d75d25b8fdb94215ababddad7b4deffa.e3iSbxaKaheRe3mSaNqNbNeNay1ynknvrkLOlQzNp65In0 HTTP/1.1" 200 2
151.80.31.100 - - [25/Mar/2016:10:00:04 -0500] "GET /BLA/resoluciones/RESOLUCIONES%202006/RES%202006%201701-1751/00001701.tif HTTP/1.1" 200 136190
186.30.141.183 - - [25/Mar/2016:10:00:12 -0500] "GET /BLA/resoluciones/AUTOS%202013/0223.pdf HTTP/1.1" 200 1524770
186.30.141.183 - - [25/Mar/2016:10:00:14 -0500] "GET /BLA/resoluciones/AUTOS%202013/0223.pdf HTTP/1.1" 206 1495644
40.77.167.92 - - [25/Mar/2016:09:59:23 -0500] "GET /BLA/boletinlegal/index.php HTTP/1.1" 200 51284
66.249.64.96 - - [25/Mar/2016:10:00:17 -0500] "GET /BLA/resoluciones/RESOLUCIONES%202013/0025.pdf HTTP/1.1" 304 -
190.69.222.40 - - [25/Mar/2016:10:00:33 -0500] "GET /galeria/galeria/fotos/GuaymaralTorca3G.jpg HTTP/1.1" 200 330310
190.66.101.73 - - [25/Mar/2016:10:00:50 -0500] "GET /desprendiblespago/controlador HTTP/1.1" 200 2321
190.66.101.73 - - [25/Mar/2016:10:00:50 -0500] "GET /desprendiblespago/css/estilos.css HTTP/1.1" 200 3850
190.66.101.73 - - [25/Mar/2016:10:00:50 -0500] "GET /desprendiblespago/scripts/validarIngreso.js HTTP/1.1" 200 851
190.66.101.73 - - [25/Mar/2016:10:00:50 -0500] "GET /desprendiblespago/images/cabezoteHojaVida.jpg HTTP/1.1" 200 8386
190.66.101.73 - - [25/Mar/2016:10:00:50 -0500] "GET /desprendiblespago/images/logo_bogota_p.jpg HTTP/1.1" 200 48415
190.66.101.73 - - [25/Mar/2016:10:00:50 -0500] "GET /favicon.ico HTTP/1.1" 200 7782
186.145.97.91 - - [25/Mar/2016:10:00:52 -0500] "POST /forms/lservlet;jsessionid=ac16012b30d662d6cc60af4946b59e389005b31d4099.e3iSbxaKaheRe3mSaNqNbNeNay1ynknvrkLOlQzNp65In0 HTTP/1.1" 200 2
190.255.133.229 - - [25/Mar/2016:10:01:13 -0500] "POST /forms/lservlet;jsessionid=ac16012b30d6b57254a5964c45fa9f198e7096723d67.e3iSbxaKaheRe3mSaNqNbNeNay1ynknvrkLOlQzNp65In0 HTTP/1.1" 200 2
190.66.101.73 - - [25/Mar/2016:10:01:20 -0500] "POST /desprendiblespago/controlador HTTP/1.1" 200 5345
190.66.101.73 - - [25/Mar/2016:10:01:25 -0500] "POST /desprendiblespago/controlador HTTP/1.1" 200 6627
190.66.101.73 - - [25/Mar/2016:10:01:28 -0500] "POST /desprendiblespago/controlador HTTP/1.1" 200 10972
190.25.169.14 - - [25/Mar/2016:10:01:29 -0500] "POST /forms/lservlet;jsessionid=ac16012b30d6d75d25b8fdb94215ababddad7b4deffa.e3iSbxaKaheRe3mSaNqNbNeNay1ynknvrkLOlQzNp65In0 HTTP/1.1" 200 2
186.80.12.133 - - [25/Mar/2016:10:01:55 -0500] "GET /BLA/boletinlegal/js/jquery.scrollShow.js HTTP/1.1" 200 4586
186.80.12.133 - - [25/Mar/2016:10:01:55 -0500] "GET /galeria/galeria/jquery.fancybox.js?v=2.1.5 HTTP/1.1" 200 48706
186.80.12.133 - - [25/Mar/2016:10:01:55 -0500] "GET /galeria/galeria/jquery.fancybox.css?v=2.1.5 HTTP/1.1" 200 4895
