200.118.122.97 - - [08/Apr/2016:09:00:32 -0500] "GET /galeria/nivo-slider/demo/images/banner_decreto.png HTTP/1.1" 200 32523
200.118.122.97 - - [08/Apr/2016:09:00:32 -0500] "GET /galeria/nivo-slider/demo/images/ABC-Plan-de-contigencia.jpg HTTP/1.1" 200 423901
200.118.122.97 - - [08/Apr/2016:09:00:32 -0500] "GET /galeria/nivo-slider/demo/images/ecolecta2016.jpg HTTP/1.1" 200 147170
200.118.122.97 - - [08/Apr/2016:09:00:32 -0500] "GET /galeria/nivo-slider/demo/images/banner-llantas2015.jpg HTTP/1.1" 200 268366
200.118.122.97 - - [08/Apr/2016:09:00:32 -0500] "GET /galeria/nivo-slider/demo/images/caminata-ecologica.jpg HTTP/1.1" 200 192926
200.118.122.97 - - [08/Apr/2016:09:00:32 -0500] "GET /galeria/nivo-slider/demo/images/Cmapana-onestidad.jpg HTTP/1.1" 200 141638
200.118.122.97 - - [08/Apr/2016:09:00:33 -0500] "GET /galeria/nivo-slider/demo/images/banner-llantas2.jpg HTTP/1.1" 200 234514
200.118.122.97 - - [08/Apr/2016:09:00:33 -0500] "GET /galeria/nivo-slider/demo/images/9Signos.jpg HTTP/1.1" 200 81776
200.118.122.97 - - [08/Apr/2016:09:00:33 -0500] "GET /galeria/nivo-slider/demo/images/Ruta-vertimientos-01.jpg HTTP/1.1" 200 130151
200.118.122.97 - - [08/Apr/2016:09:00:33 -0500] "GET /galeria/nivo-slider/demo/images/bolsas-06.jpg HTTP/1.1" 200 210950
66.249.64.96 - - [08/Apr/2016:09:00:34 -0500] "GET /BLA/resoluciones/RESOLUCIONES%202013/1138.pdf HTTP/1.1" 304 -
200.118.122.97 - - [08/Apr/2016:09:00:34 -0500] "GET /galeria/nivo-slider/demo/images/4Simple_Slider.png HTTP/1.1" 200 11722
200.118.122.97 - - [08/Apr/2016:09:00:34 -0500] "GET /galeria/nivo-slider/themes/default/loading.gif HTTP/1.1" 200 1737
186.145.97.91 - - [08/Apr/2016:09:00:38 -0500] "GET /forms/frmservlet?config=sia HTTP/1.1" 200 4070
168.176.239.35 - - [08/Apr/2016:09:00:39 -0500] "GET /BLA/boletinlegal/js/jquery.scrollShow.js HTTP/1.1" 304 -
168.176.239.31 - - [08/Apr/2016:09:00:39 -0500] "GET /galeria/galeria/jquery.fancybox.css?v=2.1.5 HTTP/1.1" 304 -
168.176.239.31 - - [08/Apr/2016:09:00:39 -0500] "GET /galeria/galeria/jquery.fancybox.js?v=2.1.5 HTTP/1.1" 304 -
186.145.97.91 - - [08/Apr/2016:09:00:42 -0500] "GET /forms/java/frmall_jinit.jar HTTP/1.1" 304 -
186.145.97.91 - - [08/Apr/2016:09:00:42 -0500] "GET /forms/java/icons.jar HTTP/1.1" 304 -
186.145.97.91 - - [08/Apr/2016:09:00:42 -0500] "GET /forms/java/java/awt/KeyboardFocusManager.class HTTP/1.1" 404 352
186.145.97.91 - - [08/Apr/2016:09:00:42 -0500] "GET /forms/java/java/awt/KeyboardFocusManager.class HTTP/1.1" 404 352
186.145.97.91 - - [08/Apr/2016:09:00:43 -0500] "GET /forms/java/java/awt/event/MouseWheelListener.class HTTP/1.1" 404 356
186.145.97.91 - - [08/Apr/2016:09:00:43 -0500] "GET /forms/java/java/awt/event/MouseWheelListener.class HTTP/1.1" 404 356
186.145.97.91 - - [08/Apr/2016:09:00:43 -0500] "GET /forms/java/oracle/forms/registry/Registry.dat HTTP/1.1" 200 4213
186.145.97.91 - - [08/Apr/2016:09:00:44 -0500] "GET /forms/java/oracle/forms/registry/default.dat HTTP/1.1" 404 350
186.145.97.91 - - [08/Apr/2016:09:00:44 -0500] "GET /forms/frmservlet?config=sia&acceptLanguage=es-CO,es-ES;q=0.7,es;q=0.3&ifcmd=startsession HTTP/1.1" 200 118
186.145.97.91 - - [08/Apr/2016:09:00:44 -0500] "GET /forms/lservlet;jsessionid=ac16012b30d6f56a468600b146b4a619ba3570859d4d.e3iSbxaKaheRe3mSaNqNbNeNay1ynknvrkLOlQzNp65In0?ifcmd=getinfo&ifhost=y78&ifip=192.168.0.9 HTTP/1.1" 200 8
186.145.97.91 - - [08/Apr/2016:09:00:44 -0500] "POST /forms/lservlet;jsessionid=ac16012b30d6f56a468600b146b4a619ba3570859d4d.e3iSbxaKaheRe3mSaNqNbNeNay1ynknvrkLOlQzNp65In0 HTTP/1.1" 200 8
186.145.97.91 - - [08/Apr/2016:09:00:45 -0500] "GET /forms/java/oracle/forms/engine/RunformBundle_es_CO.class HTTP/1.1" 404 362
186.145.97.91 - - [08/Apr/2016:09:00:45 -0500] "GET /forms/java/oracle/forms/engine/RunformBundle_es_CO.class HTTP/1.1" 404 362
186.145.97.91 - - [08/Apr/2016:09:00:45 -0500] "GET /forms/java/oracle/forms/engine/RunformBundle_es_CO.properties HTTP/1.1" 404 367
186.145.97.91 - - [08/Apr/2016:09:00:45 -0500] "POST /forms/lservlet;jsessionid=ac16012b30d6f56a468600b146b4a619ba3570859d4d.e3iSbxaKaheRe3mSaNqNbNeNay1ynknvrkLOlQzNp65In0 HTTP/1.1" 200 64000
190.147.9.105 - - [08/Apr/2016:09:00:46 -0500] "GET /galeria/galeria/jquery.fancybox.css?v=2.1.5 HTTP/1.1" 304 -
190.147.9.105 - - [08/Apr/2016:09:00:46 -0500] "GET /BLA/boletinlegal/js/jquery.scrollShow.js HTTP/1.1" 304 -
190.147.9.105 - - [08/Apr/2016:09:00:46 -0500] "GET /galeria/galeria/jquery.fancybox.js?v=2.1.5 HTTP/1.1" 304 -
190.147.9.105 - - [08/Apr/2016:09:00:47 -0500] "GET /BLA/boletinlegal/js/jquery.scrollShow.js HTTP/1.1" 304 -
186.145.97.91 - - [08/Apr/2016:09:00:46 -0500] "POST /forms/lservlet;jsessionid=ac16012b30d6f56a468600b146b4a619ba3570859d4d.e3iSbxaKaheRe3mSaNqNbNeNay1ynknvrkLOlQzNp65In0 HTTP/1.1" 200 64000
186.145.97.91 - - [08/Apr/2016:09:00:47 -0500] "HEAD /imagenes/dama_logo.gif HTTP/1.1" 200 -
190.147.9.105 - - [08/Apr/2016:09:00:47 -0500] "GET /galeria/galeria/jquery.fancybox.js?v=2.1.5 HTTP/1.1" 304 -
186.145.97.91 - - [08/Apr/2016:09:00:47 -0500] "GET /imagenes/dama_logo.gif HTTP/1.1" 200 21482
186.145.97.91 - - [08/Apr/2016:09:00:47 -0500] "POST /forms/lservlet;jsessionid=ac16012b30d6f56a468600b146b4a619ba3570859d4d.e3iSbxaKaheRe3mSaNqNbNeNay1ynknvrkLOlQzNp65In0 HTTP/1.1" 200 63623
186.145.97.91 - - [08/Apr/2016:09:00:48 -0500] "POST /forms/lservlet;jsessionid=ac16012b30d6f56a468600b146b4a619ba3570859d4d.e3iSbxaKaheRe3mSaNqNbNeNay1ynknvrkLOlQzNp65In0 HTTP/1.1" 200 2
186.145.97.91 - - [08/Apr/2016:09:00:48 -0500] "POST /forms/lservlet;jsessionid=ac16012b30d6f56a468600b146b4a619ba3570859d4d.e3iSbxaKaheRe3mSaNqNbNeNay1ynknvrkLOlQzNp65In0 HTTP/1.1" 200 2
66.249.64.96 - - [08/Apr/2016:09:00:58 -0500] "GET /BLA/resoluciones/AUTOS%202011/3508.pdf HTTP/1.1" 200 323936
199.30.25.9 - - [08/Apr/2016:09:01:01 -0500] "GET /galeria/nivo-slider/demo/demo.html HTTP/1.1" 200 3183
199.30.25.9 - - [08/Apr/2016:09:01:02 -0500] "GET /galeria/nivo-slider/themes/orman/orman.css HTTP/1.1" 200 2152
199.30.25.9 - - [08/Apr/2016:09:01:02 -0500] "GET /galeria/nivo-slider/demo/images/banner_decreto.png HTTP/1.1" 200 32523
199.30.25.9 - - [08/Apr/2016:09:01:03 -0500] "GET /galeria/nivo-slider/demo/images/ecolecta2016.jpg HTTP/1.1" 200 147170
199.30.25.9 - - [08/Apr/2016:09:01:04 -0500] "GET /galeria/nivo-slider/demo/images/banner-llantas2015.jpg HTTP/1.1" 200 268366
199.30.25.9 - - [08/Apr/2016:09:01:04 -0500] "GET /galeria/nivo-slider/demo/images/ABC-Plan-de-contigencia.jpg HTTP/1.1" 200 423901
201.245.192.253 - - [08/Apr/2016:09:01:04 -0500] "POST /IsolucionSDA/Administracion/SalaEdicion/ArticuloMenu.asp HTTP/1.1" 200 18232
199.30.25.9 - - [08/Apr/2016:09:01:04 -0500] "GET /galeria/nivo-slider/demo/images/caminata-ecologica.jpg HTTP/1.1" 200 192926
199.30.25.9 - - [08/Apr/2016:09:01:05 -0500] "GET /galeria/nivo-slider/demo/images/Cmapana-onestidad.jpg HTTP/1.1" 200 141638
190.24.51.78 - - [08/Apr/2016:09:01:06 -0500] "GET /forms/frmservlet?config=sia HTTP/1.1" 200 4028
199.30.25.9 - - [08/Apr/2016:09:01:07 -0500] "GET /galeria/nivo-slider/demo/images/banner-llantas2.jpg HTTP/1.1" 200 234514
66.249.64.96 - - [08/Apr/2016:09:01:07 -0500] "GET /BLA/resoluciones/RESOLUCIONES%202008/3891.pdf HTTP/1.1" 200 102661
186.145.97.91 - - [08/Apr/2016:09:01:08 -0500] "POST /forms/lservlet;jsessionid=ac16012b30d6f56a468600b146b4a619ba3570859d4d.e3iSbxaKaheRe3mSaNqNbNeNay1ynknvrkLOlQzNp65In0 HTTP/1.1" 200 187
172.22.2.1 - - [08/Apr/2016:09:01:08 -0500] "GET /galeria/nivo-slider/demo/demo.html HTTP/1.1" 304 -
172.22.2.1 - - [08/Apr/2016:09:01:08 -0500] "GET /galeria/nivo-slider/demo/images/banner_decreto.png HTTP/1.1" 304 -
199.30.25.9 - - [08/Apr/2016:09:01:08 -0500] "GET /galeria/nivo-slider/demo/images/9Signos.jpg HTTP/1.1" 200 81776
186.31.209.70 - - [08/Apr/2016:09:01:09 -0500] "-" 408 -
199.30.25.9 - - [08/Apr/2016:09:01:09 -0500] "GET /galeria/nivo-slider/demo/images/Ruta-vertimientos-01.jpg HTTP/1.1" 200 130151
186.145.97.91 - - [08/Apr/2016:09:01:09 -0500] "POST /forms/lservlet;jsessionid=ac16012b30d6f56a468600b146b4a619ba3570859d4d.e3iSbxaKaheRe3mSaNqNbNeNay1ynknvrkLOlQzNp65In0 HTTP/1.1" 200 35
201.245.192.253 - - [08/Apr/2016:09:01:09 -0500] "POST /IsolucionSDA/Administracion/SalaEdicion/ArticuloMenu.asp HTTP/1.1" 200 25803
199.30.25.9 - - [08/Apr/2016:09:01:10 -0500] "GET /galeria/nivo-slider/demo/images/bolsas-06.jpg HTTP/1.1" 200 210950
199.30.25.9 - - [08/Apr/2016:09:01:10 -0500] "GET /galeria/nivo-slider/demo/images/4Simple_Slider.png HTTP/1.1" 200 11722
199.30.25.9 - - [08/Apr/2016:09:01:11 -0500] "GET /galeria/nivo-slider/themes/default/loading.gif HTTP/1.1" 200 1737
199.30.25.9 - - [08/Apr/2016:09:01:13 -0500] "GET /galeria/nivo-slider/themes/default/bullets.png HTTP/1.1" 200 1281
201.245.192.253 - - [08/Apr/2016:09:01:16 -0500] "GET /galeria/nivo-slider/demo/images/Cmapana-onestidad.jpg HTTP/1.1" 304 -
186.145.97.91 - - [08/Apr/2016:09:01:18 -0500] "POST /forms/lservlet;jsessionid=ac16012b30d6f56a468600b146b4a619ba3570859d4d.e3iSbxaKaheRe3mSaNqNbNeNay1ynknvrkLOlQzNp65In0 HTTP/1.1" 200 7903
186.145.97.91 - - [08/Apr/2016:09:01:19 -0500] "POST /forms/lservlet;jsessionid=ac16012b30d6f56a468600b146b4a619ba3570859d4d.e3iSbxaKaheRe3mSaNqNbNeNay1ynknvrkLOlQzNp65In0 HTTP/1.1" 200 64
186.145.97.91 - - [08/Apr/2016:09:01:19 -0500] "POST /forms/lservlet;jsessionid=ac16012b30d6f56a468600b146b4a619ba3570859d4d.e3iSbxaKaheRe3mSaNqNbNeNay1ynknvrkLOlQzNp65In0 HTTP/1.1" 200 2
186.145.97.91 - - [08/Apr/2016:09:01:19 -0500] "POST /forms/lservlet;jsessionid=ac16012b30d6f56a468600b146b4a619ba3570859d4d.e3iSbxaKaheRe3mSaNqNbNeNay1ynknvrkLOlQzNp65In0 HTTP/1.1" 200 2
186.145.97.91 - - [08/Apr/2016:09:01:19 -0500] "POST /forms/lservlet;jsessionid=ac16012b30d6f56a468600b146b4a619ba3570859d4d.e3iSbxaKaheRe3mSaNqNbNeNay1ynknvrkLOlQzNp65In0 HTTP/1.1" 200 2
172.22.2.1 - - [08/Apr/2016:09:01:21 -0500] "GET /BLA/boletinlegal/js/jquery.scrollShow.js HTTP/1.1" 200 4586
172.22.2.1 - - [08/Apr/2016:09:01:21 -0500] "GET /galeria/galeria/jquery.fancybox.js?v=2.1.5 HTTP/1.1" 200 48706
172.22.2.1 - - [08/Apr/2016:09:01:21 -0500] "GET /galeria/galeria/jquery.fancybox.css?v=2.1.5 HTTP/1.1" 200 4895
181.50.23.242 - - [08/Apr/2016:09:01:21 -0500] "GET /galeria/galeria/jquery.fancybox.css?v=2.1.5 HTTP/1.1" 200 4895
181.50.23.242 - - [08/Apr/2016:09:01:22 -0500] "GET /galeria/galeria/jquery.fancybox.js?v=2.1.5 HTTP/1.1" 200 48706
186.145.97.91 - - [08/Apr/2016:09:01:22 -0500] "POST /forms/lservlet;jsessionid=ac16012b30d6f56a468600b146b4a619ba3570859d4d.e3iSbxaKaheRe3mSaNqNbNeNay1ynknvrkLOlQzNp65In0 HTTP/1.1" 200 34718
186.145.97.91 - - [08/Apr/2016:09:01:22 -0500] "GET /imagenes/listval.gif HTTP/1.1" 200 905
186.145.97.91 - - [08/Apr/2016:09:01:22 -0500] "GET /imagenes/tree1.gif HTTP/1.1" 200 1161
186.145.97.91 - - [08/Apr/2016:09:01:22 -0500] "GET /imagenes/listval.gif HTTP/1.1" 200 905
186.145.97.91 - - [08/Apr/2016:09:01:22 -0500] "GET /imagenes/CAMERA3.gif HTTP/1.1" 200 4150
186.145.97.91 - - [08/Apr/2016:09:01:22 -0500] "GET /imagenes/SLIDE1.gif HTTP/1.1" 200 1111
186.145.97.91 - - [08/Apr/2016:09:01:23 -0500] "GET /imagenes/flexcomb.gif HTTP/1.1" 200 1169
186.145.97.91 - - [08/Apr/2016:09:01:23 -0500] "GET /imagenes/GO.gif HTTP/1.1" 200 904
186.145.97.91 - - [08/Apr/2016:09:01:23 -0500] "GET /imagenes/HRTOOLS.gif HTTP/1.1" 200 2238
186.145.97.91 - - [08/Apr/2016:09:01:23 -0500] "GET /imagenes/rt_rec1.gif HTTP/1.1" 200 867
186.145.97.91 - - [08/Apr/2016:09:01:23 -0500] "GET /imagenes/apply.gif HTTP/1.1" 200 903
186.145.97.91 - - [08/Apr/2016:09:01:23 -0500] "GET /imagenes/exit.gif HTTP/1.1" 200 916
186.145.97.91 - - [08/Apr/2016:09:01:23 -0500] "GET /imagenes/LISTVAL.gif HTTP/1.1" 200 905
186.145.97.91 - - [08/Apr/2016:09:01:23 -0500] "GET /imagenes/edit.gif HTTP/1.1" 200 919
186.145.97.91 - - [08/Apr/2016:09:01:23 -0500] "GET /imagenes/rt_rec4.gif HTTP/1.1" 200 865
186.145.97.91 - - [08/Apr/2016:09:01:23 -0500] "GET /imagenes/rt_rec3.gif HTTP/1.1" 200 844
186.145.97.91 - - [08/Apr/2016:09:01:23 -0500] "GET /imagenes/rt_rec2.gif HTTP/1.1" 200 847
186.145.97.91 - - [08/Apr/2016:09:01:23 -0500] "GET /imagenes/rt_rdel.gif HTTP/1.1" 200 899
186.145.97.91 - - [08/Apr/2016:09:01:23 -0500] "GET /imagenes/rt_radd.gif HTTP/1.1" 200 907
186.145.97.91 - - [08/Apr/2016:09:01:23 -0500] "GET /imagenes/rt_quer3.gif HTTP/1.1" 200 939
186.145.97.91 - - [08/Apr/2016:09:01:23 -0500] "GET /imagenes/rt_quer2.gif HTTP/1.1" 200 936
186.145.97.91 - - [08/Apr/2016:09:01:23 -0500] "GET /imagenes/rt_quer1.gif HTTP/1.1" 200 930
186.145.97.91 - - [08/Apr/2016:09:01:24 -0500] "GET /imagenes/rt_save.gif HTTP/1.1" 200 903
186.145.97.91 - - [08/Apr/2016:09:01:24 -0500] "GET /imagenes/rt_pset.gif HTTP/1.1" 200 914
186.145.97.91 - - [08/Apr/2016:09:01:24 -0500] "GET /imagenes/QUEJA.gif HTTP/1.1" 200 1091
186.145.97.91 - - [08/Apr/2016:09:01:24 -0500] "GET /imagenes/ARBOL.gif HTTP/1.1" 200 1026
186.145.97.91 - - [08/Apr/2016:09:01:24 -0500] "GET /imagenes/Clipboard.gif HTTP/1.1" 200 1466
186.145.97.91 - - [08/Apr/2016:09:01:24 -0500] "GET /imagenes/DINERO.gif HTTP/1.1" 200 1766
186.145.97.91 - - [08/Apr/2016:09:01:24 -0500] "GET /imagenes/URGENTE.gif HTTP/1.1" 200 964
186.145.97.91 - - [08/Apr/2016:09:01:24 -0500] "GET /imagenes/TREE4.gif HTTP/1.1" 200 4150
186.145.97.91 - - [08/Apr/2016:09:01:24 -0500] "POST /forms/lservlet;jsessionid=ac16012b30d6f56a468600b146b4a619ba3570859d4d.e3iSbxaKaheRe3mSaNqNbNeNay1ynknvrkLOlQzNp65In0 HTTP/1.1" 200 7
186.145.97.91 - - [08/Apr/2016:09:01:24 -0500] "POST /forms/lservlet;jsessionid=ac16012b30d6f56a468600b146b4a619ba3570859d4d.e3iSbxaKaheRe3mSaNqNbNeNay1ynknvrkLOlQzNp65In0 HTTP/1.1" 200 34
186.145.97.91 - - [08/Apr/2016:09:01:24 -0500] "POST /forms/lservlet;jsessionid=ac16012b30d6f56a468600b146b4a619ba3570859d4d.e3iSbxaKaheRe3mSaNqNbNeNay1ynknvrkLOlQzNp65In0 HTTP/1.1" 200 2
186.145.97.91 - - [08/Apr/2016:09:01:25 -0500] "POST /forms/lservlet;jsessionid=ac16012b30d6f56a468600b146b4a619ba3570859d4d.e3iSbxaKaheRe3mSaNqNbNeNay1ynknvrkLOlQzNp65In0 HTTP/1.1" 200 647
190.147.22.107 - - [08/Apr/2016:09:01:26 -0500] "GET /galeria/nivo-slider/themes/default/arrows.png HTTP/1.1" 200 824
190.147.22.107 - - [08/Apr/2016:09:01:26 -0500] "GET /galeria/nivo-slider/themes/default/bullets.png HTTP/1.1" 200 1281
201.245.192.253 - - [08/Apr/2016:09:01:28 -0500] "GET /isolucionsda/FrameSetGeneral.asp?Pagina=SucursalSeleccion.asp&CargaPagina=ModuloProcesos&IdModulo=3 HTTP/1.1" 200 6716
201.245.192.253 - - [08/Apr/2016:09:01:28 -0500] "GET /isolucionsda/SucursalSeleccion.asp?Pagina=SucursalSeleccion.asp&CargaPagina=ModuloProcesos&IdModulo=3 HTTP/1.1" 302 217
201.245.192.253 - - [08/Apr/2016:09:01:28 -0500] "GET /isolucionsda/Encabezado.asp?Pagina=SucursalSeleccion.asp&CargaPagina=ModuloProcesos&IdModulo=3 HTTP/1.1" 200 15436
201.245.192.253 - - [08/Apr/2016:09:01:28 -0500] "GET /isolucionsda/BarraFavoritos.asp HTTP/1.1" 200 911
201.245.192.253 - - [08/Apr/2016:09:01:28 -0500] "GET /isolucionsda/BarraTitulos.asp?Pagina=SucursalSeleccion.asp&CargaPagina=ModuloProcesos&IdModulo=3 HTTP/1.1" 200 6988
201.245.192.253 - - [08/Apr/2016:09:01:28 -0500] "GET /isolucionsda/Session.asp?Continue=1 HTTP/1.1" 200 6323
201.245.192.253 - - [08/Apr/2016:09:01:28 -0500] "GET /ISOlucionSDA/bancoconocimiento/m/mapadeprocesos__v4/mapadeprocesos__v4.asp HTTP/1.1" 200 35242
190.24.51.78 - - [08/Apr/2016:09:01:31 -0500] "GET /forms/java/frmall_jinit.jar HTTP/1.1" 304 -
190.24.51.78 - - [08/Apr/2016:09:01:33 -0500] "GET /forms/java/icons.jar HTTP/1.1" 304 -
190.24.51.78 - - [08/Apr/2016:09:01:33 -0500] "GET /forms/java/java/awt/KeyboardFocusManager.class HTTP/1.1" 404 352
190.24.51.78 - - [08/Apr/2016:09:01:33 -0500] "GET /forms/java/java/awt/KeyboardFocusManager.class HTTP/1.1" 404 352
181.50.23.242 - - [08/Apr/2016:09:01:33 -0500] "GET /videos/galeria-cronicas/1V3wnplaylist.htm? HTTP/1.1" 200 4013
181.50.23.242 - - [08/Apr/2016:09:01:34 -0500] "GET /videos/galeria-cronicas/skin/blue.monday/jplayer.blue.monday.css HTTP/1.1" 200 12518
181.50.23.242 - - [08/Apr/2016:09:01:34 -0500] "GET /videos/galeria-cronicas/js/jquery.jplayer.min.js HTTP/1.1" 200 43668
181.50.23.242 - - [08/Apr/2016:09:01:34 -0500] "GET /videos/galeria-cronicas/js/jplayer.playlist.min.js HTTP/1.1" 200 8608
190.24.51.78 - - [08/Apr/2016:09:01:34 -0500] "GET /forms/java/java/awt/event/MouseWheelListener.class HTTP/1.1" 404 356
190.24.51.78 - - [08/Apr/2016:09:01:34 -0500] "GET /forms/java/java/awt/event/MouseWheelListener.class HTTP/1.1" 404 356
201.245.192.253 - - [08/Apr/2016:09:01:31 -0500] "GET /IsolucionSDA/bancoconocimiento/E/EVALUACION_CONTROLYSEGUIMIENTO_v7/EVALUACION_CONTROLYSEGUIMIENTO_v7.asp?IdArticulo=6673 HTTP/1.1" 200 131934
181.50.23.242 - - [08/Apr/2016:09:01:34 -0500] "GET /videos/galeria-cronicas/skin/blue.monday/jplayer.blue.monday.jpg HTTP/1.1" 200 23189
181.50.23.242 - - [08/Apr/2016:09:01:35 -0500] "GET /videos/galeria-cronicas/skin/blue.monday/jplayer.blue.monday.video.play.png HTTP/1.1" 200 14424
190.24.51.78 - - [08/Apr/2016:09:01:35 -0500] "GET /forms/java/oracle/forms/registry/Registry.dat HTTP/1.1" 200 4213
181.50.23.242 - - [08/Apr/2016:09:01:35 -0500] "GET /videos/galeria-cronicas/1videos/parche.mp4video.mp4 HTTP/1.1" 206 2
190.24.51.78 - - [08/Apr/2016:09:01:35 -0500] "GET /forms/java/oracle/forms/registry/default.dat HTTP/1.1" 404 350
190.24.51.78 - - [08/Apr/2016:09:01:35 -0500] "GET /forms/frmservlet?config=sia&acceptLanguage=es-CO&ifcmd=startsession HTTP/1.1" 200 118
190.24.51.78 - - [08/Apr/2016:09:01:35 -0500] "GET /forms/lservlet;jsessionid=ac16012b30d6ce6736cbf8ee43e580abe8c41f7fd062.e3iSbxaKaheRe3mSaNqNbNeNay1ynknvrkLOlQzNp65In0?ifcmd=getinfo&ifhost=Paola&ifip=10.127.127.1 HTTP/1.1" 200 8
181.50.23.242 - - [08/Apr/2016:09:01:35 -0500] "GET /videos/galeria-cronicas/1videos/parche.mp4video.mp4 HTTP/1.1" 200 2821840
201.245.192.253 - - [08/Apr/2016:09:01:36 -0500] "GET /galeria/galeria/jquery.fancybox.css?v=2.1.5 HTTP/1.1" 200 4895
201.245.192.253 - - [08/Apr/2016:09:01:36 -0500] "GET /BLA/boletinlegal/js/jquery.scrollShow.js HTTP/1.1" 200 4586
201.245.192.253 - - [08/Apr/2016:09:01:36 -0500] "GET /galeria/galeria/jquery.fancybox.js?v=2.1.5 HTTP/1.1" 200 48706
190.24.51.78 - - [08/Apr/2016:09:01:35 -0500] "POST /forms/lservlet;jsessionid=ac16012b30d6ce6736cbf8ee43e580abe8c41f7fd062.e3iSbxaKaheRe3mSaNqNbNeNay1ynknvrkLOlQzNp65In0 HTTP/1.1" 200 8
190.24.51.78 - - [08/Apr/2016:09:01:36 -0500] "GET /forms/java/oracle/forms/engine/RunformBundle_es_CO.class HTTP/1.1" 404 362
190.24.51.78 - - [08/Apr/2016:09:01:36 -0500] "GET /forms/java/oracle/forms/engine/RunformBundle_es_CO.class HTTP/1.1" 404 362
190.24.51.78 - - [08/Apr/2016:09:01:36 -0500] "GET /forms/java/oracle/forms/engine/RunformBundle_es_CO.properties HTTP/1.1" 404 367
190.24.51.78 - - [08/Apr/2016:09:01:36 -0500] "POST /forms/lservlet;jsessionid=ac16012b30d6ce6736cbf8ee43e580abe8c41f7fd062.e3iSbxaKaheRe3mSaNqNbNeNay1ynknvrkLOlQzNp65In0 HTTP/1.1" 200 64000
190.24.51.78 - - [08/Apr/2016:09:01:37 -0500] "POST /forms/lservlet;jsessionid=ac16012b30d6ce6736cbf8ee43e580abe8c41f7fd062.e3iSbxaKaheRe3mSaNqNbNeNay1ynknvrkLOlQzNp65In0 HTTP/1.1" 200 64000
190.24.51.78 - - [08/Apr/2016:09:01:37 -0500] "POST /forms/lservlet;jsessionid=ac16012b30d6ce6736cbf8ee43e580abe8c41f7fd062.e3iSbxaKaheRe3mSaNqNbNeNay1ynknvrkLOlQzNp65In0 HTTP/1.1" 200 63623
190.25.44.241 - - [08/Apr/2016:09:01:39 -0500] "GET /BLA/boletinlegal/js/jquery.scrollShow.js HTTP/1.1" 200 4586
190.25.44.241 - - [08/Apr/2016:09:01:39 -0500] "GET /galeria/galeria/jquery.fancybox.css?v=2.1.5 HTTP/1.1" 200 4895
190.25.44.241 - - [08/Apr/2016:09:01:39 -0500] "GET /galeria/galeria/jquery.fancybox.js?v=2.1.5 HTTP/1.1" 200 48706
190.24.51.78 - - [08/Apr/2016:09:01:40 -0500] "HEAD /imagenes/dama_logo.gif HTTP/1.1" 200 -
190.24.51.78 - - [08/Apr/2016:09:01:40 -0500] "GET /imagenes/dama_logo.gif HTTP/1.1" 200 21482
186.145.97.91 - - [08/Apr/2016:09:01:40 -0500] "POST /forms/lservlet;jsessionid=ac16012b30d6f56a468600b146b4a619ba3570859d4d.e3iSbxaKaheRe3mSaNqNbNeNay1ynknvrkLOlQzNp65In0 HTTP/1.1" 200 49
190.24.51.78 - - [08/Apr/2016:09:01:41 -0500] "POST /forms/lservlet;jsessionid=ac16012b30d6ce6736cbf8ee43e580abe8c41f7fd062.e3iSbxaKaheRe3mSaNqNbNeNay1ynknvrkLOlQzNp65In0 HTTP/1.1" 200 2
190.24.51.78 - - [08/Apr/2016:09:01:41 -0500] "POST /forms/lservlet;jsessionid=ac16012b30d6ce6736cbf8ee43e580abe8c41f7fd062.e3iSbxaKaheRe3mSaNqNbNeNay1ynknvrkLOlQzNp65In0 HTTP/1.1" 200 2
181.50.23.242 - - [08/Apr/2016:09:01:41 -0500] "GET /videos/galeria-cronicas/1videos/parche.mp4video.mp4 HTTP/1.1" 206 293603
66.249.64.96 - - [08/Apr/2016:09:01:41 -0500] "GET /BLA/resoluciones/RESOLUCIONES%202011/1881.pdf HTTP/1.1" 200 608550
190.25.44.241 - - [08/Apr/2016:09:01:44 -0500] "GET /galeria/galeria/jquery.fancybox.js?v=2.1.5 HTTP/1.1" 304 -
190.25.44.241 - - [08/Apr/2016:09:01:44 -0500] "GET /galeria/galeria/jquery.fancybox.css?v=2.1.5 HTTP/1.1" 304 -
190.25.44.241 - - [08/Apr/2016:09:01:44 -0500] "GET /BLA/boletinlegal/js/jquery.scrollShow.js HTTP/1.1" 304 -
186.145.97.91 - - [08/Apr/2016:09:01:48 -0500] "POST /forms/lservlet;jsessionid=ac16012b30d6f56a468600b146b4a619ba3570859d4d.e3iSbxaKaheRe3mSaNqNbNeNay1ynknvrkLOlQzNp65In0 HTTP/1.1" 200 24
186.145.97.91 - - [08/Apr/2016:09:01:49 -0500] "POST /forms/lservlet;jsessionid=ac16012b30d6f56a468600b146b4a619ba3570859d4d.e3iSbxaKaheRe3mSaNqNbNeNay1ynknvrkLOlQzNp65In0 HTTP/1.1" 200 4842
186.145.97.91 - - [08/Apr/2016:09:01:49 -0500] "POST /forms/lservlet;jsessionid=ac16012b30d6f56a468600b146b4a619ba3570859d4d.e3iSbxaKaheRe3mSaNqNbNeNay1ynknvrkLOlQzNp65In0 HTTP/1.1" 200 20
186.145.97.91 - - [08/Apr/2016:09:01:54 -0500] "POST /forms/lservlet;jsessionid=ac16012b30d6f56a468600b146b4a619ba3570859d4d.e3iSbxaKaheRe3mSaNqNbNeNay1ynknvrkLOlQzNp65In0 HTTP/1.1" 200 2
186.145.97.91 - - [08/Apr/2016:09:01:54 -0500] "POST /forms/lservlet;jsessionid=ac16012b30d6f56a468600b146b4a619ba3570859d4d.e3iSbxaKaheRe3mSaNqNbNeNay1ynknvrkLOlQzNp65In0 HTTP/1.1" 200 3636
186.145.97.91 - - [08/Apr/2016:09:01:55 -0500] "POST /forms/lservlet;jsessionid=ac16012b30d6f56a468600b146b4a619ba3570859d4d.e3iSbxaKaheRe3mSaNqNbNeNay1ynknvrkLOlQzNp65In0 HTTP/1.1" 200 2
186.145.97.91 - - [08/Apr/2016:09:01:56 -0500] "POST /forms/lservlet;jsessionid=ac16012b30d6f56a468600b146b4a619ba3570859d4d.e3iSbxaKaheRe3mSaNqNbNeNay1ynknvrkLOlQzNp65In0 HTTP/1.1" 200 2
186.145.97.91 - - [08/Apr/2016:09:01:56 -0500] "POST /forms/lservlet;jsessionid=ac16012b30d6f56a468600b146b4a619ba3570859d4d.e3iSbxaKaheRe3mSaNqNbNeNay1ynknvrkLOlQzNp65In0 HTTP/1.1" 200 4183
200.108.58.31 - - [08/Apr/2016:09:01:57 -0500] "GET /BLA/resoluciones/RESOLUCIONES%202007/RES%202007%20801%20AL%20900/RESOLUCION%200873%20DE%202007.pdf HTTP/1.1" 200 425445
186.145.97.91 - - [08/Apr/2016:09:01:57 -0500] "POST /forms/lservlet;jsessionid=ac16012b30d6f56a468600b146b4a619ba3570859d4d.e3iSbxaKaheRe3mSaNqNbNeNay1ynknvrkLOlQzNp65In0 HTTP/1.1" 200 2
186.145.97.91 - - [08/Apr/2016:09:01:58 -0500] "POST /forms/lservlet;jsessionid=ac16012b30d6f56a468600b146b4a619ba3570859d4d.e3iSbxaKaheRe3mSaNqNbNeNay1ynknvrkLOlQzNp65In0 HTTP/1.1" 200 2
186.145.97.91 - - [08/Apr/2016:09:01:58 -0500] "POST /forms/lservlet;jsessionid=ac16012b30d6f56a468600b146b4a619ba3570859d4d.e3iSbxaKaheRe3mSaNqNbNeNay1ynknvrkLOlQzNp65In0 HTTP/1.1" 200 3355
186.145.97.91 - - [08/Apr/2016:09:01:59 -0500] "POST /forms/lservlet;jsessionid=ac16012b30d6f56a468600b146b4a619ba3570859d4d.e3iSbxaKaheRe3mSaNqNbNeNay1ynknvrkLOlQzNp65In0 HTTP/1.1" 200 2
186.145.97.91 - - [08/Apr/2016:09:02:00 -0500] "POST /forms/lservlet;jsessionid=ac16012b30d6f56a468600b146b4a619ba3570859d4d.e3iSbxaKaheRe3mSaNqNbNeNay1ynknvrkLOlQzNp65In0 HTTP/1.1" 200 2
186.145.97.91 - - [08/Apr/2016:09:02:01 -0500] "POST /forms/lservlet;jsessionid=ac16012b30d6f56a468600b146b4a619ba3570859d4d.e3iSbxaKaheRe3mSaNqNbNeNay1ynknvrkLOlQzNp65In0 HTTP/1.1" 200 2517
186.145.97.91 - - [08/Apr/2016:09:02:01 -0500] "POST /forms/lservlet;jsessionid=ac16012b30d6f56a468600b146b4a619ba3570859d4d.e3iSbxaKaheRe3mSaNqNbNeNay1ynknvrkLOlQzNp65In0 HTTP/1.1" 200 2
186.145.97.91 - - [08/Apr/2016:09:02:02 -0500] "POST /forms/lservlet;jsessionid=ac16012b30d6f56a468600b146b4a619ba3570859d4d.e3iSbxaKaheRe3mSaNqNbNeNay1ynknvrkLOlQzNp65In0 HTTP/1.1" 200 2
186.145.97.91 - - [08/Apr/2016:09:02:02 -0500] "POST /forms/lservlet;jsessionid=ac16012b30d6f56a468600b146b4a619ba3570859d4d.e3iSbxaKaheRe3mSaNqNbNeNay1ynknvrkLOlQzNp65In0 HTTP/1.1" 200 2786
186.145.97.91 - - [08/Apr/2016:09:02:03 -0500] "POST /forms/lservlet;jsessionid=ac16012b30d6f56a468600b146b4a619ba3570859d4d.e3iSbxaKaheRe3mSaNqNbNeNay1ynknvrkLOlQzNp65In0 HTTP/1.1" 200 2
186.145.97.91 - - [08/Apr/2016:09:02:04 -0500] "POST /forms/lservlet;jsessionid=ac16012b30d6f56a468600b146b4a619ba3570859d4d.e3iSbxaKaheRe3mSaNqNbNeNay1ynknvrkLOlQzNp65In0 HTTP/1.1" 200 2
186.145.97.91 - - [08/Apr/2016:09:02:04 -0500] "POST /forms/lservlet;jsessionid=ac16012b30d6f56a468600b146b4a619ba3570859d4d.e3iSbxaKaheRe3mSaNqNbNeNay1ynknvrkLOlQzNp65In0 HTTP/1.1" 200 2233
186.145.97.91 - - [08/Apr/2016:09:02:04 -0500] "POST /forms/lservlet;jsessionid=ac16012b30d6f56a468600b146b4a619ba3570859d4d.e3iSbxaKaheRe3mSaNqNbNeNay1ynknvrkLOlQzNp65In0 HTTP/1.1" 200 10
186.145.97.91 - - [08/Apr/2016:09:02:05 -0500] "POST /forms/lservlet;jsessionid=ac16012b30d6f56a468600b146b4a619ba3570859d4d.e3iSbxaKaheRe3mSaNqNbNeNay1ynknvrkLOlQzNp65In0 HTTP/1.1" 200 2
186.145.97.91 - - [08/Apr/2016:09:02:05 -0500] "POST /forms/lservlet;jsessionid=ac16012b30d6f56a468600b146b4a619ba3570859d4d.e3iSbxaKaheRe3mSaNqNbNeNay1ynknvrkLOlQzNp65In0 HTTP/1.1" 200 3240
186.145.97.91 - - [08/Apr/2016:09:02:05 -0500] "POST /forms/lservlet;jsessionid=ac16012b30d6f56a468600b146b4a619ba3570859d4d.e3iSbxaKaheRe3mSaNqNbNeNay1ynknvrkLOlQzNp65In0 HTTP/1.1" 200 2
186.145.97.91 - - [08/Apr/2016:09:02:07 -0500] "POST /forms/lservlet;jsessionid=ac16012b30d6f56a468600b146b4a619ba3570859d4d.e3iSbxaKaheRe3mSaNqNbNeNay1ynknvrkLOlQzNp65In0 HTTP/1.1" 200 2400
186.145.97.91 - - [08/Apr/2016:09:02:09 -0500] "POST /forms/lservlet;jsessionid=ac16012b30d6f56a468600b146b4a619ba3570859d4d.e3iSbxaKaheRe3mSaNqNbNeNay1ynknvrkLOlQzNp65In0 HTTP/1.1" 200 19
186.145.97.91 - - [08/Apr/2016:09:02:09 -0500] "POST /forms/lservlet;jsessionid=ac16012b30d6f56a468600b146b4a619ba3570859d4d.e3iSbxaKaheRe3mSaNqNbNeNay1ynknvrkLOlQzNp65In0 HTTP/1.1" 200 8
186.145.97.91 - - [08/Apr/2016:09:02:09 -0500] "POST /forms/lservlet;jsessionid=ac16012b30d6f56a468600b146b4a619ba3570859d4d.e3iSbxaKaheRe3mSaNqNbNeNay1ynknvrkLOlQzNp65In0 HTTP/1.1" 200 2
201.245.192.253 - - [08/Apr/2016:09:02:12 -0500] "GET /isolucionsda/Session.asp HTTP/1.1" 200 6325
66.249.64.96 - - [08/Apr/2016:09:02:15 -0500] "GET /BLA/resoluciones/AUTOS%202013/2187.pdf HTTP/1.1" 200 883003
190.24.51.78 - - [08/Apr/2016:09:02:15 -0500] "POST /forms/lservlet;jsessionid=ac16012b30d6ce6736cbf8ee43e580abe8c41f7fd062.e3iSbxaKaheRe3mSaNqNbNeNay1ynknvrkLOlQzNp65In0 HTTP/1.1" 200 2
200.75.48.35 - - [08/Apr/2016:09:02:16 -0500] "GET /galeria/galeria/jquery.fancybox.js?v=2.1.5 HTTP/1.1" 304 -
200.75.48.35 - - [08/Apr/2016:09:02:16 -0500] "GET /galeria/galeria/jquery.fancybox.css?v=2.1.5 HTTP/1.1" 304 -
190.24.51.78 - - [08/Apr/2016:09:02:16 -0500] "POST /forms/lservlet;jsessionid=ac16012b30d6ce6736cbf8ee43e580abe8c41f7fd062.e3iSbxaKaheRe3mSaNqNbNeNay1ynknvrkLOlQzNp65In0 HTTP/1.1" 200 2
200.75.48.35 - - [08/Apr/2016:09:02:16 -0500] "GET /galeria/nivo-slider/demo/demo.html HTTP/1.1" 200 3183
200.75.48.35 - - [08/Apr/2016:09:02:16 -0500] "GET /galeria/nivo-slider/themes/default/default.css HTTP/1.1" 304 -
200.75.48.35 - - [08/Apr/2016:09:02:16 -0500] "GET /galeria/nivo-slider/demo/images/banner_decreto.png HTTP/1.1" 200 32523
200.75.48.35 - - [08/Apr/2016:09:02:16 -0500] "GET /galeria/nivo-slider/demo/images/banner-llantas2015.jpg HTTP/1.1" 304 -
200.75.48.35 - - [08/Apr/2016:09:02:16 -0500] "GET /galeria/nivo-slider/demo/images/caminata-ecologica.jpg HTTP/1.1" 304 -
200.75.48.35 - - [08/Apr/2016:09:02:16 -0500] "GET /galeria/nivo-slider/demo/images/Cmapana-onestidad.jpg HTTP/1.1" 304 -
200.75.48.35 - - [08/Apr/2016:09:02:16 -0500] "GET /galeria/nivo-slider/demo/images/ABC-Plan-de-contigencia.jpg HTTP/1.1" 304 -
200.75.48.35 - - [08/Apr/2016:09:02:16 -0500] "GET /galeria/nivo-slider/demo/images/ecolecta2016.jpg HTTP/1.1" 304 -
200.75.48.35 - - [08/Apr/2016:09:02:17 -0500] "GET /galeria/nivo-slider/demo/images/banner-llantas2.jpg HTTP/1.1" 304 -
200.75.48.35 - - [08/Apr/2016:09:02:17 -0500] "GET /galeria/nivo-slider/demo/images/9Signos.jpg HTTP/1.1" 304 -
200.75.48.35 - - [08/Apr/2016:09:02:17 -0500] "GET /galeria/nivo-slider/demo/images/bolsas-06.jpg HTTP/1.1" 304 -
200.75.48.35 - - [08/Apr/2016:09:02:17 -0500] "GET /galeria/nivo-slider/demo/images/Ruta-vertimientos-01.jpg HTTP/1.1" 304 -
186.145.97.91 - - [08/Apr/2016:09:02:17 -0500] "POST /forms/lservlet;jsessionid=ac16012b30d6f56a468600b146b4a619ba3570859d4d.e3iSbxaKaheRe3mSaNqNbNeNay1ynknvrkLOlQzNp65In0 HTTP/1.1" 200 24
186.145.97.91 - - [08/Apr/2016:09:02:17 -0500] "POST /forms/lservlet;jsessionid=ac16012b30d6f56a468600b146b4a619ba3570859d4d.e3iSbxaKaheRe3mSaNqNbNeNay1ynknvrkLOlQzNp65In0 HTTP/1.1" 200 3940
186.145.97.91 - - [08/Apr/2016:09:02:17 -0500] "POST /forms/lservlet;jsessionid=ac16012b30d6f56a468600b146b4a619ba3570859d4d.e3iSbxaKaheRe3mSaNqNbNeNay1ynknvrkLOlQzNp65In0 HTTP/1.1" 200 20
190.24.51.78 - - [08/Apr/2016:09:02:18 -0500] "POST /forms/lservlet;jsessionid=ac16012b30d6ce6736cbf8ee43e580abe8c41f7fd062.e3iSbxaKaheRe3mSaNqNbNeNay1ynknvrkLOlQzNp65In0 HTTP/1.1" 200 58
66.249.64.96 - - [08/Apr/2016:09:02:18 -0500] "GET /BLA/resoluciones/RESOLUCIONES%202007/RES%202007%203101%20AL%203200/RESOLUCION%203143%20DE%202007.pdf HTTP/1.1" 200 892257
190.24.51.78 - - [08/Apr/2016:09:02:18 -0500] "POST /forms/lservlet;jsessionid=ac16012b30d6ce6736cbf8ee43e580abe8c41f7fd062.e3iSbxaKaheRe3mSaNqNbNeNay1ynknvrkLOlQzNp65In0 HTTP/1.1" 200 -
186.145.97.91 - - [08/Apr/2016:09:02:19 -0500] "POST /forms/lservlet;jsessionid=ac16012b30d6f56a468600b146b4a619ba3570859d4d.e3iSbxaKaheRe3mSaNqNbNeNay1ynknvrkLOlQzNp65In0 HTTP/1.1" 200 2
186.145.97.91 - - [08/Apr/2016:09:02:19 -0500] "POST /forms/lservlet;jsessionid=ac16012b30d6f56a468600b146b4a619ba3570859d4d.e3iSbxaKaheRe3mSaNqNbNeNay1ynknvrkLOlQzNp65In0 HTTP/1.1" 200 3353
186.145.97.91 - - [08/Apr/2016:09:02:20 -0500] "POST /forms/lservlet;jsessionid=ac16012b30d6f56a468600b146b4a619ba3570859d4d.e3iSbxaKaheRe3mSaNqNbNeNay1ynknvrkLOlQzNp65In0 HTTP/1.1" 200 2
201.245.192.253 - - [08/Apr/2016:09:02:20 -0500] "GET /IsolucionSDA/BancoConocimiento/S/Seguimientoycontrolalasfuentesfijasdeemision_v5/Seguimientoycontrolalasfuentesfijasdeemision_v5.asp?IdArticulo=4236 HTTP/1.1" 200 96218
186.145.97.91 - - [08/Apr/2016:09:02:28 -0500] "POST /forms/lservlet;jsessionid=ac16012b30d6f56a468600b146b4a619ba3570859d4d.e3iSbxaKaheRe3mSaNqNbNeNay1ynknvrkLOlQzNp65In0 HTTP/1.1" 200 2
186.145.97.91 - - [08/Apr/2016:09:02:28 -0500] "POST /forms/lservlet;jsessionid=ac16012b30d6f56a468600b146b4a619ba3570859d4d.e3iSbxaKaheRe3mSaNqNbNeNay1ynknvrkLOlQzNp65In0 HTTP/1.1" 200 3321
186.145.97.91 - - [08/Apr/2016:09:02:29 -0500] "POST /forms/lservlet;jsessionid=ac16012b30d6f56a468600b146b4a619ba3570859d4d.e3iSbxaKaheRe3mSaNqNbNeNay1ynknvrkLOlQzNp65In0 HTTP/1.1" 200 2
186.145.97.91 - - [08/Apr/2016:09:02:30 -0500] "POST /forms/lservlet;jsessionid=ac16012b30d6f56a468600b146b4a619ba3570859d4d.e3iSbxaKaheRe3mSaNqNbNeNay1ynknvrkLOlQzNp65In0 HTTP/1.1" 200 2
186.145.97.91 - - [08/Apr/2016:09:02:30 -0500] "POST /forms/lservlet;jsessionid=ac16012b30d6f56a468600b146b4a619ba3570859d4d.e3iSbxaKaheRe3mSaNqNbNeNay1ynknvrkLOlQzNp65In0 HTTP/1.1" 200 3179
186.145.97.91 - - [08/Apr/2016:09:02:30 -0500] "POST /forms/lservlet;jsessionid=ac16012b30d6f56a468600b146b4a619ba3570859d4d.e3iSbxaKaheRe3mSaNqNbNeNay1ynknvrkLOlQzNp65In0 HTTP/1.1" 200 2
148.168.96.22 - - [08/Apr/2016:09:02:31 -0500] "GET /BLA/boletinlegal/js/jquery.scrollShow.js HTTP/1.1" 200 4586
190.90.191.2 - - [08/Apr/2016:09:02:31 -0500] "GET /BLA/boletinlegal/js/jquery.scrollShow.js HTTP/1.1" 200 4586
190.90.191.2 - - [08/Apr/2016:09:02:31 -0500] "GET /galeria/galeria/jquery.fancybox.js?v=2.1.5 HTTP/1.1" 200 48706
186.145.97.91 - - [08/Apr/2016:09:02:31 -0500] "POST /forms/lservlet;jsessionid=ac16012b30d6f56a468600b146b4a619ba3570859d4d.e3iSbxaKaheRe3mSaNqNbNeNay1ynknvrkLOlQzNp65In0 HTTP/1.1" 200 2
148.168.96.22 - - [08/Apr/2016:09:02:32 -0500] "GET /galeria/galeria/jquery.fancybox.css?v=2.1.5 HTTP/1.1" 200 4895
148.168.96.22 - - [08/Apr/2016:09:02:32 -0500] "GET /galeria/galeria/jquery.fancybox.js?v=2.1.5 HTTP/1.1" 200 48706
148.168.96.22 - - [08/Apr/2016:09:02:32 -0500] "GET /galeria/carrusel/Carrusel/jquery.thumbnailScroller.css HTTP/1.1" 200 2066
186.145.97.91 - - [08/Apr/2016:09:02:32 -0500] "POST /forms/lservlet;jsessionid=ac16012b30d6f56a468600b146b4a619ba3570859d4d.e3iSbxaKaheRe3mSaNqNbNeNay1ynknvrkLOlQzNp65In0 HTTP/1.1" 200 3482
186.145.97.91 - - [08/Apr/2016:09:02:32 -0500] "POST /forms/lservlet;jsessionid=ac16012b30d6f56a468600b146b4a619ba3570859d4d.e3iSbxaKaheRe3mSaNqNbNeNay1ynknvrkLOlQzNp65In0 HTTP/1.1" 200 2
148.168.96.22 - - [08/Apr/2016:09:02:32 -0500] "GET /galeria/carrusel/Carrusel/jquery-ui-1.8.13.custom.min.js HTTP/1.1" 200 10800
148.168.96.22 - - [08/Apr/2016:09:02:32 -0500] "GET /galeria/carrusel/Carrusel/jquery.thumbnailScroller.js HTTP/1.1" 200 8157
148.168.96.22 - - [08/Apr/2016:09:02:32 -0500] "GET /galeria/nivo-slider/demo/demo.html HTTP/1.1" 200 3183
186.145.97.91 - - [08/Apr/2016:09:02:32 -0500] "POST /forms/lservlet;jsessionid=ac16012b30d6f56a468600b146b4a619ba3570859d4d.e3iSbxaKaheRe3mSaNqNbNeNay1ynknvrkLOlQzNp65In0 HTTP/1.1" 200 2
190.90.191.2 - - [08/Apr/2016:09:02:32 -0500] "GET /galeria/galeria/jquery.fancybox.css?v=2.1.5 HTTP/1.1" 200 4895
148.168.96.22 - - [08/Apr/2016:09:02:32 -0500] "GET /galeria/nivo-slider/demo/images/banner-llantas2015.jpg HTTP/1.1" 200 268366
148.168.96.22 - - [08/Apr/2016:09:02:32 -0500] "GET /galeria/nivo-slider/demo/style.css HTTP/1.1" 200 2222
148.168.96.22 - - [08/Apr/2016:09:02:32 -0500] "GET /galeria/nivo-slider/demo/images/ecolecta2016.jpg HTTP/1.1" 200 147170
148.168.96.22 - - [08/Apr/2016:09:02:32 -0500] "GET /galeria/nivo-slider/demo/images/caminata-ecologica.jpg HTTP/1.1" 200 192926
148.168.96.22 - - [08/Apr/2016:09:02:32 -0500] "GET /galeria/nivo-slider/demo/images/ABC-Plan-de-contigencia.jpg HTTP/1.1" 200 423901
148.168.96.22 - - [08/Apr/2016:09:02:32 -0500] "GET /galeria/nivo-slider/themes/orman/orman.css HTTP/1.1" 200 2152
148.168.96.22 - - [08/Apr/2016:09:02:32 -0500] "GET /galeria/nivo-slider/themes/pascal/pascal.css HTTP/1.1" 200 2258
148.168.96.22 - - [08/Apr/2016:09:02:32 -0500] "GET /galeria/nivo-slider/themes/default/default.css HTTP/1.1" 200 1569
148.168.96.22 - - [08/Apr/2016:09:02:32 -0500] "GET /galeria/nivo-slider/demo/images/banner_decreto.png HTTP/1.1" 200 32523
148.168.96.22 - - [08/Apr/2016:09:02:32 -0500] "GET /galeria/nivo-slider/nivo-slider.css HTTP/1.1" 200 1507
148.168.96.22 - - [08/Apr/2016:09:02:33 -0500] "GET /galeria/nivo-slider/demo/scripts/jquery-1.7.1.min.js HTTP/1.1" 200 93868
186.145.97.91 - - [08/Apr/2016:09:02:32 -0500] "POST /forms/lservlet;jsessionid=ac16012b30d6f56a468600b146b4a619ba3570859d4d.e3iSbxaKaheRe3mSaNqNbNeNay1ynknvrkLOlQzNp65In0 HTTP/1.1" 200 3682
186.145.97.91 - - [08/Apr/2016:09:02:33 -0500] "POST /forms/lservlet;jsessionid=ac16012b30d6f56a468600b146b4a619ba3570859d4d.e3iSbxaKaheRe3mSaNqNbNeNay1ynknvrkLOlQzNp65In0 HTTP/1.1" 200 2
148.168.96.22 - - [08/Apr/2016:09:02:33 -0500] "GET /galeria/nivo-slider/demo/images/Cmapana-onestidad.jpg HTTP/1.1" 200 141638
148.168.96.22 - - [08/Apr/2016:09:02:33 -0500] "GET /galeria/nivo-slider/demo/images/Ruta-vertimientos-01.jpg HTTP/1.1" 200 130151
148.168.96.22 - - [08/Apr/2016:09:02:33 -0500] "GET /galeria/nivo-slider/demo/images/bolsas-06.jpg HTTP/1.1" 200 210950
148.168.96.22 - - [08/Apr/2016:09:02:33 -0500] "GET /galeria/nivo-slider/demo/images/9Signos.jpg HTTP/1.1" 200 81776
148.168.96.22 - - [08/Apr/2016:09:02:33 -0500] "GET /galeria/nivo-slider/demo/images/banner-llantas2.jpg HTTP/1.1" 200 234514
148.168.96.22 - - [08/Apr/2016:09:02:33 -0500] "GET /galeria/nivo-slider/jquery.nivo.slider.pack.js HTTP/1.1" 200 11561
186.145.97.91 - - [08/Apr/2016:09:02:33 -0500] "POST /forms/lservlet;jsessionid=ac16012b30d6f56a468600b146b4a619ba3570859d4d.e3iSbxaKaheRe3mSaNqNbNeNay1ynknvrkLOlQzNp65In0 HTTP/1.1" 200 2
148.168.96.22 - - [08/Apr/2016:09:02:34 -0500] "GET /galeria/nivo-slider/themes/default/loading.gif HTTP/1.1" 200 1737
148.168.96.22 - - [08/Apr/2016:09:02:34 -0500] "GET /galeria/nivo-slider/demo/images/4Simple_Slider.png HTTP/1.1" 200 11722
186.145.97.91 - - [08/Apr/2016:09:02:34 -0500] "POST /forms/lservlet;jsessionid=ac16012b30d6f56a468600b146b4a619ba3570859d4d.e3iSbxaKaheRe3mSaNqNbNeNay1ynknvrkLOlQzNp65In0 HTTP/1.1" 200 2994
186.145.97.91 - - [08/Apr/2016:09:02:34 -0500] "POST /forms/lservlet;jsessionid=ac16012b30d6f56a468600b146b4a619ba3570859d4d.e3iSbxaKaheRe3mSaNqNbNeNay1ynknvrkLOlQzNp65In0 HTTP/1.1" 200 2
186.145.97.91 - - [08/Apr/2016:09:02:35 -0500] "POST /forms/lservlet;jsessionid=ac16012b30d6f56a468600b146b4a619ba3570859d4d.e3iSbxaKaheRe3mSaNqNbNeNay1ynknvrkLOlQzNp65In0 HTTP/1.1" 200 2
186.145.97.91 - - [08/Apr/2016:09:02:35 -0500] "POST /forms/lservlet;jsessionid=ac16012b30d6f56a468600b146b4a619ba3570859d4d.e3iSbxaKaheRe3mSaNqNbNeNay1ynknvrkLOlQzNp65In0 HTTP/1.1" 200 2286
186.145.97.91 - - [08/Apr/2016:09:02:35 -0500] "POST /forms/lservlet;jsessionid=ac16012b30d6f56a468600b146b4a619ba3570859d4d.e3iSbxaKaheRe3mSaNqNbNeNay1ynknvrkLOlQzNp65In0 HTTP/1.1" 200 2
186.145.97.91 - - [08/Apr/2016:09:02:35 -0500] "POST /forms/lservlet;jsessionid=ac16012b30d6f56a468600b146b4a619ba3570859d4d.e3iSbxaKaheRe3mSaNqNbNeNay1ynknvrkLOlQzNp65In0 HTTP/1.1" 200 2
186.145.97.91 - - [08/Apr/2016:09:02:36 -0500] "POST /forms/lservlet;jsessionid=ac16012b30d6f56a468600b146b4a619ba3570859d4d.e3iSbxaKaheRe3mSaNqNbNeNay1ynknvrkLOlQzNp65In0 HTTP/1.1" 200 2999
186.145.97.91 - - [08/Apr/2016:09:02:36 -0500] "POST /forms/lservlet;jsessionid=ac16012b30d6f56a468600b146b4a619ba3570859d4d.e3iSbxaKaheRe3mSaNqNbNeNay1ynknvrkLOlQzNp65In0 HTTP/1.1" 200 2
148.168.96.22 - - [08/Apr/2016:09:02:37 -0500] "GET /galeria/nivo-slider/themes/default/bullets.png HTTP/1.1" 200 1281
186.145.97.91 - - [08/Apr/2016:09:02:37 -0500] "POST /forms/lservlet;jsessionid=ac16012b30d6f56a468600b146b4a619ba3570859d4d.e3iSbxaKaheRe3mSaNqNbNeNay1ynknvrkLOlQzNp65In0 HTTP/1.1" 200 2
148.168.96.22 - - [08/Apr/2016:09:02:37 -0500] "GET /galeria/nivo-slider/themes/default/arrows.png HTTP/1.1" 200 824
186.145.97.91 - - [08/Apr/2016:09:02:37 -0500] "POST /forms/lservlet;jsessionid=ac16012b30d6f56a468600b146b4a619ba3570859d4d.e3iSbxaKaheRe3mSaNqNbNeNay1ynknvrkLOlQzNp65In0 HTTP/1.1" 200 2259
186.145.97.91 - - [08/Apr/2016:09:02:37 -0500] "POST /forms/lservlet;jsessionid=ac16012b30d6f56a468600b146b4a619ba3570859d4d.e3iSbxaKaheRe3mSaNqNbNeNay1ynknvrkLOlQzNp65In0 HTTP/1.1" 200 2
186.145.97.91 - - [08/Apr/2016:09:02:38 -0500] "POST /forms/lservlet;jsessionid=ac16012b30d6f56a468600b146b4a619ba3570859d4d.e3iSbxaKaheRe3mSaNqNbNeNay1ynknvrkLOlQzNp65In0 HTTP/1.1" 200 2
186.145.97.91 - - [08/Apr/2016:09:02:38 -0500] "POST /forms/lservlet;jsessionid=ac16012b30d6f56a468600b146b4a619ba3570859d4d.e3iSbxaKaheRe3mSaNqNbNeNay1ynknvrkLOlQzNp65In0 HTTP/1.1" 200 3113
186.145.97.91 - - [08/Apr/2016:09:02:39 -0500] "POST /forms/lservlet;jsessionid=ac16012b30d6f56a468600b146b4a619ba3570859d4d.e3iSbxaKaheRe3mSaNqNbNeNay1ynknvrkLOlQzNp65In0 HTTP/1.1" 200 2
190.90.191.2 - - [08/Apr/2016:09:02:40 -0500] "GET /BLA/boletinlegal/js/jquery.scrollShow.js HTTP/1.1" 304 -
190.90.191.2 - - [08/Apr/2016:09:02:40 -0500] "GET /galeria/galeria/jquery.fancybox.js?v=2.1.5 HTTP/1.1" 304 -
190.90.191.2 - - [08/Apr/2016:09:02:40 -0500] "GET /galeria/galeria/jquery.fancybox.css?v=2.1.5 HTTP/1.1" 304 -
201.245.192.253 - - [08/Apr/2016:09:02:40 -0500] "GET /isolucionsda/FrameSetGeneral.asp?Pagina=BancoConocimiento/s/SistemadeGestionAmbiental_v0/SistemadeGestionAmbiental_v0.asp?&IdModulo=19 HTTP/1.1" 200 6754
181.143.41.122 - - [08/Apr/2016:09:02:40 -0500] "GET /BLA/boletinlegal/js/jquery.scrollShow.js HTTP/1.1" 200 4586
181.143.41.122 - - [08/Apr/2016:09:02:40 -0500] "GET /galeria/galeria/jquery.fancybox.css?v=2.1.5 HTTP/1.1" 200 4895
181.143.41.122 - - [08/Apr/2016:09:02:40 -0500] "GET /galeria/galeria/jquery.fancybox.js?v=2.1.5 HTTP/1.1" 200 48706
201.245.192.253 - - [08/Apr/2016:09:02:40 -0500] "GET /isolucionsda/Encabezado.asp?Pagina=BancoConocimiento/s/SistemadeGestionAmbiental_v0/SistemadeGestionAmbiental_v0.asp?&IdModulo=19 HTTP/1.1" 200 15731
201.245.192.253 - - [08/Apr/2016:09:02:40 -0500] "GET /isolucionsda/BarraFavoritos.asp HTTP/1.1" 200 911
201.245.192.253 - - [08/Apr/2016:09:02:40 -0500] "GET /isolucionsda/BarraTitulos.asp?Pagina=BancoConocimiento/s/SistemadeGestionAmbiental_v0/SistemadeGestionAmbiental_v0.asp?&IdModulo=19 HTTP/1.1" 200 6853
201.245.192.253 - - [08/Apr/2016:09:02:40 -0500] "GET /isolucionsda/Session.asp?Continue=1 HTTP/1.1" 200 6195
201.245.192.253 - - [08/Apr/2016:09:02:40 -0500] "GET /isolucionsda/BancoConocimiento/s/SistemadeGestionAmbiental_v0/SistemadeGestionAmbiental_v0.asp??Pagina=BancoConocimiento/s/SistemadeGestionAmbiental_v0/SistemadeGestionAmbiental_v0.asp?&IdModulo=19 HTTP/1.1" 200 37431
201.245.192.253 - - [08/Apr/2016:09:02:40 -0500] "GET /isolucionsda/estilosmapa.css HTTP/1.1" 200 1310
201.245.192.253 - - [08/Apr/2016:09:02:40 -0500] "GET /isolucionsda/g/gifTrasnparente.gif HTTP/1.1" 404 1245
201.245.192.253 - - [08/Apr/2016:09:02:40 -0500] "GET /isolucionsda/g/img_flecha01.jpg HTTP/1.1" 200 1043
201.245.192.253 - - [08/Apr/2016:09:02:40 -0500] "GET /isolucionsda/g/img_flechaoscura.jpg HTTP/1.1" 200 860
201.245.192.253 - - [08/Apr/2016:09:02:40 -0500] "GET /isolucionsda/g/img_puntaiz.jpg HTTP/1.1" 200 443
201.245.192.253 - - [08/Apr/2016:09:02:40 -0500] "GET /isolucionsda/g/img_puntader.jpg HTTP/1.1" 200 460
201.245.192.253 - - [08/Apr/2016:09:02:40 -0500] "GET /isolucionsda/g/img_flecha02.jpg HTTP/1.1" 200 1131
201.245.192.253 - - [08/Apr/2016:09:02:40 -0500] "GET /isolucionsda/g/img_flecha03.jpg HTTP/1.1" 200 1089
201.245.192.253 - - [08/Apr/2016:09:02:40 -0500] "GET /isolucionsda/g/img_bullet.jpg HTTP/1.1" 200 536
201.245.192.253 - - [08/Apr/2016:09:02:40 -0500] "GET /isolucionsda/g/bgr_linea.jpg HTTP/1.1" 200 333
186.145.97.91 - - [08/Apr/2016:09:02:43 -0500] "POST /forms/lservlet;jsessionid=ac16012b30d6f56a468600b146b4a619ba3570859d4d.e3iSbxaKaheRe3mSaNqNbNeNay1ynknvrkLOlQzNp65In0 HTTP/1.1" 200 2
186.145.97.91 - - [08/Apr/2016:09:02:43 -0500] "POST /forms/lservlet;jsessionid=ac16012b30d6f56a468600b146b4a619ba3570859d4d.e3iSbxaKaheRe3mSaNqNbNeNay1ynknvrkLOlQzNp65In0 HTTP/1.1" 200 2942
186.145.97.91 - - [08/Apr/2016:09:02:44 -0500] "POST /forms/lservlet;jsessionid=ac16012b30d6f56a468600b146b4a619ba3570859d4d.e3iSbxaKaheRe3mSaNqNbNeNay1ynknvrkLOlQzNp65In0 HTTP/1.1" 200 2
186.145.97.91 - - [08/Apr/2016:09:02:45 -0500] "POST /forms/lservlet;jsessionid=ac16012b30d6f56a468600b146b4a619ba3570859d4d.e3iSbxaKaheRe3mSaNqNbNeNay1ynknvrkLOlQzNp65In0 HTTP/1.1" 200 2
186.145.97.91 - - [08/Apr/2016:09:02:45 -0500] "POST /forms/lservlet;jsessionid=ac16012b30d6f56a468600b146b4a619ba3570859d4d.e3iSbxaKaheRe3mSaNqNbNeNay1ynknvrkLOlQzNp65In0 HTTP/1.1" 200 2448
186.145.97.91 - - [08/Apr/2016:09:02:45 -0500] "POST /forms/lservlet;jsessionid=ac16012b30d6f56a468600b146b4a619ba3570859d4d.e3iSbxaKaheRe3mSaNqNbNeNay1ynknvrkLOlQzNp65In0 HTTP/1.1" 200 2
186.145.97.91 - - [08/Apr/2016:09:02:46 -0500] "POST /forms/lservlet;jsessionid=ac16012b30d6f56a468600b146b4a619ba3570859d4d.e3iSbxaKaheRe3mSaNqNbNeNay1ynknvrkLOlQzNp65In0 HTTP/1.1" 200 2
186.145.97.91 - - [08/Apr/2016:09:02:46 -0500] "POST /forms/lservlet;jsessionid=ac16012b30d6f56a468600b146b4a619ba3570859d4d.e3iSbxaKaheRe3mSaNqNbNeNay1ynknvrkLOlQzNp65In0 HTTP/1.1" 200 2816
186.145.97.91 - - [08/Apr/2016:09:02:46 -0500] "POST /forms/lservlet;jsessionid=ac16012b30d6f56a468600b146b4a619ba3570859d4d.e3iSbxaKaheRe3mSaNqNbNeNay1ynknvrkLOlQzNp65In0 HTTP/1.1" 200 2
186.145.97.91 - - [08/Apr/2016:09:02:47 -0500] "POST /forms/lservlet;jsessionid=ac16012b30d6f56a468600b146b4a619ba3570859d4d.e3iSbxaKaheRe3mSaNqNbNeNay1ynknvrkLOlQzNp65In0 HTTP/1.1" 200 2
186.145.97.91 - - [08/Apr/2016:09:02:47 -0500] "POST /forms/lservlet;jsessionid=ac16012b30d6f56a468600b146b4a619ba3570859d4d.e3iSbxaKaheRe3mSaNqNbNeNay1ynknvrkLOlQzNp65In0 HTTP/1.1" 200 2453
186.145.97.91 - - [08/Apr/2016:09:02:47 -0500] "POST /forms/lservlet;jsessionid=ac16012b30d6f56a468600b146b4a619ba3570859d4d.e3iSbxaKaheRe3mSaNqNbNeNay1ynknvrkLOlQzNp65In0 HTTP/1.1" 200 2
66.249.88.228 - - [08/Apr/2016:09:02:47 -0500] "GET /galeria/galeria/jquery.fancybox.css?v=2.1.5 HTTP/1.1" 200 4895
66.249.88.228 - - [08/Apr/2016:09:02:48 -0500] "GET /BLA/boletinlegal/js/jquery.scrollShow.js HTTP/1.1" 200 4586
66.249.88.228 - - [08/Apr/2016:09:02:48 -0500] "GET /galeria/galeria/jquery.fancybox.js?v=2.1.5 HTTP/1.1" 200 48706
186.145.97.91 - - [08/Apr/2016:09:02:48 -0500] "POST /forms/lservlet;jsessionid=ac16012b30d6f56a468600b146b4a619ba3570859d4d.e3iSbxaKaheRe3mSaNqNbNeNay1ynknvrkLOlQzNp65In0 HTTP/1.1" 200 2
186.145.97.91 - - [08/Apr/2016:09:02:48 -0500] "POST /forms/lservlet;jsessionid=ac16012b30d6f56a468600b146b4a619ba3570859d4d.e3iSbxaKaheRe3mSaNqNbNeNay1ynknvrkLOlQzNp65In0 HTTP/1.1" 200 3015
186.145.97.91 - - [08/Apr/2016:09:02:48 -0500] "POST /forms/lservlet;jsessionid=ac16012b30d6f56a468600b146b4a619ba3570859d4d.e3iSbxaKaheRe3mSaNqNbNeNay1ynknvrkLOlQzNp65In0 HTTP/1.1" 200 2
66.249.64.96 - - [08/Apr/2016:09:02:49 -0500] "GET /BLA/resoluciones/AUTOS%202012/2253.pdf HTTP/1.1" 200 153396
186.145.97.91 - - [08/Apr/2016:09:02:49 -0500] "POST /forms/lservlet;jsessionid=ac16012b30d6f56a468600b146b4a619ba3570859d4d.e3iSbxaKaheRe3mSaNqNbNeNay1ynknvrkLOlQzNp65In0 HTTP/1.1" 200 2
186.145.97.91 - - [08/Apr/2016:09:02:49 -0500] "POST /forms/lservlet;jsessionid=ac16012b30d6f56a468600b146b4a619ba3570859d4d.e3iSbxaKaheRe3mSaNqNbNeNay1ynknvrkLOlQzNp65In0 HTTP/1.1" 200 2517
186.145.97.91 - - [08/Apr/2016:09:02:49 -0500] "POST /forms/lservlet;jsessionid=ac16012b30d6f56a468600b146b4a619ba3570859d4d.e3iSbxaKaheRe3mSaNqNbNeNay1ynknvrkLOlQzNp65In0 HTTP/1.1" 200 2
186.145.97.91 - - [08/Apr/2016:09:02:50 -0500] "POST /forms/lservlet;jsessionid=ac16012b30d6f56a468600b146b4a619ba3570859d4d.e3iSbxaKaheRe3mSaNqNbNeNay1ynknvrkLOlQzNp65In0 HTTP/1.1" 200 2
186.145.97.91 - - [08/Apr/2016:09:02:50 -0500] "POST /forms/lservlet;jsessionid=ac16012b30d6f56a468600b146b4a619ba3570859d4d.e3iSbxaKaheRe3mSaNqNbNeNay1ynknvrkLOlQzNp65In0 HTTP/1.1" 200 2797
186.145.97.91 - - [08/Apr/2016:09:02:50 -0500] "POST /forms/lservlet;jsessionid=ac16012b30d6f56a468600b146b4a619ba3570859d4d.e3iSbxaKaheRe3mSaNqNbNeNay1ynknvrkLOlQzNp65In0 HTTP/1.1" 200 2
186.145.97.91 - - [08/Apr/2016:09:02:51 -0500] "POST /forms/lservlet;jsessionid=ac16012b30d6f56a468600b146b4a619ba3570859d4d.e3iSbxaKaheRe3mSaNqNbNeNay1ynknvrkLOlQzNp65In0 HTTP/1.1" 200 2
186.145.97.91 - - [08/Apr/2016:09:02:51 -0500] "POST /forms/lservlet;jsessionid=ac16012b30d6f56a468600b146b4a619ba3570859d4d.e3iSbxaKaheRe3mSaNqNbNeNay1ynknvrkLOlQzNp65In0 HTTP/1.1" 200 2785
186.145.97.91 - - [08/Apr/2016:09:02:52 -0500] "POST /forms/lservlet;jsessionid=ac16012b30d6f56a468600b146b4a619ba3570859d4d.e3iSbxaKaheRe3mSaNqNbNeNay1ynknvrkLOlQzNp65In0 HTTP/1.1" 200 2
186.145.97.91 - - [08/Apr/2016:09:02:52 -0500] "POST /forms/lservlet;jsessionid=ac16012b30d6f56a468600b146b4a619ba3570859d4d.e3iSbxaKaheRe3mSaNqNbNeNay1ynknvrkLOlQzNp65In0 HTTP/1.1" 200 2
186.145.97.91 - - [08/Apr/2016:09:02:52 -0500] "POST /forms/lservlet;jsessionid=ac16012b30d6f56a468600b146b4a619ba3570859d4d.e3iSbxaKaheRe3mSaNqNbNeNay1ynknvrkLOlQzNp65In0 HTTP/1.1" 200 2904
186.145.97.91 - - [08/Apr/2016:09:02:53 -0500] "POST /forms/lservlet;jsessionid=ac16012b30d6f56a468600b146b4a619ba3570859d4d.e3iSbxaKaheRe3mSaNqNbNeNay1ynknvrkLOlQzNp65In0 HTTP/1.1" 200 2
181.143.41.122 - - [08/Apr/2016:09:02:53 -0500] "GET /galeria/galeria/jquery.fancybox.css?v=2.1.5 HTTP/1.1" 304 -
181.143.41.122 - - [08/Apr/2016:09:02:53 -0500] "GET /galeria/galeria/jquery.fancybox.js?v=2.1.5 HTTP/1.1" 304 -
181.143.41.122 - - [08/Apr/2016:09:02:53 -0500] "GET /BLA/boletinlegal/js/jquery.scrollShow.js HTTP/1.1" 304 -
66.249.64.96 - - [08/Apr/2016:09:02:53 -0500] "GET /galeria/nivo-slider/demo/images/Semana-Ambiental.jpg HTTP/1.1" 200 62910
186.145.97.91 - - [08/Apr/2016:09:02:53 -0500] "POST /forms/lservlet;jsessionid=ac16012b30d6f56a468600b146b4a619ba3570859d4d.e3iSbxaKaheRe3mSaNqNbNeNay1ynknvrkLOlQzNp65In0 HTTP/1.1" 200 2
201.245.192.253 - - [08/Apr/2016:09:02:54 -0500] "GET /galeria/nivo-slider/demo/demo.html HTTP/1.1" 304 -
186.145.97.91 - - [08/Apr/2016:09:02:53 -0500] "POST /forms/lservlet;jsessionid=ac16012b30d6f56a468600b146b4a619ba3570859d4d.e3iSbxaKaheRe3mSaNqNbNeNay1ynknvrkLOlQzNp65In0 HTTP/1.1" 200 2194
186.145.97.91 - - [08/Apr/2016:09:02:54 -0500] "POST /forms/lservlet;jsessionid=ac16012b30d6f56a468600b146b4a619ba3570859d4d.e3iSbxaKaheRe3mSaNqNbNeNay1ynknvrkLOlQzNp65In0 HTTP/1.1" 200 2
201.245.192.253 - - [08/Apr/2016:09:02:55 -0500] "GET /galeria/nivo-slider/demo/images/ABC-Plan-de-contigencia.jpg HTTP/1.1" 304 -
201.245.192.253 - - [08/Apr/2016:09:02:55 -0500] "GET /galeria/nivo-slider/demo/images/banner-llantas2015.jpg HTTP/1.1" 304 -
186.145.97.91 - - [08/Apr/2016:09:02:55 -0500] "POST /forms/lservlet;jsessionid=ac16012b30d6f56a468600b146b4a619ba3570859d4d.e3iSbxaKaheRe3mSaNqNbNeNay1ynknvrkLOlQzNp65In0 HTTP/1.1" 200 2
201.245.192.253 - - [08/Apr/2016:09:02:55 -0500] "GET /galeria/nivo-slider/demo/images/caminata-ecologica.jpg HTTP/1.1" 304 -
201.245.192.253 - - [08/Apr/2016:09:02:55 -0500] "GET /galeria/nivo-slider/demo/images/banner-llantas2.jpg HTTP/1.1" 304 -
201.245.192.253 - - [08/Apr/2016:09:02:55 -0500] "GET /galeria/nivo-slider/demo/images/bolsas-06.jpg HTTP/1.1" 304 -
186.145.97.91 - - [08/Apr/2016:09:02:55 -0500] "POST /forms/lservlet;jsessionid=ac16012b30d6f56a468600b146b4a619ba3570859d4d.e3iSbxaKaheRe3mSaNqNbNeNay1ynknvrkLOlQzNp65In0 HTTP/1.1" 200 2138
