66.249.64.96 - - [17/Apr/2016:05:13:39 -0500] "GET /BLA/resoluciones/RESOLUCIONES%202003/RES%202003%201951-2000/00001991.tif HTTP/1.1" 200 90020
66.249.64.96 - - [17/Apr/2016:05:13:57 -0500] "GET /BLA/resoluciones/RESOLUCIONES%202008/2358.pdf HTTP/1.1" 200 289021
66.249.64.96 - - [17/Apr/2016:05:14:03 -0500] "GET /BLA/resoluciones/RESOLUCIONES%202007/RES%202007%20401%20AL%20500/RESOLUCION%200482%20DE%202007.pdf HTTP/1.1" 200 427275
66.249.64.96 - - [17/Apr/2016:05:14:07 -0500] "GET /BLA/resoluciones/AUTOS%202014/1051.pdf HTTP/1.1" 200 424547
66.249.64.96 - - [17/Apr/2016:05:14:13 -0500] "GET /BLA/resoluciones/AUTOS%202014/5709.pdf HTTP/1.1" 200 424520
69.162.124.232 - - [17/Apr/2016:05:14:24 -0500] "HEAD / HTTP/1.1" 200 -
66.249.64.96 - - [17/Apr/2016:05:14:34 -0500] "GET /BLA/resoluciones/AUTOS%202014/3287.pdf HTTP/1.1" 200 432311
66.249.64.96 - - [17/Apr/2016:05:14:38 -0500] "GET /BLA/resoluciones/AUTOS%202014/3217.pdf HTTP/1.1" 200 429725
66.249.64.96 - - [17/Apr/2016:05:14:40 -0500] "GET /BLA/resoluciones/AUTOS%202008/2915.pdf HTTP/1.1" 200 87382
66.249.64.96 - - [17/Apr/2016:05:14:42 -0500] "GET /BLA/resoluciones/AUTOS%202012/2490.pdf HTTP/1.1" 200 356850
66.249.64.96 - - [17/Apr/2016:05:14:43 -0500] "GET /BLA/resoluciones/AUTOS%202008/1073.pdf HTTP/1.1" 200 215159
66.249.64.96 - - [17/Apr/2016:05:14:47 -0500] "GET /BLA/resoluciones/RESOLUCIONES%202008/1854.pdf HTTP/1.1" 200 120847
66.249.64.96 - - [17/Apr/2016:05:14:49 -0500] "GET /BLA/resoluciones/AUTOS%202011/6257.pdf HTTP/1.1" 200 265224
66.249.64.96 - - [17/Apr/2016:05:14:53 -0500] "GET /BLA/resoluciones/AUTOS%202007/2576.pdf HTTP/1.1" 200 39224
66.249.64.96 - - [17/Apr/2016:05:14:56 -0500] "GET /BLA/resoluciones/RESOLUCIONES%202010/3093.pdf HTTP/1.1" 200 503077
66.249.64.96 - - [17/Apr/2016:05:14:59 -0500] "GET /BLA/resoluciones/AUTOS%202009/0735.pdf HTTP/1.1" 200 560420
66.249.64.96 - - [17/Apr/2016:05:15:04 -0500] "GET /BLA/resoluciones/AUTOS%202008/1763.pdf HTTP/1.1" 200 194838
66.249.64.96 - - [17/Apr/2016:05:15:09 -0500] "GET /BLA/resoluciones/AUTOS%202008/2471.pdf HTTP/1.1" 200 177545
66.249.64.96 - - [17/Apr/2016:05:15:14 -0500] "GET /BLA/resoluciones/AUTOS%202008/0684.pdf HTTP/1.1" 200 90107
66.249.64.96 - - [17/Apr/2016:05:15:19 -0500] "GET /BLA/resoluciones/AUTOS%202008/3470.pdf HTTP/1.1" 200 146936
66.249.64.96 - - [17/Apr/2016:05:15:31 -0500] "GET /BLA/resoluciones/AUTOS%202008/2913.pdf HTTP/1.1" 200 60838
66.249.64.96 - - [17/Apr/2016:05:15:32 -0500] "GET /BLA/resoluciones/AUTOS%202012/1596.pdf HTTP/1.1" 200 419070
181.50.23.29 - - [17/Apr/2016:05:15:33 -0500] "GET /galeria/mapa/aulaSantaM.jpg HTTP/1.1" 200 69216
66.249.64.96 - - [17/Apr/2016:05:15:36 -0500] "GET /BLA/resoluciones/RESOLUCIONES%202008/0052.pdf HTTP/1.1" 200 275744
66.249.64.96 - - [17/Apr/2016:05:15:40 -0500] "GET /BLA/resoluciones/RESOLUCIONES%202007/RES%202007%203501%20AL%203600/RESOLUCION%203511%20DE%202007.pdf HTTP/1.1" 200 408103
151.80.31.179 - - [17/Apr/2016:05:15:44 -0500] "GET /galeria/galeria/fotos/Movilizacion7G.jpg HTTP/1.1" 200 142134
66.249.64.96 - - [17/Apr/2016:05:15:59 -0500] "GET /BLA/resoluciones/RESOLUCIONES%202007/RES%202007%203301%20AL%203400/RESOLUCION%203361%20DE%202007.pdf HTTP/1.1" 200 521834
66.249.64.96 - - [17/Apr/2016:05:16:01 -0500] "GET /BLA/resoluciones/AUTOS%202007/2968.pdf HTTP/1.1" 200 132434
66.249.64.96 - - [17/Apr/2016:05:16:03 -0500] "GET /BLA/resoluciones/RESOLUCIONES%202008/4760.pdf HTTP/1.1" 200 917328
66.249.64.96 - - [17/Apr/2016:05:16:08 -0500] "GET /BLA/resoluciones/AUTOS%202013/0087.pdf HTTP/1.1" 200 309970
66.249.64.96 - - [17/Apr/2016:05:16:10 -0500] "GET /BLA/resoluciones/AUTOS%202013/1983.pdf HTTP/1.1" 200 413942
66.249.64.96 - - [17/Apr/2016:05:16:11 -0500] "GET /BLA/resoluciones/RESOLUCIONES%202007/RES%202007%202701%20AL%202800/RESOLUCION%202796%20DE%202007.pdf HTTP/1.1" 200 819734
66.249.64.96 - - [17/Apr/2016:05:16:17 -0500] "GET /BLA/resoluciones/RESOLUCIONES%202008/4887.pdf HTTP/1.1" 200 250976
51.255.65.61 - - [17/Apr/2016:05:16:20 -0500] "GET /BLA/resoluciones/AUTOS%202006/AUTOS%202006%20501-600/00000535.tif HTTP/1.1" 200 41450
66.249.64.96 - - [17/Apr/2016:05:16:21 -0500] "GET /BLA/resoluciones/RESOLUCIONES%202008/3692.pdf HTTP/1.1" 200 552177
66.249.64.75 - - [17/Apr/2016:05:16:32 -0500] "GET /css/bootstrap.min.css HTTP/1.1" 200 105939
66.249.64.96 - - [17/Apr/2016:05:16:33 -0500] "GET /BLA/resoluciones/RESOLUCIONES%202008/4727.pdf HTTP/1.1" 200 638687
66.249.64.96 - - [17/Apr/2016:05:16:35 -0500] "GET /BLA/resoluciones/RESOLUCIONES%202009/9736.pdf HTTP/1.1" 200 365715
66.249.64.96 - - [17/Apr/2016:05:16:37 -0500] "GET /BLA/resoluciones/RESOLUCIONES%202009/7851.pdf HTTP/1.1" 200 500919
66.249.64.75 - - [17/Apr/2016:05:16:39 -0500] "GET /css/style.css HTTP/1.1" 200 3610
66.249.64.96 - - [17/Apr/2016:05:16:42 -0500] "GET /BLA/resoluciones/AUTOS%202011/7541.pdf HTTP/1.1" 200 556104
103.23.18.15 - - [17/Apr/2016:05:16:43 -0500] "GET /galeria/carrusel/Carrusel/jquery.thumbnailScroller.css HTTP/1.1" 200 2066
103.23.18.15 - - [17/Apr/2016:05:16:43 -0500] "GET /galeria/carrusel/Carrusel/jquery-ui-1.8.13.custom.min.js HTTP/1.1" 200 10800
103.23.18.15 - - [17/Apr/2016:05:16:43 -0500] "GET /galeria/carrusel/Carrusel/jquery.thumbnailScroller.js HTTP/1.1" 200 8157
66.249.64.153 - - [17/Apr/2016:05:16:43 -0500] "GET /BLA/boletinlegal/jurisprudencia/analisis/G__Jurisp.%20Junio%202014_ANALISIS%20JURISPRUDENCIA%20C-634-12%20DECOMISO.docx HTTP/1.1" 200 27045
103.23.18.15 - - [17/Apr/2016:05:16:44 -0500] "GET /galeria/nivo-slider/demo/demo.html HTTP/1.1" 200 3625
103.23.18.15 - - [17/Apr/2016:05:16:44 -0500] "GET /galeria/nivo-slider/themes/pascal/pascal.css HTTP/1.1" 200 2258
103.23.18.15 - - [17/Apr/2016:05:16:44 -0500] "GET /galeria/nivo-slider/themes/default/default.css HTTP/1.1" 200 1569
103.23.18.15 - - [17/Apr/2016:05:16:44 -0500] "GET /galeria/nivo-slider/themes/orman/orman.css HTTP/1.1" 200 2152
103.23.18.15 - - [17/Apr/2016:05:16:44 -0500] "GET /galeria/nivo-slider/nivo-slider.css HTTP/1.1" 200 1507
103.23.18.15 - - [17/Apr/2016:05:16:45 -0500] "GET /galeria/nivo-slider/demo/style.css HTTP/1.1" 200 2222
103.23.18.15 - - [17/Apr/2016:05:16:45 -0500] "GET /galeria/nivo-slider/demo/scripts/jquery-1.7.1.min.js HTTP/1.1" 200 93868
103.23.18.15 - - [17/Apr/2016:05:16:45 -0500] "GET /galeria/nivo-slider/jquery.nivo.slider.pack.js HTTP/1.1" 200 11561
103.23.18.15 - - [17/Apr/2016:05:16:45 -0500] "GET /galeria/nivo-slider/demo/images/4Simple_Slider.png HTTP/1.1" 200 11722
103.23.18.15 - - [17/Apr/2016:05:16:45 -0500] "GET /galeria/nivo-slider/themes/default/loading.gif HTTP/1.1" 200 1737
103.23.18.15 - - [17/Apr/2016:05:16:46 -0500] "GET /galeria/nivo-slider/demo/images/banner_consejo.jpg HTTP/1.1" 200 226074
66.249.64.96 - - [17/Apr/2016:05:16:47 -0500] "GET /BLA/resoluciones/AUTOS%202012/1997.pdf HTTP/1.1" 200 2382635
103.23.18.15 - - [17/Apr/2016:05:16:48 -0500] "GET /galeria/nivo-slider/demo/images/Banner_Site_Ciclo7.jpg HTTP/1.1" 200 293854
103.23.18.15 - - [17/Apr/2016:05:16:48 -0500] "GET /galeria/nivo-slider/demo/images/banner_decreto.png HTTP/1.1" 200 32523
103.23.18.15 - - [17/Apr/2016:05:16:49 -0500] "GET /galeria/nivo-slider/demo/images/ecolecta2016.jpg HTTP/1.1" 200 147170
103.23.18.15 - - [17/Apr/2016:05:16:50 -0500] "GET /galeria/nivo-slider/demo/images/ABC-Plan-de-contigencia.jpg HTTP/1.1" 200 423901
103.23.18.15 - - [17/Apr/2016:05:16:52 -0500] "GET /galeria/nivo-slider/demo/images/banner-llantas2015.jpg HTTP/1.1" 200 268366
103.23.18.15 - - [17/Apr/2016:05:16:52 -0500] "GET /galeria/nivo-slider/demo/images/caminata-ecologica.jpg HTTP/1.1" 200 192926
103.23.18.15 - - [17/Apr/2016:05:16:53 -0500] "GET /galeria/nivo-slider/demo/images/Cmapana-onestidad.jpg HTTP/1.1" 200 141638
103.23.18.15 - - [17/Apr/2016:05:16:54 -0500] "GET /galeria/nivo-slider/demo/images/banner-llantas2.jpg HTTP/1.1" 200 234514
66.249.64.96 - - [17/Apr/2016:05:16:55 -0500] "GET /BLA/resoluciones/AUTOS%202011/4993.pdf HTTP/1.1" 200 234395
66.249.64.96 - - [17/Apr/2016:05:16:57 -0500] "GET /BLA/resoluciones/AUTOS%202012/0273.pdf HTTP/1.1" 200 158332
103.23.18.15 - - [17/Apr/2016:05:16:59 -0500] "GET /galeria/nivo-slider/demo/images/9Signos.jpg HTTP/1.1" 200 81776
103.23.18.15 - - [17/Apr/2016:05:16:59 -0500] "GET /galeria/nivo-slider/demo/images/Ruta-vertimientos-01.jpg HTTP/1.1" 200 130151
103.23.18.15 - - [17/Apr/2016:05:16:59 -0500] "GET /galeria/nivo-slider/demo/images/bolsas-06.jpg HTTP/1.1" 200 210950
103.23.18.15 - - [17/Apr/2016:05:17:09 -0500] "GET /galeria/nivo-slider/themes/default/bullets.png HTTP/1.1" 200 1281
103.23.18.15 - - [17/Apr/2016:05:17:10 -0500] "GET /galeria/nivo-slider/themes/default/arrows.png HTTP/1.1" 200 824
66.249.64.96 - - [17/Apr/2016:05:17:15 -0500] "GET /BLA/resoluciones/AUTOS%202014/1118.pdf HTTP/1.1" 200 385887
66.249.64.96 - - [17/Apr/2016:05:17:21 -0500] "GET /BLA/resoluciones/RESOLUCIONES%202013/1394.pdf HTTP/1.1" 200 551038
51.255.65.71 - - [17/Apr/2016:05:17:23 -0500] "GET /BLA/resoluciones/RESOLUCIONES%202004/RES%202004%201651-1700/00001661.tif HTTP/1.1" 200 157528
66.249.64.96 - - [17/Apr/2016:05:17:23 -0500] "GET /BLA/resoluciones/AUTOS%202015/2971.pdf HTTP/1.1" 304 -
66.249.64.96 - - [17/Apr/2016:05:17:29 -0500] "GET /BLA/resoluciones/RESOLUCIONES%202007/RES%202007%20101%20AL%20200/RESOLUCION%200105%20DE%202007.pdf HTTP/1.1" 200 309157
66.249.64.96 - - [17/Apr/2016:05:17:30 -0500] "GET /BLA/resoluciones/AUTOS%202011/4152.pdf HTTP/1.1" 200 319789
66.249.64.96 - - [17/Apr/2016:05:17:39 -0500] "GET /BLA/resoluciones/RESOLUCIONES%202011/0404.pdf HTTP/1.1" 200 294039
66.249.64.96 - - [17/Apr/2016:05:17:54 -0500] "GET /BLA/resoluciones/AUTOS%202012/1756.pdf HTTP/1.1" 200 898499
66.249.64.96 - - [17/Apr/2016:05:18:04 -0500] "GET /BLA/resoluciones/RESOLUCIONES%202010/1607.pdf HTTP/1.1" 304 -
66.249.64.96 - - [17/Apr/2016:05:18:05 -0500] "GET /BLA/resoluciones/RESOLUCIONES%202007/RES%202007%202501%20AL%202600/RESOLUCION%202525%20DE%202007.pdf HTTP/1.1" 304 -
66.249.64.96 - - [17/Apr/2016:05:18:10 -0500] "GET /BLA/resoluciones/RESOLUCIONES%202010/7783.pdf HTTP/1.1" 200 351567
66.249.64.96 - - [17/Apr/2016:05:18:15 -0500] "GET /BLA/resoluciones/RESOLUCIONES%202009/5870.pdf HTTP/1.1" 304 -
66.249.64.96 - - [17/Apr/2016:05:18:20 -0500] "GET /BLA/resoluciones/Notificaciones/REGISTROS%202015/1030.doc HTTP/1.1" 200 210432
66.249.64.96 - - [17/Apr/2016:05:18:32 -0500] "GET /BLA/resoluciones/RESOLUCIONES%202009/0445.pdf HTTP/1.1" 200 358350
66.249.64.96 - - [17/Apr/2016:05:18:46 -0500] "GET /BLA/resoluciones/RESOLUCIONES%202014/3651.pdf HTTP/1.1" 304 -
152.61.192.232 - - [17/Apr/2016:05:18:55 -0500] "HEAD / HTTP/1.1" 200 -
66.249.64.96 - - [17/Apr/2016:05:18:56 -0500] "GET /BLA/resoluciones/AUTOS%202008/0611.pdf HTTP/1.1" 304 -
66.249.64.96 - - [17/Apr/2016:05:19:12 -0500] "GET /BLA/resoluciones/AUTOS%202008/1679.pdf HTTP/1.1" 304 -
152.61.192.232 - - [17/Apr/2016:05:18:55 -0500] "GET /arcgis/services/Calidad_del_Agua_WQI/MapServer/WMSServer?request=GetCapabilities&service=WMS HTTP/1.1" 503 1020
152.61.192.232 - - [17/Apr/2016:05:19:17 -0500] "GET /arcgis/services/Calidad_del_Agua_WQI/MapServer/WMSServer?SERVICE=WMS&REQUEST=GetCapabilities HTTP/1.1" 503 1020
152.61.192.232 - - [17/Apr/2016:05:19:17 -0500] "GET /arcgis/services/Calidad_del_Agua_WQI/MapServer/WMSServer?WMTVER=1.0.0&REQUEST=capabilities HTTP/1.1" 503 1020
69.162.124.232 - - [17/Apr/2016:05:19:24 -0500] "HEAD / HTTP/1.1" 200 -
66.249.64.96 - - [17/Apr/2016:05:19:41 -0500] "GET /BLA/resoluciones/RESOLUCIONES%202010/4511.pdf HTTP/1.1" 304 -
66.249.64.96 - - [17/Apr/2016:05:19:47 -0500] "GET /BLA/resoluciones/RESOLUCIONES%202009/7839.pdf HTTP/1.1" 304 -
66.249.64.96 - - [17/Apr/2016:05:19:54 -0500] "GET /BLA/resoluciones/AUTOS%202011/2464.pdf HTTP/1.1" 200 135662
66.249.64.96 - - [17/Apr/2016:05:19:56 -0500] "GET /BLA/resoluciones/RESOLUCIONES%202011/1070.pdf HTTP/1.1" 200 369313
66.249.64.96 - - [17/Apr/2016:05:19:57 -0500] "GET /BLA/resoluciones/RESOLUCIONES%202007/RES%202007%204001%20AL%204100/RESOLUCION%204055%20DE%202007.pdf HTTP/1.1" 304 -
216.81.71.100 - - [17/Apr/2016:05:20:03 -0500] "GET / HTTP/1.1" 200 9990
66.249.64.96 - - [17/Apr/2016:05:20:19 -0500] "GET /BLA/resoluciones/RESOLUCIONES%202009/2581.pdf HTTP/1.1" 200 495754
66.249.64.96 - - [17/Apr/2016:05:20:27 -0500] "GET /BLA/resoluciones/AUTOS%202014/6823.pdf HTTP/1.1" 200 373865
66.249.64.96 - - [17/Apr/2016:05:20:29 -0500] "GET /BLA/resoluciones/AUTOS%202009/0046.pdf HTTP/1.1" 304 -
66.249.64.96 - - [17/Apr/2016:05:20:43 -0500] "GET /BLA/resoluciones/AUTOS%202011/5531.pdf HTTP/1.1" 304 -
66.249.64.96 - - [17/Apr/2016:05:20:44 -0500] "GET /BLA/resoluciones/RESOLUCIONES%202013/0466.pdf HTTP/1.1" 304 -
66.249.64.96 - - [17/Apr/2016:05:20:45 -0500] "GET /BLA/resoluciones/RESOLUCIONES%202008/1495.pdf HTTP/1.1" 304 -
164.132.161.17 - - [17/Apr/2016:05:20:54 -0500] "GET /BLA/resoluciones/RESOLUCIONES%202005/RES%202005%20%201701-1750/00001716.tif HTTP/1.1" 200 36682
66.249.64.96 - - [17/Apr/2016:05:21:10 -0500] "GET /BLA/resoluciones/RESOLUCIONES%202007/RES%202007%203001%20AL%203100/RESOLUCION%203006%20DE%202007.pdf HTTP/1.1" 304 -
66.249.64.96 - - [17/Apr/2016:05:21:15 -0500] "GET /BLA/resoluciones/RESOLUCIONES%202010/3069.pdf HTTP/1.1" 304 -
66.249.64.96 - - [17/Apr/2016:05:21:18 -0500] "GET /BLA/resoluciones/RESOLUCIONES%202007/RES%202007%20401%20AL%20500/RESOLUCION%200461%20DE%202007.pdf HTTP/1.1" 304 -
66.249.64.96 - - [17/Apr/2016:05:21:21 -0500] "GET /BLA/resoluciones/RESOLUCIONES%202007/RES%202007%201101%20AL%201200/RESOLUCION%201184%20DE%202007.pdf HTTP/1.1" 304 -
66.249.64.96 - - [17/Apr/2016:05:21:22 -0500] "GET /BLA/resoluciones/RESOLUCIONES%202009/2821.pdf HTTP/1.1" 200 332822
66.249.64.96 - - [17/Apr/2016:05:21:23 -0500] "GET /BLA/resoluciones/RESOLUCIONES%202008/1824.pdf HTTP/1.1" 200 207865
66.249.64.96 - - [17/Apr/2016:05:21:25 -0500] "GET /BLA/resoluciones/AUTOS%202008/1723.pdf HTTP/1.1" 200 151271
66.249.64.96 - - [17/Apr/2016:05:21:26 -0500] "GET /BLA/resoluciones/Notificaciones/AUTOS%202014/0549.doc HTTP/1.1" 304 -
66.249.64.96 - - [17/Apr/2016:05:22:06 -0500] "GET /BLA/resoluciones/RESOLUCIONES%202009/2081.pdf HTTP/1.1" 200 561575
66.249.64.96 - - [17/Apr/2016:05:22:10 -0500] "GET /BLA/resoluciones/RESOLUCIONES%202013/1024.pdf HTTP/1.1" 304 -
66.249.64.96 - - [17/Apr/2016:05:22:15 -0500] "GET /BLA/resoluciones/AUTOS%202011/4978.pdf HTTP/1.1" 200 361205
66.249.64.96 - - [17/Apr/2016:05:22:24 -0500] "GET /BLA/boletinlegal/notificaciones.php HTTP/1.1" 200 4903
66.249.64.96 - - [17/Apr/2016:05:22:25 -0500] "GET /BLA/resoluciones/AUTOS%202011/0522.pdf HTTP/1.1" 304 -
66.249.64.96 - - [17/Apr/2016:05:22:31 -0500] "GET /BLA/resoluciones/RESOLUCIONES%202010/6184.pdf HTTP/1.1" 200 3337965
164.132.161.86 - - [17/Apr/2016:05:22:36 -0500] "GET /BLA/resoluciones/AUTOS%202006/AUTOS%202006%201701%20-%201800/00001731.tif HTTP/1.1" 200 88952
66.249.64.96 - - [17/Apr/2016:05:22:37 -0500] "GET /BLA/resoluciones/AUTOS%202007/0894.pdf HTTP/1.1" 304 -
66.249.64.96 - - [17/Apr/2016:05:22:44 -0500] "GET /BLA/resoluciones/RESOLUCIONES%202009/3478.pdf HTTP/1.1" 304 -
66.249.64.96 - - [17/Apr/2016:05:22:51 -0500] "GET /BLA/resoluciones/RESOLUCIONES%202009/8438.pdf HTTP/1.1" 200 505559
66.249.64.96 - - [17/Apr/2016:05:23:06 -0500] "GET /BLA/resoluciones/RESOLUCIONES%202009/2113.pdf HTTP/1.1" 200 307297
164.132.161.87 - - [17/Apr/2016:05:23:07 -0500] "GET /BLA/resoluciones/RESOLUCIONES%202003/RES%202003%201201-1250/2003RES1245.tif HTTP/1.1" 200 70164
66.249.64.96 - - [17/Apr/2016:05:23:07 -0500] "GET /BLA/resoluciones/AUTOS%202014/3701.pdf HTTP/1.1" 304 -
66.249.64.96 - - [17/Apr/2016:05:23:09 -0500] "GET /BLA/resoluciones/AUTOS%202011/4144.pdf HTTP/1.1" 304 -
66.249.64.96 - - [17/Apr/2016:05:23:42 -0500] "GET /BLA/resoluciones/AUTOS%202013/2334.pdf HTTP/1.1" 304 -
66.249.64.96 - - [17/Apr/2016:05:23:51 -0500] "GET /BLA/resoluciones/AUTOS%202013/1266.pdf HTTP/1.1" 304 -
66.249.64.96 - - [17/Apr/2016:05:23:57 -0500] "GET /BLA/resoluciones/RESOLUCIONES%202008/0326.pdf HTTP/1.1" 304 -
66.249.64.96 - - [17/Apr/2016:05:24:02 -0500] "GET /BLA/resoluciones/RESOLUCIONES%202014/1097.pdf HTTP/1.1" 200 561979
66.249.64.96 - - [17/Apr/2016:05:24:03 -0500] "GET /BLA/resoluciones/AUTOS%202012/1841.pdf HTTP/1.1" 304 -
66.249.64.96 - - [17/Apr/2016:05:24:06 -0500] "GET /BLA/resoluciones/RESOLUCIONES%202009/8606.pdf HTTP/1.1" 200 270595
66.249.64.96 - - [17/Apr/2016:05:24:07 -0500] "GET /BLA/resoluciones/RESOLUCIONES%202014/0072.pdf HTTP/1.1" 304 -
66.249.64.96 - - [17/Apr/2016:05:24:08 -0500] "GET /BLA/resoluciones/AUTOS%202012/1939.pdf HTTP/1.1" 200 1562704
66.249.64.96 - - [17/Apr/2016:05:24:10 -0500] "GET /BLA/resoluciones/RESOLUCIONES%202009/7632.pdf HTTP/1.1" 304 -
66.249.64.96 - - [17/Apr/2016:05:24:11 -0500] "GET /BLA/resoluciones/RESOLUCIONES%202011/0711.pdf HTTP/1.1" 304 -
66.249.64.96 - - [17/Apr/2016:05:24:16 -0500] "GET /BLA/resoluciones/RESOLUCIONES%202007/RES%202007%204101%20AL%204200/RESOLUCION%204125%20DE%202007.pdf HTTP/1.1" 304 -
66.249.64.96 - - [17/Apr/2016:05:24:17 -0500] "GET /BLA/resoluciones/RESOLUCIONES%202003/RES%202003%201951-2000/00001970.tif HTTP/1.1" 200 88306
66.249.64.96 - - [17/Apr/2016:05:24:19 -0500] "GET /BLA/resoluciones/RESOLUCIONES%202007/RES%202007%203301%20AL%203400/RESOLUCION%203307%20DE%202007.pdf HTTP/1.1" 200 399027
69.162.124.232 - - [17/Apr/2016:05:24:24 -0500] "HEAD / HTTP/1.1" 200 -
66.249.64.96 - - [17/Apr/2016:05:24:25 -0500] "GET /BLA/resoluciones/RESOLUCIONES%202003/RES%202003%201951-2000/00001965.tif HTTP/1.1" 200 88708
66.249.64.96 - - [17/Apr/2016:05:24:26 -0500] "GET /BLA/resoluciones/RESOLUCIONES%202007/RES%202007%202001%20AL%202100/RESOLUCION%202005%20DE%202007.pdf HTTP/1.1" 200 489650
66.249.64.96 - - [17/Apr/2016:05:24:32 -0500] "GET /BLA/resoluciones/RESOLUCIONES%202014/2242.pdf HTTP/1.1" 304 -
66.249.64.96 - - [17/Apr/2016:05:24:42 -0500] "GET /BLA/resoluciones/RESOLUCIONES%202010/6998.pdf HTTP/1.1" 304 -
66.249.64.96 - - [17/Apr/2016:05:24:45 -0500] "GET /BLA/resoluciones/RESOLUCIONES%202007/RES%202007%201001%20AL%201100/RESOLUCION%201085%20DE%202007.pdf HTTP/1.1" 200 267799
164.132.161.37 - - [17/Apr/2016:05:25:38 -0500] "GET /BLA/resoluciones/RESOLUCIONES%202004/RES%202004%201551-1600/00001555.tif HTTP/1.1" 200 136406
66.249.64.96 - - [17/Apr/2016:05:25:46 -0500] "GET /BLA/resoluciones/AUTOS%202011/0114.pdf HTTP/1.1" 200 187503
90.165.166.87 - - [17/Apr/2016:05:26:03 -0500] "GET /BLA/resoluciones/AUTOS%202012/1573.pdf HTTP/1.1" 200 2279562
90.165.166.87 - - [17/Apr/2016:05:26:03 -0500] "GET /favicon.ico HTTP/1.1" 200 7782
90.165.166.87 - - [17/Apr/2016:05:26:04 -0500] "GET /BLA/resoluciones/AUTOS%202012/1573.pdf HTTP/1.1" 206 2236036
51.255.65.32 - - [17/Apr/2016:05:26:08 -0500] "GET /BLA/resoluciones/RESOLUCIONES%202002/RES%202002%20751-800/2002RES757.tif HTTP/1.1" 200 115430
151.80.31.107 - - [17/Apr/2016:05:26:12 -0500] "GET /BLA/resoluciones/RESOLUCIONES%202006/RES%202006%20401-450/00000420.tif HTTP/1.1" 200 182894
66.249.64.96 - - [17/Apr/2016:05:26:15 -0500] "GET /BLA/resoluciones/AUTOS%202015/0021.pdf HTTP/1.1" 304 -
66.249.64.96 - - [17/Apr/2016:05:26:31 -0500] "GET /BLA/resoluciones/AUTOS%202008/0143.pdf HTTP/1.1" 200 110349
66.249.64.238 - - [17/Apr/2016:05:26:33 -0500] "GET /Autoliquidacion/dlf/styles.css HTTP/1.1" 200 3045
157.55.39.193 - - [17/Apr/2016:05:26:34 -0500] "GET /BLA/resoluciones/AUTOS%202014/3668.pdf HTTP/1.1" 200 218577
66.249.64.96 - - [17/Apr/2016:05:26:36 -0500] "GET /BLA/resoluciones/RESOLUCIONES%202009/4391.pdf HTTP/1.1" 304 -
66.249.64.96 - - [17/Apr/2016:05:26:42 -0500] "GET /BLA/resoluciones/RESOLUCIONES%202007/RES%202007%204301%20AL%204352/RESOLUCION%204302%20DE%202007.pdf HTTP/1.1" 304 -
66.249.64.96 - - [17/Apr/2016:05:26:43 -0500] "GET /BLA/resoluciones/AUTOS%202013/0338.pdf HTTP/1.1" 200 603482
66.249.64.96 - - [17/Apr/2016:05:26:44 -0500] "GET /BLA/resoluciones/RESOLUCIONES%202007/RES%202007%202901%20AL%203000/RESOLUCION%202924%20DE%202007.pdf HTTP/1.1" 200 454261
82.158.42.192 - - [17/Apr/2016:05:26:44 -0500] "GET /BLA/boletinlegal/js/jquery.scrollShow.js HTTP/1.1" 200 4586
82.158.42.192 - - [17/Apr/2016:05:26:44 -0500] "GET /galeria/galeria/jquery.fancybox.css?v=2.1.5 HTTP/1.1" 200 4895
82.158.42.192 - - [17/Apr/2016:05:26:44 -0500] "GET /galeria/galeria/jquery.fancybox.js?v=2.1.5 HTTP/1.1" 200 48706
66.249.64.96 - - [17/Apr/2016:05:26:46 -0500] "GET /BLA/resoluciones/RESOLUCIONES%202007/RES%202007%203301%20AL%203400/RESOLUCION%203388%20DE%202007.pdf HTTP/1.1" 304 -
66.249.64.96 - - [17/Apr/2016:05:26:47 -0500] "GET /BLA/resoluciones/AUTOS%202012/1710.pdf HTTP/1.1" 304 -
66.249.64.96 - - [17/Apr/2016:05:26:48 -0500] "GET /BLA/resoluciones/RESOLUCIONES%202007/RES%202007%20301%20AL%20400/RESOLUCION%200398%20DE%202007.pdf HTTP/1.1" 304 -
66.249.64.96 - - [17/Apr/2016:05:26:56 -0500] "GET /BLA/resoluciones/AUTOS%202013/0890.pdf HTTP/1.1" 304 -
66.249.64.96 - - [17/Apr/2016:05:26:59 -0500] "GET /BLA/resoluciones/AUTOS%202014/5881.pdf HTTP/1.1" 304 -
82.158.42.192 - - [17/Apr/2016:05:27:05 -0500] "GET /galeria/galeria/jquery.fancybox.css?v=2.1.5 HTTP/1.1" 304 -
82.158.42.192 - - [17/Apr/2016:05:27:05 -0500] "GET /BLA/boletinlegal/js/jquery.scrollShow.js HTTP/1.1" 304 -
82.158.42.192 - - [17/Apr/2016:05:27:05 -0500] "GET /galeria/galeria/jquery.fancybox.js?v=2.1.5 HTTP/1.1" 304 -
66.249.64.96 - - [17/Apr/2016:05:27:05 -0500] "GET /BLA/resoluciones/RESOLUCIONES%202009/3646.pdf HTTP/1.1" 304 -
66.249.64.96 - - [17/Apr/2016:05:27:08 -0500] "GET /BLA/resoluciones/AUTOS%202013/1516.pdf HTTP/1.1" 304 -
164.132.161.33 - - [17/Apr/2016:05:27:11 -0500] "GET /BLA/resoluciones/RESOLUCIONES%202006/RES%202006%201101-1150/00001106.tif HTTP/1.1" 200 301610
164.132.161.56 - - [17/Apr/2016:05:27:14 -0500] "GET /BLA/resoluciones/RESOLUCIONES%202006/RES%202006%201651-1700/00001667.tif HTTP/1.1" 200 238626
66.249.64.96 - - [17/Apr/2016:05:27:29 -0500] "GET /BLA/resoluciones/AUTOS%202009/3117.pdf HTTP/1.1" 200 154773
51.255.65.19 - - [17/Apr/2016:05:27:43 -0500] "GET /BLA/resoluciones/RESOLUCIONES%202006/RES%202006%201751-1800/00001786.tif HTTP/1.1" 200 133710
66.249.64.96 - - [17/Apr/2016:05:27:45 -0500] "GET /BLA/resoluciones/AUTOS%202013/0460.pdf HTTP/1.1" 304 -
200.118.97.73 - - [17/Apr/2016:05:28:04 -0500] "GET /BLA/resoluciones/AUTOS%202013/0286.pdf HTTP/1.1" 200 1117593
66.249.64.96 - - [17/Apr/2016:05:28:15 -0500] "GET /galeria/bibloteca/contentflow.css HTTP/1.1" 200 3201
186.85.59.103 - - [17/Apr/2016:05:28:16 -0500] "GET /BLA/boletinlegal/js/jquery.scrollShow.js HTTP/1.1" 200 4586
186.85.59.103 - - [17/Apr/2016:05:28:17 -0500] "GET /galeria/galeria/jquery.fancybox.js?v=2.1.5 HTTP/1.1" 200 48706
186.85.59.103 - - [17/Apr/2016:05:28:17 -0500] "GET /galeria/galeria/jquery.fancybox.css?v=2.1.5 HTTP/1.1" 200 4895
66.249.64.96 - - [17/Apr/2016:05:28:23 -0500] "GET /BLA/resoluciones/RESOLUCIONES%202009/8010.pdf HTTP/1.1" 304 -
66.249.64.96 - - [17/Apr/2016:05:28:40 -0500] "GET /BLA/resoluciones/RESOLUCIONES%202009/3816.pdf HTTP/1.1" 304 -
180.76.15.7 - - [17/Apr/2016:05:28:41 -0500] "GET / HTTP/1.1" 200 9990
164.132.161.9 - - [17/Apr/2016:05:29:05 -0500] "GET /BLA/resoluciones/RESOLUCIONES%202006/RES%202006%202351-2400/00002366.tif HTTP/1.1" 200 35588
180.76.15.19 - - [17/Apr/2016:05:29:23 -0500] "GET / HTTP/1.1" 200 9990
69.162.124.232 - - [17/Apr/2016:05:29:24 -0500] "HEAD / HTTP/1.1" 200 -
66.249.64.96 - - [17/Apr/2016:05:29:38 -0500] "GET /BLA/resoluciones/RESOLUCIONES%202011/5969.pdf HTTP/1.1" 200 353773
51.255.65.95 - - [17/Apr/2016:05:29:46 -0500] "GET /BLA/resoluciones/RESOLUCIONES%202003/RES%202003%201401-1450/20031420.tif HTTP/1.1" 200 259432
66.249.64.96 - - [17/Apr/2016:05:29:58 -0500] "GET /BLA/resoluciones/RESOLUCIONES%202010/1480.pdf HTTP/1.1" 304 -
66.249.64.96 - - [17/Apr/2016:05:30:05 -0500] "GET /BLA/resoluciones/RESOLUCIONES%202009/5362.pdf HTTP/1.1" 304 -
66.249.64.248 - - [17/Apr/2016:05:30:36 -0500] "GET /SIG/Gestion%20Recursos%20Financieros/126PA02-PR02%20ACTAS%20FENECIMIENTO-PRESUPUESTO.pdf HTTP/1.1" 304 -
66.249.64.96 - - [17/Apr/2016:05:30:38 -0500] "GET /BLA/resoluciones/AUTOS%202013/1766.pdf HTTP/1.1" 304 -
66.249.64.96 - - [17/Apr/2016:05:30:46 -0500] "GET /BLA/resoluciones/Notificaciones/REGISTROS%202014/1709.doc HTTP/1.1" 304 -
66.249.64.96 - - [17/Apr/2016:05:30:47 -0500] "GET /BLA/resoluciones/RESOLUCIONES%202007/RES%202007%202201%20AL%202300/RESOLUCION%202207%20DE%202007.pdf HTTP/1.1" 304 -
92.59.144.14 - - [17/Apr/2016:05:30:51 -0500] "GET /galeria/galeria/fotos/micos6G.jpg HTTP/1.1" 200 270262
66.249.64.96 - - [17/Apr/2016:05:30:59 -0500] "GET /BLA/resoluciones/Notificaciones/RESOLUCIONES%202014/2995.doc HTTP/1.1" 200 181248
92.59.144.14 - - [17/Apr/2016:05:31:12 -0500] "GET /galeria/galeria/fotos/micos5G.jpg HTTP/1.1" 200 318352
157.55.39.25 - - [17/Apr/2016:05:32:09 -0500] "GET /dama/libreria/php/decide.php?patron=03.1305020113&numm=33 HTTP/1.1" 404 1019
66.249.64.96 - - [17/Apr/2016:05:32:09 -0500] "GET /BLA/resoluciones/RESOLUCIONES%202009/7926.pdf HTTP/1.1" 304 -
66.249.64.96 - - [17/Apr/2016:05:32:47 -0500] "GET /BLA/resoluciones/RESOLUCIONES%202011/6207.pdf HTTP/1.1" 200 692681
164.132.161.81 - - [17/Apr/2016:05:33:31 -0500] "GET /BLA/resoluciones/RESOLUCIONES%202004/RES%202004%20701-750/00000718.tif HTTP/1.1" 200 112862
66.249.64.96 - - [17/Apr/2016:05:33:36 -0500] "GET /BLA/resoluciones/AUTOS%202013/2370.pdf HTTP/1.1" 304 -
164.132.161.69 - - [17/Apr/2016:05:33:53 -0500] "GET /BLA/resoluciones/index.php?dir=RESOLUCIONES%202005/RES%202005%20651-700/&sort=name&order=desc HTTP/1.1" 200 12231
69.162.124.232 - - [17/Apr/2016:05:34:24 -0500] "HEAD / HTTP/1.1" 200 -
66.249.64.96 - - [17/Apr/2016:05:34:37 -0500] "GET /BLA/resoluciones/RESOLUCIONES%202011/0611.pdf HTTP/1.1" 200 797544
66.249.64.96 - - [17/Apr/2016:05:34:52 -0500] "GET /BLA/resoluciones/RESOLUCIONES%202004/RES%202004%201301-1350/00001309.tif HTTP/1.1" 200 110378
66.249.64.96 - - [17/Apr/2016:05:34:56 -0500] "GET /BLA/resoluciones/RESOLUCIONES%202011/0822.pdf HTTP/1.1" 200 304461
66.249.64.75 - - [17/Apr/2016:05:35:05 -0500] "GET / HTTP/1.1" 200 9990
66.249.64.96 - - [17/Apr/2016:05:35:09 -0500] "GET /BLA/resoluciones/RESOLUCIONES%202004/RES%202004%201301-1350/00001334.tif HTTP/1.1" 200 97226
66.249.64.96 - - [17/Apr/2016:05:35:11 -0500] "GET /BLA/resoluciones/AUTOS%202013/2900.pdf HTTP/1.1" 304 -
66.249.64.96 - - [17/Apr/2016:05:35:25 -0500] "GET /BLA/resoluciones/RESOLUCIONES%202007/RES%202007%202501%20AL%202600/RESOLUCION%202565%20DE%202007.pdf HTTP/1.1" 304 -
66.249.64.96 - - [17/Apr/2016:05:35:29 -0500] "GET /BLA/resoluciones/RESOLUCIONES%202008/2879.pdf HTTP/1.1" 304 -
66.249.64.96 - - [17/Apr/2016:05:35:31 -0500] "GET /BLA/resoluciones/RESOLUCIONES%202008/2625.pdf HTTP/1.1" 304 -
66.249.64.96 - - [17/Apr/2016:05:35:33 -0500] "GET /BLA/resoluciones/RESOLUCIONES%202007/RES%202007%201401%20AL%201500/RESOLUCION%201402%20DE%202007.pdf HTTP/1.1" 304 -
42.120.160.41 - - [17/Apr/2016:05:36:14 -0500] "GET / HTTP/1.1" 302 302
66.249.64.96 - - [17/Apr/2016:05:36:20 -0500] "GET /BLA/resoluciones/RESOLUCIONES%202007/RES%202007%201001%20AL%201100/RESOLUCION%201015%20DE%202007.pdf HTTP/1.1" 200 56192
66.249.64.96 - - [17/Apr/2016:05:36:21 -0500] "GET /BLA/resoluciones/RESOLUCIONES%202009/5695.pdf HTTP/1.1" 200 327632
66.249.64.159 - - [17/Apr/2016:05:36:38 -0500] "GET /BLA/boletinlegal/jurisprudencia/analisis/CUADRO%20SENTENCIA%20T-299%20DE%202008.doc HTTP/1.1" 304 -
66.249.64.96 - - [17/Apr/2016:05:37:04 -0500] "GET /BLA/resoluciones/AUTOS%202013/1218.pdf HTTP/1.1" 200 190192
84.109.69.39 - - [17/Apr/2016:05:37:06 -0500] "GET /webdav/x32.php?host=46.120.237.91&time=60&port=80 HTTP/1.1" 404 1018
66.249.64.96 - - [17/Apr/2016:05:37:09 -0500] "GET /BLA/resoluciones/RESOLUCIONES%202014/2746.pdf HTTP/1.1" 200 186499
66.249.64.96 - - [17/Apr/2016:05:37:10 -0500] "GET /BLA/resoluciones/RESOLUCIONES%202008/4733.pdf HTTP/1.1" 200 333393
66.249.64.96 - - [17/Apr/2016:05:37:12 -0500] "GET /BLA/resoluciones/RESOLUCIONES%202008/4577.pdf HTTP/1.1" 200 125950
66.249.64.96 - - [17/Apr/2016:05:37:13 -0500] "GET /BLA/resoluciones/RESOLUCIONES%202007/RES%202007%204001%20AL%204100/RESOLUCION%204075%20DE%202007.pdf HTTP/1.1" 200 831218
66.249.64.96 - - [17/Apr/2016:05:37:21 -0500] "GET /BLA/resoluciones/AUTOS%202015/1946.pdf HTTP/1.1" 200 671326
66.249.64.96 - - [17/Apr/2016:05:37:25 -0500] "GET /BLA/resoluciones/RESOLUCIONES%202009/9584.pdf HTTP/1.1" 200 310669
66.249.64.96 - - [17/Apr/2016:05:37:36 -0500] "GET /BLA/resoluciones/RESOLUCIONES%202009/4489.pdf HTTP/1.1" 200 644275
84.109.69.39 - - [17/Apr/2016:05:37:39 -0500] "GET /webdav/x32.php?host=46.120.237.91&time=60&port=80 HTTP/1.1" 404 1018
66.249.64.96 - - [17/Apr/2016:05:37:40 -0500] "GET /BLA/resoluciones/RESOLUCIONES%202009/3262.pdf HTTP/1.1" 200 710358
66.249.64.96 - - [17/Apr/2016:05:37:41 -0500] "GET /BLA/resoluciones/RESOLUCIONES%202010/4516.pdf HTTP/1.1" 200 332095
66.249.64.96 - - [17/Apr/2016:05:38:00 -0500] "GET /BLA/resoluciones/RESOLUCIONES%202008/0529.pdf HTTP/1.1" 200 178480
157.55.39.58 - - [17/Apr/2016:05:38:03 -0500] "GET /POT-2013/Cartografia/03_Suelos%20de%20Protecci%C3%83%C2%B3n.pdf HTTP/1.1" 404 1019
66.249.64.96 - - [17/Apr/2016:05:38:14 -0500] "GET /BLA/resoluciones/RESOLUCIONES%202010/6056.pdf HTTP/1.1" 200 1627753
84.109.69.39 - - [17/Apr/2016:05:38:29 -0500] "GET /webdav/x32.php?host=46.120.237.91&time=60&port=80 HTTP/1.1" 404 1018
66.249.64.96 - - [17/Apr/2016:05:39:08 -0500] "GET /BLA/resoluciones/RESOLUCIONES%202014/1523.pdf HTTP/1.1" 200 515852
66.249.64.96 - - [17/Apr/2016:05:39:11 -0500] "GET /BLA/resoluciones/RESOLUCIONES%202014/2255.pdf HTTP/1.1" 200 607452
66.249.64.248 - - [17/Apr/2016:05:39:13 -0500] "GET /Autoliquidacion/index.php?dir=PERMISO%20DE%20OCUPACION%20DE%20SUELO/&sort=date&order=asc HTTP/1.1" 200 2343
66.249.64.96 - - [17/Apr/2016:05:39:20 -0500] "GET /BLA/resoluciones/RESOLUCIONES%202007/RES%202007%203601%20AL%203700/RESOLUCION%203670%20DE%202007.pdf HTTP/1.1" 200 176565
66.249.64.96 - - [17/Apr/2016:05:39:21 -0500] "GET /BLA/resoluciones/RESOLUCIONES%202009/0723.pdf HTTP/1.1" 200 191019
66.249.64.238 - - [17/Apr/2016:05:39:23 -0500] "GET /galeria/nivo-slider/demo/images/Banner-Caracol-Africano.jpg HTTP/1.1" 304 -
69.162.124.232 - - [17/Apr/2016:05:39:24 -0500] "HEAD / HTTP/1.1" 200 -
66.249.64.96 - - [17/Apr/2016:05:39:26 -0500] "GET /BLA/resoluciones/RESOLUCIONES%202010/7034.pdf HTTP/1.1" 200 1311550
66.249.64.238 - - [17/Apr/2016:05:39:32 -0500] "GET /Anexos%20estudio%20Organizacional%20SDA/index.php?dir=ANEXO+No.+1-+NORMAS+LEGALES+DE+ESTRUCTURA+Y+PLANTA%2F HTTP/1.1" 200 11016
66.249.64.96 - - [17/Apr/2016:05:39:33 -0500] "GET /BLA/resoluciones/RESOLUCIONES%202009/2457.pdf HTTP/1.1" 200 388324
66.249.64.96 - - [17/Apr/2016:05:39:36 -0500] "GET /BLA/resoluciones/RESOLUCIONES%202010/7145.pdf HTTP/1.1" 200 95759
84.109.69.39 - - [17/Apr/2016:05:39:36 -0500] "GET /webdav/x32.php?host=46.120.237.91&time=60&port=80 HTTP/1.1" 404 1018
195.154.187.115 - - [17/Apr/2016:05:39:40 -0500] "GET /robots.txt HTTP/1.0" 404 1019
195.154.187.115 - - [17/Apr/2016:05:39:42 -0500] "GET /SIG/index.php?dir=Control%20y%20mejora/&sort=date&order=asc HTTP/1.0" 200 2777
66.249.64.96 - - [17/Apr/2016:05:39:42 -0500] "GET /BLA/resoluciones/RESOLUCIONES%202009/1906.pdf HTTP/1.1" 200 800587
195.154.187.115 - - [17/Apr/2016:05:39:43 -0500] "GET /SIG/index.php?dir=Control%20y%20mejora/&sort=name&order=desc HTTP/1.0" 200 2776
195.154.187.115 - - [17/Apr/2016:05:39:45 -0500] "GET /SIG/index.php?dir=Control%20y%20mejora/&sort=size&order=asc HTTP/1.0" 200 2777
66.249.64.96 - - [17/Apr/2016:05:39:50 -0500] "GET /BLA/resoluciones/RESOLUCIONES%202009/0920.pdf HTTP/1.1" 200 217776
195.154.187.115 - - [17/Apr/2016:05:39:53 -0500] "GET /SIG/index.php?dir=Control%20y%20mejora/Control%20y%20mejora/ HTTP/1.0" 200 2843
66.249.64.96 - - [17/Apr/2016:05:39:56 -0500] "GET /BLA/resoluciones/RESOLUCIONES%202011/0290.pdf HTTP/1.1" 200 801672
66.249.64.96 - - [17/Apr/2016:05:39:58 -0500] "GET /BLA/resoluciones/RESOLUCIONES%202010/1428.pdf HTTP/1.1" 200 591537
66.249.64.96 - - [17/Apr/2016:05:40:01 -0500] "GET /BLA/resoluciones/RESOLUCIONES%202010/2682.pdf HTTP/1.1" 200 374886
66.249.64.96 - - [17/Apr/2016:05:40:12 -0500] "GET /BLA/resoluciones/RESOLUCIONES%202010/1427.pdf HTTP/1.1" 200 658365
66.249.64.96 - - [17/Apr/2016:05:40:13 -0500] "GET /BLA/resoluciones/RESOLUCIONES%202010/6835.pdf HTTP/1.1" 200 468537
66.249.64.96 - - [17/Apr/2016:05:40:15 -0500] "GET /BLA/resoluciones/RESOLUCIONES%202010/0430.pdf HTTP/1.1" 200 350096
66.249.64.96 - - [17/Apr/2016:05:40:21 -0500] "GET /BLA/resoluciones/Notificaciones/AUTOS%202013/3362.doc HTTP/1.1" 200 250368
66.249.64.96 - - [17/Apr/2016:05:40:22 -0500] "GET /BLA/resoluciones/AUTOS%202012/2278.pdf HTTP/1.1" 200 615085
84.109.69.39 - - [17/Apr/2016:05:40:23 -0500] "GET /webdav/x32.php?host=46.120.237.91&time=230&port=80 HTTP/1.1" 404 1018
66.249.64.96 - - [17/Apr/2016:05:40:25 -0500] "GET /BLA/resoluciones/AUTOS%202010/4840.pdf HTTP/1.1" 200 365959
66.249.64.96 - - [17/Apr/2016:05:40:26 -0500] "GET /BLA/resoluciones/AUTOS%202014/0235.pdf HTTP/1.1" 200 575045
66.249.64.96 - - [17/Apr/2016:05:40:29 -0500] "GET /BLA/resoluciones/RESOLUCIONES%202009/2994.pdf HTTP/1.1" 200 608918
84.109.69.39 - - [17/Apr/2016:05:40:34 -0500] "GET /webdav/x32.php?host=46.120.237.91&time=150&port=80 HTTP/1.1" 404 1018
66.249.64.96 - - [17/Apr/2016:05:40:46 -0500] "GET /BLA/resoluciones/RESOLUCIONES%202010/6660.pdf HTTP/1.1" 200 581386
66.249.64.96 - - [17/Apr/2016:05:41:15 -0500] "GET /BLA/resoluciones/AUTOS%202013/3466.pdf HTTP/1.1" 200 390014
186.85.72.246 - - [17/Apr/2016:05:41:33 -0500] "GET /galeria/galeria/jquery.fancybox.css?v=2.1.5 HTTP/1.1" 200 4895
186.85.72.246 - - [17/Apr/2016:05:41:33 -0500] "GET /galeria/galeria/jquery.fancybox.js?v=2.1.5 HTTP/1.1" 200 48706
186.85.72.246 - - [17/Apr/2016:05:41:33 -0500] "GET /BLA/boletinlegal/js/jquery.scrollShow.js HTTP/1.1" 200 4586
186.85.72.246 - - [17/Apr/2016:05:41:38 -0500] "GET /BLA/boletinlegal/js/jquery.scrollShow.js HTTP/1.1" 304 -
186.85.72.246 - - [17/Apr/2016:05:41:38 -0500] "GET /galeria/galeria/jquery.fancybox.js?v=2.1.5 HTTP/1.1" 304 -
186.85.72.246 - - [17/Apr/2016:05:41:38 -0500] "GET /galeria/galeria/jquery.fancybox.css?v=2.1.5 HTTP/1.1" 304 -
164.132.161.51 - - [17/Apr/2016:05:42:10 -0500] "GET /BLA/resoluciones/index.php?dir=AUTOS%202006/AUTOS%202006%202501%20-%202600/&sort=date&order=asc HTTP/1.1" 200 22209
164.132.161.63 - - [17/Apr/2016:05:42:32 -0500] "GET /BLA/resoluciones/index.php?dir=RESOLUCIONES%202007/RES%202007%20201%20AL%20300/&sort=date&order=desc HTTP/1.1" 200 27109
84.109.69.39 - - [17/Apr/2016:05:42:58 -0500] "GET /webdav/x32.php?host=84.108.5.64&time=60&port=80 HTTP/1.1" 404 1018
66.249.64.96 - - [17/Apr/2016:05:43:04 -0500] "GET /BLA/resoluciones/AUTOS%202013/0954.pdf HTTP/1.1" 200 2223182
51.255.65.57 - - [17/Apr/2016:05:43:05 -0500] "GET /BLA/resoluciones/RESOLUCIONES%202006/RES%202006%201201-1250/00001237.tif HTTP/1.1" 200 163650
84.109.69.39 - - [17/Apr/2016:05:43:07 -0500] "GET /webdav/x32.php?host=84.108.5.64&time=60&port=80 HTTP/1.1" 404 1018
190.63.168.65 - - [17/Apr/2016:05:43:44 -0500] "GET /galeria/galeria/jquery.fancybox.css?v=2.1.5 HTTP/1.1" 200 4895
190.63.168.65 - - [17/Apr/2016:05:43:44 -0500] "GET /BLA/boletinlegal/js/jquery.scrollShow.js HTTP/1.1" 200 4586
190.63.168.65 - - [17/Apr/2016:05:43:44 -0500] "GET /galeria/galeria/jquery.fancybox.js?v=2.1.5 HTTP/1.1" 304 -
190.63.168.65 - - [17/Apr/2016:05:44:05 -0500] "GET /BLA/boletinlegal/js/jquery.scrollShow.js HTTP/1.1" 304 -
190.63.168.65 - - [17/Apr/2016:05:44:05 -0500] "GET /galeria/galeria/jquery.fancybox.css?v=2.1.5 HTTP/1.1" 304 -
190.63.168.65 - - [17/Apr/2016:05:44:05 -0500] "GET /galeria/galeria/jquery.fancybox.js?v=2.1.5 HTTP/1.1" 304 -
69.162.124.232 - - [17/Apr/2016:05:44:24 -0500] "HEAD / HTTP/1.1" 200 -
66.249.64.96 - - [17/Apr/2016:05:44:34 -0500] "GET /BLA/resoluciones/RESOLUCIONES%202004/RES%202004%201301-1350/00001311.tif HTTP/1.1" 200 110766
84.109.69.39 - - [17/Apr/2016:05:44:35 -0500] "GET /webdav/x32.php?host=84.108.5.64&time=60&port=80 HTTP/1.1" 404 1018
66.249.64.96 - - [17/Apr/2016:05:44:37 -0500] "GET /BLA/resoluciones/RESOLUCIONES%202010/3730.pdf HTTP/1.1" 200 455123
66.249.64.96 - - [17/Apr/2016:05:44:39 -0500] "GET /BLA/resoluciones/AUTOS%202010/6663.pdf HTTP/1.1" 200 238523
84.109.69.39 - - [17/Apr/2016:05:44:47 -0500] "GET /webdav/x32.php?host=84.108.5.64&time=600&port=80 HTTP/1.1" 404 1018
66.249.64.96 - - [17/Apr/2016:05:44:52 -0500] "GET /BLA/resoluciones/AUTOS%202012/2092.pdf HTTP/1.1" 200 361588
66.249.64.96 - - [17/Apr/2016:05:44:56 -0500] "GET /BLA/resoluciones/Notificaciones/AUTOS%202013/2645.doc HTTP/1.1" 200 226304
66.249.64.96 - - [17/Apr/2016:05:45:00 -0500] "GET /BLA/resoluciones/RESOLUCIONES%202011/1843.pdf HTTP/1.1" 200 516660
66.249.64.96 - - [17/Apr/2016:05:45:01 -0500] "GET /BLA/boletinlegal/jurisprudencia/analisis/CUADRO%20SENTENCIA%20T-299%20DE%202008.doc HTTP/1.1" 200 40960
66.249.64.96 - - [17/Apr/2016:05:45:03 -0500] "GET /BLA/resoluciones/RESOLUCIONES%202010/4288.pdf HTTP/1.1" 200 316473
66.249.64.96 - - [17/Apr/2016:05:45:11 -0500] "GET /BLA/resoluciones/AUTOS%202008/2123.pdf HTTP/1.1" 200 98648
66.249.64.96 - - [17/Apr/2016:05:45:12 -0500] "GET /BLA/resoluciones/AUTOS%202014/1609.pdf HTTP/1.1" 200 334641
66.249.64.6 - - [17/Apr/2016:05:45:41 -0500] "GET /catalogoisis/imagenes/aceptar1.gif HTTP/1.1" 200 604
164.132.161.88 - - [17/Apr/2016:05:45:41 -0500] "GET /BLA/resoluciones/AUTOS%202006/AUTOS%202006%20801-900/00000825.tif HTTP/1.1" 200 125446
164.132.161.58 - - [17/Apr/2016:05:45:42 -0500] "GET /BLA/resoluciones/RESOLUCIONES%202004/RES%202004%201751-1800/00001761.tif HTTP/1.1" 200 144680
66.249.64.96 - - [17/Apr/2016:05:45:43 -0500] "GET /BLA/resoluciones/RESOLUCIONES%202013/0905.pdf HTTP/1.1" 200 392280
66.249.64.96 - - [17/Apr/2016:05:45:47 -0500] "GET /BLA/resoluciones/RESOLUCIONES%202009/6573.pdf HTTP/1.1" 200 481009
66.249.64.159 - - [17/Apr/2016:05:45:55 -0500] "GET /prensa/noticia.htm HTTP/1.1" 404 1015
66.249.64.96 - - [17/Apr/2016:05:46:00 -0500] "GET /BLA/resoluciones/RESOLUCIONES%202011/4837.pdf HTTP/1.1" 200 565342
66.249.64.96 - - [17/Apr/2016:05:46:05 -0500] "GET /BLA/resoluciones/RESOLUCIONES%202009/3778.pdf HTTP/1.1" 200 1180385
66.249.64.96 - - [17/Apr/2016:05:46:06 -0500] "GET /BLA/resoluciones/RESOLUCIONES%202010/7617.pdf HTTP/1.1" 200 107164
66.249.64.96 - - [17/Apr/2016:05:46:10 -0500] "GET /BLA/resoluciones/RESOLUCIONES%202013/1790.pdf HTTP/1.1" 200 737445
66.249.64.96 - - [17/Apr/2016:05:46:11 -0500] "GET /BLA/resoluciones/AUTOS%202008/1195.pdf HTTP/1.1" 200 147826
157.55.39.193 - - [17/Apr/2016:05:46:12 -0500] "GET /BLA/resoluciones/AUTOS%202014/6086.pdf HTTP/1.1" 200 107871
66.249.64.96 - - [17/Apr/2016:05:46:13 -0500] "GET /BLA/resoluciones/AUTOS%202013/1291.pdf HTTP/1.1" 200 1621678
66.249.64.96 - - [17/Apr/2016:05:46:19 -0500] "GET /BLA/resoluciones/RESOLUCIONES%202013/1370.pdf HTTP/1.1" 200 595438
66.249.64.96 - - [17/Apr/2016:05:46:21 -0500] "GET /bla/normas/Resolucion%202064-2010.pdf HTTP/1.1" 304 -
66.249.64.96 - - [17/Apr/2016:05:46:33 -0500] "GET /BLA/resoluciones/AUTOS%202009/0022.pdf HTTP/1.1" 200 192805
66.249.64.96 - - [17/Apr/2016:05:46:36 -0500] "GET /BLA/resoluciones/RESOLUCIONES%202014/1416.pdf HTTP/1.1" 200 572822
66.249.64.159 - - [17/Apr/2016:05:46:45 -0500] "GET /re1/Resumen/Evaluacion/ HTTP/1.1" 404 1015
66.249.64.96 - - [17/Apr/2016:05:46:51 -0500] "GET /BLA/resoluciones/AUTOS%202011/0766.pdf HTTP/1.1" 200 105994
66.249.64.96 - - [17/Apr/2016:05:46:52 -0500] "GET /BLA/resoluciones/RESOLUCIONES%202011/0419.pdf HTTP/1.1" 200 64959
66.249.64.96 - - [17/Apr/2016:05:47:00 -0500] "GET /BLA/resoluciones/RESOLUCIONES%202009/5532.pdf HTTP/1.1" 200 342272
66.249.64.96 - - [17/Apr/2016:05:47:07 -0500] "GET /BLA/resoluciones/AUTOS%202014/2773.pdf HTTP/1.1" 200 428646
66.249.64.238 - - [17/Apr/2016:05:47:08 -0500] "GET /SIG/Gesti%C3%B3n%20Ambiental/126PM03-PR12.pdf HTTP/1.1" 200 307884
66.249.64.96 - - [17/Apr/2016:05:47:09 -0500] "GET /BLA/resoluciones/Notificaciones/AUTOS%202015/0348.doc HTTP/1.1" 200 153600
66.249.64.96 - - [17/Apr/2016:05:47:10 -0500] "GET /BLA/resoluciones/RESOLUCIONES%202011/1479.pdf HTTP/1.1" 200 65931
66.249.64.96 - - [17/Apr/2016:05:47:19 -0500] "GET /BLA/resoluciones/RESOLUCIONES%202010/1535.pdf HTTP/1.1" 200 502943
66.249.64.96 - - [17/Apr/2016:05:47:22 -0500] "GET /BLA/resoluciones/Notificaciones/AUTOS%202014/4860.doc HTTP/1.1" 200 184320
66.249.64.96 - - [17/Apr/2016:05:47:25 -0500] "GET /BLA/resoluciones/RESOLUCIONES%202008/5314.pdf HTTP/1.1" 200 635469
66.249.64.96 - - [17/Apr/2016:05:47:30 -0500] "GET /BLA/resoluciones/AUTOS%202014/4170.pdf HTTP/1.1" 200 151516
66.249.64.96 - - [17/Apr/2016:05:47:50 -0500] "GET /BLA/resoluciones/RESOLUCIONES%202011/0160.pdf HTTP/1.1" 200 341600
66.249.64.96 - - [17/Apr/2016:05:47:51 -0500] "GET /BLA/resoluciones/AUTOS%202014/4650.pdf HTTP/1.1" 200 565633
66.249.64.96 - - [17/Apr/2016:05:47:53 -0500] "GET /BLA/resoluciones/AUTOS%202011/3345.pdf HTTP/1.1" 200 276165
66.249.64.96 - - [17/Apr/2016:05:47:58 -0500] "GET /BLA/resoluciones/RESOLUCIONES%202009/7625.pdf HTTP/1.1" 200 393936
66.249.64.96 - - [17/Apr/2016:05:47:59 -0500] "GET /BLA/resoluciones/RESOLUCIONES%202012/0612.pdf HTTP/1.1" 200 405807
66.249.64.96 - - [17/Apr/2016:05:48:06 -0500] "GET /BLA/resoluciones/RESOLUCIONES%202007/RES%202007%202201%20AL%202300/RESOLUCION%202216%20DE%202007.pdf HTTP/1.1" 200 44143
66.249.64.96 - - [17/Apr/2016:05:48:09 -0500] "GET /BLA/resoluciones/RESOLUCIONES%202007/RES%202007%203001%20AL%203100/RESOLUCION%203083%20DE%202007.pdf HTTP/1.1" 200 565246
181.124.105.16 - - [17/Apr/2016:05:48:13 -0500] "GET /BLA/boletinlegal/js/jquery.scrollShow.js HTTP/1.1" 200 4586
181.124.105.16 - - [17/Apr/2016:05:48:13 -0500] "GET /galeria/galeria/jquery.fancybox.js?v=2.1.5 HTTP/1.1" 200 48706
181.124.105.16 - - [17/Apr/2016:05:48:13 -0500] "GET /galeria/galeria/jquery.fancybox.css?v=2.1.5 HTTP/1.1" 200 4895
152.61.128.50 - - [17/Apr/2016:05:48:36 -0500] "HEAD / HTTP/1.1" 200 -
66.249.64.96 - - [17/Apr/2016:05:48:56 -0500] "GET /BLA/resoluciones/RESOLUCIONES%202007/RES%202007%204101%20AL%204200/RESOLUCION%204109%20DE%202007.pdf HTTP/1.1" 200 572952
152.61.128.50 - - [17/Apr/2016:05:48:36 -0500] "GET /arcgis/services/Calidad_del_Agua_WQI/MapServer/WMSServer?SERVICE=WMS&REQUEST=GetCapabilities HTTP/1.1" 503 1020
152.61.128.50 - - [17/Apr/2016:05:48:57 -0500] "GET /arcgis/services/Calidad_del_Agua_WQI/MapServer/WMSServer?WMTVER=1.0.0&REQUEST=capabilities HTTP/1.1" 503 1020
66.249.64.96 - - [17/Apr/2016:05:49:12 -0500] "GET /BLA/resoluciones/RESOLUCIONES%202009/7981.pdf HTTP/1.1" 200 536548
186.147.93.25 - - [17/Apr/2016:05:49:24 -0500] "GET /forms/frmservlet?config=sia HTTP/1.1" 200 4046
69.162.124.232 - - [17/Apr/2016:05:49:24 -0500] "HEAD / HTTP/1.1" 200 -
186.147.93.25 - - [17/Apr/2016:05:49:26 -0500] "GET /forms/frmservlet?config=sia HTTP/1.1" 200 4046
186.147.93.25 - - [17/Apr/2016:05:49:27 -0500] "GET /forms/java/frmall_jinit.jar HTTP/1.1" 304 -
186.147.93.25 - - [17/Apr/2016:05:49:27 -0500] "GET /forms/java/icons.jar HTTP/1.1" 304 -
186.147.93.25 - - [17/Apr/2016:05:49:27 -0500] "GET /forms/java/java/awt/KeyboardFocusManager.class HTTP/1.1" 404 352
186.147.93.25 - - [17/Apr/2016:05:49:27 -0500] "GET /forms/java/java/awt/event/MouseWheelListener.class HTTP/1.1" 404 356
186.147.93.25 - - [17/Apr/2016:05:49:27 -0500] "GET /forms/java/oracle/forms/registry/Registry.dat HTTP/1.1" 200 4213
186.147.93.25 - - [17/Apr/2016:05:49:27 -0500] "GET /forms/java/oracle/forms/registry/default.dat HTTP/1.1" 404 350
186.147.93.25 - - [17/Apr/2016:05:49:28 -0500] "GET /forms/frmservlet?config=sia&acceptLanguage=en-us,en;q=0.5&ifcmd=startsession HTTP/1.1" 200 118
186.147.93.25 - - [17/Apr/2016:05:49:28 -0500] "GET /forms/lservlet;jsessionid=ac16012b30d63a13563759b74e648c5993adc7ea826c.e3iSbxaKaheRe3mSaNqNbNeNay1ynknvrkLOlQzNp65In0?ifcmd=getinfo&ifhost=win7-PC&ifip=192.168.0.22 HTTP/1.1" 200 8
66.249.64.96 - - [17/Apr/2016:05:49:28 -0500] "GET /BLA/resoluciones/RESOLUCIONES%202013/1720.pdf HTTP/1.1" 200 421770
186.147.93.25 - - [17/Apr/2016:05:49:28 -0500] "POST /forms/lservlet;jsessionid=ac16012b30d63a13563759b74e648c5993adc7ea826c.e3iSbxaKaheRe3mSaNqNbNeNay1ynknvrkLOlQzNp65In0 HTTP/1.1" 200 8
186.147.93.25 - - [17/Apr/2016:05:49:29 -0500] "GET /forms/java/oracle/forms/engine/RunformBundle_es_CO.class HTTP/1.1" 404 362
186.147.93.25 - - [17/Apr/2016:05:49:29 -0500] "GET /forms/java/oracle/forms/engine/RunformBundle_es_CO.properties HTTP/1.1" 404 367
186.147.93.25 - - [17/Apr/2016:05:49:29 -0500] "POST /forms/lservlet;jsessionid=ac16012b30d63a13563759b74e648c5993adc7ea826c.e3iSbxaKaheRe3mSaNqNbNeNay1ynknvrkLOlQzNp65In0 HTTP/1.1" 200 64000
186.147.93.25 - - [17/Apr/2016:05:49:29 -0500] "POST /forms/lservlet;jsessionid=ac16012b30d63a13563759b74e648c5993adc7ea826c.e3iSbxaKaheRe3mSaNqNbNeNay1ynknvrkLOlQzNp65In0 HTTP/1.1" 200 64000
186.147.93.25 - - [17/Apr/2016:05:49:29 -0500] "POST /forms/lservlet;jsessionid=ac16012b30d63a13563759b74e648c5993adc7ea826c.e3iSbxaKaheRe3mSaNqNbNeNay1ynknvrkLOlQzNp65In0 HTTP/1.1" 200 63623
186.147.93.25 - - [17/Apr/2016:05:49:30 -0500] "HEAD /imagenes/dama_logo.gif HTTP/1.1" 200 -
186.147.93.25 - - [17/Apr/2016:05:49:30 -0500] "GET /imagenes/dama_logo.gif HTTP/1.1" 200 21482
186.147.93.25 - - [17/Apr/2016:05:49:31 -0500] "POST /forms/lservlet;jsessionid=ac16012b30d63a13563759b74e648c5993adc7ea826c.e3iSbxaKaheRe3mSaNqNbNeNay1ynknvrkLOlQzNp65In0 HTTP/1.1" 200 2
186.147.93.25 - - [17/Apr/2016:05:49:31 -0500] "POST /forms/lservlet;jsessionid=ac16012b30d63a13563759b74e648c5993adc7ea826c.e3iSbxaKaheRe3mSaNqNbNeNay1ynknvrkLOlQzNp65In0 HTTP/1.1" 200 2
157.55.39.58 - - [17/Apr/2016:05:49:31 -0500] "GET /dama/libreria/php/decide.php?patron=03.1408 HTTP/1.1" 404 1015
85.52.129.108 - - [17/Apr/2016:05:49:34 -0500] "GET /BLA/boletinlegal/js/jquery.scrollShow.js HTTP/1.1" 200 4586
85.52.129.108 - - [17/Apr/2016:05:49:34 -0500] "GET /galeria/galeria/jquery.fancybox.js?v=2.1.5 HTTP/1.1" 200 48706
85.52.129.108 - - [17/Apr/2016:05:49:34 -0500] "GET /galeria/galeria/jquery.fancybox.css?v=2.1.5 HTTP/1.1" 200 4895
201.245.236.143 - - [17/Apr/2016:05:49:38 -0500] "GET /galeria/galeria/jquery.fancybox.css?v=2.1.5 HTTP/1.1" 200 4895
201.245.236.143 - - [17/Apr/2016:05:49:38 -0500] "GET /galeria/galeria/jquery.fancybox.js?v=2.1.5 HTTP/1.1" 200 48706
201.245.236.143 - - [17/Apr/2016:05:49:39 -0500] "GET /galeria/galeria/fotos/Humedal-Santa-Mar%C3%ADa-del-Lago1P.jpg HTTP/1.1" 200 26912
66.249.64.96 - - [17/Apr/2016:05:49:39 -0500] "GET /BLA/resoluciones/RESOLUCIONES%202009/0056.pdf HTTP/1.1" 200 120009
201.245.236.143 - - [17/Apr/2016:05:49:39 -0500] "GET /galeria/galeria/fotos/Humedal-Santa-Mar%C3%ADa-del-Lago2P.jpg HTTP/1.1" 200 37138
201.245.236.143 - - [17/Apr/2016:05:49:40 -0500] "GET /galeria/galeria/fotos/Humedal-Santa-Mar%C3%ADa-del-Lago3P.jpg HTTP/1.1" 200 30161
201.245.236.143 - - [17/Apr/2016:05:49:40 -0500] "GET /galeria/galeria/fotos/Humedal-Santa-Mar%C3%ADa-del-Lago4P.jpg HTTP/1.1" 200 33121
66.249.64.96 - - [17/Apr/2016:05:49:40 -0500] "GET /BLA/resoluciones/RESOLUCIONES%202014/1414.pdf HTTP/1.1" 200 543605
186.147.93.25 - - [17/Apr/2016:05:49:47 -0500] "POST /forms/lservlet;jsessionid=ac16012b30d63a13563759b74e648c5993adc7ea826c.e3iSbxaKaheRe3mSaNqNbNeNay1ynknvrkLOlQzNp65In0 HTTP/1.1" 200 7996
186.147.93.25 - - [17/Apr/2016:05:49:47 -0500] "POST /forms/lservlet;jsessionid=ac16012b30d63a13563759b74e648c5993adc7ea826c.e3iSbxaKaheRe3mSaNqNbNeNay1ynknvrkLOlQzNp65In0 HTTP/1.1" 200 64
186.147.93.25 - - [17/Apr/2016:05:49:48 -0500] "POST /forms/lservlet;jsessionid=ac16012b30d63a13563759b74e648c5993adc7ea826c.e3iSbxaKaheRe3mSaNqNbNeNay1ynknvrkLOlQzNp65In0 HTTP/1.1" 200 2
186.147.93.25 - - [17/Apr/2016:05:49:48 -0500] "POST /forms/lservlet;jsessionid=ac16012b30d63a13563759b74e648c5993adc7ea826c.e3iSbxaKaheRe3mSaNqNbNeNay1ynknvrkLOlQzNp65In0 HTTP/1.1" 200 2
186.147.93.25 - - [17/Apr/2016:05:49:48 -0500] "POST /forms/lservlet;jsessionid=ac16012b30d63a13563759b74e648c5993adc7ea826c.e3iSbxaKaheRe3mSaNqNbNeNay1ynknvrkLOlQzNp65In0 HTTP/1.1" 200 2
66.249.64.96 - - [17/Apr/2016:05:49:50 -0500] "GET /BLA/resoluciones/AUTOS%202014/3202.pdf HTTP/1.1" 200 486749
66.249.64.96 - - [17/Apr/2016:05:49:51 -0500] "GET /BLA/resoluciones/RESOLUCIONES%202011/0822.pdf HTTP/1.1" 304 -
66.249.64.96 - - [17/Apr/2016:05:49:52 -0500] "GET /BLA/resoluciones/Notificaciones/AUTOS%202014/5966.doc HTTP/1.1" 200 190464
186.147.93.25 - - [17/Apr/2016:05:49:53 -0500] "POST /forms/lservlet;jsessionid=ac16012b30d63a13563759b74e648c5993adc7ea826c.e3iSbxaKaheRe3mSaNqNbNeNay1ynknvrkLOlQzNp65In0 HTTP/1.1" 200 34774
186.147.93.25 - - [17/Apr/2016:05:49:53 -0500] "GET /imagenes/listval.gif HTTP/1.1" 200 905
186.147.93.25 - - [17/Apr/2016:05:49:53 -0500] "GET /imagenes/tree1.gif HTTP/1.1" 200 1161
186.147.93.25 - - [17/Apr/2016:05:49:53 -0500] "GET /imagenes/listval.gif HTTP/1.1" 200 905
186.147.93.25 - - [17/Apr/2016:05:49:53 -0500] "GET /imagenes/CAMERA3.gif HTTP/1.1" 200 4150
186.147.93.25 - - [17/Apr/2016:05:49:53 -0500] "GET /imagenes/SLIDE1.gif HTTP/1.1" 200 1111
186.147.93.25 - - [17/Apr/2016:05:49:53 -0500] "GET /imagenes/flexcomb.gif HTTP/1.1" 200 1169
186.147.93.25 - - [17/Apr/2016:05:49:53 -0500] "GET /imagenes/GO.gif HTTP/1.1" 200 904
186.147.93.25 - - [17/Apr/2016:05:49:53 -0500] "GET /imagenes/HRTOOLS.gif HTTP/1.1" 200 2238
186.147.93.25 - - [17/Apr/2016:05:49:53 -0500] "GET /imagenes/rt_rec1.gif HTTP/1.1" 200 867
186.147.93.25 - - [17/Apr/2016:05:49:53 -0500] "GET /imagenes/apply.gif HTTP/1.1" 200 903
186.147.93.25 - - [17/Apr/2016:05:49:53 -0500] "GET /imagenes/exit.gif HTTP/1.1" 200 916
186.147.93.25 - - [17/Apr/2016:05:49:53 -0500] "GET /imagenes/LISTVAL.gif HTTP/1.1" 200 905
186.147.93.25 - - [17/Apr/2016:05:49:53 -0500] "GET /imagenes/edit.gif HTTP/1.1" 200 919
186.147.93.25 - - [17/Apr/2016:05:49:53 -0500] "GET /imagenes/rt_rec4.gif HTTP/1.1" 200 865
186.147.93.25 - - [17/Apr/2016:05:49:53 -0500] "GET /imagenes/rt_rec3.gif HTTP/1.1" 200 844
