186.84.4.64 - - [17/Apr/2016:11:55:40 -0500] "GET /galeria/carrusel/Carrusel/jquery.thumbnailScroller.js HTTP/1.1" 200 8157
186.84.4.64 - - [17/Apr/2016:11:55:43 -0500] "GET /galeria/nivo-slider/demo/demo.html HTTP/1.1" 200 3625
186.84.4.64 - - [17/Apr/2016:11:55:43 -0500] "GET /galeria/nivo-slider/themes/default/default.css HTTP/1.1" 200 1569
186.84.4.64 - - [17/Apr/2016:11:55:43 -0500] "GET /galeria/nivo-slider/themes/pascal/pascal.css HTTP/1.1" 200 2258
186.84.4.64 - - [17/Apr/2016:11:55:43 -0500] "GET /galeria/nivo-slider/nivo-slider.css HTTP/1.1" 200 1507
186.84.4.64 - - [17/Apr/2016:11:55:43 -0500] "GET /galeria/nivo-slider/themes/orman/orman.css HTTP/1.1" 200 2152
186.84.4.64 - - [17/Apr/2016:11:55:43 -0500] "GET /galeria/nivo-slider/demo/style.css HTTP/1.1" 200 2222
186.84.4.64 - - [17/Apr/2016:11:55:43 -0500] "GET /galeria/nivo-slider/demo/images/Banner_Site_Ciclo7.jpg HTTP/1.1" 200 293854
186.84.4.64 - - [17/Apr/2016:11:55:43 -0500] "GET /galeria/nivo-slider/demo/scripts/jquery-1.7.1.min.js HTTP/1.1" 200 93868
186.84.4.64 - - [17/Apr/2016:11:55:43 -0500] "GET /galeria/nivo-slider/jquery.nivo.slider.pack.js HTTP/1.1" 200 11561
186.84.4.64 - - [17/Apr/2016:11:55:43 -0500] "GET /galeria/nivo-slider/demo/images/caminata-ecologica.jpg HTTP/1.1" 200 192926
186.84.4.64 - - [17/Apr/2016:11:55:43 -0500] "GET /galeria/nivo-slider/demo/images/banner-llantas2015.jpg HTTP/1.1" 200 268366
186.84.4.64 - - [17/Apr/2016:11:55:43 -0500] "GET /galeria/nivo-slider/demo/images/ABC-Plan-de-contigencia.jpg HTTP/1.1" 200 423901
186.84.4.64 - - [17/Apr/2016:11:55:43 -0500] "GET /galeria/nivo-slider/demo/images/banner_consejo.jpg HTTP/1.1" 200 226074
186.84.4.64 - - [17/Apr/2016:11:55:44 -0500] "GET /galeria/nivo-slider/demo/images/ecolecta2016.jpg HTTP/1.1" 200 147170
186.84.4.64 - - [17/Apr/2016:11:55:45 -0500] "GET /galeria/nivo-slider/demo/images/4Simple_Slider.png HTTP/1.1" 200 11722
186.84.4.64 - - [17/Apr/2016:11:55:45 -0500] "GET /galeria/nivo-slider/themes/default/loading.gif HTTP/1.1" 200 1737
66.249.69.100 - - [17/Apr/2016:11:55:45 -0500] "GET /BLA/resoluciones/RESOLUCIONES%202014/2292.pdf HTTP/1.1" 200 343035
186.84.4.64 - - [17/Apr/2016:11:55:46 -0500] "GET /galeria/nivo-slider/demo/images/banner_decreto.png HTTP/1.1" 200 32523
186.84.4.64 - - [17/Apr/2016:11:55:46 -0500] "GET /galeria/nivo-slider/demo/images/Cmapana-onestidad.jpg HTTP/1.1" 200 141638
186.84.4.64 - - [17/Apr/2016:11:55:47 -0500] "GET /galeria/nivo-slider/demo/images/9Signos.jpg HTTP/1.1" 200 81776
186.84.4.64 - - [17/Apr/2016:11:55:47 -0500] "GET /galeria/nivo-slider/demo/images/banner-llantas2.jpg HTTP/1.1" 200 234514
186.84.4.64 - - [17/Apr/2016:11:55:47 -0500] "GET /galeria/nivo-slider/demo/images/Ruta-vertimientos-01.jpg HTTP/1.1" 200 130151
186.84.4.64 - - [17/Apr/2016:11:55:49 -0500] "GET /galeria/nivo-slider/demo/images/bolsas-06.jpg HTTP/1.1" 200 210950
201.184.198.177 - - [17/Apr/2016:11:55:50 -0500] "GET /BLA/boletinlegal/consulta_actos.php?tipo=autos&no=3248&usuario=&sector=&fecha=2014&resuelve= HTTP/1.1" 200 1075
66.249.69.100 - - [17/Apr/2016:11:55:51 -0500] "GET /BLA/resoluciones/AUTOS%202008/1271.pdf HTTP/1.1" 200 61106
201.184.198.177 - - [17/Apr/2016:11:55:58 -0500] "GET /BLA/boletinlegal/consulta_actos.php?tipo=autos&no=1824&usuario=&sector=&fecha=2014&resuelve= HTTP/1.1" 200 1058
186.31.6.232 - - [17/Apr/2016:11:56:01 -0500] "GET /BLA/boletinlegal/js/jquery.scrollShow.js HTTP/1.1" 200 4586
186.31.6.232 - - [17/Apr/2016:11:56:01 -0500] "GET /galeria/galeria/jquery.fancybox.js?v=2.1.5 HTTP/1.1" 200 48706
186.31.6.232 - - [17/Apr/2016:11:56:01 -0500] "GET /galeria/galeria/jquery.fancybox.css?v=2.1.5 HTTP/1.1" 200 4895
186.31.6.232 - - [17/Apr/2016:11:56:01 -0500] "GET /galeria/carrusel/Carrusel/jquery.thumbnailScroller.css HTTP/1.1" 200 2066
186.31.6.232 - - [17/Apr/2016:11:56:01 -0500] "GET /galeria/carrusel/Carrusel/jquery-ui-1.8.13.custom.min.js HTTP/1.1" 200 10800
186.31.6.232 - - [17/Apr/2016:11:56:01 -0500] "GET /galeria/carrusel/Carrusel/jquery.thumbnailScroller.js HTTP/1.1" 200 8157
186.31.6.232 - - [17/Apr/2016:11:56:04 -0500] "GET /galeria/nivo-slider/demo/demo.html HTTP/1.1" 200 3625
186.31.6.232 - - [17/Apr/2016:11:56:04 -0500] "GET /galeria/nivo-slider/themes/default/default.css HTTP/1.1" 200 1569
186.31.6.232 - - [17/Apr/2016:11:56:04 -0500] "GET /galeria/nivo-slider/themes/pascal/pascal.css HTTP/1.1" 200 2258
186.31.6.232 - - [17/Apr/2016:11:56:04 -0500] "GET /galeria/nivo-slider/themes/orman/orman.css HTTP/1.1" 200 2152
186.31.6.232 - - [17/Apr/2016:11:56:04 -0500] "GET /galeria/nivo-slider/nivo-slider.css HTTP/1.1" 200 1507
186.31.6.232 - - [17/Apr/2016:11:56:04 -0500] "GET /galeria/nivo-slider/demo/style.css HTTP/1.1" 200 2222
186.31.6.232 - - [17/Apr/2016:11:56:04 -0500] "GET /galeria/nivo-slider/demo/scripts/jquery-1.7.1.min.js HTTP/1.1" 200 93868
186.31.6.232 - - [17/Apr/2016:11:56:04 -0500] "GET /galeria/nivo-slider/jquery.nivo.slider.pack.js HTTP/1.1" 200 11561
186.31.6.232 - - [17/Apr/2016:11:56:04 -0500] "GET /galeria/nivo-slider/demo/images/banner_consejo.jpg HTTP/1.1" 200 226074
186.31.6.232 - - [17/Apr/2016:11:56:04 -0500] "GET /galeria/nivo-slider/demo/images/Banner_Site_Ciclo7.jpg HTTP/1.1" 200 293854
186.31.6.232 - - [17/Apr/2016:11:56:04 -0500] "GET /galeria/nivo-slider/demo/images/banner_decreto.png HTTP/1.1" 200 32523
186.31.6.232 - - [17/Apr/2016:11:56:05 -0500] "GET /galeria/nivo-slider/demo/images/ecolecta2016.jpg HTTP/1.1" 200 147170
186.31.6.232 - - [17/Apr/2016:11:56:05 -0500] "GET /galeria/nivo-slider/demo/images/ABC-Plan-de-contigencia.jpg HTTP/1.1" 200 423901
186.31.6.232 - - [17/Apr/2016:11:56:05 -0500] "GET /galeria/nivo-slider/demo/images/banner-llantas2015.jpg HTTP/1.1" 200 268366
186.31.6.232 - - [17/Apr/2016:11:56:05 -0500] "GET /galeria/nivo-slider/demo/images/4Simple_Slider.png HTTP/1.1" 200 11722
186.31.6.232 - - [17/Apr/2016:11:56:05 -0500] "GET /galeria/nivo-slider/themes/default/loading.gif HTTP/1.1" 200 1737
186.31.6.232 - - [17/Apr/2016:11:56:06 -0500] "GET /galeria/nivo-slider/demo/images/caminata-ecologica.jpg HTTP/1.1" 200 192926
186.31.6.232 - - [17/Apr/2016:11:56:06 -0500] "GET /galeria/nivo-slider/demo/images/Cmapana-onestidad.jpg HTTP/1.1" 200 141638
186.31.6.232 - - [17/Apr/2016:11:56:06 -0500] "GET /galeria/nivo-slider/demo/images/banner-llantas2.jpg HTTP/1.1" 200 234514
186.31.6.232 - - [17/Apr/2016:11:56:06 -0500] "GET /galeria/nivo-slider/demo/images/9Signos.jpg HTTP/1.1" 200 81776
186.31.6.232 - - [17/Apr/2016:11:56:06 -0500] "GET /galeria/nivo-slider/demo/images/Ruta-vertimientos-01.jpg HTTP/1.1" 200 130151
186.31.6.232 - - [17/Apr/2016:11:56:07 -0500] "GET /galeria/nivo-slider/demo/images/bolsas-06.jpg HTTP/1.1" 200 210950
66.249.69.100 - - [17/Apr/2016:11:56:07 -0500] "GET /BLA/resoluciones/AUTOS%202014/6328.pdf HTTP/1.1" 200 523272
201.184.198.177 - - [17/Apr/2016:11:56:07 -0500] "GET /BLA/boletinlegal/consulta_actos.php?tipo=autos&no=4351&usuario=&sector=&fecha=2014&resuelve= HTTP/1.1" 200 1062
66.249.69.100 - - [17/Apr/2016:11:56:10 -0500] "GET /BLA/resoluciones/AUTOS%202012/2025.pdf HTTP/1.1" 200 2081649
66.249.69.100 - - [17/Apr/2016:11:56:13 -0500] "GET /BLA/resoluciones/AUTOS%202008/0846.pdf HTTP/1.1" 200 230001
186.31.6.232 - - [17/Apr/2016:11:56:13 -0500] "GET /galeria/nivo-slider/themes/default/arrows.png HTTP/1.1" 200 824
186.31.6.232 - - [17/Apr/2016:11:56:13 -0500] "GET /galeria/nivo-slider/themes/default/bullets.png HTTP/1.1" 200 1281
164.132.161.95 - - [17/Apr/2016:11:56:14 -0500] "GET /BLA/resoluciones/RESOLUCIONES%202006/RES%202006%202601-2650/00002604.tif HTTP/1.1" 200 67910
66.249.69.100 - - [17/Apr/2016:11:56:18 -0500] "GET /BLA/resoluciones/AUTOS%202014/3450.pdf HTTP/1.1" 200 553868
66.249.69.100 - - [17/Apr/2016:11:56:20 -0500] "GET /BLA/resoluciones/RESOLUCIONES%202011/3360.pdf HTTP/1.1" 200 383668
66.249.69.100 - - [17/Apr/2016:11:56:22 -0500] "GET /BLA/resoluciones/Notificaciones/AUTOS%202014/0903.doc HTTP/1.1" 200 228352
152.201.159.226 - - [17/Apr/2016:11:56:22 -0500] "GET /galeria/galeria/jquery.fancybox.css?v=2.1.5 HTTP/1.1" 200 4895
152.201.159.226 - - [17/Apr/2016:11:56:22 -0500] "GET /galeria/galeria/jquery.fancybox.js?v=2.1.5 HTTP/1.1" 200 48706
152.201.159.226 - - [17/Apr/2016:11:56:22 -0500] "GET /BLA/boletinlegal/js/jquery.scrollShow.js HTTP/1.1" 200 4586
66.249.69.100 - - [17/Apr/2016:11:56:23 -0500] "GET /BLA/resoluciones/RESOLUCIONES%202010/0117.pdf HTTP/1.1" 200 104788
66.249.69.100 - - [17/Apr/2016:11:56:25 -0500] "GET /BLA/resoluciones/AUTOS%202011/3057.pdf HTTP/1.1" 200 116800
186.84.4.64 - - [17/Apr/2016:11:56:26 -0500] "GET /galeria/nivo-slider/themes/default/bullets.png HTTP/1.1" 200 1281
186.84.4.64 - - [17/Apr/2016:11:56:26 -0500] "GET /galeria/nivo-slider/themes/default/arrows.png HTTP/1.1" 200 824
161.18.102.54 - - [17/Apr/2016:11:56:27 -0500] "GET /galeria/galeria/jquery.fancybox.css?v=2.1.5 HTTP/1.1" 200 4895
161.18.102.54 - - [17/Apr/2016:11:56:27 -0500] "GET /BLA/boletinlegal/js/jquery.scrollShow.js HTTP/1.1" 200 4586
161.18.102.54 - - [17/Apr/2016:11:56:27 -0500] "GET /galeria/galeria/jquery.fancybox.js?v=2.1.5 HTTP/1.1" 200 48706
66.249.69.100 - - [17/Apr/2016:11:56:27 -0500] "GET /BLA/resoluciones/AUTOS%202011/4672.pdf HTTP/1.1" 200 250629
66.249.69.100 - - [17/Apr/2016:11:56:29 -0500] "GET /BLA/resoluciones/AUTOS%202010/3125.pdf HTTP/1.1" 200 134640
66.249.69.100 - - [17/Apr/2016:11:56:30 -0500] "GET /BLA/resoluciones/AUTOS%202014/3407.pdf HTTP/1.1" 200 554143
66.249.69.100 - - [17/Apr/2016:11:56:31 -0500] "GET /BLA/resoluciones/AUTOS%202009/0899.pdf HTTP/1.1" 200 124007
186.81.214.9 - - [17/Apr/2016:11:56:31 -0500] "GET /IsolucionSDA/BancoConocimiento/P/PlandeMejoramientoporprocesos_v6/PlandeMejoramientoporprocesos_v6.asp?IdArticulo=3208 HTTP/1.1" 302 236
186.81.214.9 - - [17/Apr/2016:11:56:31 -0500] "GET /IsolucionSDA/BancoConocimiento/P/PlandeMejoramientoporprocesos_v8/PlandeMejoramientoporprocesos_v8.asp?Id_Articulo=8395 HTTP/1.1" 200 60162
66.249.69.100 - - [17/Apr/2016:11:56:32 -0500] "GET /BLA/resoluciones/RESOLUCIONES%202011/5046.pdf HTTP/1.1" 200 479907
201.184.198.177 - - [17/Apr/2016:11:56:34 -0500] "GET /BLA/boletinlegal/consulta_actos.php?tipo=autos&no=0165&usuario=&sector=&fecha=2014&resuelve= HTTP/1.1" 200 1079
66.249.69.100 - - [17/Apr/2016:11:56:35 -0500] "GET /BLA/resoluciones/AUTOS%202014/3005.pdf HTTP/1.1" 200 566646
201.228.81.79 - - [17/Apr/2016:11:56:36 -0500] "GET /galeria/mapa/Aula-Soratama.jpg HTTP/1.1" 200 51270
66.249.69.100 - - [17/Apr/2016:11:56:38 -0500] "GET /BLA/resoluciones/AUTOS%202008/3286.pdf HTTP/1.1" 200 73871
186.84.32.205 - - [17/Apr/2016:11:56:38 -0500] "GET /galeria/galeria/jquery.fancybox.css?v=2.1.5 HTTP/1.1" 200 4895
186.84.32.205 - - [17/Apr/2016:11:56:38 -0500] "GET /BLA/boletinlegal/js/jquery.scrollShow.js HTTP/1.1" 200 4586
186.84.32.205 - - [17/Apr/2016:11:56:38 -0500] "GET /galeria/galeria/jquery.fancybox.js?v=2.1.5 HTTP/1.1" 200 48706
66.249.69.100 - - [17/Apr/2016:11:56:39 -0500] "GET /BLA/resoluciones/AUTOS%202014/3419.pdf HTTP/1.1" 200 370247
66.249.69.100 - - [17/Apr/2016:11:56:41 -0500] "GET /Autoliquidacion/PERMISO%20DE%20OCUPACION%20DE%20SUELO/Aplicativo.html HTTP/1.1" 200 359
66.249.69.100 - - [17/Apr/2016:11:56:43 -0500] "GET /BLA/resoluciones/Notificaciones/AUTOS%202013/1735.doc HTTP/1.1" 200 233472
201.184.198.177 - - [17/Apr/2016:11:56:45 -0500] "GET /BLA/boletinlegal/consulta_actos.php?tipo=autos&no=6044&usuario=&sector=&fecha=2014&resuelve= HTTP/1.1" 200 1076
186.84.32.205 - - [17/Apr/2016:11:56:46 -0500] "GET /BLA/boletinlegal/js/jquery.scrollShow.js HTTP/1.1" 304 -
186.84.32.205 - - [17/Apr/2016:11:56:46 -0500] "GET /galeria/galeria/jquery.fancybox.css?v=2.1.5 HTTP/1.1" 304 -
186.84.32.205 - - [17/Apr/2016:11:56:46 -0500] "GET /galeria/galeria/jquery.fancybox.js?v=2.1.5 HTTP/1.1" 304 -
66.249.69.100 - - [17/Apr/2016:11:56:48 -0500] "GET /galeria/galeria/fotos/ANNI1pe.jpg HTTP/1.1" 304 -
66.249.69.153 - - [17/Apr/2016:11:56:49 -0500] "GET /StormSDA/userFiles%20-%20Copy%2019-07-2012/user_files/88/ HTTP/1.1" 200 874
186.147.142.90 - - [17/Apr/2016:11:56:49 -0500] "GET /galeria/galeria/jquery.fancybox.css?v=2.1.5 HTTP/1.1" 200 4895
186.147.142.90 - - [17/Apr/2016:11:56:49 -0500] "GET /BLA/boletinlegal/js/jquery.scrollShow.js HTTP/1.1" 200 4586
186.147.142.90 - - [17/Apr/2016:11:56:49 -0500] "GET /galeria/galeria/jquery.fancybox.js?v=2.1.5 HTTP/1.1" 200 48706
186.84.32.205 - - [17/Apr/2016:11:56:49 -0500] "GET /galeria/galeria/jquery.fancybox.css?v=2.1.5 HTTP/1.1" 200 4895
186.81.214.9 - - [17/Apr/2016:11:56:53 -0500] "GET /IsolucionSDA/FrameSetArticulo.asp?Pagina=/IsolucionSDA/bancoconocimiento/F/FlujogramaPlandeMejoramientoporProceso_v8/FlujogramaPlandeMejoramientoporProceso_v8.asp?IdArticulo=8402 HTTP/1.1" 200 7461
186.81.214.9 - - [17/Apr/2016:11:56:53 -0500] "GET /IsolucionSDA/Arriba.asp?Pagina=/IsolucionSDA/bancoconocimiento/F/FlujogramaPlandeMejoramientoporProceso_v8/FlujogramaPlandeMejoramientoporProceso_v8.asp?IdArticulo=8402 HTTP/1.1" 200 10618
186.81.214.9 - - [17/Apr/2016:11:56:53 -0500] "GET /IsolucionSDA/bancoconocimiento/F/FlujogramaPlandeMejoramientoporProceso_v8/FlujogramaPlandeMejoramientoporProceso_v8.asp?IdArticulo=8402 HTTP/1.1" 302 167
186.81.214.9 - - [17/Apr/2016:11:56:54 -0500] "GET /IsolucionSDA/StyleSheet.css HTTP/1.1" 200 4664
186.81.214.9 - - [17/Apr/2016:11:56:54 -0500] "GET /IsolucionSDA/g/icono_noconformidad.jpg HTTP/1.1" 200 1235
186.81.214.9 - - [17/Apr/2016:11:56:54 -0500] "GET /IsolucionSDA/g/icono_alerta.jpg HTTP/1.1" 200 1448
186.81.214.9 - - [17/Apr/2016:11:56:54 -0500] "GET /IsolucionSDA/StyleSheet/StyleSheet.css HTTP/1.1" 200 22894
186.81.214.9 - - [17/Apr/2016:11:56:54 -0500] "GET /IsolucionSDA/bancoconocimiento/F/FlujogramaPlandeMejoramientoporProceso_v8/anexo%201_%20flujograma%20pe01-pr5%2020150.xls HTTP/1.1" 200 139264
66.249.69.100 - - [17/Apr/2016:11:56:54 -0500] "GET /BLA/resoluciones/RESOLUCIONES%202008/5532.pdf HTTP/1.1" 200 440088
186.147.142.90 - - [17/Apr/2016:11:56:57 -0500] "GET /BLA/boletinlegal/js/jquery.scrollShow.js HTTP/1.1" 304 -
186.147.142.90 - - [17/Apr/2016:11:56:57 -0500] "GET /galeria/galeria/jquery.fancybox.css?v=2.1.5 HTTP/1.1" 304 -
186.147.142.90 - - [17/Apr/2016:11:56:57 -0500] "GET /galeria/galeria/jquery.fancybox.js?v=2.1.5 HTTP/1.1" 304 -
66.249.69.100 - - [17/Apr/2016:11:56:59 -0500] "GET /BLA/resoluciones/AUTOS%202012/1959.pdf HTTP/1.1" 200 382462
201.184.198.177 - - [17/Apr/2016:11:57:01 -0500] "GET /BLA/boletinlegal/consulta_actos.php?tipo=autos&no=5993&usuario=&sector=&fecha=2014&resuelve= HTTP/1.1" 200 1078
191.102.114.159 - - [17/Apr/2016:11:57:02 -0500] "GET /BLA/boletinlegal/js/jquery.scrollShow.js HTTP/1.1" 304 -
191.102.114.159 - - [17/Apr/2016:11:57:02 -0500] "GET /galeria/galeria/jquery.fancybox.css?v=2.1.5 HTTP/1.1" 304 -
191.102.114.159 - - [17/Apr/2016:11:57:02 -0500] "GET /galeria/galeria/jquery.fancybox.js?v=2.1.5 HTTP/1.1" 304 -
152.201.159.226 - - [17/Apr/2016:11:57:02 -0500] "GET /BLA/boletinlegal/js/jquery.scrollShow.js HTTP/1.1" 304 -
152.201.159.226 - - [17/Apr/2016:11:57:02 -0500] "GET /galeria/galeria/jquery.fancybox.css?v=2.1.5 HTTP/1.1" 304 -
152.201.159.226 - - [17/Apr/2016:11:57:02 -0500] "GET /galeria/galeria/jquery.fancybox.js?v=2.1.5 HTTP/1.1" 304 -
186.81.214.9 - - [17/Apr/2016:11:57:03 -0500] "GET /isolucionsda/g/Bot_RiesgosDaftOver_ESP.jpg HTTP/1.1" 200 5255
186.81.214.9 - - [17/Apr/2016:11:57:03 -0500] "GET /isolucionsda/g/Bot_AyudaOver.jpg HTTP/1.1" 200 1659
186.81.214.9 - - [17/Apr/2016:11:57:03 -0500] "GET /isolucionsda/g/Bot_HomeOver.jpg HTTP/1.1" 200 1879
186.81.214.9 - - [17/Apr/2016:11:57:03 -0500] "GET /isolucionsda/g/Bot_AdministradorOver.jpg HTTP/1.1" 200 1630
186.81.214.9 - - [17/Apr/2016:11:57:03 -0500] "GET /isolucionsda/g/Bot_SiguienteOver.jpg HTTP/1.1" 200 1668
66.249.69.100 - - [17/Apr/2016:11:57:04 -0500] "GET /BLA/resoluciones/RESOLUCIONES%202012/1875.pdf HTTP/1.1" 200 450868
186.81.214.9 - - [17/Apr/2016:11:57:06 -0500] "GET /IsolucionSDA/FrameSetArticulo.asp?Pagina=/IsolucionSDA/bancoconocimiento/F/FormulacionPlandemejoramiento__v8/FormulacionPlandemejoramiento__v8.asp?IdArticulo=8414 HTTP/1.1" 200 7397
186.81.214.9 - - [17/Apr/2016:11:57:07 -0500] "GET /IsolucionSDA/Arriba.asp?Pagina=/IsolucionSDA/bancoconocimiento/F/FormulacionPlandemejoramiento__v8/FormulacionPlandemejoramiento__v8.asp?IdArticulo=8414 HTTP/1.1" 200 10582
186.81.214.9 - - [17/Apr/2016:11:57:07 -0500] "GET /IsolucionSDA/bancoconocimiento/F/FormulacionPlandemejoramiento__v8/FormulacionPlandemejoramiento__v8.asp?IdArticulo=8414 HTTP/1.1" 302 184
201.184.198.177 - - [17/Apr/2016:11:57:07 -0500] "GET /BLA/boletinlegal/consulta_actos.php?tipo=autos&no=6582&usuario=&sector=&fecha=2014&resuelve= HTTP/1.1" 200 1072
51.254.121.187 - - [17/Apr/2016:11:57:08 -0500] "GET /robots.txt HTTP/1.0" 404 1019
186.81.214.9 - - [17/Apr/2016:11:57:07 -0500] "GET /IsolucionSDA/bancoconocimiento/F/FormulacionPlandemejoramiento__v8/anexo%202_%20formulacion%20plan%20de%20mejoramiento%2020150.xls HTTP/1.1" 200 768512
66.249.69.100 - - [17/Apr/2016:11:57:09 -0500] "GET /BLA/resoluciones/AUTOS%202008/2741.pdf HTTP/1.1" 200 101961
51.254.121.187 - - [17/Apr/2016:11:57:09 -0500] "GET /StormSDA/userFiles%20-%20Copy%2019-07-2012/user_files/98/?C=D;O=D HTTP/1.0" 200 877
201.228.81.79 - - [17/Apr/2016:11:57:10 -0500] "GET /galeria/galeria/fotos/mirador4G.jpg HTTP/1.1" 200 159827
51.254.121.187 - - [17/Apr/2016:11:57:11 -0500] "GET /StormSDA/userFiles%20-%20Copy%2019-07-2012/user_files/98/?C=M;O=D HTTP/1.0" 200 877
191.102.216.117 - - [17/Apr/2016:11:57:13 -0500] "GET /galeria/galeria/jquery.fancybox.css?v=2.1.5 HTTP/1.1" 200 4895
191.102.216.117 - - [17/Apr/2016:11:57:13 -0500] "GET /BLA/boletinlegal/js/jquery.scrollShow.js HTTP/1.1" 200 4586
191.102.216.117 - - [17/Apr/2016:11:57:13 -0500] "GET /galeria/galeria/jquery.fancybox.js?v=2.1.5 HTTP/1.1" 200 48706
51.254.121.187 - - [17/Apr/2016:11:57:13 -0500] "GET /StormSDA/userFiles%20-%20Copy%2019-07-2012/user_files/98/?C=N;O=A HTTP/1.0" 200 877
201.228.81.79 - - [17/Apr/2016:11:57:13 -0500] "GET /galeria/galeria/fotos/Entrenube3G.jpg HTTP/1.1" 200 138221
51.254.121.187 - - [17/Apr/2016:11:57:14 -0500] "GET /StormSDA/userFiles%20-%20Copy%2019-07-2012/user_files/98/?C=S;O=D HTTP/1.0" 200 877
66.249.69.100 - - [17/Apr/2016:11:57:14 -0500] "GET /BLA/resoluciones/AUTOS%202008/2871.pdf HTTP/1.1" 200 317414
51.254.121.187 - - [17/Apr/2016:11:57:16 -0500] "GET /StormSDA/userFiles%20-%20Copy%2019-07-2012/user_files/formatos/?C=D;O=D HTTP/1.0" 200 1518
201.228.81.79 - - [17/Apr/2016:11:57:17 -0500] "GET /galeria/galeria/fotos/mirador2G.jpg HTTP/1.1" 200 115084
51.254.121.187 - - [17/Apr/2016:11:57:18 -0500] "GET /StormSDA/userFiles%20-%20Copy%2019-07-2012/user_files/formatos/?C=M;O=D HTTP/1.0" 200 1518
66.249.69.100 - - [17/Apr/2016:11:57:19 -0500] "GET /BLA/resoluciones/RESOLUCIONES%202009/8201.pdf HTTP/1.1" 200 989777
51.254.121.187 - - [17/Apr/2016:11:57:20 -0500] "GET /StormSDA/userFiles%20-%20Copy%2019-07-2012/user_files/formatos/?C=N;O=A HTTP/1.0" 200 1518
186.84.4.64 - - [17/Apr/2016:11:57:20 -0500] "GET /BLA/boletinlegal/js/jquery.scrollShow.js HTTP/1.1" 200 4586
186.84.4.64 - - [17/Apr/2016:11:57:20 -0500] "GET /galeria/galeria/jquery.fancybox.css?v=2.1.5 HTTP/1.1" 200 4895
186.84.4.64 - - [17/Apr/2016:11:57:20 -0500] "GET /galeria/galeria/jquery.fancybox.js?v=2.1.5 HTTP/1.1" 200 48706
51.254.121.187 - - [17/Apr/2016:11:57:22 -0500] "GET /StormSDA/userFiles%20-%20Copy%2019-07-2012/user_files/formatos/?C=S;O=D HTTP/1.0" 200 1518
201.228.81.79 - - [17/Apr/2016:11:57:23 -0500] "GET /galeria/mapa/3MapaBogot%C3%A1.jpg HTTP/1.1" 200 688183
51.254.121.187 - - [17/Apr/2016:11:57:24 -0500] "GET /StormSDA/userFiles%20-%20Copy%2019-07-2012/user_files/formatos/eventos/?C=D;O=A HTTP/1.0" 200 914
66.249.69.48 - - [17/Apr/2016:11:57:24 -0500] "GET /SIG/ECS/126PM04-PR91.pdf HTTP/1.1" 200 4849900
51.254.121.187 - - [17/Apr/2016:11:57:26 -0500] "GET /StormSDA/userFiles%20-%20Copy%2019-07-2012/user_files/formatos/eventos/?C=M;O=A HTTP/1.0" 200 914
161.18.102.54 - - [17/Apr/2016:11:57:27 -0500] "GET /galeria/galeria/jquery.fancybox.css?v=2.1.5 HTTP/1.1" 304 -
161.18.102.54 - - [17/Apr/2016:11:57:27 -0500] "GET /BLA/boletinlegal/js/jquery.scrollShow.js HTTP/1.1" 304 -
190.156.19.86 - - [17/Apr/2016:11:57:27 -0500] "GET /BLA/boletinlegal/js/jquery.scrollShow.js HTTP/1.1" 200 4586
190.156.19.86 - - [17/Apr/2016:11:57:27 -0500] "GET /galeria/galeria/jquery.fancybox.css?v=2.1.5 HTTP/1.1" 200 4895
161.18.102.54 - - [17/Apr/2016:11:57:27 -0500] "GET /galeria/galeria/jquery.fancybox.js?v=2.1.5 HTTP/1.1" 304 -
190.156.19.86 - - [17/Apr/2016:11:57:27 -0500] "GET /galeria/galeria/jquery.fancybox.js?v=2.1.5 HTTP/1.1" 200 48706
161.18.102.54 - - [17/Apr/2016:11:57:27 -0500] "GET /galeria/galeria/jquery.fancybox.css?v=2.1.5 HTTP/1.1" 200 4895
66.249.69.100 - - [17/Apr/2016:11:57:34 -0500] "GET /BLA/resoluciones/RESOLUCIONES%202008/2076.pdf HTTP/1.1" 200 2404321
201.184.198.177 - - [17/Apr/2016:11:57:34 -0500] "GET /BLA/boletinlegal/consulta_actos.php?tipo=autos&no=3252&usuario=&sector=&fecha=2014&resuelve= HTTP/1.1" 200 1078
66.249.69.100 - - [17/Apr/2016:11:57:37 -0500] "GET /BLA/resoluciones/RESOLUCIONES%202008/0620.pdf HTTP/1.1" 200 190575
191.102.216.117 - - [17/Apr/2016:11:57:38 -0500] "GET /BLA/boletinlegal/js/jquery.scrollShow.js HTTP/1.1" 304 -
191.102.216.117 - - [17/Apr/2016:11:57:38 -0500] "GET /galeria/galeria/jquery.fancybox.js?v=2.1.5 HTTP/1.1" 304 -
191.102.216.117 - - [17/Apr/2016:11:57:38 -0500] "GET /galeria/galeria/jquery.fancybox.css?v=2.1.5 HTTP/1.1" 304 -
66.249.69.100 - - [17/Apr/2016:11:57:38 -0500] "GET /galeria/galeria/fotos/BORONAS3peq.jpg HTTP/1.1" 304 -
66.249.69.100 - - [17/Apr/2016:11:57:40 -0500] "GET /BLA/resoluciones/AUTOS%202007/0510.pdf HTTP/1.1" 200 219050
66.249.69.100 - - [17/Apr/2016:11:57:45 -0500] "GET /BLA/resoluciones/RESOLUCIONES%202010/0407.pdf HTTP/1.1" 200 524537
201.184.198.177 - - [17/Apr/2016:11:57:46 -0500] "GET /BLA/boletinlegal/consulta_actos.php?tipo=autos&no=6597&usuario=&sector=&fecha=2014&resuelve= HTTP/1.1" 200 1085
186.144.28.110 - - [17/Apr/2016:11:57:48 -0500] "GET /BLA/boletinlegal/jurisprudencia/analisis/Analisis%20jurisprudencial%20Sentencia%20C-366-11.doc HTTP/1.1" 200 59392
201.228.81.79 - - [17/Apr/2016:11:57:49 -0500] "GET /galeria/galeria/fotos/Entrenube2G.jpg HTTP/1.1" 200 111422
190.156.19.86 - - [17/Apr/2016:11:57:49 -0500] "GET /galeria/galeria/jquery.fancybox.js?v=2.1.5 HTTP/1.1" 304 -
190.156.19.86 - - [17/Apr/2016:11:57:49 -0500] "GET /galeria/galeria/jquery.fancybox.css?v=2.1.5 HTTP/1.1" 304 -
190.156.19.86 - - [17/Apr/2016:11:57:49 -0500] "GET /BLA/boletinlegal/js/jquery.scrollShow.js HTTP/1.1" 304 -
66.249.69.100 - - [17/Apr/2016:11:57:50 -0500] "GET /BLA/resoluciones/RESOLUCIONES%202013/2057.pdf HTTP/1.1" 200 415095
201.184.198.177 - - [17/Apr/2016:11:57:53 -0500] "GET /BLA/boletinlegal/consulta_actos.php?tipo=autos&no=6607&usuario=&sector=&fecha=2014&resuelve= HTTP/1.1" 200 1073
66.249.69.100 - - [17/Apr/2016:11:57:55 -0500] "GET /BLA/resoluciones/AUTOS%202013/0134.pdf HTTP/1.1" 200 1495928
66.249.69.100 - - [17/Apr/2016:11:58:01 -0500] "GET /videos/23demayo/ HTTP/1.1" 200 5973
201.184.198.177 - - [17/Apr/2016:11:58:03 -0500] "GET /BLA/boletinlegal/consulta_actos.php?tipo=autos&no=6554&usuario=&sector=&fecha=2014&resuelve= HTTP/1.1" 200 1073
66.249.69.100 - - [17/Apr/2016:11:58:06 -0500] "GET /BLA/resoluciones/AUTOS%202014/7258.pdf HTTP/1.1" 200 179401
66.249.69.100 - - [17/Apr/2016:11:58:11 -0500] "GET /BLA/resoluciones/RESOLUCIONES%202008/3796.pdf HTTP/1.1" 200 380512
201.245.238.169 - - [17/Apr/2016:11:58:12 -0500] "GET /BLA/resoluciones/RESOLUCIONES%202011/1109.pdf HTTP/1.1" 200 262443
201.184.198.177 - - [17/Apr/2016:11:58:13 -0500] "GET /BLA/boletinlegal/consulta_actos.php?tipo=autos&no=6539&usuario=&sector=&fecha=2014&resuelve= HTTP/1.1" 200 1080
51.254.121.187 - - [17/Apr/2016:11:58:17 -0500] "GET /StormSDA/userFiles%20-%20Copy%2019-07-2012/user_files/formatos/eventos/?C=N;O=D HTTP/1.0" 200 914
186.85.2.189 - - [17/Apr/2016:11:58:19 -0500] "GET /galeria/galeria/fotos/Huemdal-Cordoba2G.jpg HTTP/1.1" 200 471832
51.254.121.187 - - [17/Apr/2016:11:58:21 -0500] "GET /StormSDA/userFiles%20-%20Copy%2019-07-2012/user_files/formatos/eventos/?C=S;O=A HTTP/1.0" 200 914
152.201.78.223 - - [17/Apr/2016:11:58:22 -0500] "GET /videos/ArchivoSDA.flv HTTP/1.1" 304 -
51.254.121.187 - - [17/Apr/2016:11:58:24 -0500] "GET /StormSDA/userFiles%20-%20Copy%2019-07-2012/user_files/formulas/2/?C=D;O=A HTTP/1.0" 200 902
157.55.39.201 - - [17/Apr/2016:11:58:25 -0500] "GET /dama/libreria/pdf/formularios/formato_tala.pdf HTTP/1.1" 404 1015
66.249.69.100 - - [17/Apr/2016:11:58:26 -0500] "GET /galeria/galeria/fotos/CHESTER5peq.jpg HTTP/1.1" 304 -
66.249.69.100 - - [17/Apr/2016:11:58:27 -0500] "GET /BLA/resoluciones/RESOLUCIONES%202007/RES%202007%202501%20AL%202600/RESOLUCION%202599%20DE%202007.pdf HTTP/1.1" 200 178436
66.249.69.100 - - [17/Apr/2016:11:58:27 -0500] "GET /BLA/resoluciones/AUTOS%202011/3658.pdf HTTP/1.1" 200 186363
201.184.198.177 - - [17/Apr/2016:11:58:28 -0500] "GET /BLA/boletinlegal/consulta_actos.php?tipo=autos&no=5981&usuario=&sector=&fecha=2014&resuelve= HTTP/1.1" 200 1066
51.254.121.187 - - [17/Apr/2016:11:58:30 -0500] "GET /StormSDA/userFiles%20-%20Copy%2019-07-2012/user_files/formulas/2/?C=M;O=A HTTP/1.0" 200 902
66.249.69.100 - - [17/Apr/2016:11:58:32 -0500] "GET /BLA/resoluciones/RESOLUCIONES%202008/0575.pdf HTTP/1.1" 200 149641
51.254.121.187 - - [17/Apr/2016:11:58:35 -0500] "GET /StormSDA/userFiles%20-%20Copy%2019-07-2012/user_files/formulas/2/?C=N;O=D HTTP/1.0" 200 902
66.249.69.100 - - [17/Apr/2016:11:58:37 -0500] "GET /BLA/resoluciones/RESOLUCIONES%202008/5132.pdf HTTP/1.1" 200 477601
201.184.198.177 - - [17/Apr/2016:11:58:37 -0500] "GET /BLA/boletinlegal/consulta_actos.php?tipo=autos&no=6027&usuario=&sector=&fecha=2014&resuelve= HTTP/1.1" 200 1084
51.254.121.187 - - [17/Apr/2016:11:58:39 -0500] "GET /StormSDA/userFiles%20-%20Copy%2019-07-2012/user_files/formulas/2/?C=S;O=A HTTP/1.0" 200 902
66.249.69.100 - - [17/Apr/2016:11:58:42 -0500] "GET /BLA/resoluciones/AUTOS%202014/3247.pdf HTTP/1.1" 200 691841
51.254.121.187 - - [17/Apr/2016:11:58:44 -0500] "GET /StormSDA/userFiles%20-%20Copy%2019-07-2012/user_files/formulas/3/?C=D;O=A HTTP/1.0" 200 902
181.141.204.226 - - [17/Apr/2016:11:58:44 -0500] "GET /galeria/galeria/jquery.fancybox.js?v=2.1.5 HTTP/1.1" 200 48706
181.141.204.226 - - [17/Apr/2016:11:58:44 -0500] "GET /galeria/galeria/jquery.fancybox.css?v=2.1.5 HTTP/1.1" 200 4895
181.141.204.226 - - [17/Apr/2016:11:58:44 -0500] "GET /BLA/boletinlegal/js/jquery.scrollShow.js HTTP/1.1" 200 4586
51.254.121.187 - - [17/Apr/2016:11:58:46 -0500] "GET /StormSDA/userFiles%20-%20Copy%2019-07-2012/user_files/formulas/3/?C=M;O=A HTTP/1.0" 200 902
201.184.198.177 - - [17/Apr/2016:11:58:47 -0500] "GET /BLA/boletinlegal/consulta_actos.php?tipo=autos&no=5982&usuario=&sector=&fecha=2014&resuelve= HTTP/1.1" 200 1076
66.249.69.100 - - [17/Apr/2016:11:58:47 -0500] "GET /BLA/resoluciones/RESOLUCIONES%202008/3968.pdf HTTP/1.1" 200 800694
51.254.121.187 - - [17/Apr/2016:11:58:50 -0500] "GET /StormSDA/userFiles%20-%20Copy%2019-07-2012/user_files/formulas/3/?C=N;O=D HTTP/1.0" 200 902
66.249.69.100 - - [17/Apr/2016:11:58:53 -0500] "GET /BLA/resoluciones/AUTOS%202008/0721.pdf HTTP/1.1" 200 78256
51.254.121.187 - - [17/Apr/2016:11:58:54 -0500] "GET /StormSDA/userFiles%20-%20Copy%2019-07-2012/user_files/formulas/3/?C=S;O=A HTTP/1.0" 200 902
181.141.73.166 - - [17/Apr/2016:11:58:57 -0500] "GET /galeria/galeria/jquery.fancybox.css?v=2.1.5 HTTP/1.1" 200 4895
181.141.73.166 - - [17/Apr/2016:11:58:57 -0500] "GET /galeria/galeria/jquery.fancybox.js?v=2.1.5 HTTP/1.1" 200 48706
181.141.73.166 - - [17/Apr/2016:11:58:57 -0500] "GET /BLA/boletinlegal/js/jquery.scrollShow.js HTTP/1.1" 200 4586
201.184.198.177 - - [17/Apr/2016:11:58:57 -0500] "GET /BLA/boletinlegal/consulta_actos.php?tipo=autos&no=6585&usuario=&sector=&fecha=2014&resuelve= HTTP/1.1" 200 1068
66.249.69.100 - - [17/Apr/2016:11:58:58 -0500] "GET /BLA/resoluciones/AUTOS%202012/1798.pdf HTTP/1.1" 200 646196
51.254.121.187 - - [17/Apr/2016:11:58:58 -0500] "GET /StormSDA/userFiles%20-%20Copy%2019-07-2012/user_files/formulas/4/?C=D;O=A HTTP/1.0" 200 902
181.141.90.135 - - [17/Apr/2016:11:59:00 -0500] "GET /galeria/galeria/jquery.fancybox.css?v=2.1.5 HTTP/1.1" 200 4895
181.141.90.135 - - [17/Apr/2016:11:59:00 -0500] "GET /BLA/boletinlegal/js/jquery.scrollShow.js HTTP/1.1" 200 4586
181.141.90.135 - - [17/Apr/2016:11:59:00 -0500] "GET /galeria/galeria/jquery.fancybox.js?v=2.1.5 HTTP/1.1" 200 48706
66.249.69.100 - - [17/Apr/2016:11:59:03 -0500] "GET /BLA/resoluciones/RESOLUCIONES%202008/4328.pdf HTTP/1.1" 200 579009
51.254.121.187 - - [17/Apr/2016:11:59:04 -0500] "GET /StormSDA/userFiles%20-%20Copy%2019-07-2012/user_files/formulas/4/?C=M;O=A HTTP/1.0" 200 902
51.254.121.187 - - [17/Apr/2016:11:59:06 -0500] "GET /StormSDA/userFiles%20-%20Copy%2019-07-2012/user_files/formulas/4/?C=N;O=D HTTP/1.0" 200 902
181.141.204.226 - - [17/Apr/2016:11:59:06 -0500] "GET /galeria/galeria/jquery.fancybox.js?v=2.1.5 HTTP/1.1" 304 -
181.141.204.226 - - [17/Apr/2016:11:59:06 -0500] "GET /galeria/galeria/jquery.fancybox.css?v=2.1.5 HTTP/1.1" 304 -
181.141.204.226 - - [17/Apr/2016:11:59:06 -0500] "GET /BLA/boletinlegal/js/jquery.scrollShow.js HTTP/1.1" 304 -
51.254.121.187 - - [17/Apr/2016:11:59:08 -0500] "GET /StormSDA/userFiles%20-%20Copy%2019-07-2012/user_files/formulas/4/?C=S;O=A HTTP/1.0" 200 902
66.249.69.100 - - [17/Apr/2016:11:59:08 -0500] "GET /BLA/resoluciones/RESOLUCIONES%202008/3532.pdf HTTP/1.1" 200 588782
51.254.121.187 - - [17/Apr/2016:11:59:09 -0500] "GET /StormSDA/userFiles%20-%20Copy%2019-07-2012/user_files/formulas/?C=D;O=D HTTP/1.0" 200 1504
201.184.198.177 - - [17/Apr/2016:11:59:10 -0500] "GET /BLA/boletinlegal/consulta_actos.php?tipo=autos&no=3751&usuario=&sector=&fecha=2014&resuelve= HTTP/1.1" 200 1081
51.254.121.187 - - [17/Apr/2016:11:59:11 -0500] "GET /StormSDA/userFiles/user_files/1/?C=D;O=D HTTP/1.0" 200 1691
51.254.121.187 - - [17/Apr/2016:11:59:13 -0500] "GET /StormSDA/userFiles/user_files/1/?C=N;O=A HTTP/1.0" 200 1691
66.249.69.100 - - [17/Apr/2016:11:59:13 -0500] "GET /BLA/resoluciones/AUTOS%202009/0752.pdf HTTP/1.1" 304 -
51.254.121.187 - - [17/Apr/2016:11:59:15 -0500] "GET /StormSDA/userFiles/user_files/1/?C=S;O=D HTTP/1.0" 200 1691
201.184.198.177 - - [17/Apr/2016:11:59:16 -0500] "GET /BLA/boletinlegal/consulta_actos.php?tipo=autos&no=6605&usuario=&sector=&fecha=2014&resuelve= HTTP/1.1" 200 1079
51.254.121.187 - - [17/Apr/2016:11:59:17 -0500] "GET /StormSDA/userFiles/user_files/85/?C=D;O=D HTTP/1.0" 200 817
66.249.69.100 - - [17/Apr/2016:11:59:17 -0500] "GET /galeria/galeria/fotos/Douglas8peq.jpg HTTP/1.1" 304 -
51.254.121.187 - - [17/Apr/2016:11:59:19 -0500] "GET /StormSDA/userFiles/user_files/85/?C=M;O=D HTTP/1.0" 200 817
181.141.73.166 - - [17/Apr/2016:11:59:19 -0500] "GET /galeria/galeria/jquery.fancybox.css?v=2.1.5 HTTP/1.1" 304 -
181.141.73.166 - - [17/Apr/2016:11:59:19 -0500] "GET /BLA/boletinlegal/js/jquery.scrollShow.js HTTP/1.1" 304 -
181.141.73.166 - - [17/Apr/2016:11:59:19 -0500] "GET /galeria/galeria/jquery.fancybox.js?v=2.1.5 HTTP/1.1" 304 -
66.249.69.100 - - [17/Apr/2016:11:59:19 -0500] "GET /BLA/resoluciones/AUTOS%202015/0243.pdf HTTP/1.1" 304 -
51.254.121.187 - - [17/Apr/2016:11:59:21 -0500] "GET /StormSDA/userFiles/user_files/85/?C=N;O=A HTTP/1.0" 200 817
66.249.69.100 - - [17/Apr/2016:11:59:21 -0500] "GET /videos/23demayo/9.jpg HTTP/1.1" 200 16565
51.254.121.187 - - [17/Apr/2016:11:59:22 -0500] "GET /StormSDA/userFiles/user_files/85/?C=S;O=D HTTP/1.0" 200 817
201.184.198.177 - - [17/Apr/2016:11:59:23 -0500] "GET /BLA/boletinlegal/consulta_actos.php?tipo=autos&no=6504&usuario=&sector=&fecha=2014&resuelve= HTTP/1.1" 200 1076
66.249.69.100 - - [17/Apr/2016:11:59:24 -0500] "GET /BLA/resoluciones/RESOLUCIONES%202008/4047.pdf HTTP/1.1" 200 305646
69.162.124.232 - - [17/Apr/2016:11:59:24 -0500] "HEAD / HTTP/1.1" 200 -
51.254.121.187 - - [17/Apr/2016:11:59:24 -0500] "GET /StormSDA/userFiles/user_files/86/?C=D;O=D HTTP/1.0" 200 817
51.254.121.187 - - [17/Apr/2016:11:59:26 -0500] "GET /StormSDA/userFiles/user_files/86/?C=M;O=D HTTP/1.0" 200 817
51.254.121.187 - - [17/Apr/2016:11:59:28 -0500] "GET /StormSDA/userFiles/user_files/86/?C=N;O=A HTTP/1.0" 200 817
51.254.121.187 - - [17/Apr/2016:11:59:30 -0500] "GET /StormSDA/userFiles/user_files/86/?C=S;O=D HTTP/1.0" 200 817
51.254.121.187 - - [17/Apr/2016:11:59:32 -0500] "GET /StormSDA/userFiles/user_files/87/?C=D;O=D HTTP/1.0" 200 817
201.184.198.177 - - [17/Apr/2016:11:59:33 -0500] "GET /BLA/boletinlegal/consulta_actos.php?tipo=autos&no=6505&usuario=&sector=&fecha=2014&resuelve= HTTP/1.1" 200 1077
51.254.121.187 - - [17/Apr/2016:11:59:34 -0500] "GET /StormSDA/userFiles/user_files/87/?C=M;O=D HTTP/1.0" 200 817
51.254.121.187 - - [17/Apr/2016:11:59:35 -0500] "GET /StormSDA/userFiles/user_files/87/?C=N;O=A HTTP/1.0" 200 817
51.254.121.187 - - [17/Apr/2016:11:59:37 -0500] "GET /StormSDA/userFiles/user_files/87/?C=S;O=D HTTP/1.0" 200 817
51.254.121.187 - - [17/Apr/2016:11:59:39 -0500] "GET /StormSDA/userFiles/user_files/88/?C=D;O=D HTTP/1.0" 200 817
186.28.16.183 - - [17/Apr/2016:11:59:40 -0500] "GET /BLA/boletinlegal/js/jquery.scrollShow.js HTTP/1.1" 200 4586
186.28.16.183 - - [17/Apr/2016:11:59:40 -0500] "GET /galeria/galeria/jquery.fancybox.js?v=2.1.5 HTTP/1.1" 200 48706
186.28.16.183 - - [17/Apr/2016:11:59:40 -0500] "GET /galeria/galeria/jquery.fancybox.css?v=2.1.5 HTTP/1.1" 200 4895
66.249.69.100 - - [17/Apr/2016:11:59:41 -0500] "GET /BLA/resoluciones/AUTOS%202013/1736.pdf HTTP/1.1" 200 695915
66.249.69.100 - - [17/Apr/2016:11:59:42 -0500] "GET /BLA/resoluciones/RESOLUCIONES%202008/1462.pdf HTTP/1.1" 200 299753
201.184.198.177 - - [17/Apr/2016:11:59:43 -0500] "GET /BLA/boletinlegal/consulta_actos.php?tipo=autos&no=5996&usuario=&sector=&fecha=2014&resuelve= HTTP/1.1" 200 1063
66.249.69.100 - - [17/Apr/2016:11:59:44 -0500] "GET /BLA/resoluciones/AUTOS%202007/0177.pdf HTTP/1.1" 200 114127
66.249.69.100 - - [17/Apr/2016:11:59:49 -0500] "GET /BLA/resoluciones/RESOLUCIONES%202007/RES%202007%201901%20AL%202000/RESOLUCION%201920_DE2007.pdf HTTP/1.1" 200 330294
181.128.230.155 - - [17/Apr/2016:11:59:52 -0500] "GET /galeria/carrusel/Carrusel/jquery.thumbnailScroller.css HTTP/1.1" 200 2066
181.128.230.155 - - [17/Apr/2016:11:59:52 -0500] "GET /galeria/carrusel/Carrusel/jquery-ui-1.8.13.custom.min.js HTTP/1.1" 200 10800
66.249.69.100 - - [17/Apr/2016:11:59:54 -0500] "GET /BLA/resoluciones/AUTOS%202011/3008.pdf HTTP/1.1" 200 156787
181.128.230.155 - - [17/Apr/2016:11:59:55 -0500] "GET /galeria/carrusel/Carrusel/jquery.thumbnailScroller.js HTTP/1.1" 200 8157
66.249.69.100 - - [17/Apr/2016:11:59:59 -0500] "GET /BLA/resoluciones/RESOLUCIONES%202009/9351.pdf HTTP/1.1" 200 500493
201.184.198.177 - - [17/Apr/2016:12:00:03 -0500] "GET /BLA/boletinlegal/consulta_actos.php?tipo=autos&no=5154&usuario=&sector=&fecha=2014&resuelve= HTTP/1.1" 200 1073
181.128.230.155 - - [17/Apr/2016:12:00:04 -0500] "GET /galeria/nivo-slider/demo/demo.html HTTP/1.1" 200 3625
181.128.230.155 - - [17/Apr/2016:12:00:04 -0500] "GET /galeria/nivo-slider/themes/default/default.css HTTP/1.1" 200 1569
181.128.230.155 - - [17/Apr/2016:12:00:04 -0500] "GET /galeria/nivo-slider/themes/pascal/pascal.css HTTP/1.1" 200 2258
181.128.230.155 - - [17/Apr/2016:12:00:04 -0500] "GET /galeria/nivo-slider/themes/orman/orman.css HTTP/1.1" 200 2152
181.128.230.155 - - [17/Apr/2016:12:00:04 -0500] "GET /galeria/nivo-slider/demo/style.css HTTP/1.1" 200 2222
181.128.230.155 - - [17/Apr/2016:12:00:04 -0500] "GET /galeria/nivo-slider/nivo-slider.css HTTP/1.1" 200 1507
181.128.230.155 - - [17/Apr/2016:12:00:04 -0500] "GET /galeria/nivo-slider/demo/scripts/jquery-1.7.1.min.js HTTP/1.1" 200 93868
181.128.230.155 - - [17/Apr/2016:12:00:04 -0500] "GET /galeria/nivo-slider/demo/images/banner_consejo.jpg HTTP/1.1" 200 226074
181.128.230.155 - - [17/Apr/2016:12:00:04 -0500] "GET /galeria/nivo-slider/jquery.nivo.slider.pack.js HTTP/1.1" 200 11561
181.128.230.155 - - [17/Apr/2016:12:00:04 -0500] "GET /galeria/nivo-slider/demo/images/Banner_Site_Ciclo7.jpg HTTP/1.1" 200 293854
181.128.230.155 - - [17/Apr/2016:12:00:04 -0500] "GET /galeria/nivo-slider/demo/images/banner_decreto.png HTTP/1.1" 200 32523
181.128.230.155 - - [17/Apr/2016:12:00:04 -0500] "GET /galeria/nivo-slider/demo/images/ecolecta2016.jpg HTTP/1.1" 200 147170
181.128.230.155 - - [17/Apr/2016:12:00:04 -0500] "GET /galeria/nivo-slider/demo/images/4Simple_Slider.png HTTP/1.1" 200 11722
181.128.230.155 - - [17/Apr/2016:12:00:04 -0500] "GET /galeria/nivo-slider/demo/images/ABC-Plan-de-contigencia.jpg HTTP/1.1" 200 423901
181.128.230.155 - - [17/Apr/2016:12:00:04 -0500] "GET /galeria/nivo-slider/demo/images/banner-llantas2015.jpg HTTP/1.1" 200 268366
181.128.230.155 - - [17/Apr/2016:12:00:05 -0500] "GET /galeria/nivo-slider/demo/images/caminata-ecologica.jpg HTTP/1.1" 200 192926
181.128.230.155 - - [17/Apr/2016:12:00:05 -0500] "GET /galeria/nivo-slider/demo/images/Cmapana-onestidad.jpg HTTP/1.1" 200 141638
181.128.230.155 - - [17/Apr/2016:12:00:05 -0500] "GET /galeria/nivo-slider/demo/images/banner-llantas2.jpg HTTP/1.1" 200 234514
66.249.69.100 - - [17/Apr/2016:12:00:05 -0500] "GET /BLA/resoluciones/AUTOS%202012/1765.pdf HTTP/1.1" 200 432988
181.128.230.155 - - [17/Apr/2016:12:00:05 -0500] "GET /galeria/nivo-slider/themes/default/loading.gif HTTP/1.1" 200 1737
181.128.230.155 - - [17/Apr/2016:12:00:06 -0500] "GET /galeria/nivo-slider/demo/images/9Signos.jpg HTTP/1.1" 200 81776
181.128.230.155 - - [17/Apr/2016:12:00:06 -0500] "GET /galeria/nivo-slider/demo/images/Ruta-vertimientos-01.jpg HTTP/1.1" 200 130151
181.128.230.155 - - [17/Apr/2016:12:00:06 -0500] "GET /galeria/nivo-slider/demo/images/bolsas-06.jpg HTTP/1.1" 200 210950
66.249.69.100 - - [17/Apr/2016:12:00:10 -0500] "GET /BLA/resoluciones/AUTOS%202008/3020.pdf HTTP/1.1" 200 310850
186.28.16.183 - - [17/Apr/2016:12:00:11 -0500] "GET /BLA/boletinlegal/js/jquery.scrollShow.js HTTP/1.1" 200 4586
186.28.16.183 - - [17/Apr/2016:12:00:11 -0500] "GET /galeria/galeria/jquery.fancybox.js?v=2.1.5 HTTP/1.1" 200 48706
186.28.16.183 - - [17/Apr/2016:12:00:11 -0500] "GET /galeria/galeria/jquery.fancybox.css?v=2.1.5 HTTP/1.1" 200 4895
201.184.198.177 - - [17/Apr/2016:12:00:12 -0500] "GET /BLA/boletinlegal/consulta_actos.php?tipo=autos&no=6302&usuario=&sector=&fecha=2014&resuelve= HTTP/1.1" 200 1066
66.249.69.100 - - [17/Apr/2016:12:00:15 -0500] "GET /BLA/resoluciones/RESOLUCIONES%202009/9530.pdf HTTP/1.1" 200 492337
181.128.230.155 - - [17/Apr/2016:12:00:19 -0500] "GET /galeria/nivo-slider/themes/default/bullets.png HTTP/1.1" 200 1281
181.128.230.155 - - [17/Apr/2016:12:00:19 -0500] "GET /galeria/nivo-slider/themes/default/arrows.png HTTP/1.1" 200 824
66.249.69.100 - - [17/Apr/2016:12:00:20 -0500] "GET /BLA/resoluciones/RESOLUCIONES%202011/1667.pdf HTTP/1.1" 200 74737
201.184.198.177 - - [17/Apr/2016:12:00:22 -0500] "GET /BLA/boletinlegal/consulta_actos.php?tipo=autos&no=3195&usuario=&sector=&fecha=2014&resuelve= HTTP/1.1" 200 1071
66.249.69.100 - - [17/Apr/2016:12:00:25 -0500] "GET /BLA/resoluciones/RESOLUCIONES%202011/4313.pdf HTTP/1.1" 200 364319
66.249.69.100 - - [17/Apr/2016:12:00:30 -0500] "GET /BLA/resoluciones/AUTOS%202011/5040.pdf HTTP/1.1" 200 667565
201.184.198.177 - - [17/Apr/2016:12:00:31 -0500] "GET /BLA/boletinlegal/consulta_actos.php?tipo=autos&no=4245&usuario=&sector=&fecha=2014&resuelve= HTTP/1.1" 200 1077
66.249.69.100 - - [17/Apr/2016:12:00:36 -0500] "GET /BLA/resoluciones/RESOLUCIONES%202013/0686.pdf HTTP/1.1" 200 783096
201.184.198.177 - - [17/Apr/2016:12:00:38 -0500] "GET /BLA/boletinlegal/consulta_actos.php?tipo=autos&no=6342&usuario=&sector=&fecha=2014&resuelve= HTTP/1.1" 200 1071
66.249.69.100 - - [17/Apr/2016:12:00:41 -0500] "GET /BLA/resoluciones/AUTOS%202012/0872.pdf HTTP/1.1" 200 485964
181.49.69.149 - - [17/Apr/2016:12:00:41 -0500] "GET /galeria/mapa/3MapaBogot%C3%A1.jpg HTTP/1.1" 200 688183
190.131.194.135 - - [17/Apr/2016:12:00:44 -0500] "GET /galeria/nivo-slider/demo/images/rendicion-de-cuentas-formulario.jpg HTTP/1.1" 304 -
201.184.198.177 - - [17/Apr/2016:12:00:47 -0500] "GET /BLA/boletinlegal/consulta_actos.php?tipo=autos&no=4113&usuario=&sector=&fecha=2014&resuelve= HTTP/1.1" 200 1072
201.184.198.177 - - [17/Apr/2016:12:00:55 -0500] "GET /BLA/boletinlegal/consulta_actos.php?tipo=autos&no=4360&usuario=&sector=&fecha=2014&resuelve= HTTP/1.1" 200 1076
181.128.230.155 - - [17/Apr/2016:12:01:01 -0500] "GET /BLA/boletinlegal/js/jquery.scrollShow.js HTTP/1.1" 304 -
181.128.230.155 - - [17/Apr/2016:12:01:02 -0500] "GET /galeria/galeria/jquery.fancybox.js?v=2.1.5 HTTP/1.1" 304 -
181.128.230.155 - - [17/Apr/2016:12:01:02 -0500] "GET /galeria/galeria/jquery.fancybox.css?v=2.1.5 HTTP/1.1" 304 -
201.184.198.177 - - [17/Apr/2016:12:01:08 -0500] "GET /BLA/boletinlegal/consulta_actos.php?tipo=autos&no=6334&usuario=&sector=&fecha=2014&resuelve= HTTP/1.1" 200 1083
201.184.198.177 - - [17/Apr/2016:12:01:16 -0500] "GET /BLA/boletinlegal/consulta_actos.php?tipo=autos&no=6315&usuario=&sector=&fecha=2014&resuelve= HTTP/1.1" 200 1070
66.249.69.100 - - [17/Apr/2016:12:01:18 -0500] "GET /BLA/resoluciones/RESOLUCIONES%202009/8671.pdf HTTP/1.1" 304 -
66.249.69.100 - - [17/Apr/2016:12:01:22 -0500] "GET /videos/23demayo/11.jpg HTTP/1.1" 200 11960
201.184.198.177 - - [17/Apr/2016:12:01:22 -0500] "GET /BLA/boletinlegal/consulta_actos.php?tipo=autos&no=6464&usuario=&sector=&fecha=2014&resuelve= HTTP/1.1" 200 1071
66.249.69.40 - - [17/Apr/2016:12:01:25 -0500] "GET /ecodirectorio/files/res/downloads/download_0085.pdf HTTP/1.1" 304 -
66.249.69.100 - - [17/Apr/2016:12:01:31 -0500] "GET /BLA/resoluciones/AUTOS%202011/5955.pdf HTTP/1.1" 200 136852
201.184.198.177 - - [17/Apr/2016:12:01:31 -0500] "GET /BLA/boletinlegal/consulta_actos.php?tipo=autos&no=5170&usuario=&sector=&fecha=2014&resuelve= HTTP/1.1" 200 1073
186.81.214.9 - - [17/Apr/2016:12:01:32 -0500] "GET /IsolucionSDA/bancoconocimiento/C/CONTROLDISCIPLINARIO_v7/CONTROLDISCIPLINARIO_v7.asp?IdArticulo=8222 HTTP/1.1" 200 55574
66.249.69.41 - - [17/Apr/2016:12:01:33 -0500] "GET / HTTP/1.1" 302 302
66.249.69.100 - - [17/Apr/2016:12:01:35 -0500] "GET /BLA/resoluciones/AUTOS%202009/1944.pdf HTTP/1.1" 200 118627
66.249.69.100 - - [17/Apr/2016:12:01:38 -0500] "GET /BLA/resoluciones/RESOLUCIONES%202013/0594.pdf HTTP/1.1" 304 -
201.184.198.177 - - [17/Apr/2016:12:01:44 -0500] "GET /BLA/boletinlegal/consulta_actos.php?tipo=autos&no=5992&usuario=&sector=&fecha=2014&resuelve= HTTP/1.1" 200 1080
66.249.69.100 - - [17/Apr/2016:12:01:50 -0500] "GET /BLA/resoluciones/AUTOS%202015/1267.pdf HTTP/1.1" 304 -
201.184.198.177 - - [17/Apr/2016:12:01:56 -0500] "GET /BLA/resoluciones/ HTTP/1.1" 200 8325
201.184.198.177 - - [17/Apr/2016:12:01:58 -0500] "GET /BLA/resoluciones/index.php?dir=AUTOS+2016%2F HTTP/1.1" 200 3117
186.81.214.9 - - [17/Apr/2016:12:02:01 -0500] "GET /IsolucionSDA/bancoconocimiento/C/ControlDisciplinarioOrdinarioV8/ControlDisciplinarioOrdinarioV8.asp?IdArticulo=5750 HTTP/1.1" 302 166
186.81.214.9 - - [17/Apr/2016:12:02:01 -0500] "GET /IsolucionSDA/bancoconocimiento/C/ControlDisciplinarioOrdinarioV8/disciplinario%20ordinario%20version%20080.pdf HTTP/1.1" 200 689689
201.184.198.177 - - [17/Apr/2016:12:02:02 -0500] "GET /BLA/resoluciones/index.php?dir=AUTOS+2014%2F HTTP/1.1" 200 762183
66.249.69.100 - - [17/Apr/2016:12:02:05 -0500] "GET /BLA/resoluciones/RESOLUCIONES%202009/8391.pdf HTTP/1.1" 304 -
66.249.69.100 - - [17/Apr/2016:12:02:07 -0500] "GET /BLA/resoluciones/AUTOS%202013/0586.pdf HTTP/1.1" 304 -
66.249.69.100 - - [17/Apr/2016:12:02:08 -0500] "GET /BLA/resoluciones/AUTOS%202015/0312.pdf HTTP/1.1" 304 -
66.249.69.100 - - [17/Apr/2016:12:02:10 -0500] "GET /BLA/resoluciones/RESOLUCIONES%202013/1484.pdf HTTP/1.1" 304 -
66.249.69.100 - - [17/Apr/2016:12:02:10 -0500] "GET /BLA/resoluciones/RESOLUCIONES%202013/0860.pdf HTTP/1.1" 304 -
66.249.69.100 - - [17/Apr/2016:12:02:11 -0500] "GET /BLA/resoluciones/AUTOS%202015/2466.pdf HTTP/1.1" 304 -
66.249.69.100 - - [17/Apr/2016:12:02:15 -0500] "GET /BLA/resoluciones/RESOLUCIONES%202007/RES%202007%201201%20AL%201300/RESOLUCION%201277%20DE%202007.pdf HTTP/1.1" 304 -
66.249.69.100 - - [17/Apr/2016:12:02:15 -0500] "GET /BLA/resoluciones/RESOLUCIONES%202010/2034.pdf HTTP/1.1" 200 528077
66.249.69.100 - - [17/Apr/2016:12:02:24 -0500] "GET /BLA/resoluciones/RESOLUCIONES%202007/RES%202007%201501%20AL%201600/RESOLUCION%201535%20DE%202007.pdf HTTP/1.1" 304 -
66.249.69.100 - - [17/Apr/2016:12:02:29 -0500] "GET /BLA/resoluciones/Notificaciones/REGISTROS%202015/0351.doc HTTP/1.1" 304 -
66.249.69.100 - - [17/Apr/2016:12:02:34 -0500] "GET /BLA/resoluciones/RESOLUCIONES%202007/RES%202007%20201%20AL%20300/RESOLUCION%200243%20DE%202007.pdf HTTP/1.1" 304 -
66.249.69.100 - - [17/Apr/2016:12:02:40 -0500] "GET /BLA/resoluciones/AUTOS%202010/2367.pdf HTTP/1.1" 304 -
201.184.198.177 - - [17/Apr/2016:12:02:41 -0500] "GET /BLA/resoluciones/index.php?dir=AUTOS+2016%2F HTTP/1.1" 200 3117
66.249.69.100 - - [17/Apr/2016:12:02:45 -0500] "GET /BLA/resoluciones/AUTOS%202007/1220.pdf HTTP/1.1" 304 -
201.184.198.177 - - [17/Apr/2016:12:02:47 -0500] "GET /BLA/resoluciones/AUTOS%202016/0062.pdf HTTP/1.1" 200 705558
66.249.69.100 - - [17/Apr/2016:12:02:50 -0500] "GET /BLA/resoluciones/AUTOS%202014/3244.pdf HTTP/1.1" 200 799042
66.249.69.100 - - [17/Apr/2016:12:02:55 -0500] "GET /BLA/resoluciones/RESOLUCIONES%202007/RES%202007%203801%20AL%203900/RESOLUCION%203857%20DE%202007.pdf HTTP/1.1" 304 -
66.249.69.100 - - [17/Apr/2016:12:03:01 -0500] "GET /BLA/resoluciones/RESOLUCIONES%202009/8520.pdf HTTP/1.1" 304 -
66.249.69.100 - - [17/Apr/2016:12:03:12 -0500] "GET /BLA/resoluciones/AUTOS%202009/0442.pdf HTTP/1.1" 304 -
66.249.69.100 - - [17/Apr/2016:12:03:14 -0500] "GET /Anexos%20estudio%20Organizacional%20SDA/ANEXO%20No.%201-%20NORMAS%20LEGALES%20DE%20ESTRUCTURA%20Y%20PLANTA/Decreto%20109%20de%202009%20-%20Modifica%20la%20estructura%20de%20la%20SDA.jsp.htm HTTP/1.1" 304 -
201.184.198.177 - - [17/Apr/2016:12:03:29 -0500] "GET /BLA/resoluciones/index.php?dir=AUTOS+2016%2F HTTP/1.1" 200 3117
186.80.6.191 - - [17/Apr/2016:12:03:37 -0500] "GET /BLA/boletinlegal/js/jquery.scrollShow.js HTTP/1.1" 200 4586
186.80.6.191 - - [17/Apr/2016:12:03:37 -0500] "GET /galeria/galeria/jquery.fancybox.js?v=2.1.5 HTTP/1.1" 200 48706
186.80.6.191 - - [17/Apr/2016:12:03:37 -0500] "GET /galeria/galeria/jquery.fancybox.css?v=2.1.5 HTTP/1.1" 200 4895
66.249.69.100 - - [17/Apr/2016:12:03:42 -0500] "GET /BLA/resoluciones/RESOLUCIONES%202013/0985.pdf HTTP/1.1" 304 -
201.184.198.177 - - [17/Apr/2016:12:03:42 -0500] "GET /BLA/resoluciones/index.php?dir=RESOLUCIONES+2016%2F HTTP/1.1" 200 2719
90.74.96.249 - - [17/Apr/2016:12:03:42 -0500] "GET /galeria/carrusel/Carrusel/jquery.thumbnailScroller.css HTTP/1.1" 200 2066
90.74.96.249 - - [17/Apr/2016:12:03:42 -0500] "GET /galeria/carrusel/Carrusel/jquery-ui-1.8.13.custom.min.js HTTP/1.1" 200 10800
90.74.96.249 - - [17/Apr/2016:12:03:42 -0500] "GET /galeria/carrusel/Carrusel/jquery.thumbnailScroller.js HTTP/1.1" 200 8157
90.74.96.249 - - [17/Apr/2016:12:03:43 -0500] "GET /galeria/nivo-slider/demo/demo.html HTTP/1.1" 200 3625
90.74.96.249 - - [17/Apr/2016:12:03:43 -0500] "GET /galeria/nivo-slider/themes/default/default.css HTTP/1.1" 200 1569
90.74.96.249 - - [17/Apr/2016:12:03:43 -0500] "GET /galeria/nivo-slider/themes/pascal/pascal.css HTTP/1.1" 200 2258
90.74.96.249 - - [17/Apr/2016:12:03:43 -0500] "GET /galeria/nivo-slider/themes/orman/orman.css HTTP/1.1" 200 2152
90.74.96.249 - - [17/Apr/2016:12:03:43 -0500] "GET /galeria/nivo-slider/nivo-slider.css HTTP/1.1" 200 1507
90.74.96.249 - - [17/Apr/2016:12:03:43 -0500] "GET /galeria/nivo-slider/demo/scripts/jquery-1.7.1.min.js HTTP/1.1" 200 93868
90.74.96.249 - - [17/Apr/2016:12:03:43 -0500] "GET /galeria/nivo-slider/demo/style.css HTTP/1.1" 200 2222
186.80.6.191 - - [17/Apr/2016:12:03:43 -0500] "GET /BLA/boletinlegal/js/jquery.scrollShow.js HTTP/1.1" 200 4586
186.80.6.191 - - [17/Apr/2016:12:03:43 -0500] "GET /galeria/galeria/jquery.fancybox.js?v=2.1.5 HTTP/1.1" 200 48706
186.80.6.191 - - [17/Apr/2016:12:03:43 -0500] "GET /galeria/galeria/jquery.fancybox.css?v=2.1.5 HTTP/1.1" 200 4895
90.74.96.249 - - [17/Apr/2016:12:03:43 -0500] "GET /galeria/nivo-slider/demo/images/banner_consejo.jpg HTTP/1.1" 200 226074
90.74.96.249 - - [17/Apr/2016:12:03:43 -0500] "GET /galeria/nivo-slider/jquery.nivo.slider.pack.js HTTP/1.1" 200 11561
90.74.96.249 - - [17/Apr/2016:12:03:43 -0500] "GET /galeria/nivo-slider/demo/images/Banner_Site_Ciclo7.jpg HTTP/1.1" 200 293854
90.74.96.249 - - [17/Apr/2016:12:03:43 -0500] "GET /galeria/nivo-slider/demo/images/banner_decreto.png HTTP/1.1" 200 32523
90.74.96.249 - - [17/Apr/2016:12:03:43 -0500] "GET /galeria/nivo-slider/demo/images/ecolecta2016.jpg HTTP/1.1" 200 147170
90.74.96.249 - - [17/Apr/2016:12:03:44 -0500] "GET /galeria/nivo-slider/demo/images/4Simple_Slider.png HTTP/1.1" 200 11722
90.74.96.249 - - [17/Apr/2016:12:03:44 -0500] "GET /galeria/nivo-slider/themes/default/loading.gif HTTP/1.1" 200 1737
90.74.96.249 - - [17/Apr/2016:12:03:45 -0500] "GET /galeria/nivo-slider/demo/images/banner-llantas2015.jpg HTTP/1.1" 200 268366
90.74.96.249 - - [17/Apr/2016:12:03:45 -0500] "GET /galeria/nivo-slider/demo/images/ABC-Plan-de-contigencia.jpg HTTP/1.1" 200 423901
90.74.96.249 - - [17/Apr/2016:12:03:45 -0500] "GET /galeria/nivo-slider/demo/images/caminata-ecologica.jpg HTTP/1.1" 200 192926
90.74.96.249 - - [17/Apr/2016:12:03:45 -0500] "GET /galeria/nivo-slider/demo/images/Cmapana-onestidad.jpg HTTP/1.1" 200 141638
90.74.96.249 - - [17/Apr/2016:12:03:45 -0500] "GET /galeria/nivo-slider/demo/images/banner-llantas2.jpg HTTP/1.1" 200 234514
90.74.96.249 - - [17/Apr/2016:12:03:46 -0500] "GET /galeria/nivo-slider/demo/images/9Signos.jpg HTTP/1.1" 200 81776
201.184.198.177 - - [17/Apr/2016:12:03:46 -0500] "GET /BLA/resoluciones/RESOLUCIONES%202016/0076.pdf HTTP/1.1" 200 426858
