200.35.58.41 - - [25/Apr/2016:08:21:52 -0500] "GET /BLA/boletinlegal/consulta_normativa.php?tipo=Ley&sector=vertimientos&ano=2015&resuelve= HTTP/1.1" 200 454
200.35.58.41 - - [25/Apr/2016:08:21:52 -0500] "GET /BLA/boletinlegal/consulta_normativa.php?tipo=Ley&sector=vertimientos&ano=2015&resuelve= HTTP/1.1" 200 454
201.245.192.253 - - [25/Apr/2016:08:21:52 -0500] "GET /isolucionsda/Arriba.asp?Pagina=/IsolucionSDA/bancoconocimiento/C/Conceptotecnicodeobras_v5/Conceptotecnicodeobras_v5.asp?IdArticulo=4424 HTTP/1.1" 200 10550
201.245.192.253 - - [25/Apr/2016:08:21:52 -0500] "GET /IsolucionSDA/bancoconocimiento/C/Conceptotecnicodeobras_v5/Conceptotecnicodeobras_v5.asp?IdArticulo=4424 HTTP/1.1" 302 151
200.35.58.41 - - [25/Apr/2016:08:21:52 -0500] "GET /BLA/boletinlegal/consulta_normativa.php?tipo=Ley&sector=vertimientos&ano=2015&resuelve= HTTP/1.1" 200 454
200.35.58.41 - - [25/Apr/2016:08:21:52 -0500] "GET /BLA/boletinlegal/consulta_normativa.php?tipo=Ley&sector=vertimientos&ano=2015&resuelve= HTTP/1.1" 200 454
200.35.58.41 - - [25/Apr/2016:08:21:53 -0500] "GET /BLA/boletinlegal/consulta_normativa.php?tipo=Ley&sector=vertimientos&ano=2015&resuelve= HTTP/1.1" 200 454
200.35.58.41 - - [25/Apr/2016:08:21:53 -0500] "GET /BLA/boletinlegal/consulta_normativa.php?tipo=Ley&sector=vertimientos&ano=2015&resuelve= HTTP/1.1" 200 454
201.245.192.253 - - [25/Apr/2016:08:21:52 -0500] "GET /IsolucionSDA/bancoconocimiento/C/Conceptotecnicodeobras_v5/126pm04-pr35-m-a40%2020150.doc HTTP/1.1" 200 756736
177.252.136.8 - - [25/Apr/2016:08:21:55 -0500] "GET /galeria/galeria/jquery.fancybox.css?v=2.1.5 HTTP/1.1" 200 4895
177.252.136.8 - - [25/Apr/2016:08:21:55 -0500] "GET /galeria/carrusel/Carrusel/jquery.thumbnailScroller.css HTTP/1.1" 200 2066
177.252.136.8 - - [25/Apr/2016:08:21:55 -0500] "GET /BLA/boletinlegal/js/jquery.scrollShow.js HTTP/1.1" 200 4586
177.252.136.8 - - [25/Apr/2016:08:21:55 -0500] "GET /galeria/galeria/jquery.fancybox.js?v=2.1.5 HTTP/1.1" 200 48706
177.252.136.8 - - [25/Apr/2016:08:21:55 -0500] "GET /galeria/carrusel/Carrusel/jquery-ui-1.8.13.custom.min.js HTTP/1.1" 200 10800
177.252.136.8 - - [25/Apr/2016:08:21:55 -0500] "GET /galeria/carrusel/Carrusel/jquery.thumbnailScroller.js HTTP/1.1" 200 8157
201.245.192.253 - - [25/Apr/2016:08:21:55 -0500] "OPTIONS /IsolucionSDA/bancoconocimiento/C/Conceptotecnicodeobras_v5/ HTTP/1.1" 200 -
201.245.192.253 - - [25/Apr/2016:08:21:55 -0500] "OPTIONS /IsolucionSDA/bancoconocimiento/C/Conceptotecnicodeobras_v5/ HTTP/1.1" 200 -
201.245.192.253 - - [25/Apr/2016:08:21:55 -0500] "HEAD /IsolucionSDA/bancoconocimiento/C/Conceptotecnicodeobras_v5/126pm04-pr35-m-a40%2020150.doc HTTP/1.1" 200 -
201.245.192.253 - - [25/Apr/2016:08:21:55 -0500] "HEAD /IsolucionSDA/bancoconocimiento/C/Conceptotecnicodeobras_v5/126pm04-pr35-m-a40%2020150.doc HTTP/1.1" 200 -
200.35.58.41 - - [25/Apr/2016:08:21:55 -0500] "GET /BLA/boletinlegal/consulta_normativa.php?tipo=Ley&sector=vertimientos&ano=2015&resuelve= HTTP/1.1" 200 454
200.35.58.41 - - [25/Apr/2016:08:21:56 -0500] "GET /BLA/boletinlegal/consulta_normativa.php?tipo=Ley&sector=vertimientos&ano=2015&resuelve= HTTP/1.1" 200 454
177.252.136.8 - - [25/Apr/2016:08:21:56 -0500] "GET /galeria/nivo-slider/demo/demo.html HTTP/1.1" 200 3823
177.252.136.8 - - [25/Apr/2016:08:21:56 -0500] "GET /galeria/nivo-slider/themes/pascal/pascal.css HTTP/1.1" 200 2258
177.252.136.8 - - [25/Apr/2016:08:21:56 -0500] "GET /galeria/nivo-slider/themes/default/default.css HTTP/1.1" 200 1569
177.252.136.8 - - [25/Apr/2016:08:21:56 -0500] "GET /galeria/nivo-slider/themes/orman/orman.css HTTP/1.1" 200 2152
177.252.136.8 - - [25/Apr/2016:08:21:56 -0500] "GET /galeria/nivo-slider/nivo-slider.css HTTP/1.1" 200 1507
177.252.136.8 - - [25/Apr/2016:08:21:56 -0500] "GET /galeria/nivo-slider/demo/style.css HTTP/1.1" 200 2222
177.252.136.8 - - [25/Apr/2016:08:21:56 -0500] "GET /galeria/nivo-slider/demo/scripts/jquery-1.7.1.min.js HTTP/1.1" 200 93868
177.252.136.8 - - [25/Apr/2016:08:21:56 -0500] "GET /galeria/nivo-slider/jquery.nivo.slider.pack.js HTTP/1.1" 200 11561
177.252.136.8 - - [25/Apr/2016:08:21:56 -0500] "GET /galeria/nivo-slider/demo/images/Banner_CaminataCordoba_002.jpg HTTP/1.1" 200 414896
177.252.136.8 - - [25/Apr/2016:08:21:56 -0500] "GET /galeria/nivo-slider/demo/images/banner_consejo.jpg HTTP/1.1" 200 226074
177.252.136.8 - - [25/Apr/2016:08:21:56 -0500] "GET /galeria/nivo-slider/demo/images/banner_decreto.png HTTP/1.1" 200 32523
177.252.136.8 - - [25/Apr/2016:08:21:56 -0500] "GET /galeria/nivo-slider/demo/images/Banner_Site_Ciclo7.jpg HTTP/1.1" 200 293854
177.252.136.8 - - [25/Apr/2016:08:21:57 -0500] "GET /galeria/nivo-slider/demo/images/4Simple_Slider.png HTTP/1.1" 200 11722
177.252.136.8 - - [25/Apr/2016:08:21:57 -0500] "GET /galeria/nivo-slider/themes/default/loading.gif HTTP/1.1" 200 1737
177.252.136.8 - - [25/Apr/2016:08:21:57 -0500] "GET /galeria/nivo-slider/demo/images/ecolecta2016.jpg HTTP/1.1" 200 147170
177.252.136.8 - - [25/Apr/2016:08:21:57 -0500] "GET /galeria/nivo-slider/demo/images/ABC-Plan-de-contigencia.jpg HTTP/1.1" 200 423901
177.252.136.8 - - [25/Apr/2016:08:21:57 -0500] "GET /galeria/nivo-slider/demo/images/banner-llantas2015.jpg HTTP/1.1" 200 268366
177.252.136.8 - - [25/Apr/2016:08:21:57 -0500] "GET /galeria/nivo-slider/demo/images/caminata-ecologica.jpg HTTP/1.1" 200 192926
177.252.136.8 - - [25/Apr/2016:08:21:57 -0500] "GET /galeria/nivo-slider/demo/images/Cmapana-onestidad.jpg HTTP/1.1" 200 141638
177.252.136.8 - - [25/Apr/2016:08:21:58 -0500] "GET /galeria/nivo-slider/demo/images/banner-llantas2.jpg HTTP/1.1" 200 234514
177.252.136.8 - - [25/Apr/2016:08:21:58 -0500] "GET /galeria/nivo-slider/demo/images/9Signos.jpg HTTP/1.1" 200 81776
186.154.219.68 - - [25/Apr/2016:08:21:58 -0500] "GET /galeria/nivo-slider/demo/demo.html HTTP/1.1" 200 3823
186.154.219.68 - - [25/Apr/2016:08:21:58 -0500] "GET /galeria/nivo-slider/demo/images/Banner_CaminataCordoba_002.jpg HTTP/1.1" 200 414896
186.154.219.68 - - [25/Apr/2016:08:21:58 -0500] "GET /galeria/nivo-slider/demo/style.css HTTP/1.1" 304 -
186.154.219.68 - - [25/Apr/2016:08:21:58 -0500] "GET /galeria/nivo-slider/demo/images/banner_consejo.jpg HTTP/1.1" 200 226074
186.154.219.68 - - [25/Apr/2016:08:21:58 -0500] "GET /galeria/nivo-slider/demo/images/Banner_Site_Ciclo7.jpg HTTP/1.1" 200 293854
186.154.219.68 - - [25/Apr/2016:08:21:58 -0500] "GET /galeria/nivo-slider/demo/images/banner_decreto.png HTTP/1.1" 304 -
186.154.219.68 - - [25/Apr/2016:08:21:58 -0500] "GET /galeria/nivo-slider/demo/images/ecolecta2016.jpg HTTP/1.1" 304 -
186.154.219.68 - - [25/Apr/2016:08:21:58 -0500] "GET /galeria/nivo-slider/demo/images/4Simple_Slider.png HTTP/1.1" 304 -
177.252.136.8 - - [25/Apr/2016:08:21:58 -0500] "GET /galeria/nivo-slider/demo/images/Ruta-vertimientos-01.jpg HTTP/1.1" 200 130151
177.252.136.8 - - [25/Apr/2016:08:21:59 -0500] "GET /galeria/nivo-slider/demo/images/bolsas-06.jpg HTTP/1.1" 200 210950
200.35.58.41 - - [25/Apr/2016:08:21:59 -0500] "GET /BLA/boletinlegal/consulta_normativa.php?tipo=Ley&sector=vertimientos&ano=2015&resuelve= HTTP/1.1" 200 454
200.35.58.41 - - [25/Apr/2016:08:22:00 -0500] "GET /BLA/boletinlegal/consulta_normativa.php?tipo=Ley&sector=vertimientos&ano=2015&resuelve= HTTP/1.1" 200 454
200.35.58.41 - - [25/Apr/2016:08:22:01 -0500] "GET /BLA/boletinlegal/consulta_normativa.php?tipo=Ley&sector=vertimientos&ano=2015&resuelve= HTTP/1.1" 200 454
200.35.58.41 - - [25/Apr/2016:08:22:01 -0500] "GET /BLA/boletinlegal/consulta_normativa.php?tipo=Ley&sector=vertimientos&ano=2015&resuelve= HTTP/1.1" 200 454
200.35.58.41 - - [25/Apr/2016:08:22:01 -0500] "GET /BLA/boletinlegal/consulta_normativa.php?tipo=Ley&sector=vertimientos&ano=2015&resuelve= HTTP/1.1" 200 454
200.35.58.41 - - [25/Apr/2016:08:22:01 -0500] "GET /BLA/boletinlegal/consulta_normativa.php?tipo=Ley&sector=vertimientos&ano=2015&resuelve= HTTP/1.1" 200 454
177.252.136.8 - - [25/Apr/2016:08:22:01 -0500] "GET /galeria/nivo-slider/themes/default/arrows.png HTTP/1.1" 200 824
177.252.136.8 - - [25/Apr/2016:08:22:01 -0500] "GET /galeria/nivo-slider/themes/default/bullets.png HTTP/1.1" 200 1281
200.35.58.41 - - [25/Apr/2016:08:22:01 -0500] "GET /BLA/boletinlegal/consulta_normativa.php?tipo=Ley&sector=vertimientos&ano=2015&resuelve= HTTP/1.1" 200 454
200.35.58.41 - - [25/Apr/2016:08:22:01 -0500] "GET /BLA/boletinlegal/consulta_normativa.php?tipo=Ley&sector=vertimientos&ano=2015&resuelve= HTTP/1.1" 200 454
201.245.192.253 - - [25/Apr/2016:08:21:58 -0500] "GET /IsolucionSDA/bancoconocimiento/C/Conceptotecnicodeobras_v5/126pm04-pr35-m-a40%2020150.doc HTTP/1.1" 200 756736
201.245.192.253 - - [25/Apr/2016:08:22:01 -0500] "HEAD /IsolucionSDA/bancoconocimiento/C/Conceptotecnicodeobras_v5/126pm04-pr35-m-a40%2020150.doc HTTP/1.1" 200 -
200.35.58.41 - - [25/Apr/2016:08:22:06 -0500] "GET /BLA/boletinlegal/consulta_normativa.php?tipo=Ley&sector=vertimientos&ano=2015&resuelve= HTTP/1.1" 200 454
200.35.58.41 - - [25/Apr/2016:08:22:07 -0500] "GET /BLA/boletinlegal/consulta_normativa.php?tipo=Ley&sector=vertimientos&ano=2015&resuelve= HTTP/1.1" 200 454
200.35.58.41 - - [25/Apr/2016:08:22:07 -0500] "GET /BLA/boletinlegal/consulta_normativa.php?tipo=Ley&sector=vertimientos&ano=2015&resuelve= HTTP/1.1" 200 454
200.35.58.41 - - [25/Apr/2016:08:22:07 -0500] "GET /BLA/boletinlegal/consulta_normativa.php?tipo=Ley&sector=vertimientos&ano=2015&resuelve= HTTP/1.1" 200 454
201.245.192.253 - - [25/Apr/2016:08:22:08 -0500] "GET /isolucionsda/FrameSetArticulo.asp?Pagina=/IsolucionSDA/bancoconocimiento/I/Informetecnicodeobras_v5/Informetecnicodeobras_v5.asp?IdArticulo=4425 HTTP/1.1" 200 7325
201.245.192.253 - - [25/Apr/2016:08:22:08 -0500] "GET /isolucionsda/Arriba.asp?Pagina=/IsolucionSDA/bancoconocimiento/I/Informetecnicodeobras_v5/Informetecnicodeobras_v5.asp?IdArticulo=4425 HTTP/1.1" 200 10583
201.245.192.253 - - [25/Apr/2016:08:22:08 -0500] "GET /IsolucionSDA/bancoconocimiento/I/Informetecnicodeobras_v5/Informetecnicodeobras_v5.asp?IdArticulo=4425 HTTP/1.1" 302 151
66.249.73.156 - - [25/Apr/2016:08:22:08 -0500] "GET /BLA/resoluciones/RESOLUCIONES%202007/RES%202007%20401%20AL%20500/RESOLUCION%200431%20DE%202007.pdf HTTP/1.1" 304 -
201.245.192.253 - - [25/Apr/2016:08:22:08 -0500] "GET /IsolucionSDA/bancoconocimiento/I/Informetecnicodeobras_v5/126pm04-pr35-m-a50%2020150.doc HTTP/1.1" 200 766464
201.245.192.253 - - [25/Apr/2016:08:22:10 -0500] "GET /galeria/nivo-slider/demo/demo.html HTTP/1.1" 200 3823
201.245.192.253 - - [25/Apr/2016:08:22:10 -0500] "GET /galeria/nivo-slider/themes/default/default.css HTTP/1.1" 200 1569
201.245.192.253 - - [25/Apr/2016:08:22:10 -0500] "GET /galeria/nivo-slider/demo/images/Banner_Site_Ciclo7.jpg HTTP/1.1" 200 293854
201.245.192.253 - - [25/Apr/2016:08:22:10 -0500] "GET /galeria/nivo-slider/nivo-slider.css HTTP/1.1" 200 1507
201.245.192.253 - - [25/Apr/2016:08:22:10 -0500] "GET /galeria/nivo-slider/themes/pascal/pascal.css HTTP/1.1" 200 2258
201.245.192.253 - - [25/Apr/2016:08:22:10 -0500] "GET /galeria/nivo-slider/demo/images/Banner_CaminataCordoba_002.jpg HTTP/1.1" 200 414896
201.245.192.253 - - [25/Apr/2016:08:22:10 -0500] "GET /galeria/nivo-slider/demo/images/ecolecta2016.jpg HTTP/1.1" 200 147170
201.245.192.253 - - [25/Apr/2016:08:22:11 -0500] "GET /galeria/nivo-slider/demo/images/ABC-Plan-de-contigencia.jpg HTTP/1.1" 200 423901
201.245.192.253 - - [25/Apr/2016:08:22:11 -0500] "GET /galeria/nivo-slider/themes/orman/orman.css HTTP/1.1" 200 2152
201.245.192.253 - - [25/Apr/2016:08:22:11 -0500] "GET /galeria/nivo-slider/demo/images/caminata-ecologica.jpg HTTP/1.1" 200 192926
201.245.192.253 - - [25/Apr/2016:08:22:11 -0500] "OPTIONS /IsolucionSDA/bancoconocimiento/I/Informetecnicodeobras_v5/ HTTP/1.1" 200 -
201.245.192.253 - - [25/Apr/2016:08:22:11 -0500] "OPTIONS /IsolucionSDA/bancoconocimiento/I/Informetecnicodeobras_v5/ HTTP/1.1" 200 -
201.245.192.253 - - [25/Apr/2016:08:22:11 -0500] "HEAD /IsolucionSDA/bancoconocimiento/I/Informetecnicodeobras_v5/126pm04-pr35-m-a50%2020150.doc HTTP/1.1" 200 -
201.245.192.253 - - [25/Apr/2016:08:22:11 -0500] "HEAD /IsolucionSDA/bancoconocimiento/I/Informetecnicodeobras_v5/126pm04-pr35-m-a50%2020150.doc HTTP/1.1" 200 -
201.245.192.253 - - [25/Apr/2016:08:22:11 -0500] "GET /galeria/nivo-slider/demo/images/banner-llantas2015.jpg HTTP/1.1" 200 268366
200.35.58.41 - - [25/Apr/2016:08:22:12 -0500] "GET /BLA/boletinlegal/consulta_normativa.php?tipo=Decreto&sector=vertimientos&ano=2015&resuelve= HTTP/1.1" 200 454
200.35.58.41 - - [25/Apr/2016:08:22:14 -0500] "GET /BLA/boletinlegal/consulta_normativa.php?tipo=Decreto&sector=vertimientos&ano=2015&resuelve= HTTP/1.1" 200 454
200.35.58.41 - - [25/Apr/2016:08:22:14 -0500] "GET /BLA/boletinlegal/consulta_normativa.php?tipo=Decreto&sector=vertimientos&ano=2015&resuelve= HTTP/1.1" 200 454
200.35.58.41 - - [25/Apr/2016:08:22:14 -0500] "GET /BLA/boletinlegal/consulta_normativa.php?tipo=Decreto&sector=vertimientos&ano=2015&resuelve= HTTP/1.1" 200 454
201.245.192.253 - - [25/Apr/2016:08:22:14 -0500] "GET /galeria/nivo-slider/demo/images/banner-llantas2.jpg HTTP/1.1" 200 234514
200.35.58.41 - - [25/Apr/2016:08:22:14 -0500] "GET /BLA/boletinlegal/consulta_normativa.php?tipo=Decreto&sector=vertimientos&ano=2015&resuelve= HTTP/1.1" 200 454
200.35.58.41 - - [25/Apr/2016:08:22:14 -0500] "GET /BLA/boletinlegal/consulta_normativa.php?tipo=Decreto&sector=vertimientos&ano=2015&resuelve= HTTP/1.1" 200 454
201.245.192.253 - - [25/Apr/2016:08:22:14 -0500] "GET /galeria/nivo-slider/demo/style.css HTTP/1.1" 200 2222
201.245.192.253 - - [25/Apr/2016:08:22:15 -0500] "GET /galeria/nivo-slider/demo/images/9Signos.jpg HTTP/1.1" 200 81776
200.35.58.41 - - [25/Apr/2016:08:22:15 -0500] "GET /BLA/boletinlegal/consulta_normativa.php?tipo=Decreto&sector=vertimientos&ano=2015&resuelve= HTTP/1.1" 200 454
201.245.192.253 - - [25/Apr/2016:08:22:15 -0500] "GET /galeria/nivo-slider/demo/images/banner_consejo.jpg HTTP/1.1" 200 226074
200.35.58.41 - - [25/Apr/2016:08:22:15 -0500] "GET /BLA/boletinlegal/consulta_normativa.php?tipo=Decreto&sector=vertimientos&ano=2015&resuelve= HTTP/1.1" 200 454
200.35.58.41 - - [25/Apr/2016:08:22:15 -0500] "GET /BLA/boletinlegal/consulta_normativa.php?tipo=Decreto&sector=vertimientos&ano=2015&resuelve= HTTP/1.1" 200 454
200.35.58.41 - - [25/Apr/2016:08:22:15 -0500] "GET /BLA/boletinlegal/consulta_normativa.php?tipo=Decreto&sector=vertimientos&ano=2015&resuelve= HTTP/1.1" 200 454
201.245.192.253 - - [25/Apr/2016:08:22:15 -0500] "GET /galeria/nivo-slider/demo/images/Ruta-vertimientos-01.jpg HTTP/1.1" 200 130151
200.35.58.41 - - [25/Apr/2016:08:22:15 -0500] "GET /BLA/boletinlegal/consulta_normativa.php?tipo=Decreto&sector=vertimientos&ano=2015&resuelve= HTTP/1.1" 200 454
201.245.192.253 - - [25/Apr/2016:08:22:16 -0500] "GET /galeria/nivo-slider/demo/demo.html HTTP/1.1" 304 -
201.245.192.253 - - [25/Apr/2016:08:22:16 -0500] "GET /galeria/nivo-slider/demo/images/banner_consejo.jpg HTTP/1.1" 304 -
201.245.192.253 - - [25/Apr/2016:08:22:16 -0500] "GET /galeria/nivo-slider/demo/images/Banner_CaminataCordoba_002.jpg HTTP/1.1" 304 -
200.35.58.41 - - [25/Apr/2016:08:22:16 -0500] "GET /BLA/boletinlegal/consulta_normativa.php?tipo=Decreto&sector=vertimientos&ano=2015&resuelve= HTTP/1.1" 200 454
201.245.192.253 - - [25/Apr/2016:08:22:16 -0500] "GET /galeria/nivo-slider/demo/images/banner-llantas2.jpg HTTP/1.1" 304 -
201.245.192.253 - - [25/Apr/2016:08:22:16 -0500] "GET /galeria/nivo-slider/demo/images/Banner_Site_Ciclo7.jpg HTTP/1.1" 304 -
201.245.192.253 - - [25/Apr/2016:08:22:16 -0500] "GET /galeria/nivo-slider/demo/images/bolsas-06.jpg HTTP/1.1" 304 -
201.245.192.253 - - [25/Apr/2016:08:22:16 -0500] "GET /galeria/nivo-slider/demo/images/ABC-Plan-de-contigencia.jpg HTTP/1.1" 304 -
201.245.192.253 - - [25/Apr/2016:08:22:16 -0500] "GET /galeria/nivo-slider/demo/images/caminata-ecologica.jpg HTTP/1.1" 304 -
201.245.192.253 - - [25/Apr/2016:08:22:16 -0500] "GET /galeria/nivo-slider/demo/images/banner-llantas2015.jpg HTTP/1.1" 304 -
200.35.58.41 - - [25/Apr/2016:08:22:16 -0500] "GET /BLA/boletinlegal/consulta_normativa.php?tipo=Decreto&sector=vertimientos&ano=2015&resuelve= HTTP/1.1" 200 454
201.245.192.253 - - [25/Apr/2016:08:22:14 -0500] "GET /IsolucionSDA/bancoconocimiento/I/Informetecnicodeobras_v5/126pm04-pr35-m-a50%2020150.doc HTTP/1.1" 200 766464
201.245.192.253 - - [25/Apr/2016:08:22:16 -0500] "HEAD /IsolucionSDA/bancoconocimiento/I/Informetecnicodeobras_v5/126pm04-pr35-m-a50%2020150.doc HTTP/1.1" 200 -
201.245.192.253 - - [25/Apr/2016:08:22:16 -0500] "GET /galeria/nivo-slider/demo/images/bolsas-06.jpg HTTP/1.1" 200 210950
201.245.192.253 - - [25/Apr/2016:08:22:16 -0500] "GET /galeria/nivo-slider/demo/images/banner_decreto.png HTTP/1.1" 200 32523
201.245.192.253 - - [25/Apr/2016:08:22:17 -0500] "GET /galeria/nivo-slider/demo/scripts/jquery-1.7.1.min.js HTTP/1.1" 200 93868
201.245.192.253 - - [25/Apr/2016:08:22:17 -0500] "GET /galeria/nivo-slider/jquery.nivo.slider.pack.js HTTP/1.1" 200 11561
201.245.192.253 - - [25/Apr/2016:08:22:17 -0500] "GET /galeria/nivo-slider/demo/images/Cmapana-onestidad.jpg HTTP/1.1" 200 141638
201.245.192.253 - - [25/Apr/2016:08:22:17 -0500] "GET /galeria/carrusel/Carrusel/jquery.thumbnailScroller.js HTTP/1.1" 200 8157
201.245.192.253 - - [25/Apr/2016:08:22:17 -0500] "GET /galeria/nivo-slider/demo/images/4Simple_Slider.png HTTP/1.1" 200 11722
201.245.192.253 - - [25/Apr/2016:08:22:17 -0500] "GET /galeria/nivo-slider/themes/default/loading.gif HTTP/1.1" 200 1737
201.245.192.253 - - [25/Apr/2016:08:22:19 -0500] "GET /galeria/nivo-slider/themes/default/bullets.png HTTP/1.1" 200 1281
201.245.192.253 - - [25/Apr/2016:08:22:21 -0500] "GET /isolucionsda/FrameSetArticulo.asp?Pagina=/IsolucionSDA/bancoconocimiento/M/Manejodematerialeseinsumosenobras_v5/Manejodematerialeseinsumosenobras_v5.asp?IdArticulo=4426 HTTP/1.1" 200 7421
201.245.192.253 - - [25/Apr/2016:08:22:21 -0500] "GET /isolucionsda/Arriba.asp?Pagina=/IsolucionSDA/bancoconocimiento/M/Manejodematerialeseinsumosenobras_v5/Manejodematerialeseinsumosenobras_v5.asp?IdArticulo=4426 HTTP/1.1" 200 10600
201.245.192.253 - - [25/Apr/2016:08:22:21 -0500] "GET /IsolucionSDA/bancoconocimiento/M/Manejodematerialeseinsumosenobras_v5/Manejodematerialeseinsumosenobras_v5.asp?IdArticulo=4426 HTTP/1.1" 302 151
200.35.58.41 - - [25/Apr/2016:08:22:22 -0500] "GET /BLA/boletinlegal/consulta_normativa.php?tipo=Acuerdo&sector=vertimientos&ano=2015&resuelve= HTTP/1.1" 200 454
201.245.192.253 - - [25/Apr/2016:08:22:22 -0500] "GET /IsolucionSDA/bancoconocimiento/M/Manejodematerialeseinsumosenobras_v5/126pm04-pr35-f-a60%2020150.xls HTTP/1.1" 200 851968
201.245.192.253 - - [25/Apr/2016:08:22:25 -0500] "OPTIONS /IsolucionSDA/bancoconocimiento/M/Manejodematerialeseinsumosenobras_v5/ HTTP/1.1" 200 -
201.245.192.253 - - [25/Apr/2016:08:22:25 -0500] "OPTIONS /IsolucionSDA/bancoconocimiento/M/Manejodematerialeseinsumosenobras_v5/ HTTP/1.1" 200 -
201.245.192.253 - - [25/Apr/2016:08:22:25 -0500] "HEAD /IsolucionSDA/bancoconocimiento/M/Manejodematerialeseinsumosenobras_v5/126pm04-pr35-f-a60%2020150.xls HTTP/1.1" 200 -
201.245.192.253 - - [25/Apr/2016:08:22:25 -0500] "HEAD /IsolucionSDA/bancoconocimiento/M/Manejodematerialeseinsumosenobras_v5/126pm04-pr35-f-a60%2020150.xls HTTP/1.1" 200 -
190.129.35.248 - - [25/Apr/2016:08:22:25 -0500] "GET /galeria/galeria/jquery.fancybox.js?v=2.1.5 HTTP/1.1" 304 -
190.129.35.248 - - [25/Apr/2016:08:22:25 -0500] "GET /BLA/boletinlegal/js/jquery.scrollShow.js HTTP/1.1" 304 -
190.129.35.248 - - [25/Apr/2016:08:22:25 -0500] "GET /galeria/galeria/jquery.fancybox.css?v=2.1.5 HTTP/1.1" 304 -
186.31.214.11 - - [25/Apr/2016:08:22:28 -0500] "GET /galeria/galeria/jquery.fancybox.css?v=2.1.5 HTTP/1.1" 304 -
186.31.214.11 - - [25/Apr/2016:08:22:28 -0500] "GET /galeria/galeria/jquery.fancybox.js?v=2.1.5 HTTP/1.1" 304 -
186.31.214.11 - - [25/Apr/2016:08:22:28 -0500] "GET /BLA/boletinlegal/js/jquery.scrollShow.js HTTP/1.1" 304 -
200.35.58.41 - - [25/Apr/2016:08:22:28 -0500] "GET /BLA/boletinlegal/consulta_normativa.php?tipo=Resolucion&sector=vertimientos&ano=2015&resuelve= HTTP/1.1" 200 454
200.35.58.41 - - [25/Apr/2016:08:22:29 -0500] "GET /BLA/boletinlegal/consulta_normativa.php?tipo=Resolucion&sector=vertimientos&ano=2015&resuelve= HTTP/1.1" 200 454
200.35.58.41 - - [25/Apr/2016:08:22:29 -0500] "GET /BLA/boletinlegal/consulta_normativa.php?tipo=Resolucion&sector=vertimientos&ano=2015&resuelve= HTTP/1.1" 200 454
200.35.58.41 - - [25/Apr/2016:08:22:30 -0500] "GET /BLA/boletinlegal/consulta_normativa.php?tipo=Resolucion&sector=vertimientos&ano=2015&resuelve= HTTP/1.1" 200 454
200.35.58.41 - - [25/Apr/2016:08:22:30 -0500] "GET /BLA/boletinlegal/consulta_normativa.php?tipo=Resolucion&sector=vertimientos&ano=2015&resuelve= HTTP/1.1" 200 454
190.129.35.248 - - [25/Apr/2016:08:22:30 -0500] "GET /galeria/galeria/jquery.fancybox.css?v=2.1.5 HTTP/1.1" 200 4895
200.35.58.41 - - [25/Apr/2016:08:22:30 -0500] "GET /BLA/boletinlegal/consulta_normativa.php?tipo=Resolucion&sector=vertimientos&ano=2015&resuelve= HTTP/1.1" 200 454
200.35.58.41 - - [25/Apr/2016:08:22:30 -0500] "GET /BLA/boletinlegal/consulta_normativa.php?tipo=Resolucion&sector=vertimientos&ano=2015&resuelve= HTTP/1.1" 200 454
200.35.58.41 - - [25/Apr/2016:08:22:31 -0500] "GET /BLA/boletinlegal/consulta_normativa.php?tipo=Resolucion&sector=vertimientos&ano=2015&resuelve= HTTP/1.1" 200 454
200.35.58.41 - - [25/Apr/2016:08:22:31 -0500] "GET /BLA/boletinlegal/consulta_normativa.php?tipo=Resolucion&sector=vertimientos&ano=2015&resuelve= HTTP/1.1" 200 454
200.35.58.41 - - [25/Apr/2016:08:22:31 -0500] "GET /BLA/boletinlegal/consulta_normativa.php?tipo=Resolucion&sector=vertimientos&ano=2015&resuelve= HTTP/1.1" 200 454
201.245.192.253 - - [25/Apr/2016:08:22:29 -0500] "GET /IsolucionSDA/bancoconocimiento/M/Manejodematerialeseinsumosenobras_v5/126pm04-pr35-f-a60%2020150.xls HTTP/1.1" 200 851968
201.245.192.253 - - [25/Apr/2016:08:22:31 -0500] "HEAD /IsolucionSDA/bancoconocimiento/M/Manejodematerialeseinsumosenobras_v5/126pm04-pr35-f-a60%2020150.xls HTTP/1.1" 200 -
200.35.58.41 - - [25/Apr/2016:08:22:32 -0500] "GET /BLA/boletinlegal/consulta_normativa.php?tipo=Resolucion&sector=vertimientos&ano=2015&resuelve= HTTP/1.1" 200 454
200.35.58.41 - - [25/Apr/2016:08:22:32 -0500] "GET /BLA/boletinlegal/consulta_normativa.php?tipo=Resolucion&sector=vertimientos&ano=2015&resuelve= HTTP/1.1" 200 454
200.35.58.41 - - [25/Apr/2016:08:22:32 -0500] "GET /BLA/boletinlegal/consulta_normativa.php?tipo=Resolucion&sector=vertimientos&ano=2015&resuelve= HTTP/1.1" 200 454
200.35.58.41 - - [25/Apr/2016:08:22:32 -0500] "GET /BLA/boletinlegal/consulta_normativa.php?tipo=Resolucion&sector=vertimientos&ano=2015&resuelve= HTTP/1.1" 200 454
200.35.58.41 - - [25/Apr/2016:08:22:32 -0500] "GET /BLA/boletinlegal/consulta_normativa.php?tipo=Resolucion&sector=vertimientos&ano=2015&resuelve= HTTP/1.1" 200 454
181.49.29.221 - - [25/Apr/2016:08:22:33 -0500] "GET /BLA/boletinlegal/js/jquery.scrollShow.js HTTP/1.1" 200 4586
181.49.29.221 - - [25/Apr/2016:08:22:33 -0500] "GET /galeria/galeria/jquery.fancybox.css?v=2.1.5 HTTP/1.1" 200 4895
181.49.29.221 - - [25/Apr/2016:08:22:33 -0500] "GET /galeria/galeria/jquery.fancybox.js?v=2.1.5 HTTP/1.1" 200 48706
200.35.58.41 - - [25/Apr/2016:08:22:33 -0500] "GET /BLA/boletinlegal/consulta_normativa.php?tipo=Resolucion&sector=vertimientos&ano=2015&resuelve= HTTP/1.1" 200 454
200.35.58.41 - - [25/Apr/2016:08:22:33 -0500] "GET /BLA/boletinlegal/consulta_normativa.php?tipo=Resolucion&sector=vertimientos&ano=2015&resuelve= HTTP/1.1" 200 454
201.245.192.253 - - [25/Apr/2016:08:22:33 -0500] "GET /galeria/nivo-slider/themes/default/arrows.png HTTP/1.1" 200 824
200.35.58.41 - - [25/Apr/2016:08:22:33 -0500] "GET /BLA/boletinlegal/consulta_normativa.php?tipo=Resolucion&sector=vertimientos&ano=2015&resuelve= HTTP/1.1" 200 454
200.35.58.41 - - [25/Apr/2016:08:22:33 -0500] "GET /BLA/boletinlegal/consulta_normativa.php?tipo=Resolucion&sector=vertimientos&ano=2015&resuelve= HTTP/1.1" 200 454
200.35.58.41 - - [25/Apr/2016:08:22:33 -0500] "GET /BLA/boletinlegal/consulta_normativa.php?tipo=Resolucion&sector=vertimientos&ano=2015&resuelve= HTTP/1.1" 200 454
200.35.58.41 - - [25/Apr/2016:08:22:33 -0500] "GET /BLA/boletinlegal/consulta_normativa.php?tipo=Resolucion&sector=vertimientos&ano=2015&resuelve= HTTP/1.1" 200 454
200.35.58.41 - - [25/Apr/2016:08:22:33 -0500] "GET /BLA/boletinlegal/consulta_normativa.php?tipo=Resolucion&sector=vertimientos&ano=2015&resuelve= HTTP/1.1" 200 454
200.35.58.41 - - [25/Apr/2016:08:22:36 -0500] "GET /BLA/boletinlegal/consulta_normativa.php?tipo=Resolucion&sector=vertimientos&ano=2015&resuelve= HTTP/1.1" 200 454
200.35.58.41 - - [25/Apr/2016:08:22:36 -0500] "GET /BLA/boletinlegal/consulta_normativa.php?tipo=Resolucion&sector=vertimientos&ano=2015&resuelve= HTTP/1.1" 200 454
200.35.58.41 - - [25/Apr/2016:08:22:36 -0500] "GET /BLA/boletinlegal/consulta_normativa.php?tipo=Resolucion&sector=vertimientos&ano=2015&resuelve= HTTP/1.1" 200 454
200.35.58.41 - - [25/Apr/2016:08:22:36 -0500] "GET /BLA/boletinlegal/consulta_normativa.php?tipo=Resolucion&sector=vertimientos&ano=2015&resuelve= HTTP/1.1" 200 454
200.35.58.41 - - [25/Apr/2016:08:22:36 -0500] "GET /BLA/boletinlegal/consulta_normativa.php?tipo=Resolucion&sector=vertimientos&ano=2015&resuelve= HTTP/1.1" 200 454
200.35.58.41 - - [25/Apr/2016:08:22:36 -0500] "GET /BLA/boletinlegal/consulta_normativa.php?tipo=Resolucion&sector=vertimientos&ano=2015&resuelve= HTTP/1.1" 200 454
181.49.29.221 - - [25/Apr/2016:08:22:39 -0500] "GET /BLA/boletinlegal/js/jquery.scrollShow.js HTTP/1.1" 304 -
181.49.29.221 - - [25/Apr/2016:08:22:39 -0500] "GET /galeria/galeria/jquery.fancybox.js?v=2.1.5 HTTP/1.1" 304 -
181.49.29.221 - - [25/Apr/2016:08:22:39 -0500] "GET /galeria/galeria/jquery.fancybox.css?v=2.1.5 HTTP/1.1" 304 -
201.245.192.253 - - [25/Apr/2016:08:22:39 -0500] "GET /isolucionsda/FrameSetArticulo.asp?Pagina=/IsolucionSDA/bancoconocimiento/M/Manejodeflora_faunaypaisajeenobras_v5/Manejodeflora_faunaypaisajeenobras_v5.asp?IdArticulo=4427 HTTP/1.1" 200 7429
201.245.192.253 - - [25/Apr/2016:08:22:39 -0500] "GET /isolucionsda/Arriba.asp?Pagina=/IsolucionSDA/bancoconocimiento/M/Manejodeflora_faunaypaisajeenobras_v5/Manejodeflora_faunaypaisajeenobras_v5.asp?IdArticulo=4427 HTTP/1.1" 200 10606
201.245.192.253 - - [25/Apr/2016:08:22:39 -0500] "GET /IsolucionSDA/bancoconocimiento/M/Manejodeflora_faunaypaisajeenobras_v5/Manejodeflora_faunaypaisajeenobras_v5.asp?IdArticulo=4427 HTTP/1.1" 302 151
66.249.73.156 - - [25/Apr/2016:08:22:42 -0500] "GET /BLA/resoluciones/RESOLUCIONES%202007/RES%202007%202001%20AL%202100/RESOLUCION%202056%20DE%202007.pdf HTTP/1.1" 304 -
201.245.192.253 - - [25/Apr/2016:08:22:40 -0500] "GET /IsolucionSDA/bancoconocimiento/M/Manejodeflora_faunaypaisajeenobras_v5/126pm04-pr35-f-a70%2020150.xls HTTP/1.1" 200 845312
201.245.192.253 - - [25/Apr/2016:08:22:42 -0500] "OPTIONS /IsolucionSDA/bancoconocimiento/M/Manejodeflora_faunaypaisajeenobras_v5/ HTTP/1.1" 200 -
201.245.192.253 - - [25/Apr/2016:08:22:42 -0500] "OPTIONS /IsolucionSDA/bancoconocimiento/M/Manejodeflora_faunaypaisajeenobras_v5/ HTTP/1.1" 200 -
201.245.192.253 - - [25/Apr/2016:08:22:42 -0500] "HEAD /IsolucionSDA/bancoconocimiento/M/Manejodeflora_faunaypaisajeenobras_v5/126pm04-pr35-f-a70%2020150.xls HTTP/1.1" 200 -
201.245.192.253 - - [25/Apr/2016:08:22:42 -0500] "HEAD /IsolucionSDA/bancoconocimiento/M/Manejodeflora_faunaypaisajeenobras_v5/126pm04-pr35-f-a70%2020150.xls HTTP/1.1" 200 -
200.21.85.253 - - [25/Apr/2016:08:22:46 -0500] "GET /BLA/resoluciones/RESOLUCIONES%202007/RES%202007%203301%20AL%203400/RESOLUCION%203344%20DE%202007.pdf HTTP/1.1" 200 420953
200.35.58.41 - - [25/Apr/2016:08:22:48 -0500] "GET /BLA/boletinlegal/consulta_normativa.php?tipo=Resolucion&sector=vertimientos&ano=2006&resuelve= HTTP/1.1" 200 454
200.35.58.41 - - [25/Apr/2016:08:22:49 -0500] "GET /BLA/boletinlegal/consulta_normativa.php?tipo=Resolucion&sector=vertimientos&ano=2006&resuelve= HTTP/1.1" 200 454
200.35.58.41 - - [25/Apr/2016:08:22:49 -0500] "GET /BLA/boletinlegal/consulta_normativa.php?tipo=Resolucion&sector=vertimientos&ano=2006&resuelve= HTTP/1.1" 200 454
200.35.58.41 - - [25/Apr/2016:08:22:49 -0500] "GET /BLA/boletinlegal/consulta_normativa.php?tipo=Resolucion&sector=vertimientos&ano=2006&resuelve= HTTP/1.1" 200 454
200.35.58.41 - - [25/Apr/2016:08:22:49 -0500] "GET /BLA/boletinlegal/consulta_normativa.php?tipo=Resolucion&sector=vertimientos&ano=2006&resuelve= HTTP/1.1" 200 454
200.35.58.41 - - [25/Apr/2016:08:22:50 -0500] "GET /BLA/boletinlegal/consulta_normativa.php?tipo=Resolucion&sector=vertimientos&ano=2006&resuelve= HTTP/1.1" 200 454
200.35.58.41 - - [25/Apr/2016:08:22:50 -0500] "GET /BLA/boletinlegal/consulta_normativa.php?tipo=Resolucion&sector=vertimientos&ano=2006&resuelve= HTTP/1.1" 200 454
200.35.58.41 - - [25/Apr/2016:08:22:50 -0500] "GET /BLA/boletinlegal/consulta_normativa.php?tipo=Resolucion&sector=vertimientos&ano=2006&resuelve= HTTP/1.1" 200 454
200.35.58.41 - - [25/Apr/2016:08:22:50 -0500] "GET /BLA/boletinlegal/consulta_normativa.php?tipo=Resolucion&sector=vertimientos&ano=2006&resuelve= HTTP/1.1" 200 454
201.245.192.253 - - [25/Apr/2016:08:22:49 -0500] "GET /IsolucionSDA/bancoconocimiento/M/Manejodeflora_faunaypaisajeenobras_v5/126pm04-pr35-f-a70%2020150.xls HTTP/1.1" 200 845312
201.245.192.253 - - [25/Apr/2016:08:22:50 -0500] "HEAD /IsolucionSDA/bancoconocimiento/M/Manejodeflora_faunaypaisajeenobras_v5/126pm04-pr35-f-a70%2020150.xls HTTP/1.1" 200 -
200.35.58.41 - - [25/Apr/2016:08:22:50 -0500] "GET /BLA/boletinlegal/consulta_normativa.php?tipo=Resolucion&sector=vertimientos&ano=2006&resuelve= HTTP/1.1" 200 454
200.21.85.253 - - [25/Apr/2016:08:22:53 -0500] "GET /favicon.ico HTTP/1.1" 200 7782
200.21.85.253 - - [25/Apr/2016:08:22:54 -0500] "GET /BLA/resoluciones/RESOLUCIONES%202007/RES%202007%203301%20AL%203400/RESOLUCION%203344%20DE%202007.pdf HTTP/1.1" 206 21701
201.245.192.253 - - [25/Apr/2016:08:22:59 -0500] "GET /isolucionsda/FrameSetArticulo.asp?Pagina=/IsolucionSDA/bancoconocimiento/M/Manejointegralderesiduossolidosenobras_v5/Manejointegralderesiduossolidosenobras_v5.asp?IdArticulo=4428 HTTP/1.1" 200 7461
201.245.192.253 - - [25/Apr/2016:08:22:59 -0500] "GET /isolucionsda/Arriba.asp?Pagina=/IsolucionSDA/bancoconocimiento/M/Manejointegralderesiduossolidosenobras_v5/Manejointegralderesiduossolidosenobras_v5.asp?IdArticulo=4428 HTTP/1.1" 200 10620
201.245.192.253 - - [25/Apr/2016:08:22:59 -0500] "GET /IsolucionSDA/bancoconocimiento/M/Manejointegralderesiduossolidosenobras_v5/Manejointegralderesiduossolidosenobras_v5.asp?IdArticulo=4428 HTTP/1.1" 302 151
201.245.192.253 - - [25/Apr/2016:08:23:00 -0500] "GET /IsolucionSDA/bancoconocimiento/M/Manejointegralderesiduossolidosenobras_v5/126pm04-pr35-f-a80%2020150.doc HTTP/1.1" 200 218624
200.35.58.41 - - [25/Apr/2016:08:23:01 -0500] "GET /BLA/boletinlegal/consulta_normativa.php?tipo=&sector=vertimientos&ano=2006&resuelve= HTTP/1.1" 200 454
201.245.192.253 - - [25/Apr/2016:08:23:02 -0500] "OPTIONS /IsolucionSDA/bancoconocimiento/M/Manejointegralderesiduossolidosenobras_v5/ HTTP/1.1" 200 -
201.245.192.253 - - [25/Apr/2016:08:23:02 -0500] "OPTIONS /IsolucionSDA/bancoconocimiento/M/Manejointegralderesiduossolidosenobras_v5/ HTTP/1.1" 200 -
201.245.192.253 - - [25/Apr/2016:08:23:02 -0500] "HEAD /IsolucionSDA/bancoconocimiento/M/Manejointegralderesiduossolidosenobras_v5/126pm04-pr35-f-a80%2020150.doc HTTP/1.1" 200 -
201.245.192.253 - - [25/Apr/2016:08:23:02 -0500] "HEAD /IsolucionSDA/bancoconocimiento/M/Manejointegralderesiduossolidosenobras_v5/126pm04-pr35-f-a80%2020150.doc HTTP/1.1" 200 -
201.245.192.253 - - [25/Apr/2016:08:23:03 -0500] "GET /galeria/nivo-slider/demo/demo.html HTTP/1.1" 200 3823
201.245.192.253 - - [25/Apr/2016:08:23:03 -0500] "GET /galeria/nivo-slider/demo/images/Banner_CaminataCordoba_002.jpg HTTP/1.1" 200 414896
201.245.192.253 - - [25/Apr/2016:08:23:03 -0500] "GET /galeria/nivo-slider/demo/images/banner_consejo.jpg HTTP/1.1" 304 -
201.245.192.253 - - [25/Apr/2016:08:23:03 -0500] "GET /galeria/nivo-slider/demo/images/Banner_Site_Ciclo7.jpg HTTP/1.1" 304 -
201.245.192.253 - - [25/Apr/2016:08:23:03 -0500] "GET /galeria/nivo-slider/demo/images/banner_decreto.png HTTP/1.1" 304 -
201.245.192.253 - - [25/Apr/2016:08:23:03 -0500] "GET /galeria/nivo-slider/demo/images/ecolecta2016.jpg HTTP/1.1" 304 -
201.245.192.253 - - [25/Apr/2016:08:23:03 -0500] "GET /galeria/nivo-slider/demo/images/ABC-Plan-de-contigencia.jpg HTTP/1.1" 304 -
201.245.192.253 - - [25/Apr/2016:08:23:03 -0500] "GET /galeria/nivo-slider/demo/images/banner-llantas2015.jpg HTTP/1.1" 304 -
201.245.192.253 - - [25/Apr/2016:08:23:03 -0500] "GET /galeria/nivo-slider/demo/images/caminata-ecologica.jpg HTTP/1.1" 304 -
201.245.192.253 - - [25/Apr/2016:08:23:03 -0500] "GET /galeria/nivo-slider/demo/images/banner-llantas2.jpg HTTP/1.1" 304 -
201.245.192.253 - - [25/Apr/2016:08:23:03 -0500] "GET /galeria/nivo-slider/demo/images/bolsas-06.jpg HTTP/1.1" 304 -
177.67.9.139 - - [25/Apr/2016:08:23:04 -0500] "GET /BLA/resoluciones/RESOLUCIONES%202009/1426.pdf HTTP/1.1" 200 418274
177.67.9.139 - - [25/Apr/2016:08:23:04 -0500] "GET /favicon.ico HTTP/1.1" 200 7782
177.67.9.139 - - [25/Apr/2016:08:23:05 -0500] "GET /BLA/resoluciones/RESOLUCIONES%202009/1426.pdf HTTP/1.1" 206 373362
201.245.192.253 - - [25/Apr/2016:08:23:05 -0500] "GET /IsolucionSDA/bancoconocimiento/M/Manejointegralderesiduossolidosenobras_v5/126pm04-pr35-f-a80%2020150.doc HTTP/1.1" 200 218624
201.245.192.253 - - [25/Apr/2016:08:23:06 -0500] "HEAD /IsolucionSDA/bancoconocimiento/M/Manejointegralderesiduossolidosenobras_v5/126pm04-pr35-f-a80%2020150.doc HTTP/1.1" 200 -
200.35.58.41 - - [25/Apr/2016:08:23:07 -0500] "GET /BLA/boletinlegal/consulta_normativa.php?tipo=&sector=vertimientos&ano=2007&resuelve= HTTP/1.1" 200 454
200.35.58.41 - - [25/Apr/2016:08:23:07 -0500] "GET /BLA/boletinlegal/consulta_normativa.php?tipo=&sector=vertimientos&ano=2007&resuelve= HTTP/1.1" 200 454
200.35.58.41 - - [25/Apr/2016:08:23:07 -0500] "GET /BLA/boletinlegal/consulta_normativa.php?tipo=&sector=vertimientos&ano=2007&resuelve= HTTP/1.1" 200 454
200.35.58.41 - - [25/Apr/2016:08:23:07 -0500] "GET /BLA/boletinlegal/consulta_normativa.php?tipo=&sector=vertimientos&ano=2007&resuelve= HTTP/1.1" 200 454
190.131.239.188 - - [25/Apr/2016:08:23:08 -0500] "GET /BLA/boletinlegal/js/jquery.scrollShow.js HTTP/1.1" 200 4586
190.131.239.188 - - [25/Apr/2016:08:23:08 -0500] "GET /galeria/galeria/jquery.fancybox.js?v=2.1.5 HTTP/1.1" 200 48706
190.131.239.188 - - [25/Apr/2016:08:23:08 -0500] "GET /galeria/galeria/jquery.fancybox.css?v=2.1.5 HTTP/1.1" 200 4895
200.35.58.41 - - [25/Apr/2016:08:23:08 -0500] "GET /BLA/boletinlegal/consulta_normativa.php?tipo=&sector=vertimientos&ano=2007&resuelve= HTTP/1.1" 200 454
200.35.58.41 - - [25/Apr/2016:08:23:08 -0500] "GET /BLA/boletinlegal/consulta_normativa.php?tipo=&sector=vertimientos&ano=2007&resuelve= HTTP/1.1" 200 454
200.35.58.41 - - [25/Apr/2016:08:23:08 -0500] "GET /BLA/boletinlegal/consulta_normativa.php?tipo=&sector=vertimientos&ano=2007&resuelve= HTTP/1.1" 200 454
66.249.73.156 - - [25/Apr/2016:08:23:10 -0500] "GET /BLA/resoluciones/RESOLUCIONES%202010/0417.pdf HTTP/1.1" 304 -
66.249.73.156 - - [25/Apr/2016:08:23:13 -0500] "GET /BLA/resoluciones/RESOLUCIONES%202009/4187.pdf HTTP/1.1" 200 1204396
200.35.58.41 - - [25/Apr/2016:08:23:14 -0500] "GET /BLA/boletinlegal/consulta_normativa.php?tipo=&sector=vertimientos&ano=2009&resuelve= HTTP/1.1" 200 2260
200.35.58.41 - - [25/Apr/2016:08:23:14 -0500] "GET /BLA/boletinlegal/consulta_normativa.php?tipo=&sector=vertimientos&ano=2009&resuelve= HTTP/1.1" 200 2260
200.35.58.41 - - [25/Apr/2016:08:23:15 -0500] "GET /BLA/boletinlegal/consulta_normativa.php?tipo=&sector=vertimientos&ano=2009&resuelve= HTTP/1.1" 200 2260
201.245.192.253 - - [25/Apr/2016:08:23:16 -0500] "GET /isolucionsda/FramesetArticulo.asp?Pagina=bancoconocimiento%2FP%2FPermisodeocupaciondecauce%5Fv6%2FPermisodeocupaciondecauce%5Fv6%2Easp&IdArticulo=8326 HTTP/1.1" 200 7309
201.245.192.253 - - [25/Apr/2016:08:23:16 -0500] "GET /isolucionsda/Arriba.asp?Pagina=bancoconocimiento%2FP%2FPermisodeocupaciondecauce%5Fv6%2FPermisodeocupaciondecauce%5Fv6%2Easp&IdArticulo=8326 HTTP/1.1" 200 10557
201.245.192.253 - - [25/Apr/2016:08:23:16 -0500] "GET /isolucionsda/bancoconocimiento/P/Permisodeocupaciondecauce_v6/Permisodeocupaciondecauce_v6.asp?IdArticulo=8326 HTTP/1.1" 200 104330
66.249.73.156 - - [25/Apr/2016:08:23:18 -0500] "GET /BLA/resoluciones/RESOLUCIONES%202009/9834.pdf HTTP/1.1" 304 -
200.35.58.41 - - [25/Apr/2016:08:23:19 -0500] "GET /BLA/boletinlegal/consulta_normativa.php?tipo=&sector=vertimientos&ano=2011&resuelve= HTTP/1.1" 200 1407
201.245.192.253 - - [25/Apr/2016:08:23:19 -0500] "GET /isolucionsda//BancoConocimiento/R/Resolucion4287Diciembre29de2007/Resolucion4287Diciembre29de2007.asp HTTP/1.1" 302 155
200.35.58.41 - - [25/Apr/2016:08:23:19 -0500] "GET /BLA/boletinlegal/consulta_normativa.php?tipo=&sector=vertimientos&ano=2011&resuelve= HTTP/1.1" 200 1407
190.60.226.98 - - [25/Apr/2016:08:23:19 -0500] "GET /BLA/resoluciones/AUTOS%202007/1895.pdf HTTP/1.1" 200 337370
200.35.58.41 - - [25/Apr/2016:08:23:19 -0500] "GET /BLA/boletinlegal/consulta_normativa.php?tipo=&sector=vertimientos&ano=2011&resuelve= HTTP/1.1" 200 1407
200.35.58.41 - - [25/Apr/2016:08:23:19 -0500] "GET /BLA/boletinlegal/consulta_normativa.php?tipo=&sector=vertimientos&ano=2011&resuelve= HTTP/1.1" 200 1407
200.35.58.41 - - [25/Apr/2016:08:23:19 -0500] "GET /BLA/boletinlegal/consulta_normativa.php?tipo=&sector=vertimientos&ano=2011&resuelve= HTTP/1.1" 200 1407
190.60.226.98 - - [25/Apr/2016:08:23:20 -0500] "GET /favicon.ico HTTP/1.1" 200 7782
201.245.192.253 - - [25/Apr/2016:08:23:23 -0500] "GET /isolucionsda//BancoConocimiento/R/Resolucion3153de2008/Resolucion3153de2008.asp HTTP/1.1" 302 177
201.245.192.253 - - [25/Apr/2016:08:23:25 -0500] "GET /isolucionsda//BancoConocimiento/R/Resolucion5194de2008/Resolucion5194de2008.asp HTTP/1.1" 302 201
200.35.58.41 - - [25/Apr/2016:08:23:25 -0500] "GET /BLA/boletinlegal/consulta_normativa.php?tipo=&sector=vertimientos&ano=2006&resuelve= HTTP/1.1" 200 454
201.245.192.253 - - [25/Apr/2016:08:23:25 -0500] "GET /galeria/galeria/jquery.fancybox.css?v=2.1.5 HTTP/1.1" 200 4895
201.245.192.253 - - [25/Apr/2016:08:23:25 -0500] "GET /BLA/boletinlegal/js/jquery.scrollShow.js HTTP/1.1" 200 4586
201.245.192.253 - - [25/Apr/2016:08:23:25 -0500] "GET /galeria/carrusel/Carrusel/jquery.thumbnailScroller.css HTTP/1.1" 200 2066
201.245.192.253 - - [25/Apr/2016:08:23:25 -0500] "GET /galeria/galeria/jquery.fancybox.js?v=2.1.5 HTTP/1.1" 200 48706
201.245.192.253 - - [25/Apr/2016:08:23:26 -0500] "GET /galeria/carrusel/Carrusel/jquery-ui-1.8.13.custom.min.js HTTP/1.1" 200 10800
201.245.192.253 - - [25/Apr/2016:08:23:26 -0500] "GET /galeria/carrusel/Carrusel/jquery.thumbnailScroller.js HTTP/1.1" 200 8157
201.245.192.253 - - [25/Apr/2016:08:23:26 -0500] "GET /galeria/nivo-slider/demo/demo.html HTTP/1.1" 200 3823
201.245.192.253 - - [25/Apr/2016:08:23:26 -0500] "GET /galeria/nivo-slider/themes/default/default.css HTTP/1.1" 200 1569
201.245.192.253 - - [25/Apr/2016:08:23:26 -0500] "GET /galeria/nivo-slider/themes/orman/orman.css HTTP/1.1" 200 2152
201.245.192.253 - - [25/Apr/2016:08:23:26 -0500] "GET /galeria/nivo-slider/themes/pascal/pascal.css HTTP/1.1" 200 2258
201.245.192.253 - - [25/Apr/2016:08:23:26 -0500] "GET /galeria/nivo-slider/nivo-slider.css HTTP/1.1" 200 1507
201.245.192.253 - - [25/Apr/2016:08:23:26 -0500] "GET /galeria/nivo-slider/demo/style.css HTTP/1.1" 200 2222
201.245.192.253 - - [25/Apr/2016:08:23:26 -0500] "GET /galeria/nivo-slider/demo/images/Banner_CaminataCordoba_002.jpg HTTP/1.1" 200 414896
201.245.192.253 - - [25/Apr/2016:08:23:26 -0500] "GET /galeria/nivo-slider/demo/scripts/jquery-1.7.1.min.js HTTP/1.1" 200 93868
201.245.192.253 - - [25/Apr/2016:08:23:26 -0500] "GET /galeria/nivo-slider/jquery.nivo.slider.pack.js HTTP/1.1" 200 11561
201.245.192.253 - - [25/Apr/2016:08:23:26 -0500] "GET /galeria/nivo-slider/demo/images/banner_consejo.jpg HTTP/1.1" 200 226074
201.245.192.253 - - [25/Apr/2016:08:23:26 -0500] "GET /galeria/nivo-slider/demo/images/Banner_Site_Ciclo7.jpg HTTP/1.1" 200 293854
201.245.192.253 - - [25/Apr/2016:08:23:26 -0500] "GET /galeria/nivo-slider/demo/images/4Simple_Slider.png HTTP/1.1" 200 11722
201.245.192.253 - - [25/Apr/2016:08:23:26 -0500] "GET /galeria/nivo-slider/demo/images/banner_decreto.png HTTP/1.1" 200 32523
201.245.192.253 - - [25/Apr/2016:08:23:26 -0500] "GET /galeria/nivo-slider/demo/images/ecolecta2016.jpg HTTP/1.1" 200 147170
201.245.192.253 - - [25/Apr/2016:08:23:26 -0500] "GET /galeria/nivo-slider/themes/default/loading.gif HTTP/1.1" 200 1737
201.245.192.253 - - [25/Apr/2016:08:23:26 -0500] "GET /galeria/nivo-slider/demo/images/ABC-Plan-de-contigencia.jpg HTTP/1.1" 200 423901
201.245.192.253 - - [25/Apr/2016:08:23:27 -0500] "GET /galeria/nivo-slider/demo/images/banner-llantas2015.jpg HTTP/1.1" 200 268366
201.245.192.253 - - [25/Apr/2016:08:23:27 -0500] "GET /galeria/nivo-slider/demo/images/caminata-ecologica.jpg HTTP/1.1" 200 192926
201.245.192.253 - - [25/Apr/2016:08:23:27 -0500] "GET /galeria/nivo-slider/demo/images/Cmapana-onestidad.jpg HTTP/1.1" 200 141638
201.245.192.253 - - [25/Apr/2016:08:23:27 -0500] "GET /galeria/nivo-slider/demo/images/banner-llantas2.jpg HTTP/1.1" 200 234514
201.245.192.253 - - [25/Apr/2016:08:23:27 -0500] "GET /galeria/nivo-slider/demo/images/9Signos.jpg HTTP/1.1" 200 81776
201.245.192.253 - - [25/Apr/2016:08:23:28 -0500] "GET /galeria/nivo-slider/demo/images/bolsas-06.jpg HTTP/1.1" 200 210950
201.245.192.253 - - [25/Apr/2016:08:23:28 -0500] "GET /galeria/nivo-slider/demo/images/Ruta-vertimientos-01.jpg HTTP/1.1" 200 130151
201.245.192.253 - - [25/Apr/2016:08:23:28 -0500] "GET /isolucionsda/Session.asp HTTP/1.1" 200 6325
201.245.192.253 - - [25/Apr/2016:08:23:28 -0500] "GET /isolucionsda//BancoConocimiento/R/Resolucion5575de24septiembrede2009/Resolucion5575de24septiembrede2009.asp HTTP/1.1" 302 143
201.245.192.253 - - [25/Apr/2016:08:23:29 -0500] "GET /galeria/nivo-slider/themes/default/bullets.png HTTP/1.1" 200 1281
201.245.192.253 - - [25/Apr/2016:08:23:29 -0500] "GET /galeria/nivo-slider/themes/default/arrows.png HTTP/1.1" 200 824
200.35.58.41 - - [25/Apr/2016:08:23:30 -0500] "GET /BLA/boletinlegal/consulta_normativa.php?tipo=&sector=vertimientos&ano=2007&resuelve= HTTP/1.1" 200 454
180.76.15.17 - - [25/Apr/2016:08:23:30 -0500] "GET / HTTP/1.1" 200 9990
201.245.192.253 - - [25/Apr/2016:08:23:31 -0500] "GET /isolucionsda//BancoConocimiento/R/Resolucion0009deEnero6de2011/Resolucion0009deEnero6de2011.asp HTTP/1.1" 302 182
201.245.192.253 - - [25/Apr/2016:08:23:31 -0500] "GET /isolucionsda//BancoConocimiento/R/Resolucion0009deEnero6de2011/resoluci%F2n%200009%20de%202011%2C%20modifica%20el%20mpp0.pdf HTTP/1.1" 200 107613
66.249.73.156 - - [25/Apr/2016:08:23:32 -0500] "GET /BLA/resoluciones/RESOLUCIONES%202011/4560.pdf HTTP/1.1" 304 -
201.245.192.253 - - [25/Apr/2016:08:23:34 -0500] "GET /isolucionsda//BancoConocimiento/R/Resolucion0069del29deenerode2013/Resolucion0069del29deenerode2013.asp HTTP/1.1" 302 181
201.245.192.253 - - [25/Apr/2016:08:23:35 -0500] "GET /galeria/nivo-slider/demo/demo.html HTTP/1.1" 304 -
201.245.192.253 - - [25/Apr/2016:08:23:35 -0500] "GET /galeria/nivo-slider/themes/default/default.css HTTP/1.1" 304 -
201.245.192.253 - - [25/Apr/2016:08:23:35 -0500] "GET /galeria/nivo-slider/demo/images/Banner_CaminataCordoba_002.jpg HTTP/1.1" 304 -
201.245.192.253 - - [25/Apr/2016:08:23:35 -0500] "GET /galeria/nivo-slider/demo/images/banner_consejo.jpg HTTP/1.1" 304 -
201.245.192.253 - - [25/Apr/2016:08:23:35 -0500] "GET /galeria/nivo-slider/demo/images/Banner_Site_Ciclo7.jpg HTTP/1.1" 304 -
201.245.192.253 - - [25/Apr/2016:08:23:35 -0500] "GET /galeria/nivo-slider/demo/images/banner_decreto.png HTTP/1.1" 304 -
201.245.192.253 - - [25/Apr/2016:08:23:35 -0500] "GET /galeria/nivo-slider/demo/images/ecolecta2016.jpg HTTP/1.1" 304 -
201.245.192.253 - - [25/Apr/2016:08:23:36 -0500] "GET /galeria/nivo-slider/demo/images/banner-llantas2015.jpg HTTP/1.1" 304 -
201.245.192.253 - - [25/Apr/2016:08:23:36 -0500] "GET /galeria/nivo-slider/demo/images/caminata-ecologica.jpg HTTP/1.1" 304 -
201.245.192.253 - - [25/Apr/2016:08:23:36 -0500] "GET /galeria/nivo-slider/demo/images/Cmapana-onestidad.jpg HTTP/1.1" 304 -
201.245.192.253 - - [25/Apr/2016:08:23:36 -0500] "GET /galeria/nivo-slider/demo/images/banner-llantas2.jpg HTTP/1.1" 304 -
201.245.192.253 - - [25/Apr/2016:08:23:36 -0500] "GET /galeria/nivo-slider/demo/images/bolsas-06.jpg HTTP/1.1" 304 -
200.35.58.41 - - [25/Apr/2016:08:23:36 -0500] "GET /BLA/boletinlegal/consulta_normativa.php?tipo=&sector=vertimientos&ano=2008&resuelve= HTTP/1.1" 200 1987
201.245.192.253 - - [25/Apr/2016:08:23:35 -0500] "GET /isolucionsda//BancoConocimiento/R/Resolucion0069del29deenerode2013/resoluci%F3n%200069%20del%2027%20de%20enero%20de%2020130.pdf HTTP/1.1" 200 678362
66.249.65.45 - - [25/Apr/2016:08:23:37 -0500] "GET /ecodirectorio/files/res/other/search.txt HTTP/1.1" 304 -
201.245.192.253 - - [25/Apr/2016:08:23:38 -0500] "GET /galeria/nivo-slider/demo/demo.html HTTP/1.1" 304 -
201.245.192.253 - - [25/Apr/2016:08:23:38 -0500] "GET /galeria/nivo-slider/demo/images/Banner_CaminataCordoba_002.jpg HTTP/1.1" 304 -
201.245.192.253 - - [25/Apr/2016:08:23:38 -0500] "GET /galeria/nivo-slider/demo/images/banner_consejo.jpg HTTP/1.1" 304 -
201.245.192.253 - - [25/Apr/2016:08:23:38 -0500] "GET /galeria/nivo-slider/demo/images/Banner_Site_Ciclo7.jpg HTTP/1.1" 304 -
201.245.192.253 - - [25/Apr/2016:08:23:38 -0500] "GET /galeria/nivo-slider/demo/images/banner_decreto.png HTTP/1.1" 304 -
201.245.192.253 - - [25/Apr/2016:08:23:41 -0500] "GET /isolucionsda//BancoConocimiento/R/Resolucion350del08deabrilde2015/Resolucion350del08deabrilde2015.asp HTTP/1.1" 302 154
201.245.192.253 - - [25/Apr/2016:08:23:41 -0500] "GET /isolucionsda//BancoConocimiento/R/Resolucion350del08deabrilde2015/resolucion%20350%20de%2020150.pdf HTTP/1.1" 200 443701
201.245.192.253 - - [25/Apr/2016:08:23:49 -0500] "GET /isolucionsda/FrameSetArticulo.asp?Pagina=/IsolucionSDA/BancoConocimiento/L/Ley99dediciembre22de1993/Ley99dediciembre22de1993.asp?IdArticulo=273 HTTP/1.1" 200 7321
201.245.192.253 - - [25/Apr/2016:08:23:49 -0500] "GET /isolucionsda/Arriba.asp?Pagina=/IsolucionSDA/BancoConocimiento/L/Ley99dediciembre22de1993/Ley99dediciembre22de1993.asp?IdArticulo=273 HTTP/1.1" 200 9927
201.245.192.253 - - [25/Apr/2016:08:23:49 -0500] "GET /IsolucionSDA/BancoConocimiento/L/Ley99dediciembre22de1993/Ley99dediciembre22de1993.asp?IdArticulo=273 HTTP/1.1" 302 134
186.116.5.221 - - [25/Apr/2016:08:23:50 -0500] "GET /BLA/resoluciones/AUTOS%202015/0068.pdf HTTP/1.1" 200 631670
186.116.5.221 - - [25/Apr/2016:08:23:50 -0500] "GET /favicon.ico HTTP/1.1" 200 7782
66.249.73.156 - - [25/Apr/2016:08:23:51 -0500] "GET /BLA/resoluciones/RESOLUCIONES%202013/0848.pdf HTTP/1.1" 304 -
201.245.192.253 - - [25/Apr/2016:08:23:52 -0500] "GET /isolucionsda/FrameSetArticulo.asp?Pagina=/IsolucionSDA/bancoconocimiento/L/Ley1437del18deEnerode2011/Ley1437del18deEnerode2011.asp?IdArticulo=6483 HTTP/1.1" 200 7333
201.245.192.253 - - [25/Apr/2016:08:23:52 -0500] "GET /isolucionsda/Arriba.asp?Pagina=/IsolucionSDA/bancoconocimiento/L/Ley1437del18deEnerode2011/Ley1437del18deEnerode2011.asp?IdArticulo=6483 HTTP/1.1" 200 9933
201.245.192.253 - - [25/Apr/2016:08:23:52 -0500] "GET /IsolucionSDA/bancoconocimiento/L/Ley1437del18deEnerode2011/Ley1437del18deEnerode2011.asp?IdArticulo=6483 HTTP/1.1" 302 172
186.116.5.221 - - [25/Apr/2016:08:23:53 -0500] "GET /BLA/resoluciones/AUTOS%202015/0068.pdf HTTP/1.1" 206 484342
201.245.192.253 - - [25/Apr/2016:08:23:55 -0500] "GET /isolucionsda/FrameSetArticulo.asp?Pagina=/IsolucionSDA/bancoconocimiento/L/Ley1564del12dejuliode2012/Ley1564del12dejuliode2012.asp?IdArticulo=6494 HTTP/1.1" 200 7333
201.245.192.253 - - [25/Apr/2016:08:23:55 -0500] "GET /isolucionsda/Arriba.asp?Pagina=/IsolucionSDA/bancoconocimiento/L/Ley1564del12dejuliode2012/Ley1564del12dejuliode2012.asp?IdArticulo=6494 HTTP/1.1" 200 9933
201.245.192.253 - - [25/Apr/2016:08:23:55 -0500] "GET /IsolucionSDA/bancoconocimiento/L/Ley1564del12dejuliode2012/Ley1564del12dejuliode2012.asp?IdArticulo=6494 HTTP/1.1" 302 172
201.245.192.253 - - [25/Apr/2016:08:23:57 -0500] "GET /galeria/nivo-slider/demo/demo.html HTTP/1.1" 304 -
201.245.192.253 - - [25/Apr/2016:08:23:58 -0500] "GET /galeria/nivo-slider/demo/images/Banner_CaminataCordoba_002.jpg HTTP/1.1" 304 -
201.245.192.253 - - [25/Apr/2016:08:23:58 -0500] "GET /galeria/nivo-slider/demo/images/banner_consejo.jpg HTTP/1.1" 304 -
201.245.192.253 - - [25/Apr/2016:08:23:58 -0500] "GET /galeria/nivo-slider/demo/images/Banner_Site_Ciclo7.jpg HTTP/1.1" 304 -
201.245.192.253 - - [25/Apr/2016:08:23:58 -0500] "GET /galeria/nivo-slider/demo/images/banner_decreto.png HTTP/1.1" 304 -
201.245.192.253 - - [25/Apr/2016:08:23:58 -0500] "GET /galeria/nivo-slider/demo/images/ecolecta2016.jpg HTTP/1.1" 304 -
201.245.192.253 - - [25/Apr/2016:08:23:58 -0500] "GET /galeria/nivo-slider/demo/images/ABC-Plan-de-contigencia.jpg HTTP/1.1" 304 -
201.245.192.253 - - [25/Apr/2016:08:23:58 -0500] "GET /galeria/nivo-slider/demo/images/banner-llantas2015.jpg HTTP/1.1" 304 -
201.245.192.253 - - [25/Apr/2016:08:23:58 -0500] "GET /galeria/nivo-slider/demo/images/caminata-ecologica.jpg HTTP/1.1" 304 -
201.245.192.253 - - [25/Apr/2016:08:23:58 -0500] "GET /galeria/nivo-slider/demo/images/banner-llantas2.jpg HTTP/1.1" 304 -
201.245.192.253 - - [25/Apr/2016:08:23:58 -0500] "GET /galeria/nivo-slider/demo/images/bolsas-06.jpg HTTP/1.1" 304 -
201.245.192.253 - - [25/Apr/2016:08:23:59 -0500] "GET /isolucionsda/FrameSetArticulo.asp?Pagina=/IsolucionSDA/bancoconocimiento/D/Decreto2811del18deDiciembrede1974/Decreto2811del18deDiciembrede1974.asp?IdArticulo=6461 HTTP/1.1" 200 7397
