181.49.79.228 - - [26/Apr/2016:08:48:52 -0500] "POST /forms/lservlet;jsessionid=ac16012b30d6a6360c35963043ba9ccfe22db9c04807.e3iSbxaKaheRe34Tax0PchuKax90n6jAmljGr5XDqQLvpAe HTTP/1.1" 200 2
181.49.79.228 - - [26/Apr/2016:08:48:52 -0500] "POST /forms/lservlet;jsessionid=ac16012b30d6a6360c35963043ba9ccfe22db9c04807.e3iSbxaKaheRe34Tax0PchuKax90n6jAmljGr5XDqQLvpAe HTTP/1.1" 200 8
181.49.79.228 - - [26/Apr/2016:08:48:52 -0500] "POST /forms/lservlet;jsessionid=ac16012b30d6a6360c35963043ba9ccfe22db9c04807.e3iSbxaKaheRe34Tax0PchuKax90n6jAmljGr5XDqQLvpAe HTTP/1.1" 200 7
181.49.79.228 - - [26/Apr/2016:08:48:52 -0500] "POST /forms/lservlet;jsessionid=ac16012b30d6a6360c35963043ba9ccfe22db9c04807.e3iSbxaKaheRe34Tax0PchuKax90n6jAmljGr5XDqQLvpAe HTTP/1.1" 200 7
66.249.73.156 - - [26/Apr/2016:08:48:53 -0500] "GET /BLA/resoluciones/RESOLUCIONES%202007/RES%202007%204101%20AL%204200/RESOLUCION%204179%20DE%202007.pdf HTTP/1.1" 304 -
181.49.79.228 - - [26/Apr/2016:08:48:53 -0500] "POST /forms/lservlet;jsessionid=ac16012b30d6a6360c35963043ba9ccfe22db9c04807.e3iSbxaKaheRe34Tax0PchuKax90n6jAmljGr5XDqQLvpAe HTTP/1.1" 200 2
181.49.79.228 - - [26/Apr/2016:08:48:53 -0500] "POST /forms/lservlet;jsessionid=ac16012b30d6a6360c35963043ba9ccfe22db9c04807.e3iSbxaKaheRe34Tax0PchuKax90n6jAmljGr5XDqQLvpAe HTTP/1.1" 200 8
181.49.79.228 - - [26/Apr/2016:08:48:54 -0500] "POST /forms/lservlet;jsessionid=ac16012b30d6a6360c35963043ba9ccfe22db9c04807.e3iSbxaKaheRe34Tax0PchuKax90n6jAmljGr5XDqQLvpAe HTTP/1.1" 200 7
181.49.79.228 - - [26/Apr/2016:08:48:54 -0500] "POST /forms/lservlet;jsessionid=ac16012b30d6a6360c35963043ba9ccfe22db9c04807.e3iSbxaKaheRe34Tax0PchuKax90n6jAmljGr5XDqQLvpAe HTTP/1.1" 200 7
181.49.79.228 - - [26/Apr/2016:08:48:57 -0500] "POST /forms/lservlet;jsessionid=ac16012b30d6a6360c35963043ba9ccfe22db9c04807.e3iSbxaKaheRe34Tax0PchuKax90n6jAmljGr5XDqQLvpAe HTTP/1.1" 200 2
181.49.79.228 - - [26/Apr/2016:08:48:57 -0500] "POST /forms/lservlet;jsessionid=ac16012b30d6a6360c35963043ba9ccfe22db9c04807.e3iSbxaKaheRe34Tax0PchuKax90n6jAmljGr5XDqQLvpAe HTTP/1.1" 200 437
181.49.79.228 - - [26/Apr/2016:08:48:57 -0500] "POST /forms/lservlet;jsessionid=ac16012b30d6a6360c35963043ba9ccfe22db9c04807.e3iSbxaKaheRe34Tax0PchuKax90n6jAmljGr5XDqQLvpAe HTTP/1.1" 200 12
181.49.79.228 - - [26/Apr/2016:08:48:59 -0500] "POST /forms/lservlet;jsessionid=ac16012b30d6a6360c35963043ba9ccfe22db9c04807.e3iSbxaKaheRe34Tax0PchuKax90n6jAmljGr5XDqQLvpAe HTTP/1.1" 200 2
201.245.192.253 - - [26/Apr/2016:08:48:46 -0500] "GET /IsolucionSDA/bancoconocimiento/C/CaracterizaciondeproductooservicioPlaneacionambiental_v9/anexo%20201.doc HTTP/1.1" 200 3186688
190.24.146.228 - - [26/Apr/2016:08:49:02 -0500] "GET /BLA/boletinlegal/js/jquery.scrollShow.js HTTP/1.1" 200 4586
190.24.146.228 - - [26/Apr/2016:08:49:02 -0500] "GET /galeria/galeria/jquery.fancybox.js?v=2.1.5 HTTP/1.1" 200 48706
190.24.146.228 - - [26/Apr/2016:08:49:02 -0500] "GET /galeria/galeria/jquery.fancybox.css?v=2.1.5 HTTP/1.1" 200 4895
190.24.146.228 - - [26/Apr/2016:08:49:02 -0500] "GET /galeria/carrusel/Carrusel/jquery.thumbnailScroller.css HTTP/1.1" 200 2066
190.24.146.228 - - [26/Apr/2016:08:49:02 -0500] "GET /galeria/carrusel/Carrusel/jquery-ui-1.8.13.custom.min.js HTTP/1.1" 200 10800
190.24.146.228 - - [26/Apr/2016:08:49:02 -0500] "GET /galeria/carrusel/Carrusel/jquery.thumbnailScroller.js HTTP/1.1" 200 8157
201.245.192.253 - - [26/Apr/2016:08:49:02 -0500] "GET /isolucionsda/FrameSetArticulo.asp?Pagina=/IsolucionSDA/bancoconocimiento/C/CaracterizaciondeproductooservicioPlaneacionambiental_v9/CaracterizaciondeproductooservicioPlaneacionambiental_v9.asp?IdArticulo=8723 HTTP/1.1" 200 7581
181.49.79.228 - - [26/Apr/2016:08:49:02 -0500] "POST /forms/lservlet;jsessionid=ac16012b30d6a6360c35963043ba9ccfe22db9c04807.e3iSbxaKaheRe34Tax0PchuKax90n6jAmljGr5XDqQLvpAe HTTP/1.1" 200 390
201.245.192.253 - - [26/Apr/2016:08:49:02 -0500] "GET /isolucionsda/Arriba.asp?Pagina=/IsolucionSDA/bancoconocimiento/C/CaracterizaciondeproductooservicioPlaneacionambiental_v9/CaracterizaciondeproductooservicioPlaneacionambiental_v9.asp?IdArticulo=8723 HTTP/1.1" 200 10685
201.245.192.253 - - [26/Apr/2016:08:49:02 -0500] "GET /IsolucionSDA/bancoconocimiento/C/CaracterizaciondeproductooservicioPlaneacionambiental_v9/CaracterizaciondeproductooservicioPlaneacionambiental_v9.asp?IdArticulo=8723 HTTP/1.1" 302 136
66.249.73.156 - - [26/Apr/2016:08:49:03 -0500] "GET /BLA/resoluciones/RESOLUCIONES%202013/1223.pdf HTTP/1.1" 304 -
190.24.146.228 - - [26/Apr/2016:08:49:03 -0500] "GET /galeria/nivo-slider/demo/demo.html HTTP/1.1" 200 3823
190.24.146.228 - - [26/Apr/2016:08:49:04 -0500] "GET /galeria/nivo-slider/themes/default/default.css HTTP/1.1" 200 1569
190.24.146.228 - - [26/Apr/2016:08:49:04 -0500] "GET /galeria/nivo-slider/themes/pascal/pascal.css HTTP/1.1" 200 2258
190.24.146.228 - - [26/Apr/2016:08:49:04 -0500] "GET /galeria/nivo-slider/themes/orman/orman.css HTTP/1.1" 200 2152
190.24.146.228 - - [26/Apr/2016:08:49:04 -0500] "GET /galeria/nivo-slider/nivo-slider.css HTTP/1.1" 200 1507
190.24.146.228 - - [26/Apr/2016:08:49:04 -0500] "GET /galeria/nivo-slider/demo/images/Banner_CaminataCordoba_002.jpg HTTP/1.1" 200 414896
190.24.146.228 - - [26/Apr/2016:08:49:04 -0500] "GET /galeria/nivo-slider/demo/images/banner_consejo.jpg HTTP/1.1" 200 226074
190.24.146.228 - - [26/Apr/2016:08:49:04 -0500] "GET /galeria/nivo-slider/demo/images/ecolecta2016.jpg HTTP/1.1" 200 147170
190.24.146.228 - - [26/Apr/2016:08:49:04 -0500] "GET /galeria/nivo-slider/demo/style.css HTTP/1.1" 200 2222
190.24.146.228 - - [26/Apr/2016:08:49:04 -0500] "GET /galeria/nivo-slider/demo/images/Banner_Site_Ciclo7.jpg HTTP/1.1" 200 293854
190.24.146.228 - - [26/Apr/2016:08:49:04 -0500] "GET /galeria/nivo-slider/demo/images/banner_decreto.png HTTP/1.1" 200 32523
190.24.146.228 - - [26/Apr/2016:08:49:04 -0500] "GET /galeria/nivo-slider/demo/images/ABC-Plan-de-contigencia.jpg HTTP/1.1" 200 423901
190.24.146.228 - - [26/Apr/2016:08:49:04 -0500] "GET /galeria/nivo-slider/demo/images/banner-llantas2015.jpg HTTP/1.1" 200 268366
190.24.146.228 - - [26/Apr/2016:08:49:05 -0500] "GET /galeria/nivo-slider/demo/images/caminata-ecologica.jpg HTTP/1.1" 200 192926
190.24.146.228 - - [26/Apr/2016:08:49:05 -0500] "GET /galeria/nivo-slider/demo/images/Cmapana-onestidad.jpg HTTP/1.1" 200 141638
190.24.146.228 - - [26/Apr/2016:08:49:05 -0500] "GET /galeria/nivo-slider/demo/images/banner-llantas2.jpg HTTP/1.1" 200 234514
190.24.146.228 - - [26/Apr/2016:08:49:06 -0500] "GET /galeria/nivo-slider/demo/images/9Signos.jpg HTTP/1.1" 200 81776
190.24.146.228 - - [26/Apr/2016:08:49:07 -0500] "GET /galeria/nivo-slider/demo/images/Ruta-vertimientos-01.jpg HTTP/1.1" 200 130151
186.80.28.242 - - [26/Apr/2016:08:49:07 -0500] "GET /galeria/galeria/jquery.fancybox.css?v=2.1.5 HTTP/1.1" 304 -
186.80.28.242 - - [26/Apr/2016:08:49:07 -0500] "GET /galeria/galeria/jquery.fancybox.js?v=2.1.5 HTTP/1.1" 304 -
186.80.28.242 - - [26/Apr/2016:08:49:07 -0500] "GET /BLA/boletinlegal/js/jquery.scrollShow.js HTTP/1.1" 304 -
190.24.146.228 - - [26/Apr/2016:08:49:07 -0500] "GET /galeria/nivo-slider/demo/images/bolsas-06.jpg HTTP/1.1" 200 210950
190.24.146.228 - - [26/Apr/2016:08:49:07 -0500] "GET /galeria/nivo-slider/demo/scripts/jquery-1.7.1.min.js HTTP/1.1" 200 93868
190.24.146.228 - - [26/Apr/2016:08:49:07 -0500] "GET /galeria/nivo-slider/jquery.nivo.slider.pack.js HTTP/1.1" 200 11561
190.24.146.228 - - [26/Apr/2016:08:49:07 -0500] "GET /galeria/nivo-slider/themes/default/loading.gif HTTP/1.1" 200 1737
190.24.146.228 - - [26/Apr/2016:08:49:07 -0500] "GET /galeria/nivo-slider/demo/images/4Simple_Slider.png HTTP/1.1" 200 11722
201.245.192.253 - - [26/Apr/2016:08:49:07 -0500] "GET /galeria/nivo-slider/themes/default/arrows.png HTTP/1.1" 200 824
201.245.192.253 - - [26/Apr/2016:08:49:07 -0500] "GET /galeria/nivo-slider/themes/default/bullets.png HTTP/1.1" 200 1281
66.249.73.156 - - [26/Apr/2016:08:49:07 -0500] "GET /BLA/resoluciones/RESOLUCIONES%202014/0985.pdf HTTP/1.1" 304 -
181.49.79.228 - - [26/Apr/2016:08:49:07 -0500] "POST /forms/lservlet;jsessionid=ac16012b30d6a6360c35963043ba9ccfe22db9c04807.e3iSbxaKaheRe34Tax0PchuKax90n6jAmljGr5XDqQLvpAe HTTP/1.1" 200 24
190.24.146.228 - - [26/Apr/2016:08:49:08 -0500] "GET /galeria/nivo-slider/themes/default/arrows.png HTTP/1.1" 200 824
190.24.146.228 - - [26/Apr/2016:08:49:08 -0500] "GET /galeria/nivo-slider/themes/default/bullets.png HTTP/1.1" 200 1281
181.49.79.228 - - [26/Apr/2016:08:49:08 -0500] "POST /forms/lservlet;jsessionid=ac16012b30d6a6360c35963043ba9ccfe22db9c04807.e3iSbxaKaheRe34Tax0PchuKax90n6jAmljGr5XDqQLvpAe HTTP/1.1" 200 14
201.245.192.253 - - [26/Apr/2016:08:49:02 -0500] "GET /IsolucionSDA/bancoconocimiento/C/CaracterizaciondeproductooservicioPlaneacionambiental_v9/anexo%20201.doc HTTP/1.1" 206 1206992
201.245.192.253 - - [26/Apr/2016:08:49:09 -0500] "OPTIONS /IsolucionSDA/bancoconocimiento/C/CaracterizaciondeproductooservicioPlaneacionambiental_v9/ HTTP/1.1" 200 -
201.245.192.253 - - [26/Apr/2016:08:49:10 -0500] "OPTIONS /IsolucionSDA/bancoconocimiento/C/CaracterizaciondeproductooservicioPlaneacionambiental_v9/ HTTP/1.1" 200 -
201.245.192.253 - - [26/Apr/2016:08:49:10 -0500] "HEAD /IsolucionSDA/bancoconocimiento/C/CaracterizaciondeproductooservicioPlaneacionambiental_v9/anexo%20201.doc HTTP/1.1" 200 -
201.245.192.253 - - [26/Apr/2016:08:49:10 -0500] "HEAD /IsolucionSDA/bancoconocimiento/C/CaracterizaciondeproductooservicioPlaneacionambiental_v9/anexo%20201.doc HTTP/1.1" 200 -
181.49.79.228 - - [26/Apr/2016:08:49:09 -0500] "POST /forms/lservlet;jsessionid=ac16012b30d6a6360c35963043ba9ccfe22db9c04807.e3iSbxaKaheRe34Tax0PchuKax90n6jAmljGr5XDqQLvpAe HTTP/1.1" 200 14
181.49.79.228 - - [26/Apr/2016:08:49:10 -0500] "POST /forms/lservlet;jsessionid=ac16012b30d6a6360c35963043ba9ccfe22db9c04807.e3iSbxaKaheRe34Tax0PchuKax90n6jAmljGr5XDqQLvpAe HTTP/1.1" 200 4032
181.49.79.228 - - [26/Apr/2016:08:49:11 -0500] "POST /forms/lservlet;jsessionid=ac16012b30d6a6360c35963043ba9ccfe22db9c04807.e3iSbxaKaheRe34Tax0PchuKax90n6jAmljGr5XDqQLvpAe HTTP/1.1" 200 20
66.249.73.156 - - [26/Apr/2016:08:49:12 -0500] "GET /BLA/resoluciones/RESOLUCIONES%202013/0745.pdf HTTP/1.1" 304 -
181.49.79.228 - - [26/Apr/2016:08:49:14 -0500] "POST /forms/lservlet;jsessionid=ac16012b30d6a6360c35963043ba9ccfe22db9c04807.e3iSbxaKaheRe34Tax0PchuKax90n6jAmljGr5XDqQLvpAe HTTP/1.1" 200 2
181.49.79.228 - - [26/Apr/2016:08:49:14 -0500] "POST /forms/lservlet;jsessionid=ac16012b30d6a6360c35963043ba9ccfe22db9c04807.e3iSbxaKaheRe34Tax0PchuKax90n6jAmljGr5XDqQLvpAe HTTP/1.1" 200 2994
181.49.79.228 - - [26/Apr/2016:08:49:15 -0500] "POST /forms/lservlet;jsessionid=ac16012b30d6a6360c35963043ba9ccfe22db9c04807.e3iSbxaKaheRe34Tax0PchuKax90n6jAmljGr5XDqQLvpAe HTTP/1.1" 200 2
66.249.73.156 - - [26/Apr/2016:08:49:17 -0500] "GET /BLA/resoluciones/RESOLUCIONES%202013/1297.pdf HTTP/1.1" 304 -
181.49.79.228 - - [26/Apr/2016:08:49:18 -0500] "POST /forms/lservlet;jsessionid=ac16012b30d6a6360c35963043ba9ccfe22db9c04807.e3iSbxaKaheRe34Tax0PchuKax90n6jAmljGr5XDqQLvpAe HTTP/1.1" 200 99
201.245.192.253 - - [26/Apr/2016:08:49:25 -0500] "GET /isolucionsda/FrameSetGeneral.asp?Pagina=Administracion/SalaEdicion/Magazines.asp HTTP/1.1" 200 6550
201.245.192.253 - - [26/Apr/2016:08:49:25 -0500] "GET /isolucionsda/Encabezado.asp?Pagina=Administracion/SalaEdicion/Magazines.asp HTTP/1.1" 200 15718
201.245.192.253 - - [26/Apr/2016:08:49:25 -0500] "GET /isolucionsda/Administracion/SalaEdicion/Magazines.asp?Pagina=Administracion/SalaEdicion/Magazines.asp HTTP/1.1" 200 8591
201.245.192.253 - - [26/Apr/2016:08:49:25 -0500] "GET /isolucionsda/BarraTitulos.asp?Pagina=Administracion/SalaEdicion/Magazines.asp HTTP/1.1" 200 6857
201.245.192.253 - - [26/Apr/2016:08:49:25 -0500] "GET /isolucionsda/BarraFavoritos.asp HTTP/1.1" 200 911
201.245.192.253 - - [26/Apr/2016:08:49:25 -0500] "GET /isolucionsda/Session.asp?Continue=1 HTTP/1.1" 200 6195
201.245.192.253 - - [26/Apr/2016:08:49:26 -0500] "GET /isolucionsda/Administracion/SalaEdicion/ArticuloMenu.asp?Palabra=&Buscar=Buscar&Letra=TODO HTTP/1.1" 200 56959
66.249.73.156 - - [26/Apr/2016:08:49:27 -0500] "GET /autoliquidacion/TR%C3%81MITES%20ACEITES-RESIDUOS-ESTACIONES/REG.%20GENERADOR/126PM04-PR75-F-A3-V2.0%20oficio%20Solicitud%20inscripci%C3%B3n.doc HTTP/1.1" 304 -
190.146.237.24 - - [26/Apr/2016:08:49:28 -0500] "GET /BLA/resoluciones/RESOLUCIONES%202007/RES%202007%202401%20AL%202500/RESOLUCION%202443%20DE%202007.pdf HTTP/1.1" 200 477640
181.49.79.228 - - [26/Apr/2016:08:49:28 -0500] "POST /forms/lservlet;jsessionid=ac16012b30d6a6360c35963043ba9ccfe22db9c04807.e3iSbxaKaheRe34Tax0PchuKax90n6jAmljGr5XDqQLvpAe HTTP/1.1" 200 2
190.146.237.24 - - [26/Apr/2016:08:49:28 -0500] "GET /favicon.ico HTTP/1.1" 200 7782
181.49.79.228 - - [26/Apr/2016:08:49:28 -0500] "POST /forms/lservlet;jsessionid=ac16012b30d6a6360c35963043ba9ccfe22db9c04807.e3iSbxaKaheRe34Tax0PchuKax90n6jAmljGr5XDqQLvpAe HTTP/1.1" 200 14
181.49.79.228 - - [26/Apr/2016:08:49:29 -0500] "POST /forms/lservlet;jsessionid=ac16012b30d6a6360c35963043ba9ccfe22db9c04807.e3iSbxaKaheRe34Tax0PchuKax90n6jAmljGr5XDqQLvpAe HTTP/1.1" 200 14
201.245.192.253 - - [26/Apr/2016:08:49:15 -0500] "GET /IsolucionSDA/bancoconocimiento/C/CaracterizaciondeproductooservicioPlaneacionambiental_v9/anexo%20201.doc HTTP/1.1" 200 4315136
190.146.237.24 - - [26/Apr/2016:08:49:31 -0500] "GET /BLA/resoluciones/RESOLUCIONES%202007/RES%202007%202401%20AL%202500/RESOLUCION%202443%20DE%202007.pdf HTTP/1.1" 206 13632
201.245.192.253 - - [26/Apr/2016:08:49:31 -0500] "HEAD /IsolucionSDA/bancoconocimiento/C/CaracterizaciondeproductooservicioPlaneacionambiental_v9/anexo%20201.doc HTTP/1.1" 200 -
181.49.79.228 - - [26/Apr/2016:08:49:30 -0500] "POST /forms/lservlet;jsessionid=ac16012b30d6a6360c35963043ba9ccfe22db9c04807.e3iSbxaKaheRe34Tax0PchuKax90n6jAmljGr5XDqQLvpAe HTTP/1.1" 200 14
181.49.79.228 - - [26/Apr/2016:08:49:32 -0500] "POST /forms/lservlet;jsessionid=ac16012b30d6a6360c35963043ba9ccfe22db9c04807.e3iSbxaKaheRe34Tax0PchuKax90n6jAmljGr5XDqQLvpAe HTTP/1.1" 200 131
181.49.79.228 - - [26/Apr/2016:08:49:32 -0500] "POST /forms/lservlet;jsessionid=ac16012b30d6a6360c35963043ba9ccfe22db9c04807.e3iSbxaKaheRe34Tax0PchuKax90n6jAmljGr5XDqQLvpAe HTTP/1.1" 200 12
181.49.79.228 - - [26/Apr/2016:08:49:32 -0500] "GET /reports/rwservlet/getjobid374462?server=rep_srvapsda HTTP/1.1" 200 267905
66.249.73.156 - - [26/Apr/2016:08:49:34 -0500] "GET /BLA/resoluciones/RESOLUCIONES%202009/3813.pdf HTTP/1.1" 304 -
201.245.192.253 - - [26/Apr/2016:08:49:35 -0500] "POST /isolucionsda/Administracion/SalaEdicion/ArticuloMenu.asp HTTP/1.1" 200 19709
66.249.73.156 - - [26/Apr/2016:08:49:36 -0500] "GET /BLA/resoluciones/RESOLUCIONES%202007/RES%202007%203201%20AL%203300/RESOLUCION%203257%20DE%202007.pdf HTTP/1.1" 304 -
201.245.192.253 - - [26/Apr/2016:08:49:38 -0500] "GET /IsolucionSDA/FrameSetGeneral.asp?Pagina=MagazinHome.asp HTTP/1.1" 200 6450
201.245.192.253 - - [26/Apr/2016:08:49:38 -0500] "GET /IsolucionSDA/Encabezado.asp?Pagina=MagazinHome.asp HTTP/1.1" 200 15458
201.245.192.253 - - [26/Apr/2016:08:49:38 -0500] "GET /IsolucionSDA/BarraFavoritos.asp HTTP/1.1" 200 911
201.245.192.253 - - [26/Apr/2016:08:49:38 -0500] "GET /IsolucionSDA/BarraTitulos.asp?Pagina=MagazinHome.asp HTTP/1.1" 200 6844
201.245.192.253 - - [26/Apr/2016:08:49:38 -0500] "GET /IsolucionSDA/Session.asp?Continue=1 HTTP/1.1" 200 6195
201.245.192.253 - - [26/Apr/2016:08:49:38 -0500] "GET /IsolucionSDA/MagazinHome.asp?Pagina=MagazinHome.asp HTTP/1.1" 200 31857
201.245.192.253 - - [26/Apr/2016:08:49:38 -0500] "GET /IsolucionSDA/g/Bgr_Destacado3399CC.jpg HTTP/1.1" 404 1245
201.245.192.253 - - [26/Apr/2016:08:49:38 -0500] "GET /IsolucionSDA/TareasSFRedirect.asp HTTP/1.1" 302 195
201.245.192.253 - - [26/Apr/2016:08:49:38 -0500] "GET /IsolucionSDA/Login.aspx?TARGET=SFContainerFiltrado.aspx&number=69495367487070704548 HTTP/1.1" 302 886
201.245.192.253 - - [26/Apr/2016:08:49:40 -0500] "GET /IsolucionSDA/SFContainerFiltrado.aspx?Number=69495367487070704548 HTTP/1.1" 200 14314
201.245.192.253 - - [26/Apr/2016:08:49:40 -0500] "GET /IsolucionSDA/DetalleTareas.aspx?Number=69495367487070704548 HTTP/1.1" 200 60122
201.245.192.253 - - [26/Apr/2016:08:49:40 -0500] "GET /IsolucionSDA/infowndpublic.js HTTP/1.1" 404 1245
201.245.192.253 - - [26/Apr/2016:08:49:40 -0500] "GET /IsolucionSDA/infowndcore.js HTTP/1.1" 404 1245
201.245.192.253 - - [26/Apr/2016:08:49:40 -0500] "GET /IsolucionSDA/auxlib.js HTTP/1.1" 404 1245
66.249.73.156 - - [26/Apr/2016:08:49:41 -0500] "GET /BLA/resoluciones/RESOLUCIONES%202010/4175.pdf HTTP/1.1" 304 -
201.245.192.253 - - [26/Apr/2016:08:49:42 -0500] "GET /isolucionsda/Administracion/SalaEdicion/Articulo.asp?Id_Articulo=9495 HTTP/1.1" 200 52012
201.245.192.253 - - [26/Apr/2016:08:49:42 -0500] "GET /isolucionsda/javascript/ClickValidation.js HTTP/1.1" 404 1245
201.245.192.253 - - [26/Apr/2016:08:49:42 -0500] "GET /isolucionsda/Administracion/SalaEdicion/g/GifTransparente.gif HTTP/1.1" 404 1245
201.245.192.253 - - [26/Apr/2016:08:49:42 -0500] "GET /isolucionsda/Administracion/Graficas/vacio1x1.gif HTTP/1.1" 404 1245
201.245.192.253 - - [26/Apr/2016:08:49:44 -0500] "POST /isolucionsda/Administracion/SalaEdicion/Articulo.asp HTTP/1.1" 302 334
201.245.192.253 - - [26/Apr/2016:08:49:44 -0500] "GET /isolucionsda/Administracion/SalaEdicion/FrameSetVistaPrevia.asp?Articulo=F/FlujogramadelprocedimientoInvestigaciondeincidentesydeaccidentesdetrabajo_v1/FlujogramadelprocedimientoInvestigaciondeincidentesydeaccidentesdetrabajo_v1.asp&Id_Articulo=9495 HTTP/1.1" 200 6554
201.245.192.253 - - [26/Apr/2016:08:49:44 -0500] "GET /isolucionsda/Administracion/SalaEdicion/VistaPreviaAtras.asp?Id_Articulo=9495 HTTP/1.1" 200 319
201.245.192.253 - - [26/Apr/2016:08:49:44 -0500] "GET /ISOlucionSDA/BancoConocimiento/F/FlujogramadelprocedimientoInvestigaciondeincidentesydeaccidentesdetrabajo_v1/FlujogramadelprocedimientoInvestigaciondeincidentesydeaccidentesdetrabajo_v1.asp?Debug=YES&Id_Articulo=9495&VistaPrevia= HTTP/1.1" 302 229
201.245.192.253 - - [26/Apr/2016:08:49:44 -0500] "GET /isolucionsda/Session.asp HTTP/1.1" 200 6325
201.245.192.253 - - [26/Apr/2016:08:49:44 -0500] "GET /ISOlucionSDA/BancoConocimiento/F/FlujogramadelprocedimientoInvestigaciondeincidentesydeaccidentesdetrabajo_v1/flujograma%20del%20procedimiento%20investigacion%20de%20incidentes%20y%20de%20accidentes%20de%20trabajo0.xls HTTP/1.1" 200 139264
66.249.73.156 - - [26/Apr/2016:08:49:46 -0500] "GET /BLA/resoluciones/RESOLUCIONES%202013/2071.pdf HTTP/1.1" 304 -
201.245.192.253 - - [26/Apr/2016:08:49:48 -0500] "GET /galeria/galeria/jquery.fancybox.js?v=2.1.5 HTTP/1.1" 304 -
201.245.192.253 - - [26/Apr/2016:08:49:48 -0500] "GET /BLA/boletinlegal/js/jquery.scrollShow.js HTTP/1.1" 304 -
201.245.192.253 - - [26/Apr/2016:08:49:48 -0500] "GET /galeria/galeria/jquery.fancybox.css?v=2.1.5 HTTP/1.1" 304 -
201.245.192.253 - - [26/Apr/2016:08:49:48 -0500] "GET /IsolucionSDA/FrameSetGeneral.asp?Pagina=Menu.asp&IdModulo=4 HTTP/1.1" 200 205
69.162.124.232 - - [26/Apr/2016:08:49:50 -0500] "HEAD / HTTP/1.1" 200 -
201.245.192.253 - - [26/Apr/2016:08:49:50 -0500] "GET /IsolucionSDA/ControlDeInicio.asp HTTP/1.1" 200 739
201.245.192.253 - - [26/Apr/2016:08:49:50 -0500] "GET /IsolucionSDA/IdentificaUsuario.asp?Pagina1=FrameSetGeneral.asp& HTTP/1.1" 200 5090
66.249.73.156 - - [26/Apr/2016:08:49:53 -0500] "GET /BLA/resoluciones/RESOLUCIONES%202010/6491.pdf HTTP/1.1" 304 -
201.245.192.253 - - [26/Apr/2016:08:49:54 -0500] "POST /IsolucionSDA/IdentificaUsuario.asp?Pagina1=FrameSetGeneral.asp& HTTP/1.1" 302 173
201.245.192.253 - - [26/Apr/2016:08:49:54 -0500] "GET /IsolucionSDA/FrameSetGeneral.asp?Pagina1=FrameSetGeneral.asp& HTTP/1.1" 200 6485
201.245.192.253 - - [26/Apr/2016:08:49:55 -0500] "GET /IsolucionSDA/BarraTitulos.asp?Pagina1=FrameSetGeneral.asp&&Pagina=MagazinHome.asp HTTP/1.1" 200 6844
201.245.192.253 - - [26/Apr/2016:08:49:55 -0500] "GET /IsolucionSDA/Encabezado.asp?Pagina1=FrameSetGeneral.asp&&Pagina=MagazinHome.asp HTTP/1.1" 200 15751
201.245.192.253 - - [26/Apr/2016:08:49:55 -0500] "GET /IsolucionSDA/BarraFavoritos.asp HTTP/1.1" 200 911
201.245.192.253 - - [26/Apr/2016:08:49:55 -0500] "GET /IsolucionSDA/Session.asp?Continue=1 HTTP/1.1" 200 6195
201.245.192.253 - - [26/Apr/2016:08:49:55 -0500] "GET /IsolucionSDA/MagazinHome.asp HTTP/1.1" 200 32321
201.245.192.253 - - [26/Apr/2016:08:49:55 -0500] "GET /IsolucionSDA/g/Bgr_Destacado3399CC.jpg HTTP/1.1" 404 1245
201.245.192.253 - - [26/Apr/2016:08:49:55 -0500] "GET /IsolucionSDA/TareasSFRedirect.asp HTTP/1.1" 302 195
66.249.73.156 - - [26/Apr/2016:08:49:56 -0500] "GET /BLA/resoluciones/RESOLUCIONES%202012/1297.pdf HTTP/1.1" 304 -
201.245.192.253 - - [26/Apr/2016:08:49:55 -0500] "GET /IsolucionSDA/Login.aspx?TARGET=SFContainerFiltrado.aspx&number=48515148515152694548 HTTP/1.1" 302 886
201.245.192.253 - - [26/Apr/2016:08:49:57 -0500] "GET /IsolucionSDA/SFContainerFiltrado.aspx?Number=48515148515152694548 HTTP/1.1" 200 14686
201.245.192.253 - - [26/Apr/2016:08:49:57 -0500] "GET /IsolucionSDA/DetalleTareas.aspx?Number=48515148515152694548 HTTP/1.1" 200 105034
201.245.192.253 - - [26/Apr/2016:08:49:57 -0500] "GET /IsolucionSDA/auxlib.js HTTP/1.1" 404 1245
201.245.192.253 - - [26/Apr/2016:08:49:57 -0500] "GET /IsolucionSDA/infowndpublic.js HTTP/1.1" 404 1245
201.245.192.253 - - [26/Apr/2016:08:49:57 -0500] "GET /IsolucionSDA/infowndcore.js HTTP/1.1" 404 1245
201.245.192.253 - - [26/Apr/2016:08:49:58 -0500] "GET /galeria/nivo-slider/demo/demo.html HTTP/1.1" 304 -
201.245.192.253 - - [26/Apr/2016:08:49:59 -0500] "GET /galeria/nivo-slider/demo/images/Banner_CaminataCordoba_002.jpg HTTP/1.1" 304 -
201.245.192.253 - - [26/Apr/2016:08:49:59 -0500] "GET /galeria/nivo-slider/demo/images/banner_consejo.jpg HTTP/1.1" 304 -
201.245.192.253 - - [26/Apr/2016:08:49:59 -0500] "GET /galeria/nivo-slider/demo/images/banner_decreto.png HTTP/1.1" 304 -
66.249.73.156 - - [26/Apr/2016:08:50:01 -0500] "GET /BLA/resoluciones/RESOLUCIONES%202010/6810.pdf HTTP/1.1" 304 -
190.156.165.173 - - [26/Apr/2016:08:50:03 -0500] "GET /favicon.ico HTTP/1.1" 200 7782
52.48.25.103 - - [26/Apr/2016:08:50:03 -0500] "GET / HTTP/1.1" 200 9990
201.245.192.253 - - [26/Apr/2016:08:50:04 -0500] "GET /IsolucionSDA/FrameSetGeneral.asp?Pagina=MagazinHome.asp HTTP/1.1" 200 6450
201.245.192.253 - - [26/Apr/2016:08:50:04 -0500] "GET /IsolucionSDA/Encabezado.asp?Pagina=MagazinHome.asp HTTP/1.1" 200 15450
201.245.192.253 - - [26/Apr/2016:08:50:04 -0500] "GET /IsolucionSDA/BarraTitulos.asp?Pagina=MagazinHome.asp HTTP/1.1" 200 6844
201.245.192.253 - - [26/Apr/2016:08:50:04 -0500] "GET /IsolucionSDA/BarraFavoritos.asp HTTP/1.1" 200 911
201.245.192.253 - - [26/Apr/2016:08:50:04 -0500] "GET /IsolucionSDA/Session.asp?Continue=1 HTTP/1.1" 200 6195
201.245.192.253 - - [26/Apr/2016:08:50:04 -0500] "GET /IsolucionSDA/MagazinHome.asp?Pagina=MagazinHome.asp HTTP/1.1" 200 31857
201.245.192.253 - - [26/Apr/2016:08:50:04 -0500] "GET /IsolucionSDA/g/Bgr_Destacado3399CC.jpg HTTP/1.1" 404 1245
201.245.192.253 - - [26/Apr/2016:08:50:04 -0500] "GET /IsolucionSDA/TareasSFRedirect.asp HTTP/1.1" 302 195
66.249.73.156 - - [26/Apr/2016:08:50:06 -0500] "GET /BLA/resoluciones/RESOLUCIONES%202011/4560.pdf HTTP/1.1" 304 -
201.245.192.253 - - [26/Apr/2016:08:50:04 -0500] "GET /IsolucionSDA/Login.aspx?TARGET=SFContainerFiltrado.aspx&number=54534848495157664550 HTTP/1.1" 302 886
201.245.192.253 - - [26/Apr/2016:08:50:06 -0500] "GET /IsolucionSDA/SFContainerFiltrado.aspx?Number=54534848495157664550 HTTP/1.1" 200 14314
201.245.192.253 - - [26/Apr/2016:08:50:06 -0500] "GET /IsolucionSDA/DetalleTareas.aspx?Number=54534848495157664550 HTTP/1.1" 200 60122
181.49.188.8 - - [26/Apr/2016:08:50:06 -0500] "GET /BLA/boletinlegal/Circulares/2010/Circular%2006%20de%208%20de%20septiembre%20de%202010.pdf HTTP/1.1" 200 4657752
201.245.192.253 - - [26/Apr/2016:08:50:06 -0500] "GET /IsolucionSDA/auxlib.js HTTP/1.1" 404 1245
201.245.192.253 - - [26/Apr/2016:08:50:06 -0500] "GET /IsolucionSDA/infowndpublic.js HTTP/1.1" 404 1245
201.245.192.253 - - [26/Apr/2016:08:50:06 -0500] "GET /IsolucionSDA/infowndcore.js HTTP/1.1" 404 1245
201.245.192.253 - - [26/Apr/2016:08:50:08 -0500] "GET /IsolucionSDA/g/Bot_RiesgosDaftOver_ESP.jpg HTTP/1.1" 304 -
181.49.79.228 - - [26/Apr/2016:08:50:08 -0500] "POST /forms/lservlet;jsessionid=ac16012b30d6a6360c35963043ba9ccfe22db9c04807.e3iSbxaKaheRe34Tax0PchuKax90n6jAmljGr5XDqQLvpAe HTTP/1.1" 200 71
201.245.192.253 - - [26/Apr/2016:08:50:09 -0500] "GET /IsolucionSDA/FrameSetGeneral.asp?Pagina=Menu.asp&IdModulo=7 HTTP/1.1" 200 6455
201.245.192.253 - - [26/Apr/2016:08:50:09 -0500] "GET /IsolucionSDA/Encabezado.asp?Pagina=Menu.asp&IdModulo=7 HTTP/1.1" 200 15752
201.245.192.253 - - [26/Apr/2016:08:50:09 -0500] "GET /IsolucionSDA/BarraTitulos.asp?Pagina=Menu.asp&IdModulo=7 HTTP/1.1" 200 6865
201.245.192.253 - - [26/Apr/2016:08:50:09 -0500] "GET /IsolucionSDA/BarraFavoritos.asp HTTP/1.1" 200 911
201.245.192.253 - - [26/Apr/2016:08:50:09 -0500] "GET /IsolucionSDA/Session.asp?Continue=1 HTTP/1.1" 200 6195
201.245.192.253 - - [26/Apr/2016:08:50:09 -0500] "GET /IsolucionSDA/Menu.asp?Pagina=Menu.asp&IdModulo=7 HTTP/1.1" 200 33610
181.49.79.228 - - [26/Apr/2016:08:50:09 -0500] "POST /forms/lservlet;jsessionid=ac16012b30d6a6360c35963043ba9ccfe22db9c04807.e3iSbxaKaheRe34Tax0PchuKax90n6jAmljGr5XDqQLvpAe HTTP/1.1" 200 2
66.33.212.131 - - [26/Apr/2016:08:50:10 -0500] "GET /test/wp-admin/ HTTP/1.1" 404 1018
181.49.79.228 - - [26/Apr/2016:08:50:09 -0500] "POST /forms/lservlet;jsessionid=ac16012b30d6a6360c35963043ba9ccfe22db9c04807.e3iSbxaKaheRe34Tax0PchuKax90n6jAmljGr5XDqQLvpAe HTTP/1.1" 200 3420
181.49.79.228 - - [26/Apr/2016:08:50:10 -0500] "POST /forms/lservlet;jsessionid=ac16012b30d6a6360c35963043ba9ccfe22db9c04807.e3iSbxaKaheRe34Tax0PchuKax90n6jAmljGr5XDqQLvpAe HTTP/1.1" 200 2
66.249.73.156 - - [26/Apr/2016:08:50:10 -0500] "GET /BLA/resoluciones/AUTOS%202014/5698.pdf HTTP/1.1" 304 -
201.245.192.253 - - [26/Apr/2016:08:50:10 -0500] "POST /isolucionsda/Administracion/SalaEdicion/ArticuloMenu.asp HTTP/1.1" 200 22280
201.245.192.253 - - [26/Apr/2016:08:50:11 -0500] "GET /IsolucionSDA/FrameSetGeneral.asp?Pagina=FiltroAccionesPreventivas.asp&EsAbierta=1&ConMenu=NO&CodTipoAP=1 HTTP/1.1" 200 6611
201.245.192.253 - - [26/Apr/2016:08:50:11 -0500] "GET /IsolucionSDA/Encabezado.asp?Pagina=FiltroAccionesPreventivas.asp&EsAbierta=1&ConMenu=NO&CodTipoAP=1 HTTP/1.1" 200 15727
201.245.192.253 - - [26/Apr/2016:08:50:11 -0500] "GET /IsolucionSDA/BarraTitulos.asp?Pagina=FiltroAccionesPreventivas.asp&EsAbierta=1&ConMenu=NO&CodTipoAP=1 HTTP/1.1" 200 6865
201.245.192.253 - - [26/Apr/2016:08:50:11 -0500] "GET /IsolucionSDA/BarraFavoritos.asp HTTP/1.1" 200 911
201.245.192.253 - - [26/Apr/2016:08:50:11 -0500] "GET /IsolucionSDA/FiltroAccionesPreventivas.asp?Pagina=FiltroAccionesPreventivas.asp&EsAbierta=1&ConMenu=NO&CodTipoAP=1 HTTP/1.1" 200 44347
201.245.192.253 - - [26/Apr/2016:08:50:12 -0500] "GET /IsolucionSDA/Session.asp?Continue=1 HTTP/1.1" 200 6195
181.49.188.8 - - [26/Apr/2016:08:50:12 -0500] "GET /favicon.ico HTTP/1.1" 200 7782
201.222.51.238 - - [26/Apr/2016:08:50:12 -0500] "GET /galeria/galeria/fotos/diaSC9.jpg HTTP/1.1" 200 127141
181.49.188.8 - - [26/Apr/2016:08:50:12 -0500] "GET /BLA/boletinlegal/Circulares/2010/Circular%2006%20de%208%20de%20septiembre%20de%202010.pdf HTTP/1.1" 206 4589132
201.245.192.253 - - [26/Apr/2016:08:50:13 -0500] "GET /galeria/galeria/jquery.fancybox.css?v=2.1.5 HTTP/1.1" 304 -
201.245.192.253 - - [26/Apr/2016:08:50:13 -0500] "GET /galeria/galeria/jquery.fancybox.js?v=2.1.5 HTTP/1.1" 304 -
201.245.192.253 - - [26/Apr/2016:08:50:13 -0500] "GET /BLA/boletinlegal/js/jquery.scrollShow.js HTTP/1.1" 304 -
201.245.192.253 - - [26/Apr/2016:08:50:14 -0500] "GET /IsolucionSDA/Jerarquia.asp?Tabla=Proceso&Form=Filtro&CampoDisplay=CodProcesoDisplayObjetoProceso&CampoHidden=CodProceso&bSubmit=True&items= HTTP/1.1" 200 10488
201.245.192.253 - - [26/Apr/2016:08:50:14 -0500] "GET /isolucionsda/Administracion/SalaEdicion/Articulo.asp?Id_Articulo=8983 HTTP/1.1" 200 52597
201.245.192.253 - - [26/Apr/2016:08:50:15 -0500] "GET /isolucionsda/javascript/ClickValidation.js HTTP/1.1" 404 1245
201.245.192.253 - - [26/Apr/2016:08:50:15 -0500] "GET /isolucionsda/Administracion/SalaEdicion/g/GifTransparente.gif HTTP/1.1" 404 1245
201.245.192.253 - - [26/Apr/2016:08:50:15 -0500] "GET /isolucionsda/Administracion/Graficas/vacio1x1.gif HTTP/1.1" 404 1245
66.249.73.156 - - [26/Apr/2016:08:50:15 -0500] "GET /BLA/resoluciones/RESOLUCIONES%202014/0933.pdf HTTP/1.1" 304 -
201.245.192.253 - - [26/Apr/2016:08:50:16 -0500] "POST /IsolucionSDA/Jerarquia.asp HTTP/1.1" 200 7996
201.245.192.253 - - [26/Apr/2016:08:50:16 -0500] "POST /IsolucionSDA/FiltroAccionesPreventivas.asp HTTP/1.1" 200 43888
201.245.192.253 - - [26/Apr/2016:08:50:16 -0500] "POST /isolucionsda/Administracion/SalaEdicion/Articulo.asp HTTP/1.1" 302 340
201.245.192.253 - - [26/Apr/2016:08:50:17 -0500] "GET /isolucionsda/Administracion/SalaEdicion/FrameSetVistaPrevia.asp?Articulo=F/FlujogramadelprocedimientodelosPlanesInstitucionalesdeCapacitacionyEstimulos_v1/FlujogramadelprocedimientodelosPlanesInstitucionalesdeCapacitacionyEstimulos_v1.asp&Id_Articulo=8983 HTTP/1.1" 200 6560
201.245.192.253 - - [26/Apr/2016:08:50:17 -0500] "GET /isolucionsda/Administracion/SalaEdicion/VistaPreviaAtras.asp?Id_Articulo=8983 HTTP/1.1" 200 319
201.245.192.253 - - [26/Apr/2016:08:50:17 -0500] "GET /ISOlucionSDA/BancoConocimiento/F/FlujogramadelprocedimientodelosPlanesInstitucionalesdeCapacitacionyEstimulos_v1/FlujogramadelprocedimientodelosPlanesInstitucionalesdeCapacitacionyEstimulos_v1.asp?Debug=YES&Id_Articulo=8983&VistaPrevia= HTTP/1.1" 302 242
201.245.192.253 - - [26/Apr/2016:08:50:17 -0500] "GET /ISOlucionSDA/BancoConocimiento/F/FlujogramadelprocedimientodelosPlanesInstitucionalesdeCapacitacionyEstimulos_v1/anexo%201flujograma%20procedimiento%20de%20los%20planes%20institucionales%20de%20capacitacion%20y%20estimulos%204-020.xls HTTP/1.1" 200 204288
201.245.192.253 - - [26/Apr/2016:08:50:20 -0500] "GET /galeria/nivo-slider/demo/demo.html HTTP/1.1" 304 -
201.245.192.253 - - [26/Apr/2016:08:50:20 -0500] "POST /IsolucionSDA/FiltroAccionesPreventivas.asp HTTP/1.1" 200 43888
66.249.73.156 - - [26/Apr/2016:08:50:20 -0500] "GET /BLA/resoluciones/AUTOS%202013/3166.pdf HTTP/1.1" 304 -
201.245.192.253 - - [26/Apr/2016:08:50:21 -0500] "GET /galeria/nivo-slider/demo/images/Banner_CaminataCordoba_002.jpg HTTP/1.1" 304 -
201.245.192.253 - - [26/Apr/2016:08:50:21 -0500] "GET /galeria/nivo-slider/demo/images/banner_consejo.jpg HTTP/1.1" 304 -
201.245.192.253 - - [26/Apr/2016:08:50:21 -0500] "GET /galeria/nivo-slider/demo/images/banner_decreto.png HTTP/1.1" 304 -
190.24.58.46 - - [26/Apr/2016:08:50:21 -0500] "GET /galeria/galeria/jquery.fancybox.css?v=2.1.5 HTTP/1.1" 200 4895
190.24.58.46 - - [26/Apr/2016:08:50:21 -0500] "GET /BLA/boletinlegal/js/jquery.scrollShow.js HTTP/1.1" 200 4586
190.24.58.46 - - [26/Apr/2016:08:50:21 -0500] "GET /galeria/galeria/jquery.fancybox.js?v=2.1.5 HTTP/1.1" 200 48706
181.49.79.228 - - [26/Apr/2016:08:50:21 -0500] "POST /forms/lservlet;jsessionid=ac16012b30d6a6360c35963043ba9ccfe22db9c04807.e3iSbxaKaheRe34Tax0PchuKax90n6jAmljGr5XDqQLvpAe HTTP/1.1" 200 2
181.49.79.228 - - [26/Apr/2016:08:50:21 -0500] "POST /forms/lservlet;jsessionid=ac16012b30d6a6360c35963043ba9ccfe22db9c04807.e3iSbxaKaheRe34Tax0PchuKax90n6jAmljGr5XDqQLvpAe HTTP/1.1" 200 14
181.49.79.228 - - [26/Apr/2016:08:50:23 -0500] "POST /forms/lservlet;jsessionid=ac16012b30d6a6360c35963043ba9ccfe22db9c04807.e3iSbxaKaheRe34Tax0PchuKax90n6jAmljGr5XDqQLvpAe HTTP/1.1" 200 14
201.245.192.253 - - [26/Apr/2016:08:50:24 -0500] "GET /IsolucionSDA/Administracion/DescargaResultados.asp?separadoritem=|&SeparadorLista=, HTTP/1.1" 200 4040
181.49.79.228 - - [26/Apr/2016:08:50:24 -0500] "POST /forms/lservlet;jsessionid=ac16012b30d6a6360c35963043ba9ccfe22db9c04807.e3iSbxaKaheRe34Tax0PchuKax90n6jAmljGr5XDqQLvpAe HTTP/1.1" 200 14
66.249.73.156 - - [26/Apr/2016:08:50:25 -0500] "GET /BLA/resoluciones/RESOLUCIONES%202012/0909.pdf HTTP/1.1" 304 -
201.245.192.253 - - [26/Apr/2016:08:50:25 -0500] "GET /isolucionsda/FrameSetGeneral.asp?Pagina=Menu.asp&IdModulo=7 HTTP/1.1" 200 6583
201.245.192.253 - - [26/Apr/2016:08:50:25 -0500] "GET /isolucionsda/Encabezado.asp?Pagina=Menu.asp&IdModulo=7 HTTP/1.1" 200 15436
201.245.192.253 - - [26/Apr/2016:08:50:25 -0500] "GET /isolucionsda/BarraTitulos.asp?Pagina=Menu.asp&IdModulo=7 HTTP/1.1" 200 6993
201.245.192.253 - - [26/Apr/2016:08:50:25 -0500] "GET /isolucionsda/BarraFavoritos.asp HTTP/1.1" 200 911
201.245.192.253 - - [26/Apr/2016:08:50:25 -0500] "GET /isolucionsda/Session.asp?Continue=1 HTTP/1.1" 200 6323
201.245.192.253 - - [26/Apr/2016:08:50:25 -0500] "GET /isolucionsda/Menu.asp?Pagina=Menu.asp&IdModulo=7 HTTP/1.1" 200 30795
201.245.192.253 - - [26/Apr/2016:08:50:26 -0500] "GET /isolucionsda/g/MenuIcono/ico_mejcont.jpg HTTP/1.1" 200 1403
190.24.58.46 - - [26/Apr/2016:08:50:26 -0500] "GET /BLA/boletinlegal/js/jquery.scrollShow.js HTTP/1.1" 304 -
190.24.58.46 - - [26/Apr/2016:08:50:26 -0500] "GET /galeria/galeria/jquery.fancybox.js?v=2.1.5 HTTP/1.1" 304 -
190.24.58.46 - - [26/Apr/2016:08:50:26 -0500] "GET /galeria/galeria/jquery.fancybox.css?v=2.1.5 HTTP/1.1" 304 -
181.49.79.228 - - [26/Apr/2016:08:50:25 -0500] "POST /forms/lservlet;jsessionid=ac16012b30d6a6360c35963043ba9ccfe22db9c04807.e3iSbxaKaheRe34Tax0PchuKax90n6jAmljGr5XDqQLvpAe HTTP/1.1" 200 14
181.49.79.228 - - [26/Apr/2016:08:50:27 -0500] "POST /forms/lservlet;jsessionid=ac16012b30d6a6360c35963043ba9ccfe22db9c04807.e3iSbxaKaheRe34Tax0PchuKax90n6jAmljGr5XDqQLvpAe HTTP/1.1" 200 15
66.249.73.156 - - [26/Apr/2016:08:50:30 -0500] "GET /BLA/resoluciones/RESOLUCIONES%202014/1460.pdf HTTP/1.1" 304 -
181.49.79.228 - - [26/Apr/2016:08:50:30 -0500] "POST /forms/lservlet;jsessionid=ac16012b30d6a6360c35963043ba9ccfe22db9c04807.e3iSbxaKaheRe34Tax0PchuKax90n6jAmljGr5XDqQLvpAe HTTP/1.1" 200 15
201.245.192.253 - - [26/Apr/2016:08:50:31 -0500] "GET /isolucionsda/Session.asp HTTP/1.1" 200 6278
201.245.192.253 - - [26/Apr/2016:08:50:32 -0500] "GET /isolucionsda/SesionExpira.asp HTTP/1.1" 200 7310
201.245.192.253 - - [26/Apr/2016:08:50:32 -0500] "GET /isolucionsda/SesionNeutra.asp HTTP/1.1" 200 243
181.49.188.8 - - [26/Apr/2016:08:50:32 -0500] "GET /BLA/boletinlegal/Circulares/2010/Circular%2006%20de%208%20de%20septiembre%20de%202010.pdf HTTP/1.1" 200 4657752
190.29.94.104 - - [26/Apr/2016:08:50:33 -0500] "GET /BLA/boletinlegal/js/jquery.scrollShow.js HTTP/1.1" 200 4586
190.29.94.104 - - [26/Apr/2016:08:50:33 -0500] "GET /galeria/galeria/jquery.fancybox.js?v=2.1.5 HTTP/1.1" 200 48706
190.29.94.104 - - [26/Apr/2016:08:50:33 -0500] "GET /galeria/galeria/jquery.fancybox.css?v=2.1.5 HTTP/1.1" 200 4895
66.249.73.156 - - [26/Apr/2016:08:50:35 -0500] "GET /BLA/resoluciones/AUTOS%202010/1470.pdf HTTP/1.1" 304 -
201.245.192.253 - - [26/Apr/2016:08:50:34 -0500] "GET /isolucionsda/Administracion/SalaEdicion/Articulo.asp?Id_Articulo=8985 HTTP/1.1" 200 52104
201.245.192.253 - - [26/Apr/2016:08:50:35 -0500] "GET /isolucionsda/javascript/ClickValidation.js HTTP/1.1" 404 1245
201.245.192.253 - - [26/Apr/2016:08:50:35 -0500] "GET /isolucionsda/Administracion/SalaEdicion/g/GifTransparente.gif HTTP/1.1" 404 1245
201.245.192.253 - - [26/Apr/2016:08:50:35 -0500] "GET /isolucionsda/Administracion/Graficas/vacio1x1.gif HTTP/1.1" 404 1245
181.49.79.228 - - [26/Apr/2016:08:50:34 -0500] "POST /forms/lservlet;jsessionid=ac16012b30d6a6360c35963043ba9ccfe22db9c04807.e3iSbxaKaheRe34Tax0PchuKax90n6jAmljGr5XDqQLvpAe HTTP/1.1" 200 15
201.245.192.253 - - [26/Apr/2016:08:50:37 -0500] "POST /isolucionsda/Administracion/SalaEdicion/Articulo.asp HTTP/1.1" 302 240
201.245.192.253 - - [26/Apr/2016:08:50:37 -0500] "GET /isolucionsda/Administracion/SalaEdicion/FrameSetVistaPrevia.asp?Articulo=E/EvaluaciondelaCapacitacion_v1/EvaluaciondelaCapacitacion_v1.asp&Id_Articulo=8985 HTTP/1.1" 200 6460
201.245.192.253 - - [26/Apr/2016:08:50:37 -0500] "GET /isolucionsda/Administracion/SalaEdicion/VistaPreviaAtras.asp?Id_Articulo=8985 HTTP/1.1" 200 319
201.245.192.253 - - [26/Apr/2016:08:50:37 -0500] "GET /ISOlucionSDA/BancoConocimiento/E/EvaluaciondelaCapacitacion_v1/EvaluaciondelaCapacitacion_v1.asp?Debug=YES&Id_Articulo=8985&VistaPrevia= HTTP/1.1" 302 157
201.245.192.253 - - [26/Apr/2016:08:50:38 -0500] "GET /isolucionsda/FrameSetGeneral.asp?Pagina=Menu.asp&IdModulo=5 HTTP/1.1" 200 6583
201.245.192.253 - - [26/Apr/2016:08:50:38 -0500] "GET /isolucionsda/Encabezado.asp?Pagina=Menu.asp&IdModulo=5 HTTP/1.1" 200 15396
201.245.192.253 - - [26/Apr/2016:08:50:38 -0500] "GET /isolucionsda/BarraFavoritos.asp HTTP/1.1" 200 911
201.245.192.253 - - [26/Apr/2016:08:50:38 -0500] "GET /isolucionsda/BarraTitulos.asp?Pagina=Menu.asp&IdModulo=5 HTTP/1.1" 200 6983
201.245.192.253 - - [26/Apr/2016:08:50:38 -0500] "GET /isolucionsda/Menu.asp?Pagina=Menu.asp&IdModulo=5 HTTP/1.1" 200 9343
201.245.192.253 - - [26/Apr/2016:08:50:38 -0500] "GET /isolucionsda/Session.asp?Continue=1 HTTP/1.1" 200 6323
66.249.73.156 - - [26/Apr/2016:08:50:39 -0500] "GET /BLA/resoluciones/AUTOS%202013/3508.pdf HTTP/1.1" 304 -
181.49.79.228 - - [26/Apr/2016:08:50:41 -0500] "POST /forms/lservlet;jsessionid=ac16012b30d6a6360c35963043ba9ccfe22db9c04807.e3iSbxaKaheRe34Tax0PchuKax90n6jAmljGr5XDqQLvpAe HTTP/1.1" 200 112
181.49.79.228 - - [26/Apr/2016:08:50:41 -0500] "POST /forms/lservlet;jsessionid=ac16012b30d6a6360c35963043ba9ccfe22db9c04807.e3iSbxaKaheRe34Tax0PchuKax90n6jAmljGr5XDqQLvpAe HTTP/1.1" 200 2
201.245.192.253 - - [26/Apr/2016:08:50:37 -0500] "GET /ISOlucionSDA/BancoConocimiento/E/EvaluaciondelaCapacitacion_v1/evaluacion%20de%20capacitacion0.docx HTTP/1.1" 200 1349930
201.245.192.253 - - [26/Apr/2016:08:50:43 -0500] "GET /isolucionsda/FrameSetGeneral.asp?Pagina=SucursalSeleccion.asp&CargaPagina=ModuloProcesos&IdModulo=3 HTTP/1.1" 200 6716
201.245.192.253 - - [26/Apr/2016:08:50:43 -0500] "GET /isolucionsda/SucursalSeleccion.asp?Pagina=SucursalSeleccion.asp&CargaPagina=ModuloProcesos&IdModulo=3 HTTP/1.1" 302 217
201.245.192.253 - - [26/Apr/2016:08:50:43 -0500] "GET /isolucionsda/BarraFavoritos.asp HTTP/1.1" 200 911
201.245.192.253 - - [26/Apr/2016:08:50:43 -0500] "GET /isolucionsda/BarraTitulos.asp?Pagina=SucursalSeleccion.asp&CargaPagina=ModuloProcesos&IdModulo=3 HTTP/1.1" 200 6988
201.245.192.253 - - [26/Apr/2016:08:50:43 -0500] "GET /isolucionsda/Encabezado.asp?Pagina=SucursalSeleccion.asp&CargaPagina=ModuloProcesos&IdModulo=3 HTTP/1.1" 200 15396
201.245.192.253 - - [26/Apr/2016:08:50:43 -0500] "GET /isolucionsda/Session.asp?Continue=1 HTTP/1.1" 200 6323
201.245.192.253 - - [26/Apr/2016:08:50:43 -0500] "GET /ISOlucionSDA/bancoconocimiento/m/mapadeprocesos__v4/mapadeprocesos__v4.asp HTTP/1.1" 200 35242
66.249.73.156 - - [26/Apr/2016:08:50:46 -0500] "GET /BLA/resoluciones/AUTOS%202013/0622.pdf HTTP/1.1" 304 -
66.249.73.156 - - [26/Apr/2016:08:50:49 -0500] "GET /BLA/resoluciones/RESOLUCIONES%202011/0190.pdf HTTP/1.1" 304 -
66.249.73.156 - - [26/Apr/2016:08:50:54 -0500] "GET /BLA/resoluciones/RESOLUCIONES%202013/0003.pdf HTTP/1.1" 304 -
190.27.202.204 - - [26/Apr/2016:08:50:55 -0500] "GET /galeria/carrusel/Carrusel/jquery.thumbnailScroller.css HTTP/1.1" 200 2066
190.27.202.204 - - [26/Apr/2016:08:50:57 -0500] "GET /galeria/carrusel/Carrusel/jquery-ui-1.8.13.custom.min.js HTTP/1.1" 200 10800
201.245.192.253 - - [26/Apr/2016:08:50:58 -0500] "GET /galeria/nivo-slider/demo/demo.html HTTP/1.1" 304 -
201.245.192.253 - - [26/Apr/2016:08:50:58 -0500] "GET /galeria/nivo-slider/demo/images/Banner_CaminataCordoba_002.jpg HTTP/1.1" 304 -
201.245.192.253 - - [26/Apr/2016:08:50:58 -0500] "GET /galeria/nivo-slider/demo/images/banner_consejo.jpg HTTP/1.1" 304 -
201.245.192.253 - - [26/Apr/2016:08:50:58 -0500] "GET /galeria/nivo-slider/demo/images/banner_decreto.png HTTP/1.1" 304 -
66.249.73.156 - - [26/Apr/2016:08:50:59 -0500] "GET /BLA/resoluciones/AUTOS%202013/0201.pdf HTTP/1.1" 304 -
181.49.79.228 - - [26/Apr/2016:08:50:59 -0500] "POST /forms/lservlet;jsessionid=ac16012b30d6a6360c35963043ba9ccfe22db9c04807.e3iSbxaKaheRe34Tax0PchuKax90n6jAmljGr5XDqQLvpAe HTTP/1.1" 200 2
190.27.202.204 - - [26/Apr/2016:08:50:59 -0500] "GET /galeria/carrusel/Carrusel/jquery.thumbnailScroller.js HTTP/1.1" 200 8157
66.249.73.156 - - [26/Apr/2016:08:51:04 -0500] "GET /BLA/resoluciones/RESOLUCIONES%202014/3050.pdf HTTP/1.1" 304 -
201.245.192.253 - - [26/Apr/2016:08:51:03 -0500] "GET /IsolucionSDA/bancoconocimiento/E/EVALUACION_CONTROLYSEGUIMIENTO_v7/EVALUACION_CONTROLYSEGUIMIENTO_v7.asp?IdArticulo=6673 HTTP/1.1" 200 131710
190.27.202.204 - - [26/Apr/2016:08:51:07 -0500] "GET /galeria/carrusel/Carrusel/jquery-ui-1.8.13.custom.min.js HTTP/1.1" 200 10800
190.27.202.204 - - [26/Apr/2016:08:51:07 -0500] "GET /galeria/carrusel/Carrusel/jquery.thumbnailScroller.js HTTP/1.1" 200 8157
66.249.73.156 - - [26/Apr/2016:08:51:08 -0500] "GET /BLA/resoluciones/RESOLUCIONES%202007/RES%202007%201301%20AL%201400/RESOLUCION%201400%20DE%202007.pdf HTTP/1.1" 304 -
66.249.73.156 - - [26/Apr/2016:08:51:13 -0500] "GET /BLA/resoluciones/RESOLUCIONES%202012/1391.pdf HTTP/1.1" 304 -
201.245.192.253 - - [26/Apr/2016:08:51:14 -0500] "POST /isolucionsda/Administracion/SalaEdicion/ArticuloMenu.asp HTTP/1.1" 200 21372
66.249.73.156 - - [26/Apr/2016:08:51:18 -0500] "GET /BLA/resoluciones/RESOLUCIONES%202015/0995.pdf HTTP/1.1" 304 -
66.249.73.156 - - [26/Apr/2016:08:51:23 -0500] "GET /BLA/resoluciones/AUTOS%202012/1781.pdf HTTP/1.1" 304 -
190.27.202.204 - - [26/Apr/2016:08:51:25 -0500] "GET /galeria/nivo-slider/demo/demo.html HTTP/1.1" 200 3823
190.27.202.204 - - [26/Apr/2016:08:51:32 -0500] "GET /galeria/nivo-slider/themes/default/default.css HTTP/1.1" 200 1569
66.249.73.156 - - [26/Apr/2016:08:51:33 -0500] "GET /BLA/resoluciones/RESOLUCIONES%202008/2580.pdf HTTP/1.1" 304 -
190.27.202.204 - - [26/Apr/2016:08:51:34 -0500] "GET /galeria/nivo-slider/themes/pascal/pascal.css HTTP/1.1" 200 2258
190.27.202.204 - - [26/Apr/2016:08:51:34 -0500] "GET /galeria/nivo-slider/themes/orman/orman.css HTTP/1.1" 200 2152
190.27.202.204 - - [26/Apr/2016:08:51:34 -0500] "GET /galeria/nivo-slider/nivo-slider.css HTTP/1.1" 200 1507
190.27.202.204 - - [26/Apr/2016:08:51:34 -0500] "GET /galeria/nivo-slider/demo/style.css HTTP/1.1" 200 2222
190.27.202.204 - - [26/Apr/2016:08:51:34 -0500] "GET /galeria/nivo-slider/demo/scripts/jquery-1.7.1.min.js HTTP/1.1" 200 93868
190.27.202.204 - - [26/Apr/2016:08:51:34 -0500] "GET /galeria/nivo-slider/jquery.nivo.slider.pack.js HTTP/1.1" 200 11561
190.27.202.204 - - [26/Apr/2016:08:51:36 -0500] "GET /galeria/nivo-slider/demo/images/Banner_CaminataCordoba_002.jpg HTTP/1.1" 200 414896
190.27.202.204 - - [26/Apr/2016:08:51:36 -0500] "GET /galeria/nivo-slider/demo/images/banner_consejo.jpg HTTP/1.1" 200 226074
190.27.202.204 - - [26/Apr/2016:08:51:36 -0500] "GET /galeria/nivo-slider/demo/images/Banner_Site_Ciclo7.jpg HTTP/1.1" 200 293854
95.220.159.242 - - [26/Apr/2016:08:51:35 -0500] "GET /videos/ HTTP/1.1" 200 51095
66.249.73.156 - - [26/Apr/2016:08:51:37 -0500] "GET /BLA/resoluciones/Notificaciones/AUTOS%202014/0799.doc HTTP/1.1" 304 -
190.131.249.2 - - [26/Apr/2016:08:51:39 -0500] "GET /BLA/boletinlegal/js/jquery.scrollShow.js HTTP/1.1" 200 4586
190.131.249.2 - - [26/Apr/2016:08:51:40 -0500] "GET /galeria/galeria/jquery.fancybox.js?v=2.1.5 HTTP/1.1" 200 48706
190.131.249.2 - - [26/Apr/2016:08:51:40 -0500] "GET /galeria/galeria/jquery.fancybox.css?v=2.1.5 HTTP/1.1" 200 4895
190.131.249.2 - - [26/Apr/2016:08:51:40 -0500] "GET /galeria/carrusel/Carrusel/jquery.thumbnailScroller.css HTTP/1.1" 200 2066
190.131.249.2 - - [26/Apr/2016:08:51:40 -0500] "GET /galeria/carrusel/Carrusel/jquery-ui-1.8.13.custom.min.js HTTP/1.1" 200 10800
190.60.83.116 - - [26/Apr/2016:08:51:41 -0500] "GET /galeria/nivo-slider/demo/demo.html HTTP/1.1" 200 3823
66.249.65.45 - - [26/Apr/2016:08:51:41 -0500] "GET /ecodirectorio/files/res/pages/page_0125.swf HTTP/1.1" 200 170501
190.60.83.116 - - [26/Apr/2016:08:51:41 -0500] "GET /galeria/nivo-slider/demo/images/Banner_CaminataCordoba_002.jpg HTTP/1.1" 200 414896
190.60.83.116 - - [26/Apr/2016:08:51:41 -0500] "GET /galeria/nivo-slider/demo/images/banner_consejo.jpg HTTP/1.1" 304 -
190.60.83.116 - - [26/Apr/2016:08:51:41 -0500] "GET /galeria/nivo-slider/demo/images/banner_decreto.png HTTP/1.1" 304 -
190.60.83.116 - - [26/Apr/2016:08:51:41 -0500] "GET /galeria/nivo-slider/demo/images/Banner_Site_Ciclo7.jpg HTTP/1.1" 304 -
190.60.83.116 - - [26/Apr/2016:08:51:41 -0500] "GET /galeria/nivo-slider/demo/images/ABC-Plan-de-contigencia.jpg HTTP/1.1" 304 -
190.60.83.116 - - [26/Apr/2016:08:51:41 -0500] "GET /galeria/nivo-slider/demo/images/banner-llantas2015.jpg HTTP/1.1" 304 -
190.60.83.116 - - [26/Apr/2016:08:51:41 -0500] "GET /galeria/nivo-slider/demo/images/ecolecta2016.jpg HTTP/1.1" 304 -
190.60.83.116 - - [26/Apr/2016:08:51:41 -0500] "GET /galeria/nivo-slider/demo/images/banner-llantas2.jpg HTTP/1.1" 304 -
190.60.83.116 - - [26/Apr/2016:08:51:41 -0500] "GET /galeria/nivo-slider/demo/images/caminata-ecologica.jpg HTTP/1.1" 304 -
190.60.83.116 - - [26/Apr/2016:08:51:41 -0500] "GET /galeria/nivo-slider/demo/images/bolsas-06.jpg HTTP/1.1" 304 -
190.27.202.204 - - [26/Apr/2016:08:51:41 -0500] "GET /galeria/nivo-slider/demo/images/banner_decreto.png HTTP/1.1" 200 32523
190.131.249.2 - - [26/Apr/2016:08:51:42 -0500] "GET /galeria/carrusel/Carrusel/jquery.thumbnailScroller.js HTTP/1.1" 200 8157
66.249.73.156 - - [26/Apr/2016:08:51:42 -0500] "GET /BLA/resoluciones/AUTOS%202010/4447.pdf HTTP/1.1" 304 -
190.27.202.204 - - [26/Apr/2016:08:51:43 -0500] "GET /galeria/nivo-slider/demo/images/4Simple_Slider.png HTTP/1.1" 200 11722
66.249.73.156 - - [26/Apr/2016:08:51:47 -0500] "GET /BLA/resoluciones/RESOLUCIONES%202011/0233.pdf HTTP/1.1" 304 -
186.31.23.8 - - [26/Apr/2016:08:51:48 -0500] "GET /galeria/galeria/jquery.fancybox.css?v=2.1.5 HTTP/1.1" 200 4895
186.31.23.8 - - [26/Apr/2016:08:51:48 -0500] "GET /galeria/galeria/jquery.fancybox.js?v=2.1.5 HTTP/1.1" 200 48706
186.31.23.8 - - [26/Apr/2016:08:51:48 -0500] "GET /BLA/boletinlegal/js/jquery.scrollShow.js HTTP/1.1" 200 4586
186.31.23.8 - - [26/Apr/2016:08:51:48 -0500] "GET /galeria/carrusel/Carrusel/jquery.thumbnailScroller.js HTTP/1.1" 200 8157
186.31.23.8 - - [26/Apr/2016:08:51:48 -0500] "GET /galeria/carrusel/Carrusel/jquery.thumbnailScroller.css HTTP/1.1" 200 2066
186.31.23.8 - - [26/Apr/2016:08:51:48 -0500] "GET /galeria/carrusel/Carrusel/jquery-ui-1.8.13.custom.min.js HTTP/1.1" 200 10800
186.31.23.8 - - [26/Apr/2016:08:51:48 -0500] "GET /galeria/nivo-slider/demo/demo.html HTTP/1.1" 200 3823
186.31.23.8 - - [26/Apr/2016:08:51:48 -0500] "GET /galeria/nivo-slider/themes/default/default.css HTTP/1.1" 200 1569
186.31.23.8 - - [26/Apr/2016:08:51:48 -0500] "GET /galeria/nivo-slider/themes/orman/orman.css HTTP/1.1" 200 2152
186.31.23.8 - - [26/Apr/2016:08:51:48 -0500] "GET /galeria/nivo-slider/demo/images/Banner_CaminataCordoba_002.jpg HTTP/1.1" 200 414896
186.31.23.8 - - [26/Apr/2016:08:51:48 -0500] "GET /galeria/nivo-slider/nivo-slider.css HTTP/1.1" 200 1507
186.31.23.8 - - [26/Apr/2016:08:51:48 -0500] "GET /galeria/nivo-slider/themes/pascal/pascal.css HTTP/1.1" 200 2258
186.31.23.8 - - [26/Apr/2016:08:51:48 -0500] "GET /galeria/nivo-slider/demo/style.css HTTP/1.1" 200 2222
186.31.23.8 - - [26/Apr/2016:08:51:48 -0500] "GET /galeria/nivo-slider/demo/scripts/jquery-1.7.1.min.js HTTP/1.1" 200 93868
186.31.23.8 - - [26/Apr/2016:08:51:48 -0500] "GET /galeria/nivo-slider/jquery.nivo.slider.pack.js HTTP/1.1" 200 11561
186.31.23.8 - - [26/Apr/2016:08:51:48 -0500] "GET /galeria/nivo-slider/demo/images/banner_consejo.jpg HTTP/1.1" 200 226074
186.31.23.8 - - [26/Apr/2016:08:51:49 -0500] "GET /galeria/nivo-slider/demo/images/Banner_Site_Ciclo7.jpg HTTP/1.1" 200 293854
186.31.23.8 - - [26/Apr/2016:08:51:49 -0500] "GET /galeria/nivo-slider/demo/images/banner_decreto.png HTTP/1.1" 200 32523
186.31.23.8 - - [26/Apr/2016:08:51:49 -0500] "GET /galeria/nivo-slider/demo/images/4Simple_Slider.png HTTP/1.1" 200 11722
186.31.23.8 - - [26/Apr/2016:08:51:49 -0500] "GET /galeria/nivo-slider/themes/default/loading.gif HTTP/1.1" 200 1737
186.31.23.8 - - [26/Apr/2016:08:51:49 -0500] "GET /galeria/nivo-slider/demo/images/ecolecta2016.jpg HTTP/1.1" 200 147170
186.31.23.8 - - [26/Apr/2016:08:51:49 -0500] "GET /galeria/nivo-slider/demo/images/ABC-Plan-de-contigencia.jpg HTTP/1.1" 200 423901
186.31.23.8 - - [26/Apr/2016:08:51:49 -0500] "GET /galeria/nivo-slider/demo/images/banner-llantas2015.jpg HTTP/1.1" 200 268366
186.31.23.8 - - [26/Apr/2016:08:51:50 -0500] "GET /galeria/nivo-slider/demo/images/caminata-ecologica.jpg HTTP/1.1" 200 192926
186.31.23.8 - - [26/Apr/2016:08:51:50 -0500] "GET /galeria/nivo-slider/demo/images/Cmapana-onestidad.jpg HTTP/1.1" 200 141638
186.31.23.8 - - [26/Apr/2016:08:51:51 -0500] "GET /galeria/nivo-slider/demo/images/9Signos.jpg HTTP/1.1" 200 81776
186.31.23.8 - - [26/Apr/2016:08:51:51 -0500] "GET /galeria/nivo-slider/demo/images/banner-llantas2.jpg HTTP/1.1" 200 234514
186.31.23.8 - - [26/Apr/2016:08:51:51 -0500] "GET /galeria/nivo-slider/demo/images/Ruta-vertimientos-01.jpg HTTP/1.1" 200 130151
186.31.23.8 - - [26/Apr/2016:08:51:51 -0500] "GET /galeria/nivo-slider/demo/images/bolsas-06.jpg HTTP/1.1" 200 210950
66.249.73.156 - - [26/Apr/2016:08:51:52 -0500] "GET /BLA/resoluciones/RESOLUCIONES%202012/1556.pdf HTTP/1.1" 304 -
186.31.23.8 - - [26/Apr/2016:08:51:54 -0500] "GET /galeria/nivo-slider/themes/default/arrows.png HTTP/1.1" 200 824
186.31.23.8 - - [26/Apr/2016:08:51:54 -0500] "GET /galeria/nivo-slider/themes/default/bullets.png HTTP/1.1" 200 1281
151.80.31.166 - - [26/Apr/2016:08:51:55 -0500] "GET /BLA/resoluciones/RESOLUCIONES%202004/RES%202004%202001-2050/00002001.tif HTTP/1.1" 200 46308
181.49.79.228 - - [26/Apr/2016:08:50:42 -0500] "GET /reports/rwservlet/getjobid374463?server=rep_srvapsda HTTP/1.1" 200 9463166
190.27.202.204 - - [26/Apr/2016:08:52:01 -0500] "GET /galeria/nivo-slider/themes/default/loading.gif HTTP/1.1" 200 1737
