!C99Shell v. 1.0 pre-release build #13!

Software: Apache. PHP/5.5.15 

uname -a: Windows NT SVR-DMZ 6.1 build 7600 (Windows Server 2008 R2 Enterprise Edition) i586 

SYSTEM 

Safe-mode: OFF (not secure)

E:\nuevo\apache\logs\   drwxrwxrwx
Free 9.41 GB of 239.26 GB (3.93%)
Detected drives: [ a ] [ c ] [ d ] [ e ] [ f ]
Home    Back    Forward    UPDIR    Refresh    Search    Buffer    Encoder    Tools    Proc.    FTP brute    Sec.    SQL    PHP-code    Update    Feedback    Self remove    Logout    


Viewing file:     access.2016.05.07.log (2.99 MB)      -rw-rw-rw-
Select action/file-type:
(+) | (+) | (+) | Code (+) | Session (+) | (+) | SDB (+) | (+) | (+) | (+) | (+) | (+) |
186.113.73.115 - - [06/May/2016:23:59:59 -0500] "POST /forms/lservlet;jsessionid=ac16012b30d6bdd43b2fbc344c63b638e186a363f3d5.e3iSbxaKaheRe34Tax0PchuKax90n6jAmljGr5XDqQLvpAe HTTP/1.1" 200 4190
186.113.73.115 - - [07/May/2016:00:00:02 -0500] "POST /forms/lservlet;jsessionid=ac16012b30d6bdd43b2fbc344c63b638e186a363f3d5.e3iSbxaKaheRe34Tax0PchuKax90n6jAmljGr5XDqQLvpAe HTTP/1.1" 200 2
186.113.73.115 - - [07/May/2016:00:00:02 -0500] "POST /forms/lservlet;jsessionid=ac16012b30d6bdd43b2fbc344c63b638e186a363f3d5.e3iSbxaKaheRe34Tax0PchuKax90n6jAmljGr5XDqQLvpAe HTTP/1.1" 200 14
186.113.73.115 - - [07/May/2016:00:00:03 -0500] "POST /forms/lservlet;jsessionid=ac16012b30d6bdd43b2fbc344c63b638e186a363f3d5.e3iSbxaKaheRe34Tax0PchuKax90n6jAmljGr5XDqQLvpAe HTTP/1.1" 200 112
186.113.73.115 - - [07/May/2016:00:00:03 -0500] "POST /forms/lservlet;jsessionid=ac16012b30d6bdd43b2fbc344c63b638e186a363f3d5.e3iSbxaKaheRe34Tax0PchuKax90n6jAmljGr5XDqQLvpAe HTTP/1.1" 200 2
186.113.73.115 - - [07/May/2016:00:00:03 -0500] "GET /reports/rwservlet/getjobid374765?server=rep_srvapsda HTTP/1.1" 200 622194
192.168.175.104 - - [07/May/2016:00:00:08 -0500] "GET / HTTP/1.1" 200 9990
181.146.234.90 - - [07/May/2016:00:00:11 -0500] "GET /galeria/galeria/jquery.fancybox.css?v=2.1.5 HTTP/1.1" 200 4895
181.146.234.90 - - [07/May/2016:00:00:11 -0500] "GET /galeria/carrusel/Carrusel/jquery.thumbnailScroller.css HTTP/1.1" 200 2066
181.146.234.90 - - [07/May/2016:00:00:11 -0500] "GET /BLA/boletinlegal/js/jquery.scrollShow.js HTTP/1.1" 200 4586
181.146.234.90 - - [07/May/2016:00:00:11 -0500] "GET /galeria/galeria/jquery.fancybox.js?v=2.1.5 HTTP/1.1" 200 48706
181.146.234.90 - - [07/May/2016:00:00:11 -0500] "GET /galeria/carrusel/Carrusel/jquery-ui-1.8.13.custom.min.js HTTP/1.1" 200 10800
181.146.234.90 - - [07/May/2016:00:00:11 -0500] "GET /galeria/carrusel/Carrusel/jquery.thumbnailScroller.js HTTP/1.1" 200 8157
181.146.234.90 - - [07/May/2016:00:00:13 -0500] "GET /galeria/nivo-slider/demo/demo.html HTTP/1.1" 200 4066
181.146.234.90 - - [07/May/2016:00:00:13 -0500] "GET /galeria/nivo-slider/themes/default/default.css HTTP/1.1" 200 1569
181.146.234.90 - - [07/May/2016:00:00:13 -0500] "GET /galeria/nivo-slider/themes/pascal/pascal.css HTTP/1.1" 200 2258
181.146.234.90 - - [07/May/2016:00:00:13 -0500] "GET /galeria/nivo-slider/themes/orman/orman.css HTTP/1.1" 200 2152
181.146.234.90 - - [07/May/2016:00:00:13 -0500] "GET /galeria/nivo-slider/nivo-slider.css HTTP/1.1" 200 1507
181.146.234.90 - - [07/May/2016:00:00:13 -0500] "GET /galeria/nivo-slider/demo/style.css HTTP/1.1" 200 2222
181.146.234.90 - - [07/May/2016:00:00:13 -0500] "GET /galeria/nivo-slider/demo/images/CAPACITACIONES.jpg HTTP/1.1" 200 153433
181.146.234.90 - - [07/May/2016:00:00:13 -0500] "GET /galeria/nivo-slider/demo/scripts/jquery-1.7.1.min.js HTTP/1.1" 200 93868
181.146.234.90 - - [07/May/2016:00:00:13 -0500] "GET /galeria/nivo-slider/jquery.nivo.slider.pack.js HTTP/1.1" 200 11561
181.146.234.90 - - [07/May/2016:00:00:13 -0500] "GET /galeria/nivo-slider/demo/images/Banner_caminatas_semestre.jpg HTTP/1.1" 200 408450
181.146.234.90 - - [07/May/2016:00:00:13 -0500] "GET /galeria/nivo-slider/demo/images/Banner_wgic.jpg HTTP/1.1" 200 139000
181.146.234.90 - - [07/May/2016:00:00:13 -0500] "GET /galeria/nivo-slider/demo/images/ecolecta2016.jpg HTTP/1.1" 200 147170
181.146.234.90 - - [07/May/2016:00:00:13 -0500] "GET /galeria/nivo-slider/demo/images/banner_consejo.jpg HTTP/1.1" 200 226074
181.146.234.90 - - [07/May/2016:00:00:13 -0500] "GET /galeria/nivo-slider/demo/images/ABC-Plan-de-contigencia.jpg HTTP/1.1" 200 423901
181.146.234.90 - - [07/May/2016:00:00:13 -0500] "GET /galeria/nivo-slider/demo/images/banner-llantas2015.jpg HTTP/1.1" 200 268366
181.146.234.90 - - [07/May/2016:00:00:13 -0500] "GET /galeria/nivo-slider/demo/images/caminata-ecologica.jpg HTTP/1.1" 200 192926
181.146.234.90 - - [07/May/2016:00:00:13 -0500] "GET /galeria/nivo-slider/demo/images/Cmapana-onestidad.jpg HTTP/1.1" 200 141638
181.146.234.90 - - [07/May/2016:00:00:13 -0500] "GET /galeria/nivo-slider/demo/images/banner-llantas2.jpg HTTP/1.1" 200 234514
181.146.234.90 - - [07/May/2016:00:00:13 -0500] "GET /galeria/nivo-slider/demo/images/9Signos.jpg HTTP/1.1" 200 81776
181.146.234.90 - - [07/May/2016:00:00:14 -0500] "GET /galeria/nivo-slider/demo/images/Ruta-vertimientos-01.jpg HTTP/1.1" 200 130151
181.146.234.90 - - [07/May/2016:00:00:14 -0500] "GET /galeria/nivo-slider/demo/images/bolsas-06.jpg HTTP/1.1" 200 210950
181.146.234.90 - - [07/May/2016:00:00:14 -0500] "GET /galeria/nivo-slider/demo/images/4Simple_Slider.png HTTP/1.1" 200 11722
181.146.234.90 - - [07/May/2016:00:00:14 -0500] "GET /galeria/nivo-slider/themes/default/loading.gif HTTP/1.1" 200 1737
181.146.234.90 - - [07/May/2016:00:00:17 -0500] "GET /galeria/nivo-slider/themes/default/arrows.png HTTP/1.1" 200 824
192.168.175.104 - - [07/May/2016:00:00:17 -0500] "GET / HTTP/1.0" 200 9990
181.146.234.90 - - [07/May/2016:00:00:17 -0500] "GET /galeria/nivo-slider/themes/default/bullets.png HTTP/1.1" 200 1281
180.76.15.29 - - [07/May/2016:00:00:23 -0500] "GET /SIG/index.php?dir=ECS/&sort=name&order=desc HTTP/1.1" 200 16569
186.113.73.115 - - [07/May/2016:00:00:32 -0500] "POST /forms/lservlet;jsessionid=ac16012b30d6bdd43b2fbc344c63b638e186a363f3d5.e3iSbxaKaheRe34Tax0PchuKax90n6jAmljGr5XDqQLvpAe HTTP/1.1" 200 2341
181.130.250.1 - - [07/May/2016:00:00:36 -0500] "GET /BLA/boletinlegal/js/jquery.scrollShow.js HTTP/1.1" 200 4586
181.130.250.1 - - [07/May/2016:00:00:36 -0500] "GET /galeria/galeria/jquery.fancybox.css?v=2.1.5 HTTP/1.1" 200 4895
181.130.250.1 - - [07/May/2016:00:00:36 -0500] "GET /galeria/galeria/jquery.fancybox.js?v=2.1.5 HTTP/1.1" 200 48706
186.113.73.115 - - [07/May/2016:00:00:36 -0500] "POST /forms/lservlet;jsessionid=ac16012b30d6bdd43b2fbc344c63b638e186a363f3d5.e3iSbxaKaheRe34Tax0PchuKax90n6jAmljGr5XDqQLvpAe HTTP/1.1" 200 3793
186.113.73.115 - - [07/May/2016:00:00:39 -0500] "POST /forms/lservlet;jsessionid=ac16012b30d6bdd43b2fbc344c63b638e186a363f3d5.e3iSbxaKaheRe34Tax0PchuKax90n6jAmljGr5XDqQLvpAe HTTP/1.1" 200 2
186.113.73.115 - - [07/May/2016:00:00:39 -0500] "POST /forms/lservlet;jsessionid=ac16012b30d6bdd43b2fbc344c63b638e186a363f3d5.e3iSbxaKaheRe34Tax0PchuKax90n6jAmljGr5XDqQLvpAe HTTP/1.1" 200 14
186.113.73.115 - - [07/May/2016:00:00:40 -0500] "POST /forms/lservlet;jsessionid=ac16012b30d6bdd43b2fbc344c63b638e186a363f3d5.e3iSbxaKaheRe34Tax0PchuKax90n6jAmljGr5XDqQLvpAe HTTP/1.1" 200 112
186.113.73.115 - - [07/May/2016:00:00:40 -0500] "POST /forms/lservlet;jsessionid=ac16012b30d6bdd43b2fbc344c63b638e186a363f3d5.e3iSbxaKaheRe34Tax0PchuKax90n6jAmljGr5XDqQLvpAe HTTP/1.1" 200 2
186.113.73.115 - - [07/May/2016:00:00:40 -0500] "GET /reports/rwservlet/getjobid374766?server=rep_srvapsda HTTP/1.1" 200 595905
181.130.250.1 - - [07/May/2016:00:00:43 -0500] "GET /BLA/boletinlegal/js/jquery.scrollShow.js HTTP/1.1" 304 -
181.130.250.1 - - [07/May/2016:00:00:43 -0500] "GET /galeria/galeria/jquery.fancybox.js?v=2.1.5 HTTP/1.1" 304 -
181.130.250.1 - - [07/May/2016:00:00:43 -0500] "GET /galeria/galeria/jquery.fancybox.css?v=2.1.5 HTTP/1.1" 304 -
186.113.73.115 - - [07/May/2016:00:00:57 -0500] "POST /forms/lservlet;jsessionid=ac16012b30d6bdd43b2fbc344c63b638e186a363f3d5.e3iSbxaKaheRe34Tax0PchuKax90n6jAmljGr5XDqQLvpAe HTTP/1.1" 200 2
66.249.73.156 - - [07/May/2016:00:00:59 -0500] "GET /BLA/boletinlegal/js/jquery.scrollShow.js HTTP/1.1" 200 4586
186.113.73.115 - - [07/May/2016:00:01:00 -0500] "POST /forms/lservlet;jsessionid=ac16012b30d6bdd43b2fbc344c63b638e186a363f3d5.e3iSbxaKaheRe34Tax0PchuKax90n6jAmljGr5XDqQLvpAe HTTP/1.1" 200 2331
66.249.73.156 - - [07/May/2016:00:01:00 -0500] "GET /galeria/galeria/jquery.fancybox.css?v=2.1.5 HTTP/1.1" 200 4895
186.113.73.115 - - [07/May/2016:00:01:00 -0500] "POST /forms/lservlet;jsessionid=ac16012b30d6bdd43b2fbc344c63b638e186a363f3d5.e3iSbxaKaheRe34Tax0PchuKax90n6jAmljGr5XDqQLvpAe HTTP/1.1" 200 4388
66.249.73.156 - - [07/May/2016:00:01:01 -0500] "GET /galeria/galeria/jquery.fancybox.js?v=2.1.5 HTTP/1.1" 200 48706
186.113.73.115 - - [07/May/2016:00:01:08 -0500] "POST /forms/lservlet;jsessionid=ac16012b30d6bdd43b2fbc344c63b638e186a363f3d5.e3iSbxaKaheRe34Tax0PchuKax90n6jAmljGr5XDqQLvpAe HTTP/1.1" 200 2
186.113.73.115 - - [07/May/2016:00:01:08 -0500] "POST /forms/lservlet;jsessionid=ac16012b30d6bdd43b2fbc344c63b638e186a363f3d5.e3iSbxaKaheRe34Tax0PchuKax90n6jAmljGr5XDqQLvpAe HTTP/1.1" 200 14
186.113.73.115 - - [07/May/2016:00:01:10 -0500] "POST /forms/lservlet;jsessionid=ac16012b30d6bdd43b2fbc344c63b638e186a363f3d5.e3iSbxaKaheRe34Tax0PchuKax90n6jAmljGr5XDqQLvpAe HTTP/1.1" 200 14
186.113.73.115 - - [07/May/2016:00:01:11 -0500] "POST /forms/lservlet;jsessionid=ac16012b30d6bdd43b2fbc344c63b638e186a363f3d5.e3iSbxaKaheRe34Tax0PchuKax90n6jAmljGr5XDqQLvpAe HTTP/1.1" 200 14
186.113.73.115 - - [07/May/2016:00:01:12 -0500] "POST /forms/lservlet;jsessionid=ac16012b30d6bdd43b2fbc344c63b638e186a363f3d5.e3iSbxaKaheRe34Tax0PchuKax90n6jAmljGr5XDqQLvpAe HTTP/1.1" 200 14
186.113.73.115 - - [07/May/2016:00:01:14 -0500] "POST /forms/lservlet;jsessionid=ac16012b30d6bdd43b2fbc344c63b638e186a363f3d5.e3iSbxaKaheRe34Tax0PchuKax90n6jAmljGr5XDqQLvpAe HTTP/1.1" 200 15
66.249.73.156 - - [07/May/2016:00:01:15 -0500] "GET /BLA/resoluciones/RESOLUCIONES%202011/2537.pdf HTTP/1.1" 304 -
181.51.41.234 - - [07/May/2016:00:01:16 -0500] "GET /galeria/galeria/jquery.fancybox.css?v=2.1.5 HTTP/1.1" 200 4895
181.51.41.234 - - [07/May/2016:00:01:16 -0500] "GET /galeria/galeria/jquery.fancybox.js?v=2.1.5 HTTP/1.1" 200 48706
181.51.41.234 - - [07/May/2016:00:01:16 -0500] "GET /BLA/boletinlegal/js/jquery.scrollShow.js HTTP/1.1" 200 4586
186.113.73.115 - - [07/May/2016:00:01:17 -0500] "POST /forms/lservlet;jsessionid=ac16012b30d6bdd43b2fbc344c63b638e186a363f3d5.e3iSbxaKaheRe34Tax0PchuKax90n6jAmljGr5XDqQLvpAe HTTP/1.1" 200 112
186.113.73.115 - - [07/May/2016:00:01:17 -0500] "POST /forms/lservlet;jsessionid=ac16012b30d6bdd43b2fbc344c63b638e186a363f3d5.e3iSbxaKaheRe34Tax0PchuKax90n6jAmljGr5XDqQLvpAe HTTP/1.1" 200 2
69.162.124.232 - - [07/May/2016:00:01:37 -0500] "HEAD / HTTP/1.1" 200 -
186.113.73.115 - - [07/May/2016:00:01:17 -0500] "GET /reports/rwservlet/getjobid374767?server=rep_srvapsda HTTP/1.1" 200 10451540
192.168.175.104 - - [07/May/2016:00:01:47 -0500] "GET / HTTP/1.1" 200 9990
186.113.73.115 - - [07/May/2016:00:02:57 -0500] "POST /forms/lservlet;jsessionid=ac16012b30d6bdd43b2fbc344c63b638e186a363f3d5.e3iSbxaKaheRe34Tax0PchuKax90n6jAmljGr5XDqQLvpAe HTTP/1.1" 200 2
66.249.73.156 - - [07/May/2016:00:03:58 -0500] "GET /autoliquidacion HTTP/1.1" 301 310
66.249.73.156 - - [07/May/2016:00:03:59 -0500] "GET /autoliquidacion/dlf/styles.css HTTP/1.1" 200 3045
66.249.73.156 - - [07/May/2016:00:04:00 -0500] "GET /autoliquidacion/ HTTP/1.1" 200 6375
186.113.73.115 - - [07/May/2016:00:04:18 -0500] "POST /forms/lservlet;jsessionid=ac16012b30d6bdd43b2fbc344c63b638e186a363f3d5.e3iSbxaKaheRe34Tax0PchuKax90n6jAmljGr5XDqQLvpAe HTTP/1.1" 200 2367
186.113.73.115 - - [07/May/2016:00:04:22 -0500] "POST /forms/lservlet;jsessionid=ac16012b30d6bdd43b2fbc344c63b638e186a363f3d5.e3iSbxaKaheRe34Tax0PchuKax90n6jAmljGr5XDqQLvpAe HTTP/1.1" 200 3881
186.113.73.115 - - [07/May/2016:00:04:25 -0500] "POST /forms/lservlet;jsessionid=ac16012b30d6bdd43b2fbc344c63b638e186a363f3d5.e3iSbxaKaheRe34Tax0PchuKax90n6jAmljGr5XDqQLvpAe HTTP/1.1" 200 2
186.113.73.115 - - [07/May/2016:00:04:25 -0500] "POST /forms/lservlet;jsessionid=ac16012b30d6bdd43b2fbc344c63b638e186a363f3d5.e3iSbxaKaheRe34Tax0PchuKax90n6jAmljGr5XDqQLvpAe HTTP/1.1" 200 14
186.113.73.115 - - [07/May/2016:00:04:26 -0500] "POST /forms/lservlet;jsessionid=ac16012b30d6bdd43b2fbc344c63b638e186a363f3d5.e3iSbxaKaheRe34Tax0PchuKax90n6jAmljGr5XDqQLvpAe HTTP/1.1" 200 112
186.113.73.115 - - [07/May/2016:00:04:27 -0500] "POST /forms/lservlet;jsessionid=ac16012b30d6bdd43b2fbc344c63b638e186a363f3d5.e3iSbxaKaheRe34Tax0PchuKax90n6jAmljGr5XDqQLvpAe HTTP/1.1" 200 2
66.249.73.156 - - [07/May/2016:00:04:28 -0500] "GET /BLA/resoluciones/RESOLUCIONES%202008/0409.pdf HTTP/1.1" 304 -
186.113.73.115 - - [07/May/2016:00:04:27 -0500] "GET /reports/rwservlet/getjobid374768?server=rep_srvapsda HTTP/1.1" 200 939026
186.113.73.115 - - [07/May/2016:00:04:57 -0500] "POST /forms/lservlet;jsessionid=ac16012b30d6bdd43b2fbc344c63b638e186a363f3d5.e3iSbxaKaheRe34Tax0PchuKax90n6jAmljGr5XDqQLvpAe HTTP/1.1" 200 2
186.29.183.72 - - [07/May/2016:00:05:02 -0500] "GET /galeria/galeria/jquery.fancybox.css?v=2.1.5 HTTP/1.1" 200 4895
186.29.183.72 - - [07/May/2016:00:05:02 -0500] "GET /galeria/carrusel/Carrusel/jquery.thumbnailScroller.css HTTP/1.1" 200 2066
186.29.183.72 - - [07/May/2016:00:05:02 -0500] "GET /BLA/boletinlegal/js/jquery.scrollShow.js HTTP/1.1" 200 4586
186.29.183.72 - - [07/May/2016:00:05:02 -0500] "GET /galeria/galeria/jquery.fancybox.js?v=2.1.5 HTTP/1.1" 200 48706
186.29.183.72 - - [07/May/2016:00:05:03 -0500] "GET /galeria/carrusel/Carrusel/jquery-ui-1.8.13.custom.min.js HTTP/1.1" 200 10800
186.29.183.72 - - [07/May/2016:00:05:03 -0500] "GET /galeria/carrusel/Carrusel/jquery.thumbnailScroller.js HTTP/1.1" 200 8157
186.29.183.72 - - [07/May/2016:00:05:03 -0500] "GET /galeria/nivo-slider/demo/demo.html HTTP/1.1" 200 4066
186.29.183.72 - - [07/May/2016:00:05:04 -0500] "GET /galeria/nivo-slider/themes/default/default.css HTTP/1.1" 200 1569
186.29.183.72 - - [07/May/2016:00:05:04 -0500] "GET /galeria/nivo-slider/themes/pascal/pascal.css HTTP/1.1" 200 2258
186.29.183.72 - - [07/May/2016:00:05:04 -0500] "GET /galeria/nivo-slider/themes/orman/orman.css HTTP/1.1" 200 2152
186.29.183.72 - - [07/May/2016:00:05:04 -0500] "GET /galeria/nivo-slider/nivo-slider.css HTTP/1.1" 200 1507
186.29.183.72 - - [07/May/2016:00:05:04 -0500] "GET /galeria/nivo-slider/demo/style.css HTTP/1.1" 200 2222
186.29.183.72 - - [07/May/2016:00:05:04 -0500] "GET /galeria/nivo-slider/demo/scripts/jquery-1.7.1.min.js HTTP/1.1" 200 93868
186.29.183.72 - - [07/May/2016:00:05:04 -0500] "GET /galeria/nivo-slider/demo/images/CAPACITACIONES.jpg HTTP/1.1" 200 153433
186.29.183.72 - - [07/May/2016:00:05:04 -0500] "GET /galeria/nivo-slider/jquery.nivo.slider.pack.js HTTP/1.1" 200 11561
186.29.183.72 - - [07/May/2016:00:05:04 -0500] "GET /galeria/nivo-slider/demo/images/Banner_caminatas_semestre.jpg HTTP/1.1" 200 408450
186.29.183.72 - - [07/May/2016:00:05:04 -0500] "GET /galeria/nivo-slider/themes/default/loading.gif HTTP/1.1" 200 1737
186.29.183.72 - - [07/May/2016:00:05:04 -0500] "GET /galeria/nivo-slider/demo/images/4Simple_Slider.png HTTP/1.1" 200 11722
186.29.183.72 - - [07/May/2016:00:05:04 -0500] "GET /galeria/nivo-slider/demo/images/banner_consejo.jpg HTTP/1.1" 200 226074
186.29.183.72 - - [07/May/2016:00:05:04 -0500] "GET /galeria/nivo-slider/demo/images/Banner_wgic.jpg HTTP/1.1" 200 139000
186.29.183.72 - - [07/May/2016:00:05:05 -0500] "GET /galeria/nivo-slider/demo/images/ecolecta2016.jpg HTTP/1.1" 200 147170
186.29.183.72 - - [07/May/2016:00:05:05 -0500] "GET /galeria/nivo-slider/demo/images/ABC-Plan-de-contigencia.jpg HTTP/1.1" 200 423901
186.29.183.72 - - [07/May/2016:00:05:05 -0500] "GET /galeria/nivo-slider/demo/images/banner-llantas2015.jpg HTTP/1.1" 200 268366
186.29.183.72 - - [07/May/2016:00:05:06 -0500] "GET /galeria/nivo-slider/demo/images/caminata-ecologica.jpg HTTP/1.1" 200 192926
192.168.175.104 - - [07/May/2016:00:05:06 -0500] "GET / HTTP/1.1" 200 9990
186.29.183.72 - - [07/May/2016:00:05:06 -0500] "GET /galeria/nivo-slider/demo/images/Cmapana-onestidad.jpg HTTP/1.1" 200 141638
186.29.183.72 - - [07/May/2016:00:05:07 -0500] "GET /galeria/nivo-slider/demo/images/banner-llantas2.jpg HTTP/1.1" 200 234514
186.29.183.72 - - [07/May/2016:00:05:07 -0500] "GET /galeria/nivo-slider/demo/images/9Signos.jpg HTTP/1.1" 200 81776
186.29.183.72 - - [07/May/2016:00:05:07 -0500] "GET /galeria/nivo-slider/demo/images/Ruta-vertimientos-01.jpg HTTP/1.1" 200 130151
186.29.183.72 - - [07/May/2016:00:05:07 -0500] "GET /galeria/nivo-slider/demo/images/bolsas-06.jpg HTTP/1.1" 200 210950
186.29.183.72 - - [07/May/2016:00:05:08 -0500] "GET /galeria/nivo-slider/themes/default/arrows.png HTTP/1.1" 200 824
186.29.183.72 - - [07/May/2016:00:05:08 -0500] "GET /galeria/nivo-slider/themes/default/bullets.png HTTP/1.1" 200 1281
192.168.175.104 - - [07/May/2016:00:05:16 -0500] "GET / HTTP/1.0" 200 9990
52.207.227.189 - - [07/May/2016:00:05:32 -0500] "GET /robots.txt HTTP/1.1" 404 1018
186.29.183.72 - - [07/May/2016:00:06:20 -0500] "GET /BLA/boletinlegal/js/jquery.scrollShow.js HTTP/1.1" 304 -
186.29.183.72 - - [07/May/2016:00:06:20 -0500] "GET /galeria/galeria/jquery.fancybox.js?v=2.1.5 HTTP/1.1" 304 -
186.29.183.72 - - [07/May/2016:00:06:20 -0500] "GET /galeria/galeria/jquery.fancybox.css?v=2.1.5 HTTP/1.1" 304 -
69.162.124.232 - - [07/May/2016:00:06:37 -0500] "HEAD / HTTP/1.1" 200 -
192.168.175.104 - - [07/May/2016:00:06:45 -0500] "GET / HTTP/1.1" 200 9990
186.113.73.115 - - [07/May/2016:00:06:57 -0500] "POST /forms/lservlet;jsessionid=ac16012b30d6bdd43b2fbc344c63b638e186a363f3d5.e3iSbxaKaheRe34Tax0PchuKax90n6jAmljGr5XDqQLvpAe HTTP/1.1" 200 2
187.172.90.29 - - [07/May/2016:00:07:12 -0500] "GET /galeria/galeria/jquery.fancybox.css?v=2.1.5 HTTP/1.1" 200 4895
187.172.90.29 - - [07/May/2016:00:07:12 -0500] "GET /BLA/boletinlegal/js/jquery.scrollShow.js HTTP/1.1" 200 4586
187.172.90.29 - - [07/May/2016:00:07:12 -0500] "GET /galeria/galeria/jquery.fancybox.js?v=2.1.5 HTTP/1.1" 200 48706
187.172.90.29 - - [07/May/2016:00:07:39 -0500] "GET /galeria/galeria/jquery.fancybox.css?v=2.1.5 HTTP/1.1" 304 -
187.172.90.29 - - [07/May/2016:00:07:39 -0500] "GET /BLA/boletinlegal/js/jquery.scrollShow.js HTTP/1.1" 304 -
187.172.90.29 - - [07/May/2016:00:07:39 -0500] "GET /galeria/galeria/jquery.fancybox.js?v=2.1.5 HTTP/1.1" 304 -
186.113.73.115 - - [07/May/2016:00:08:57 -0500] "POST /forms/lservlet;jsessionid=ac16012b30d6bdd43b2fbc344c63b638e186a363f3d5.e3iSbxaKaheRe34Tax0PchuKax90n6jAmljGr5XDqQLvpAe HTTP/1.1" 200 2
192.168.175.104 - - [07/May/2016:00:10:04 -0500] "GET / HTTP/1.1" 200 9990
192.168.175.104 - - [07/May/2016:00:10:13 -0500] "GET / HTTP/1.0" 200 9990
161.10.140.39 - - [07/May/2016:00:10:33 -0500] "GET /galeria/nivo-slider/demo/demo.html HTTP/1.1" 304 -
161.10.140.39 - - [07/May/2016:00:10:33 -0500] "GET /galeria/nivo-slider/demo/images/CAPACITACIONES.jpg HTTP/1.1" 304 -
186.29.183.72 - - [07/May/2016:00:10:53 -0500] "GET /videos/galeria-cronicas/1V3wnplaylist.htm? HTTP/1.1" 200 4013
186.29.183.72 - - [07/May/2016:00:10:53 -0500] "GET /videos/galeria-cronicas/skin/blue.monday/jplayer.blue.monday.css HTTP/1.1" 200 12518
186.29.183.72 - - [07/May/2016:00:10:53 -0500] "GET /videos/galeria-cronicas/js/jquery.jplayer.min.js HTTP/1.1" 200 43668
186.29.183.72 - - [07/May/2016:00:10:53 -0500] "GET /videos/galeria-cronicas/js/jplayer.playlist.min.js HTTP/1.1" 200 8608
186.29.183.72 - - [07/May/2016:00:10:54 -0500] "GET /videos/galeria-cronicas/skin/blue.monday/jplayer.blue.monday.video.play.png HTTP/1.1" 200 14424
186.29.183.72 - - [07/May/2016:00:10:54 -0500] "GET /videos/galeria-cronicas/skin/blue.monday/jplayer.blue.monday.jpg HTTP/1.1" 200 23189
186.29.183.72 - - [07/May/2016:00:10:55 -0500] "GET /videos/galeria-cronicas/skin/blue.monday/jplayer.blue.monday.seeking.gif HTTP/1.1" 200 3284
186.113.73.115 - - [07/May/2016:00:10:57 -0500] "POST /forms/lservlet;jsessionid=ac16012b30d6bdd43b2fbc344c63b638e186a363f3d5.e3iSbxaKaheRe34Tax0PchuKax90n6jAmljGr5XDqQLvpAe HTTP/1.1" 200 2
66.249.73.165 - - [07/May/2016:00:11:10 -0500] "GET /BLA/resoluciones/AUTOS%202011/0188.pdf HTTP/1.1" 304 -
69.162.124.232 - - [07/May/2016:00:11:37 -0500] "HEAD / HTTP/1.1" 200 -
192.168.175.104 - - [07/May/2016:00:11:43 -0500] "GET / HTTP/1.1" 200 9990
66.249.73.156 - - [07/May/2016:00:12:11 -0500] "GET /BLA/resoluciones/RESOLUCIONES%202012/0714.pdf HTTP/1.1" 304 -
66.249.73.165 - - [07/May/2016:00:12:17 -0500] "GET /BLA/resoluciones/AUTOS%202014/1052.pdf HTTP/1.1" 304 -
66.249.73.156 - - [07/May/2016:00:12:22 -0500] "GET /sia/ HTTP/1.1" 200 2661
66.249.73.156 - - [07/May/2016:00:12:39 -0500] "GET /BLA/resoluciones/AUTOS%202013/0511.pdf HTTP/1.1" 304 -
186.113.73.115 - - [07/May/2016:00:12:57 -0500] "POST /forms/lservlet;jsessionid=ac16012b30d6bdd43b2fbc344c63b638e186a363f3d5.e3iSbxaKaheRe34Tax0PchuKax90n6jAmljGr5XDqQLvpAe HTTP/1.1" 200 2
66.249.73.156 - - [07/May/2016:00:13:05 -0500] "GET /BLA/resoluciones/RESOLUCIONES%202010/0514.pdf HTTP/1.1" 304 -
180.76.15.32 - - [07/May/2016:00:13:15 -0500] "GET / HTTP/1.1" 301 324
180.76.15.10 - - [07/May/2016:00:13:18 -0500] "GET / HTTP/1.1" 301 324
190.26.59.35 - - [07/May/2016:00:13:19 -0500] "GET /BLA/boletinlegal/js/jquery.scrollShow.js HTTP/1.1" 200 4586
190.26.59.35 - - [07/May/2016:00:13:19 -0500] "GET /galeria/galeria/jquery.fancybox.js?v=2.1.5 HTTP/1.1" 200 48706
190.26.59.35 - - [07/May/2016:00:13:19 -0500] "GET /galeria/galeria/jquery.fancybox.css?v=2.1.5 HTTP/1.1" 200 4895
66.249.73.156 - - [07/May/2016:00:13:22 -0500] "GET /BLA/resoluciones/RESOLUCIONES%202009/4937.pdf HTTP/1.1" 304 -
201.234.75.11 - - [07/May/2016:00:13:43 -0500] "GET /galeria/nivo-slider/demo/images/ecolecta2016.jpg HTTP/1.1" 304 -
66.249.65.89 - - [07/May/2016:00:13:59 -0500] "GET /Anexos%20estudio%20Organizacional%20SDA/ANEXO%20No.%203-%20CONTRATACI%C3%93N%20%20OPS%C2%B4s%202008-2012/CONTRATOS%20SDA%202012%20POR%20DEPENDENCIA.xls HTTP/1.1" 304 -
66.249.73.156 - - [07/May/2016:00:14:04 -0500] "GET /BLA/resoluciones/RESOLUCIONES%202010/6934.pdf HTTP/1.1" 304 -
187.138.105.64 - - [07/May/2016:00:14:04 -0500] "GET /BLA/boletinlegal/js/jquery.scrollShow.js HTTP/1.1" 304 -
187.138.105.64 - - [07/May/2016:00:14:04 -0500] "GET /galeria/galeria/jquery.fancybox.js?v=2.1.5 HTTP/1.1" 304 -
187.138.105.64 - - [07/May/2016:00:14:04 -0500] "GET /galeria/galeria/jquery.fancybox.css?v=2.1.5 HTTP/1.1" 304 -
66.249.73.156 - - [07/May/2016:00:14:10 -0500] "GET /BLA/resoluciones/RESOLUCIONES%202008/3330.pdf HTTP/1.1" 304 -
66.249.73.156 - - [07/May/2016:00:14:21 -0500] "GET /BLA/resoluciones/RESOLUCIONES%202007/RES%202007%20401%20AL%20500/RESOLUCION%200412%20DE%202007.pdf HTTP/1.1" 304 -
52.207.227.189 - - [07/May/2016:00:14:25 -0500] "GET /robots.txt HTTP/1.1" 404 1018
66.249.73.156 - - [07/May/2016:00:14:27 -0500] "GET /autoliquidacion/Cobro%20Clasificacion%20Uso%20De%20Vivenda%20En%20Suelo%20Restringido/instructivo.doc HTTP/1.1" 304 -
66.249.73.156 - - [07/May/2016:00:14:33 -0500] "GET /BLA/resoluciones/AUTOS%202012/1641.pdf HTTP/1.1" 304 -
73.130.35.151 - - [07/May/2016:00:14:42 -0500] "GET /webdav/x32.php?host=24.178.5.90&time=60&port=80 HTTP/1.1" 404 1018
66.249.65.51 - - [07/May/2016:00:14:51 -0500] "GET /BLA/boletinlegal/Circulares/2011/Circular%20No.%203%20del%2023%20de%20Junio%20de%202011.pdf HTTP/1.1" 304 -
186.113.73.115 - - [07/May/2016:00:14:57 -0500] "POST /forms/lservlet;jsessionid=ac16012b30d6bdd43b2fbc344c63b638e186a363f3d5.e3iSbxaKaheRe34Tax0PchuKax90n6jAmljGr5XDqQLvpAe HTTP/1.1" 200 2
192.168.175.104 - - [07/May/2016:00:15:02 -0500] "GET / HTTP/1.1" 200 9990
66.249.73.156 - - [07/May/2016:00:15:09 -0500] "GET /BLA/resoluciones/RESOLUCIONES%202011/6097.pdf HTTP/1.1" 304 -
192.168.175.104 - - [07/May/2016:00:15:12 -0500] "GET / HTTP/1.0" 200 9990
66.249.73.156 - - [07/May/2016:00:15:27 -0500] "GET /BLA/resoluciones/AUTOS%202013/3100.pdf HTTP/1.1" 304 -
66.249.73.156 - - [07/May/2016:00:16:02 -0500] "GET /BLA/resoluciones/AUTOS%202013/2851.pdf HTTP/1.1" 304 -
69.162.124.232 - - [07/May/2016:00:16:37 -0500] "HEAD / HTTP/1.1" 200 -
52.207.227.189 - - [07/May/2016:00:15:42 -0500] "GET /BLA/boletinlegal/ HTTP/1.1" 200 52190
192.168.175.104 - - [07/May/2016:00:16:41 -0500] "GET / HTTP/1.1" 200 9990
186.84.15.243 - - [07/May/2016:00:16:51 -0500] "GET /BLA/boletinlegal/js/jquery.scrollShow.js HTTP/1.1" 200 4586
186.84.15.243 - - [07/May/2016:00:16:51 -0500] "GET /galeria/galeria/jquery.fancybox.js?v=2.1.5 HTTP/1.1" 200 48706
186.84.15.243 - - [07/May/2016:00:16:51 -0500] "GET /galeria/galeria/jquery.fancybox.css?v=2.1.5 HTTP/1.1" 200 4895
186.113.73.115 - - [07/May/2016:00:16:57 -0500] "POST /forms/lservlet;jsessionid=ac16012b30d6bdd43b2fbc344c63b638e186a363f3d5.e3iSbxaKaheRe34Tax0PchuKax90n6jAmljGr5XDqQLvpAe HTTP/1.1" 200 2
186.84.15.243 - - [07/May/2016:00:17:00 -0500] "GET /BLA/boletinlegal/js/jquery.scrollShow.js HTTP/1.1" 304 -
186.84.15.243 - - [07/May/2016:00:17:00 -0500] "GET /galeria/galeria/jquery.fancybox.js?v=2.1.5 HTTP/1.1" 304 -
186.84.15.243 - - [07/May/2016:00:17:00 -0500] "GET /galeria/galeria/jquery.fancybox.css?v=2.1.5 HTTP/1.1" 304 -
186.29.183.72 - - [07/May/2016:00:17:04 -0500] "GET /videos/galeria-cronicas/1videos/parche.mp4video.mp4 HTTP/1.1" 206 2821840
186.29.183.72 - - [07/May/2016:00:17:04 -0500] "GET /videos/galeria-cronicas/1videos/parche.mp4video.mp4 HTTP/1.1" 206 31459
186.29.183.72 - - [07/May/2016:00:17:04 -0500] "GET /videos/galeria-cronicas/1videos/parche.mp4video.mp4 HTTP/1.1" 206 2821792
152.61.128.50 - - [07/May/2016:00:17:28 -0500] "HEAD / HTTP/1.1" 200 -
152.61.128.50 - - [07/May/2016:00:17:29 -0500] "GET /arcgis/services/Calidad_del_Agua_WQI/MapServer/WMSServer?SERVICE=WMS&REQUEST=GetCapabilities HTTP/1.1" 503 1020
152.61.128.50 - - [07/May/2016:00:17:50 -0500] "GET /arcgis/services/Calidad_del_Agua_WQI/MapServer/WMSServer?SERVICE=WMS&REQUEST=GetCapabilities HTTP/1.1" 503 1020
152.61.128.50 - - [07/May/2016:00:17:50 -0500] "GET /arcgis/services/Calidad_del_Agua_WQI/MapServer/WMSServer?SERVICE=WMS&REQUEST=GetCapabilities HTTP/1.1" 503 1020
152.61.128.50 - - [07/May/2016:00:17:50 -0500] "GET /arcgis/services/Calidad_del_Agua_WQI/MapServer/WMSServer?WMTVER=1.0.0&REQUEST=capabilities HTTP/1.1" 503 1020
152.61.128.50 - - [07/May/2016:00:17:51 -0500] "GET /arcgis/services/Calidad_del_Agua_WQI/MapServer/WMSServer?SERVICE=WMS&REQUEST=GetCapabilities HTTP/1.1" 503 1020
167.0.5.98 - - [07/May/2016:00:18:04 -0500] "GET /BLA/resoluciones/RESOLUCIONES%202007/RES%202007%202501%20AL%202600/RESOLUCION%202542%20DE%202007.pdf HTTP/1.1" 200 867071
167.0.5.98 - - [07/May/2016:00:18:04 -0500] "GET /favicon.ico HTTP/1.1" 200 7782
66.249.73.156 - - [07/May/2016:00:18:25 -0500] "GET /BLA/resoluciones/RESOLUCIONES%202009/6877.pdf HTTP/1.1" 200 328078
66.249.73.156 - - [07/May/2016:00:18:28 -0500] "GET /BLA/resoluciones/RESOLUCIONES%202011/6018.pdf HTTP/1.1" 200 469022
186.113.73.115 - - [07/May/2016:00:18:57 -0500] "POST /forms/lservlet;jsessionid=ac16012b30d6bdd43b2fbc344c63b638e186a363f3d5.e3iSbxaKaheRe34Tax0PchuKax90n6jAmljGr5XDqQLvpAe HTTP/1.1" 200 2
186.115.57.192 - - [07/May/2016:00:19:04 -0500] "GET /BLA/boletinlegal/js/jquery.scrollShow.js HTTP/1.1" 200 4586
186.115.57.192 - - [07/May/2016:00:19:04 -0500] "GET /galeria/galeria/jquery.fancybox.css?v=2.1.5 HTTP/1.1" 200 4895
186.115.57.192 - - [07/May/2016:00:19:04 -0500] "GET /galeria/galeria/jquery.fancybox.js?v=2.1.5 HTTP/1.1" 200 48706
66.249.65.95 - - [07/May/2016:00:19:04 -0500] "GET /galeria/nivo-slider/demo/images/sincarro06.jpg HTTP/1.1" 200 69578
186.115.57.192 - - [07/May/2016:00:19:25 -0500] "GET /BLA/boletinlegal/js/jquery.scrollShow.js HTTP/1.1" 304 -
186.115.57.192 - - [07/May/2016:00:19:25 -0500] "GET /galeria/galeria/jquery.fancybox.css?v=2.1.5 HTTP/1.1" 304 -
186.115.57.192 - - [07/May/2016:00:19:25 -0500] "GET /galeria/galeria/jquery.fancybox.js?v=2.1.5 HTTP/1.1" 304 -
66.249.73.156 - - [07/May/2016:00:19:35 -0500] "GET /BLA/resoluciones/RESOLUCIONES%202009/1803.pdf HTTP/1.1" 304 -
181.143.237.98 - - [07/May/2016:00:19:35 -0500] "GET /galeria/nivo-slider/demo/demo.html HTTP/1.1" 200 4066
181.143.237.98 - - [07/May/2016:00:19:35 -0500] "GET /galeria/nivo-slider/themes/default/default.css HTTP/1.1" 200 1569
181.143.237.98 - - [07/May/2016:00:19:35 -0500] "GET /galeria/nivo-slider/themes/pascal/pascal.css HTTP/1.1" 200 2258
181.143.237.98 - - [07/May/2016:00:19:35 -0500] "GET /galeria/nivo-slider/themes/orman/orman.css HTTP/1.1" 200 2152
181.143.237.98 - - [07/May/2016:00:19:35 -0500] "GET /galeria/nivo-slider/nivo-slider.css HTTP/1.1" 200 1507
181.143.237.98 - - [07/May/2016:00:19:35 -0500] "GET /galeria/nivo-slider/demo/style.css HTTP/1.1" 200 2222
181.143.237.98 - - [07/May/2016:00:19:35 -0500] "GET /galeria/nivo-slider/demo/images/CAPACITACIONES.jpg HTTP/1.1" 200 153433
181.143.237.98 - - [07/May/2016:00:19:35 -0500] "GET /galeria/nivo-slider/demo/images/Banner_caminatas_semestre.jpg HTTP/1.1" 200 408450
181.143.237.98 - - [07/May/2016:00:19:35 -0500] "GET /galeria/nivo-slider/demo/images/Banner_wgic.jpg HTTP/1.1" 200 139000
181.143.237.98 - - [07/May/2016:00:19:35 -0500] "GET /galeria/nivo-slider/demo/scripts/jquery-1.7.1.min.js HTTP/1.1" 200 93868
181.143.237.98 - - [07/May/2016:00:19:35 -0500] "GET /galeria/nivo-slider/jquery.nivo.slider.pack.js HTTP/1.1" 200 11561
181.143.237.98 - - [07/May/2016:00:19:35 -0500] "GET /galeria/nivo-slider/demo/images/banner_consejo.jpg HTTP/1.1" 200 226074
181.143.237.98 - - [07/May/2016:00:19:36 -0500] "GET /galeria/nivo-slider/demo/images/ecolecta2016.jpg HTTP/1.1" 200 147170
190.27.185.0 - - [07/May/2016:00:19:50 -0500] "GET /autoliquidacion HTTP/1.1" 301 310
190.27.185.0 - - [07/May/2016:00:19:50 -0500] "GET /autoliquidacion/ HTTP/1.1" 200 6375
190.27.185.0 - - [07/May/2016:00:19:51 -0500] "GET /autoliquidacion/dlf/folder.png HTTP/1.1" 200 410
190.27.185.0 - - [07/May/2016:00:19:51 -0500] "GET /autoliquidacion/dlf/styles.css HTTP/1.1" 200 3045
190.27.185.0 - - [07/May/2016:00:19:51 -0500] "GET /autoliquidacion/dlf/bg.gif HTTP/1.1" 200 54
192.168.175.104 - - [07/May/2016:00:20:01 -0500] "GET / HTTP/1.1" 200 9990
192.168.175.104 - - [07/May/2016:00:20:09 -0500] "GET / HTTP/1.0" 200 9990
66.249.73.156 - - [07/May/2016:00:20:40 -0500] "GET /BLA/resoluciones/RESOLUCIONES%202009/4698.pdf HTTP/1.1" 304 -
186.113.73.115 - - [07/May/2016:00:20:58 -0500] "POST /forms/lservlet;jsessionid=ac16012b30d6bdd43b2fbc344c63b638e186a363f3d5.e3iSbxaKaheRe34Tax0PchuKax90n6jAmljGr5XDqQLvpAe HTTP/1.1" 200 2
190.27.185.0 - - [07/May/2016:00:21:15 -0500] "GET /autoliquidacion/index.php?dir=Solicitudes+relacionadas+con+calidad+del+aire+auditiva+y+visual%2F HTTP/1.1" 200 5748
190.27.185.0 - - [07/May/2016:00:21:16 -0500] "GET /autoliquidacion/dlf/dirup.png HTTP/1.1" 200 644
66.249.73.156 - - [07/May/2016:00:21:21 -0500] "GET /BLA/resoluciones/RESOLUCIONES%202012/1114.pdf HTTP/1.1" 304 -
66.249.73.156 - - [07/May/2016:00:21:32 -0500] "GET /BLA/resoluciones/RESOLUCIONES%202013/0350.pdf HTTP/1.1" 304 -
69.162.124.232 - - [07/May/2016:00:21:37 -0500] "HEAD / HTTP/1.1" 200 -
192.168.175.104 - - [07/May/2016:00:21:39 -0500] "GET / HTTP/1.1" 200 9990
190.27.185.0 - - [07/May/2016:00:21:47 -0500] "GET /autoliquidacion/index.php?dir=Solicitudes+relacionadas+con+calidad+del+aire+auditiva+y+visual%2FRegistro+de+Elementos+de+publicidad+Exterior+Visual%2F HTTP/1.1" 200 4013
190.27.185.0 - - [07/May/2016:00:21:47 -0500] "GET /autoliquidacion/dlf/xls.gif HTTP/1.1" 200 636
190.27.185.0 - - [07/May/2016:00:21:47 -0500] "GET /autoliquidacion/dlf/html.gif HTTP/1.1" 200 632
190.27.185.0 - - [07/May/2016:00:21:47 -0500] "GET /autoliquidacion/dlf/pdf.gif HTTP/1.1" 200 272
66.249.93.244 - - [07/May/2016:00:21:55 -0500] "GET /galeria/galeria/jquery.fancybox.css?v=2.1.5 HTTP/1.1" 200 4895
66.249.93.242 - - [07/May/2016:00:21:55 -0500] "GET /BLA/boletinlegal/js/jquery.scrollShow.js HTTP/1.1" 200 4586
66.249.93.240 - - [07/May/2016:00:21:55 -0500] "GET /galeria/galeria/jquery.fancybox.js?v=2.1.5 HTTP/1.1" 200 48706
190.27.185.0 - - [07/May/2016:00:22:00 -0500] "GET /autoliquidacion/Solicitudes%20relacionadas%20con%20calidad%20del%20aire%20auditiva%20y%20visual/Registro%20de%20Elementos%20de%20publicidad%20Exterior%20Visual/126pm04-pr16-f-a301%20Formato%20Solicitud%20de%20registro.xls HTTP/1.1" 200 3573248
66.249.73.156 - - [07/May/2016:00:22:15 -0500] "GET /BLA/resoluciones/RESOLUCIONES%202010/6000.pdf HTTP/1.1" 304 -
66.249.93.244 - - [07/May/2016:00:22:19 -0500] "GET /galeria/galeria/jquery.fancybox.js?v=2.1.5 HTTP/1.1" 304 -
66.249.93.244 - - [07/May/2016:00:22:19 -0500] "GET /BLA/boletinlegal/js/jquery.scrollShow.js HTTP/1.1" 304 -
66.249.93.240 - - [07/May/2016:00:22:19 -0500] "GET /galeria/galeria/jquery.fancybox.css?v=2.1.5 HTTP/1.1" 304 -
66.249.73.156 - - [07/May/2016:00:22:32 -0500] "GET /BLA/resoluciones/RESOLUCIONES%202010/5720.pdf HTTP/1.1" 304 -
186.113.73.115 - - [07/May/2016:00:22:58 -0500] "POST /forms/lservlet;jsessionid=ac16012b30d6bdd43b2fbc344c63b638e186a363f3d5.e3iSbxaKaheRe34Tax0PchuKax90n6jAmljGr5XDqQLvpAe HTTP/1.1" 200 2
66.249.73.156 - - [07/May/2016:00:23:31 -0500] "GET /BLA/resoluciones/RESOLUCIONES%202007/RES%202007%202301%20AL%202400/RESOLUCION%202347%20DE%202007.pdf HTTP/1.1" 304 -
66.249.73.156 - - [07/May/2016:00:23:43 -0500] "GET /BLA/resoluciones/RESOLUCIONES%202007/RES%202007%201401%20AL%201500/RESOLUCION%201401%20DE%202007.pdf HTTP/1.1" 304 -
52.207.227.189 - - [07/May/2016:00:24:01 -0500] "GET /robots.txt HTTP/1.1" 404 1018
181.61.111.130 - - [07/May/2016:00:24:02 -0500] "GET /BLA/boletinlegal/js/jquery.scrollShow.js HTTP/1.1" 200 4586
181.61.111.130 - - [07/May/2016:00:24:02 -0500] "GET /galeria/galeria/jquery.fancybox.js?v=2.1.5 HTTP/1.1" 200 48706
181.61.111.130 - - [07/May/2016:00:24:02 -0500] "GET /galeria/galeria/jquery.fancybox.css?v=2.1.5 HTTP/1.1" 200 4895
66.249.73.156 - - [07/May/2016:00:24:42 -0500] "GET /BLA/resoluciones/AUTOS%202015/0198.pdf HTTP/1.1" 304 -
66.249.73.156 - - [07/May/2016:00:24:48 -0500] "GET /BLA/resoluciones/RESOLUCIONES%202011/6971.pdf HTTP/1.1" 304 -
186.113.73.115 - - [07/May/2016:00:24:58 -0500] "POST /forms/lservlet;jsessionid=ac16012b30d6bdd43b2fbc344c63b638e186a363f3d5.e3iSbxaKaheRe34Tax0PchuKax90n6jAmljGr5XDqQLvpAe HTTP/1.1" 200 2
192.168.175.104 - - [07/May/2016:00:24:59 -0500] "GET / HTTP/1.1" 200 9990
192.168.175.104 - - [07/May/2016:00:25:09 -0500] "GET / HTTP/1.0" 200 9990
66.249.73.156 - - [07/May/2016:00:25:18 -0500] "GET /BLA/resoluciones/RESOLUCIONES%202007/RES%202007%202101%20AL%202200/RESOLUCION%202125%20DE%202007.pdf HTTP/1.1" 304 -
66.249.73.156 - - [07/May/2016:00:25:42 -0500] "GET /BLA/resoluciones/RESOLUCIONES%202013/0344.pdf HTTP/1.1" 304 -
187.160.108.237 - - [07/May/2016:00:25:49 -0500] "GET /BLA/boletinlegal/js/jquery.scrollShow.js HTTP/1.1" 200 4586
187.160.108.237 - - [07/May/2016:00:25:49 -0500] "GET /galeria/galeria/jquery.fancybox.js?v=2.1.5 HTTP/1.1" 200 48706
187.160.108.237 - - [07/May/2016:00:25:49 -0500] "GET /galeria/galeria/jquery.fancybox.css?v=2.1.5 HTTP/1.1" 200 4895
66.249.73.156 - - [07/May/2016:00:25:59 -0500] "GET /BLA/resoluciones/AUTOS%202013/0359.pdf HTTP/1.1" 304 -
66.249.73.156 - - [07/May/2016:00:26:11 -0500] "GET /BLA/resoluciones/AUTOS%202012/1114.pdf HTTP/1.1" 304 -
69.162.124.232 - - [07/May/2016:00:26:37 -0500] "HEAD / HTTP/1.1" 200 -
192.168.175.104 - - [07/May/2016:00:26:38 -0500] "GET / HTTP/1.1" 200 9990
199.30.24.106 - - [07/May/2016:00:26:39 -0500] "GET /BLA/boletinlegal/style.css HTTP/1.1" 200 9406
199.30.24.106 - - [07/May/2016:00:26:39 -0500] "GET /BLA/boletinlegal/js/jquery.js HTTP/1.1" 200 57254
199.30.24.106 - - [07/May/2016:00:26:39 -0500] "GET /BLA/boletinlegal/styles2.css HTTP/1.1" 200 1838
199.30.24.106 - - [07/May/2016:00:26:40 -0500] "GET /BLA/boletinlegal/js/jquery.scrollTo-min.js HTTP/1.1" 200 1150
66.249.73.156 - - [07/May/2016:00:26:41 -0500] "GET /BLA/resoluciones/RESOLUCIONES%202014/1998.pdf HTTP/1.1" 304 -
199.30.24.106 - - [07/May/2016:00:26:41 -0500] "GET /BLA/boletinlegal/images/cabezote%20BLEGAL.jpg HTTP/1.1" 200 118164
199.30.24.106 - - [07/May/2016:00:26:41 -0500] "GET /BLA/boletinlegal/images/screen_1.png HTTP/1.1" 200 202547
199.30.24.106 - - [07/May/2016:00:26:41 -0500] "GET /BLA/boletinlegal/images/arr_l.jpg HTTP/1.1" 200 1979
199.30.24.106 - - [07/May/2016:00:26:41 -0500] "GET /BLA/boletinlegal/images/body_bg.jpg HTTP/1.1" 200 1601
199.30.24.106 - - [07/May/2016:00:26:41 -0500] "GET /BLA/boletinlegal/images/menu_lft.gif HTTP/1.1" 200 1713
199.30.24.106 - - [07/May/2016:00:26:41 -0500] "GET /BLA/boletinlegal/images/menu_rght.gif HTTP/1.1" 200 1627
199.30.24.106 - - [07/May/2016:00:26:42 -0500] "GET /BLA/boletinlegal/images/bg_top.jpg HTTP/1.1" 200 522
199.30.24.106 - - [07/May/2016:00:26:42 -0500] "GET /BLA/boletinlegal/images/menu_bg.jpg HTTP/1.1" 200 620
199.30.24.106 - - [07/May/2016:00:26:42 -0500] "GET /BLA/boletinlegal/images/hover.jpg HTTP/1.1" 200 640
199.30.24.106 - - [07/May/2016:00:26:42 -0500] "GET /BLA/boletinlegal/images/text.jpg HTTP/1.1" 200 568
199.30.24.106 - - [07/May/2016:00:26:42 -0500] "GET /BLA/boletinlegal/images/footer_bg.jpg HTTP/1.1" 200 586
199.30.24.106 - - [07/May/2016:00:26:42 -0500] "GET /BLA/boletinlegal/images/footer_bg_l.jpg HTTP/1.1" 200 776
186.113.73.115 - - [07/May/2016:00:26:58 -0500] "POST /forms/lservlet;jsessionid=ac16012b30d6bdd43b2fbc344c63b638e186a363f3d5.e3iSbxaKaheRe34Tax0PchuKax90n6jAmljGr5XDqQLvpAe HTTP/1.1" 200 2
190.27.185.0 - - [07/May/2016:00:27:05 -0500] "GET /autoliquidacion/Solicitudes%20relacionadas%20con%20calidad%20del%20aire%20auditiva%20y%20visual/Registro%20de%20Elementos%20de%20publicidad%20Exterior%20Visual/126pm04-pr16-f-a20-1%20Lista%20de%20Chequeo.xls HTTP/1.1" 200 114176
66.249.73.156 - - [07/May/2016:00:27:10 -0500] "GET /BLA/resoluciones/RESOLUCIONES%202013/0847.pdf HTTP/1.1" 304 -
66.249.73.249 - - [07/May/2016:00:27:16 -0500] "GET / HTTP/1.1" 200 9990
66.249.73.156 - - [07/May/2016:00:27:52 -0500] "GET /BLA/resoluciones/RESOLUCIONES%202012/1556.pdf HTTP/1.1" 304 -
66.249.73.156 - - [07/May/2016:00:28:09 -0500] "GET /BLA/resoluciones/AUTOS%202014/7302.pdf HTTP/1.1" 304 -
40.77.167.37 - - [07/May/2016:00:28:29 -0500] "GET /dama/libreria/pdf/formularios/ficha1_anexo3.pdf HTTP/1.1" 404 1019
186.113.73.115 - - [07/May/2016:00:28:58 -0500] "POST /forms/lservlet;jsessionid=ac16012b30d6bdd43b2fbc344c63b638e186a363f3d5.e3iSbxaKaheRe34Tax0PchuKax90n6jAmljGr5XDqQLvpAe HTTP/1.1" 200 2
66.249.73.156 - - [07/May/2016:00:29:25 -0500] "GET /BLA/resoluciones/RESOLUCIONES%202013/2071.pdf HTTP/1.1" 304 -
66.249.88.223 - - [07/May/2016:00:29:26 -0500] "GET /BLA/boletinlegal/js/jquery.scrollShow.js HTTP/1.1" 200 4586
66.249.88.228 - - [07/May/2016:00:29:26 -0500] "GET /galeria/galeria/jquery.fancybox.js?v=2.1.5 HTTP/1.1" 200 48706
66.249.88.223 - - [07/May/2016:00:29:27 -0500] "GET /galeria/galeria/jquery.fancybox.css?v=2.1.5 HTTP/1.1" 200 4895
66.249.88.228 - - [07/May/2016:00:29:40 -0500] "GET /galeria/galeria/jquery.fancybox.css?v=2.1.5 HTTP/1.1" 304 -
66.249.88.233 - - [07/May/2016:00:29:40 -0500] "GET /galeria/galeria/jquery.fancybox.js?v=2.1.5 HTTP/1.1" 304 -
66.249.88.228 - - [07/May/2016:00:29:41 -0500] "GET /BLA/boletinlegal/js/jquery.scrollShow.js HTTP/1.1" 304 -
181.232.76.49 - - [07/May/2016:00:29:41 -0500] "GET /BLA/boletinlegal/js/jquery.scrollShow.js HTTP/1.1" 200 4586
181.232.76.49 - - [07/May/2016:00:29:41 -0500] "GET /galeria/galeria/jquery.fancybox.js?v=2.1.5 HTTP/1.1" 200 48706
181.232.76.49 - - [07/May/2016:00:29:41 -0500] "GET /galeria/galeria/jquery.fancybox.css?v=2.1.5 HTTP/1.1" 200 4895
66.249.73.156 - - [07/May/2016:00:29:56 -0500] "GET /BLA/resoluciones/RESOLUCIONES%202011/2646.pdf HTTP/1.1" 304 -
192.168.175.104 - - [07/May/2016:00:29:58 -0500] "GET / HTTP/1.1" 200 9990
192.168.175.104 - - [07/May/2016:00:30:06 -0500] "GET / HTTP/1.0" 200 9990
66.249.73.156 - - [07/May/2016:00:30:14 -0500] "GET /BLA/resoluciones/AUTOS%202010/4447.pdf HTTP/1.1" 304 -
66.249.73.156 - - [07/May/2016:00:30:25 -0500] "GET /BLA/resoluciones/RESOLUCIONES%202009/4955.pdf HTTP/1.1" 304 -
66.249.73.156 - - [07/May/2016:00:30:43 -0500] "GET /BLA/resoluciones/AUTOS%202013/0817.pdf HTTP/1.1" 304 -
186.113.73.115 - - [07/May/2016:00:30:58 -0500] "POST /forms/lservlet;jsessionid=ac16012b30d6bdd43b2fbc344c63b638e186a363f3d5.e3iSbxaKaheRe34Tax0PchuKax90n6jAmljGr5XDqQLvpAe HTTP/1.1" 200 2
66.249.65.48 - - [07/May/2016:00:31:01 -0500] "GET /galeria/galeria/fotos/ HTTP/1.1" 200 92150
66.249.73.156 - - [07/May/2016:00:31:09 -0500] "GET /galeria/galeria/fotos/MeandrodelSay2P.jpg HTTP/1.1" 304 -
190.27.185.0 - - [07/May/2016:00:31:14 -0500] "GET /autoliquidacion/Solicitudes%20relacionadas%20con%20calidad%20del%20aire%20auditiva%20y%20visual/Registro%20de%20Elementos%20de%20publicidad%20Exterior%20Visual/Resolucion%200877%20126PM04-PR16%20registro%20pev.pdf HTTP/1.1" 200 566340
192.168.175.104 - - [07/May/2016:00:31:37 -0500] "GET / HTTP/1.1" 200 9990
69.162.124.232 - - [07/May/2016:00:31:37 -0500] "HEAD / HTTP/1.1" 200 -
66.249.73.156 - - [07/May/2016:00:31:48 -0500] "GET /BLA/resoluciones/AUTOS%202015/0590.pdf HTTP/1.1" 304 -
66.249.73.156 - - [07/May/2016:00:32:18 -0500] "GET /BLA/resoluciones/RESOLUCIONES%202007/RES%202007%20601%20AL%20700/RESOLUCION%200642%20DE%202007.pdf HTTP/1.1" 304 -
66.249.73.156 - - [07/May/2016:00:32:29 -0500] "GET /BLA/resoluciones/RESOLUCIONES%202007/RES%202007%204001%20AL%204100/RESOLUCION%204090%20DE%202007.pdf HTTP/1.1" 304 -
186.113.73.115 - - [07/May/2016:00:32:58 -0500] "POST /forms/lservlet;jsessionid=ac16012b30d6bdd43b2fbc344c63b638e186a363f3d5.e3iSbxaKaheRe34Tax0PchuKax90n6jAmljGr5XDqQLvpAe HTTP/1.1" 200 2
186.113.10.143 - - [07/May/2016:00:34:08 -0500] "GET /galeria/nivo-slider/demo/images/dias-humedales2016.jpg HTTP/1.1" 304 -
190.26.210.162 - - [07/May/2016:00:34:29 -0500] "GET /videos/galeria-cronicas/1V3wnplaylist.htm? HTTP/1.1" 200 4013
190.26.210.162 - - [07/May/2016:00:34:29 -0500] "GET /videos/galeria-cronicas/ HTTP/1.1" 200 4198
190.27.185.0 - - [07/May/2016:00:34:44 -0500] "GET /autoliquidacion/Solicitudes%20relacionadas%20con%20calidad%20del%20aire%20auditiva%20y%20visual/Registro%20de%20Elementos%20de%20publicidad%20Exterior%20Visual/Aplicativo.html HTTP/1.1" 200 359
192.168.175.104 - - [07/May/2016:00:34:56 -0500] "GET / HTTP/1.1" 200 9990
186.113.73.115 - - [07/May/2016:00:34:58 -0500] "POST /forms/lservlet;jsessionid=ac16012b30d6bdd43b2fbc344c63b638e186a363f3d5.e3iSbxaKaheRe34Tax0PchuKax90n6jAmljGr5XDqQLvpAe HTTP/1.1" 200 2
192.168.175.104 - - [07/May/2016:00:35:04 -0500] "GET / HTTP/1.0" 200 9990
40.77.167.32 - - [07/May/2016:00:36:21 -0500] "GET / HTTP/1.1" 200 9990
186.118.20.251 - - [07/May/2016:00:36:24 -0500] "GET /BLA/boletinlegal/js/jquery.scrollShow.js HTTP/1.1" 200 4586
186.118.20.251 - - [07/May/2016:00:36:24 -0500] "GET /galeria/galeria/jquery.fancybox.js?v=2.1.5 HTTP/1.1" 200 48706
186.118.20.251 - - [07/May/2016:00:36:24 -0500] "GET /galeria/galeria/jquery.fancybox.css?v=2.1.5 HTTP/1.1" 200 4895
192.168.175.104 - - [07/May/2016:00:36:34 -0500] "GET / HTTP/1.1" 200 9990
69.162.124.232 - - [07/May/2016:00:36:37 -0500] "HEAD / HTTP/1.1" 200 -
66.249.73.156 - - [07/May/2016:00:36:37 -0500] "GET /BLA/resoluciones/RESOLUCIONES%202009/2583.pdf HTTP/1.1" 200 403331
73.130.35.151 - - [07/May/2016:00:36:38 -0500] "GET /webdav/x32.php?host=162.104.22.128&time=60&port=80 HTTP/1.1" 404 1018
186.113.73.115 - - [07/May/2016:00:36:58 -0500] "POST /forms/lservlet;jsessionid=ac16012b30d6bdd43b2fbc344c63b638e186a363f3d5.e3iSbxaKaheRe34Tax0PchuKax90n6jAmljGr5XDqQLvpAe HTTP/1.1" 200 2
187.172.90.29 - - [07/May/2016:00:38:39 -0500] "GET /galeria/carrusel/Carrusel/jquery.thumbnailScroller.css HTTP/1.1" 200 2066
187.172.90.29 - - [07/May/2016:00:38:39 -0500] "GET /galeria/carrusel/Carrusel/jquery.thumbnailScroller.js HTTP/1.1" 200 8157
187.172.90.29 - - [07/May/2016:00:38:39 -0500] "GET /galeria/carrusel/Carrusel/jquery-ui-1.8.13.custom.min.js HTTP/1.1" 200 10800
187.172.90.29 - - [07/May/2016:00:38:39 -0500] "GET /galeria/nivo-slider/demo/demo.html HTTP/1.1" 200 4066
187.172.90.29 - - [07/May/2016:00:38:39 -0500] "GET /galeria/nivo-slider/themes/default/default.css HTTP/1.1" 200 1569
187.172.90.29 - - [07/May/2016:00:38:39 -0500] "GET /galeria/nivo-slider/demo/style.css HTTP/1.1" 200 2222
187.172.90.29 - - [07/May/2016:00:38:39 -0500] "GET /galeria/nivo-slider/demo/scripts/jquery-1.7.1.min.js HTTP/1.1" 200 93868
187.172.90.29 - - [07/May/2016:00:38:40 -0500] "GET /galeria/nivo-slider/jquery.nivo.slider.pack.js HTTP/1.1" 200 11561
187.172.90.29 - - [07/May/2016:00:38:40 -0500] "GET /galeria/nivo-slider/demo/images/CAPACITACIONES.jpg HTTP/1.1" 200 153433
187.172.90.29 - - [07/May/2016:00:38:40 -0500] "GET /galeria/nivo-slider/themes/pascal/pascal.css HTTP/1.1" 200 2258
187.172.90.29 - - [07/May/2016:00:38:40 -0500] "GET /galeria/nivo-slider/themes/orman/orman.css HTTP/1.1" 200 2152
187.172.90.29 - - [07/May/2016:00:38:40 -0500] "GET /galeria/nivo-slider/nivo-slider.css HTTP/1.1" 200 1507
187.172.90.29 - - [07/May/2016:00:38:40 -0500] "GET /galeria/nivo-slider/demo/images/Banner_caminatas_semestre.jpg HTTP/1.1" 200 408450
187.172.90.29 - - [07/May/2016:00:38:40 -0500] "GET /galeria/nivo-slider/demo/images/Banner_wgic.jpg HTTP/1.1" 200 139000
187.172.90.29 - - [07/May/2016:00:38:40 -0500] "GET /galeria/nivo-slider/demo/images/banner_consejo.jpg HTTP/1.1" 200 226074
187.172.90.29 - - [07/May/2016:00:38:40 -0500] "GET /galeria/nivo-slider/demo/images/ecolecta2016.jpg HTTP/1.1" 200 147170
187.172.90.29 - - [07/May/2016:00:38:42 -0500] "GET /galeria/nivo-slider/demo/images/ABC-Plan-de-contigencia.jpg HTTP/1.1" 200 423901
66.249.73.156 - - [07/May/2016:00:38:42 -0500] "GET /BLA/resoluciones/RESOLUCIONES%202007/RES%202007%20201%20AL%20300/RESOLUCION%200281%20DE%202007.pdf HTTP/1.1" 304 -
187.172.90.29 - - [07/May/2016:00:38:42 -0500] "GET /galeria/nivo-slider/demo/images/banner-llantas2015.jpg HTTP/1.1" 200 268366
187.172.90.29 - - [07/May/2016:00:38:42 -0500] "GET /galeria/nivo-slider/demo/images/caminata-ecologica.jpg HTTP/1.1" 200 192926
187.172.90.29 - - [07/May/2016:00:38:43 -0500] "GET /galeria/nivo-slider/demo/images/Cmapana-onestidad.jpg HTTP/1.1" 200 141638
187.172.90.29 - - [07/May/2016:00:38:44 -0500] "GET /galeria/nivo-slider/demo/images/banner-llantas2.jpg HTTP/1.1" 200 234514
187.172.90.29 - - [07/May/2016:00:38:44 -0500] "GET /galeria/nivo-slider/demo/images/9Signos.jpg HTTP/1.1" 200 81776
187.172.90.29 - - [07/May/2016:00:38:45 -0500] "GET /galeria/nivo-slider/demo/images/Ruta-vertimientos-01.jpg HTTP/1.1" 200 130151
187.172.90.29 - - [07/May/2016:00:38:45 -0500] "GET /galeria/nivo-slider/demo/images/bolsas-06.jpg HTTP/1.1" 200 210950
187.172.90.29 - - [07/May/2016:00:38:46 -0500] "GET /galeria/nivo-slider/demo/images/4Simple_Slider.png HTTP/1.1" 200 11722
187.172.90.29 - - [07/May/2016:00:38:46 -0500] "GET /galeria/nivo-slider/themes/default/loading.gif HTTP/1.1" 200 1737
187.172.90.29 - - [07/May/2016:00:38:48 -0500] "GET /galeria/nivo-slider/themes/default/arrows.png HTTP/1.1" 200 824
187.172.90.29 - - [07/May/2016:00:38:48 -0500] "GET /galeria/nivo-slider/themes/default/bullets.png HTTP/1.1" 200 1281
66.249.73.156 - - [07/May/2016:00:38:57 -0500] "GET /BLA/resoluciones/RESOLUCIONES%202010/7572.pdf HTTP/1.1" 200 478604
186.113.73.115 - - [07/May/2016:00:38:58 -0500] "POST /forms/lservlet;jsessionid=ac16012b30d6bdd43b2fbc344c63b638e186a363f3d5.e3iSbxaKaheRe34Tax0PchuKax90n6jAmljGr5XDqQLvpAe HTTP/1.1" 200 2
192.168.175.104 - - [07/May/2016:00:39:54 -0500] "GET / HTTP/1.1" 200 9990
66.249.73.156 - - [07/May/2016:00:39:58 -0500] "GET /BLA/resoluciones/AUTOS%202014/5702.pdf HTTP/1.1" 304 -
192.168.175.104 - - [07/May/2016:00:40:02 -0500] "GET / HTTP/1.0" 200 9990
66.249.73.156 - - [07/May/2016:00:40:29 -0500] "GET /BLA/resoluciones/RESOLUCIONES%202009/8562.pdf HTTP/1.1" 304 -
186.113.73.115 - - [07/May/2016:00:40:58 -0500] "POST /forms/lservlet;jsessionid=ac16012b30d6bdd43b2fbc344c63b638e186a363f3d5.e3iSbxaKaheRe34Tax0PchuKax90n6jAmljGr5XDqQLvpAe HTTP/1.1" 200 2
192.168.175.104 - - [07/May/2016:00:41:32 -0500] "GET / HTTP/1.1" 200 9990
69.162.124.232 - - [07/May/2016:00:41:37 -0500] "HEAD / HTTP/1.1" 200 -
152.61.192.232 - - [07/May/2016:00:41:51 -0500] "HEAD / HTTP/1.1" 200 -
152.61.192.232 - - [07/May/2016:00:41:51 -0500] "GET /arcgis/services/Calidad_del_Agua_WQI/MapServer/WMSServer?SERVICE=WMS&REQUEST=GetCapabilities HTTP/1.1" 503 1020
152.61.192.232 - - [07/May/2016:00:42:12 -0500] "GET /arcgis/services/Calidad_del_Agua_WQI/MapServer/WMSServer?SERVICE=WMS&REQUEST=GetCapabilities HTTP/1.1" 503 1020
152.61.192.232 - - [07/May/2016:00:42:12 -0500] "GET /arcgis/services/Calidad_del_Agua_WQI/MapServer/WMSServer?SERVICE=WMS&REQUEST=GetCapabilities HTTP/1.1" 503 1020
152.61.192.232 - - [07/May/2016:00:42:13 -0500] "GET /arcgis/services/Calidad_del_Agua_WQI/MapServer/WMSServer?WMTVER=1.0.0&REQUEST=capabilities HTTP/1.1" 503 1020
152.61.192.232 - - [07/May/2016:00:42:13 -0500] "GET /arcgis/services/Calidad_del_Agua_WQI/MapServer/WMSServer?SERVICE=WMS&REQUEST=GetCapabilities HTTP/1.1" 503 1020
66.249.73.156 - - [07/May/2016:00:42:26 -0500] "GET /BLA/resoluciones/RESOLUCIONES%202009/9524.pdf HTTP/1.1" 304 -
190.131.194.135 - - [07/May/2016:00:42:48 -0500] "GET /galeria/nivo-slider/demo/images/Reconciliate-con-la-naturalez.jpg HTTP/1.1" 304 -
66.249.73.156 - - [07/May/2016:00:42:58 -0500] "GET /BLA/resoluciones/RESOLUCIONES%202013/1138.pdf HTTP/1.1" 304 -
186.113.73.115 - - [07/May/2016:00:42:58 -0500] "POST /forms/lservlet;jsessionid=ac16012b30d6bdd43b2fbc344c63b638e186a363f3d5.e3iSbxaKaheRe34Tax0PchuKax90n6jAmljGr5XDqQLvpAe HTTP/1.1" 200 2
66.249.73.156 - - [07/May/2016:00:43:10 -0500] "GET /BLA/resoluciones/RESOLUCIONES%202013/0372.pdf HTTP/1.1" 304 -
66.249.73.156 - - [07/May/2016:00:43:34 -0500] "GET /BLA/resoluciones/RESOLUCIONES%202007/RES%202007%201601%20AL%201725/RESOLUCION%201607%20DE%202007.pdf HTTP/1.1" 304 -
