164.132.161.34 - - [15/May/2016:07:01:55 -0500] "GET /BLA/resoluciones/RESOLUCIONES%202003/RES%202003%201001-1050/1012.tif HTTP/1.1" 200 251740
69.162.124.232 - - [15/May/2016:07:02:03 -0500] "HEAD / HTTP/1.1" 200 -
181.54.7.5 - - [15/May/2016:07:02:04 -0500] "GET /BLA/boletinlegal/js/jquery.scrollShow.js HTTP/1.1" 304 -
181.54.7.5 - - [15/May/2016:07:02:04 -0500] "GET /galeria/galeria/jquery.fancybox.js?v=2.1.5 HTTP/1.1" 304 -
181.54.7.5 - - [15/May/2016:07:02:05 -0500] "GET /galeria/galeria/jquery.fancybox.css?v=2.1.5 HTTP/1.1" 304 -
213.239.200.142 - - [15/May/2016:07:02:09 -0500] "GET /BLA/resoluciones/index.php?dir=RESOLUCIONES%202006/RES%202006%20451-500/&sort=size&order=asc HTTP/1.1" 200 12244
66.249.73.156 - - [15/May/2016:07:02:16 -0500] "GET /BLA/resoluciones/RESOLUCIONES%202007/RES%202007%202301%20AL%202400/RESOLUCION%202343%20DE%202007.pdf HTTP/1.1" 304 -
180.76.15.18 - - [15/May/2016:07:02:18 -0500] "GET /BLA/resoluciones/RESOLUCIONES%202009/5624.pdf HTTP/1.1" 200 349934
180.76.15.29 - - [15/May/2016:07:02:24 -0500] "GET /BLA/resoluciones/AUTOS%202014/3228.pdf HTTP/1.1" 200 471942
213.239.200.142 - - [15/May/2016:07:02:25 -0500] "GET /BLA/resoluciones/index.php?dir=RESOLUCIONES%202002/RES%202002%201551-1600/&sort=size&order=asc HTTP/1.1" 200 12155
66.249.73.156 - - [15/May/2016:07:02:28 -0500] "GET /BLA/resoluciones/RESOLUCIONES%202010/7206.pdf HTTP/1.1" 304 -
66.249.73.156 - - [15/May/2016:07:02:47 -0500] "GET /BLA/resoluciones/RESOLUCIONES%202007/RES%202007%201301%20AL%201400/RESOLUCION%201400%20DE%202007.pdf HTTP/1.1" 304 -
213.239.200.142 - - [15/May/2016:07:02:47 -0500] "GET /BLA/resoluciones/AUTOS%202006/AUTOS%202006%20401-500/INDEX.DAT HTTP/1.1" 200 4000
220.181.51.104 - - [15/May/2016:07:02:54 -0500] "GET /BLA/resoluciones/RESOLUCIONES%202010/3577.pdf HTTP/1.1" 200 575463
192.168.175.104 - - [15/May/2016:07:02:58 -0500] "GET / HTTP/1.1" 200 9990
164.132.161.41 - - [15/May/2016:07:02:58 -0500] "GET /BLA/resoluciones/RESOLUCIONES%202006/RES%202006%20751-800/00000764.tif HTTP/1.1" 200 228338
213.239.200.142 - - [15/May/2016:07:03:03 -0500] "GET /BLA/resoluciones/RESOLUCIONES%202004/RES%202004%201901-1950/INDEX.DAT HTTP/1.1" 200 2000
213.239.200.142 - - [15/May/2016:07:03:19 -0500] "GET /BLA/resoluciones/index.php?dir=RESOLUCIONES%202004/RES%202004%2001-%2050/&sort=name&order=desc HTTP/1.1" 200 11965
192.168.175.104 - - [15/May/2016:07:03:26 -0500] "GET / HTTP/1.0" 200 9990
213.239.200.142 - - [15/May/2016:07:03:36 -0500] "GET /BLA/resoluciones/index.php?dir=RESOLUCIONES+2006%2FRES+2006+851-900%2F HTTP/1.1" 200 12234
213.239.200.142 - - [15/May/2016:07:03:52 -0500] "GET /BLA/resoluciones/index.php?dir=RESOLUCIONES+2002%2FRES+2002+851-900%2F HTTP/1.1" 200 12222
213.239.200.142 - - [15/May/2016:07:04:09 -0500] "GET /BLA/resoluciones/index.php?dir=RESOLUCIONES%202006/RES%202006%20451-500/&sort=size&order=desc HTTP/1.1" 200 12243
192.168.175.104 - - [15/May/2016:07:04:11 -0500] "GET / HTTP/1.1" 200 9990
66.249.73.156 - - [15/May/2016:07:04:18 -0500] "GET /BLA/resoluciones/AUTOS%202013/0201.pdf HTTP/1.1" 304 -
213.239.200.142 - - [15/May/2016:07:04:26 -0500] "GET /BLA/resoluciones/index.php?dir=RESOLUCIONES+2004%2FRES+2004+1701-1750%2F HTTP/1.1" 200 12358
213.239.200.142 - - [15/May/2016:07:04:43 -0500] "GET /BLA/resoluciones/index.php?dir=AUTOS+2006%2FAUTOS+2006+2601+-+2700%2F HTTP/1.1" 200 22189
40.77.167.9 - - [15/May/2016:07:04:46 -0500] "GET /www.ambientebogota.gov.co/ HTTP/1.1" 404 1019
213.239.200.142 - - [15/May/2016:07:05:00 -0500] "GET /BLA/resoluciones/index.php?dir=RESOLUCIONES+2006%2FRES+2006+351-400%2F HTTP/1.1" 200 12234
164.132.161.63 - - [15/May/2016:07:05:07 -0500] "GET /BLA/resoluciones/RESOLUCIONES%202002/RES%202002%201701-1750/20021748.tif HTTP/1.1" 200 42838
213.239.200.142 - - [15/May/2016:07:05:16 -0500] "GET /BLA/resoluciones/index.php?dir=RESOLUCIONES+2002%2FRES+2002+1701-1750%2F HTTP/1.1" 200 12141
66.249.65.95 - - [15/May/2016:07:05:28 -0500] "GET /galeria/nivo-slider/demo/images/TinguasAzules.jpg HTTP/1.1" 200 59510
213.239.200.142 - - [15/May/2016:07:05:33 -0500] "GET /BLA/resoluciones/index.php?dir=RESOLUCIONES%202006/RES%202006%20451-500/&sort=name&order=asc HTTP/1.1" 200 12244
66.249.73.156 - - [15/May/2016:07:05:39 -0500] "GET /BLA/resoluciones/RESOLUCIONES%202008/0410.pdf HTTP/1.1" 304 -
51.255.65.66 - - [15/May/2016:07:05:41 -0500] "GET /BLA/resoluciones/RESOLUCIONES%202005/RES%202005%201151-1200/00001187.tif HTTP/1.1" 200 37752
213.239.200.142 - - [15/May/2016:07:05:51 -0500] "GET /BLA/resoluciones/index.php?dir=AUTOS%202007/&sort=name&order=asc HTTP/1.1" 200 311243
213.239.200.142 - - [15/May/2016:07:05:54 -0500] "GET /BLA/resoluciones/index.php?dir=AUTOS%202005/&sort=size&order=desc HTTP/1.1" 200 2463
66.249.73.156 - - [15/May/2016:07:06:02 -0500] "GET /transparencia/directorioservidores/mayo2015.xlsx HTTP/1.1" 304 -
213.239.200.142 - - [15/May/2016:07:06:12 -0500] "GET /BLA/resoluciones/index.php?dir=AUTOS+2006%2FAUTOS+2006+1001-1100%2F HTTP/1.1" 200 21966
66.249.73.156 - - [15/May/2016:07:06:26 -0500] "GET /BLA/resoluciones/AUTOS%202010/1470.pdf HTTP/1.1" 304 -
213.239.200.142 - - [15/May/2016:07:06:31 -0500] "GET /BLA/resoluciones/index.php?dir=AUTOS%202006/AUTOS%202006%201001-1100/&sort=name&order=desc HTTP/1.1" 200 21965
66.249.73.156 - - [15/May/2016:07:06:33 -0500] "GET /BLA/resoluciones/RESOLUCIONES%202013/0034.pdf HTTP/1.1" 304 -
213.239.200.142 - - [15/May/2016:07:06:54 -0500] "GET /BLA/resoluciones/index.php?dir=RESOLUCIONES%202004/RES%202004%201901-1950/&sort=name&order=asc HTTP/1.1" 200 12350
66.249.73.156 - - [15/May/2016:07:06:57 -0500] "GET /BLA/resoluciones/RESOLUCIONES%202011/6097.pdf HTTP/1.1" 304 -
69.162.124.232 - - [15/May/2016:07:07:03 -0500] "HEAD / HTTP/1.1" 200 -
66.249.65.48 - - [15/May/2016:07:07:03 -0500] "GET /BLA/boletinlegal/Circulares/2011/Circular%20No.%203%20del%2023%20de%20Junio%20de%202011.pdf HTTP/1.1" 304 -
213.239.200.142 - - [15/May/2016:07:07:12 -0500] "GET /BLA/resoluciones/index.php?dir=AUTOS%202006/AUTOS%202006%201001-1100/&sort=date&order=asc HTTP/1.1" 200 21966
213.239.200.142 - - [15/May/2016:07:07:28 -0500] "GET /BLA/resoluciones/index.php?dir=AUTOS%202006/&sort=name&order=asc HTTP/1.1" 200 9519
186.31.56.61 - - [15/May/2016:07:07:42 -0500] "GET /BLA/resoluciones/RESOLUCIONES%202011/3620.pdf HTTP/1.1" 200 623994
186.31.56.61 - - [15/May/2016:07:07:44 -0500] "GET /favicon.ico HTTP/1.1" 200 7782
213.239.200.142 - - [15/May/2016:07:07:45 -0500] "GET /BLA/resoluciones/AUTOS%202006/AUTOS%202006%201001-1100/00001069.ti1000f HTTP/1.1" 404 1018
66.249.65.92 - - [15/May/2016:07:07:47 -0500] "GET /BLA/boletinlegal/jurisprudencia/analisis/SENTENCIA%20C-703%20DE%202010.xls HTTP/1.1" 304 -
181.55.241.57 - - [15/May/2016:07:07:52 -0500] "GET /galeria/galeria/jquery.fancybox.css?v=2.1.5 HTTP/1.1" 200 4895
66.249.65.89 - - [15/May/2016:07:07:53 -0500] "GET /BLA/boletinlegal/jurisprudencia/analisis/CUADRO%20ANALISIS%20SENTENCIA%20T-411%20DE%201992.doc HTTP/1.1" 304 -
192.168.175.104 - - [15/May/2016:07:07:56 -0500] "GET / HTTP/1.1" 200 9990
213.239.200.142 - - [15/May/2016:07:08:01 -0500] "GET /BLA/resoluciones/index.php?dir=RESOLUCIONES%202004/RES%202004%20401-450/&sort=size&order=asc HTTP/1.1" 200 12039
66.249.73.156 - - [15/May/2016:07:08:05 -0500] "GET /BLA/resoluciones/AUTOS%202009/0022.pdf HTTP/1.1" 304 -
66.249.73.156 - - [15/May/2016:07:08:11 -0500] "GET /BLA/resoluciones/RESOLUCIONES%202010/0514.pdf HTTP/1.1" 304 -
164.132.161.24 - - [15/May/2016:07:08:12 -0500] "GET /BLA/resoluciones/RESOLUCIONES%202006/RES%202006%201351-1400/00001400.tif HTTP/1.1" 200 224766
66.249.73.156 - - [15/May/2016:07:08:13 -0500] "GET /BLA/resoluciones/AUTOS%202014/0077.pdf HTTP/1.1" 200 869956
66.249.73.156 - - [15/May/2016:07:08:17 -0500] "GET /BLA/resoluciones/RESOLUCIONES%202011/4560.pdf HTTP/1.1" 304 -
181.128.201.249 - - [15/May/2016:07:08:17 -0500] "GET /galeria/galeria/fotos/Humedal-Santa-Mar%C3%ADa-del-Lago4G.jpg HTTP/1.1" 200 361652
213.239.200.142 - - [15/May/2016:07:08:20 -0500] "GET /BLA/resoluciones/index.php?dir=AUTOS%202006/AUTOS%202006%201001-1100/&sort=name&order=asc HTTP/1.1" 200 21966
181.128.201.249 - - [15/May/2016:07:08:23 -0500] "GET /galeria/galeria/fotos/Humedal-Santa-Mar%C3%ADa-del-Lago1G.jpg HTTP/1.1" 200 290867
192.168.175.104 - - [15/May/2016:07:08:24 -0500] "GET / HTTP/1.0" 200 9990
66.249.73.156 - - [15/May/2016:07:08:27 -0500] "GET /autoliquidacion/dlf/styles.css HTTP/1.1" 200 3045
213.239.200.142 - - [15/May/2016:07:08:36 -0500] "GET /BLA/resoluciones/index.php?dir=AUTOS%201997/&sort=name&order=asc HTTP/1.1" 200 1812
151.80.31.162 - - [15/May/2016:07:08:52 -0500] "GET /BLA/resoluciones/RESOLUCIONES%202005/RES%202005%20251-300/00000259.tif HTTP/1.1" 200 119262
213.239.200.142 - - [15/May/2016:07:08:53 -0500] "GET /BLA/resoluciones/index.php?dir=AUTOS%202006/AUTOS%202006%201001-1100/&sort=size&order=asc HTTP/1.1" 200 21966
66.249.73.156 - - [15/May/2016:07:09:03 -0500] "GET /BLA/resoluciones/AUTOS%202010/0121.pdf HTTP/1.1" 304 -
192.168.175.104 - - [15/May/2016:07:09:09 -0500] "GET / HTTP/1.1" 200 9990
213.239.200.142 - - [15/May/2016:07:09:09 -0500] "GET /BLA/resoluciones/index.php?dir=AUTOS%202006/AUTOS%202006%201001-1100/&sort=size&order=desc HTTP/1.1" 200 21965
66.249.73.156 - - [15/May/2016:07:09:14 -0500] "GET /BLA/resoluciones/RESOLUCIONES%202007/RES%202007%202201%20AL%202300/RESOLUCION%202293%20DE%202007.pdf HTTP/1.1" 304 -
213.239.200.142 - - [15/May/2016:07:09:25 -0500] "GET /BLA/resoluciones/AUTOS%202006/AUTOS%202006%201001-1100/INDEX.DAT HTTP/1.1" 200 4000
66.249.73.156 - - [15/May/2016:07:09:26 -0500] "GET /BLA/resoluciones/AUTOS%202012/1121.pdf HTTP/1.1" 304 -
66.249.73.156 - - [15/May/2016:07:09:36 -0500] "GET /BLA/resoluciones/RESOLUCIONES%202010/6934.pdf HTTP/1.1" 304 -
213.239.200.142 - - [15/May/2016:07:09:41 -0500] "GET /BLA/resoluciones/index.php?dir=RESOLUCIONES+2004%2FRES+2004+2301-2350%2F HTTP/1.1" 200 12356
66.249.73.156 - - [15/May/2016:07:09:42 -0500] "GET /BLA/resoluciones/RESOLUCIONES%202009/9834.pdf HTTP/1.1" 304 -
213.239.200.142 - - [15/May/2016:07:09:58 -0500] "GET /BLA/resolc54uciones/index.php?dir=RESOLUCIONES+2002%2FRES+2002+51-100%2F HTTP/1.1" 404 1018
66.249.73.156 - - [15/May/2016:07:10:01 -0500] "GET /BLA/resoluciones/RESOLUCIONES%202007/RES%202007%20401%20AL%20500/RESOLUCION%200431%20DE%202007.pdf HTTP/1.1" 304 -
66.249.73.156 - - [15/May/2016:07:10:07 -0500] "GET /BLA/resoluciones/RESOLUCIONES%202007/RES%202007%201401%20AL%201500/RESOLUCION%201443%20DE%202007.pdf HTTP/1.1" 304 -
213.239.200.142 - - [15/May/2016:07:10:14 -0500] "GET /BLA/resoluciones/index.php?dir=RESOLUCIONES%202004/RES%202004%20501-550/&sort=name&order=desc HTTP/1.1" 200 12047
66.249.73.156 - - [15/May/2016:07:10:19 -0500] "GET /BLA/resoluciones/AUTOS%202012/1641.pdf HTTP/1.1" 304 -
213.239.200.142 - - [15/May/2016:07:10:31 -0500] "GET /BLA/resoluciones/index.php?dir=AUTOS%202006/AUTOS%202006%201001-1100/&sort=date&order=desc HTTP/1.1" 200 21965
201.175.156.152 - - [15/May/2016:07:10:38 -0500] "GET /galeria/galeria/jquery.fancybox.css?v=2.1.5 HTTP/1.1" 200 4895
201.175.156.152 - - [15/May/2016:07:10:38 -0500] "GET /BLA/boletinlegal/js/jquery.scrollShow.js HTTP/1.1" 200 4586
201.175.156.152 - - [15/May/2016:07:10:38 -0500] "GET /galeria/galeria/jquery.fancybox.js?v=2.1.5 HTTP/1.1" 200 48706
213.239.200.142 - - [15/May/2016:07:10:50 -0500] "GET /BLA/resoluciones/AUTOS%202006/AUTOS%202006%201001-1100/00001044.t1000if HTTP/1.1" 404 1018
213.239.200.142 - - [15/May/2016:07:11:07 -0500] "GET /BLA/resoluciones/index.php?dir=AUTOS%202004/&sort=date&order=asc HTTP/1.1" 200 2786
66.249.73.156 - - [15/May/2016:07:11:08 -0500] "GET /BLA/resoluciones/AUTOS%202014/6255.pdf HTTP/1.1" 304 -
213.239.200.142 - - [15/May/2016:07:11:23 -0500] "GET /BLA/resoluciones/index.php?dir=RESOLUCIONES+2002%2FRES+2002+401-450%2F HTTP/1.1" 200 12024
201.175.156.152 - - [15/May/2016:07:11:23 -0500] "GET /galeria/galeria/jquery.fancybox.css?v=2.1.5 HTTP/1.1" 304 -
201.175.156.152 - - [15/May/2016:07:11:23 -0500] "GET /BLA/boletinlegal/js/jquery.scrollShow.js HTTP/1.1" 304 -
201.175.156.152 - - [15/May/2016:07:11:23 -0500] "GET /galeria/galeria/jquery.fancybox.js?v=2.1.5 HTTP/1.1" 304 -
213.239.200.142 - - [15/May/2016:07:11:41 -0500] "GET /BLA/resoluciones/index.php?dir=RESOLUCIONES+2004%2FRES+2004+201-250%2F HTTP/1.1" 200 12050
213.239.200.142 - - [15/May/2016:07:12:00 -0500] "GET /BLA/resoluciones/index.php?dir=RESOLUCIONES%202004/RES%202004%201701-1750/&sort=name&order=desc HTTP/1.1" 200 12357
69.162.124.232 - - [15/May/2016:07:12:03 -0500] "HEAD / HTTP/1.1" 200 -
213.239.200.142 - - [15/May/2016:07:12:17 -0500] "GET /BLA/resoluciones/index.php?dir=RESOLUCIONES%202006/RES%202006%20851-900/&sort=size&order=asc HTTP/1.1" 200 12234
220.181.51.79 - - [15/May/2016:07:12:27 -0500] "GET /BLA/resoluciones/RESOLUCIONES%202014/0167.pdf HTTP/1.1" 200 9230709
66.249.73.156 - - [15/May/2016:07:12:29 -0500] "GET /BLA/resoluciones/RESOLUCIONES%202010/4235.pdf HTTP/1.1" 200 756047
213.239.200.142 - - [15/May/2016:07:12:33 -0500] "GET /BLA/resoluciones/index.php?dir=RESOLUCIONES%202004/RES%202004%201851-1900/&sort=date&order=asc HTTP/1.1" 200 12369
186.28.87.205 - - [15/May/2016:07:12:34 -0500] "GET /galeria/galeria/jquery.fancybox.css?v=2.1.5 HTTP/1.1" 200 4895
186.28.87.205 - - [15/May/2016:07:12:34 -0500] "GET /galeria/carrusel/Carrusel/jquery.thumbnailScroller.css HTTP/1.1" 200 2066
186.28.87.205 - - [15/May/2016:07:12:34 -0500] "GET /galeria/galeria/jquery.fancybox.js?v=2.1.5 HTTP/1.1" 200 48706
186.28.87.205 - - [15/May/2016:07:12:34 -0500] "GET /BLA/boletinlegal/js/jquery.scrollShow.js HTTP/1.1" 200 4586
186.28.87.205 - - [15/May/2016:07:12:35 -0500] "GET /galeria/carrusel/Carrusel/jquery-ui-1.8.13.custom.min.js HTTP/1.1" 200 10800
186.28.87.205 - - [15/May/2016:07:12:36 -0500] "GET /galeria/carrusel/Carrusel/jquery.thumbnailScroller.js HTTP/1.1" 200 8157
186.28.87.205 - - [15/May/2016:07:12:36 -0500] "GET /galeria/nivo-slider/demo/demo.html HTTP/1.1" 200 4149
186.28.87.205 - - [15/May/2016:07:12:36 -0500] "GET /galeria/nivo-slider/nivo-slider.css HTTP/1.1" 200 1507
186.28.87.205 - - [15/May/2016:07:12:36 -0500] "GET /galeria/nivo-slider/themes/default/default.css HTTP/1.1" 200 1569
186.28.87.205 - - [15/May/2016:07:12:36 -0500] "GET /galeria/nivo-slider/themes/pascal/pascal.css HTTP/1.1" 200 2258
186.28.87.205 - - [15/May/2016:07:12:36 -0500] "GET /galeria/nivo-slider/themes/orman/orman.css HTTP/1.1" 200 2152
186.28.87.205 - - [15/May/2016:07:12:36 -0500] "GET /galeria/nivo-slider/demo/scripts/jquery-1.7.1.min.js HTTP/1.1" 200 93868
186.28.87.205 - - [15/May/2016:07:12:36 -0500] "GET /galeria/nivo-slider/demo/style.css HTTP/1.1" 200 2222
186.28.87.205 - - [15/May/2016:07:12:37 -0500] "GET /galeria/nivo-slider/demo/images/BANNERWELOVEBOGOTA.jpg HTTP/1.1" 200 122775
186.28.87.205 - - [15/May/2016:07:12:37 -0500] "GET /galeria/nivo-slider/jquery.nivo.slider.pack.js HTTP/1.1" 200 11561
186.28.87.205 - - [15/May/2016:07:12:37 -0500] "GET /galeria/nivo-slider/demo/images/CAPACITACIONES.jpg HTTP/1.1" 200 153433
186.28.87.205 - - [15/May/2016:07:12:37 -0500] "GET /galeria/nivo-slider/demo/images/Banner_caminatas_semestre.jpg HTTP/1.1" 200 408450
186.28.87.205 - - [15/May/2016:07:12:37 -0500] "GET /galeria/nivo-slider/themes/default/loading.gif HTTP/1.1" 200 1737
186.28.87.205 - - [15/May/2016:07:12:37 -0500] "GET /galeria/nivo-slider/demo/images/4Simple_Slider.png HTTP/1.1" 200 11722
186.28.87.205 - - [15/May/2016:07:12:37 -0500] "GET /galeria/nivo-slider/demo/images/Banner_wgic.jpg HTTP/1.1" 200 139000
186.28.87.205 - - [15/May/2016:07:12:37 -0500] "GET /galeria/nivo-slider/demo/images/PREMIOSLATINOAMERICA.jpg HTTP/1.1" 200 86739
186.28.87.205 - - [15/May/2016:07:12:38 -0500] "GET /galeria/nivo-slider/demo/images/ecolecta2016.jpg HTTP/1.1" 200 147170
186.28.87.205 - - [15/May/2016:07:12:38 -0500] "GET /galeria/nivo-slider/demo/images/ABC-Plan-de-contigencia.jpg HTTP/1.1" 200 423901
186.28.87.205 - - [15/May/2016:07:12:38 -0500] "GET /galeria/nivo-slider/demo/images/banner-llantas2015.jpg HTTP/1.1" 200 268366
186.28.87.205 - - [15/May/2016:07:12:39 -0500] "GET /galeria/nivo-slider/demo/images/caminata-ecologica.jpg HTTP/1.1" 200 192926
186.28.87.205 - - [15/May/2016:07:12:40 -0500] "GET /galeria/nivo-slider/demo/images/Cmapana-onestidad.jpg HTTP/1.1" 200 141638
186.28.87.205 - - [15/May/2016:07:12:40 -0500] "GET /galeria/nivo-slider/demo/images/banner-llantas2.jpg HTTP/1.1" 200 234514
186.28.87.205 - - [15/May/2016:07:12:41 -0500] "GET /galeria/nivo-slider/demo/images/9Signos.jpg HTTP/1.1" 200 81776
186.28.87.205 - - [15/May/2016:07:12:41 -0500] "GET /galeria/nivo-slider/demo/images/Ruta-vertimientos-01.jpg HTTP/1.1" 200 130151
66.249.73.156 - - [15/May/2016:07:12:41 -0500] "GET /BLA/resoluciones/AUTOS%202012/1121.pdf HTTP/1.1" 200 242611
186.28.87.205 - - [15/May/2016:07:12:42 -0500] "GET /galeria/nivo-slider/demo/images/bolsas-06.jpg HTTP/1.1" 200 210950
220.181.51.82 - - [15/May/2016:07:12:42 -0500] "GET /BLA/resoluciones/RESOLUCIONES%202010/4755.pdf HTTP/1.1" 200 632307
186.28.87.205 - - [15/May/2016:07:12:46 -0500] "GET /galeria/nivo-slider/themes/default/arrows.png HTTP/1.1" 200 824
186.28.87.205 - - [15/May/2016:07:12:46 -0500] "GET /galeria/nivo-slider/themes/default/bullets.png HTTP/1.1" 200 1281
213.239.200.142 - - [15/May/2016:07:12:50 -0500] "GET /BLA/resoluciones/index.php?dir=RESOLUCIONES%202004/RES%202004%20401-450/&sort=name&order=asc HTTP/1.1" 200 12039
192.168.175.104 - - [15/May/2016:07:12:55 -0500] "GET / HTTP/1.1" 200 9990
213.239.200.142 - - [15/May/2016:07:13:07 -0500] "GET /BLA/resoluciones/index.php?dir=RESOLUCIONES%202004/RES%202004%20251-300/&sort=size&order=asc HTTP/1.1" 200 12044
164.132.161.33 - - [15/May/2016:07:13:10 -0500] "GET /BLA/resoluciones/RESOLUCIONES%202002/RES%202002%20101-150/2002RES104.tif HTTP/1.1" 200 158994
66.249.65.89 - - [15/May/2016:07:13:10 -0500] "GET /BLA/boletinlegal/jurisprudencia/analisis/analisis%20C-595-2010.doc HTTP/1.1" 304 -
157.55.39.201 - - [15/May/2016:07:13:19 -0500] "GET / HTTP/1.1" 200 9990
192.168.175.104 - - [15/May/2016:07:13:23 -0500] "GET / HTTP/1.0" 200 9990
213.239.200.142 - - [15/May/2016:07:13:24 -0500] "GET /BLA/resoluciones/RESOLUCIONES%202004/RES%202004%202101-2150/INDEX.DAT HTTP/1.1" 200 2000
157.55.39.201 - - [15/May/2016:07:12:34 -0500] "GET /BLA/boletinlegal/ HTTP/1.1" 200 52190
213.239.200.142 - - [15/May/2016:07:13:43 -0500] "GET /BLA/resoluciones/index.php?dir=AUTOS%202006/AUTOS%202006%202001%20-%202100/&sort=size&order=asc HTTP/1.1" 200 22199
186.28.87.205 - - [15/May/2016:07:13:57 -0500] "GET /BLA/boletinlegal/js/jquery.scrollShow.js HTTP/1.1" 304 -
186.28.87.205 - - [15/May/2016:07:13:57 -0500] "GET /galeria/galeria/jquery.fancybox.js?v=2.1.5 HTTP/1.1" 304 -
186.28.87.205 - - [15/May/2016:07:13:57 -0500] "GET /galeria/galeria/jquery.fancybox.css?v=2.1.5 HTTP/1.1" 304 -
213.239.200.142 - - [15/May/2016:07:14:01 -0500] "GET /BLA/resoluciones/index.php?dir=RESOLUCIONES%202006/RES%202006%20351-400/&sort=date&order=asc HTTP/1.1" 200 12234
192.168.175.104 - - [15/May/2016:07:14:07 -0500] "GET / HTTP/1.1" 200 9990
213.239.200.142 - - [15/May/2016:07:14:18 -0500] "GET /BLA/resoluciones/RESOLUCIONES%202004/RES%202004%20901-950/00000939.1000tif HTTP/1.1" 404 1018
213.239.200.142 - - [15/May/2016:07:14:38 -0500] "GET /BLA/resoluciones/index.php?dir=RESOLUCIONES+2008%2F HTTP/1.1" 200 532427
213.239.200.142 - - [15/May/2016:07:14:41 -0500] "GET /BLA/resoluciones/index.php?dir=RESOLUCIONES%202004/RES%202004%20701-750/&sort=size&order=desc HTTP/1.1" 200 12058
213.239.200.142 - - [15/May/2016:07:14:57 -0500] "GET /BLA/resoluciones/index.php?dir=RESOLUCIONES+2004%2FRES+2004+951-1000%2F HTTP/1.1" 200 12101
213.239.200.142 - - [15/May/2016:07:15:14 -0500] "GET /BLA/resoluciones/index.php?dir=RESOLUCIONES+2002%2FANEXOS%2F HTTP/1.1" 200 2240
164.132.161.5 - - [15/May/2016:07:15:24 -0500] "GET /BLA/resoluciones/RESOLUCIONES%202005/00001071.tif HTTP/1.1" 200 334324
213.239.200.142 - - [15/May/2016:07:15:35 -0500] "GET /BLA/resoluciones/index.php?dir=RESOLUCIONES%202004/RES%202004%201701-1750/&sort=date&order=asc HTTP/1.1" 200 12358
213.239.200.142 - - [15/May/2016:07:15:54 -0500] "GET /BLA/resoluciones/index.php?dir=Acuerdos/&sort=name&order=desc HTTP/1.1" 200 1817
66.249.73.156 - - [15/May/2016:07:15:55 -0500] "GET /BLA/resoluciones/RESOLUCIONES%202013/0745.pdf HTTP/1.1" 304 -
213.239.200.142 - - [15/May/2016:07:16:10 -0500] "GET /BLA/resoluciones/index.php?dir=RESOLUCIONES+2002%2FRES+2002+1951-1971%2F HTTP/1.1" 200 6225
179.32.102.17 - - [15/May/2016:07:16:15 -0500] "GET /BLA/resoluciones/RESOLUCIONES%202009/3060.pdf HTTP/1.1" 200 619669
66.249.73.156 - - [15/May/2016:07:16:19 -0500] "GET /BLA/resoluciones/RESOLUCIONES%202011/5794.pdf HTTP/1.1" 304 -
213.239.200.142 - - [15/May/2016:07:16:33 -0500] "GET /BLA/resoluciones/index.php?dir=AUTOS%202006/AUTOS%202006%20501-600/&sort=name&order=desc HTTP/1.1" 200 21779
190.26.177.221 - - [15/May/2016:07:16:34 -0500] "GET /galeria/galeria/fotos/GuaymaralTorca3G.jpg HTTP/1.1" 200 330310
157.55.39.94 - - [15/May/2016:07:16:40 -0500] "GET /BLA/resoluciones/AUTOS%202014/1963.pdf HTTP/1.1" 200 171970
213.239.200.142 - - [15/May/2016:07:16:49 -0500] "GET /BLA/resoluciones/index.php?dir=RESOLUCIONES+2006%2FRES+2006+501-550%2F HTTP/1.1" 200 12241
69.162.124.232 - - [15/May/2016:07:17:03 -0500] "HEAD / HTTP/1.1" 200 -
213.239.200.142 - - [15/May/2016:07:17:06 -0500] "GET /BLA/resoluciones/index.php?dir=AUTOS%202006/AUTOS%202006%201901%20-%202000/&sort=size&order=asc HTTP/1.1" 200 22186
213.239.200.142 - - [15/May/2016:07:17:27 -0500] "GET /BLA/resoluciones/index.php?dir=AUTOS+2006%2FAUTOS+2006+101-200%2F HTTP/1.1" 200 21758
173.234.159.250 - - [15/May/2016:07:17:43 -0500] "GET /robots.txt HTTP/1.0" 302 308
173.234.159.250 - - [15/May/2016:07:17:45 -0500] "GET / HTTP/1.0" 302 298
213.239.200.142 - - [15/May/2016:07:17:45 -0500] "GET /BLA/resoluciones/index.php?dir=AUTOS%202006/AUTOS%202006%20101-200/&sort=date&order=asc HTTP/1.1" 200 21758
173.234.159.250 - - [15/May/2016:07:17:51 -0500] "GET /robots.txt HTTP/1.0" 302 312
173.234.159.250 - - [15/May/2016:07:17:52 -0500] "GET / HTTP/1.0" 302 302
192.168.175.104 - - [15/May/2016:07:17:53 -0500] "GET / HTTP/1.1" 200 9990
213.239.200.142 - - [15/May/2016:07:18:04 -0500] "GET /BLA/resoluciones/AUTOS%202006/AUTOS%202006%20101-200/INDEX.DAT HTTP/1.1" 200 4000
186.28.149.15 - - [15/May/2016:07:18:09 -0500] "GET /galeria/galeria/jquery.fancybox.css?v=2.1.5 HTTP/1.1" 304 -
186.28.149.15 - - [15/May/2016:07:18:09 -0500] "GET /BLA/boletinlegal/js/jquery.scrollShow.js HTTP/1.1" 304 -
186.28.149.15 - - [15/May/2016:07:18:09 -0500] "GET /galeria/galeria/jquery.fancybox.js?v=2.1.5 HTTP/1.1" 304 -
66.249.65.89 - - [15/May/2016:07:18:14 -0500] "GET /BLA/boletinlegal/jurisprudencia/analisis/analisis%20C-595-2010.doc HTTP/1.1" 304 -
66.249.73.156 - - [15/May/2016:07:18:15 -0500] "GET /BLA/resoluciones/AUTOS%202013/0540.pdf HTTP/1.1" 304 -
190.26.177.221 - - [15/May/2016:07:18:18 -0500] "GET /galeria/galeria/fotos/GuaymaralTorca4G.jpg HTTP/1.1" 200 373786
192.168.175.104 - - [15/May/2016:07:18:20 -0500] "GET / HTTP/1.0" 200 9990
213.239.200.142 - - [15/May/2016:07:18:20 -0500] "GET /BLA/resoluciones/index.php?dir=AUTOS%202006/AUTOS%202006%20101-200/&sort=size&order=asc HTTP/1.1" 200 21758
66.249.73.156 - - [15/May/2016:07:18:22 -0500] "GET /BLA/resoluciones/RESOLUCIONES%202012/1725.pdf HTTP/1.1" 304 -
201.216.15.47 - - [15/May/2016:07:18:28 -0500] "GET /BLA/resoluciones/AUTOS%202013/3483.pdf HTTP/1.1" 200 447101
207.46.13.160 - - [15/May/2016:07:18:31 -0500] "GET /www.ambientebogota.gov.co/web/intranet/inicio?p_p_state=maximized&p_p_mode=view&saveLastPath=0&_58_struts_action=%2Flogin%2Flogin&p_p_id=58&p_p_lifecycle=0&_58_redirect=%2Fgroup%2Fintranet%2Finicio HTTP/1.1" 404 1019
213.239.200.142 - - [15/May/2016:07:18:36 -0500] "GET /BLA/resoluciones/index.php?dir=AUTOS%202006/AUTOS%202006%20101-200/&sort=name&order=asc HTTP/1.1" 200 21758
66.249.73.156 - - [15/May/2016:07:18:46 -0500] "GET /BLA/resoluciones/RESOLUCIONES%202011/5844.pdf HTTP/1.1" 200 410507
66.249.73.156 - - [15/May/2016:07:18:52 -0500] "GET /BLA/resoluciones/Notificaciones/AUTOS%202015/0568.doc HTTP/1.1" 304 -
213.239.200.142 - - [15/May/2016:07:18:53 -0500] "GET /BLA/resoluciones/index.php?dir=AUTOS%202006/AUTOS%202006%20101-200/&sort=date&order=desc HTTP/1.1" 200 21757
66.249.73.156 - - [15/May/2016:07:18:58 -0500] "GET /BLA/resoluciones/AUTOS%202013/3100.pdf HTTP/1.1" 200 1012609
151.80.31.163 - - [15/May/2016:07:19:03 -0500] "GET /BLA/resoluciones/AUTOS%202006/AUTOS%202006%203301%20-%203418/00003411.tif HTTP/1.1" 200 56504
192.168.175.104 - - [15/May/2016:07:19:05 -0500] "GET / HTTP/1.1" 200 9990
213.239.200.142 - - [15/May/2016:07:19:09 -0500] "GET /BLA/resoluciones/index.php?dir=AUTOS%202006/AUTOS%202006%20101-200/&sort=size&order=desc HTTP/1.1" 200 21757
213.239.200.142 - - [15/May/2016:07:19:27 -0500] "GET /BLA/resoluciones/index.php?dir=AUTOS%202006/AUTOS%202006%20101-200/&sort=name&order=desc HTTP/1.1" 200 21757
66.249.73.156 - - [15/May/2016:07:19:33 -0500] "GET /BLA/resoluciones/RESOLUCIONES%202007/RES%202007%201401%20AL%201500/RESOLUCION%201409%20DE%202007.pdf HTTP/1.1" 304 -
66.249.65.110 - - [15/May/2016:07:19:53 -0500] "GET / HTTP/1.1" 301 324
213.239.200.142 - - [15/May/2016:07:19:54 -0500] "GET /BLA/resoluciones/index.php?dir=AUTOS+2006%2FAUTOS+2006+1601+-+1700%2F HTTP/1.1" 200 22248
66.249.65.48 - - [15/May/2016:07:20:10 -0500] "GET /ecodirectorio/files/res/pages/page_0103.swf HTTP/1.1" 200 87301
66.249.73.156 - - [15/May/2016:07:20:38 -0500] "GET /BLA/resoluciones/RESOLUCIONES%202007/RES%202007%202201%20AL%202300/RESOLUCION%202243%20DE%202007.pdf HTTP/1.1" 304 -
186.80.85.47 - - [15/May/2016:07:20:52 -0500] "GET /galeria/nivo-slider/demo/images/BANNERWELOVEBOGOTA.jpg HTTP/1.1" 304 -
52.3.105.23 - - [15/May/2016:07:21:10 -0500] "GET /robots.txt HTTP/1.1" 404 1018
66.249.65.92 - - [15/May/2016:07:21:58 -0500] "GET /BLA/boletinlegal/jurisprudencia/analisis/analisis%20C-595-2010.doc HTTP/1.1" 304 -
69.162.124.232 - - [15/May/2016:07:22:03 -0500] "HEAD / HTTP/1.1" 200 -
51.255.65.61 - - [15/May/2016:07:22:05 -0500] "GET /BLA/resoluciones/RESOLUCIONES%202005/RES%202005%20%201651-1700/00001692.tif HTTP/1.1" 200 183998
66.249.73.156 - - [15/May/2016:07:22:08 -0500] "GET /BLA/resoluciones/AUTOS%202008/2312.pdf HTTP/1.1" 200 82839
157.55.12.84 - - [15/May/2016:07:22:09 -0500] "GET /galeria/carrusel/Carrusel/jquery.thumbnailScroller.css HTTP/1.1" 200 2066
157.55.12.84 - - [15/May/2016:07:22:09 -0500] "GET /galeria/nivo-slider/demo/demo.html HTTP/1.1" 200 4149
157.55.12.84 - - [15/May/2016:07:22:09 -0500] "GET /galeria/nivo-slider/themes/pascal/pascal.css HTTP/1.1" 200 2258
157.55.12.84 - - [15/May/2016:07:22:09 -0500] "GET /galeria/nivo-slider/demo/style.css HTTP/1.1" 200 2222
157.55.12.84 - - [15/May/2016:07:22:10 -0500] "GET /galeria/nivo-slider/themes/orman/orman.css HTTP/1.1" 200 2152
157.55.12.84 - - [15/May/2016:07:22:10 -0500] "GET /galeria/carrusel/Carrusel/jquery-ui-1.8.13.custom.min.js HTTP/1.1" 200 10800
157.55.12.84 - - [15/May/2016:07:22:10 -0500] "GET /galeria/nivo-slider/nivo-slider.css HTTP/1.1" 200 1507
157.55.12.84 - - [15/May/2016:07:22:10 -0500] "GET /galeria/nivo-slider/demo/images/BANNERWELOVEBOGOTA.jpg HTTP/1.1" 200 122775
157.55.12.84 - - [15/May/2016:07:22:10 -0500] "GET /galeria/nivo-slider/demo/images/CAPACITACIONES.jpg HTTP/1.1" 200 153433
157.55.12.84 - - [15/May/2016:07:22:10 -0500] "GET /galeria/nivo-slider/jquery.nivo.slider.pack.js HTTP/1.1" 200 11561
157.55.12.84 - - [15/May/2016:07:22:11 -0500] "GET /galeria/carrusel/Carrusel/jquery.thumbnailScroller.js HTTP/1.1" 200 8157
157.55.12.84 - - [15/May/2016:07:22:11 -0500] "GET /galeria/nivo-slider/demo/images/Banner_caminatas_semestre.jpg HTTP/1.1" 200 408450
157.55.12.84 - - [15/May/2016:07:22:13 -0500] "GET /galeria/nivo-slider/demo/images/Banner_wgic.jpg HTTP/1.1" 200 139000
157.55.12.84 - - [15/May/2016:07:22:13 -0500] "GET /galeria/nivo-slider/demo/images/PREMIOSLATINOAMERICA.jpg HTTP/1.1" 200 86739
157.55.12.84 - - [15/May/2016:07:22:14 -0500] "GET /galeria/nivo-slider/demo/images/ecolecta2016.jpg HTTP/1.1" 200 147170
157.55.12.84 - - [15/May/2016:07:22:14 -0500] "GET /galeria/nivo-slider/demo/images/ABC-Plan-de-contigencia.jpg HTTP/1.1" 200 423901
157.55.12.84 - - [15/May/2016:07:22:15 -0500] "GET /galeria/nivo-slider/demo/images/banner-llantas2015.jpg HTTP/1.1" 200 268366
157.55.12.84 - - [15/May/2016:07:22:15 -0500] "GET /galeria/nivo-slider/demo/images/caminata-ecologica.jpg HTTP/1.1" 200 192926
157.55.12.84 - - [15/May/2016:07:22:17 -0500] "GET /galeria/nivo-slider/demo/images/Cmapana-onestidad.jpg HTTP/1.1" 200 141638
157.55.12.84 - - [15/May/2016:07:22:17 -0500] "GET /galeria/nivo-slider/demo/images/banner-llantas2.jpg HTTP/1.1" 200 234514
157.55.12.84 - - [15/May/2016:07:22:17 -0500] "GET /galeria/nivo-slider/demo/images/9Signos.jpg HTTP/1.1" 200 81776
157.55.12.84 - - [15/May/2016:07:22:18 -0500] "GET /galeria/nivo-slider/demo/images/Ruta-vertimientos-01.jpg HTTP/1.1" 200 130151
157.55.12.84 - - [15/May/2016:07:22:18 -0500] "GET /galeria/nivo-slider/demo/images/4Simple_Slider.png HTTP/1.1" 200 11722
157.55.12.84 - - [15/May/2016:07:22:18 -0500] "GET /galeria/nivo-slider/demo/images/bolsas-06.jpg HTTP/1.1" 200 210950
157.55.12.84 - - [15/May/2016:07:22:18 -0500] "GET /galeria/nivo-slider/themes/default/loading.gif HTTP/1.1" 200 1737
157.55.12.84 - - [15/May/2016:07:22:19 -0500] "GET /galeria/nivo-slider/themes/default/arrows.png HTTP/1.1" 200 824
157.55.12.84 - - [15/May/2016:07:22:20 -0500] "GET /galeria/nivo-slider/themes/default/bullets.png HTTP/1.1" 200 1281
180.76.15.151 - - [15/May/2016:07:22:24 -0500] "GET /BLA/resoluciones/RESOLUCIONES%202009/3906.pdf HTTP/1.1" 200 310019
151.80.31.167 - - [15/May/2016:07:22:25 -0500] "GET /BLA/resoluciones/AUTOS%202006/AUTOS%202006%202801%20-%202900/00002842.tif HTTP/1.1" 200 103900
66.249.73.156 - - [15/May/2016:07:22:38 -0500] "GET /BLA/resoluciones/RESOLUCIONES%202012/1335.pdf HTTP/1.1" 304 -
137.183.232.27 - - [15/May/2016:07:22:39 -0500] "GET /galeria/galeria/jquery.fancybox.js?v=2.1.5 HTTP/1.1" 304 -
190.146.165.164 - - [15/May/2016:07:22:45 -0500] "-" 408 -
180.76.15.18 - - [15/May/2016:07:22:49 -0500] "GET /BLA/resoluciones/AUTOS%202013/3199.pdf HTTP/1.1" 200 732771
180.76.15.141 - - [15/May/2016:07:22:48 -0500] "GET /isolucionsda/bancoconocimiento/I/Incentivostributarios_v1/anexo%201012.pdf HTTP/1.1" 200 85512
192.168.175.104 - - [15/May/2016:07:22:51 -0500] "GET / HTTP/1.1" 200 9990
220.181.51.74 - - [15/May/2016:07:22:53 -0500] "GET /BLA/resoluciones/AUTOS%202009/1862.pdf HTTP/1.1" 200 102152
192.168.175.104 - - [15/May/2016:07:23:18 -0500] "GET / HTTP/1.0" 200 9990
192.168.175.104 - - [15/May/2016:07:24:05 -0500] "GET / HTTP/1.1" 200 9990
66.249.65.92 - - [15/May/2016:07:25:54 -0500] "GET /galeria/nivo-slider/demo/images/juanAmarillo1.jpg HTTP/1.1" 200 85736
164.132.161.46 - - [15/May/2016:07:26:25 -0500] "GET /BLA/resoluciones/RESOLUCIONES%202005/RES%202005%202151-2200/00002179.tif HTTP/1.1" 200 426104
69.162.124.232 - - [15/May/2016:07:27:03 -0500] "HEAD / HTTP/1.1" 200 -
192.168.175.104 - - [15/May/2016:07:27:49 -0500] "GET / HTTP/1.1" 200 9990
192.168.175.104 - - [15/May/2016:07:28:17 -0500] "GET / HTTP/1.0" 200 9990
66.249.73.156 - - [15/May/2016:07:28:28 -0500] "GET /BLA/resoluciones/RESOLUCIONES%202010/4484.pdf HTTP/1.1" 304 -
66.249.73.156 - - [15/May/2016:07:28:42 -0500] "GET /BLA/resoluciones/RESOLUCIONES%202014/3748.pdf HTTP/1.1" 304 -
192.168.175.104 - - [15/May/2016:07:29:03 -0500] "GET / HTTP/1.1" 200 9990
46.229.170.197 - - [15/May/2016:07:30:08 -0500] "GET / HTTP/1.1" 301 324
66.249.73.156 - - [15/May/2016:07:30:55 -0500] "GET /BLA/resoluciones/RESOLUCIONES%202013/0852.pdf HTTP/1.1" 304 -
190.252.104.41 - - [15/May/2016:07:31:14 -0500] "GET / HTTP/1.1" 200 9990
190.252.104.41 - - [15/May/2016:07:31:14 -0500] "GET /css/bootstrap.min.css HTTP/1.1" 200 105939
190.252.104.41 - - [15/May/2016:07:31:14 -0500] "GET /css/style.css HTTP/1.1" 200 3610
190.252.104.41 - - [15/May/2016:07:31:16 -0500] "GET /js/jquery.js HTTP/1.1" 200 97120
190.252.104.41 - - [15/May/2016:07:31:16 -0500] "GET /js/bootstrap.min.js HTTP/1.1" 200 28538
190.252.104.41 - - [15/May/2016:07:31:16 -0500] "GET /images/SDA.jpg HTTP/1.1" 200 48976
190.252.104.41 - - [15/May/2016:07:31:16 -0500] "GET /images/INTRANET.jpg HTTP/1.1" 200 37297
190.252.104.41 - - [15/May/2016:07:31:16 -0500] "GET /images/LINEA.jpg HTTP/1.1" 200 33035
190.252.104.41 - - [15/May/2016:07:31:16 -0500] "GET /images/INTERNET.jpg HTTP/1.1" 200 34880
190.252.104.41 - - [15/May/2016:07:31:18 -0500] "GET /images/NINOS.jpg HTTP/1.1" 200 44828
190.252.104.41 - - [15/May/2016:07:31:18 -0500] "GET /images/FOREST.jpg HTTP/1.1" 200 33277
190.252.104.41 - - [15/May/2016:07:31:19 -0500] "GET /images/RMCAB.jpg HTTP/1.1" 200 49926
190.252.104.41 - - [15/May/2016:07:31:19 -0500] "GET /images/BLA.jpg HTTP/1.1" 200 34672
190.252.104.41 - - [15/May/2016:07:31:19 -0500] "GET /images/SDQS.jpg HTTP/1.1" 200 47976
190.252.104.41 - - [15/May/2016:07:31:19 -0500] "GET /images/CORREO.jpg HTTP/1.1" 200 39337
190.252.104.41 - - [15/May/2016:07:31:20 -0500] "GET /images/FORMATOS.jpg HTTP/1.1" 200 41585
190.252.104.41 - - [15/May/2016:07:31:21 -0500] "GET /images/CATALOGO.jpg HTTP/1.1" 200 35661
190.252.104.41 - - [15/May/2016:07:31:24 -0500] "GET /favicon.ico HTTP/1.1" 200 7782
190.158.20.48 - - [15/May/2016:07:31:55 -0500] "GET /BLA/boletinlegal/js/jquery.scrollShow.js HTTP/1.1" 200 4586
190.158.20.48 - - [15/May/2016:07:31:55 -0500] "GET /galeria/galeria/jquery.fancybox.js?v=2.1.5 HTTP/1.1" 200 48706
190.158.20.48 - - [15/May/2016:07:31:55 -0500] "GET /galeria/galeria/jquery.fancybox.css?v=2.1.5 HTTP/1.1" 200 4895
190.158.20.48 - - [15/May/2016:07:31:59 -0500] "GET /galeria/galeria/jquery.fancybox.js?v=2.1.5 HTTP/1.1" 304 -
190.158.20.48 - - [15/May/2016:07:31:59 -0500] "GET /BLA/boletinlegal/js/jquery.scrollShow.js HTTP/1.1" 304 -
190.158.20.48 - - [15/May/2016:07:31:59 -0500] "GET /galeria/galeria/jquery.fancybox.css?v=2.1.5 HTTP/1.1" 304 -
66.249.73.156 - - [15/May/2016:07:32:03 -0500] "GET /BLA/resoluciones/AUTOS%202010/4447.pdf HTTP/1.1" 304 -
69.162.124.232 - - [15/May/2016:07:32:03 -0500] "HEAD / HTTP/1.1" 200 -
164.132.161.94 - - [15/May/2016:07:32:26 -0500] "GET /BLA/resoluciones/RESOLUCIONES%202004/RES%202004%201501-1550/00001525.tif HTTP/1.1" 200 205812
66.249.73.156 - - [15/May/2016:07:32:45 -0500] "GET /BLA/resoluciones/AUTOS%202013/1882.pdf HTTP/1.1" 304 -
192.168.175.104 - - [15/May/2016:07:32:47 -0500] "GET / HTTP/1.1" 200 9990
164.132.161.28 - - [15/May/2016:07:32:51 -0500] "GET /BLA/resoluciones/RESOLUCIONES%202002/RES%202002%20701-750/00000723.tif HTTP/1.1" 200 58764
220.181.108.106 - - [15/May/2016:07:32:57 -0500] "GET /BLA/resoluciones/AUTOS%202011/3999.pdf HTTP/1.1" 200 230679
192.168.175.104 - - [15/May/2016:07:33:16 -0500] "GET / HTTP/1.0" 200 9990
164.132.161.8 - - [15/May/2016:07:33:56 -0500] "GET /BLA/resoluciones/AUTOS%202006/AUTOS%202006%20301-400/00000376.tif HTTP/1.1" 200 53056
192.168.175.104 - - [15/May/2016:07:34:02 -0500] "GET / HTTP/1.1" 200 9990
186.30.9.234 - - [15/May/2016:07:34:22 -0500] "GET /BLA/resoluciones/AUTOS%202013/3278.pdf HTTP/1.1" 200 1719204
186.30.9.234 - - [15/May/2016:07:34:22 -0500] "GET /favicon.ico HTTP/1.1" 200 7782
186.30.9.234 - - [15/May/2016:07:34:23 -0500] "GET /BLA/resoluciones/AUTOS%202013/3278.pdf HTTP/1.1" 206 554974
66.249.73.156 - - [15/May/2016:07:34:29 -0500] "GET /BLA/resoluciones/RESOLUCIONES%202007/RES%202007%203001%20AL%203100/RESOLUCION%203038%20DE%202007.pdf HTTP/1.1" 304 -
66.249.73.156 - - [15/May/2016:07:34:41 -0500] "GET /BLA/resoluciones/RESOLUCIONES%202008/2580.pdf HTTP/1.1" 304 -
201.149.2.6 - - [15/May/2016:07:35:15 -0500] "GET /BLA/resoluciones/RESOLUCIONES%202012/0848.pdf HTTP/1.1" 200 238220
118.193.27.2 - - [15/May/2016:07:35:22 -0500] "\x16\x03\x01\x01\"\x01" 400 291
118.193.27.2 - - [15/May/2016:07:35:29 -0500] "USER test +iw test :Test Wuz Here" 400 291
118.193.27.2 - - [15/May/2016:07:35:33 -0500] "GET / HTTP/1.1" 200 9990
152.201.171.112 - - [15/May/2016:07:36:08 -0500] "GET /BLA/boletinlegal/js/jquery.scrollShow.js HTTP/1.1" 200 4586
152.201.171.112 - - [15/May/2016:07:36:08 -0500] "GET /galeria/galeria/jquery.fancybox.css?v=2.1.5 HTTP/1.1" 200 4895
152.201.171.112 - - [15/May/2016:07:36:08 -0500] "GET /galeria/galeria/jquery.fancybox.js?v=2.1.5 HTTP/1.1" 200 48706
152.201.171.112 - - [15/May/2016:07:36:15 -0500] "GET /BLA/boletinlegal/js/jquery.scrollShow.js HTTP/1.1" 304 -
152.201.171.112 - - [15/May/2016:07:36:15 -0500] "GET /galeria/galeria/jquery.fancybox.js?v=2.1.5 HTTP/1.1" 304 -
152.201.171.112 - - [15/May/2016:07:36:15 -0500] "GET /galeria/galeria/jquery.fancybox.css?v=2.1.5 HTTP/1.1" 304 -
37.7.62.125 - - [15/May/2016:07:36:42 -0500] "GET /BLA/boletinlegal/js/jquery.scrollShow.js HTTP/1.1" 200 4586
37.7.62.125 - - [15/May/2016:07:36:42 -0500] "GET /galeria/galeria/jquery.fancybox.js?v=2.1.5 HTTP/1.1" 200 48706
37.7.62.125 - - [15/May/2016:07:36:42 -0500] "GET /galeria/galeria/jquery.fancybox.css?v=2.1.5 HTTP/1.1" 200 4895
191.70.120.163 - - [15/May/2016:07:36:48 -0500] "GET /galeria/galeria/jquery.fancybox.css?v=2.1.5 HTTP/1.1" 200 4895
191.70.120.163 - - [15/May/2016:07:36:48 -0500] "GET /BLA/boletinlegal/js/jquery.scrollShow.js HTTP/1.1" 200 4586
191.70.120.163 - - [15/May/2016:07:36:51 -0500] "GET /galeria/galeria/jquery.fancybox.js?v=2.1.5 HTTP/1.1" 200 48706
69.162.124.232 - - [15/May/2016:07:37:03 -0500] "HEAD / HTTP/1.1" 200 -
66.249.73.156 - - [15/May/2016:07:37:09 -0500] "GET /BLA/resoluciones/AUTOS%202013/0511.pdf HTTP/1.1" 304 -
66.249.73.156 - - [15/May/2016:07:37:20 -0500] "GET /transparencia/directorioservidores/2016/enero2016.xlsx HTTP/1.1" 304 -
192.168.175.104 - - [15/May/2016:07:37:46 -0500] "GET / HTTP/1.1" 200 9990
66.249.73.156 - - [15/May/2016:07:38:09 -0500] "GET /BLA/resoluciones/RESOLUCIONES%202007/RES%202007%202601%20AL%202700/RESOLUCION%202643%20DE%202007.pdf HTTP/1.1" 304 -
192.168.175.104 - - [15/May/2016:07:38:14 -0500] "GET / HTTP/1.0" 200 9990
119.76.66.139 - - [15/May/2016:07:38:35 -0500] "GET /wp-login.php HTTP/1.1" 404 1019
66.249.73.156 - - [15/May/2016:07:38:40 -0500] "GET /BLA/resoluciones/RESOLUCIONES%202007/RES%202007%202301%20AL%202400/RESOLUCION%202400%20DE%202007.pdf HTTP/1.1" 304 -
66.249.73.156 - - [15/May/2016:07:38:58 -0500] "GET /BLA/resoluciones/RESOLUCIONES%202013/0581.pdf HTTP/1.1" 304 -
192.168.175.104 - - [15/May/2016:07:39:00 -0500] "GET / HTTP/1.1" 200 9990
40.77.167.9 - - [15/May/2016:07:39:39 -0500] "GET /SIG/Gesti%C3%B3n%20Talento%20Humano/126PA01-PR30.pdf HTTP/1.1" 200 46548
66.249.73.156 - - [15/May/2016:07:41:06 -0500] "GET /BLA/resoluciones/RESOLUCIONES%202009/8562.pdf HTTP/1.1" 304 -
190.96.232.241 - - [15/May/2016:07:41:10 -0500] "GET /BLA/resoluciones/RESOLUCIONES%202007/RES%202007%201501%20AL%201600/RESOLUCION%201545%20DE%202007.pdf HTTP/1.1" 200 527341
190.96.232.241 - - [15/May/2016:07:41:10 -0500] "GET /favicon.ico HTTP/1.1" 200 7782
190.96.232.241 - - [15/May/2016:07:41:12 -0500] "GET /BLA/resoluciones/RESOLUCIONES%202007/RES%202007%201501%20AL%201600/RESOLUCION%201545%20DE%202007.pdf HTTP/1.1" 206 362085
186.85.111.10 - - [15/May/2016:07:41:21 -0500] "GET /galeria/nivo-slider/demo/images/Conoce-los-humedales.jpg HTTP/1.1" 200 294036
66.249.73.156 - - [15/May/2016:07:41:50 -0500] "GET /BLA/resoluciones/AUTOS%202015/1052.pdf HTTP/1.1" 304 -
207.46.13.160 - - [15/May/2016:07:42:02 -0500] "GET /www.bogota.gov.co/sdqs HTTP/1.1" 404 1019
69.162.124.232 - - [15/May/2016:07:42:03 -0500] "HEAD / HTTP/1.1" 200 -
40.77.167.9 - - [15/May/2016:07:42:19 -0500] "GET /www.bogota.gov.co/sdqs HTTP/1.1" 404 1019
66.249.73.156 - - [15/May/2016:07:42:20 -0500] "GET /BLA/resoluciones/RESOLUCIONES%202009/8650.pdf HTTP/1.1" 304 -
201.232.246.150 - - [15/May/2016:07:42:25 -0500] "GET /galeria/galeria/jquery.fancybox.css?v=2.1.5 HTTP/1.1" 200 4895
201.232.246.150 - - [15/May/2016:07:42:25 -0500] "GET /BLA/boletinlegal/js/jquery.scrollShow.js HTTP/1.1" 200 4586
201.232.246.150 - - [15/May/2016:07:42:25 -0500] "GET /galeria/galeria/jquery.fancybox.js?v=2.1.5 HTTP/1.1" 200 48706
220.181.51.104 - - [15/May/2016:07:42:25 -0500] "GET /BLA/resoluciones/RESOLUCIONES%202009/2268.pdf HTTP/1.1" 200 350424
220.181.51.102 - - [15/May/2016:07:42:25 -0500] "GET /BLA/resoluciones/RESOLUCIONES%202007/RES%202007%20101%20AL%20200/RESOLUCION%200144%20DE%202007.pdf HTTP/1.1" 200 347052
180.76.15.14 - - [15/May/2016:07:42:27 -0500] "GET /BLA/resoluciones/RESOLUCIONES%202007/RES%202007%204101%20AL%204200/RESOLUCION%204181%20DE%202007.pdf HTTP/1.1" 200 321820
66.249.73.156 - - [15/May/2016:07:42:32 -0500] "GET /BLA/resoluciones/RESOLUCIONES%202007/RES%202007%201601%20AL%201725/RESOLUCION%201607%20DE%202007.pdf HTTP/1.1" 304 -
180.76.15.149 - - [15/May/2016:07:42:34 -0500] "GET /BLA/resoluciones/RESOLUCIONES%202007/RES%202007%201201%20AL%201300/RESOLUCION%201223%20DE%202007.pdf HTTP/1.1" 200 256790
201.232.246.150 - - [15/May/2016:07:42:34 -0500] "GET /BLA/boletinlegal/js/jquery.scrollShow.js HTTP/1.1" 304 -
201.232.246.150 - - [15/May/2016:07:42:34 -0500] "GET /galeria/galeria/jquery.fancybox.js?v=2.1.5 HTTP/1.1" 304 -
201.232.246.150 - - [15/May/2016:07:42:34 -0500] "GET /galeria/galeria/jquery.fancybox.css?v=2.1.5 HTTP/1.1" 304 -
192.168.175.104 - - [15/May/2016:07:42:44 -0500] "GET / HTTP/1.1" 200 9990
66.249.73.156 - - [15/May/2016:07:42:44 -0500] "GET /autoliquidacion/TR%C3%81MITES%20VERTIMIENTOS/PERMISOS%20DE%20VERTIMIENTOS/ANEXO%202.%20LISTA%20CHEQUEO%20PERMISO%20VERT.%20SUELO%20Y%20CUERPO%20DE%20AGUA%20F..xls HTTP/1.1" 304 -
192.168.175.104 - - [15/May/2016:07:43:12 -0500] "GET / HTTP/1.0" 200 9990
66.249.73.156 - - [15/May/2016:07:43:33 -0500] "GET /BLA/resoluciones/AUTOS%202011/2888.pdf HTTP/1.1" 304 -
51.255.65.89 - - [15/May/2016:07:43:36 -0500] "GET /BLA/resoluciones/RESOLUCIONES%202006/RES%202006%20%202801-2850/00002822.tif HTTP/1.1" 200 79664
49.145.120.79 - - [15/May/2016:07:43:43 -0500] "GET /wp-login.php HTTP/1.1" 404 1019
66.249.73.156 - - [15/May/2016:07:43:51 -0500] "GET /BLA/resoluciones/RESOLUCIONES%202008/0409.pdf HTTP/1.1" 304 -
200.21.186.110 - - [15/May/2016:07:43:52 -0500] "GET /galeria/galeria/fotos/JornadaG.jpg HTTP/1.1" 200 50761
192.168.175.104 - - [15/May/2016:07:43:58 -0500] "GET / HTTP/1.1" 200 9990
66.249.73.156 - - [15/May/2016:07:44:04 -0500] "GET /BLA/resoluciones/RESOLUCIONES%202007/RES%202007%20401%20AL%20500/RESOLUCION%200412%20DE%202007.pdf HTTP/1.1" 304 -
164.132.161.10 - - [15/May/2016:07:44:08 -0500] "GET /BLA/resoluciones/RESOLUCIONES%202005/RES%202005%20751-800/00000763.tif HTTP/1.1" 200 148806
66.249.73.156 - - [15/May/2016:07:44:22 -0500] "GET /BLA/resoluciones/RESOLUCIONES%202010/0238.pdf HTTP/1.1" 304 -
151.80.31.103 - - [15/May/2016:07:44:29 -0500] "GET /BLA/resoluciones/AUTOS%202006/AUTOS%202006%201001-1100/00001065.tif HTTP/1.1" 200 41004
66.249.73.156 - - [15/May/2016:07:44:46 -0500] "GET /BLA/resoluciones/RESOLUCIONES%202007/RES%202007%201401%20AL%201500/RESOLUCION%201406%20DE%202007.pdf HTTP/1.1" 304 -
66.249.73.156 - - [15/May/2016:07:44:52 -0500] "GET /BLA/resoluciones/AUTOS%202014/5702.pdf HTTP/1.1" 304 -
66.249.73.156 - - [15/May/2016:07:45:48 -0500] "GET /BLA/resoluciones/RESOLUCIONES%202007/RES%202007%202501%20AL%202600/RESOLUCION%202551%20DE%202007.pdf HTTP/1.1" 304 -
51.255.65.92 - - [15/May/2016:07:45:55 -0500] "GET /BLA/resoluciones/AUTOS%202006/AUTOS%202006%201301-1400/00001376.tif HTTP/1.1" 200 55952
66.249.73.156 - - [15/May/2016:07:46:00 -0500] "GET /BLA/resoluciones/RESOLUCIONES%202012/0714.pdf HTTP/1.1" 304 -
66.249.73.156 - - [15/May/2016:07:46:06 -0500] "GET /BLA/resoluciones/RESOLUCIONES%202011/2537.pdf HTTP/1.1" 304 -
66.249.65.45 - - [15/May/2016:07:46:12 -0500] "GET / HTTP/1.1" 200 9990
151.80.31.160 - - [15/May/2016:07:46:29 -0500] "GET /BLA/resoluciones/RESOLUCIONES%202005/RES%202005%201351-1400/00001362.tif HTTP/1.1" 200 159312
181.49.78.231 - - [15/May/2016:07:46:46 -0500] "GET /galeria/galeria/jquery.fancybox.css?v=2.1.5 HTTP/1.1" 200 4895
181.49.78.231 - - [15/May/2016:07:46:46 -0500] "GET /BLA/boletinlegal/js/jquery.scrollShow.js HTTP/1.1" 200 4586
181.49.78.231 - - [15/May/2016:07:46:46 -0500] "GET /galeria/galeria/jquery.fancybox.js?v=2.1.5 HTTP/1.1" 200 48706
181.49.78.231 - - [15/May/2016:07:46:58 -0500] "GET /BLA/boletinlegal/js/jquery.scrollShow.js HTTP/1.1" 304 -
181.49.78.231 - - [15/May/2016:07:46:58 -0500] "GET /galeria/galeria/jquery.fancybox.css?v=2.1.5 HTTP/1.1" 304 -
181.49.78.231 - - [15/May/2016:07:46:58 -0500] "GET /galeria/galeria/jquery.fancybox.js?v=2.1.5 HTTP/1.1" 304 -
69.162.124.232 - - [15/May/2016:07:47:03 -0500] "HEAD / HTTP/1.1" 200 -
186.145.50.101 - - [15/May/2016:07:47:25 -0500] "GET /galeria/galeria/fotos/3GuaymaralTorcaG3.jpg HTTP/1.1" 200 39105
66.249.73.156 - - [15/May/2016:07:47:25 -0500] "GET /BLA/resoluciones/RESOLUCIONES%202007/RES%202007%201401%20AL%201500/RESOLUCION%201478%20DE%202007.pdf HTTP/1.1" 304 -
66.249.73.156 - - [15/May/2016:07:47:31 -0500] "GET /BLA/resoluciones/RESOLUCIONES%202007/RES%202007%20601%20AL%20700/RESOLUCION%200642%20DE%202007.pdf HTTP/1.1" 304 -
186.145.50.101 - - [15/May/2016:07:47:33 -0500] "GET /galeria/galeria/fotos/GuaymaralTorca4G.jpg HTTP/1.1" 200 373786
186.145.50.101 - - [15/May/2016:07:47:37 -0500] "GET /galeria/galeria/fotos/GuaymaralTorca3G.jpg HTTP/1.1" 200 330310
192.168.175.104 - - [15/May/2016:07:47:43 -0500] "GET / HTTP/1.1" 200 9990
66.249.73.156 - - [15/May/2016:07:47:56 -0500] "GET /BLA/resoluciones/Notificaciones/AUTOS%202014/0799.doc HTTP/1.1" 304 -
181.49.75.199 - - [15/May/2016:07:48:09 -0500] "GET /BLA/boletinlegal/js/jquery.scrollShow.js HTTP/1.1" 200 4586
181.49.75.199 - - [15/May/2016:07:48:09 -0500] "GET /galeria/galeria/jquery.fancybox.css?v=2.1.5 HTTP/1.1" 200 4895
181.49.75.199 - - [15/May/2016:07:48:09 -0500] "GET /galeria/galeria/jquery.fancybox.js?v=2.1.5 HTTP/1.1" 200 48706
192.168.175.104 - - [15/May/2016:07:48:10 -0500] "GET / HTTP/1.0" 200 9990
66.249.73.156 - - [15/May/2016:07:48:15 -0500] "GET /BLA/resoluciones/RESOLUCIONES%202012/1297.pdf HTTP/1.1" 304 -
181.133.76.139 - - [15/May/2016:07:48:18 -0500] "GET /galeria/galeria/jquery.fancybox.css?v=2.1.5 HTTP/1.1" 200 4895
181.133.76.139 - - [15/May/2016:07:48:18 -0500] "GET /BLA/boletinlegal/js/jquery.scrollShow.js HTTP/1.1" 200 4586
181.133.76.139 - - [15/May/2016:07:48:18 -0500] "GET /galeria/galeria/jquery.fancybox.js?v=2.1.5 HTTP/1.1" 200 48706
66.249.73.156 - - [15/May/2016:07:48:20 -0500] "GET /BLA/resoluciones/RESOLUCIONES%202013/0594.pdf HTTP/1.1" 304 -
181.133.76.139 - - [15/May/2016:07:48:24 -0500] "GET /BLA/boletinlegal/js/jquery.scrollShow.js HTTP/1.1" 304 -
181.133.76.139 - - [15/May/2016:07:48:24 -0500] "GET /galeria/galeria/jquery.fancybox.js?v=2.1.5 HTTP/1.1" 304 -
181.133.76.139 - - [15/May/2016:07:48:24 -0500] "GET /galeria/galeria/jquery.fancybox.css?v=2.1.5 HTTP/1.1" 304 -
66.249.73.156 - - [15/May/2016:07:48:26 -0500] "GET /BLA/resoluciones/AUTOS%202013/0135.pdf HTTP/1.1" 304 -
186.145.50.101 - - [15/May/2016:07:48:34 -0500] "GET /galeria/galeria/fotos/Capellania2G.jpg HTTP/1.1" 200 523013
164.132.161.9 - - [15/May/2016:07:48:35 -0500] "GET /BLA/resoluciones/RESOLUCIONES%202004/RES%202004%202051-2100/00002057.tif HTTP/1.1" 200 142932
66.249.65.95 - - [15/May/2016:07:48:41 -0500] "GET /Anexos%20estudio%20Organizacional%20SDA/ANEXO%20No.%203-%20CONTRATACI%C3%93N%20%20OPS%C2%B4s%202008-2012/CONTRATOS%20SDA%202012%20POR%20DEPENDENCIA.xls HTTP/1.1" 304 -
192.168.175.104 - - [15/May/2016:07:48:56 -0500] "GET / HTTP/1.1" 200 9990
151.80.31.155 - - [15/May/2016:07:49:01 -0500] "GET /BLA/resoluciones/RESOLUCIONES%202005/RES%202005%201201-1250/00001208.tif HTTP/1.1" 200 158756
66.249.73.156 - - [15/May/2016:07:49:09 -0500] "GET /BLA/resoluciones/RESOLUCIONES%202009/4698.pdf HTTP/1.1" 304 -
186.145.50.101 - - [15/May/2016:07:49:21 -0500] "GET /galeria/galeria/fotos/Capellania3G.jpg HTTP/1.1" 200 515718
66.249.73.156 - - [15/May/2016:07:49:22 -0500] "GET /BLA/resoluciones/Notificaciones/REGISTROS%202015/1594.doc HTTP/1.1" 304 -
181.128.210.49 - - [15/May/2016:07:49:46 -0500] "GET /galeria/galeria/fotos/mirador3G.jpg HTTP/1.1" 200 131992
181.128.210.49 - - [15/May/2016:07:49:55 -0500] "GET /galeria/galeria/fotos/mirador4G.jpg HTTP/1.1" 200 159827
186.145.50.101 - - [15/May/2016:07:50:06 -0500] "GET /galeria/galeria/fotos/mirador4G.jpg HTTP/1.1" 200 159827
66.249.73.156 - - [15/May/2016:07:50:16 -0500] "GET /BLA/resoluciones/RESOLUCIONES%202011/4416.pdf HTTP/1.1" 304 -
186.112.98.39 - - [15/May/2016:07:50:38 -0500] "GET /galeria/galeria/jquery.fancybox.css?v=2.1.5 HTTP/1.1" 200 4895
186.112.98.39 - - [15/May/2016:07:50:38 -0500] "GET /menu/css/demo.css HTTP/1.1" 404 1328
186.112.98.39 - - [15/May/2016:07:50:38 -0500] "GET /galeria/galeria/jquery.fancybox.js?v=2.1.5 HTTP/1.1" 200 48706
186.112.98.39 - - [15/May/2016:07:50:38 -0500] "GET /BLA/boletinlegal/js/jquery.scrollShow.js HTTP/1.1" 200 4586
186.112.98.39 - - [15/May/2016:07:50:38 -0500] "GET /menu/css/style.css HTTP/1.1" 404 1328
186.112.98.39 - - [15/May/2016:07:50:38 -0500] "GET /menu/js/jquery.easing.1.3.js HTTP/1.1" 404 1328
186.112.98.39 - - [15/May/2016:07:50:38 -0500] "GET /menu/js/jquery.mousewheel.js HTTP/1.1" 404 1328
186.112.98.39 - - [15/May/2016:07:50:38 -0500] "GET /menu/js/jquery.vaccordion.js HTTP/1.1" 404 1328
186.155.107.41 - - [15/May/2016:07:50:39 -0500] "GET /videos/galeria-cronicas/1videos/NinosAm.mp4video.mp4 HTTP/1.1" 206 45074
186.112.98.39 - - [15/May/2016:07:50:41 -0500] "GET /BLA/boletinlegal/js/jquery.scrollShow.js HTTP/1.1" 304 -
186.112.98.39 - - [15/May/2016:07:50:41 -0500] "GET /galeria/galeria/jquery.fancybox.js?v=2.1.5 HTTP/1.1" 304 -
186.112.98.39 - - [15/May/2016:07:50:41 -0500] "GET /galeria/galeria/jquery.fancybox.css?v=2.1.5 HTTP/1.1" 304 -
186.112.98.39 - - [15/May/2016:07:50:41 -0500] "GET /menu/css/demo.css HTTP/1.1" 404 1328
