66.249.64.198 - - [08/Jun/2016:02:42:48 -0500] "GET /BLA/resoluciones/AUTOS%202007/1910.pdf HTTP/1.1" 200 43191
66.249.64.198 - - [08/Jun/2016:02:42:53 -0500] "GET /BLA/resoluciones/AUTOS%202007/3348.pdf HTTP/1.1" 200 100734
66.249.64.198 - - [08/Jun/2016:02:42:58 -0500] "GET /BLA/resoluciones/RESOLUCIONES%202010/0443.pdf HTTP/1.1" 200 97389
66.249.64.198 - - [08/Jun/2016:02:42:59 -0500] "GET /BLA/resoluciones/RESOLUCIONES%202007/RES%202007%20101%20AL%20200/RESOLUCION%200167%20DE%202007.pdf HTTP/1.1" 304 -
66.249.64.237 - - [08/Jun/2016:02:43:05 -0500] "GET /BLA/boletinlegal/Circulares/2015/Circular%20No.%202%20del%201%20de%20julio%20de%202015.pdf HTTP/1.1" 304 -
66.249.64.198 - - [08/Jun/2016:02:43:10 -0500] "GET /BLA/resoluciones/RESOLUCIONES%202014/2958.pdf HTTP/1.1" 200 473777
69.162.124.232 - - [08/Jun/2016:02:43:12 -0500] "HEAD / HTTP/1.1" 200 -
66.249.64.198 - - [08/Jun/2016:02:43:16 -0500] "GET /BLA/resoluciones/RESOLUCIONES%202014/1472.pdf HTTP/1.1" 304 -
192.168.175.104 - - [08/Jun/2016:02:43:36 -0500] "GET / HTTP/1.1" 200 9990
66.249.64.198 - - [08/Jun/2016:02:43:38 -0500] "GET /BLA/resoluciones/RESOLUCIONES%202007/RES%202007%20301%20AL%20400/RESOLUCION%200376%20DE%202007.pdf HTTP/1.1" 200 657157
74.117.180.23 - - [08/Jun/2016:02:43:40 -0500] "HEAD /BLA/resoluciones/RESOLUCIONES%202011/3458.pdf HTTP/1.1" 200 -
151.80.31.170 - - [08/Jun/2016:02:43:49 -0500] "GET /BLA/resoluciones/AUTOS%202006/AUTOS%202006%20301-400/00000340.tif HTTP/1.1" 200 55268
157.55.39.42 - - [08/Jun/2016:02:44:00 -0500] "GET /BLA/boletinlegal/Circulares/2015/.pdf HTTP/1.1" 404 1019
66.249.64.198 - - [08/Jun/2016:02:44:25 -0500] "GET /BLA/resoluciones/AUTOS%202009/0708.pdf HTTP/1.1" 304 -
128.78.132.227 - - [08/Jun/2016:02:44:37 -0500] "GET /BLA/resoluciones/RESOLUCIONES%202013/1083.pdf HTTP/1.1" 200 777896
151.80.31.182 - - [08/Jun/2016:02:44:38 -0500] "GET /BLA/resoluciones/RESOLUCIONES%202002/RES%202002%20201-250/2002RES205.tif HTTP/1.1" 200 162900
66.249.64.198 - - [08/Jun/2016:02:44:45 -0500] "GET /BLA/resoluciones/AUTOS%202011/0217.pdf HTTP/1.1" 304 -
74.117.180.23 - - [08/Jun/2016:02:44:50 -0500] "HEAD /BLA/resoluciones/RESOLUCIONES%202011/3459.pdf HTTP/1.1" 200 -
66.249.64.198 - - [08/Jun/2016:02:44:50 -0500] "GET /BLA/resoluciones/RESOLUCIONES%202007/RES%202007%201201%20AL%201300/RESOLUCION%201207%20DE%202007.pdf HTTP/1.1" 200 708592
66.249.64.198 - - [08/Jun/2016:02:44:56 -0500] "GET /BLA/resoluciones/RESOLUCIONES%202013/0399.pdf HTTP/1.1" 200 778375
66.249.64.198 - - [08/Jun/2016:02:45:01 -0500] "GET /BLA/resoluciones/AUTOS%202014/6258.pdf HTTP/1.1" 304 -
66.249.88.228 - - [08/Jun/2016:02:45:08 -0500] "GET /galeria/galeria/jquery.fancybox.css?v=2.1.5 HTTP/1.1" 200 4895
66.249.88.228 - - [08/Jun/2016:02:45:08 -0500] "GET /BLA/boletinlegal/js/jquery.scrollShow.js HTTP/1.1" 200 4586
66.249.88.223 - - [08/Jun/2016:02:45:08 -0500] "GET /galeria/galeria/jquery.fancybox.js?v=2.1.5 HTTP/1.1" 200 48706
74.117.180.23 - - [08/Jun/2016:02:45:37 -0500] "HEAD /BLA/resoluciones/RESOLUCIONES%202011/3460.pdf HTTP/1.1" 200 -
66.249.64.198 - - [08/Jun/2016:02:45:40 -0500] "GET /BLA/resoluciones/AUTOS%202014/6720.pdf HTTP/1.1" 304 -
66.249.64.198 - - [08/Jun/2016:02:45:51 -0500] "GET /BLA/resoluciones/RESOLUCIONES%202012/0647.pdf HTTP/1.1" 304 -
66.249.64.198 - - [08/Jun/2016:02:45:57 -0500] "GET /BLA/resoluciones/RESOLUCIONES%202010/1033.pdf HTTP/1.1" 304 -
66.249.64.198 - - [08/Jun/2016:02:46:08 -0500] "GET /BLA/resoluciones/RESOLUCIONES%202010/4765.pdf HTTP/1.1" 304 -
66.249.64.198 - - [08/Jun/2016:02:46:14 -0500] "GET /BLA/resoluciones/RESOLUCIONES%202010/3787.pdf HTTP/1.1" 304 -
192.168.175.104 - - [08/Jun/2016:02:46:20 -0500] "GET / HTTP/1.0" 200 9990
164.132.161.24 - - [08/Jun/2016:02:46:20 -0500] "GET /BLA/resoluciones/RESOLUCIONES%202002/RES%202002%20851-900/00000883.tif HTTP/1.1" 200 125260
66.249.64.198 - - [08/Jun/2016:02:46:24 -0500] "GET /BLA/resoluciones/RESOLUCIONES%202010/7419.pdf HTTP/1.1" 304 -
80.250.174.190 - - [08/Jun/2016:02:46:25 -0500] "GET /galeria/galeria/jquery.fancybox.js?v=2.1.5 HTTP/1.1" 200 48706
80.250.174.190 - - [08/Jun/2016:02:46:25 -0500] "GET /BLA/boletinlegal/js/jquery.scrollShow.js HTTP/1.1" 200 4586
80.250.174.190 - - [08/Jun/2016:02:46:25 -0500] "GET /galeria/galeria/jquery.fancybox.css?v=2.1.5 HTTP/1.1" 200 4895
74.117.180.23 - - [08/Jun/2016:02:46:31 -0500] "HEAD /BLA/resoluciones/RESOLUCIONES%202011/3470.pdf HTTP/1.1" 200 -
80.250.174.190 - - [08/Jun/2016:02:46:42 -0500] "GET /BLA/boletinlegal/js/jquery.scrollShow.js HTTP/1.1" 200 4586
80.250.174.190 - - [08/Jun/2016:02:46:42 -0500] "GET /galeria/galeria/jquery.fancybox.js?v=2.1.5 HTTP/1.1" 200 48706
80.250.174.190 - - [08/Jun/2016:02:46:43 -0500] "GET /galeria/galeria/jquery.fancybox.css?v=2.1.5 HTTP/1.1" 200 4895
66.249.64.198 - - [08/Jun/2016:02:46:47 -0500] "GET /BLA/resoluciones/AUTOS%202015/1424.pdf HTTP/1.1" 304 -
151.80.31.170 - - [08/Jun/2016:02:47:11 -0500] "GET /BLA/resoluciones/RESOLUCIONES%202005/RES%202005%201501-1550/00001534.tif HTTP/1.1" 200 156052
66.249.64.198 - - [08/Jun/2016:02:47:20 -0500] "GET /BLA/resoluciones/AUTOS%202014/0687.pdf HTTP/1.1" 304 -
192.168.175.104 - - [08/Jun/2016:02:47:28 -0500] "GET / HTTP/1.1" 200 9990
66.249.64.198 - - [08/Jun/2016:02:47:45 -0500] "GET /BLA/resoluciones/RESOLUCIONES%202010/0088.pdf HTTP/1.1" 200 537883
66.249.64.198 - - [08/Jun/2016:02:47:50 -0500] "GET /BLA/resoluciones/RESOLUCIONES%202010/6845.pdf HTTP/1.1" 200 1728928
69.162.124.232 - - [08/Jun/2016:02:47:54 -0500] "HEAD / HTTP/1.1" 200 -
66.249.64.159 - - [08/Jun/2016:02:47:55 -0500] "GET /POT-2013/Cartografia/28_USOS%20Y%20AREAS%20DE%20ACTIVIDAD.pdf HTTP/1.1" 304 -
66.249.64.198 - - [08/Jun/2016:02:47:59 -0500] "GET /BLA/resoluciones/AUTOS%202015/0167.pdf HTTP/1.1" 304 -
66.249.64.198 - - [08/Jun/2016:02:48:05 -0500] "GET /BLA/resoluciones/RESOLUCIONES%202012/1147.pdf HTTP/1.1" 304 -
66.249.64.198 - - [08/Jun/2016:02:48:17 -0500] "GET /BLA/resoluciones/RESOLUCIONES%202010/3777.pdf HTTP/1.1" 304 -
164.132.161.17 - - [08/Jun/2016:02:48:19 -0500] "GET /BLA/resoluciones/RESOLUCIONES%202002/RES%202002%201651-1700/20021680.tif HTTP/1.1" 200 204730
66.249.64.198 - - [08/Jun/2016:02:48:20 -0500] "GET /BLA/resoluciones/RESOLUCIONES%202010/6690.pdf HTTP/1.1" 304 -
66.249.64.232 - - [08/Jun/2016:02:48:28 -0500] "GET /BLA/boletinlegal/norma_menu.php HTTP/1.1" 200 5344
66.249.64.198 - - [08/Jun/2016:02:48:33 -0500] "GET /BLA/resoluciones/RESOLUCIONES%202014/1022.pdf HTTP/1.1" 304 -
192.168.175.104 - - [08/Jun/2016:02:48:34 -0500] "GET / HTTP/1.1" 200 9990
66.249.64.198 - - [08/Jun/2016:02:48:38 -0500] "GET /BLA/resoluciones/RESOLUCIONES%202010/7136.pdf HTTP/1.1" 304 -
66.249.64.198 - - [08/Jun/2016:02:48:44 -0500] "GET /BLA/resoluciones/RESOLUCIONES%202007/RES%202007%203601%20AL%203700/RESOLUCION%203657%20DE%202007.pdf HTTP/1.1" 304 -
66.249.64.198 - - [08/Jun/2016:02:48:55 -0500] "GET /BLA/resoluciones/AUTOS%202013/1991.pdf HTTP/1.1" 304 -
66.249.64.198 - - [08/Jun/2016:02:49:01 -0500] "GET /BLA/resoluciones/AUTOS%202008/2979.pdf HTTP/1.1" 304 -
194.224.155.86 - - [08/Jun/2016:02:49:09 -0500] "GET /galeria/galeria/jquery.fancybox.js?v=2.1.5 HTTP/1.1" 200 48706
194.224.155.86 - - [08/Jun/2016:02:49:09 -0500] "GET /BLA/boletinlegal/js/jquery.scrollShow.js HTTP/1.1" 200 4586
194.224.155.86 - - [08/Jun/2016:02:49:09 -0500] "GET /galeria/galeria/jquery.fancybox.css?v=2.1.5 HTTP/1.1" 200 4895
66.249.64.198 - - [08/Jun/2016:02:49:12 -0500] "GET /BLA/resoluciones/RESOLUCIONES%202010/2518.pdf HTTP/1.1" 200 289707
66.249.64.198 - - [08/Jun/2016:02:49:17 -0500] "GET /BLA/resoluciones/AUTOS%202014/6273.pdf HTTP/1.1" 304 -
66.249.64.198 - - [08/Jun/2016:02:49:28 -0500] "GET /BLA/resoluciones/RESOLUCIONES%202007/RES%202007%201301%20AL%201400/RESOLUCION%201372%20DE%202007.pdf HTTP/1.1" 304 -
66.249.64.198 - - [08/Jun/2016:02:49:51 -0500] "GET /BLA/resoluciones/RESOLUCIONES%202007/RES%202007%20201%20AL%20300/RESOLUCION%200246%20DE%202007.pdf HTTP/1.1" 304 -
66.249.64.198 - - [08/Jun/2016:02:49:56 -0500] "GET /BLA/resoluciones/RESOLUCIONES%202010/0520.pdf HTTP/1.1" 304 -
66.249.64.198 - - [08/Jun/2016:02:50:02 -0500] "GET /BLA/resoluciones/RESOLUCIONES%202010/1030.pdf HTTP/1.1" 304 -
74.117.180.23 - - [08/Jun/2016:02:50:04 -0500] "HEAD /BLA/resoluciones/RESOLUCIONES%202011/3479.pdf HTTP/1.1" 200 -
66.249.64.198 - - [08/Jun/2016:02:50:07 -0500] "GET /BLA/resoluciones/AUTOS%202013/1847.pdf HTTP/1.1" 304 -
200.110.50.215 - - [08/Jun/2016:02:50:14 -0500] "GET /BLA/boletinlegal/js/jquery.scrollShow.js HTTP/1.1" 200 4586
200.110.50.215 - - [08/Jun/2016:02:50:14 -0500] "GET /galeria/galeria/jquery.fancybox.js?v=2.1.5 HTTP/1.1" 200 48706
200.110.50.215 - - [08/Jun/2016:02:50:14 -0500] "GET /galeria/galeria/jquery.fancybox.css?v=2.1.5 HTTP/1.1" 200 4895
66.249.64.198 - - [08/Jun/2016:02:50:24 -0500] "GET /BLA/resoluciones/AUTOS%202014/0555.pdf HTTP/1.1" 304 -
66.249.64.198 - - [08/Jun/2016:02:50:30 -0500] "GET /BLA/resoluciones/RESOLUCIONES%202007/RES%202007%20401%20AL%20500/RESOLUCION%200450%20DE%202007.pdf HTTP/1.1" 304 -
66.249.64.198 - - [08/Jun/2016:02:50:31 -0500] "GET /BLA/resoluciones/RESOLUCIONES%202010/2498.pdf HTTP/1.1" 200 538857
74.117.180.23 - - [08/Jun/2016:02:50:38 -0500] "HEAD /BLA/resoluciones/RESOLUCIONES%202011/3471.pdf HTTP/1.1" 200 -
66.249.64.198 - - [08/Jun/2016:02:50:46 -0500] "GET /BLA/resoluciones/RESOLUCIONES%202007/RES%202007%204001%20AL%204100/RESOLUCION%204047%20DE%202007.pdf HTTP/1.1" 200 839491
187.227.172.109 - - [08/Jun/2016:02:50:49 -0500] "GET /galeria/galeria/jquery.fancybox.js?v=2.1.5 HTTP/1.1" 200 48706
187.227.172.109 - - [08/Jun/2016:02:50:49 -0500] "GET /galeria/galeria/jquery.fancybox.css?v=2.1.5 HTTP/1.1" 200 4895
187.227.172.109 - - [08/Jun/2016:02:50:49 -0500] "GET /BLA/boletinlegal/js/jquery.scrollShow.js HTTP/1.1" 200 4586
66.249.64.198 - - [08/Jun/2016:02:50:57 -0500] "GET /BLA/resoluciones/AUTOS%202010/5462.pdf HTTP/1.1" 304 -
74.117.180.23 - - [08/Jun/2016:02:51:00 -0500] "HEAD /BLA/resoluciones/RESOLUCIONES%202011/3480.pdf HTTP/1.1" 200 -
200.110.50.215 - - [08/Jun/2016:02:51:04 -0500] "GET /galeria/galeria/jquery.fancybox.css?v=2.1.5 HTTP/1.1" 304 -
200.110.50.215 - - [08/Jun/2016:02:51:04 -0500] "GET /BLA/boletinlegal/js/jquery.scrollShow.js HTTP/1.1" 304 -
200.110.50.215 - - [08/Jun/2016:02:51:04 -0500] "GET /galeria/galeria/jquery.fancybox.js?v=2.1.5 HTTP/1.1" 304 -
66.249.64.198 - - [08/Jun/2016:02:51:09 -0500] "GET /BLA/resoluciones/RESOLUCIONES%202010/0522.pdf HTTP/1.1" 304 -
124.82.91.108 - - [08/Jun/2016:02:51:15 -0500] "GET /wp-login.php HTTP/1.1" 404 1019
192.168.175.104 - - [08/Jun/2016:02:51:18 -0500] "GET / HTTP/1.0" 200 9990
66.249.64.198 - - [08/Jun/2016:02:51:23 -0500] "GET /BLA/resoluciones/AUTOS%202011/5282.pdf HTTP/1.1" 200 431248
66.249.64.198 - - [08/Jun/2016:02:51:31 -0500] "GET /BLA/resoluciones/Notificaciones/REGISTROS%202014/00997.doc HTTP/1.1" 304 -
66.249.64.198 - - [08/Jun/2016:02:51:36 -0500] "GET /BLA/resoluciones/AUTOS%202013/1766.pdf HTTP/1.1" 304 -
66.249.64.198 - - [08/Jun/2016:02:51:53 -0500] "GET /BLA/resoluciones/RESOLUCIONES%202009/6013.pdf HTTP/1.1" 304 -
66.249.64.198 - - [08/Jun/2016:02:52:01 -0500] "GET /BLA/resoluciones/RESOLUCIONES%202010/0457.pdf HTTP/1.1" 200 95417
66.249.64.198 - - [08/Jun/2016:02:52:04 -0500] "GET /residuos/curtiembres/files/guia_curtiembres.pdf HTTP/1.1" 304 -
151.80.31.180 - - [08/Jun/2016:02:52:07 -0500] "GET /BLA/resoluciones/RESOLUCIONES%202003/RES%202003%201351-1400/20031400.tif HTTP/1.1" 200 120828
187.227.172.109 - - [08/Jun/2016:02:51:04 -0500] "GET /videos/CRRFFS.mp4 HTTP/1.1" 200 286784363
187.227.172.109 - - [08/Jun/2016:02:52:09 -0500] "GET /BLA/boletinlegal/js/jquery.scrollShow.js HTTP/1.1" 304 -
187.227.172.109 - - [08/Jun/2016:02:52:09 -0500] "GET /galeria/galeria/jquery.fancybox.css?v=2.1.5 HTTP/1.1" 304 -
187.227.172.109 - - [08/Jun/2016:02:52:09 -0500] "GET /galeria/galeria/jquery.fancybox.js?v=2.1.5 HTTP/1.1" 304 -
66.249.64.198 - - [08/Jun/2016:02:52:10 -0500] "GET /BLA/resoluciones/AUTOS%202014/5574.pdf HTTP/1.1" 304 -
66.249.64.198 - - [08/Jun/2016:02:52:12 -0500] "GET /BLA/resoluciones/RESOLUCIONES%202010/0280.pdf HTTP/1.1" 200 53342
66.249.64.198 - - [08/Jun/2016:02:52:15 -0500] "GET /BLA/resoluciones/RESOLUCIONES%202013/1002.pdf HTTP/1.1" 304 -
66.249.64.198 - - [08/Jun/2016:02:52:21 -0500] "GET /BLA/normas/Resolucion%202064-2010.pdf HTTP/1.1" 304 -
74.117.180.23 - - [08/Jun/2016:02:52:25 -0500] "HEAD /BLA/resoluciones/RESOLUCIONES%202011/3472.pdf HTTP/1.1" 200 -
192.168.175.104 - - [08/Jun/2016:02:52:25 -0500] "GET / HTTP/1.1" 200 9990
66.249.64.198 - - [08/Jun/2016:02:52:26 -0500] "GET /BLA/resoluciones/RESOLUCIONES%202010/7736.pdf HTTP/1.1" 304 -
66.249.64.198 - - [08/Jun/2016:02:52:32 -0500] "GET /BLA/resoluciones/RESOLUCIONES%202013/1587.pdf HTTP/1.1" 304 -
66.249.64.198 - - [08/Jun/2016:02:52:42 -0500] "GET /BLA/resoluciones/AUTOS%202011/3943.pdf HTTP/1.1" 200 318607
69.162.124.232 - - [08/Jun/2016:02:52:54 -0500] "HEAD / HTTP/1.1" 200 -
66.249.64.198 - - [08/Jun/2016:02:53:00 -0500] "GET /BLA/resoluciones/RESOLUCIONES%202012/1333.pdf HTTP/1.1" 304 -
187.227.172.109 - - [08/Jun/2016:02:52:13 -0500] "GET /videos/CRRFFS.mp4 HTTP/1.1" 200 286784363
66.249.64.198 - - [08/Jun/2016:02:53:05 -0500] "GET /BLA/resoluciones/AUTOS%202012/0446.pdf HTTP/1.1" 304 -
66.249.64.198 - - [08/Jun/2016:02:53:11 -0500] "GET /BLA/resoluciones/RESOLUCIONES%202011/3099.pdf HTTP/1.1" 304 -
66.249.64.198 - - [08/Jun/2016:02:53:17 -0500] "GET /Residuos/curtiembres/files/guia_curtiembres.pdf HTTP/1.1" 304 -
66.249.64.198 - - [08/Jun/2016:02:53:33 -0500] "GET /BLA/resoluciones/RESOLUCIONES%202012/1735.pdf HTTP/1.1" 304 -
192.168.175.104 - - [08/Jun/2016:02:53:34 -0500] "GET / HTTP/1.1" 200 9990
66.249.64.198 - - [08/Jun/2016:02:53:56 -0500] "GET /BLA/resoluciones/RESOLUCIONES%202007/RES%202007%20101%20AL%20200/RESOLUCION%200127%20%20DE%202007.pdf HTTP/1.1" 304 -
66.249.64.198 - - [08/Jun/2016:02:54:02 -0500] "GET /BLA/resoluciones/RESOLUCIONES%202008/4397.pdf HTTP/1.1" 200 466439
66.249.64.198 - - [08/Jun/2016:02:54:18 -0500] "GET /BLA/resoluciones/RESOLUCIONES%202010/1535.pdf HTTP/1.1" 304 -
51.255.65.34 - - [08/Jun/2016:02:54:19 -0500] "GET /BLA/resoluciones/AUTOS%202006/AUTOS%202006%202301%20-%202400/00002333.tif HTTP/1.1" 200 69258
66.249.64.198 - - [08/Jun/2016:02:54:31 -0500] "GET /BLA/resoluciones/AUTOS%202011/4168.pdf HTTP/1.1" 200 272687
66.249.64.198 - - [08/Jun/2016:02:54:34 -0500] "GET /BLA/resoluciones/RESOLUCIONES%202010/0821.pdf HTTP/1.1" 304 -
66.249.64.198 - - [08/Jun/2016:02:54:46 -0500] "GET /BLA/resoluciones/AUTOS%202013/0829.pdf HTTP/1.1" 304 -
164.132.161.12 - - [08/Jun/2016:02:54:49 -0500] "GET /BLA/resoluciones/RESOLUCIONES%202006/RES%202006%202301-2350/00002319.tif HTTP/1.1" 200 245800
66.249.64.198 - - [08/Jun/2016:02:54:57 -0500] "GET /BLA/resoluciones/Notificaciones/RESOLUCIONES%202014/3065.doc HTTP/1.1" 304 -
66.249.64.198 - - [08/Jun/2016:02:55:02 -0500] "GET /BLA/resoluciones/RESOLUCIONES%202008/4185.pdf HTTP/1.1" 304 -
66.249.64.198 - - [08/Jun/2016:02:55:08 -0500] "GET /BLA/resoluciones/RESOLUCIONES%202013/1050.pdf HTTP/1.1" 304 -
66.249.64.198 - - [08/Jun/2016:02:55:10 -0500] "GET /BLA/resoluciones/RESOLUCIONES%202010/3461.pdf HTTP/1.1" 200 516269
66.249.64.198 - - [08/Jun/2016:02:55:13 -0500] "GET /BLA/resoluciones/RESOLUCIONES%202009/6312.pdf HTTP/1.1" 304 -
66.249.64.198 - - [08/Jun/2016:02:55:19 -0500] "GET /BLA/resoluciones/RESOLUCIONES%202012/1469.pdf HTTP/1.1" 304 -
66.249.64.198 - - [08/Jun/2016:02:55:23 -0500] "GET /BLA/resoluciones/RESOLUCIONES%202011/0639.pdf HTTP/1.1" 200 418512
66.249.64.198 - - [08/Jun/2016:02:55:25 -0500] "GET /BLA/resoluciones/RESOLUCIONES%202013/0491.pdf HTTP/1.1" 304 -
66.249.64.198 - - [08/Jun/2016:02:55:47 -0500] "GET /BLA/resoluciones/AUTOS%202014/3547.pdf HTTP/1.1" 304 -
66.249.64.198 - - [08/Jun/2016:02:55:52 -0500] "GET /BLA/resoluciones/AUTOS%202011/0191.pdf HTTP/1.1" 304 -
66.249.64.198 - - [08/Jun/2016:02:55:58 -0500] "GET /BLA/resoluciones/AUTOS%202014/1703.pdf HTTP/1.1" 304 -
74.117.180.23 - - [08/Jun/2016:02:56:07 -0500] "HEAD /BLA/resoluciones/RESOLUCIONES%202011/3481.pdf HTTP/1.1" 200 -
192.168.175.104 - - [08/Jun/2016:02:56:17 -0500] "GET / HTTP/1.0" 200 9990
74.117.180.23 - - [08/Jun/2016:02:56:28 -0500] "HEAD /BLA/resoluciones/RESOLUCIONES%202011/3473.pdf HTTP/1.1" 200 -
66.249.64.198 - - [08/Jun/2016:02:56:31 -0500] "GET /BLA/resoluciones/RESOLUCIONES%202013/0120.pdf HTTP/1.1" 304 -
66.249.64.198 - - [08/Jun/2016:02:56:42 -0500] "GET /BLA/resoluciones/AUTOS%202011/5671.pdf HTTP/1.1" 200 97474
74.117.180.23 - - [08/Jun/2016:02:56:50 -0500] "HEAD /BLA/resoluciones/RESOLUCIONES%202011/3482.pdf HTTP/1.1" 200 -
66.249.64.198 - - [08/Jun/2016:02:56:59 -0500] "GET /BLA/resoluciones/AUTOS%202011/7464.pdf HTTP/1.1" 304 -
66.249.64.198 - - [08/Jun/2016:02:57:22 -0500] "GET /BLA/resoluciones/RESOLUCIONES%202013/2081.pdf HTTP/1.1" 304 -
192.168.175.104 - - [08/Jun/2016:02:57:25 -0500] "GET / HTTP/1.1" 200 9990
66.249.64.198 - - [08/Jun/2016:02:57:27 -0500] "GET /BLA/resoluciones/AUTOS%202013/0537.pdf HTTP/1.1" 304 -
66.249.64.198 - - [08/Jun/2016:02:57:38 -0500] "GET /BLA/resoluciones/AUTOS%202011/1637.pdf HTTP/1.1" 304 -
69.162.124.232 - - [08/Jun/2016:02:57:54 -0500] "HEAD / HTTP/1.1" 200 -
66.249.64.198 - - [08/Jun/2016:02:58:06 -0500] "GET /BLA/resoluciones/RESOLUCIONES%202013/2339.pdf HTTP/1.1" 304 -
192.168.175.104 - - [08/Jun/2016:02:58:33 -0500] "GET / HTTP/1.1" 200 9990
66.249.64.198 - - [08/Jun/2016:02:58:51 -0500] "GET /BLA/resoluciones/RESOLUCIONES%202010/3075.pdf HTTP/1.1" 304 -
66.249.64.198 - - [08/Jun/2016:02:58:56 -0500] "GET /BLA/resoluciones/AUTOS%202013/0156.pdf HTTP/1.1" 304 -
66.249.64.198 - - [08/Jun/2016:02:59:13 -0500] "GET /BLA/resoluciones/RESOLUCIONES%202008/0401.pdf HTTP/1.1" 304 -
74.117.180.23 - - [08/Jun/2016:02:59:18 -0500] "HEAD /BLA/resoluciones/RESOLUCIONES%202011/3483.pdf HTTP/1.1" 200 -
66.249.64.198 - - [08/Jun/2016:02:59:18 -0500] "GET /BLA/resoluciones/AUTOS%202014/1610.pdf HTTP/1.1" 304 -
66.249.64.198 - - [08/Jun/2016:02:59:22 -0500] "GET /BLA/resoluciones/AUTOS%202009/2699.pdf HTTP/1.1" 200 99990
66.249.64.198 - - [08/Jun/2016:02:59:24 -0500] "GET /BLA/resoluciones/RESOLUCIONES%202012/0911.pdf HTTP/1.1" 304 -
66.249.64.198 - - [08/Jun/2016:02:59:29 -0500] "GET /BLA/resoluciones/RESOLUCIONES%202010/6437.pdf HTTP/1.1" 304 -
181.148.63.159 - - [08/Jun/2016:02:59:32 -0500] "GET /galeria/galeria/jquery.fancybox.css?v=2.1.5 HTTP/1.1" 200 4895
181.148.63.159 - - [08/Jun/2016:02:59:32 -0500] "GET /BLA/boletinlegal/js/jquery.scrollShow.js HTTP/1.1" 200 4586
181.148.63.159 - - [08/Jun/2016:02:59:32 -0500] "GET /galeria/galeria/jquery.fancybox.js?v=2.1.5 HTTP/1.1" 200 48706
66.249.64.198 - - [08/Jun/2016:02:59:35 -0500] "GET /BLA/resoluciones/Notificaciones/AUTOS%202015/2232.doc HTTP/1.1" 304 -
181.148.63.159 - - [08/Jun/2016:02:59:39 -0500] "GET /BLA/boletinlegal/js/jquery.scrollShow.js HTTP/1.1" 304 -
181.148.63.159 - - [08/Jun/2016:02:59:39 -0500] "GET /galeria/galeria/jquery.fancybox.css?v=2.1.5 HTTP/1.1" 304 -
181.148.63.159 - - [08/Jun/2016:02:59:39 -0500] "GET /galeria/galeria/jquery.fancybox.js?v=2.1.5 HTTP/1.1" 304 -
66.249.64.198 - - [08/Jun/2016:02:59:41 -0500] "GET /BLA/resoluciones/RESOLUCIONES%202009/7978.pdf HTTP/1.1" 304 -
66.249.64.198 - - [08/Jun/2016:02:59:46 -0500] "GET /BLA/resoluciones/RESOLUCIONES%202010/7836.pdf HTTP/1.1" 304 -
66.249.64.163 - - [08/Jun/2016:02:59:52 -0500] "GET / HTTP/1.1" 200 9990
66.249.64.198 - - [08/Jun/2016:02:59:52 -0500] "GET /BLA/resoluciones/AUTOS%202014/6798.pdf HTTP/1.1" 304 -
164.132.161.3 - - [08/Jun/2016:02:59:55 -0500] "GET /BLA/resoluciones/RESOLUCIONES%202005/RES%202005%20651-700/00000681.tif HTTP/1.1" 200 76686
164.132.161.59 - - [08/Jun/2016:02:59:55 -0500] "GET /BLA/resoluciones/AUTOS%202006/AUTOS%202006%202201%20-%202300/00002257.tif HTTP/1.1" 200 73656
66.249.64.198 - - [08/Jun/2016:02:59:57 -0500] "GET /BLA/resoluciones/AUTOS%202013/3482.pdf HTTP/1.1" 304 -
181.148.63.159 - - [08/Jun/2016:03:00:13 -0500] "GET /galeria/galeria/jquery.fancybox.css?v=2.1.5 HTTP/1.1" 304 -
181.148.63.159 - - [08/Jun/2016:03:00:13 -0500] "GET /BLA/boletinlegal/js/jquery.scrollShow.js HTTP/1.1" 304 -
181.148.63.159 - - [08/Jun/2016:03:00:13 -0500] "GET /galeria/galeria/jquery.fancybox.js?v=2.1.5 HTTP/1.1" 304 -
66.249.64.198 - - [08/Jun/2016:03:00:14 -0500] "GET /BLA/resoluciones/AUTOS%202007/1501.pdf HTTP/1.1" 304 -
66.249.64.198 - - [08/Jun/2016:03:00:20 -0500] "GET /BLA/resoluciones/RESOLUCIONES%202010/6695.pdf HTTP/1.1" 304 -
164.132.161.22 - - [08/Jun/2016:03:00:36 -0500] "GET /BLA/resoluciones/RESOLUCIONES%202005/RES%202005%202701%20-2750/00002743.tif HTTP/1.1" 200 26646
66.249.64.198 - - [08/Jun/2016:03:00:36 -0500] "GET /BLA/resoluciones/AUTOS%202011/0105.pdf HTTP/1.1" 304 -
66.249.64.198 - - [08/Jun/2016:03:00:47 -0500] "GET /BLA/resoluciones/RESOLUCIONES%202011/0185.pdf HTTP/1.1" 304 -
192.168.175.104 - - [08/Jun/2016:03:01:15 -0500] "GET / HTTP/1.0" 200 9990
66.249.64.198 - - [08/Jun/2016:03:01:16 -0500] "GET /BLA/resoluciones/RESOLUCIONES%202014/2053.pdf HTTP/1.1" 304 -
66.249.64.198 - - [08/Jun/2016:03:01:16 -0500] "GET /BLA/resoluciones/RESOLUCIONES%202013/0822.pdf HTTP/1.1" 304 -
88.216.48.245 - - [08/Jun/2016:03:01:18 -0500] "GET /wp-login.php HTTP/1.1" 404 1018
191.65.247.115 - - [08/Jun/2016:03:01:19 -0500] "GET /BLA/resoluciones/RESOLUCIONES%202013/0306.pdf HTTP/1.1" 200 2293672
66.249.64.198 - - [08/Jun/2016:03:01:28 -0500] "GET /BLA/resoluciones/RESOLUCIONES%202009/4744.pdf HTTP/1.1" 304 -
66.249.64.198 - - [08/Jun/2016:03:01:32 -0500] "GET /BLA/resoluciones/AUTOS%202012/1730.pdf HTTP/1.1" 304 -
66.249.64.198 - - [08/Jun/2016:03:02:00 -0500] "GET /BLA/resoluciones/RESOLUCIONES%202009/3465.pdf HTTP/1.1" 200 969145
66.249.64.198 - - [08/Jun/2016:03:02:05 -0500] "GET /BLA/resoluciones/AUTOS%202013/0356.pdf HTTP/1.1" 304 -
66.249.64.198 - - [08/Jun/2016:03:02:11 -0500] "GET /BLA/resoluciones/RESOLUCIONES%202013/0703.pdf HTTP/1.1" 304 -
66.249.64.198 - - [08/Jun/2016:03:02:16 -0500] "GET /BLA/resoluciones/RESOLUCIONES%202007/RES%202007%202001%20AL%202100/RESOLUCION%202095%20DE%202007.pdf HTTP/1.1" 304 -
192.168.175.104 - - [08/Jun/2016:03:02:23 -0500] "GET / HTTP/1.1" 200 9990
66.249.64.198 - - [08/Jun/2016:03:02:28 -0500] "GET /BLA/resoluciones/AUTOS%202013/2768.pdf HTTP/1.1" 304 -
66.249.64.198 - - [08/Jun/2016:03:02:33 -0500] "GET /BLA/resoluciones/RESOLUCIONES%202013/0693.pdf HTTP/1.1" 304 -
66.249.64.198 - - [08/Jun/2016:03:02:39 -0500] "GET /BLA/resoluciones/RESOLUCIONES%202008/2500.pdf HTTP/1.1" 200 248409
66.249.64.198 - - [08/Jun/2016:03:02:44 -0500] "GET /BLA/resoluciones/AUTOS%202012/2005.pdf HTTP/1.1" 304 -
66.249.64.198 - - [08/Jun/2016:03:02:50 -0500] "GET /BLA/resoluciones/RESOLUCIONES%202009/6708.pdf HTTP/1.1" 304 -
164.132.161.4 - - [08/Jun/2016:03:02:52 -0500] "GET /BLA/resoluciones/RESOLUCIONES%202006/RES%202006%201051-1100/00001073.tif HTTP/1.1" 200 162472
69.162.124.232 - - [08/Jun/2016:03:02:54 -0500] "HEAD / HTTP/1.1" 200 -
66.249.64.198 - - [08/Jun/2016:03:02:55 -0500] "GET /BLA/resoluciones/AUTOS%202013/2402.pdf HTTP/1.1" 304 -
74.117.180.23 - - [08/Jun/2016:03:02:56 -0500] "HEAD /BLA/resoluciones/RESOLUCIONES%202011/3474.pdf HTTP/1.1" 200 -
66.249.64.198 - - [08/Jun/2016:03:03:18 -0500] "GET /BLA/resoluciones/AUTOS%202013/0332.pdf HTTP/1.1" 304 -
66.249.64.198 - - [08/Jun/2016:03:03:19 -0500] "GET /BLA/resoluciones/AUTOS%202010/6707.pdf HTTP/1.1" 200 185181
192.168.175.104 - - [08/Jun/2016:03:03:32 -0500] "GET / HTTP/1.1" 200 9990
66.249.64.198 - - [08/Jun/2016:03:03:51 -0500] "GET /BLA/resoluciones/RESOLUCIONES%202007/RES%202007%202601%20AL%202700/RESOLUCION%202687%20DE%202007.pdf HTTP/1.1" 304 -
66.249.64.198 - - [08/Jun/2016:03:03:57 -0500] "GET /BLA/resoluciones/RESOLUCIONES%202013/2106.pdf HTTP/1.1" 200 1418109
66.249.64.198 - - [08/Jun/2016:03:04:08 -0500] "GET /BLA/resoluciones/AUTOS%202013/0004.pdf HTTP/1.1" 304 -
66.249.64.198 - - [08/Jun/2016:03:04:13 -0500] "GET /BLA/resoluciones/RESOLUCIONES%202010/1480.pdf HTTP/1.1" 304 -
66.249.64.198 - - [08/Jun/2016:03:04:19 -0500] "GET /BLA/resoluciones/AUTOS%202010/3183.pdf HTTP/1.1" 304 -
66.249.64.198 - - [08/Jun/2016:03:04:36 -0500] "GET /BLA/resoluciones/AUTOS%202014/5243.pdf HTTP/1.1" 304 -
66.249.64.198 - - [08/Jun/2016:03:04:41 -0500] "GET /BLA/resoluciones/RESOLUCIONES%202009/2841.pdf HTTP/1.1" 304 -
66.249.64.198 - - [08/Jun/2016:03:04:47 -0500] "GET /BLA/resoluciones/AUTOS%202010/0820.pdf HTTP/1.1" 304 -
66.249.64.198 - - [08/Jun/2016:03:04:52 -0500] "GET /BLA/resoluciones/AUTOS%202014/2105.pdf HTTP/1.1" 304 -
74.117.180.23 - - [08/Jun/2016:03:05:02 -0500] "HEAD /BLA/resoluciones/RESOLUCIONES%202011/3484.pdf HTTP/1.1" 200 -
66.249.64.198 - - [08/Jun/2016:03:05:26 -0500] "GET /BLA/resoluciones/RESOLUCIONES%202007/RES%202007%203001%20AL%203100/RESOLUCION%203048%20DE%202007.pdf HTTP/1.1" 304 -
66.249.64.198 - - [08/Jun/2016:03:05:39 -0500] "GET /BLA/resoluciones/RESOLUCIONES%202010/1383.pdf HTTP/1.1" 200 352088
66.249.64.153 - - [08/Jun/2016:03:05:42 -0500] "GET /POT-2013/Cartografia/36_Est_Funcional_servicios_Est_Socioeconomica_Espacial%20Area%20.pdf HTTP/1.1" 304 -
66.249.64.198 - - [08/Jun/2016:03:05:42 -0500] "GET /BLA/resoluciones/AUTOS%202014/1522.pdf HTTP/1.1" 304 -
74.117.180.23 - - [08/Jun/2016:03:05:44 -0500] "HEAD /BLA/resoluciones/RESOLUCIONES%202011/3475.pdf HTTP/1.1" 200 -
66.249.64.198 - - [08/Jun/2016:03:05:48 -0500] "GET /BLA/resoluciones/RESOLUCIONES%202007/RES%202007%202601%20AL%202700/RESOLUCION%202612%20DE%202007.pdf HTTP/1.1" 200 606263
66.249.64.243 - - [08/Jun/2016:03:05:56 -0500] "GET /BLA/boletinlegal/jurisprudencia/analisis/G__Jurisp.%20Junio%202014_SENTENCIA%20C-554%20DE%202007.docx HTTP/1.1" 404 1019
66.249.64.198 - - [08/Jun/2016:03:05:59 -0500] "GET /BLA/resoluciones/AUTOS%202014/5843.pdf HTTP/1.1" 304 -
66.249.64.198 - - [08/Jun/2016:03:05:59 -0500] "GET /BLA/resoluciones/RESOLUCIONES%202011/4613.pdf HTTP/1.1" 200 432887
66.249.64.198 - - [08/Jun/2016:03:06:05 -0500] "GET /BLA/resoluciones/AUTOS%202012/0994.pdf HTTP/1.1" 304 -
66.249.64.198 - - [08/Jun/2016:03:06:10 -0500] "GET /BLA/resoluciones/AUTOS%202015/1109.pdf HTTP/1.1" 304 -
164.132.161.19 - - [08/Jun/2016:03:06:12 -0500] "GET /BLA/resoluciones/RESOLUCIONES%202005/RES%202005%20601-650/00000638.tif HTTP/1.1" 200 245434
192.168.175.104 - - [08/Jun/2016:03:06:12 -0500] "GET / HTTP/1.0" 200 9990
66.249.64.198 - - [08/Jun/2016:03:06:21 -0500] "GET /BLA/resoluciones/RESOLUCIONES%202010/6427.pdf HTTP/1.1" 304 -
74.117.180.23 - - [08/Jun/2016:03:06:27 -0500] "HEAD /BLA/resoluciones/RESOLUCIONES%202011/3485.pdf HTTP/1.1" 200 -
185.129.148.208 - - [08/Jun/2016:03:06:27 -0500] "POST /wp-content/plugins/wp-mobile-detector/timthumb.php HTTP/1.1" 301 370
66.249.64.198 - - [08/Jun/2016:03:06:32 -0500] "GET /BLA/resoluciones/AUTOS%202009/1452.pdf HTTP/1.1" 304 -
66.249.64.198 - - [08/Jun/2016:03:06:38 -0500] "GET /BLA/resoluciones/AUTOS%202012/0715.pdf HTTP/1.1" 200 282420
66.249.64.198 - - [08/Jun/2016:03:06:44 -0500] "GET /BLA/resoluciones/RESOLUCIONES%202008/2879.pdf HTTP/1.1" 304 -
180.76.15.140 - - [08/Jun/2016:03:07:00 -0500] "GET /robots.txt HTTP/1.1" 302 308
66.249.64.198 - - [08/Jun/2016:03:07:00 -0500] "GET /BLA/resoluciones/AUTOS%202014/0552.pdf HTTP/1.1" 304 -
66.249.64.198 - - [08/Jun/2016:03:07:06 -0500] "GET /BLA/resoluciones/AUTOS%202012/3006.pdf HTTP/1.1" 304 -
66.249.64.198 - - [08/Jun/2016:03:07:11 -0500] "GET /BLA/resoluciones/RESOLUCIONES%202007/RES%202007%202801%20AL%202900/RESOLUCION%202807%20DE%202007.pdf HTTP/1.1" 304 -
66.249.64.198 - - [08/Jun/2016:03:07:17 -0500] "GET /BLA/resoluciones/RESOLUCIONES%202007/RES%202007%203901%20AL%204000/RESOLUCION%203957%20DE%202007.pdf HTTP/1.1" 304 -
66.249.64.238 - - [08/Jun/2016:03:07:19 -0500] "GET /SIG/Gesti%C3%B3n%20Jur%C3%ADdica/126PA05-PR05.pdf HTTP/1.1" 200 63602
192.168.175.104 - - [08/Jun/2016:03:07:21 -0500] "GET / HTTP/1.1" 200 9990
66.249.64.198 - - [08/Jun/2016:03:07:34 -0500] "GET /BLA/resoluciones/RESOLUCIONES%202007/RES%202007%20601%20AL%20700/RESOLUCION%200693%20DE%202007.pdf HTTP/1.1" 304 -
190.158.211.45 - - [08/Jun/2016:03:07:38 -0500] "OPTIONS /forest/documentos/1903886/2014IE133510.p7z:claro/ HTTP/1.1" 200 -
190.158.211.45 - - [08/Jun/2016:03:07:38 -0500] "OPTIONS /forest/documentos/1903886/2014IE133510.p7z:claro/ HTTP/1.1" 200 -
190.158.211.45 - - [08/Jun/2016:03:07:39 -0500] "OPTIONS /forest/documentos/1903886/2014IE133510.p7z:claro/ HTTP/1.1" 200 -
190.158.211.45 - - [08/Jun/2016:03:07:39 -0500] "HEAD /forest/documentos/1903886/2014IE133510.p7z:claro/ HTTP/1.1" 404 -
190.158.211.45 - - [08/Jun/2016:03:07:39 -0500] "OPTIONS /forest/documentos/1903886/2014IE133510.p7z:claro/ HTTP/1.1" 200 -
190.158.211.45 - - [08/Jun/2016:03:07:39 -0500] "HEAD /forest/documentos/1903886/2014IE133510.p7z:claro HTTP/1.1" 404 -
190.158.211.45 - - [08/Jun/2016:03:07:39 -0500] "OPTIONS /forest/documentos/1903886/2014IE133510.p7z:claro/ HTTP/1.1" 200 -
190.158.211.45 - - [08/Jun/2016:03:07:39 -0500] "HEAD /forest/documentos/1903886/2014IE133510.p7z:claro HTTP/1.1" 404 -
66.249.64.198 - - [08/Jun/2016:03:07:45 -0500] "GET /BLA/resoluciones/AUTOS%202011/1504.pdf HTTP/1.1" 200 128034
66.249.64.198 - - [08/Jun/2016:03:07:50 -0500] "GET /BLA/resoluciones/RESOLUCIONES%202009/7528.pdf HTTP/1.1" 304 -
69.162.124.232 - - [08/Jun/2016:03:07:54 -0500] "HEAD / HTTP/1.1" 200 -
66.249.64.198 - - [08/Jun/2016:03:07:56 -0500] "GET /BLA/resoluciones/RESOLUCIONES%202011/3761.pdf HTTP/1.1" 304 -
201.234.75.11 - - [08/Jun/2016:03:08:06 -0500] "GET /galeria/nivo-slider/demo/images/banner-llantas2015.jpg HTTP/1.1" 304 -
66.249.64.198 - - [08/Jun/2016:03:08:07 -0500] "GET /BLA/resoluciones/AUTOS%202009/0730.pdf HTTP/1.1" 304 -
192.168.175.104 - - [08/Jun/2016:03:08:29 -0500] "GET / HTTP/1.1" 200 9990
66.249.64.198 - - [08/Jun/2016:03:08:29 -0500] "GET /BLA/resoluciones/RESOLUCIONES%202007/RES%202007%202501%20AL%202600/RESOLUCION%202565%20DE%202007.pdf HTTP/1.1" 304 -
66.249.64.198 - - [08/Jun/2016:03:08:38 -0500] "GET /BLA/resoluciones/AUTOS%202011/3238.pdf HTTP/1.1" 200 303300
151.80.31.160 - - [08/Jun/2016:03:08:40 -0500] "GET /BLA/resoluciones/RESOLUCIONES%202003/RES%202003%20301-350/312.tif HTTP/1.1" 200 52984
66.249.64.198 - - [08/Jun/2016:03:08:50 -0500] "GET /BLA/resoluciones/RESOLUCIONES%202007/RES%202007%202501%20AL%202600/RESOLUCION%202518%20DE%202007.pdf HTTP/1.1" 304 -
66.249.64.198 - - [08/Jun/2016:03:09:03 -0500] "GET /BLA/resoluciones/AUTOS%202015/0917.pdf HTTP/1.1" 304 -
66.249.64.198 - - [08/Jun/2016:03:09:08 -0500] "GET /BLA/resoluciones/RESOLUCIONES%202007/RES%202007%20601%20AL%20700/RESOLUCION%200628%20DE%202007.pdf HTTP/1.1" 304 -
66.249.64.198 - - [08/Jun/2016:03:09:14 -0500] "GET /BLA/resoluciones/RESOLUCIONES%202007/RES%202007%20101%20AL%20200/RESOLUCION%200187%20DE%202007.pdf HTTP/1.1" 304 -
66.249.64.198 - - [08/Jun/2016:03:09:31 -0500] "GET /BLA/resoluciones/RESOLUCIONES%202013/1026.pdf HTTP/1.1" 304 -
66.249.64.198 - - [08/Jun/2016:03:09:36 -0500] "GET /BLA/resoluciones/RESOLUCIONES%202013/0779.pdf HTTP/1.1" 304 -
66.249.64.198 - - [08/Jun/2016:03:09:42 -0500] "GET /BLA/resoluciones/AUTOS%202012/1585.pdf HTTP/1.1" 304 -
66.249.64.198 - - [08/Jun/2016:03:09:53 -0500] "GET /BLA/resoluciones/RESOLUCIONES%202007/RES%202007%20401%20AL%20500/RESOLUCION%200414%20DE%202007.pdf HTTP/1.1" 304 -
66.249.64.198 - - [08/Jun/2016:03:09:58 -0500] "GET /BLA/resoluciones/RESOLUCIONES%202007/RES%202007%202701%20AL%202800/RESOLUCION%202793%20DE%202007.pdf HTTP/1.1" 200 800575
66.249.64.198 - - [08/Jun/2016:03:10:00 -0500] "GET /BLA/resoluciones/RESOLUCIONES%202011/1556.pdf HTTP/1.1" 304 -
157.55.39.8 - - [08/Jun/2016:03:10:30 -0500] "GET /galeria/carrusel/Carrusel/jquery-ui- HTTP/1.1" 404 1018
157.55.39.8 - - [08/Jun/2016:03:11:00 -0500] "GET /galeria/carrusel/Carrusel/jquery-ui- HTTP/1.1" 404 1018
192.168.175.104 - - [08/Jun/2016:03:11:11 -0500] "GET / HTTP/1.0" 200 9990
66.249.64.198 - - [08/Jun/2016:03:11:14 -0500] "GET /BLA/resoluciones/RESOLUCIONES%202007/RES%202007%20201%20AL%20300/RESOLUCION%200292%20DE%202007.pdf HTTP/1.1" 200 296023
66.249.64.198 - - [08/Jun/2016:03:11:21 -0500] "GET /BLA/resoluciones/RESOLUCIONES%202009/4927.pdf HTTP/1.1" 200 542795
66.249.64.198 - - [08/Jun/2016:03:11:22 -0500] "GET /BLA/resoluciones/RESOLUCIONES%202007/RES%202007%202901%20AL%203000/RESOLUCION%202907%20DE%202007.pdf HTTP/1.1" 304 -
66.249.64.198 - - [08/Jun/2016:03:11:27 -0500] "GET /BLA/resoluciones/AUTOS%202011/3264.pdf HTTP/1.1" 304 -
66.249.64.198 - - [08/Jun/2016:03:11:30 -0500] "GET /BLA/resoluciones/AUTOS%202009/3121.pdf HTTP/1.1" 304 -
66.249.64.198 - - [08/Jun/2016:03:11:32 -0500] "GET /BLA/resoluciones/RESOLUCIONES%202013/1297.pdf HTTP/1.1" 304 -
66.249.64.198 - - [08/Jun/2016:03:11:55 -0500] "GET /BLA/resoluciones/AUTOS%202014/1924.pdf HTTP/1.1" 304 -
66.249.64.198 - - [08/Jun/2016:03:12:12 -0500] "GET /BLA/resoluciones/RESOLUCIONES%202007/RES%202007%201%20AL%20100/RESOLUCION%200058%20DE%202007.pdf HTTP/1.1" 304 -
192.168.175.104 - - [08/Jun/2016:03:12:20 -0500] "GET / HTTP/1.1" 200 9990
66.249.64.198 - - [08/Jun/2016:03:12:23 -0500] "GET /BLA/resoluciones/AUTOS%202009/0914.pdf HTTP/1.1" 304 -
66.249.64.198 - - [08/Jun/2016:03:12:37 -0500] "GET /BLA/resoluciones/RESOLUCIONES%202011/3667.pdf HTTP/1.1" 200 545342
69.162.124.232 - - [08/Jun/2016:03:12:54 -0500] "HEAD / HTTP/1.1" 200 -
66.249.64.198 - - [08/Jun/2016:03:13:13 -0500] "GET /BLA/resoluciones/AUTOS%202013/0550.pdf HTTP/1.1" 304 -
66.249.64.198 - - [08/Jun/2016:03:13:18 -0500] "GET /BLA/resoluciones/RESOLUCIONES%202010/2173.pdf HTTP/1.1" 200 489763
66.249.64.198 - - [08/Jun/2016:03:13:19 -0500] "GET /BLA/resoluciones/RESOLUCIONES%202008/5132.pdf HTTP/1.1" 304 -
192.168.175.104 - - [08/Jun/2016:03:13:27 -0500] "GET / HTTP/1.1" 200 9990
157.55.39.8 - - [08/Jun/2016:03:13:28 -0500] "GET /galeria/carrusel/Carrusel/jquery-ui- HTTP/1.1" 404 1018
66.249.64.198 - - [08/Jun/2016:03:13:51 -0500] "GET /BLA/resoluciones/RESOLUCIONES%202007/RES%202007%204001%20AL%204100/RESOLUCION%204030%20DE%202007.pdf HTTP/1.1" 304 -
66.249.64.198 - - [08/Jun/2016:03:13:51 -0500] "GET /BLA/resoluciones/RESOLUCIONES%202008/1729.pdf HTTP/1.1" 304 -
66.249.64.198 - - [08/Jun/2016:03:13:54 -0500] "GET /BLA/resoluciones/RESOLUCIONES%202009/0712.pdf HTTP/1.1" 304 -
66.249.64.198 - - [08/Jun/2016:03:13:57 -0500] "GET /BLA/resoluciones/RESOLUCIONES%202013/0934.pdf HTTP/1.1" 200 673858
66.249.64.198 - - [08/Jun/2016:03:14:09 -0500] "GET /BLA/resoluciones/AUTOS%202015/1793.pdf HTTP/1.1" 304 -
66.249.64.198 - - [08/Jun/2016:03:14:14 -0500] "GET /BLA/resoluciones/RESOLUCIONES%202014/1003.pdf HTTP/1.1" 304 -
66.249.64.198 - - [08/Jun/2016:03:14:20 -0500] "GET /BLA/resoluciones/RESOLUCIONES%202010/1403.pdf HTTP/1.1" 304 -
66.249.64.198 - - [08/Jun/2016:03:14:25 -0500] "GET /BLA/resoluciones/AUTOS%202013/1481.pdf HTTP/1.1" 304 -
157.55.39.8 - - [08/Jun/2016:03:14:30 -0500] "GET /galeria/carrusel/Carrusel/jquery-ui- HTTP/1.1" 404 1018
66.249.64.198 - - [08/Jun/2016:03:14:31 -0500] "GET /BLA/resoluciones/RESOLUCIONES%202010/5992.pdf HTTP/1.1" 304 -
66.249.64.198 - - [08/Jun/2016:03:14:53 -0500] "GET /BLA/resoluciones/RESOLUCIONES%202010/2865.pdf HTTP/1.1" 304 -
66.249.64.198 - - [08/Jun/2016:03:14:59 -0500] "GET /BLA/resoluciones/AUTOS%202013/0103.pdf HTTP/1.1" 304 -
66.249.64.198 - - [08/Jun/2016:03:15:10 -0500] "GET /BLA/resoluciones/AUTOS%202013/0925.pdf HTTP/1.1" 304 -
66.249.64.198 - - [08/Jun/2016:03:15:17 -0500] "GET /BLA/resoluciones/AUTOS%202011/2092.pdf HTTP/1.1" 200 154411
66.249.64.198 - - [08/Jun/2016:03:15:21 -0500] "GET /BLA/resoluciones/AUTOS%202013/3153.pdf HTTP/1.1" 304 -
51.255.65.21 - - [08/Jun/2016:03:15:29 -0500] "GET /BLA/resoluciones/RESOLUCIONES%202002/RES%202002%20801-850/00000804.tif HTTP/1.1" 200 62170
66.249.64.198 - - [08/Jun/2016:03:15:43 -0500] "GET /BLA/resoluciones/RESOLUCIONES%202007/RES%202007%203301%20AL%203400/RESOLUCION%203329%20DE%202007.pdf HTTP/1.1" 304 -
190.158.211.45 - - [08/Jun/2016:03:15:48 -0500] "OPTIONS /forest/documentos/1903886/2014IE133510.p7z:claro/ HTTP/1.1" 200 -
190.158.211.45 - - [08/Jun/2016:03:15:48 -0500] "HEAD /forest/documentos/1903886/2014IE133510.p7z:claro/ HTTP/1.1" 404 -
190.158.211.45 - - [08/Jun/2016:03:15:48 -0500] "OPTIONS /forest/documentos/1903886/2014IE133510.p7z:claro/ HTTP/1.1" 200 -
190.158.211.45 - - [08/Jun/2016:03:15:48 -0500] "HEAD /forest/documentos/1903886/2014IE133510.p7z:claro HTTP/1.1" 404 -
190.158.211.45 - - [08/Jun/2016:03:15:48 -0500] "OPTIONS /forest/documentos/1903886/2014IE133510.p7z:claro/ HTTP/1.1" 200 -
190.158.211.45 - - [08/Jun/2016:03:15:48 -0500] "HEAD /forest/documentos/1903886/2014IE133510.p7z:claro HTTP/1.1" 404 -
66.249.64.198 - - [08/Jun/2016:03:15:50 -0500] "GET /galeria/nivo-slider/demo/images/banner_decreto.png HTTP/1.1" 304 -
66.249.64.198 - - [08/Jun/2016:03:15:55 -0500] "GET /BLA/resoluciones/RESOLUCIONES%202011/4590.pdf HTTP/1.1" 304 -
66.249.64.198 - - [08/Jun/2016:03:16:00 -0500] "GET /BLA/resoluciones/RESOLUCIONES%202013/0481.pdf HTTP/1.1" 304 -
66.249.64.232 - - [08/Jun/2016:03:16:06 -0500] "GET /BLA/boletinlegal/Directivas/2011/Directiva%20No.%203%20del%2027%20de%20Mayo%20de%202011.pdf HTTP/1.1" 304 -
192.168.175.104 - - [08/Jun/2016:03:16:08 -0500] "GET / HTTP/1.0" 200 9990
66.249.64.198 - - [08/Jun/2016:03:16:17 -0500] "GET /BLA/resoluciones/RESOLUCIONES%202013/0514.pdf HTTP/1.1" 304 -
164.132.161.16 - - [08/Jun/2016:03:16:31 -0500] "GET /BLA/resoluciones/RESOLUCIONES%202004/RES%202004%202301-2350/00002301.tif HTTP/1.1" 200 74902
66.249.64.198 - - [08/Jun/2016:03:16:34 -0500] "GET /BLA/resoluciones/RESOLUCIONES%202007/RES%202007%20601%20AL%20700/RESOLUCION%200631%20DE%202007.pdf HTTP/1.1" 304 -
66.249.64.198 - - [08/Jun/2016:03:16:36 -0500] "GET /BLA/resoluciones/AUTOS%202009/2794.pdf HTTP/1.1" 200 101512
66.249.64.198 - - [08/Jun/2016:03:16:50 -0500] "GET /BLA/resoluciones/RESOLUCIONES%202008/0527.pdf HTTP/1.1" 304 -
66.249.64.198 - - [08/Jun/2016:03:17:07 -0500] "GET /BLA/resoluciones/RESOLUCIONES%202010/4556.pdf HTTP/1.1" 304 -
164.132.161.40 - - [08/Jun/2016:03:17:10 -0500] "GET /BLA/resoluciones/RESOLUCIONES%202004/RES%202004%20851-900/00000855.tif HTTP/1.1" 200 122604
192.168.175.104 - - [08/Jun/2016:03:17:18 -0500] "GET / HTTP/1.1" 200 9990
66.249.64.198 - - [08/Jun/2016:03:17:18 -0500] "GET /BLA/resoluciones/RESOLUCIONES%202007/RES%202007%20401%20AL%20500/RESOLUCION%200406%20DE%202007.pdf HTTP/1.1" 304 -
66.249.64.198 - - [08/Jun/2016:03:17:24 -0500] "GET /BLA/resoluciones/RESOLUCIONES%202007/RES%202007%201401%20AL%201500/RESOLUCION%201422%20DE%202007.pdf HTTP/1.1" 304 -
66.249.64.198 - - [08/Jun/2016:03:17:40 -0500] "GET /BLA/resoluciones/RESOLUCIONES%202008/4363.pdf HTTP/1.1" 304 -
66.249.64.198 - - [08/Jun/2016:03:17:51 -0500] "GET /BLA/resoluciones/AUTOS%202012/1387.pdf HTTP/1.1" 304 -
69.162.124.232 - - [08/Jun/2016:03:17:54 -0500] "HEAD / HTTP/1.1" 200 -
66.249.64.198 - - [08/Jun/2016:03:17:56 -0500] "GET /BLA/resoluciones/RESOLUCIONES%202007/RES%202007%202601%20AL%202700/RESOLUCION%202696%20DE%202007.pdf HTTP/1.1" 200 240762
66.249.64.198 - - [08/Jun/2016:03:17:57 -0500] "GET /BLA/resoluciones/AUTOS%202013/2133.pdf HTTP/1.1" 200 462833
180.76.15.144 - - [08/Jun/2016:03:18:02 -0500] "GET / HTTP/1.1" 200 9990
66.249.64.198 - - [08/Jun/2016:03:18:10 -0500] "GET /BLA/resoluciones/AUTOS%202014/6255.pdf HTTP/1.1" 304 -
66.249.64.198 - - [08/Jun/2016:03:18:10 -0500] "GET /BLA/resoluciones/AUTOS%202013/2391.pdf HTTP/1.1" 304 -
180.76.15.156 - - [08/Jun/2016:03:18:16 -0500] "GET / HTTP/1.1" 200 9990
192.168.175.104 - - [08/Jun/2016:03:18:25 -0500] "GET / HTTP/1.1" 200 9990
66.249.64.232 - - [08/Jun/2016:03:18:47 -0500] "GET /BLA/boletinlegal/Circulares/2011/Circular%20No.%203%20del%2023%20de%20Junio%20de%202011.pdf HTTP/1.1" 200 1452758
66.249.64.237 - - [08/Jun/2016:03:19:04 -0500] "GET /PORTAL_SIAC/swf/Residuos/curtiembres/files/search/searchtext.xml HTTP/1.1" 200 240047
66.249.64.198 - - [08/Jun/2016:03:19:14 -0500] "GET /BLA/resoluciones/AUTOS%202012/1743.pdf HTTP/1.1" 304 -
66.249.64.198 - - [08/Jun/2016:03:19:15 -0500] "GET /BLA/resoluciones/AUTOS%202015/1946.pdf HTTP/1.1" 304 -
66.249.64.198 - - [08/Jun/2016:03:19:20 -0500] "GET /BLA/resoluciones/AUTOS%202014/1231.pdf HTTP/1.1" 304 -
164.132.161.39 - - [08/Jun/2016:03:19:42 -0500] "GET /BLA/resoluciones/RESOLUCIONES%202006/RES%202006%201651-1700/00001657.tif HTTP/1.1" 200 165386
66.249.64.252 - - [08/Jun/2016:03:19:43 -0500] "GET / HTTP/1.1" 200 9990
66.249.64.198 - - [08/Jun/2016:03:20:05 -0500] "GET /BLA/resoluciones/AUTOS%202014/2091.pdf HTTP/1.1" 304 -
66.249.64.198 - - [08/Jun/2016:03:20:11 -0500] "GET /BLA/resoluciones/RESOLUCIONES%202007/RES%202007%202401%20AL%202500/RESOLUCION%202463%20%20DE%202007.pdf HTTP/1.1" 304 -
66.249.64.198 - - [08/Jun/2016:03:20:27 -0500] "GET /BLA/resoluciones/AUTOS%202012/1824.pdf HTTP/1.1" 304 -
186.80.254.35 - - [08/Jun/2016:03:20:32 -0500] "GET /BLA/resoluciones/AUTOS%202013/0626.pdf HTTP/1.1" 206 60416
66.249.64.198 - - [08/Jun/2016:03:20:33 -0500] "GET /BLA/resoluciones/AUTOS%202013/0081.pdf HTTP/1.1" 304 -
66.249.64.198 - - [08/Jun/2016:03:20:35 -0500] "GET /BLA/resoluciones/RESOLUCIONES%202011/4064.pdf HTTP/1.1" 200 851120
66.249.64.198 - - [08/Jun/2016:03:20:38 -0500] "GET /BLA/resoluciones/RESOLUCIONES%202009/7615.pdf HTTP/1.1" 304 -
66.249.64.198 - - [08/Jun/2016:03:20:44 -0500] "GET /BLA/resoluciones/RESOLUCIONES%202011/4701.pdf HTTP/1.1" 304 -
164.132.161.79 - - [08/Jun/2016:03:20:54 -0500] "GET /BLA/resoluciones/RESOLUCIONES%202002/RES%202002%20501-550/00000536.tif HTTP/1.1" 200 154498
66.249.64.198 - - [08/Jun/2016:03:21:05 -0500] "GET /BLA/resoluciones/RESOLUCIONES%202014/0532.pdf HTTP/1.1" 304 -
192.168.175.104 - - [08/Jun/2016:03:21:07 -0500] "GET / HTTP/1.0" 200 9990
66.249.64.198 - - [08/Jun/2016:03:21:07 -0500] "GET /BLA/resoluciones/RESOLUCIONES%202013/0344.pdf HTTP/1.1" 304 -
164.132.161.54 - - [08/Jun/2016:03:21:16 -0500] "GET /BLA/resoluciones/AUTOS%202006/AUTOS%202006%202301%20-%202400/00002328.tif HTTP/1.1" 200 67596
66.249.64.198 - - [08/Jun/2016:03:21:23 -0500] "GET /BLA/resoluciones/AUTOS%202014/6427.pdf HTTP/1.1" 304 -
66.249.64.198 - - [08/Jun/2016:03:21:28 -0500] "GET /BLA/resoluciones/RESOLUCIONES%202011/0164.pdf HTTP/1.1" 304 -
66.249.64.198 - - [08/Jun/2016:03:21:34 -0500] "GET /BLA/resoluciones/RESOLUCIONES%202010/6705.pdf HTTP/1.1" 304 -
66.249.64.198 - - [08/Jun/2016:03:21:54 -0500] "GET /BLA/resoluciones/RESOLUCIONES%202014/3874.pdf HTTP/1.1" 304 -
66.249.64.198 - - [08/Jun/2016:03:21:54 -0500] "GET /BLA/resoluciones/RESOLUCIONES%202014/3163.pdf HTTP/1.1" 304 -
66.249.64.248 - - [08/Jun/2016:03:21:55 -0500] "GET /PORTAL_SIAC/swf/Residuos/cosmeticos/cosmeticos.html HTTP/1.1" 304 -
66.249.64.198 - - [08/Jun/2016:03:21:56 -0500] "GET /BLA/resoluciones/AUTOS%202014/1360.pdf HTTP/1.1" 304 -
66.249.64.198 - - [08/Jun/2016:03:22:07 -0500] "GET /BLA/resoluciones/AUTOS%202009/3100.pdf HTTP/1.1" 304 -
192.168.175.104 - - [08/Jun/2016:03:22:16 -0500] "GET / HTTP/1.1" 200 9990
66.249.64.198 - - [08/Jun/2016:03:22:19 -0500] "GET /BLA/resoluciones/RESOLUCIONES%202007/RES%202007%201501%20AL%201600/RESOLUCION%201550%20DE%202007.pdf HTTP/1.1" 304 -
66.249.64.198 - - [08/Jun/2016:03:22:24 -0500] "GET /autoliquidacion/Solicitudes%20relacionadas%20con%20calidad%20del%20aire%20auditiva%20y%20visual/Registro%20de%20Elementos%20de%20publicidad%20Exterior%20Visual/Resolucion%200877%20126PM04-PR16%20registro%20pev.pdf HTTP/1.1" 304 -
66.249.64.198 - - [08/Jun/2016:03:22:30 -0500] "GET /BLA/resoluciones/AUTOS%202008/0614.pdf HTTP/1.1" 304 -
66.249.64.198 - - [08/Jun/2016:03:22:41 -0500] "GET /BLA/resoluciones/RESOLUCIONES%202012/0715.pdf HTTP/1.1" 304 -
66.249.64.198 - - [08/Jun/2016:03:22:46 -0500] "GET /BLA/resoluciones/AUTOS%202013/0072.pdf HTTP/1.1" 304 -
69.162.124.232 - - [08/Jun/2016:03:22:54 -0500] "HEAD / HTTP/1.1" 200 -
66.249.64.198 - - [08/Jun/2016:03:22:57 -0500] "GET /BLA/resoluciones/AUTOS%202013/1296.pdf HTTP/1.1" 304 -
66.249.64.198 - - [08/Jun/2016:03:23:03 -0500] "GET /BLA/resoluciones/AUTOS%202015/1949.pdf HTTP/1.1" 304 -
66.249.64.198 - - [08/Jun/2016:03:23:05 -0500] "GET /BLA/resoluciones/RESOLUCIONES%202009/6928.pdf HTTP/1.1" 304 -
66.249.64.198 - - [08/Jun/2016:03:23:13 -0500] "GET /BLA/resoluciones/AUTOS%202011/3791.pdf HTTP/1.1" 200 316391
192.168.175.104 - - [08/Jun/2016:03:23:23 -0500] "GET / HTTP/1.1" 200 9990
66.249.64.198 - - [08/Jun/2016:03:23:31 -0500] "GET /BLA/resoluciones/RESOLUCIONES%202010/4075.pdf HTTP/1.1" 304 -
66.249.64.198 - - [08/Jun/2016:03:23:38 -0500] "GET /BLA/resoluciones/RESOLUCIONES%202009/6512.pdf HTTP/1.1" 304 -
66.249.64.198 - - [08/Jun/2016:03:23:48 -0500] "GET /BLA/resoluciones/RESOLUCIONES%202012/0031.pdf HTTP/1.1" 304 -
66.249.64.198 - - [08/Jun/2016:03:23:53 -0500] "GET /BLA/resoluciones/RESOLUCIONES%202011/3845.pdf HTTP/1.1" 200 492713
66.249.64.198 - - [08/Jun/2016:03:24:04 -0500] "GET /BLA/resoluciones/RESOLUCIONES%202010/0523.pdf HTTP/1.1" 304 -
66.249.64.198 - - [08/Jun/2016:03:24:10 -0500] "GET /BLA/resoluciones/RESOLUCIONES%202012/0962.pdf HTTP/1.1" 304 -
66.249.64.198 - - [08/Jun/2016:03:24:15 -0500] "GET /BLA/resoluciones/RESOLUCIONES%202012/0641.pdf HTTP/1.1" 304 -
66.249.64.198 - - [08/Jun/2016:03:24:21 -0500] "GET /BLA/resoluciones/RESOLUCIONES%202010/4727.pdf HTTP/1.1" 304 -
66.249.64.198 - - [08/Jun/2016:03:24:32 -0500] "GET /BLA/resoluciones/AUTOS%202013/3501.pdf HTTP/1.1" 304 -
66.249.64.198 - - [08/Jun/2016:03:24:34 -0500] "GET /BLA/resoluciones/Notificaciones/RESOLUCIONES%202014/0467.doc HTTP/1.1" 200 241664
66.249.64.198 - - [08/Jun/2016:03:24:38 -0500] "GET /BLA/resoluciones/RESOLUCIONES%202014/2284.pdf HTTP/1.1" 304 -
66.249.64.198 - - [08/Jun/2016:03:24:43 -0500] "GET /BLA/resoluciones/RESOLUCIONES%202007/RES%202007%202901%20AL%203000/RESOLUCION%202936%20DE%202007.pdf HTTP/1.1" 304 -
66.249.64.198 - - [08/Jun/2016:03:24:49 -0500] "GET /BLA/resoluciones/RESOLUCIONES%202007/RES%202007%203001%20AL%203100/RESOLUCION%203090%20DE%202007.pdf HTTP/1.1" 304 -
66.249.64.198 - - [08/Jun/2016:03:24:54 -0500] "GET /BLA/resoluciones/AUTOS%202014/2780.pdf HTTP/1.1" 200 543174
66.249.64.198 - - [08/Jun/2016:03:25:00 -0500] "GET /BLA/resoluciones/AUTOS%202015/0345.pdf HTTP/1.1" 304 -
66.249.64.198 - - [08/Jun/2016:03:25:11 -0500] "GET /BLA/resoluciones/RESOLUCIONES%202009/4934.pdf HTTP/1.1" 304 -
66.249.64.198 - - [08/Jun/2016:03:25:39 -0500] "GET /BLA/resoluciones/RESOLUCIONES%202011/4242.pdf HTTP/1.1" 304 -
66.249.64.198 - - [08/Jun/2016:03:25:50 -0500] "GET /BLA/resoluciones/AUTOS%202009/0185.pdf HTTP/1.1" 304 -
66.249.64.198 - - [08/Jun/2016:03:25:53 -0500] "GET /BLA/resoluciones/AUTOS%202011/2262.pdf HTTP/1.1" 200 146771
66.249.64.198 - - [08/Jun/2016:03:26:01 -0500] "GET /BLA/resoluciones/RESOLUCIONES%202012/1475.pdf HTTP/1.1" 304 -
192.168.175.104 - - [08/Jun/2016:03:26:05 -0500] "GET / HTTP/1.0" 200 9990
66.249.64.242 - - [08/Jun/2016:03:26:13 -0500] "GET /Anexos%20estudio%20Organizacional%20SDA/ANEXO%20No.%203-%20CONTRATACI%C3%93N%20%20OPS%C2%B4s%202008-2012/CONTRATOS%20SDA%202011%20POR%20DEPENDENCIA.xls HTTP/1.1" 304 -
181.49.188.8 - - [08/Jun/2016:03:26:18 -0500] "GET /galeria/galeria/jquery.fancybox.css?v=2.1.5 HTTP/1.1" 200 4895
181.49.188.8 - - [08/Jun/2016:03:26:18 -0500] "GET /galeria/galeria/jquery.fancybox.js?v=2.1.5 HTTP/1.1" 200 48706
181.49.188.8 - - [08/Jun/2016:03:26:18 -0500] "GET /BLA/boletinlegal/js/jquery.scrollShow.js HTTP/1.1" 304 -
66.249.64.198 - - [08/Jun/2016:03:26:18 -0500] "GET /BLA/resoluciones/AUTOS%202011/0135.pdf HTTP/1.1" 304 -
66.249.64.198 - - [08/Jun/2016:03:26:23 -0500] "GET /BLA/resoluciones/RESOLUCIONES%202010/5315.pdf HTTP/1.1" 304 -
66.249.64.198 - - [08/Jun/2016:03:26:29 -0500] "GET /BLA/resoluciones/RESOLUCIONES%202007/RES%202007%202501%20AL%202600/RESOLUCION%202505%20DE%202007.pdf HTTP/1.1" 304 -
66.249.64.198 - - [08/Jun/2016:03:26:35 -0500] "GET /BLA/resoluciones/RESOLUCIONES%202012/0036.pdf HTTP/1.1" 304 -
66.249.64.198 - - [08/Jun/2016:03:26:40 -0500] "GET /BLA/resoluciones/RESOLUCIONES%202007/RES%202007%202301%20AL%202400/RESOLUCION%202348%20DE%202007.pdf HTTP/1.1" 304 -
71.6.167.142 - - [08/Jun/2016:03:26:48 -0500] "GET / HTTP/1.1" 200 9990
157.55.39.8 - - [08/Jun/2016:03:26:55 -0500] "GET / HTTP/1.1" 200 9990
66.249.64.198 - - [08/Jun/2016:03:26:56 -0500] "GET /BLA/resoluciones/RESOLUCIONES%202011/4851.pdf HTTP/1.1" 304 -
71.6.167.142 - - [08/Jun/2016:03:26:56 -0500] "quit" 501 953
66.249.64.198 - - [08/Jun/2016:03:26:57 -0500] "GET /BLA/resoluciones/AUTOS%202014/2193.pdf HTTP/1.1" 304 -
51.255.65.46 - - [08/Jun/2016:03:27:09 -0500] "GET /BLA/resoluciones/RESOLUCIONES%202004/RES%202004%202101-2150/00002117.tif HTTP/1.1" 200 249740
192.168.175.104 - - [08/Jun/2016:03:27:15 -0500] "GET / HTTP/1.1" 200 9990
66.249.64.198 - - [08/Jun/2016:03:27:19 -0500] "GET /BLA/resoluciones/AUTOS%202014/4105.pdf HTTP/1.1" 304 -
66.249.64.198 - - [08/Jun/2016:03:27:24 -0500] "GET /galeria/carrusel/Carrusel/jquery.thumbnailScroller.js HTTP/1.1" 200 8157
66.249.64.198 - - [08/Jun/2016:03:27:24 -0500] "GET /galeria/carrusel/Carrusel/jquery.thumbnailScroller.css HTTP/1.1" 200 2066
66.249.64.198 - - [08/Jun/2016:03:27:25 -0500] "GET /galeria/carrusel/Carrusel/jquery-ui-1.8.13.custom.min.js HTTP/1.1" 200 10800
66.249.64.198 - - [08/Jun/2016:03:27:30 -0500] "GET /BLA/resoluciones/RESOLUCIONES%202014/0196.pdf HTTP/1.1" 304 -
66.249.64.198 - - [08/Jun/2016:03:27:36 -0500] "GET /BLA/resoluciones/AUTOS%202013/0505.pdf HTTP/1.1" 304 -
66.249.64.198 - - [08/Jun/2016:03:27:37 -0500] "GET /galeria/nivo-slider/demo/demo.html HTTP/1.1" 200 4331
66.249.64.198 - - [08/Jun/2016:03:27:39 -0500] "GET /galeria/nivo-slider/demo/style.css HTTP/1.1" 200 2222
66.249.64.198 - - [08/Jun/2016:03:27:39 -0500] "GET /galeria/nivo-slider/demo/scripts/jquery-1.7.1.min.js HTTP/1.1" 200 93868
66.249.64.198 - - [08/Jun/2016:03:27:40 -0500] "GET /galeria/nivo-slider/themes/orman/orman.css HTTP/1.1" 200 2152
